205.169.39.8 - - [24/Dec/2024:08:59:24 -0500] "GET /wp-content/plugins/woocommerce/assets/css/woocommerce-smallscreen.css?ver=9.5.1 HTTP/1.1" 200 1127 "https://diixadigital.com/" "Mozilla/5.0 (X11; Linux x86_64) AppleWebKit/537.36 (KHTML, like Gecko) HeadlessChrome/127.0.6533.119 Safari/537.36"
205.169.39.8 - - [24/Dec/2024:08:59:24 -0500] "GET /wp-content/themes/meto/assets/images/background/service-pattern.png HTTP/1.1" 200 15079 "https://diixadigital.com/wp-content/themes/meto/assets/css/style.css?ver=6.7.1" "Mozilla/5.0 (X11; Linux x86_64) AppleWebKit/537.36 (KHTML, like Gecko) HeadlessChrome/127.0.6533.119 Safari/537.36"
205.169.39.8 - - [24/Dec/2024:08:59:24 -0500] "GET /wp-content/themes/meto/assets/images/background/bg-footer-bottom.jpg HTTP/1.1" 200 33124 "https://diixadigital.com/wp-content/themes/meto/assets/css/style.css?ver=6.7.1" "Mozilla/5.0 (X11; Linux x86_64) AppleWebKit/537.36 (KHTML, like Gecko) HeadlessChrome/127.0.6533.119 Safari/537.36"
205.169.39.8 - - [24/Dec/2024:08:59:24 -0500] "GET /wp-content/themes/meto/assets/images/background/pattern-13.png HTTP/1.1" 200 6809 "https://diixadigital.com/wp-content/themes/meto/assets/css/style.css?ver=6.7.1" "Mozilla/5.0 (X11; Linux x86_64) AppleWebKit/537.36 (KHTML, like Gecko) HeadlessChrome/127.0.6533.119 Safari/537.36"
205.169.39.8 - - [24/Dec/2024:08:59:24 -0500] "GET /wp-content/plugins/woocommerce/assets/js/sourcebuster/sourcebuster.min.js?ver=9.5.1 HTTP/1.1" 200 4609 "https://diixadigital.com/" "Mozilla/5.0 (X11; Linux x86_64) AppleWebKit/537.36 (KHTML, like Gecko) HeadlessChrome/127.0.6533.119 Safari/537.36"
205.169.39.8 - - [24/Dec/2024:08:59:24 -0500] "GET /wp-content/themes/meto/assets/js/script.js?ver=6.7.1 HTTP/1.1" 200 4210 "https://diixadigital.com/" "Mozilla/5.0 (X11; Linux x86_64) AppleWebKit/537.36 (KHTML, like Gecko) HeadlessChrome/127.0.6533.119 Safari/537.36"
205.169.39.8 - - [24/Dec/2024:08:59:24 -0500] "GET /wp-includes/js/jquery/ui/core.min.js?ver=1.13.3 HTTP/1.1" 200 6811 "https://diixadigital.com/" "Mozilla/5.0 (X11; Linux x86_64) AppleWebKit/537.36 (KHTML, like Gecko) HeadlessChrome/127.0.6533.119 Safari/537.36"
205.169.39.8 - - [24/Dec/2024:08:59:24 -0500] "GET /wp-content/plugins/elementor/assets/js/frontend-modules.min.js?ver=3.26.3 HTTP/1.1" 200 14959 "https://diixadigital.com/" "Mozilla/5.0 (X11; Linux x86_64) AppleWebKit/537.36 (KHTML, like Gecko) HeadlessChrome/127.0.6533.119 Safari/537.36"
205.169.39.8 - - [24/Dec/2024:08:59:24 -0500] "GET /wp-content/plugins/elementor/assets/js/frontend.min.js?ver=3.26.3 HTTP/1.1" 200 13417 "https://diixadigital.com/" "Mozilla/5.0 (X11; Linux x86_64) AppleWebKit/537.36 (KHTML, like Gecko) HeadlessChrome/127.0.6533.119 Safari/537.36"
205.169.39.8 - - [24/Dec/2024:08:59:24 -0500] "GET /wp-content/plugins/revslider/public/assets/js/rbtools.min.js?ver=6.6.14 HTTP/1.1" 200 59951 "https://diixadigital.com/" "Mozilla/5.0 (X11; Linux x86_64) AppleWebKit/537.36 (KHTML, like Gecko) HeadlessChrome/127.0.6533.119 Safari/537.36"
205.169.39.8 - - [24/Dec/2024:08:59:24 -0500] "GET /wp-content/plugins/revslider/public/assets/js/rs6.min.js?ver=6.6.14 HTTP/1.1" 200 103884 "https://diixadigital.com/" "Mozilla/5.0 (X11; Linux x86_64) AppleWebKit/537.36 (KHTML, like Gecko) HeadlessChrome/127.0.6533.119 Safari/537.36"
205.169.39.8 - - [24/Dec/2024:08:59:24 -0500] "GET /wp-content/plugins/woocommerce/assets/js/js-cookie/js.cookie.min.js?ver=2.1.4-wc.9.5.1 HTTP/1.1" 200 760 "https://diixadigital.com/" "Mozilla/5.0 (X11; Linux x86_64) AppleWebKit/537.36 (KHTML, like Gecko) HeadlessChrome/127.0.6533.119 Safari/537.36"
205.169.39.8 - - [24/Dec/2024:08:59:24 -0500] "GET /wp-includes/js/wp-emoji-release.min.js?ver=6.7.1 HTTP/1.1" 200 4676 "https://diixadigital.com/" "Mozilla/5.0 (X11; Linux x86_64) AppleWebKit/537.36 (KHTML, like Gecko) HeadlessChrome/127.0.6533.119 Safari/537.36"
66.249.68.33 - - [24/Dec/2024:09:01:29 -0500] "GET /tqteb/t2753478.html HTTP/1.1" 200 45764 "-" "Mozilla/5.0 (Linux; Android 6.0.1; Nexus 5X Build/MMB29P) AppleWebKit/537.36 (KHTML, like Gecko) Chrome/131.0.6778.139 Mobile Safari/537.36 (compatible; Googlebot/2.1; +http://www.google.com/bot.html)"
66.249.68.33 - - [24/Dec/2024:09:02:13 -0500] "GET /mdtiz/w2775659.html HTTP/1.1" 200 44264 "-" "Mozilla/5.0 (Linux; Android 6.0.1; Nexus 5X Build/MMB29P) AppleWebKit/537.36 (KHTML, like Gecko) Chrome/131.0.6778.139 Mobile Safari/537.36 (compatible; Googlebot/2.1; +http://www.google.com/bot.html)"
66.249.68.33 - - [24/Dec/2024:09:02:58 -0500] "GET /qtyyr/g494013.html HTTP/1.1" 200 46217 "-" "Mozilla/5.0 (Linux; Android 6.0.1; Nexus 5X Build/MMB29P) AppleWebKit/537.36 (KHTML, like Gecko) Chrome/131.0.6778.139 Mobile Safari/537.36 (compatible; Googlebot/2.1; +http://www.google.com/bot.html)"
66.249.68.34 - - [24/Dec/2024:09:03:55 -0500] "GET /jxupd/v3071148.html HTTP/1.1" 200 43902 "-" "Mozilla/5.0 (Linux; Android 6.0.1; Nexus 5X Build/MMB29P) AppleWebKit/537.36 (KHTML, like Gecko) Chrome/131.0.6778.139 Mobile Safari/537.36 (compatible; Googlebot/2.1; +http://www.google.com/bot.html)"
66.249.68.33 - - [24/Dec/2024:09:04:48 -0500] "GET /vvvax/q820557.html HTTP/1.1" 200 44828 "-" "Mozilla/5.0 (Linux; Android 6.0.1; Nexus 5X Build/MMB29P) AppleWebKit/537.36 (KHTML, like Gecko) Chrome/131.0.6778.139 Mobile Safari/537.36 (compatible; Googlebot/2.1; +http://www.google.com/bot.html)"
66.249.68.33 - - [24/Dec/2024:09:05:53 -0500] "GET /qcnma/b189626.html HTTP/1.1" 200 45407 "-" "Mozilla/5.0 (Linux; Android 6.0.1; Nexus 5X Build/MMB29P) AppleWebKit/537.36 (KHTML, like Gecko) Chrome/131.0.6778.139 Mobile Safari/537.36 (compatible; Googlebot/2.1; +http://www.google.com/bot.html)"
66.249.68.34 - - [24/Dec/2024:09:06:49 -0500] "GET /zilep/g1225627.html HTTP/1.1" 200 44918 "-" "Mozilla/5.0 (Linux; Android 6.0.1; Nexus 5X Build/MMB29P) AppleWebKit/537.36 (KHTML, like Gecko) Chrome/131.0.6778.139 Mobile Safari/537.36 (compatible; Googlebot/2.1; +http://www.google.com/bot.html)"
66.249.68.33 - - [24/Dec/2024:09:07:29 -0500] "GET /nfwkt/s1450331.html HTTP/1.1" 200 45331 "-" "Mozilla/5.0 (Linux; Android 6.0.1; Nexus 5X Build/MMB29P) AppleWebKit/537.36 (KHTML, like Gecko) Chrome/131.0.6778.139 Mobile Safari/537.36 (compatible; Googlebot/2.1; +http://www.google.com/bot.html)"
109.70.100.66 - - [24/Dec/2024:09:07:25 -0500] "POST /xmlrpc.php HTTP/1.1" 200 0 "https://diixadigital.com/" "Mozilla/5.0 (Windows NT 10.0; Win64; x64) AppleWebKit/537.36 (KHTML, like Gecko) Chrome/86.0.4240.111 Safari/537.36"
66.29.132.124 - - [24/Dec/2024:09:07:42 -0500] "POST /wp-cron.php?doing_wp_cron=1735049261.9301509857177734375000 HTTP/1.1" 200 0 "-" "WordPress/6.7.1; https://diixadigital.com"
66.29.132.124 - - [24/Dec/2024:09:07:43 -0500] "POST /wp-admin/admin-ajax.php?action=async_litespeed&nonce=JkxxyIqRJRg3tls0y1HyKazPzBrTQq3y&litespeed_type=imgoptm HTTP/1.1" 200 0 "-" "WordPress/6.7.1; https://diixadigital.com"
40.77.167.45 - - [24/Dec/2024:09:09:24 -0500] "GET /xqhol/p861844.html HTTP/1.1" 200 44865 "-" "Mozilla/5.0 AppleWebKit/537.36 (KHTML, like Gecko; compatible; bingbot/2.0; +http://www.bing.com/bingbot.htm) Chrome/116.0.1938.76 Safari/537.36"
52.167.144.186 - - [24/Dec/2024:09:18:10 -0500] "GET /insis/x2374012.html HTTP/1.1" 200 43924 "-" "Mozilla/5.0 AppleWebKit/537.36 (KHTML, like Gecko; compatible; bingbot/2.0; +http://www.bing.com/bingbot.htm) Chrome/116.0.1938.76 Safari/537.36"
192.42.116.218 - - [24/Dec/2024:09:21:14 -0500] "POST /xmlrpc.php HTTP/1.1" 200 0 "https://diixadigital.com/" "Mozilla/5.0 (Windows NT 10.0; Win64; x64) AppleWebKit/537.36 (KHTML, like Gecko) Chrome/83.0.4103.61 Safari/537.36"
66.29.132.124 - - [24/Dec/2024:09:21:29 -0500] "POST /wp-cron.php?doing_wp_cron=1735050089.0102241039276123046875 HTTP/1.1" 200 0 "-" "WordPress/6.7.1; https://diixadigital.com"
66.29.132.124 - - [24/Dec/2024:09:21:29 -0500] "POST /wp-admin/admin-ajax.php?action=async_litespeed&nonce=mUEIwBRxKlnbNQtCEHyaLBSMZxZGDgvD&litespeed_type=imgoptm HTTP/1.1" 200 0 "-" "WordPress/6.7.1; https://diixadigital.com"
66.249.68.35 - - [24/Dec/2024:09:22:54 -0500] "GET /wajxs/b202704.html HTTP/1.1" 200 44354 "-" "Mozilla/5.0 (Linux; Android 6.0.1; Nexus 5X Build/MMB29P) AppleWebKit/537.36 (KHTML, like Gecko) Chrome/131.0.6778.139 Mobile Safari/537.36 (compatible; Googlebot/2.1; +http://www.google.com/bot.html)"
40.77.167.65 - - [24/Dec/2024:09:29:10 -0500] "GET /pdvfj/v1628382.html HTTP/1.1" 200 44732 "-" "Mozilla/5.0 AppleWebKit/537.36 (KHTML, like Gecko; compatible; bingbot/2.0; +http://www.bing.com/bingbot.htm) Chrome/116.0.1938.76 Safari/537.36"
52.167.144.188 - - [24/Dec/2024:09:32:40 -0500] "GET /nysmr/s1462317.html HTTP/1.1" 200 44056 "-" "Mozilla/5.0 AppleWebKit/537.36 (KHTML, like Gecko; compatible; bingbot/2.0; +http://www.bing.com/bingbot.htm) Chrome/116.0.1938.76 Safari/537.36"
185.220.101.21 - - [24/Dec/2024:09:35:07 -0500] "POST /xmlrpc.php HTTP/1.1" 200 0 "https://diixadigital.com/" "Mozilla/5.0 (Windows NT 6.1; Win64; x64) AppleWebKit/537.36 (KHTML, like Gecko) Chrome/68.0.3440.106 Safari/537.36"
66.29.132.124 - - [24/Dec/2024:09:35:19 -0500] "POST /wp-cron.php?doing_wp_cron=1735050919.5185389518737792968750 HTTP/1.1" 200 0 "-" "WordPress/6.7.1; https://diixadigital.com"
66.29.132.124 - - [24/Dec/2024:09:35:20 -0500] "POST /wp-admin/admin-ajax.php?action=async_litespeed&nonce=njBkNw0aJQEvbaDbVeE5JvFq0To969wb&litespeed_type=imgoptm HTTP/1.1" 200 0 "-" "WordPress/6.7.1; https://diixadigital.com"
52.167.144.209 - - [24/Dec/2024:09:41:22 -0500] "GET /myrat/t500656.html HTTP/1.1" 200 44770 "-" "Mozilla/5.0 AppleWebKit/537.36 (KHTML, like Gecko; compatible; bingbot/2.0; +http://www.bing.com/bingbot.htm) Chrome/116.0.1938.76 Safari/537.36"
52.167.144.209 - - [24/Dec/2024:09:49:32 -0500] "GET /bfwnm/b2633626.html HTTP/1.1" 200 43722 "-" "Mozilla/5.0 AppleWebKit/537.36 (KHTML, like Gecko; compatible; bingbot/2.0; +http://www.bing.com/bingbot.htm) Chrome/116.0.1938.76 Safari/537.36"
52.167.144.159 - - [24/Dec/2024:09:53:53 -0500] "GET /ask HTTP/1.1" 200 45294 "-" "Mozilla/5.0 AppleWebKit/537.36 (KHTML, like Gecko; compatible; bingbot/2.0; +http://www.bing.com/bingbot.htm) Chrome/116.0.1938.76 Safari/537.36"
40.77.167.230 - - [24/Dec/2024:09:57:44 -0500] "GET /psrfc/a3080201.html HTTP/1.1" 200 45058 "-" "Mozilla/5.0 AppleWebKit/537.36 (KHTML, like Gecko; compatible; bingbot/2.0; +http://www.bing.com/bingbot.htm) Chrome/116.0.1938.76 Safari/537.36"
40.77.167.230 - - [24/Dec/2024:10:00:45 -0500] "GET /kdhdm/h260950.html HTTP/1.1" 200 46113 "-" "Mozilla/5.0 AppleWebKit/537.36 (KHTML, like Gecko; compatible; bingbot/2.0; +http://www.bing.com/bingbot.htm) Chrome/116.0.1938.76 Safari/537.36"
5.255.124.134 - - [24/Dec/2024:10:02:44 -0500] "POST /xmlrpc.php HTTP/1.1" 200 0 "https://diixadigital.com/" "Mozilla/5.0 (compatible; MSIE 10.0; Windows NT 6.2; WOW64; Trident/6.0)"
66.29.132.124 - - [24/Dec/2024:10:02:53 -0500] "POST /wp-cron.php?doing_wp_cron=1735052573.4961760044097900390625 HTTP/1.1" 200 0 "-" "WordPress/6.7.1; https://diixadigital.com"
66.29.132.124 - - [24/Dec/2024:10:02:54 -0500] "POST /wp-admin/admin-ajax.php?action=async_litespeed&nonce=Okr4hBcEC3FiCwwpcqRtoeHMX51WpuOM&litespeed_type=imgoptm HTTP/1.1" 200 0 "-" "WordPress/6.7.1; https://diixadigital.com"
66.29.132.124 - - [24/Dec/2024:10:04:28 -0500] "POST /wp-cron.php?doing_wp_cron=1735052668.3806738853454589843750 HTTP/1.1" 200 0 "-" "WordPress/6.7.1; https://diixadigital.com"
66.29.132.124 - - [24/Dec/2024:10:04:29 -0500] "POST /wp-admin/admin-ajax.php?action=async_litespeed&nonce=CqKRAIDONBvOk5Udp1CZ4z2ZsHcwRTy8&litespeed_type=imgoptm HTTP/1.1" 200 0 "-" "WordPress/6.7.1; https://diixadigital.com"
20.105.137.134 - - [24/Dec/2024:10:04:24 -0500] "GET / HTTP/1.1" 200 0 "-" "curl/8.6.0"
40.77.167.22 - - [24/Dec/2024:10:07:26 -0500] "GET /fkwjr/s483807.html HTTP/1.1" 200 44341 "-" "Mozilla/5.0 AppleWebKit/537.36 (KHTML, like Gecko; compatible; bingbot/2.0; +http://www.bing.com/bingbot.htm) Chrome/116.0.1938.76 Safari/537.36"
66.249.68.35 - - [24/Dec/2024:10:10:08 -0500] "GET /yndxa/z231094.html HTTP/1.1" 200 45122 "-" "Mozilla/5.0 (Linux; Android 6.0.1; Nexus 5X Build/MMB29P) AppleWebKit/537.36 (KHTML, like Gecko) Chrome/131.0.6778.139 Mobile Safari/537.36 (compatible; Googlebot/2.1; +http://www.google.com/bot.html)"
66.249.68.34 - - [24/Dec/2024:10:12:40 -0500] "GET /kfnsg/p877288.html HTTP/1.1" 200 45057 "-" "Mozilla/5.0 (Linux; Android 6.0.1; Nexus 5X Build/MMB29P) AppleWebKit/537.36 (KHTML, like Gecko) Chrome/131.0.6778.139 Mobile Safari/537.36 (compatible; Googlebot/2.1; +http://www.google.com/bot.html)"
66.249.68.35 - - [24/Dec/2024:10:15:15 -0500] "GET /ceysu/s885689.html HTTP/1.1" 200 44427 "-" "Mozilla/5.0 (Linux; Android 6.0.1; Nexus 5X Build/MMB29P) AppleWebKit/537.36 (KHTML, like Gecko) Chrome/131.0.6778.139 Mobile Safari/537.36 (compatible; Googlebot/2.1; +http://www.google.com/bot.html)"
192.42.116.18 - - [24/Dec/2024:10:16:34 -0500] "POST /xmlrpc.php HTTP/1.1" 200 0 "https://diixadigital.com/" "Mozilla/5.0 (Macintosh; Intel Mac OS X 10_11_6) AppleWebKit/601.7.8 (KHTML, like Gecko)"
66.29.132.124 - - [24/Dec/2024:10:16:44 -0500] "POST /wp-cron.php?doing_wp_cron=1735053404.2041819095611572265625 HTTP/1.1" 200 0 "-" "WordPress/6.7.1; https://diixadigital.com"
66.29.132.124 - - [24/Dec/2024:10:16:45 -0500] "POST /wp-admin/admin-ajax.php?action=async_litespeed&nonce=1WBxgG47fXUftVjE4igNXORJEpBqSVlJ&litespeed_type=imgoptm HTTP/1.1" 200 0 "-" "WordPress/6.7.1; https://diixadigital.com"
66.249.68.33 - - [24/Dec/2024:10:17:52 -0500] "GET /zwxqh/z3021804.html HTTP/1.1" 200 44420 "-" "Mozilla/5.0 (Linux; Android 6.0.1; Nexus 5X Build/MMB29P) AppleWebKit/537.36 (KHTML, like Gecko) Chrome/131.0.6778.139 Mobile Safari/537.36 (compatible; Googlebot/2.1; +http://www.google.com/bot.html)"
52.167.144.173 - - [24/Dec/2024:10:19:16 -0500] "GET /xtjyn/e564029.html HTTP/1.1" 200 45286 "-" "Mozilla/5.0 AppleWebKit/537.36 (KHTML, like Gecko; compatible; bingbot/2.0; +http://www.bing.com/bingbot.htm) Chrome/116.0.1938.76 Safari/537.36"
66.249.68.34 - - [24/Dec/2024:10:22:24 -0500] "GET /robots.txt HTTP/1.1" 200 137 "-" "Mozilla/5.0 (compatible; Googlebot/2.1; +http://www.google.com/bot.html)"
66.249.68.34 - - [24/Dec/2024:10:22:24 -0500] "GET /eavoq/c1889689.html HTTP/1.1" 200 44039 "-" "Mozilla/5.0 (Linux; Android 6.0.1; Nexus 5X Build/MMB29P) AppleWebKit/537.36 (KHTML, like Gecko) Chrome/131.0.6778.139 Mobile Safari/537.36 (compatible; Googlebot/2.1; +http://www.google.com/bot.html)"
66.249.68.33 - - [24/Dec/2024:10:24:03 -0500] "GET /robots.txt HTTP/1.1" 200 137 "-" "Mozilla/5.0 (compatible; Googlebot/2.1; +http://www.google.com/bot.html)"
66.249.68.33 - - [24/Dec/2024:10:24:02 -0500] "GET /jizfb/c381975.html HTTP/1.1" 200 44615 "-" "Mozilla/5.0 (Linux; Android 6.0.1; Nexus 5X Build/MMB29P) AppleWebKit/537.36 (KHTML, like Gecko) Chrome/131.0.6778.139 Mobile Safari/537.36 (compatible; Googlebot/2.1; +http://www.google.com/bot.html)"
66.249.68.33 - - [24/Dec/2024:10:24:45 -0500] "GET /ackqo/w2775399.html HTTP/1.1" 200 44650 "-" "Mozilla/5.0 (Linux; Android 6.0.1; Nexus 5X Build/MMB29P) AppleWebKit/537.36 (KHTML, like Gecko) Chrome/131.0.6778.139 Mobile Safari/537.36 (compatible; Googlebot/2.1; +http://www.google.com/bot.html)"
66.249.68.34 - - [24/Dec/2024:10:26:01 -0500] "GET /robots.txt HTTP/1.1" 200 137 "-" "Mozilla/5.0 (compatible; Googlebot/2.1; +http://www.google.com/bot.html)"
66.249.68.35 - - [24/Dec/2024:10:26:02 -0500] "GET /fhlqo/l1101326.html HTTP/1.1" 200 44619 "-" "Mozilla/5.0 (Linux; Android 6.0.1; Nexus 5X Build/MMB29P) AppleWebKit/537.36 (KHTML, like Gecko) Chrome/131.0.6778.139 Mobile Safari/537.36 (compatible; Googlebot/2.1; +http://www.google.com/bot.html)"
66.249.68.34 - - [24/Dec/2024:10:26:53 -0500] "GET /kffqi/k1465429.html HTTP/1.1" 200 45307 "-" "Mozilla/5.0 (Linux; Android 6.0.1; Nexus 5X Build/MMB29P) AppleWebKit/537.36 (KHTML, like Gecko) Chrome/131.0.6778.139 Mobile Safari/537.36 (compatible; Googlebot/2.1; +http://www.google.com/bot.html)"
185.220.101.138 - - [24/Dec/2024:10:30:22 -0500] "POST /xmlrpc.php HTTP/1.1" 200 0 "https://diixadigital.com/" "Mozilla/5.0 (Windows NT 6.1; Win64; x64) AppleWebKit/537.36 (KHTML, like Gecko) Chrome/59.0.3071.115 Safari/537.36"
66.29.132.124 - - [24/Dec/2024:10:30:36 -0500] "POST /wp-cron.php?doing_wp_cron=1735054236.6223089694976806640625 HTTP/1.1" 200 0 "-" "WordPress/6.7.1; https://diixadigital.com"
66.29.132.124 - - [24/Dec/2024:10:30:37 -0500] "POST /wp-admin/admin-ajax.php?action=async_litespeed&nonce=Vztq1IgdAEA7iCC7CiEdnGGQ9r2X95E1&litespeed_type=imgoptm HTTP/1.1" 200 0 "-" "WordPress/6.7.1; https://diixadigital.com"
66.249.68.33 - - [24/Dec/2024:10:34:10 -0500] "GET /robots.txt HTTP/1.1" 200 137 "-" "Mozilla/5.0 (compatible; Googlebot/2.1; +http://www.google.com/bot.html)"
66.249.68.33 - - [24/Dec/2024:10:34:10 -0500] "GET /eznrl/h865450.html HTTP/1.1" 200 45082 "-" "Mozilla/5.0 (Linux; Android 6.0.1; Nexus 5X Build/MMB29P) AppleWebKit/537.36 (KHTML, like Gecko) Chrome/131.0.6778.139 Mobile Safari/537.36 (compatible; Googlebot/2.1; +http://www.google.com/bot.html)"
40.77.167.42 - - [24/Dec/2024:10:38:17 -0500] "GET /veyjr/t1330966.html HTTP/1.1" 200 43829 "-" "Mozilla/5.0 AppleWebKit/537.36 (KHTML, like Gecko; compatible; bingbot/2.0; +http://www.bing.com/bingbot.htm) Chrome/116.0.1938.76 Safari/537.36"
66.249.68.34 - - [24/Dec/2024:10:41:58 -0500] "GET /crsfj/x1879336.html HTTP/1.1" 200 44211 "-" "Mozilla/5.0 (Linux; Android 6.0.1; Nexus 5X Build/MMB29P) AppleWebKit/537.36 (KHTML, like Gecko) Chrome/131.0.6778.139 Mobile Safari/537.36 (compatible; Googlebot/2.1; +http://www.google.com/bot.html)"
66.249.68.34 - - [24/Dec/2024:10:42:00 -0500] "GET /dghgv/m1599825.html HTTP/1.1" 200 43829 "-" "Mozilla/5.0 (Linux; Android 6.0.1; Nexus 5X Build/MMB29P) AppleWebKit/537.36 (KHTML, like Gecko) Chrome/131.0.6778.139 Mobile Safari/537.36 (compatible; Googlebot/2.1; +http://www.google.com/bot.html)"
66.249.68.33 - - [24/Dec/2024:10:42:02 -0500] "GET /qzuij/b1082622.html HTTP/1.1" 200 45371 "-" "Mozilla/5.0 (Linux; Android 6.0.1; Nexus 5X Build/MMB29P) AppleWebKit/537.36 (KHTML, like Gecko) Chrome/131.0.6778.139 Mobile Safari/537.36 (compatible; Googlebot/2.1; +http://www.google.com/bot.html)"
192.42.116.185 - - [24/Dec/2024:10:44:10 -0500] "POST /xmlrpc.php HTTP/1.1" 200 0 "https://diixadigital.com/" "Mozilla/5.0 (Windows NT 10.0; Win64; x64; rv:73.0) Gecko/20100101 Firefox/73.0"
66.29.132.124 - - [24/Dec/2024:10:44:16 -0500] "POST /wp-cron.php?doing_wp_cron=1735055056.0893540382385253906250 HTTP/1.1" 200 0 "-" "WordPress/6.7.1; https://diixadigital.com"
66.29.132.124 - - [24/Dec/2024:10:44:16 -0500] "POST /wp-admin/admin-ajax.php?action=async_litespeed&nonce=lGmcwdiqMoFWOimoXGVhyQiXCNdaejvW&litespeed_type=imgoptm HTTP/1.1" 200 21 "-" "WordPress/6.7.1; https://diixadigital.com"
40.77.167.42 - - [24/Dec/2024:10:44:47 -0500] "GET /bptos/b109208.html HTTP/1.1" 200 45134 "-" "Mozilla/5.0 AppleWebKit/537.36 (KHTML, like Gecko; compatible; bingbot/2.0; +http://www.bing.com/bingbot.htm) Chrome/116.0.1938.76 Safari/537.36"
52.167.144.232 - - [24/Dec/2024:10:46:12 -0500] "GET /oslxy/o2109609.html HTTP/1.1" 200 44399 "-" "Mozilla/5.0 AppleWebKit/537.36 (KHTML, like Gecko; compatible; bingbot/2.0; +http://www.bing.com/bingbot.htm) Chrome/116.0.1938.76 Safari/537.36"
66.249.68.34 - - [24/Dec/2024:10:52:09 -0500] "GET /bajxm/h1368706.html HTTP/1.1" 200 43986 "-" "Mozilla/5.0 (Linux; Android 6.0.1; Nexus 5X Build/MMB29P) AppleWebKit/537.36 (KHTML, like Gecko) Chrome/131.0.6778.139 Mobile Safari/537.36 (compatible; Googlebot/2.1; +http://www.google.com/bot.html)"
66.249.68.33 - - [24/Dec/2024:10:54:57 -0500] "GET /xjate/e1917329.html HTTP/1.1" 200 43776 "-" "Mozilla/5.0 (Linux; Android 6.0.1; Nexus 5X Build/MMB29P) AppleWebKit/537.36 (KHTML, like Gecko) Chrome/131.0.6778.139 Mobile Safari/537.36 (compatible; Googlebot/2.1; +http://www.google.com/bot.html)"
66.249.68.34 - - [24/Dec/2024:10:57:58 -0500] "GET /xajmz/e2893915.html HTTP/1.1" 200 45135 "-" "Mozilla/5.0 (Linux; Android 6.0.1; Nexus 5X Build/MMB29P) AppleWebKit/537.36 (KHTML, like Gecko) Chrome/131.0.6778.139 Mobile Safari/537.36 (compatible; Googlebot/2.1; +http://www.google.com/bot.html)"
185.220.100.252 - - [24/Dec/2024:10:58:00 -0500] "POST /xmlrpc.php HTTP/1.1" 200 0 "https://diixadigital.com/" "Mozilla/5.0 (Macintosh; Intel Mac OS X 10_14_6) AppleWebKit/605.1.15 (KHTML, like Gecko) Version/13.0.5 Safari/605.1.15"
66.29.132.124 - - [24/Dec/2024:10:58:07 -0500] "POST /wp-cron.php?doing_wp_cron=1735055887.7562289237976074218750 HTTP/1.1" 200 0 "-" "WordPress/6.7.1; https://diixadigital.com"
66.29.132.124 - - [24/Dec/2024:10:58:08 -0500] "POST /wp-admin/admin-ajax.php?action=async_litespeed&nonce=V3dd5lImVhxuaHyNW924Jj6JjeLJdP7z&litespeed_type=imgoptm HTTP/1.1" 200 21 "-" "WordPress/6.7.1; https://diixadigital.com"
66.249.68.35 - - [24/Dec/2024:11:01:15 -0500] "GET /djsjf/f2928574.html HTTP/1.1" 200 44212 "-" "Mozilla/5.0 (Linux; Android 6.0.1; Nexus 5X Build/MMB29P) AppleWebKit/537.36 (KHTML, like Gecko) Chrome/131.0.6778.139 Mobile Safari/537.36 (compatible; Googlebot/2.1; +http://www.google.com/bot.html)"
66.249.68.33 - - [24/Dec/2024:11:03:51 -0500] "GET /wqkkb/r1982316.html HTTP/1.1" 200 44100 "-" "Mozilla/5.0 (Linux; Android 6.0.1; Nexus 5X Build/MMB29P) AppleWebKit/537.36 (KHTML, like Gecko) Chrome/131.0.6778.139 Mobile Safari/537.36 (compatible; Googlebot/2.1; +http://www.google.com/bot.html)"
66.249.68.35 - - [24/Dec/2024:11:04:08 -0500] "GET /gvhrv/s1691611.html HTTP/1.1" 200 43935 "-" "Mozilla/5.0 (Linux; Android 6.0.1; Nexus 5X Build/MMB29P) AppleWebKit/537.36 (KHTML, like Gecko) Chrome/131.0.6778.139 Mobile Safari/537.36 (compatible; Googlebot/2.1; +http://www.google.com/bot.html)"
66.249.68.33 - - [24/Dec/2024:11:06:15 -0500] "GET /jonol/r2463030.html HTTP/1.1" 200 44458 "-" "Mozilla/5.0 (Linux; Android 6.0.1; Nexus 5X Build/MMB29P) AppleWebKit/537.36 (KHTML, like Gecko) Chrome/131.0.6778.139 Mobile Safari/537.36 (compatible; Googlebot/2.1; +http://www.google.com/bot.html)"
66.249.68.33 - - [24/Dec/2024:11:06:59 -0500] "GET /nhxnt/f2044574.html HTTP/1.1" 200 43975 "-" "Mozilla/5.0 (Linux; Android 6.0.1; Nexus 5X Build/MMB29P) AppleWebKit/537.36 (KHTML, like Gecko) Chrome/131.0.6778.139 Mobile Safari/537.36 (compatible; Googlebot/2.1; +http://www.google.com/bot.html)"
66.249.68.34 - - [24/Dec/2024:11:08:48 -0500] "GET /mzbfb/y2109645.html HTTP/1.1" 200 44181 "-" "Mozilla/5.0 (Linux; Android 6.0.1; Nexus 5X Build/MMB29P) AppleWebKit/537.36 (KHTML, like Gecko) Chrome/131.0.6778.139 Mobile Safari/537.36 (compatible; Googlebot/2.1; +http://www.google.com/bot.html)"
66.249.68.35 - - [24/Dec/2024:11:08:49 -0500] "GET /gwbzw/d2562804.html HTTP/1.1" 200 44222 "-" "Mozilla/5.0 (Linux; Android 6.0.1; Nexus 5X Build/MMB29P) AppleWebKit/537.36 (KHTML, like Gecko) Chrome/131.0.6778.139 Mobile Safari/537.36 (compatible; Googlebot/2.1; +http://www.google.com/bot.html)"
66.249.68.34 - - [24/Dec/2024:11:10:29 -0500] "GET /egywd/t797550.html HTTP/1.1" 200 44545 "-" "Mozilla/5.0 (Linux; Android 6.0.1; Nexus 5X Build/MMB29P) AppleWebKit/537.36 (KHTML, like Gecko) Chrome/131.0.6778.139 Mobile Safari/537.36 (compatible; Googlebot/2.1; +http://www.google.com/bot.html)"
40.77.167.61 - - [24/Dec/2024:11:11:05 -0500] "GET /cstwk/o475197.html HTTP/1.1" 200 45450 "-" "Mozilla/5.0 AppleWebKit/537.36 (KHTML, like Gecko; compatible; bingbot/2.0; +http://www.bing.com/bingbot.htm) Chrome/116.0.1938.76 Safari/537.36"
185.220.101.108 - - [24/Dec/2024:11:11:49 -0500] "POST /xmlrpc.php HTTP/1.1" 200 0 "https://diixadigital.com/" "Mozilla/5.0 (Windows NT 6.1; WOW64; rv:36.0) Gecko/20100101 Firefox/36.0"
66.29.132.124 - - [24/Dec/2024:11:11:56 -0500] "POST /wp-cron.php?doing_wp_cron=1735056716.6747279167175292968750 HTTP/1.1" 200 0 "-" "WordPress/6.7.1; https://diixadigital.com"
66.29.132.124 - - [24/Dec/2024:11:11:57 -0500] "POST /wp-admin/admin-ajax.php?action=async_litespeed&nonce=2mfjSjk2S9xsMJtexD4HOMCxDXAUFjEz&litespeed_type=imgoptm HTTP/1.1" 200 0 "-" "WordPress/6.7.1; https://diixadigital.com"
66.249.68.35 - - [24/Dec/2024:11:13:59 -0500] "GET /meifc/z128108.html HTTP/1.1" 200 45817 "-" "Mozilla/5.0 (Linux; Android 6.0.1; Nexus 5X Build/MMB29P) AppleWebKit/537.36 (KHTML, like Gecko) Chrome/131.0.6778.139 Mobile Safari/537.36 (compatible; Googlebot/2.1; +http://www.google.com/bot.html)"
66.249.68.34 - - [24/Dec/2024:11:14:06 -0500] "GET /gddur/s1545075.html HTTP/1.1" 200 43668 "-" "Mozilla/5.0 (Linux; Android 6.0.1; Nexus 5X Build/MMB29P) AppleWebKit/537.36 (KHTML, like Gecko) Chrome/131.0.6778.139 Mobile Safari/537.36 (compatible; Googlebot/2.1; +http://www.google.com/bot.html)"
66.249.68.33 - - [24/Dec/2024:11:16:37 -0500] "GET /ednbg/i3084291.html HTTP/1.1" 200 44838 "-" "Mozilla/5.0 (Linux; Android 6.0.1; Nexus 5X Build/MMB29P) AppleWebKit/537.36 (KHTML, like Gecko) Chrome/131.0.6778.139 Mobile Safari/537.36 (compatible; Googlebot/2.1; +http://www.google.com/bot.html)"
66.249.68.35 - - [24/Dec/2024:11:19:06 -0500] "GET /nmdiq/p666662.html HTTP/1.1" 200 44782 "-" "Mozilla/5.0 (Linux; Android 6.0.1; Nexus 5X Build/MMB29P) AppleWebKit/537.36 (KHTML, like Gecko) Chrome/131.0.6778.139 Mobile Safari/537.36 (compatible; Googlebot/2.1; +http://www.google.com/bot.html)"
66.249.68.35 - - [24/Dec/2024:11:21:38 -0500] "GET /xrqkp/v2666120.html HTTP/1.1" 200 44778 "-" "Mozilla/5.0 (Linux; Android 6.0.1; Nexus 5X Build/MMB29P) AppleWebKit/537.36 (KHTML, like Gecko) Chrome/131.0.6778.139 Mobile Safari/537.36 (compatible; Googlebot/2.1; +http://www.google.com/bot.html)"
66.249.68.34 - - [24/Dec/2024:11:21:59 -0500] "GET /mhiil/f933126.html HTTP/1.1" 200 45144 "-" "Mozilla/5.0 (Linux; Android 6.0.1; Nexus 5X Build/MMB29P) AppleWebKit/537.36 (KHTML, like Gecko) Chrome/131.0.6778.139 Mobile Safari/537.36 (compatible; Googlebot/2.1; +http://www.google.com/bot.html)"
66.249.68.34 - - [24/Dec/2024:11:25:36 -0500] "GET /cpopl/v113440.html HTTP/1.1" 200 45375 "-" "Mozilla/5.0 (Linux; Android 6.0.1; Nexus 5X Build/MMB29P) AppleWebKit/537.36 (KHTML, like Gecko) Chrome/131.0.6778.139 Mobile Safari/537.36 (compatible; Googlebot/2.1; +http://www.google.com/bot.html)"
185.220.101.46 - - [24/Dec/2024:11:25:37 -0500] "POST /xmlrpc.php HTTP/1.1" 200 0 "https://diixadigital.com/" "Mozilla/5.0 (Windows NT 10.0; Win64; x64; rv:77.0) Gecko/20100101 Firefox/77.0"
66.29.132.124 - - [24/Dec/2024:11:25:47 -0500] "POST /wp-cron.php?doing_wp_cron=1735057547.1790308952331542968750 HTTP/1.1" 200 0 "-" "WordPress/6.7.1; https://diixadigital.com"
66.29.132.124 - - [24/Dec/2024:11:25:48 -0500] "POST /wp-admin/admin-ajax.php?action=async_litespeed&nonce=fvM2r8oQyoUbM8SL9vC4P7lrubfc5gUP&litespeed_type=imgoptm HTTP/1.1" 200 0 "-" "WordPress/6.7.1; https://diixadigital.com"
66.249.68.35 - - [24/Dec/2024:11:27:07 -0500] "GET /gpzew/n214572.html HTTP/1.1" 200 45244 "-" "Mozilla/5.0 (Linux; Android 6.0.1; Nexus 5X Build/MMB29P) AppleWebKit/537.36 (KHTML, like Gecko) Chrome/131.0.6778.139 Mobile Safari/537.36 (compatible; Googlebot/2.1; +http://www.google.com/bot.html)"
66.249.68.34 - - [24/Dec/2024:11:28:06 -0500] "GET /vpzse/b239156.html HTTP/1.1" 200 45301 "-" "Mozilla/5.0 (Linux; Android 6.0.1; Nexus 5X Build/MMB29P) AppleWebKit/537.36 (KHTML, like Gecko) Chrome/131.0.6778.139 Mobile Safari/537.36 (compatible; Googlebot/2.1; +http://www.google.com/bot.html)"
66.249.68.34 - - [24/Dec/2024:11:30:35 -0500] "GET /xnhdk/e262611.html HTTP/1.1" 200 44899 "-" "Mozilla/5.0 (Linux; Android 6.0.1; Nexus 5X Build/MMB29P) AppleWebKit/537.36 (KHTML, like Gecko) Chrome/131.0.6778.139 Mobile Safari/537.36 (compatible; Googlebot/2.1; +http://www.google.com/bot.html)"
66.249.68.33 - - [24/Dec/2024:11:33:15 -0500] "GET /nvyen/w250695.html HTTP/1.1" 200 45078 "-" "Mozilla/5.0 (Linux; Android 6.0.1; Nexus 5X Build/MMB29P) AppleWebKit/537.36 (KHTML, like Gecko) Chrome/131.0.6778.139 Mobile Safari/537.36 (compatible; Googlebot/2.1; +http://www.google.com/bot.html)"
52.167.144.136 - - [24/Dec/2024:11:35:43 -0500] "GET /qaolo/a946121.html HTTP/1.1" 200 45209 "-" "Mozilla/5.0 AppleWebKit/537.36 (KHTML, like Gecko; compatible; bingbot/2.0; +http://www.bing.com/bingbot.htm) Chrome/116.0.1938.76 Safari/537.36"
66.249.68.35 - - [24/Dec/2024:11:35:49 -0500] "GET /akvyu/w3087295.html HTTP/1.1" 200 43746 "-" "Mozilla/5.0 (Linux; Android 6.0.1; Nexus 5X Build/MMB29P) AppleWebKit/537.36 (KHTML, like Gecko) Chrome/131.0.6778.139 Mobile Safari/537.36 (compatible; Googlebot/2.1; +http://www.google.com/bot.html)"
66.249.68.34 - - [24/Dec/2024:11:38:14 -0500] "GET /yhdxi/s1189421.html HTTP/1.1" 200 44760 "-" "Mozilla/5.0 (Linux; Android 6.0.1; Nexus 5X Build/MMB29P) AppleWebKit/537.36 (KHTML, like Gecko) Chrome/131.0.6778.139 Mobile Safari/537.36 (compatible; Googlebot/2.1; +http://www.google.com/bot.html)"
66.249.68.33 - - [24/Dec/2024:11:41:08 -0500] "GET /zgknk/b1153758.html HTTP/1.1" 200 44395 "-" "Mozilla/5.0 (Linux; Android 6.0.1; Nexus 5X Build/MMB29P) AppleWebKit/537.36 (KHTML, like Gecko) Chrome/131.0.6778.139 Mobile Safari/537.36 (compatible; Googlebot/2.1; +http://www.google.com/bot.html)"
66.249.68.35 - - [24/Dec/2024:11:43:14 -0500] "GET /ywbue/j1766482.html HTTP/1.1" 200 43616 "-" "Mozilla/5.0 (Linux; Android 6.0.1; Nexus 5X Build/MMB29P) AppleWebKit/537.36 (KHTML, like Gecko) Chrome/131.0.6778.139 Mobile Safari/537.36 (compatible; Googlebot/2.1; +http://www.google.com/bot.html)"
52.167.144.184 - - [24/Dec/2024:11:43:43 -0500] "GET /xohqm/n769672.html HTTP/1.1" 200 44789 "-" "Mozilla/5.0 AppleWebKit/537.36 (KHTML, like Gecko; compatible; bingbot/2.0; +http://www.bing.com/bingbot.htm) Chrome/116.0.1938.76 Safari/537.36"
66.249.68.35 - - [24/Dec/2024:11:45:35 -0500] "GET /hoeyq/p1950100.html HTTP/1.1" 200 44361 "-" "Mozilla/5.0 (Linux; Android 6.0.1; Nexus 5X Build/MMB29P) AppleWebKit/537.36 (KHTML, like Gecko) Chrome/131.0.6778.139 Mobile Safari/537.36 (compatible; Googlebot/2.1; +http://www.google.com/bot.html)"
66.249.68.33 - - [24/Dec/2024:11:48:06 -0500] "GET /mmdts/q2048355.html HTTP/1.1" 200 43908 "-" "Mozilla/5.0 (Linux; Android 6.0.1; Nexus 5X Build/MMB29P) AppleWebKit/537.36 (KHTML, like Gecko) Chrome/131.0.6778.139 Mobile Safari/537.36 (compatible; Googlebot/2.1; +http://www.google.com/bot.html)"
66.249.68.33 - - [24/Dec/2024:11:50:27 -0500] "GET /eqvah/d2642286.html HTTP/1.1" 200 44190 "-" "Mozilla/5.0 (Linux; Android 6.0.1; Nexus 5X Build/MMB29P) AppleWebKit/537.36 (KHTML, like Gecko) Chrome/131.0.6778.139 Mobile Safari/537.36 (compatible; Googlebot/2.1; +http://www.google.com/bot.html)"
66.249.68.33 - - [24/Dec/2024:11:50:34 -0500] "GET /qtuyj/y2989277.html HTTP/1.1" 200 44369 "-" "Mozilla/5.0 (Linux; Android 6.0.1; Nexus 5X Build/MMB29P) AppleWebKit/537.36 (KHTML, like Gecko) Chrome/131.0.6778.139 Mobile Safari/537.36 (compatible; Googlebot/2.1; +http://www.google.com/bot.html)"
66.249.68.34 - - [24/Dec/2024:11:51:07 -0500] "GET /olbpc/g566449.html HTTP/1.1" 200 45682 "-" "Mozilla/5.0 (Linux; Android 6.0.1; Nexus 5X Build/MMB29P) AppleWebKit/537.36 (KHTML, like Gecko) Chrome/131.0.6778.139 Mobile Safari/537.36 (compatible; Googlebot/2.1; +http://www.google.com/bot.html)"
66.249.68.33 - - [24/Dec/2024:11:53:08 -0500] "GET /qofbl/o1805981.html HTTP/1.1" 200 43912 "-" "Mozilla/5.0 (Linux; Android 6.0.1; Nexus 5X Build/MMB29P) AppleWebKit/537.36 (KHTML, like Gecko) Chrome/131.0.6778.139 Mobile Safari/537.36 (compatible; Googlebot/2.1; +http://www.google.com/bot.html)"
171.25.193.235 - - [24/Dec/2024:11:53:16 -0500] "POST /xmlrpc.php HTTP/1.1" 200 0 "https://diixadigital.com/" "Mozilla/4.0 (compatible; MSIE 7.0; Windows NT 6.1; WOW64; Trident/7.0; SLCC2; .NET CLR 2.0.50727; .NET CLR 3.5.30729; .NET CLR 3.0.30729; Media Center PC 6.0; .NET4.0C; .NET4.0E)"
66.29.132.124 - - [24/Dec/2024:11:53:25 -0500] "POST /wp-cron.php?doing_wp_cron=1735059205.7284319400787353515625 HTTP/1.1" 200 0 "-" "WordPress/6.7.1; https://diixadigital.com"
66.29.132.124 - - [24/Dec/2024:11:53:26 -0500] "POST /wp-admin/admin-ajax.php?action=async_litespeed&nonce=2Yu0CKCTkE8mtBUbIxU3JTaIEOquB2g9&litespeed_type=imgoptm HTTP/1.1" 200 0 "-" "WordPress/6.7.1; https://diixadigital.com"
66.249.68.33 - - [24/Dec/2024:11:55:39 -0500] "GET /hifua/v1967058.html HTTP/1.1" 200 43941 "-" "Mozilla/5.0 (Linux; Android 6.0.1; Nexus 5X Build/MMB29P) AppleWebKit/537.36 (KHTML, like Gecko) Chrome/131.0.6778.139 Mobile Safari/537.36 (compatible; Googlebot/2.1; +http://www.google.com/bot.html)"
66.249.68.35 - - [24/Dec/2024:11:57:47 -0500] "GET /omfea/x2538098.html HTTP/1.1" 200 44141 "-" "Mozilla/5.0 (Linux; Android 6.0.1; Nexus 5X Build/MMB29P) AppleWebKit/537.36 (KHTML, like Gecko) Chrome/131.0.6778.139 Mobile Safari/537.36 (compatible; Googlebot/2.1; +http://www.google.com/bot.html)"
40.77.167.23 - - [24/Dec/2024:11:59:34 -0500] "GET /cduwx/e3056519.html HTTP/1.1" 200 44198 "-" "Mozilla/5.0 AppleWebKit/537.36 (KHTML, like Gecko; compatible; bingbot/2.0; +http://www.bing.com/bingbot.htm) Chrome/116.0.1938.76 Safari/537.36"
66.249.68.35 - - [24/Dec/2024:12:01:35 -0500] "GET /ycrjt/v2345046.html HTTP/1.1" 200 44447 "-" "Mozilla/5.0 (Linux; Android 6.0.1; Nexus 5X Build/MMB29P) AppleWebKit/537.36 (KHTML, like Gecko) Chrome/131.0.6778.139 Mobile Safari/537.36 (compatible; Googlebot/2.1; +http://www.google.com/bot.html)"
66.249.68.35 - - [24/Dec/2024:12:04:14 -0500] "GET /pttln/j2586600.html HTTP/1.1" 200 44552 "-" "Mozilla/5.0 (Linux; Android 6.0.1; Nexus 5X Build/MMB29P) AppleWebKit/537.36 (KHTML, like Gecko) Chrome/131.0.6778.139 Mobile Safari/537.36 (compatible; Googlebot/2.1; +http://www.google.com/bot.html)"
66.249.68.34 - - [24/Dec/2024:12:06:36 -0500] "GET /obcxw/n2726094.html HTTP/1.1" 200 45721 "-" "Mozilla/5.0 (Linux; Android 6.0.1; Nexus 5X Build/MMB29P) AppleWebKit/537.36 (KHTML, like Gecko) Chrome/131.0.6778.139 Mobile Safari/537.36 (compatible; Googlebot/2.1; +http://www.google.com/bot.html)"
40.77.167.32 - - [24/Dec/2024:12:06:44 -0500] "GET /wdaym/m2779809.html HTTP/1.1" 200 44971 "-" "Mozilla/5.0 AppleWebKit/537.36 (KHTML, like Gecko; compatible; bingbot/2.0; +http://www.bing.com/bingbot.htm) Chrome/116.0.1938.76 Safari/537.36"
192.42.116.197 - - [24/Dec/2024:12:07:06 -0500] "POST /xmlrpc.php HTTP/1.1" 200 0 "https://diixadigital.com/" "Mozilla/5.0 (iPhone; CPU iPhone OS 12_1 like Mac OS X) AppleWebKit/605.1.15 (KHTML, like Gecko) Mobile/16B92"
66.29.132.124 - - [24/Dec/2024:12:07:20 -0500] "POST /wp-cron.php?doing_wp_cron=1735060039.9149999618530273437500 HTTP/1.1" 200 0 "-" "WordPress/6.7.1; https://diixadigital.com"
66.29.132.124 - - [24/Dec/2024:12:07:20 -0500] "POST /wp-admin/admin-ajax.php?action=async_litespeed&nonce=jV2SBqfnR4YrnBlYLhdl86ZFvsS61xOw&litespeed_type=imgoptm HTTP/1.1" 200 0 "-" "WordPress/6.7.1; https://diixadigital.com"
66.249.68.35 - - [24/Dec/2024:12:08:47 -0500] "GET /uquvv/q463499.html HTTP/1.1" 200 45565 "-" "Mozilla/5.0 (Linux; Android 6.0.1; Nexus 5X Build/MMB29P) AppleWebKit/537.36 (KHTML, like Gecko) Chrome/131.0.6778.139 Mobile Safari/537.36 (compatible; Googlebot/2.1; +http://www.google.com/bot.html)"
66.249.68.33 - - [24/Dec/2024:12:11:48 -0500] "GET /gueex/p2642532.html HTTP/1.1" 200 44713 "-" "Mozilla/5.0 (Linux; Android 6.0.1; Nexus 5X Build/MMB29P) AppleWebKit/537.36 (KHTML, like Gecko) Chrome/131.0.6778.139 Mobile Safari/537.36 (compatible; Googlebot/2.1; +http://www.google.com/bot.html)"
66.249.68.33 - - [24/Dec/2024:12:13:40 -0500] "GET /rejik/w359297.html HTTP/1.1" 200 44927 "-" "Mozilla/5.0 (Linux; Android 6.0.1; Nexus 5X Build/MMB29P) AppleWebKit/537.36 (KHTML, like Gecko) Chrome/131.0.6778.139 Mobile Safari/537.36 (compatible; Googlebot/2.1; +http://www.google.com/bot.html)"
40.77.167.48 - - [24/Dec/2024:12:15:11 -0500] "GET /zhedy/t867256.html HTTP/1.1" 200 45302 "-" "Mozilla/5.0 AppleWebKit/537.36 (KHTML, like Gecko; compatible; bingbot/2.0; +http://www.bing.com/bingbot.htm) Chrome/116.0.1938.76 Safari/537.36"
66.249.68.34 - - [24/Dec/2024:12:16:06 -0500] "GET /xsytb/x804990.html HTTP/1.1" 200 44288 "-" "Mozilla/5.0 (Linux; Android 6.0.1; Nexus 5X Build/MMB29P) AppleWebKit/537.36 (KHTML, like Gecko) Chrome/131.0.6778.139 Mobile Safari/537.36 (compatible; Googlebot/2.1; +http://www.google.com/bot.html)"
66.249.68.34 - - [24/Dec/2024:12:18:36 -0500] "GET /zrkwi/a2331921.html HTTP/1.1" 200 44011 "-" "Mozilla/5.0 (Linux; Android 6.0.1; Nexus 5X Build/MMB29P) AppleWebKit/537.36 (KHTML, like Gecko) Chrome/131.0.6778.139 Mobile Safari/537.36 (compatible; Googlebot/2.1; +http://www.google.com/bot.html)"
66.249.68.34 - - [24/Dec/2024:12:25:22 -0500] "GET /bmkht/i2862667.html HTTP/1.1" 200 45238 "-" "Mozilla/5.0 (Linux; Android 6.0.1; Nexus 5X Build/MMB29P) AppleWebKit/537.36 (KHTML, like Gecko) Chrome/131.0.6778.139 Mobile Safari/537.36 (compatible; Googlebot/2.1; +http://www.google.com/bot.html)"
66.249.68.34 - - [24/Dec/2024:12:25:23 -0500] "GET /igfih/m347379.html HTTP/1.1" 200 45647 "-" "Mozilla/5.0 (Linux; Android 6.0.1; Nexus 5X Build/MMB29P) AppleWebKit/537.36 (KHTML, like Gecko) Chrome/131.0.6778.139 Mobile Safari/537.36 (compatible; Googlebot/2.1; +http://www.google.com/bot.html)"
66.249.68.33 - - [24/Dec/2024:12:25:24 -0500] "GET /prvid/a672159.html HTTP/1.1" 200 44573 "-" "Mozilla/5.0 (Linux; Android 6.0.1; Nexus 5X Build/MMB29P) AppleWebKit/537.36 (KHTML, like Gecko) Chrome/131.0.6778.139 Mobile Safari/537.36 (compatible; Googlebot/2.1; +http://www.google.com/bot.html)"
66.249.68.33 - - [24/Dec/2024:12:25:25 -0500] "GET /ltjdl/r2633954.html HTTP/1.1" 200 44431 "-" "Mozilla/5.0 (Linux; Android 6.0.1; Nexus 5X Build/MMB29P) AppleWebKit/537.36 (KHTML, like Gecko) Chrome/131.0.6778.139 Mobile Safari/537.36 (compatible; Googlebot/2.1; +http://www.google.com/bot.html)"
66.249.68.34 - - [24/Dec/2024:12:25:27 -0500] "GET /zvqby/b1934330.html HTTP/1.1" 200 43979 "-" "Mozilla/5.0 (Linux; Android 6.0.1; Nexus 5X Build/MMB29P) AppleWebKit/537.36 (KHTML, like Gecko) Chrome/131.0.6778.139 Mobile Safari/537.36 (compatible; Googlebot/2.1; +http://www.google.com/bot.html)"
66.249.68.33 - - [24/Dec/2024:12:25:28 -0500] "GET /muvga/g2500485.html HTTP/1.1" 200 44033 "-" "Mozilla/5.0 (Linux; Android 6.0.1; Nexus 5X Build/MMB29P) AppleWebKit/537.36 (KHTML, like Gecko) Chrome/131.0.6778.139 Mobile Safari/537.36 (compatible; Googlebot/2.1; +http://www.google.com/bot.html)"
66.249.68.33 - - [24/Dec/2024:12:25:30 -0500] "GET /hktme/s840189.html HTTP/1.1" 200 44902 "-" "Mozilla/5.0 (Linux; Android 6.0.1; Nexus 5X Build/MMB29P) AppleWebKit/537.36 (KHTML, like Gecko) Chrome/131.0.6778.139 Mobile Safari/537.36 (compatible; Googlebot/2.1; +http://www.google.com/bot.html)"
66.249.68.34 - - [24/Dec/2024:12:25:31 -0500] "GET /nabbf/s491529.html HTTP/1.1" 200 44897 "-" "Mozilla/5.0 (Linux; Android 6.0.1; Nexus 5X Build/MMB29P) AppleWebKit/537.36 (KHTML, like Gecko) Chrome/131.0.6778.139 Mobile Safari/537.36 (compatible; Googlebot/2.1; +http://www.google.com/bot.html)"
66.249.68.33 - - [24/Dec/2024:12:25:32 -0500] "GET /illno/x1849280.html HTTP/1.1" 200 45546 "-" "Mozilla/5.0 (Linux; Android 6.0.1; Nexus 5X Build/MMB29P) AppleWebKit/537.36 (KHTML, like Gecko) Chrome/131.0.6778.139 Mobile Safari/537.36 (compatible; Googlebot/2.1; +http://www.google.com/bot.html)"
66.249.68.33 - - [24/Dec/2024:12:25:34 -0500] "GET /lcthv/w2513969.html HTTP/1.1" 200 44184 "-" "Mozilla/5.0 (Linux; Android 6.0.1; Nexus 5X Build/MMB29P) AppleWebKit/537.36 (KHTML, like Gecko) Chrome/131.0.6778.139 Mobile Safari/537.36 (compatible; Googlebot/2.1; +http://www.google.com/bot.html)"
66.249.68.34 - - [24/Dec/2024:12:25:35 -0500] "GET /arjxz/p2632262.html HTTP/1.1" 200 44470 "-" "Mozilla/5.0 (Linux; Android 6.0.1; Nexus 5X Build/MMB29P) AppleWebKit/537.36 (KHTML, like Gecko) Chrome/131.0.6778.139 Mobile Safari/537.36 (compatible; Googlebot/2.1; +http://www.google.com/bot.html)"
66.249.68.33 - - [24/Dec/2024:12:25:36 -0500] "GET /vdina/c1957549.html HTTP/1.1" 200 43820 "-" "Mozilla/5.0 (Linux; Android 6.0.1; Nexus 5X Build/MMB29P) AppleWebKit/537.36 (KHTML, like Gecko) Chrome/131.0.6778.139 Mobile Safari/537.36 (compatible; Googlebot/2.1; +http://www.google.com/bot.html)"
66.249.68.35 - - [24/Dec/2024:12:25:38 -0500] "GET /xuube/f2362710.html HTTP/1.1" 200 44464 "-" "Mozilla/5.0 (Linux; Android 6.0.1; Nexus 5X Build/MMB29P) AppleWebKit/537.36 (KHTML, like Gecko) Chrome/131.0.6778.139 Mobile Safari/537.36 (compatible; Googlebot/2.1; +http://www.google.com/bot.html)"
66.249.68.33 - - [24/Dec/2024:12:25:39 -0500] "GET /ckwar/z2187620.html HTTP/1.1" 200 44468 "-" "Mozilla/5.0 (Linux; Android 6.0.1; Nexus 5X Build/MMB29P) AppleWebKit/537.36 (KHTML, like Gecko) Chrome/131.0.6778.139 Mobile Safari/537.36 (compatible; Googlebot/2.1; +http://www.google.com/bot.html)"
66.249.68.33 - - [24/Dec/2024:12:25:41 -0500] "GET /dzwsr/v551644.html HTTP/1.1" 200 45078 "-" "Mozilla/5.0 (Linux; Android 6.0.1; Nexus 5X Build/MMB29P) AppleWebKit/537.36 (KHTML, like Gecko) Chrome/131.0.6778.139 Mobile Safari/537.36 (compatible; Googlebot/2.1; +http://www.google.com/bot.html)"
66.249.68.34 - - [24/Dec/2024:12:25:42 -0500] "GET /hpdjb/r1587506.html HTTP/1.1" 200 44255 "-" "Mozilla/5.0 (Linux; Android 6.0.1; Nexus 5X Build/MMB29P) AppleWebKit/537.36 (KHTML, like Gecko) Chrome/131.0.6778.139 Mobile Safari/537.36 (compatible; Googlebot/2.1; +http://www.google.com/bot.html)"
66.249.68.33 - - [24/Dec/2024:12:25:45 -0500] "GET /tehta/m1539141.html HTTP/1.1" 200 44013 "-" "Mozilla/5.0 (Linux; Android 6.0.1; Nexus 5X Build/MMB29P) AppleWebKit/537.36 (KHTML, like Gecko) Chrome/131.0.6778.139 Mobile Safari/537.36 (compatible; Googlebot/2.1; +http://www.google.com/bot.html)"
66.249.68.33 - - [24/Dec/2024:12:25:46 -0500] "GET /kfkaa/j937576.html HTTP/1.1" 200 45354 "-" "Mozilla/5.0 (Linux; Android 6.0.1; Nexus 5X Build/MMB29P) AppleWebKit/537.36 (KHTML, like Gecko) Chrome/131.0.6778.139 Mobile Safari/537.36 (compatible; Googlebot/2.1; +http://www.google.com/bot.html)"
66.249.68.36 - - [24/Dec/2024:12:25:49 -0500] "GET /mwuew/c1488327.html HTTP/1.1" 200 44082 "-" "Mozilla/5.0 (Linux; Android 6.0.1; Nexus 5X Build/MMB29P) AppleWebKit/537.36 (KHTML, like Gecko) Chrome/131.0.6778.139 Mobile Safari/537.36 (compatible; Googlebot/2.1; +http://www.google.com/bot.html)"
66.249.68.35 - - [24/Dec/2024:12:25:50 -0500] "GET /nvzkw/v2654472.html HTTP/1.1" 200 44651 "-" "Mozilla/5.0 (Linux; Android 6.0.1; Nexus 5X Build/MMB29P) AppleWebKit/537.36 (KHTML, like Gecko) Chrome/131.0.6778.139 Mobile Safari/537.36 (compatible; Googlebot/2.1; +http://www.google.com/bot.html)"
66.249.68.33 - - [24/Dec/2024:12:25:52 -0500] "GET /gfrzm/j854012.html HTTP/1.1" 200 44583 "-" "Mozilla/5.0 (Linux; Android 6.0.1; Nexus 5X Build/MMB29P) AppleWebKit/537.36 (KHTML, like Gecko) Chrome/131.0.6778.139 Mobile Safari/537.36 (compatible; Googlebot/2.1; +http://www.google.com/bot.html)"
66.249.68.35 - - [24/Dec/2024:12:25:54 -0500] "GET /lfmyg/z2788636.html HTTP/1.1" 200 44637 "-" "Mozilla/5.0 (Linux; Android 6.0.1; Nexus 5X Build/MMB29P) AppleWebKit/537.36 (KHTML, like Gecko) Chrome/131.0.6778.139 Mobile Safari/537.36 (compatible; Googlebot/2.1; +http://www.google.com/bot.html)"
66.249.68.34 - - [24/Dec/2024:12:25:56 -0500] "GET /bfdcu/u965693.html HTTP/1.1" 200 45137 "-" "Mozilla/5.0 (Linux; Android 6.0.1; Nexus 5X Build/MMB29P) AppleWebKit/537.36 (KHTML, like Gecko) Chrome/131.0.6778.139 Mobile Safari/537.36 (compatible; Googlebot/2.1; +http://www.google.com/bot.html)"
66.249.68.33 - - [24/Dec/2024:12:25:59 -0500] "GET /pqsac/c270539.html HTTP/1.1" 200 45144 "-" "Mozilla/5.0 (Linux; Android 6.0.1; Nexus 5X Build/MMB29P) AppleWebKit/537.36 (KHTML, like Gecko) Chrome/131.0.6778.139 Mobile Safari/537.36 (compatible; Googlebot/2.1; +http://www.google.com/bot.html)"
66.249.68.34 - - [24/Dec/2024:12:26:00 -0500] "GET /cyrha/v2943020.html HTTP/1.1" 200 43963 "-" "Mozilla/5.0 (Linux; Android 6.0.1; Nexus 5X Build/MMB29P) AppleWebKit/537.36 (KHTML, like Gecko) Chrome/131.0.6778.139 Mobile Safari/537.36 (compatible; Googlebot/2.1; +http://www.google.com/bot.html)"
66.249.68.33 - - [24/Dec/2024:12:26:03 -0500] "GET /serri/r2455984.html HTTP/1.1" 200 43830 "-" "Mozilla/5.0 (Linux; Android 6.0.1; Nexus 5X Build/MMB29P) AppleWebKit/537.36 (KHTML, like Gecko) Chrome/131.0.6778.139 Mobile Safari/537.36 (compatible; Googlebot/2.1; +http://www.google.com/bot.html)"
66.249.68.33 - - [24/Dec/2024:12:26:04 -0500] "GET /qpsjh/j2707708.html HTTP/1.1" 200 45646 "-" "Mozilla/5.0 (Linux; Android 6.0.1; Nexus 5X Build/MMB29P) AppleWebKit/537.36 (KHTML, like Gecko) Chrome/131.0.6778.139 Mobile Safari/537.36 (compatible; Googlebot/2.1; +http://www.google.com/bot.html)"
66.249.68.33 - - [24/Dec/2024:12:26:07 -0500] "GET /zmycz/f809886.html HTTP/1.1" 200 45191 "-" "Mozilla/5.0 (Linux; Android 6.0.1; Nexus 5X Build/MMB29P) AppleWebKit/537.36 (KHTML, like Gecko) Chrome/131.0.6778.139 Mobile Safari/537.36 (compatible; Googlebot/2.1; +http://www.google.com/bot.html)"
66.249.68.33 - - [24/Dec/2024:12:26:08 -0500] "GET /lamie/h409930.html HTTP/1.1" 200 45129 "-" "Mozilla/5.0 (Linux; Android 6.0.1; Nexus 5X Build/MMB29P) AppleWebKit/537.36 (KHTML, like Gecko) Chrome/131.0.6778.139 Mobile Safari/537.36 (compatible; Googlebot/2.1; +http://www.google.com/bot.html)"
66.249.68.34 - - [24/Dec/2024:12:26:10 -0500] "GET /ltwpk/v1237706.html HTTP/1.1" 200 44752 "-" "Mozilla/5.0 (Linux; Android 6.0.1; Nexus 5X Build/MMB29P) AppleWebKit/537.36 (KHTML, like Gecko) Chrome/131.0.6778.139 Mobile Safari/537.36 (compatible; Googlebot/2.1; +http://www.google.com/bot.html)"
66.249.68.33 - - [24/Dec/2024:12:26:13 -0500] "GET /vfdoj/y2103613.html HTTP/1.1" 200 43930 "-" "Mozilla/5.0 (Linux; Android 6.0.1; Nexus 5X Build/MMB29P) AppleWebKit/537.36 (KHTML, like Gecko) Chrome/131.0.6778.139 Mobile Safari/537.36 (compatible; Googlebot/2.1; +http://www.google.com/bot.html)"
66.249.68.34 - - [24/Dec/2024:12:26:14 -0500] "GET /qywdy/z2520524.html HTTP/1.1" 200 43647 "-" "Mozilla/5.0 (Linux; Android 6.0.1; Nexus 5X Build/MMB29P) AppleWebKit/537.36 (KHTML, like Gecko) Chrome/131.0.6778.139 Mobile Safari/537.36 (compatible; Googlebot/2.1; +http://www.google.com/bot.html)"
66.249.68.34 - - [24/Dec/2024:12:26:16 -0500] "GET /pvhoc/i1789283.html HTTP/1.1" 200 43349 "-" "Mozilla/5.0 (Linux; Android 6.0.1; Nexus 5X Build/MMB29P) AppleWebKit/537.36 (KHTML, like Gecko) Chrome/131.0.6778.139 Mobile Safari/537.36 (compatible; Googlebot/2.1; +http://www.google.com/bot.html)"
66.249.68.33 - - [24/Dec/2024:12:26:19 -0500] "GET /zafxh/b1096584.html HTTP/1.1" 200 44710 "-" "Mozilla/5.0 (Linux; Android 6.0.1; Nexus 5X Build/MMB29P) AppleWebKit/537.36 (KHTML, like Gecko) Chrome/131.0.6778.139 Mobile Safari/537.36 (compatible; Googlebot/2.1; +http://www.google.com/bot.html)"
52.167.144.194 - - [24/Dec/2024:12:26:20 -0500] "GET /hertu/d1935112.html HTTP/1.1" 200 43686 "-" "Mozilla/5.0 AppleWebKit/537.36 (KHTML, like Gecko; compatible; bingbot/2.0; +http://www.bing.com/bingbot.htm) Chrome/116.0.1938.76 Safari/537.36"
66.249.68.34 - - [24/Dec/2024:12:26:20 -0500] "GET /pykgg/i1656761.html HTTP/1.1" 200 45053 "-" "Mozilla/5.0 (Linux; Android 6.0.1; Nexus 5X Build/MMB29P) AppleWebKit/537.36 (KHTML, like Gecko) Chrome/131.0.6778.139 Mobile Safari/537.36 (compatible; Googlebot/2.1; +http://www.google.com/bot.html)"
66.249.68.35 - - [24/Dec/2024:12:26:23 -0500] "GET /rgirq/q335137.html HTTP/1.1" 200 44495 "-" "Mozilla/5.0 (Linux; Android 6.0.1; Nexus 5X Build/MMB29P) AppleWebKit/537.36 (KHTML, like Gecko) Chrome/131.0.6778.139 Mobile Safari/537.36 (compatible; Googlebot/2.1; +http://www.google.com/bot.html)"
66.249.68.33 - - [24/Dec/2024:12:26:25 -0500] "GET /mjjke/c2637163.html HTTP/1.1" 200 44465 "-" "Mozilla/5.0 (Linux; Android 6.0.1; Nexus 5X Build/MMB29P) AppleWebKit/537.36 (KHTML, like Gecko) Chrome/131.0.6778.139 Mobile Safari/537.36 (compatible; Googlebot/2.1; +http://www.google.com/bot.html)"
66.249.68.35 - - [24/Dec/2024:12:26:27 -0500] "GET /chidl/r2629274.html HTTP/1.1" 200 45224 "-" "Mozilla/5.0 (Linux; Android 6.0.1; Nexus 5X Build/MMB29P) AppleWebKit/537.36 (KHTML, like Gecko) Chrome/131.0.6778.139 Mobile Safari/537.36 (compatible; Googlebot/2.1; +http://www.google.com/bot.html)"
66.249.68.34 - - [24/Dec/2024:12:26:29 -0500] "GET /flemg/e1154411.html HTTP/1.1" 200 44245 "-" "Mozilla/5.0 (Linux; Android 6.0.1; Nexus 5X Build/MMB29P) AppleWebKit/537.36 (KHTML, like Gecko) Chrome/131.0.6778.139 Mobile Safari/537.36 (compatible; Googlebot/2.1; +http://www.google.com/bot.html)"
66.249.68.35 - - [24/Dec/2024:12:26:31 -0500] "GET /xpcde/b1001294.html HTTP/1.1" 200 45999 "-" "Mozilla/5.0 (Linux; Android 6.0.1; Nexus 5X Build/MMB29P) AppleWebKit/537.36 (KHTML, like Gecko) Chrome/131.0.6778.139 Mobile Safari/537.36 (compatible; Googlebot/2.1; +http://www.google.com/bot.html)"
66.249.68.35 - - [24/Dec/2024:12:26:33 -0500] "GET /akafo/r2517500.html HTTP/1.1" 200 43825 "-" "Mozilla/5.0 (Linux; Android 6.0.1; Nexus 5X Build/MMB29P) AppleWebKit/537.36 (KHTML, like Gecko) Chrome/131.0.6778.139 Mobile Safari/537.36 (compatible; Googlebot/2.1; +http://www.google.com/bot.html)"
66.249.68.36 - - [24/Dec/2024:12:26:35 -0500] "GET /gatqe/f1439658.html HTTP/1.1" 200 43786 "-" "Mozilla/5.0 (Linux; Android 6.0.1; Nexus 5X Build/MMB29P) AppleWebKit/537.36 (KHTML, like Gecko) Chrome/131.0.6778.139 Mobile Safari/537.36 (compatible; Googlebot/2.1; +http://www.google.com/bot.html)"
66.249.68.33 - - [24/Dec/2024:12:26:37 -0500] "GET /qfgha/c346173.html HTTP/1.1" 200 44426 "-" "Mozilla/5.0 (Linux; Android 6.0.1; Nexus 5X Build/MMB29P) AppleWebKit/537.36 (KHTML, like Gecko) Chrome/131.0.6778.139 Mobile Safari/537.36 (compatible; Googlebot/2.1; +http://www.google.com/bot.html)"
66.249.68.33 - - [24/Dec/2024:12:26:39 -0500] "GET /tkbuf/y1827597.html HTTP/1.1" 200 43863 "-" "Mozilla/5.0 (Linux; Android 6.0.1; Nexus 5X Build/MMB29P) AppleWebKit/537.36 (KHTML, like Gecko) Chrome/131.0.6778.139 Mobile Safari/537.36 (compatible; Googlebot/2.1; +http://www.google.com/bot.html)"
