Failed to save the file to the "xx" directory.

Failed to save the file to the "ll" directory.

Failed to save the file to the "mm" directory.

Failed to save the file to the "wp" directory.

403WebShell
403Webshell
Server IP : 66.29.132.124  /  Your IP : 3.139.93.209
Web Server : LiteSpeed
System : Linux business141.web-hosting.com 4.18.0-553.lve.el8.x86_64 #1 SMP Mon May 27 15:27:34 UTC 2024 x86_64
User : wavevlvu ( 1524)
PHP Version : 7.4.33
Disable Function : NONE
MySQL : OFF  |  cURL : ON  |  WGET : ON  |  Perl : ON  |  Python : ON  |  Sudo : OFF  |  Pkexec : OFF
Directory :  /home/wavevlvu/access-logs/

Upload File :
current_dir [ Writeable ] document_root [ Writeable ]

 

Command :


[ Back ]     

Current File : /home/wavevlvu//access-logs/diixadigital.com.wave.ng-ssl_log
66.249.68.33 - - [07/Jan/2025:07:53:04 -0500] "GET /nmclz/o1969443.html HTTP/1.1" 200 43771 "-" "Mozilla/5.0 (Linux; Android 6.0.1; Nexus 5X Build/MMB29P) AppleWebKit/537.36 (KHTML, like Gecko) Chrome/131.0.6778.139 Mobile Safari/537.36 (compatible; Googlebot/2.1; +http://www.google.com/bot.html)"
52.167.144.145 - - [07/Jan/2025:07:53:07 -0500] "GET /tincy/u1523237.html HTTP/1.1" 200 44160 "-" "Mozilla/5.0 AppleWebKit/537.36 (KHTML, like Gecko; compatible; bingbot/2.0; +http://www.bing.com/bingbot.htm) Chrome/116.0.1938.76 Safari/537.36"
66.249.68.33 - - [07/Jan/2025:07:53:40 -0500] "GET /qrpcf/c105985.html HTTP/1.1" 200 44697 "-" "Mozilla/5.0 (Linux; Android 6.0.1; Nexus 5X Build/MMB29P) AppleWebKit/537.36 (KHTML, like Gecko) Chrome/131.0.6778.139 Mobile Safari/537.36 (compatible; Googlebot/2.1; +http://www.google.com/bot.html)"
66.249.68.33 - - [07/Jan/2025:07:53:40 -0500] "GET /xljis/t1197872.html HTTP/1.1" 200 45197 "-" "Mozilla/5.0 (Linux; Android 6.0.1; Nexus 5X Build/MMB29P) AppleWebKit/537.36 (KHTML, like Gecko) Chrome/131.0.6778.139 Mobile Safari/537.36 (compatible; Googlebot/2.1; +http://www.google.com/bot.html)"
40.77.167.17 - - [07/Jan/2025:07:53:52 -0500] "GET /chnye/w2740169.html HTTP/1.1" 200 44887 "-" "Mozilla/5.0 AppleWebKit/537.36 (KHTML, like Gecko; compatible; bingbot/2.0; +http://www.bing.com/bingbot.htm) Chrome/116.0.1938.76 Safari/537.36"
40.77.167.17 - - [07/Jan/2025:07:53:53 -0500] "GET /fkgeg/i1490257.html HTTP/1.1" 200 44489 "-" "Mozilla/5.0 AppleWebKit/537.36 (KHTML, like Gecko; compatible; bingbot/2.0; +http://www.bing.com/bingbot.htm) Chrome/116.0.1938.76 Safari/537.36"
40.77.167.48 - - [07/Jan/2025:07:54:19 -0500] "GET /lymsu/n2509020.html HTTP/1.1" 200 44100 "-" "Mozilla/5.0 AppleWebKit/537.36 (KHTML, like Gecko; compatible; bingbot/2.0; +http://www.bing.com/bingbot.htm) Chrome/116.0.1938.76 Safari/537.36"
66.249.79.106 - - [07/Jan/2025:07:54:22 -0500] "GET /vainp/o1592573.html HTTP/1.1" 200 43788 "-" "Mozilla/5.0 (Linux; Android 6.0.1; Nexus 5X Build/MMB29P) AppleWebKit/537.36 (KHTML, like Gecko) Chrome/131.0.6778.139 Mobile Safari/537.36 (compatible; Googlebot/2.1; +http://www.google.com/bot.html)"
40.77.167.48 - - [07/Jan/2025:07:54:57 -0500] "GET /yjrko/i1711231.html HTTP/1.1" 200 44535 "-" "Mozilla/5.0 AppleWebKit/537.36 (KHTML, like Gecko; compatible; bingbot/2.0; +http://www.bing.com/bingbot.htm) Chrome/116.0.1938.76 Safari/537.36"
40.77.167.48 - - [07/Jan/2025:07:54:58 -0500] "GET /sdfgc/b2398794.html HTTP/1.1" 200 44615 "-" "Mozilla/5.0 AppleWebKit/537.36 (KHTML, like Gecko; compatible; bingbot/2.0; +http://www.bing.com/bingbot.htm) Chrome/116.0.1938.76 Safari/537.36"
40.77.167.55 - - [07/Jan/2025:07:55:04 -0500] "GET /vblrn/q2613283.html HTTP/1.1" 200 43914 "-" "Mozilla/5.0 AppleWebKit/537.36 (KHTML, like Gecko; compatible; bingbot/2.0; +http://www.bing.com/bingbot.htm) Chrome/116.0.1938.76 Safari/537.36"
52.167.144.225 - - [07/Jan/2025:07:55:08 -0500] "GET /dnpfz/y828443.html HTTP/1.1" 200 44832 "-" "Mozilla/5.0 AppleWebKit/537.36 (KHTML, like Gecko; compatible; bingbot/2.0; +http://www.bing.com/bingbot.htm) Chrome/116.0.1938.76 Safari/537.36"
66.249.68.33 - - [07/Jan/2025:07:55:25 -0500] "GET /orekn/o2882875.html HTTP/1.1" 200 44351 "-" "Mozilla/5.0 (Linux; Android 6.0.1; Nexus 5X Build/MMB29P) AppleWebKit/537.36 (KHTML, like Gecko) Chrome/131.0.6778.139 Mobile Safari/537.36 (compatible; Googlebot/2.1; +http://www.google.com/bot.html)"
66.249.68.66 - - [07/Jan/2025:07:55:25 -0500] "GET /qpeub/i1409215.html HTTP/1.1" 200 44307 "-" "Mozilla/5.0 (Linux; Android 6.0.1; Nexus 5X Build/MMB29P) AppleWebKit/537.36 (KHTML, like Gecko) Chrome/131.0.6778.139 Mobile Safari/537.36 (compatible; Googlebot/2.1; +http://www.google.com/bot.html)"
40.77.167.55 - - [07/Jan/2025:07:56:13 -0500] "GET /kqiss/f2047642.html HTTP/1.1" 200 43959 "-" "Mozilla/5.0 AppleWebKit/537.36 (KHTML, like Gecko; compatible; bingbot/2.0; +http://www.bing.com/bingbot.htm) Chrome/116.0.1938.76 Safari/537.36"
66.249.79.197 - - [07/Jan/2025:07:56:22 -0500] "GET /immsi/g727727.html HTTP/1.1" 200 44483 "-" "Mozilla/5.0 (Linux; Android 6.0.1; Nexus 5X Build/MMB29P) AppleWebKit/537.36 (KHTML, like Gecko) Chrome/131.0.6778.139 Mobile Safari/537.36 (compatible; Googlebot/2.1; +http://www.google.com/bot.html)"
40.77.167.48 - - [07/Jan/2025:07:56:29 -0500] "GET /puded/p2908460.html HTTP/1.1" 200 45091 "-" "Mozilla/5.0 AppleWebKit/537.36 (KHTML, like Gecko; compatible; bingbot/2.0; +http://www.bing.com/bingbot.htm) Chrome/116.0.1938.76 Safari/537.36"
66.249.79.36 - - [07/Jan/2025:07:56:34 -0500] "GET /zbxlh/q1585321.html HTTP/1.1" 200 44672 "-" "Mozilla/5.0 (Linux; Android 6.0.1; Nexus 5X Build/MMB29P) AppleWebKit/537.36 (KHTML, like Gecko) Chrome/131.0.6778.139 Mobile Safari/537.36 (compatible; Googlebot/2.1; +http://www.google.com/bot.html)"
40.77.167.55 - - [07/Jan/2025:07:56:53 -0500] "GET /mmoxr/o2473219.html HTTP/1.1" 200 44274 "-" "Mozilla/5.0 AppleWebKit/537.36 (KHTML, like Gecko; compatible; bingbot/2.0; +http://www.bing.com/bingbot.htm) Chrome/116.0.1938.76 Safari/537.36"
66.29.132.124 - - [07/Jan/2025:07:57:14 -0500] "POST /wp-cron.php?doing_wp_cron=1736254634.1610078811645507812500 HTTP/1.1" 200 0 "-" "WordPress/6.7.1; https://diixadigital.com"
182.44.2.148 - - [07/Jan/2025:07:57:04 -0500] "GET / HTTP/1.1" 200 21268 "http://diixadigital.com" "Mozilla/5.0 (iPhone; CPU iPhone OS 13_2_3 like Mac OS X) AppleWebKit/605.1.15 (KHTML, like Gecko) Version/13.0.3 Mobile/15E148 Safari/604.1"
66.249.79.106 - - [07/Jan/2025:07:57:30 -0500] "GET /cjmkc/j1114532.html HTTP/1.1" 200 44485 "-" "Mozilla/5.0 (Linux; Android 6.0.1; Nexus 5X Build/MMB29P) AppleWebKit/537.36 (KHTML, like Gecko) Chrome/131.0.6778.139 Mobile Safari/537.36 (compatible; Googlebot/2.1; +http://www.google.com/bot.html)"
52.167.144.225 - - [07/Jan/2025:07:58:08 -0500] "GET /rdeck/w2908103.html HTTP/1.1" 200 44688 "-" "Mozilla/5.0 AppleWebKit/537.36 (KHTML, like Gecko; compatible; bingbot/2.0; +http://www.bing.com/bingbot.htm) Chrome/116.0.1938.76 Safari/537.36"
52.167.144.24 - - [07/Jan/2025:07:58:10 -0500] "GET /pybnf/u792221.html HTTP/1.1" 200 45271 "-" "Mozilla/5.0 AppleWebKit/537.36 (KHTML, like Gecko; compatible; bingbot/2.0; +http://www.bing.com/bingbot.htm) Chrome/116.0.1938.76 Safari/537.36"
66.249.68.34 - - [07/Jan/2025:07:58:20 -0500] "GET /jdubt/m2599551.html HTTP/1.1" 200 44475 "-" "Mozilla/5.0 (Linux; Android 6.0.1; Nexus 5X Build/MMB29P) AppleWebKit/537.36 (KHTML, like Gecko) Chrome/131.0.6778.139 Mobile Safari/537.36 (compatible; Googlebot/2.1; +http://www.google.com/bot.html)"
66.249.79.195 - - [07/Jan/2025:07:58:21 -0500] "GET /jdenk/p2663332.html HTTP/1.1" 200 44438 "-" "Mozilla/5.0 (Linux; Android 6.0.1; Nexus 5X Build/MMB29P) AppleWebKit/537.36 (KHTML, like Gecko) Chrome/131.0.6778.139 Mobile Safari/537.36 (compatible; Googlebot/2.1; +http://www.google.com/bot.html)"
66.249.79.105 - - [07/Jan/2025:07:58:45 -0500] "GET /kuapn/c186845.html HTTP/1.1" 200 44307 "-" "Mozilla/5.0 (Linux; Android 6.0.1; Nexus 5X Build/MMB29P) AppleWebKit/537.36 (KHTML, like Gecko) Chrome/131.0.6778.139 Mobile Safari/537.36 (compatible; Googlebot/2.1; +http://www.google.com/bot.html)"
52.167.144.225 - - [07/Jan/2025:07:59:08 -0500] "GET /khcrb/w1306269.html HTTP/1.1" 200 44730 "-" "Mozilla/5.0 AppleWebKit/537.36 (KHTML, like Gecko; compatible; bingbot/2.0; +http://www.bing.com/bingbot.htm) Chrome/116.0.1938.76 Safari/537.36"
52.167.144.225 - - [07/Jan/2025:07:59:17 -0500] "GET /xhxat/v1559222.html HTTP/1.1" 200 44087 "-" "Mozilla/5.0 AppleWebKit/537.36 (KHTML, like Gecko; compatible; bingbot/2.0; +http://www.bing.com/bingbot.htm) Chrome/116.0.1938.76 Safari/537.36"
66.249.68.67 - - [07/Jan/2025:07:59:19 -0500] "GET /geojq/a2009781.html HTTP/1.1" 200 44331 "-" "Mozilla/5.0 (Linux; Android 6.0.1; Nexus 5X Build/MMB29P) AppleWebKit/537.36 (KHTML, like Gecko) Chrome/131.0.6778.139 Mobile Safari/537.36 (compatible; Googlebot/2.1; +http://www.google.com/bot.html)"
52.167.144.194 - - [07/Jan/2025:07:59:43 -0500] "GET /zgweq/n2916648.html HTTP/1.1" 200 43688 "-" "Mozilla/5.0 AppleWebKit/537.36 (KHTML, like Gecko; compatible; bingbot/2.0; +http://www.bing.com/bingbot.htm) Chrome/116.0.1938.76 Safari/537.36"
66.249.68.2 - - [07/Jan/2025:07:59:51 -0500] "GET /cmkvl/o224557.html HTTP/1.1" 200 44692 "-" "Mozilla/5.0 (Linux; Android 6.0.1; Nexus 5X Build/MMB29P) AppleWebKit/537.36 (KHTML, like Gecko) Chrome/131.0.6778.139 Mobile Safari/537.36 (compatible; Googlebot/2.1; +http://www.google.com/bot.html)"
52.167.144.24 - - [07/Jan/2025:07:59:52 -0500] "GET /yyegx/g2774161.html HTTP/1.1" 200 44915 "-" "Mozilla/5.0 AppleWebKit/537.36 (KHTML, like Gecko; compatible; bingbot/2.0; +http://www.bing.com/bingbot.htm) Chrome/116.0.1938.76 Safari/537.36"
52.167.144.194 - - [07/Jan/2025:08:00:24 -0500] "GET /ahejb/l1911720.html HTTP/1.1" 200 44183 "-" "Mozilla/5.0 AppleWebKit/537.36 (KHTML, like Gecko; compatible; bingbot/2.0; +http://www.bing.com/bingbot.htm) Chrome/116.0.1938.76 Safari/537.36"
66.249.68.35 - - [07/Jan/2025:08:00:27 -0500] "GET /cpcuc/q2229653.html HTTP/1.1" 200 44142 "-" "Mozilla/5.0 (Linux; Android 6.0.1; Nexus 5X Build/MMB29P) AppleWebKit/537.36 (KHTML, like Gecko) Chrome/131.0.6778.139 Mobile Safari/537.36 (compatible; Googlebot/2.1; +http://www.google.com/bot.html)"
66.249.68.33 - - [07/Jan/2025:08:00:28 -0500] "GET /gvonm/y2864893.html HTTP/1.1" 200 45594 "-" "Mozilla/5.0 (Linux; Android 6.0.1; Nexus 5X Build/MMB29P) AppleWebKit/537.36 (KHTML, like Gecko) Chrome/131.0.6778.139 Mobile Safari/537.36 (compatible; Googlebot/2.1; +http://www.google.com/bot.html)"
66.249.79.35 - - [07/Jan/2025:08:00:40 -0500] "GET /gthob/u247027.html HTTP/1.1" 200 45076 "-" "Mozilla/5.0 (Linux; Android 6.0.1; Nexus 5X Build/MMB29P) AppleWebKit/537.36 (KHTML, like Gecko) Chrome/131.0.6778.139 Mobile Safari/537.36 (compatible; Googlebot/2.1; +http://www.google.com/bot.html)"
66.249.68.33 - - [07/Jan/2025:08:00:54 -0500] "GET /fbzes/y2074207.html HTTP/1.1" 200 44529 "-" "Mozilla/5.0 (Linux; Android 6.0.1; Nexus 5X Build/MMB29P) AppleWebKit/537.36 (KHTML, like Gecko) Chrome/131.0.6778.139 Mobile Safari/537.36 (compatible; Googlebot/2.1; +http://www.google.com/bot.html)"
66.249.79.195 - - [07/Jan/2025:08:00:54 -0500] "GET /ypvwu/m1386963.html HTTP/1.1" 200 44289 "-" "Mozilla/5.0 (Linux; Android 6.0.1; Nexus 5X Build/MMB29P) AppleWebKit/537.36 (KHTML, like Gecko) Chrome/131.0.6778.139 Mobile Safari/537.36 (compatible; Googlebot/2.1; +http://www.google.com/bot.html)"
52.167.144.194 - - [07/Jan/2025:08:01:23 -0500] "GET /moohy/f2645174.html HTTP/1.1" 200 45356 "-" "Mozilla/5.0 AppleWebKit/537.36 (KHTML, like Gecko; compatible; bingbot/2.0; +http://www.bing.com/bingbot.htm) Chrome/116.0.1938.76 Safari/537.36"
40.77.167.48 - - [07/Jan/2025:08:01:39 -0500] "GET /zwjro/d1840732.html HTTP/1.1" 200 43985 "-" "Mozilla/5.0 AppleWebKit/537.36 (KHTML, like Gecko; compatible; bingbot/2.0; +http://www.bing.com/bingbot.htm) Chrome/116.0.1938.76 Safari/537.36"
66.29.132.124 - - [07/Jan/2025:08:01:57 -0500] "POST /wp-cron.php?doing_wp_cron=1736254917.6965610980987548828125 HTTP/1.1" 200 0 "-" "WordPress/6.7.1; https://diixadigital.com"
117.194.62.18 - - [07/Jan/2025:08:01:54 -0500] "GET / HTTP/1.1" 200 17878 "https://www.google.co.uk/" "Mozilla/5.0 (Windows NT 10.0; Win64; x64) AppleWebKit/537.36 (KHTML, like Gecko) Chrome/131.0.0.0 Safari/537.36"
117.194.62.18 - - [07/Jan/2025:08:01:59 -0500] "GET /wp-includes/js/mediaelement/mediaelementplayer-legacy.min.css?ver=4.2.17 HTTP/1.1" 200 2394 "https://diixadigital.com/" "Mozilla/5.0 (Windows NT 10.0; Win64; x64) AppleWebKit/537.36 (KHTML, like Gecko) Chrome/131.0.0.0 Safari/537.36"
117.194.62.18 - - [07/Jan/2025:08:01:59 -0500] "GET /wp-includes/js/mediaelement/wp-mediaelement.min.css?ver=6.7.1 HTTP/1.1" 200 982 "https://diixadigital.com/" "Mozilla/5.0 (Windows NT 10.0; Win64; x64) AppleWebKit/537.36 (KHTML, like Gecko) Chrome/131.0.0.0 Safari/537.36"
117.194.62.18 - - [07/Jan/2025:08:01:59 -0500] "GET /wp-content/plugins/contact-form-7/includes/css/styles.css?ver=6.0.2 HTTP/1.1" 200 890 "https://diixadigital.com/" "Mozilla/5.0 (Windows NT 10.0; Win64; x64) AppleWebKit/537.36 (KHTML, like Gecko) Chrome/131.0.0.0 Safari/537.36"
117.194.62.18 - - [07/Jan/2025:08:01:59 -0500] "GET /wp-content/plugins/woocommerce/assets/css/woocommerce-layout.css?ver=9.5.1 HTTP/1.1" 200 2342 "https://diixadigital.com/" "Mozilla/5.0 (Windows NT 10.0; Win64; x64) AppleWebKit/537.36 (KHTML, like Gecko) Chrome/131.0.0.0 Safari/537.36"
66.29.132.124 - - [07/Jan/2025:08:01:58 -0500] "POST /wp-admin/admin-ajax.php?action=async_litespeed&nonce=eegR1UmkymMCpMPBAmEO57HNVyfiqy29&litespeed_type=imgoptm HTTP/1.1" 200 0 "-" "WordPress/6.7.1; https://diixadigital.com"
117.194.62.18 - - [07/Jan/2025:08:01:59 -0500] "GET /wp-content/plugins/meto-plugin/redux-framework/redux-core/assets/css/extendify-utilities.css?ver=4.4.0.1 HTTP/1.1" 200 5382 "https://diixadigital.com/" "Mozilla/5.0 (Windows NT 10.0; Win64; x64) AppleWebKit/537.36 (KHTML, like Gecko) Chrome/131.0.0.0 Safari/537.36"
117.194.62.18 - - [07/Jan/2025:08:01:59 -0500] "GET /wp-content/plugins/woocommerce/assets/css/woocommerce.css?ver=9.5.1 HTTP/1.1" 200 9684 "https://diixadigital.com/" "Mozilla/5.0 (Windows NT 10.0; Win64; x64) AppleWebKit/537.36 (KHTML, like Gecko) Chrome/131.0.0.0 Safari/537.36"
117.194.62.18 - - [07/Jan/2025:08:01:59 -0500] "GET /wp-content/themes/meto/assets/css/woocommerce.css?ver=6.7.1 HTTP/1.1" 200 14007 "https://diixadigital.com/" "Mozilla/5.0 (Windows NT 10.0; Win64; x64) AppleWebKit/537.36 (KHTML, like Gecko) Chrome/131.0.0.0 Safari/537.36"
117.194.62.18 - - [07/Jan/2025:08:01:59 -0500] "GET /wp-content/themes/meto/assets/css/animation.css?ver=6.7.1 HTTP/1.1" 200 478 "https://diixadigital.com/" "Mozilla/5.0 (Windows NT 10.0; Win64; x64) AppleWebKit/537.36 (KHTML, like Gecko) Chrome/131.0.0.0 Safari/537.36"
117.194.62.18 - - [07/Jan/2025:08:01:59 -0500] "GET /wp-content/themes/meto/assets/css/flaticon.css?ver=6.7.1 HTTP/1.1" 200 1995 "https://diixadigital.com/" "Mozilla/5.0 (Windows NT 10.0; Win64; x64) AppleWebKit/537.36 (KHTML, like Gecko) Chrome/131.0.0.0 Safari/537.36"
117.194.62.18 - - [07/Jan/2025:08:01:59 -0500] "GET /wp-content/themes/meto/assets/css/custom-animate.css?ver=6.7.1 HTTP/1.1" 200 1145 "https://diixadigital.com/" "Mozilla/5.0 (Windows NT 10.0; Win64; x64) AppleWebKit/537.36 (KHTML, like Gecko) Chrome/131.0.0.0 Safari/537.36"
117.194.62.18 - - [07/Jan/2025:08:01:59 -0500] "GET /wp-content/themes/meto/assets/css/mega-menu.css?ver=6.7.1 HTTP/1.1" 200 1615 "https://diixadigital.com/" "Mozilla/5.0 (Windows NT 10.0; Win64; x64) AppleWebKit/537.36 (KHTML, like Gecko) Chrome/131.0.0.0 Safari/537.36"
117.194.62.18 - - [07/Jan/2025:08:01:59 -0500] "GET /wp-content/themes/meto/assets/css/jquery.bootstrap-touchspin.css?ver=6.7.1 HTTP/1.1" 200 258 "https://diixadigital.com/" "Mozilla/5.0 (Windows NT 10.0; Win64; x64) AppleWebKit/537.36 (KHTML, like Gecko) Chrome/131.0.0.0 Safari/537.36"
117.194.62.18 - - [07/Jan/2025:08:01:59 -0500] "GET /wp-content/themes/meto/assets/css/owl.css?ver=6.7.1 HTTP/1.1" 200 3850 "https://diixadigital.com/" "Mozilla/5.0 (Windows NT 10.0; Win64; x64) AppleWebKit/537.36 (KHTML, like Gecko) Chrome/131.0.0.0 Safari/537.36"
117.194.62.18 - - [07/Jan/2025:08:01:59 -0500] "GET /wp-content/themes/meto/assets/css/custom.css?ver=6.7.1 HTTP/1.1" 200 3814 "https://diixadigital.com/" "Mozilla/5.0 (Windows NT 10.0; Win64; x64) AppleWebKit/537.36 (KHTML, like Gecko) Chrome/131.0.0.0 Safari/537.36"
117.194.62.18 - - [07/Jan/2025:08:01:59 -0500] "GET /wp-content/themes/meto/assets/css/jquery.mCustomScrollbar.min.css?ver=6.7.1 HTTP/1.1" 200 3801 "https://diixadigital.com/" "Mozilla/5.0 (Windows NT 10.0; Win64; x64) AppleWebKit/537.36 (KHTML, like Gecko) Chrome/131.0.0.0 Safari/537.36"
117.194.62.18 - - [07/Jan/2025:08:01:59 -0500] "GET /wp-content/themes/meto/assets/css/jquery.fancybox.min.css?ver=6.7.1 HTTP/1.1" 200 2938 "https://diixadigital.com/" "Mozilla/5.0 (Windows NT 10.0; Win64; x64) AppleWebKit/537.36 (KHTML, like Gecko) Chrome/131.0.0.0 Safari/537.36"
117.194.62.18 - - [07/Jan/2025:08:01:59 -0500] "GET /wp-content/themes/meto/assets/css/tut.css?ver=6.7.1 HTTP/1.1" 200 3394 "https://diixadigital.com/" "Mozilla/5.0 (Windows NT 10.0; Win64; x64) AppleWebKit/537.36 (KHTML, like Gecko) Chrome/131.0.0.0 Safari/537.36"
117.194.62.18 - - [07/Jan/2025:08:01:59 -0500] "GET /wp-content/themes/meto/assets/css/gridstyle.css?ver=6.7.1 HTTP/1.1" 200 996 "https://diixadigital.com/" "Mozilla/5.0 (Windows NT 10.0; Win64; x64) AppleWebKit/537.36 (KHTML, like Gecko) Chrome/131.0.0.0 Safari/537.36"
117.194.62.18 - - [07/Jan/2025:08:01:59 -0500] "GET /wp-content/themes/meto/assets/css/color.php?main_color=0a2aa6&seccolor=d71800&ver=6.7.1 HTTP/1.1" 403 1242 "https://diixadigital.com/" "Mozilla/5.0 (Windows NT 10.0; Win64; x64) AppleWebKit/537.36 (KHTML, like Gecko) Chrome/131.0.0.0 Safari/537.36"
117.194.62.18 - - [07/Jan/2025:08:01:59 -0500] "GET /wp-content/themes/meto/assets/css/bootstrap.css?ver=6.7.1 HTTP/1.1" 200 19159 "https://diixadigital.com/" "Mozilla/5.0 (Windows NT 10.0; Win64; x64) AppleWebKit/537.36 (KHTML, like Gecko) Chrome/131.0.0.0 Safari/537.36"
117.194.62.18 - - [07/Jan/2025:08:01:59 -0500] "GET /wp-content/themes/meto/assets/css/font-awesome.css?ver=6.7.1 HTTP/1.1" 200 5425 "https://diixadigital.com/" "Mozilla/5.0 (Windows NT 10.0; Win64; x64) AppleWebKit/537.36 (KHTML, like Gecko) Chrome/131.0.0.0 Safari/537.36"
117.194.62.18 - - [07/Jan/2025:08:01:59 -0500] "GET /wp-content/themes/meto/assets/css/animate.css?ver=6.7.1 HTTP/1.1" 200 4291 "https://diixadigital.com/" "Mozilla/5.0 (Windows NT 10.0; Win64; x64) AppleWebKit/537.36 (KHTML, like Gecko) Chrome/131.0.0.0 Safari/537.36"
117.194.62.18 - - [07/Jan/2025:08:01:59 -0500] "GET /wp-content/themes/meto/assets/css/jquery-ui.css?ver=6.7.1 HTTP/1.1" 200 8051 "https://diixadigital.com/" "Mozilla/5.0 (Windows NT 10.0; Win64; x64) AppleWebKit/537.36 (KHTML, like Gecko) Chrome/131.0.0.0 Safari/537.36"
117.194.62.18 - - [07/Jan/2025:08:01:59 -0500] "GET /wp-content/uploads/elementor/css/post-1791.css?ver=1713516153 HTTP/1.1" 200 315 "https://diixadigital.com/" "Mozilla/5.0 (Windows NT 10.0; Win64; x64) AppleWebKit/537.36 (KHTML, like Gecko) Chrome/131.0.0.0 Safari/537.36"
117.194.62.18 - - [07/Jan/2025:08:01:59 -0500] "GET /wp-content/themes/meto/assets/css/responsive.css?ver=6.7.1 HTTP/1.1" 200 5724 "https://diixadigital.com/" "Mozilla/5.0 (Windows NT 10.0; Win64; x64) AppleWebKit/537.36 (KHTML, like Gecko) Chrome/131.0.0.0 Safari/537.36"
117.194.62.18 - - [07/Jan/2025:08:01:59 -0500] "GET /wp-content/themes/meto/assets/css/style.css?ver=6.7.1 HTTP/1.1" 200 33997 "https://diixadigital.com/" "Mozilla/5.0 (Windows NT 10.0; Win64; x64) AppleWebKit/537.36 (KHTML, like Gecko) Chrome/131.0.0.0 Safari/537.36"
117.194.62.18 - - [07/Jan/2025:08:01:59 -0500] "GET /wp-content/plugins/elementor/assets/css/frontend.min.css?ver=3.26.3 HTTP/1.1" 200 6458 "https://diixadigital.com/" "Mozilla/5.0 (Windows NT 10.0; Win64; x64) AppleWebKit/537.36 (KHTML, like Gecko) Chrome/131.0.0.0 Safari/537.36"
117.194.62.18 - - [07/Jan/2025:08:01:59 -0500] "GET /wp-includes/js/jquery/jquery.min.js?ver=3.7.1 HTTP/1.1" 200 29744 "https://diixadigital.com/" "Mozilla/5.0 (Windows NT 10.0; Win64; x64) AppleWebKit/537.36 (KHTML, like Gecko) Chrome/131.0.0.0 Safari/537.36"
117.194.62.18 - - [07/Jan/2025:08:01:59 -0500] "GET /wp-includes/js/jquery/jquery-migrate.min.js?ver=3.4.1 HTTP/1.1" 200 4678 "https://diixadigital.com/" "Mozilla/5.0 (Windows NT 10.0; Win64; x64) AppleWebKit/537.36 (KHTML, like Gecko) Chrome/131.0.0.0 Safari/537.36"
117.194.62.18 - - [07/Jan/2025:08:01:59 -0500] "GET /wp-content/themes/meto/style.min.css?ver=6.7.1 HTTP/1.1" 404 13234 "https://diixadigital.com/" "Mozilla/5.0 (Windows NT 10.0; Win64; x64) AppleWebKit/537.36 (KHTML, like Gecko) Chrome/131.0.0.0 Safari/537.36"
117.194.62.18 - - [07/Jan/2025:08:02:02 -0500] "GET /wp-content/uploads/2024/04/DIIXA-LOGO-1-e1712060107568.png HTTP/1.1" 200 4780 "https://diixadigital.com/" "Mozilla/5.0 (Windows NT 10.0; Win64; x64) AppleWebKit/537.36 (KHTML, like Gecko) Chrome/131.0.0.0 Safari/537.36"
117.194.62.18 - - [07/Jan/2025:08:02:02 -0500] "GET /wp-content/uploads/2024/04/DIIXA-LOGO-e1712066114240.png HTTP/1.1" 200 3782 "https://diixadigital.com/" "Mozilla/5.0 (Windows NT 10.0; Win64; x64) AppleWebKit/537.36 (KHTML, like Gecko) Chrome/131.0.0.0 Safari/537.36"
117.194.62.18 - - [07/Jan/2025:08:02:03 -0500] "GET /wp-content/plugins/woocommerce/assets/client/blocks/wc-blocks.css?ver=wc-9.5.1 HTTP/1.1" 200 2367 "https://diixadigital.com/" "Mozilla/5.0 (Windows NT 10.0; Win64; x64) AppleWebKit/537.36 (KHTML, like Gecko) Chrome/131.0.0.0 Safari/537.36"
117.194.62.18 - - [07/Jan/2025:08:02:04 -0500] "GET /wp-content/plugins/revslider/public/assets/css/rs6.css?ver=6.6.14 HTTP/1.1" 200 12037 "https://diixadigital.com/" "Mozilla/5.0 (Windows NT 10.0; Win64; x64) AppleWebKit/537.36 (KHTML, like Gecko) Chrome/131.0.0.0 Safari/537.36"
117.194.62.18 - - [07/Jan/2025:08:02:05 -0500] "GET /wp-includes/js/dist/hooks.min.js?ver=4d63a3d491d11ffd8ac6 HTTP/1.1" 200 1571 "https://diixadigital.com/" "Mozilla/5.0 (Windows NT 10.0; Win64; x64) AppleWebKit/537.36 (KHTML, like Gecko) Chrome/131.0.0.0 Safari/537.36"
117.194.62.18 - - [07/Jan/2025:08:02:05 -0500] "GET /wp-includes/js/dist/i18n.min.js?ver=5e580eb46a90c2b997e6 HTTP/1.1" 200 3542 "https://diixadigital.com/" "Mozilla/5.0 (Windows NT 10.0; Win64; x64) AppleWebKit/537.36 (KHTML, like Gecko) Chrome/131.0.0.0 Safari/537.36"
117.194.62.18 - - [07/Jan/2025:08:02:06 -0500] "GET /wp-content/plugins/contact-form-7/includes/swv/js/index.js?ver=6.0.2 HTTP/1.1" 200 3369 "https://diixadigital.com/" "Mozilla/5.0 (Windows NT 10.0; Win64; x64) AppleWebKit/537.36 (KHTML, like Gecko) Chrome/131.0.0.0 Safari/537.36"
117.194.62.18 - - [07/Jan/2025:08:02:06 -0500] "GET /wp-content/plugins/contact-form-7/includes/js/index.js?ver=6.0.2 HTTP/1.1" 200 4008 "https://diixadigital.com/" "Mozilla/5.0 (Windows NT 10.0; Win64; x64) AppleWebKit/537.36 (KHTML, like Gecko) Chrome/131.0.0.0 Safari/537.36"
117.194.62.18 - - [07/Jan/2025:08:02:07 -0500] "GET /wp-content/plugins/mailchimp-for-woocommerce/public/js/mailchimp-woocommerce-public.min.js?ver=5.0.07 HTTP/1.1" 200 2143 "https://diixadigital.com/" "Mozilla/5.0 (Windows NT 10.0; Win64; x64) AppleWebKit/537.36 (KHTML, like Gecko) Chrome/131.0.0.0 Safari/537.36"
117.194.62.18 - - [07/Jan/2025:08:02:07 -0500] "GET /wp-content/themes/meto/assets/js/popper.min.js?ver=6.7.1 HTTP/1.1" 200 6957 "https://diixadigital.com/" "Mozilla/5.0 (Windows NT 10.0; Win64; x64) AppleWebKit/537.36 (KHTML, like Gecko) Chrome/131.0.0.0 Safari/537.36"
117.194.62.18 - - [07/Jan/2025:08:02:07 -0500] "GET /wp-content/themes/meto/assets/js/bootstrap.min.js?ver=6.7.1 HTTP/1.1" 200 13383 "https://diixadigital.com/" "Mozilla/5.0 (Windows NT 10.0; Win64; x64) AppleWebKit/537.36 (KHTML, like Gecko) Chrome/131.0.0.0 Safari/537.36"
117.194.62.18 - - [07/Jan/2025:08:02:08 -0500] "GET /wp-content/themes/meto/assets/js/jquery.mCustomScrollbar.concat.min.js?ver=6.7.1 HTTP/1.1" 200 11725 "https://diixadigital.com/" "Mozilla/5.0 (Windows NT 10.0; Win64; x64) AppleWebKit/537.36 (KHTML, like Gecko) Chrome/131.0.0.0 Safari/537.36"
66.29.132.124 - - [07/Jan/2025:08:02:07 -0500] "GET /wp-json/jetpack/v4/sync/spawn-sync?time=1736254927&request_lock_id=1736254927.7284 HTTP/1.1" 200 0 "-" "WordPress/6.7.1; https://diixadigital.com"
117.194.62.18 - - [07/Jan/2025:08:02:09 -0500] "GET /wp-content/themes/meto/assets/js/appear.js?ver=6.7.1 HTTP/1.1" 200 1234 "https://diixadigital.com/" "Mozilla/5.0 (Windows NT 10.0; Win64; x64) AppleWebKit/537.36 (KHTML, like Gecko) Chrome/131.0.0.0 Safari/537.36"
117.194.62.18 - - [07/Jan/2025:08:02:09 -0500] "GET /wp-content/themes/meto/assets/js/jquery.fancybox.js?ver=6.7.1 HTTP/1.1" 200 34739 "https://diixadigital.com/" "Mozilla/5.0 (Windows NT 10.0; Win64; x64) AppleWebKit/537.36 (KHTML, like Gecko) Chrome/131.0.0.0 Safari/537.36"
117.194.62.18 - - [07/Jan/2025:08:02:10 -0500] "GET /wp-content/themes/meto/assets/js/tilt.jquery.min.js?ver=6.7.1 HTTP/1.1" 200 1718 "https://diixadigital.com/" "Mozilla/5.0 (Windows NT 10.0; Win64; x64) AppleWebKit/537.36 (KHTML, like Gecko) Chrome/131.0.0.0 Safari/537.36"
117.194.62.18 - - [07/Jan/2025:08:02:10 -0500] "GET /wp-content/themes/meto/assets/js/parallax.min.js?ver=6.7.1 HTTP/1.1" 200 5057 "https://diixadigital.com/" "Mozilla/5.0 (Windows NT 10.0; Win64; x64) AppleWebKit/537.36 (KHTML, like Gecko) Chrome/131.0.0.0 Safari/537.36"
117.194.62.18 - - [07/Jan/2025:08:02:10 -0500] "GET /wp-content/themes/meto/assets/js/jquery.paroller.min.js?ver=6.7.1 HTTP/1.1" 200 814 "https://diixadigital.com/" "Mozilla/5.0 (Windows NT 10.0; Win64; x64) AppleWebKit/537.36 (KHTML, like Gecko) Chrome/131.0.0.0 Safari/537.36"
117.194.62.18 - - [07/Jan/2025:08:02:10 -0500] "GET /wp-content/themes/meto/assets/js/mixitup.js?ver=6.7.1 HTTP/1.1" 200 10966 "https://diixadigital.com/" "Mozilla/5.0 (Windows NT 10.0; Win64; x64) AppleWebKit/537.36 (KHTML, like Gecko) Chrome/131.0.0.0 Safari/537.36"
117.194.62.18 - - [07/Jan/2025:08:02:11 -0500] "GET /wp-content/themes/meto/assets/js/nav-tool.js?ver=6.7.1 HTTP/1.1" 200 318 "https://diixadigital.com/" "Mozilla/5.0 (Windows NT 10.0; Win64; x64) AppleWebKit/537.36 (KHTML, like Gecko) Chrome/131.0.0.0 Safari/537.36"
117.194.62.18 - - [07/Jan/2025:08:02:11 -0500] "GET /wp-content/themes/meto/assets/js/wow.js?ver=6.7.1 HTTP/1.1" 200 2037 "https://diixadigital.com/" "Mozilla/5.0 (Windows NT 10.0; Win64; x64) AppleWebKit/537.36 (KHTML, like Gecko) Chrome/131.0.0.0 Safari/537.36"
117.194.62.18 - - [07/Jan/2025:08:02:11 -0500] "GET /wp-content/themes/meto/assets/js/owl.js?ver=6.7.1 HTTP/1.1" 200 17911 "https://diixadigital.com/" "Mozilla/5.0 (Windows NT 10.0; Win64; x64) AppleWebKit/537.36 (KHTML, like Gecko) Chrome/131.0.0.0 Safari/537.36"
117.194.62.18 - - [07/Jan/2025:08:02:11 -0500] "GET /wp-content/themes/meto/assets/js/pagenav.js?ver=6.7.1 HTTP/1.1" 200 1702 "https://diixadigital.com/" "Mozilla/5.0 (Windows NT 10.0; Win64; x64) AppleWebKit/537.36 (KHTML, like Gecko) Chrome/131.0.0.0 Safari/537.36"
117.194.62.18 - - [07/Jan/2025:08:02:11 -0500] "GET /wp-content/themes/meto/assets/js/jquery-ui.js?ver=6.7.1 HTTP/1.1" 200 122544 "https://diixadigital.com/" "Mozilla/5.0 (Windows NT 10.0; Win64; x64) AppleWebKit/537.36 (KHTML, like Gecko) Chrome/131.0.0.0 Safari/537.36"
117.194.62.18 - - [07/Jan/2025:08:02:12 -0500] "GET /wp-content/themes/meto/assets/js/jquery.countdown.js?ver=6.7.1 HTTP/1.1" 200 2425 "https://diixadigital.com/" "Mozilla/5.0 (Windows NT 10.0; Win64; x64) AppleWebKit/537.36 (KHTML, like Gecko) Chrome/131.0.0.0 Safari/537.36"
117.194.62.18 - - [07/Jan/2025:08:02:12 -0500] "GET /wp-content/themes/meto/assets/js/script.js?ver=6.7.1 HTTP/1.1" 200 4210 "https://diixadigital.com/" "Mozilla/5.0 (Windows NT 10.0; Win64; x64) AppleWebKit/537.36 (KHTML, like Gecko) Chrome/131.0.0.0 Safari/537.36"
66.249.79.105 - - [07/Jan/2025:08:02:14 -0500] "GET /ovoyc/q891563.html HTTP/1.1" 200 44547 "-" "Mozilla/5.0 (Linux; Android 6.0.1; Nexus 5X Build/MMB29P) AppleWebKit/537.36 (KHTML, like Gecko) Chrome/131.0.6778.139 Mobile Safari/537.36 (compatible; Googlebot/2.1; +http://www.google.com/bot.html)"
117.194.62.18 - - [07/Jan/2025:08:02:14 -0500] "GET /wp-content/plugins/woocommerce/assets/js/sourcebuster/sourcebuster.min.js?ver=9.5.1 HTTP/1.1" 200 4609 "https://diixadigital.com/" "Mozilla/5.0 (Windows NT 10.0; Win64; x64) AppleWebKit/537.36 (KHTML, like Gecko) Chrome/131.0.0.0 Safari/537.36"
117.194.62.18 - - [07/Jan/2025:08:02:15 -0500] "GET /wp-content/plugins/woocommerce/assets/js/frontend/order-attribution.min.js?ver=9.5.1 HTTP/1.1" 200 1006 "https://diixadigital.com/" "Mozilla/5.0 (Windows NT 10.0; Win64; x64) AppleWebKit/537.36 (KHTML, like Gecko) Chrome/131.0.0.0 Safari/537.36"
117.194.62.18 - - [07/Jan/2025:08:02:15 -0500] "GET /wp-content/themes/meto/assets/images/icons/waves-shape.png HTTP/1.1" 200 45953 "https://diixadigital.com/wp-content/themes/meto/assets/css/style.css?ver=6.7.1" "Mozilla/5.0 (Windows NT 10.0; Win64; x64) AppleWebKit/537.36 (KHTML, like Gecko) Chrome/131.0.0.0 Safari/537.36"
117.194.62.18 - - [07/Jan/2025:08:02:15 -0500] "GET /wp-content/themes/meto/assets/images/icons/header-bg.png HTTP/1.1" 200 44391 "https://diixadigital.com/wp-content/themes/meto/assets/css/style.css?ver=6.7.1" "Mozilla/5.0 (Windows NT 10.0; Win64; x64) AppleWebKit/537.36 (KHTML, like Gecko) Chrome/131.0.0.0 Safari/537.36"
117.194.62.18 - - [07/Jan/2025:08:02:15 -0500] "GET /wp-content/themes/meto/assets/images/cross-out.png HTTP/1.1" 200 413 "https://diixadigital.com/wp-content/themes/meto/assets/css/owl.css?ver=6.7.1" "Mozilla/5.0 (Windows NT 10.0; Win64; x64) AppleWebKit/537.36 (KHTML, like Gecko) Chrome/131.0.0.0 Safari/537.36"
117.194.62.18 - - [07/Jan/2025:08:02:15 -0500] "GET /wp-content/plugins/elementor/assets/js/webpack.runtime.min.js?ver=3.26.3 HTTP/1.1" 200 2236 "https://diixadigital.com/" "Mozilla/5.0 (Windows NT 10.0; Win64; x64) AppleWebKit/537.36 (KHTML, like Gecko) Chrome/131.0.0.0 Safari/537.36"
117.194.62.18 - - [07/Jan/2025:08:02:15 -0500] "GET /wp-content/plugins/elementor/assets/js/frontend-modules.min.js?ver=3.26.3 HTTP/1.1" 200 14959 "https://diixadigital.com/" "Mozilla/5.0 (Windows NT 10.0; Win64; x64) AppleWebKit/537.36 (KHTML, like Gecko) Chrome/131.0.0.0 Safari/537.36"
66.249.68.35 - - [07/Jan/2025:08:02:15 -0500] "GET /lacha/m2242051.html HTTP/1.1" 200 43609 "-" "Mozilla/5.0 (Linux; Android 6.0.1; Nexus 5X Build/MMB29P) AppleWebKit/537.36 (KHTML, like Gecko) Chrome/131.0.6778.139 Mobile Safari/537.36 (compatible; Googlebot/2.1; +http://www.google.com/bot.html)"
117.194.62.18 - - [07/Jan/2025:08:02:18 -0500] "GET /wp-includes/js/jquery/ui/core.min.js?ver=1.13.3 HTTP/1.1" 200 6811 "https://diixadigital.com/" "Mozilla/5.0 (Windows NT 10.0; Win64; x64) AppleWebKit/537.36 (KHTML, like Gecko) Chrome/131.0.0.0 Safari/537.36"
117.194.62.18 - - [07/Jan/2025:08:02:18 -0500] "GET /wp-content/plugins/elementor/assets/js/frontend.min.js?ver=3.26.3 HTTP/1.1" 200 13417 "https://diixadigital.com/" "Mozilla/5.0 (Windows NT 10.0; Win64; x64) AppleWebKit/537.36 (KHTML, like Gecko) Chrome/131.0.0.0 Safari/537.36"
117.194.62.18 - - [07/Jan/2025:08:02:18 -0500] "GET /wp-content/plugins/woocommerce/assets/js/jquery-blockui/jquery.blockUI.min.js?ver=2.7.0-wc.9.5.1 HTTP/1.1" 200 3277 "https://diixadigital.com/" "Mozilla/5.0 (Windows NT 10.0; Win64; x64) AppleWebKit/537.36 (KHTML, like Gecko) Chrome/131.0.0.0 Safari/537.36"
117.194.62.18 - - [07/Jan/2025:08:02:18 -0500] "GET /wp-content/plugins/woocommerce/assets/js/frontend/add-to-cart.min.js?ver=9.5.1 HTTP/1.1" 200 1225 "https://diixadigital.com/" "Mozilla/5.0 (Windows NT 10.0; Win64; x64) AppleWebKit/537.36 (KHTML, like Gecko) Chrome/131.0.0.0 Safari/537.36"
117.194.62.18 - - [07/Jan/2025:08:02:19 -0500] "GET /wp-content/plugins/woocommerce/assets/js/js-cookie/js.cookie.min.js?ver=2.1.4-wc.9.5.1 HTTP/1.1" 200 760 "https://diixadigital.com/" "Mozilla/5.0 (Windows NT 10.0; Win64; x64) AppleWebKit/537.36 (KHTML, like Gecko) Chrome/131.0.0.0 Safari/537.36"
117.194.62.18 - - [07/Jan/2025:08:02:19 -0500] "GET /wp-content/plugins/woocommerce/assets/js/frontend/woocommerce.min.js?ver=9.5.1 HTTP/1.1" 200 1061 "https://diixadigital.com/" "Mozilla/5.0 (Windows NT 10.0; Win64; x64) AppleWebKit/537.36 (KHTML, like Gecko) Chrome/131.0.0.0 Safari/537.36"
117.194.62.18 - - [07/Jan/2025:08:02:20 -0500] "GET /wp-content/plugins/revslider/public/assets/js/rbtools.min.js?ver=6.6.14 HTTP/1.1" 200 59951 "https://diixadigital.com/" "Mozilla/5.0 (Windows NT 10.0; Win64; x64) AppleWebKit/537.36 (KHTML, like Gecko) Chrome/131.0.0.0 Safari/537.36"
117.194.62.18 - - [07/Jan/2025:08:02:21 -0500] "GET /wp-content/plugins/revslider/public/assets/js/rs6.min.js?ver=6.6.14 HTTP/1.1" 200 103884 "https://diixadigital.com/" "Mozilla/5.0 (Windows NT 10.0; Win64; x64) AppleWebKit/537.36 (KHTML, like Gecko) Chrome/131.0.0.0 Safari/537.36"
66.249.68.34 - - [07/Jan/2025:08:02:27 -0500] "GET /ahked/g2941939.html HTTP/1.1" 200 43943 "-" "Mozilla/5.0 (Linux; Android 6.0.1; Nexus 5X Build/MMB29P) AppleWebKit/537.36 (KHTML, like Gecko) Chrome/131.0.6778.139 Mobile Safari/537.36 (compatible; Googlebot/2.1; +http://www.google.com/bot.html)"
66.249.79.105 - - [07/Jan/2025:08:02:28 -0500] "GET /dzfoc/c2007937.html HTTP/1.1" 200 45058 "-" "Mozilla/5.0 (Linux; Android 6.0.1; Nexus 5X Build/MMB29P) AppleWebKit/537.36 (KHTML, like Gecko) Chrome/131.0.6778.139 Mobile Safari/537.36 (compatible; Googlebot/2.1; +http://www.google.com/bot.html)"
66.249.68.33 - - [07/Jan/2025:08:02:29 -0500] "GET /lbuoq/v2949052.html HTTP/1.1" 200 43898 "-" "Mozilla/5.0 (Linux; Android 6.0.1; Nexus 5X Build/MMB29P) AppleWebKit/537.36 (KHTML, like Gecko) Chrome/131.0.6778.139 Mobile Safari/537.36 (compatible; Googlebot/2.1; +http://www.google.com/bot.html)"
117.194.62.18 - - [07/Jan/2025:08:02:29 -0500] "GET /wp-content/themes/meto/assets/images/icons/service-pattern-1.png HTTP/1.1" 200 1999 "https://diixadigital.com/wp-content/themes/meto/assets/css/style.css?ver=6.7.1" "Mozilla/5.0 (Windows NT 10.0; Win64; x64) AppleWebKit/537.36 (KHTML, like Gecko) Chrome/131.0.0.0 Safari/537.36"
117.194.62.18 - - [07/Jan/2025:08:02:29 -0500] "GET /wp-content/themes/meto/assets/images/icons/service-pattern-2.png HTTP/1.1" 200 2311 "https://diixadigital.com/wp-content/themes/meto/assets/css/style.css?ver=6.7.1" "Mozilla/5.0 (Windows NT 10.0; Win64; x64) AppleWebKit/537.36 (KHTML, like Gecko) Chrome/131.0.0.0 Safari/537.36"
117.194.62.18 - - [07/Jan/2025:08:02:30 -0500] "GET /wp-content/themes/meto/assets/images/background/service-pattern.png HTTP/1.1" 200 15079 "https://diixadigital.com/wp-content/themes/meto/assets/css/style.css?ver=6.7.1" "Mozilla/5.0 (Windows NT 10.0; Win64; x64) AppleWebKit/537.36 (KHTML, like Gecko) Chrome/131.0.0.0 Safari/537.36"
117.194.62.18 - - [07/Jan/2025:08:02:30 -0500] "GET /wp-content/themes/meto/assets/images/background/pattern-13.png HTTP/1.1" 200 6809 "https://diixadigital.com/wp-content/themes/meto/assets/css/style.css?ver=6.7.1" "Mozilla/5.0 (Windows NT 10.0; Win64; x64) AppleWebKit/537.36 (KHTML, like Gecko) Chrome/131.0.0.0 Safari/537.36"
117.194.62.18 - - [07/Jan/2025:08:02:31 -0500] "GET /wp-content/themes/meto/assets/images/background/bg-footer-bottom.jpg HTTP/1.1" 200 33124 "https://diixadigital.com/wp-content/themes/meto/assets/css/style.css?ver=6.7.1" "Mozilla/5.0 (Windows NT 10.0; Win64; x64) AppleWebKit/537.36 (KHTML, like Gecko) Chrome/131.0.0.0 Safari/537.36"
117.194.62.18 - - [07/Jan/2025:08:02:31 -0500] "GET /wp-includes/js/wp-emoji-release.min.js?ver=6.7.1 HTTP/1.1" 200 4676 "https://diixadigital.com/" "Mozilla/5.0 (Windows NT 10.0; Win64; x64) AppleWebKit/537.36 (KHTML, like Gecko) Chrome/131.0.0.0 Safari/537.36"
117.194.62.18 - - [07/Jan/2025:08:02:33 -0500] "GET /wp-content/plugins/woocommerce/assets/css/woocommerce-smallscreen.css?ver=9.5.1 HTTP/1.1" 200 1127 "https://diixadigital.com/" "Mozilla/5.0 (Windows NT 10.0; Win64; x64) AppleWebKit/537.36 (KHTML, like Gecko) Chrome/131.0.0.0 Safari/537.36"
117.194.62.18 - - [07/Jan/2025:08:02:33 -0500] "GET /wp-content/themes/meto/assets/fonts/flaticon.woff HTTP/1.1" 200 42928 "https://diixadigital.com/wp-content/themes/meto/assets/css/flaticon.css?ver=6.7.1" "Mozilla/5.0 (Windows NT 10.0; Win64; x64) AppleWebKit/537.36 (KHTML, like Gecko) Chrome/131.0.0.0 Safari/537.36"
117.194.62.18 - - [07/Jan/2025:08:02:33 -0500] "GET /wp-content/themes/meto/assets/fonts/fontawesome-webfont.woff2?v=4.3.0 HTTP/1.1" 200 56780 "https://diixadigital.com/wp-content/themes/meto/assets/css/font-awesome.css?ver=6.7.1" "Mozilla/5.0 (Windows NT 10.0; Win64; x64) AppleWebKit/537.36 (KHTML, like Gecko) Chrome/131.0.0.0 Safari/537.36"
117.194.62.18 - - [07/Jan/2025:08:02:36 -0500] "GET /wp-content/uploads/2024/04/cropped-DIIXA-LOGO-2-32x32.png HTTP/1.1" 200 737 "https://diixadigital.com/" "Mozilla/5.0 (Windows NT 10.0; Win64; x64) AppleWebKit/537.36 (KHTML, like Gecko) Chrome/131.0.0.0 Safari/537.36"
66.249.68.2 - - [07/Jan/2025:08:02:42 -0500] "GET /ewbah/w879739.html HTTP/1.1" 200 44997 "-" "Mozilla/5.0 (Linux; Android 6.0.1; Nexus 5X Build/MMB29P) AppleWebKit/537.36 (KHTML, like Gecko) Chrome/131.0.6778.139 Mobile Safari/537.36 (compatible; Googlebot/2.1; +http://www.google.com/bot.html)"
117.194.62.18 - - [07/Jan/2025:08:02:45 -0500] "GET /contact-us/ HTTP/1.1" 200 0 "https://diixadigital.com/" "Mozilla/5.0 (Windows NT 10.0; Win64; x64) AppleWebKit/537.36 (KHTML, like Gecko) Chrome/131.0.0.0 Safari/537.36"
66.29.132.124 - - [07/Jan/2025:08:02:49 -0500] "POST /wp-cron.php?doing_wp_cron=1736254967.7326090335845947265625 HTTP/1.1" 200 0 "-" "WordPress/6.7.1; https://diixadigital.com"
117.194.62.18 - - [07/Jan/2025:08:02:46 -0500] "GET /contact-us/ HTTP/1.1" 200 16262 "https://diixadigital.com/" "Mozilla/5.0 (Windows NT 10.0; Win64; x64) AppleWebKit/537.36 (KHTML, like Gecko) Chrome/131.0.0.0 Safari/537.36"
117.194.62.18 - - [07/Jan/2025:08:02:50 -0500] "GET /wp-content/themes/meto/assets/css/color.php?main_color=0a2aa6&seccolor=d71800&ver=6.7.1 HTTP/1.1" 403 1242 "https://diixadigital.com/contact-us/" "Mozilla/5.0 (Windows NT 10.0; Win64; x64) AppleWebKit/537.36 (KHTML, like Gecko) Chrome/131.0.0.0 Safari/537.36"
117.194.62.18 - - [07/Jan/2025:08:02:51 -0500] "GET /wp-content/plugins/mailchimp-for-wp/assets/js/forms.js?ver=4.9.20 HTTP/1.1" 200 2446 "https://diixadigital.com/contact-us/" "Mozilla/5.0 (Windows NT 10.0; Win64; x64) AppleWebKit/537.36 (KHTML, like Gecko) Chrome/131.0.0.0 Safari/537.36"
117.194.62.18 - - [07/Jan/2025:08:02:50 -0500] "GET /wp-content/themes/meto/style.min.css?ver=6.7.1 HTTP/1.1" 404 13235 "https://diixadigital.com/contact-us/" "Mozilla/5.0 (Windows NT 10.0; Win64; x64) AppleWebKit/537.36 (KHTML, like Gecko) Chrome/131.0.0.0 Safari/537.36"
117.194.62.18 - - [07/Jan/2025:08:02:53 -0500] "GET /wp-content/themes/meto/assets/images/background/pattern-14.png HTTP/1.1" 200 20718 "https://diixadigital.com/contact-us/" "Mozilla/5.0 (Windows NT 10.0; Win64; x64) AppleWebKit/537.36 (KHTML, like Gecko) Chrome/131.0.0.0 Safari/537.36"
117.194.62.18 - - [07/Jan/2025:08:02:53 -0500] "GET /wp-content/uploads/2020/07/pattern-1.png HTTP/1.1" 200 4690 "https://diixadigital.com/contact-us/" "Mozilla/5.0 (Windows NT 10.0; Win64; x64) AppleWebKit/537.36 (KHTML, like Gecko) Chrome/131.0.0.0 Safari/537.36"
117.194.62.18 - - [07/Jan/2025:08:02:53 -0500] "GET /wp-content/themes/meto/assets/images/background/shape-62.png HTTP/1.1" 200 190411 "https://diixadigital.com/contact-us/" "Mozilla/5.0 (Windows NT 10.0; Win64; x64) AppleWebKit/537.36 (KHTML, like Gecko) Chrome/131.0.0.0 Safari/537.36"
117.194.62.18 - - [07/Jan/2025:08:02:53 -0500] "GET /wp-json/contact-form-7/v1/contact-forms/407/feedback/schema HTTP/1.1" 200 75 "https://diixadigital.com/contact-us/" "Mozilla/5.0 (Windows NT 10.0; Win64; x64) AppleWebKit/537.36 (KHTML, like Gecko) Chrome/131.0.0.0 Safari/537.36"
117.194.62.18 - - [07/Jan/2025:08:02:58 -0500] "GET /wp-json/contact-form-7/v1/contact-forms/407/refill HTTP/1.1" 200 2 "https://diixadigital.com/contact-us/" "Mozilla/5.0 (Windows NT 10.0; Win64; x64) AppleWebKit/537.36 (KHTML, like Gecko) Chrome/131.0.0.0 Safari/537.36"
117.194.62.18 - - [07/Jan/2025:08:03:28 -0500] "POST /wp-json/contact-form-7/v1/contact-forms/407/feedback HTTP/1.1" 200 233 "https://diixadigital.com/contact-us/" "Mozilla/5.0 (Windows NT 10.0; Win64; x64) AppleWebKit/537.36 (KHTML, like Gecko) Chrome/131.0.0.0 Safari/537.36"
52.167.144.24 - - [07/Jan/2025:08:04:21 -0500] "GET /novqa/c2478563.html HTTP/1.1" 200 44081 "-" "Mozilla/5.0 AppleWebKit/537.36 (KHTML, like Gecko; compatible; bingbot/2.0; +http://www.bing.com/bingbot.htm) Chrome/116.0.1938.76 Safari/537.36"
66.249.68.4 - - [07/Jan/2025:08:04:28 -0500] "GET /gslsx/y703591.html HTTP/1.1" 200 44468 "-" "Mozilla/5.0 (Linux; Android 6.0.1; Nexus 5X Build/MMB29P) AppleWebKit/537.36 (KHTML, like Gecko) Chrome/131.0.6778.139 Mobile Safari/537.36 (compatible; Googlebot/2.1; +http://www.google.com/bot.html)"
66.249.68.35 - - [07/Jan/2025:08:04:28 -0500] "GET /waxkz/w1415469.html HTTP/1.1" 200 44623 "-" "Mozilla/5.0 (Linux; Android 6.0.1; Nexus 5X Build/MMB29P) AppleWebKit/537.36 (KHTML, like Gecko) Chrome/131.0.6778.139 Mobile Safari/537.36 (compatible; Googlebot/2.1; +http://www.google.com/bot.html)"
66.249.79.173 - - [07/Jan/2025:08:04:29 -0500] "GET /eojpy/i2769249.html HTTP/1.1" 200 45045 "-" "Mozilla/5.0 (Linux; Android 6.0.1; Nexus 5X Build/MMB29P) AppleWebKit/537.36 (KHTML, like Gecko) Chrome/131.0.6778.139 Mobile Safari/537.36 (compatible; Googlebot/2.1; +http://www.google.com/bot.html)"
52.167.144.24 - - [07/Jan/2025:08:04:42 -0500] "GET /dmyey/m2202999.html HTTP/1.1" 200 43892 "-" "Mozilla/5.0 AppleWebKit/537.36 (KHTML, like Gecko; compatible; bingbot/2.0; +http://www.bing.com/bingbot.htm) Chrome/116.0.1938.76 Safari/537.36"
66.249.68.67 - - [07/Jan/2025:08:05:02 -0500] "GET /cjyrl/v2148018.html HTTP/1.1" 200 43979 "-" "Mozilla/5.0 (Linux; Android 6.0.1; Nexus 5X Build/MMB29P) AppleWebKit/537.36 (KHTML, like Gecko) Chrome/131.0.6778.139 Mobile Safari/537.36 (compatible; Googlebot/2.1; +http://www.google.com/bot.html)"
52.167.144.194 - - [07/Jan/2025:08:05:03 -0500] "GET /kjili/o1336447.html HTTP/1.1" 200 44089 "-" "Mozilla/5.0 AppleWebKit/537.36 (KHTML, like Gecko; compatible; bingbot/2.0; +http://www.bing.com/bingbot.htm) Chrome/116.0.1938.76 Safari/537.36"
52.167.144.194 - - [07/Jan/2025:08:05:04 -0500] "GET /ifhxo/g2698917.html HTTP/1.1" 200 44984 "-" "Mozilla/5.0 AppleWebKit/537.36 (KHTML, like Gecko; compatible; bingbot/2.0; +http://www.bing.com/bingbot.htm) Chrome/116.0.1938.76 Safari/537.36"
66.249.68.33 - - [07/Jan/2025:08:05:27 -0500] "GET /hxarc/q3029309.html HTTP/1.1" 200 43950 "-" "Mozilla/5.0 (Linux; Android 6.0.1; Nexus 5X Build/MMB29P) AppleWebKit/537.36 (KHTML, like Gecko) Chrome/131.0.6778.139 Mobile Safari/537.36 (compatible; Googlebot/2.1; +http://www.google.com/bot.html)"
66.249.79.105 - - [07/Jan/2025:08:05:28 -0500] "GET /nykqk/z2278516.html HTTP/1.1" 200 45135 "-" "Mozilla/5.0 (Linux; Android 6.0.1; Nexus 5X Build/MMB29P) AppleWebKit/537.36 (KHTML, like Gecko) Chrome/131.0.6778.139 Mobile Safari/537.36 (compatible; Googlebot/2.1; +http://www.google.com/bot.html)"
52.167.144.24 - - [07/Jan/2025:08:06:11 -0500] "GET /qgbwj/e1943329.html HTTP/1.1" 200 44658 "-" "Mozilla/5.0 AppleWebKit/537.36 (KHTML, like Gecko; compatible; bingbot/2.0; +http://www.bing.com/bingbot.htm) Chrome/116.0.1938.76 Safari/537.36"
52.167.144.24 - - [07/Jan/2025:08:06:23 -0500] "GET /npsso/n1002554.html HTTP/1.1" 200 44544 "-" "Mozilla/5.0 AppleWebKit/537.36 (KHTML, like Gecko; compatible; bingbot/2.0; +http://www.bing.com/bingbot.htm) Chrome/116.0.1938.76 Safari/537.36"
66.249.79.196 - - [07/Jan/2025:08:06:29 -0500] "GET /zguyx/r2863196.html HTTP/1.1" 200 44735 "-" "Mozilla/5.0 (Linux; Android 6.0.1; Nexus 5X Build/MMB29P) AppleWebKit/537.36 (KHTML, like Gecko) Chrome/131.0.6778.139 Mobile Safari/537.36 (compatible; Googlebot/2.1; +http://www.google.com/bot.html)"
66.249.68.35 - - [07/Jan/2025:08:06:29 -0500] "GET /anjdy/c803773.html HTTP/1.1" 200 44588 "-" "Mozilla/5.0 (Linux; Android 6.0.1; Nexus 5X Build/MMB29P) AppleWebKit/537.36 (KHTML, like Gecko) Chrome/131.0.6778.139 Mobile Safari/537.36 (compatible; Googlebot/2.1; +http://www.google.com/bot.html)"
66.249.79.36 - - [07/Jan/2025:08:06:29 -0500] "GET /dybfm/d2173688.html HTTP/1.1" 200 43708 "-" "Mozilla/5.0 (Linux; Android 6.0.1; Nexus 5X Build/MMB29P) AppleWebKit/537.36 (KHTML, like Gecko) Chrome/131.0.6778.139 Mobile Safari/537.36 (compatible; Googlebot/2.1; +http://www.google.com/bot.html)"
66.249.79.37 - - [07/Jan/2025:08:06:31 -0500] "GET /uvslz/e2642443.html HTTP/1.1" 200 43651 "-" "Mozilla/5.0 (Linux; Android 6.0.1; Nexus 5X Build/MMB29P) AppleWebKit/537.36 (KHTML, like Gecko) Chrome/131.0.6778.139 Mobile Safari/537.36 (compatible; Googlebot/2.1; +http://www.google.com/bot.html)"
66.249.68.65 - - [07/Jan/2025:08:06:31 -0500] "GET /gjibn/b2105280.html HTTP/1.1" 200 43956 "-" "Mozilla/5.0 (Linux; Android 6.0.1; Nexus 5X Build/MMB29P) AppleWebKit/537.36 (KHTML, like Gecko) Chrome/131.0.6778.139 Mobile Safari/537.36 (compatible; Googlebot/2.1; +http://www.google.com/bot.html)"
52.167.144.24 - - [07/Jan/2025:08:06:42 -0500] "GET /fkafz/a2264373.html HTTP/1.1" 200 43786 "-" "Mozilla/5.0 AppleWebKit/537.36 (KHTML, like Gecko; compatible; bingbot/2.0; +http://www.bing.com/bingbot.htm) Chrome/116.0.1938.76 Safari/537.36"
52.167.144.24 - - [07/Jan/2025:08:06:44 -0500] "GET /wxoky/k2915163.html HTTP/1.1" 200 45554 "-" "Mozilla/5.0 AppleWebKit/537.36 (KHTML, like Gecko; compatible; bingbot/2.0; +http://www.bing.com/bingbot.htm) Chrome/116.0.1938.76 Safari/537.36"
66.249.68.2 - - [07/Jan/2025:08:06:57 -0500] "GET /kwcvx/q473795.html HTTP/1.1" 200 44654 "-" "Mozilla/5.0 (Linux; Android 6.0.1; Nexus 5X Build/MMB29P) AppleWebKit/537.36 (KHTML, like Gecko) Chrome/131.0.6778.139 Mobile Safari/537.36 (compatible; Googlebot/2.1; +http://www.google.com/bot.html)"
40.77.167.46 - - [07/Jan/2025:08:07:50 -0500] "GET /wswkp/o2258511.html HTTP/1.1" 200 45326 "-" "Mozilla/5.0 AppleWebKit/537.36 (KHTML, like Gecko; compatible; bingbot/2.0; +http://www.bing.com/bingbot.htm) Chrome/116.0.1938.76 Safari/537.36"
52.167.144.194 - - [07/Jan/2025:08:08:14 -0500] "GET /nmoaw/n2723286.html HTTP/1.1" 200 44600 "-" "Mozilla/5.0 AppleWebKit/537.36 (KHTML, like Gecko; compatible; bingbot/2.0; +http://www.bing.com/bingbot.htm) Chrome/116.0.1938.76 Safari/537.36"
40.77.167.46 - - [07/Jan/2025:08:08:31 -0500] "GET /slyct/c1202275.html HTTP/1.1" 200 44849 "-" "Mozilla/5.0 AppleWebKit/537.36 (KHTML, like Gecko; compatible; bingbot/2.0; +http://www.bing.com/bingbot.htm) Chrome/116.0.1938.76 Safari/537.36"
66.249.79.197 - - [07/Jan/2025:08:08:37 -0500] "GET /bykdp/q88267.html HTTP/1.1" 200 44535 "-" "Mozilla/5.0 (Linux; Android 6.0.1; Nexus 5X Build/MMB29P) AppleWebKit/537.36 (KHTML, like Gecko) Chrome/131.0.6778.139 Mobile Safari/537.36 (compatible; Googlebot/2.1; +http://www.google.com/bot.html)"
66.249.79.197 - - [07/Jan/2025:08:09:02 -0500] "GET /meiwf/x1566348.html HTTP/1.1" 200 43965 "-" "Mozilla/5.0 (Linux; Android 6.0.1; Nexus 5X Build/MMB29P) AppleWebKit/537.36 (KHTML, like Gecko) Chrome/131.0.6778.139 Mobile Safari/537.36 (compatible; Googlebot/2.1; +http://www.google.com/bot.html)"
40.77.167.46 - - [07/Jan/2025:08:09:20 -0500] "GET /bcccn/k2058983.html HTTP/1.1" 200 44664 "-" "Mozilla/5.0 AppleWebKit/537.36 (KHTML, like Gecko; compatible; bingbot/2.0; +http://www.bing.com/bingbot.htm) Chrome/116.0.1938.76 Safari/537.36"
66.249.79.160 - - [07/Jan/2025:08:09:22 -0500] "GET /iebjm/n1714616.html HTTP/1.1" 200 44210 "-" "Mozilla/5.0 (Linux; Android 6.0.1; Nexus 5X Build/MMB29P) AppleWebKit/537.36 (KHTML, like Gecko) Chrome/131.0.6778.139 Mobile Safari/537.36 (compatible; Googlebot/2.1; +http://www.google.com/bot.html)"
66.249.79.195 - - [07/Jan/2025:08:09:23 -0500] "GET /wqvhf/x2742666.html HTTP/1.1" 200 44635 "-" "Mozilla/5.0 (Linux; Android 6.0.1; Nexus 5X Build/MMB29P) AppleWebKit/537.36 (KHTML, like Gecko) Chrome/131.0.6778.139 Mobile Safari/537.36 (compatible; Googlebot/2.1; +http://www.google.com/bot.html)"
52.167.144.194 - - [07/Jan/2025:08:09:34 -0500] "GET /xprsb/l1797034.html HTTP/1.1" 200 44394 "-" "Mozilla/5.0 AppleWebKit/537.36 (KHTML, like Gecko; compatible; bingbot/2.0; +http://www.bing.com/bingbot.htm) Chrome/116.0.1938.76 Safari/537.36"
52.167.144.24 - - [07/Jan/2025:08:10:04 -0500] "GET /mjyfa/c775979.html HTTP/1.1" 200 44214 "-" "Mozilla/5.0 AppleWebKit/537.36 (KHTML, like Gecko; compatible; bingbot/2.0; +http://www.bing.com/bingbot.htm) Chrome/116.0.1938.76 Safari/537.36"
52.167.144.173 - - [07/Jan/2025:08:10:33 -0500] "GET /pjnsy/f774526.html HTTP/1.1" 200 45622 "-" "Mozilla/5.0 AppleWebKit/537.36 (KHTML, like Gecko; compatible; bingbot/2.0; +http://www.bing.com/bingbot.htm) Chrome/116.0.1938.76 Safari/537.36"
52.167.144.173 - - [07/Jan/2025:08:10:52 -0500] "GET /agtye/d2804526.html HTTP/1.1" 200 44342 "-" "Mozilla/5.0 AppleWebKit/537.36 (KHTML, like Gecko; compatible; bingbot/2.0; +http://www.bing.com/bingbot.htm) Chrome/116.0.1938.76 Safari/537.36"
52.167.144.173 - - [07/Jan/2025:08:10:52 -0500] "GET /ckpzo/h2548092.html HTTP/1.1" 200 44816 "-" "Mozilla/5.0 AppleWebKit/537.36 (KHTML, like Gecko; compatible; bingbot/2.0; +http://www.bing.com/bingbot.htm) Chrome/116.0.1938.76 Safari/537.36"
66.249.79.35 - - [07/Jan/2025:08:11:01 -0500] "GET /rjals/k1733541.html HTTP/1.1" 200 44055 "-" "Mozilla/5.0 (Linux; Android 6.0.1; Nexus 5X Build/MMB29P) AppleWebKit/537.36 (KHTML, like Gecko) Chrome/131.0.6778.139 Mobile Safari/537.36 (compatible; Googlebot/2.1; +http://www.google.com/bot.html)"
66.249.79.35 - - [07/Jan/2025:08:11:43 -0500] "GET /yybio/j1077040.html HTTP/1.1" 200 45383 "-" "Mozilla/5.0 (Linux; Android 6.0.1; Nexus 5X Build/MMB29P) AppleWebKit/537.36 (KHTML, like Gecko) Chrome/131.0.6778.139 Mobile Safari/537.36 (compatible; Googlebot/2.1; +http://www.google.com/bot.html)"
