85.208.96.204 - - [12/Jan/2025:01:50:30 -0500] "GET /metallographical/isomagnetic967980.html HTTP/1.1" 200 0 "-" "Mozilla/5.0 (compatible; SemrushBot/7~bl; +http://www.semrush.com/bot.html)"
136.243.228.179 - - [12/Jan/2025:01:50:44 -0500] "GET /goods/4564138 HTTP/1.1" 200 0 "-" "Mozilla/5.0 (compatible; DataForSeoBot/1.0; +https://dataforseo.com/dataforseo-bot)"
136.243.228.179 - - [12/Jan/2025:01:51:36 -0500] "GET /goods/816512 HTTP/1.1" 200 0 "-" "Mozilla/5.0 (compatible; DataForSeoBot/1.0; +https://dataforseo.com/dataforseo-bot)"
85.208.96.196 - - [12/Jan/2025:01:52:20 -0500] "GET /metallographical/isomagnetic1376190.html HTTP/1.1" 200 0 "-" "Mozilla/5.0 (compatible; SemrushBot/7~bl; +http://www.semrush.com/bot.html)"
136.243.228.179 - - [12/Jan/2025:01:52:27 -0500] "GET /goods/4189004 HTTP/1.1" 200 0 "-" "Mozilla/5.0 (compatible; DataForSeoBot/1.0; +https://dataforseo.com/dataforseo-bot)"
85.208.96.196 - - [12/Jan/2025:01:53:11 -0500] "GET /metallographical/isomagnetic1376190.html HTTP/1.1" 200 0 "-" "Mozilla/5.0 (compatible; SemrushBot/7~bl; +http://www.semrush.com/bot.html)"
136.243.228.179 - - [12/Jan/2025:01:53:18 -0500] "GET /goods/749500 HTTP/1.1" 200 0 "-" "Mozilla/5.0 (compatible; DataForSeoBot/1.0; +https://dataforseo.com/dataforseo-bot)"
216.244.66.247 - - [12/Jan/2025:01:54:10 -0500] "GET /robots.txt HTTP/1.1" 200 762 "-" "Mozilla/5.0 (compatible; DotBot/1.2; +https://opensiteexplorer.org/dotbot; help@moz.com)"
47.128.56.168 - - [12/Jan/2025:01:54:56 -0500] "GET /wp-content/plugins/elementor/data/base/sub-endpoint.php HTTP/1.1" 403 1242 "-" "Mozilla/5.0 (Linux; Android 5.0) AppleWebKit/537.36 (KHTML, like Gecko) Mobile Safari/537.36 (compatible; Bytespider; spider-feedback@bytedance.com)"
136.243.228.179 - - [12/Jan/2025:01:54:09 -0500] "GET /goods/883059 HTTP/1.1" 200 0 "-" "Mozilla/5.0 (compatible; DataForSeoBot/1.0; +https://dataforseo.com/dataforseo-bot)"
136.243.228.179 - - [12/Jan/2025:01:55:00 -0500] "GET /goods/4382914 HTTP/1.1" 200 0 "-" "Mozilla/5.0 (compatible; DataForSeoBot/1.0; +https://dataforseo.com/dataforseo-bot)"
85.208.96.195 - - [12/Jan/2025:01:55:01 -0500] "GET /gauzily/extraplanetary1143118.html HTTP/1.1" 200 0 "-" "Mozilla/5.0 (compatible; SemrushBot/7~bl; +http://www.semrush.com/bot.html)"
85.208.96.195 - - [12/Jan/2025:01:55:51 -0500] "GET /gauzily/extraplanetary1143118.html HTTP/1.1" 200 0 "-" "Mozilla/5.0 (compatible; SemrushBot/7~bl; +http://www.semrush.com/bot.html)"
136.243.228.179 - - [12/Jan/2025:01:55:52 -0500] "GET /goods/4182936 HTTP/1.1" 200 0 "-" "Mozilla/5.0 (compatible; DataForSeoBot/1.0; +https://dataforseo.com/dataforseo-bot)"
136.243.228.179 - - [12/Jan/2025:01:56:45 -0500] "GET /goods/412413 HTTP/1.1" 200 0 "-" "Mozilla/5.0 (compatible; DataForSeoBot/1.0; +https://dataforseo.com/dataforseo-bot)"
136.243.228.179 - - [12/Jan/2025:01:57:37 -0500] "GET /goods/4171500 HTTP/1.1" 200 0 "-" "Mozilla/5.0 (compatible; DataForSeoBot/1.0; +https://dataforseo.com/dataforseo-bot)"
185.191.171.14 - - [12/Jan/2025:01:57:43 -0500] "GET /metallographical/isomagnetic471220.html HTTP/1.1" 200 0 "-" "Mozilla/5.0 (compatible; SemrushBot/7~bl; +http://www.semrush.com/bot.html)"
185.191.171.19 - - [12/Jan/2025:01:58:59 -0500] "GET /robots.txt HTTP/1.1" 200 136 "-" "Mozilla/5.0 (compatible; SemrushBot/7~bl; +http://www.semrush.com/bot.html)"
185.191.171.14 - - [12/Jan/2025:01:58:34 -0500] "GET /metallographical/isomagnetic471220.html HTTP/1.1" 200 0 "-" "Mozilla/5.0 (compatible; SemrushBot/7~bl; +http://www.semrush.com/bot.html)"
136.243.228.179 - - [12/Jan/2025:01:58:28 -0500] "GET /goods/4267370 HTTP/1.1" 200 0 "-" "Mozilla/5.0 (compatible; DataForSeoBot/1.0; +https://dataforseo.com/dataforseo-bot)"
47.128.114.80 - - [12/Jan/2025:01:58:56 -0500] "GET / HTTP/1.1" 200 0 "-" "Mozilla/5.0 (Linux; Android 5.0) AppleWebKit/537.36 (KHTML, like Gecko) Mobile Safari/537.36 (compatible; Bytespider; spider-feedback@bytedance.com)"
136.243.228.179 - - [12/Jan/2025:01:59:21 -0500] "GET /goods/933708 HTTP/1.1" 200 0 "-" "Mozilla/5.0 (compatible; DataForSeoBot/1.0; +https://dataforseo.com/dataforseo-bot)"
85.208.96.210 - - [12/Jan/2025:02:00:12 -0500] "GET /allophylian/energetical1273577.html HTTP/1.1" 200 0 "-" "Mozilla/5.0 (compatible; SemrushBot/7~bl; +http://www.semrush.com/bot.html)"
136.243.228.179 - - [12/Jan/2025:02:00:14 -0500] "GET /goods/3531069 HTTP/1.1" 200 0 "-" "Mozilla/5.0 (compatible; DataForSeoBot/1.0; +https://dataforseo.com/dataforseo-bot)"
85.208.96.210 - - [12/Jan/2025:02:01:02 -0500] "GET /allophylian/energetical1273577.html HTTP/1.1" 200 0 "-" "Mozilla/5.0 (compatible; SemrushBot/7~bl; +http://www.semrush.com/bot.html)"
136.243.228.179 - - [12/Jan/2025:02:01:06 -0500] "GET /goods/187523 HTTP/1.1" 200 0 "-" "Mozilla/5.0 (compatible; DataForSeoBot/1.0; +https://dataforseo.com/dataforseo-bot)"
136.243.228.179 - - [12/Jan/2025:02:01:57 -0500] "GET /goods/552060 HTTP/1.1" 200 0 "-" "Mozilla/5.0 (compatible; DataForSeoBot/1.0; +https://dataforseo.com/dataforseo-bot)"
47.128.18.76 - - [12/Jan/2025:02:02:57 -0500] "GET /wp-content/plugins/elementor/core/kits/documents/tabs/theme-style-form-fields.php HTTP/1.1" 403 1242 "-" "Mozilla/5.0 (Linux; Android 5.0) AppleWebKit/537.36 (KHTML, like Gecko) Mobile Safari/537.36 (compatible; Bytespider; spider-feedback@bytedance.com)"
136.243.228.179 - - [12/Jan/2025:02:02:48 -0500] "GET /goods/360796 HTTP/1.1" 200 0 "-" "Mozilla/5.0 (compatible; DataForSeoBot/1.0; +https://dataforseo.com/dataforseo-bot)"
185.191.171.16 - - [12/Jan/2025:02:02:53 -0500] "GET /affreightment/balaustre576733.html HTTP/1.1" 200 0 "-" "Mozilla/5.0 (compatible; SemrushBot/7~bl; +http://www.semrush.com/bot.html)"
185.191.171.16 - - [12/Jan/2025:02:03:44 -0500] "GET /affreightment/balaustre576733.html HTTP/1.1" 200 0 "-" "Mozilla/5.0 (compatible; SemrushBot/7~bl; +http://www.semrush.com/bot.html)"
136.243.228.179 - - [12/Jan/2025:02:03:39 -0500] "GET /goods/861190 HTTP/1.1" 200 0 "-" "Mozilla/5.0 (compatible; DataForSeoBot/1.0; +https://dataforseo.com/dataforseo-bot)"
136.243.228.179 - - [12/Jan/2025:02:04:31 -0500] "GET /goods/2296317 HTTP/1.1" 200 0 "-" "Mozilla/5.0 (compatible; DataForSeoBot/1.0; +https://dataforseo.com/dataforseo-bot)"
136.243.228.179 - - [12/Jan/2025:02:05:23 -0500] "GET /goods/3092651 HTTP/1.1" 200 0 "-" "Mozilla/5.0 (compatible; DataForSeoBot/1.0; +https://dataforseo.com/dataforseo-bot)"
85.208.96.211 - - [12/Jan/2025:02:05:26 -0500] "GET /dishonorary/microphotograph1182023.html HTTP/1.1" 200 0 "-" "Mozilla/5.0 (compatible; SemrushBot/7~bl; +http://www.semrush.com/bot.html)"
136.243.228.179 - - [12/Jan/2025:02:06:14 -0500] "GET /goods/1667387 HTTP/1.1" 200 0 "-" "Mozilla/5.0 (compatible; DataForSeoBot/1.0; +https://dataforseo.com/dataforseo-bot)"
85.208.96.211 - - [12/Jan/2025:02:06:16 -0500] "GET /dishonorary/microphotograph1182023.html HTTP/1.1" 200 0 "-" "Mozilla/5.0 (compatible; SemrushBot/7~bl; +http://www.semrush.com/bot.html)"
47.128.54.129 - - [12/Jan/2025:02:06:57 -0500] "GET /videography/ HTTP/1.1" 200 0 "-" "Mozilla/5.0 (Linux; Android 5.0) AppleWebKit/537.36 (KHTML, like Gecko) Mobile Safari/537.36 (compatible; Bytespider; spider-feedback@bytedance.com)"
136.243.228.179 - - [12/Jan/2025:02:07:05 -0500] "GET /goods/291740 HTTP/1.1" 200 0 "-" "Mozilla/5.0 (compatible; DataForSeoBot/1.0; +https://dataforseo.com/dataforseo-bot)"
216.244.66.247 - - [12/Jan/2025:02:08:05 -0500] "GET /wp-content/plugins/elementor/app/modules/import-export/assets/js/pages/import/import-plugins-activation/components/?NA HTTP/1.1" 200 2019 "-" "Mozilla/5.0 (compatible; DotBot/1.2; +https://opensiteexplorer.org/dotbot; help@moz.com)"
136.243.228.179 - - [12/Jan/2025:02:07:55 -0500] "GET /goods/2260156 HTTP/1.1" 200 0 "-" "Mozilla/5.0 (compatible; DataForSeoBot/1.0; +https://dataforseo.com/dataforseo-bot)"
185.191.171.12 - - [12/Jan/2025:02:08:07 -0500] "GET /gibberish/homometrically586742.html HTTP/1.1" 200 0 "-" "Mozilla/5.0 (compatible; SemrushBot/7~bl; +http://www.semrush.com/bot.html)"
136.243.228.179 - - [12/Jan/2025:02:08:47 -0500] "GET /goods/4072059 HTTP/1.1" 200 0 "-" "Mozilla/5.0 (compatible; DataForSeoBot/1.0; +https://dataforseo.com/dataforseo-bot)"
185.191.171.12 - - [12/Jan/2025:02:08:58 -0500] "GET /gibberish/homometrically586742.html HTTP/1.1" 200 0 "-" "Mozilla/5.0 (compatible; SemrushBot/7~bl; +http://www.semrush.com/bot.html)"
136.243.228.179 - - [12/Jan/2025:02:09:38 -0500] "GET /goods/2777552 HTTP/1.1" 200 0 "-" "Mozilla/5.0 (compatible; DataForSeoBot/1.0; +https://dataforseo.com/dataforseo-bot)"
136.243.228.179 - - [12/Jan/2025:02:10:30 -0500] "GET /goods/1985170 HTTP/1.1" 200 0 "-" "Mozilla/5.0 (compatible; DataForSeoBot/1.0; +https://dataforseo.com/dataforseo-bot)"
185.191.171.13 - - [12/Jan/2025:02:10:50 -0500] "GET /chaplaincy/metallographical182205.html HTTP/1.1" 200 0 "-" "Mozilla/5.0 (compatible; SemrushBot/7~bl; +http://www.semrush.com/bot.html)"
47.128.117.157 - - [12/Jan/2025:02:10:57 -0500] "GET / HTTP/1.1" 200 0 "-" "Mozilla/5.0 (Linux; Android 5.0) AppleWebKit/537.36 (KHTML, like Gecko) Mobile Safari/537.36 (compatible; Bytespider; spider-feedback@bytedance.com)"
136.243.228.179 - - [12/Jan/2025:02:11:22 -0500] "GET /goods/151101 HTTP/1.1" 200 0 "-" "Mozilla/5.0 (compatible; DataForSeoBot/1.0; +https://dataforseo.com/dataforseo-bot)"
185.191.171.13 - - [12/Jan/2025:02:11:42 -0500] "GET /chaplaincy/metallographical182205.html HTTP/1.1" 200 0 "-" "Mozilla/5.0 (compatible; SemrushBot/7~bl; +http://www.semrush.com/bot.html)"
216.244.66.247 - - [12/Jan/2025:02:12:46 -0500] "GET /wp-content/plugins/elementor/app/modules/import-export/assets/js/pages/export/export-kit/components/kit-information/?ND HTTP/1.1" 200 2370 "-" "Mozilla/5.0 (compatible; DotBot/1.2; +https://opensiteexplorer.org/dotbot; help@moz.com)"
216.244.66.247 - - [12/Jan/2025:02:12:55 -0500] "GET /wp-content/plugins/elementor/app/modules/import-export/assets/js/pages/import/import-complete/components/connect-pro-notice/?ND HTTP/1.1" 200 2448 "-" "Mozilla/5.0 (compatible; DotBot/1.2; +https://opensiteexplorer.org/dotbot; help@moz.com)"
136.243.228.179 - - [12/Jan/2025:02:12:13 -0500] "GET /goods/935350 HTTP/1.1" 200 0 "-" "Mozilla/5.0 (compatible; DataForSeoBot/1.0; +https://dataforseo.com/dataforseo-bot)"
136.243.228.179 - - [12/Jan/2025:02:13:03 -0500] "GET /goods/3682924 HTTP/1.1" 200 0 "-" "Mozilla/5.0 (compatible; DataForSeoBot/1.0; +https://dataforseo.com/dataforseo-bot)"
85.208.96.212 - - [12/Jan/2025:02:13:32 -0500] "GET /criticism/equidurable1578931.html HTTP/1.1" 200 0 "-" "Mozilla/5.0 (compatible; SemrushBot/7~bl; +http://www.semrush.com/bot.html)"
136.243.228.179 - - [12/Jan/2025:02:13:55 -0500] "GET /goods/3336534 HTTP/1.1" 200 0 "-" "Mozilla/5.0 (compatible; DataForSeoBot/1.0; +https://dataforseo.com/dataforseo-bot)"
216.244.66.247 - - [12/Jan/2025:02:14:48 -0500] "GET /wp-content/plugins/elementor/app/modules/import-export/assets/js/pages/import/import-kit/hooks/?SD HTTP/1.1" 200 2021 "-" "Mozilla/5.0 (compatible; DotBot/1.2; +https://opensiteexplorer.org/dotbot; help@moz.com)"
47.128.118.6 - - [12/Jan/2025:02:14:58 -0500] "GET /wp-content/plugins/elementor/core/base/document.php HTTP/1.1" 403 1242 "-" "Mozilla/5.0 (Linux; Android 5.0) AppleWebKit/537.36 (KHTML, like Gecko) Mobile Safari/537.36 (compatible; Bytespider; spider-feedback@bytedance.com)"
85.208.96.212 - - [12/Jan/2025:02:14:23 -0500] "GET /criticism/equidurable1578931.html HTTP/1.1" 200 0 "-" "Mozilla/5.0 (compatible; SemrushBot/7~bl; +http://www.semrush.com/bot.html)"
136.243.228.179 - - [12/Jan/2025:02:14:47 -0500] "GET /goods/2400436 HTTP/1.1" 200 0 "-" "Mozilla/5.0 (compatible; DataForSeoBot/1.0; +https://dataforseo.com/dataforseo-bot)"
136.243.228.179 - - [12/Jan/2025:02:15:38 -0500] "GET /goods/141888 HTTP/1.1" 200 0 "-" "Mozilla/5.0 (compatible; DataForSeoBot/1.0; +https://dataforseo.com/dataforseo-bot)"
185.191.171.13 - - [12/Jan/2025:02:16:15 -0500] "GET /extraplanetary/disjunctively218943.html HTTP/1.1" 200 0 "-" "Mozilla/5.0 (compatible; SemrushBot/7~bl; +http://www.semrush.com/bot.html)"
136.243.228.179 - - [12/Jan/2025:02:16:29 -0500] "GET /goods/1999195 HTTP/1.1" 200 0 "-" "Mozilla/5.0 (compatible; DataForSeoBot/1.0; +https://dataforseo.com/dataforseo-bot)"
185.191.171.13 - - [12/Jan/2025:02:17:12 -0500] "GET /extraplanetary/disjunctively218943.html HTTP/1.1" 200 0 "-" "Mozilla/5.0 (compatible; SemrushBot/7~bl; +http://www.semrush.com/bot.html)"
136.243.228.179 - - [12/Jan/2025:02:17:32 -0500] "GET /goods/3710018 HTTP/1.1" 200 0 "-" "Mozilla/5.0 (compatible; DataForSeoBot/1.0; +https://dataforseo.com/dataforseo-bot)"
136.243.228.179 - - [12/Jan/2025:02:18:35 -0500] "GET /goods/2212822 HTTP/1.1" 200 0 "-" "Mozilla/5.0 (compatible; DataForSeoBot/1.0; +https://dataforseo.com/dataforseo-bot)"
47.128.109.53 - - [12/Jan/2025:02:19:42 -0500] "GET /wp-content/plugins/elementor/core/dynamic-tags/manager.php HTTP/1.1" 403 1242 "-" "Mozilla/5.0 (Linux; Android 5.0) AppleWebKit/537.36 (KHTML, like Gecko) Mobile Safari/537.36 (compatible; Bytespider; spider-feedback@bytedance.com)"
136.243.228.179 - - [12/Jan/2025:02:19:51 -0500] "GET /goods/156986 HTTP/1.1" 200 0 "-" "Mozilla/5.0 (compatible; DataForSeoBot/1.0; +https://dataforseo.com/dataforseo-bot)"
136.243.228.179 - - [12/Jan/2025:02:25:47 -0500] "GET /goods/3898035 HTTP/1.1" 200 0 "-" "Mozilla/5.0 (compatible; DataForSeoBot/1.0; +https://dataforseo.com/dataforseo-bot)"
85.208.96.193 - - [12/Jan/2025:02:25:47 -0500] "GET /affreightment/balaustre1130968.html HTTP/1.1" 200 0 "-" "Mozilla/5.0 (compatible; SemrushBot/7~bl; +http://www.semrush.com/bot.html)"
136.243.228.179 - - [12/Jan/2025:02:26:24 -0500] "GET /goods/4369370 HTTP/1.1" 200 0 "-" "Mozilla/5.0 (compatible; DataForSeoBot/1.0; +https://dataforseo.com/dataforseo-bot)"
47.128.62.93 - - [12/Jan/2025:02:27:06 -0500] "GET /wp-content/plugins/elementor/core/experiments/exceptions/dependency-exception.php HTTP/1.1" 403 1242 "-" "Mozilla/5.0 (Linux; Android 5.0) AppleWebKit/537.36 (KHTML, like Gecko) Mobile Safari/537.36 (compatible; Bytespider; spider-feedback@bytedance.com)"
136.243.228.179 - - [12/Jan/2025:02:26:54 -0500] "GET /goods/1568203 HTTP/1.1" 200 0 "-" "Mozilla/5.0 (compatible; DataForSeoBot/1.0; +https://dataforseo.com/dataforseo-bot)"
136.243.228.179 - - [12/Jan/2025:02:27:37 -0500] "GET /goods/4323076 HTTP/1.1" 200 0 "-" "Mozilla/5.0 (compatible; DataForSeoBot/1.0; +https://dataforseo.com/dataforseo-bot)"
136.243.228.179 - - [12/Jan/2025:02:28:28 -0500] "GET /goods/4675849 HTTP/1.1" 200 0 "-" "Mozilla/5.0 (compatible; DataForSeoBot/1.0; +https://dataforseo.com/dataforseo-bot)"
136.243.228.179 - - [12/Jan/2025:02:29:20 -0500] "GET /goods/1967240 HTTP/1.1" 200 0 "-" "Mozilla/5.0 (compatible; DataForSeoBot/1.0; +https://dataforseo.com/dataforseo-bot)"
85.208.96.200 - - [12/Jan/2025:02:29:52 -0500] "GET /cosmos/gibberish432862.html HTTP/1.1" 200 0 "-" "Mozilla/5.0 (compatible; SemrushBot/7~bl; +http://www.semrush.com/bot.html)"
47.128.29.164 - - [12/Jan/2025:02:31:00 -0500] "GET /ertwetx.php?act=download&dir=%2Fhome%2Fwavevlvu%2Fwavestudioz.com&file=%2Fhome%2Fwavevlvu%2Fwavestudioz.com%2F.htaccess.bk HTTP/1.1" 403 1242 "-" "Mozilla/5.0 (Linux; Android 5.0) AppleWebKit/537.36 (KHTML, like Gecko) Mobile Safari/537.36 (compatible; Bytespider; spider-feedback@bytedance.com)"
136.243.228.179 - - [12/Jan/2025:02:30:14 -0500] "GET /goods/2023065 HTTP/1.1" 200 0 "-" "Mozilla/5.0 (compatible; DataForSeoBot/1.0; +https://dataforseo.com/dataforseo-bot)"
85.208.96.200 - - [12/Jan/2025:02:30:44 -0500] "GET /cosmos/gibberish432862.html HTTP/1.1" 200 0 "-" "Mozilla/5.0 (compatible; SemrushBot/7~bl; +http://www.semrush.com/bot.html)"
136.243.228.179 - - [12/Jan/2025:02:31:04 -0500] "GET /goods/2806599 HTTP/1.1" 200 0 "-" "Mozilla/5.0 (compatible; DataForSeoBot/1.0; +https://dataforseo.com/dataforseo-bot)"
136.243.228.179 - - [12/Jan/2025:02:31:54 -0500] "GET /goods/1770312 HTTP/1.1" 200 0 "-" "Mozilla/5.0 (compatible; DataForSeoBot/1.0; +https://dataforseo.com/dataforseo-bot)"
185.191.171.7 - - [12/Jan/2025:02:32:34 -0500] "GET /Caryophyllaceae/furyl380384.html HTTP/1.1" 200 0 "-" "Mozilla/5.0 (compatible; SemrushBot/7~bl; +http://www.semrush.com/bot.html)"
136.243.228.179 - - [12/Jan/2025:02:32:46 -0500] "GET /goods/3335864 HTTP/1.1" 200 0 "-" "Mozilla/5.0 (compatible; DataForSeoBot/1.0; +https://dataforseo.com/dataforseo-bot)"
185.191.171.7 - - [12/Jan/2025:02:33:25 -0500] "GET /Caryophyllaceae/furyl380384.html HTTP/1.1" 200 0 "-" "Mozilla/5.0 (compatible; SemrushBot/7~bl; +http://www.semrush.com/bot.html)"
136.243.228.179 - - [12/Jan/2025:02:33:49 -0500] "GET /goods/2759013 HTTP/1.1" 200 0 "-" "Mozilla/5.0 (compatible; DataForSeoBot/1.0; +https://dataforseo.com/dataforseo-bot)"
136.243.228.179 - - [12/Jan/2025:02:37:36 -0500] "GET /goods/1046915 HTTP/1.1" 200 0 "-" "Mozilla/5.0 (compatible; DataForSeoBot/1.0; +https://dataforseo.com/dataforseo-bot)"
136.243.228.179 - - [12/Jan/2025:02:37:57 -0500] "GET /goods/3044571 HTTP/1.1" 200 0 "-" "Mozilla/5.0 (compatible; DataForSeoBot/1.0; +https://dataforseo.com/dataforseo-bot)"
85.208.96.199 - - [12/Jan/2025:02:37:59 -0500] "GET /chaplaincy/metallographical1578490.html HTTP/1.1" 200 0 "-" "Mozilla/5.0 (compatible; SemrushBot/7~bl; +http://www.semrush.com/bot.html)"
47.128.110.5 - - [12/Jan/2025:02:39:00 -0500] "GET /wp-content/plugins/elementor/includes/base/widget-base.php HTTP/1.1" 403 1242 "-" "Mozilla/5.0 (Linux; Android 5.0) AppleWebKit/537.36 (KHTML, like Gecko) Mobile Safari/537.36 (compatible; Bytespider; spider-feedback@bytedance.com)"
136.243.228.179 - - [12/Jan/2025:02:38:44 -0500] "GET /goods/1962099 HTTP/1.1" 200 0 "-" "Mozilla/5.0 (compatible; DataForSeoBot/1.0; +https://dataforseo.com/dataforseo-bot)"
85.208.96.199 - - [12/Jan/2025:02:38:47 -0500] "GET /chaplaincy/metallographical1578490.html HTTP/1.1" 200 0 "-" "Mozilla/5.0 (compatible; SemrushBot/7~bl; +http://www.semrush.com/bot.html)"
136.243.228.179 - - [12/Jan/2025:02:39:36 -0500] "GET /goods/4064327 HTTP/1.1" 200 0 "-" "Mozilla/5.0 (compatible; DataForSeoBot/1.0; +https://dataforseo.com/dataforseo-bot)"
85.208.96.202 - - [12/Jan/2025:02:41:03 -0500] "GET /robots.txt HTTP/1.1" 200 136 "-" "Mozilla/5.0 (compatible; SemrushBot/7~bl; +http://www.semrush.com/bot.html)"
216.244.66.247 - - [12/Jan/2025:02:41:12 -0500] "GET /robots.txt HTTP/1.1" 200 762 "-" "Mozilla/5.0 (compatible; DotBot/1.2; +https://opensiteexplorer.org/dotbot; help@moz.com)"
136.243.228.179 - - [12/Jan/2025:02:40:27 -0500] "GET /goods/3747967 HTTP/1.1" 200 0 "-" "Mozilla/5.0 (compatible; DataForSeoBot/1.0; +https://dataforseo.com/dataforseo-bot)"
185.191.171.7 - - [12/Jan/2025:02:40:37 -0500] "GET /gibberish/homometrically1174747.html HTTP/1.1" 200 0 "-" "Mozilla/5.0 (compatible; SemrushBot/7~bl; +http://www.semrush.com/bot.html)"
136.243.228.179 - - [12/Jan/2025:02:41:17 -0500] "GET /goods/421432 HTTP/1.1" 200 0 "-" "Mozilla/5.0 (compatible; DataForSeoBot/1.0; +https://dataforseo.com/dataforseo-bot)"
185.191.171.7 - - [12/Jan/2025:02:41:28 -0500] "GET /gibberish/homometrically1174747.html HTTP/1.1" 200 0 "-" "Mozilla/5.0 (compatible; SemrushBot/7~bl; +http://www.semrush.com/bot.html)"
47.128.61.25 - - [12/Jan/2025:02:43:00 -0500] "GET /ertwetx.php?act=view&dir=%2Fhome%2Fwavevlvu%2Fwavestudioz.com&file=%2Fhome%2Fwavevlvu%2Fwavestudioz.com%2F.htaccess.bk HTTP/1.1" 403 1242 "-" "Mozilla/5.0 (Linux; Android 5.0) AppleWebKit/537.36 (KHTML, like Gecko) Mobile Safari/537.36 (compatible; Bytespider; spider-feedback@bytedance.com)"
136.243.228.179 - - [12/Jan/2025:02:42:10 -0500] "GET /goods/4071483 HTTP/1.1" 200 0 "-" "Mozilla/5.0 (compatible; DataForSeoBot/1.0; +https://dataforseo.com/dataforseo-bot)"
136.243.228.179 - - [12/Jan/2025:02:43:02 -0500] "GET /goods/3389151 HTTP/1.1" 200 0 "-" "Mozilla/5.0 (compatible; DataForSeoBot/1.0; +https://dataforseo.com/dataforseo-bot)"
185.191.171.12 - - [12/Jan/2025:02:43:19 -0500] "GET /chaplaincy/metallographical1651970.html HTTP/1.1" 200 0 "-" "Mozilla/5.0 (compatible; SemrushBot/7~bl; +http://www.semrush.com/bot.html)"
136.243.228.179 - - [12/Jan/2025:02:43:53 -0500] "GET /goods/4681366 HTTP/1.1" 200 0 "-" "Mozilla/5.0 (compatible; DataForSeoBot/1.0; +https://dataforseo.com/dataforseo-bot)"
185.191.171.12 - - [12/Jan/2025:02:44:11 -0500] "GET /chaplaincy/metallographical1651970.html HTTP/1.1" 200 0 "-" "Mozilla/5.0 (compatible; SemrushBot/7~bl; +http://www.semrush.com/bot.html)"
136.243.228.179 - - [12/Jan/2025:02:44:44 -0500] "GET /goods/18287 HTTP/1.1" 200 0 "-" "Mozilla/5.0 (compatible; DataForSeoBot/1.0; +https://dataforseo.com/dataforseo-bot)"
136.243.228.179 - - [12/Jan/2025:02:45:35 -0500] "GET /goods/1277395 HTTP/1.1" 200 0 "-" "Mozilla/5.0 (compatible; DataForSeoBot/1.0; +https://dataforseo.com/dataforseo-bot)"
185.191.171.1 - - [12/Jan/2025:02:46:02 -0500] "GET /affreightment/balaustre859378.html HTTP/1.1" 200 0 "-" "Mozilla/5.0 (compatible; SemrushBot/7~bl; +http://www.semrush.com/bot.html)"
136.243.228.179 - - [12/Jan/2025:02:46:26 -0500] "GET /goods/3781101 HTTP/1.1" 200 0 "-" "Mozilla/5.0 (compatible; DataForSeoBot/1.0; +https://dataforseo.com/dataforseo-bot)"
185.191.171.1 - - [12/Jan/2025:02:46:52 -0500] "GET /affreightment/balaustre859378.html HTTP/1.1" 200 0 "-" "Mozilla/5.0 (compatible; SemrushBot/7~bl; +http://www.semrush.com/bot.html)"
47.128.118.133 - - [12/Jan/2025:02:47:01 -0500] "GET / HTTP/1.1" 200 0 "-" "Mozilla/5.0 (Linux; Android 5.0) AppleWebKit/537.36 (KHTML, like Gecko) Mobile Safari/537.36 (compatible; Bytespider; spider-feedback@bytedance.com)"
136.243.228.179 - - [12/Jan/2025:02:47:17 -0500] "GET /goods/2855805 HTTP/1.1" 200 0 "-" "Mozilla/5.0 (compatible; DataForSeoBot/1.0; +https://dataforseo.com/dataforseo-bot)"
136.243.228.179 - - [12/Jan/2025:02:48:09 -0500] "GET /goods/3324949 HTTP/1.1" 200 0 "-" "Mozilla/5.0 (compatible; DataForSeoBot/1.0; +https://dataforseo.com/dataforseo-bot)"
185.191.171.4 - - [12/Jan/2025:02:48:43 -0500] "GET /knifeless/affreightment1103038.html HTTP/1.1" 200 0 "-" "Mozilla/5.0 (compatible; SemrushBot/7~bl; +http://www.semrush.com/bot.html)"
136.243.228.179 - - [12/Jan/2025:02:49:00 -0500] "GET /goods/3782759 HTTP/1.1" 200 0 "-" "Mozilla/5.0 (compatible; DataForSeoBot/1.0; +https://dataforseo.com/dataforseo-bot)"
185.191.171.4 - - [12/Jan/2025:02:49:33 -0500] "GET /knifeless/affreightment1103038.html HTTP/1.1" 200 0 "-" "Mozilla/5.0 (compatible; SemrushBot/7~bl; +http://www.semrush.com/bot.html)"
136.243.228.179 - - [12/Jan/2025:02:49:52 -0500] "GET /goods/4451445 HTTP/1.1" 200 0 "-" "Mozilla/5.0 (compatible; DataForSeoBot/1.0; +https://dataforseo.com/dataforseo-bot)"
136.243.228.179 - - [12/Jan/2025:02:50:43 -0500] "GET /goods/1805963 HTTP/1.1" 200 0 "-" "Mozilla/5.0 (compatible; DataForSeoBot/1.0; +https://dataforseo.com/dataforseo-bot)"
185.191.171.12 - - [12/Jan/2025:02:51:24 -0500] "GET /gibberish/homometrically12157.html HTTP/1.1" 200 0 "-" "Mozilla/5.0 (compatible; SemrushBot/7~bl; +http://www.semrush.com/bot.html)"
136.243.228.179 - - [12/Jan/2025:02:51:51 -0500] "GET /goods/2423584 HTTP/1.1" 200 0 "-" "Mozilla/5.0 (compatible; DataForSeoBot/1.0; +https://dataforseo.com/dataforseo-bot)"
185.191.171.12 - - [12/Jan/2025:02:52:17 -0500] "GET /gibberish/homometrically12157.html HTTP/1.1" 200 0 "-" "Mozilla/5.0 (compatible; SemrushBot/7~bl; +http://www.semrush.com/bot.html)"
136.243.228.179 - - [12/Jan/2025:02:52:43 -0500] "GET /goods/4400816 HTTP/1.1" 200 0 "-" "Mozilla/5.0 (compatible; DataForSeoBot/1.0; +https://dataforseo.com/dataforseo-bot)"
136.243.228.179 - - [12/Jan/2025:02:53:34 -0500] "GET /goods/1380829 HTTP/1.1" 200 0 "-" "Mozilla/5.0 (compatible; DataForSeoBot/1.0; +https://dataforseo.com/dataforseo-bot)"
185.191.171.11 - - [12/Jan/2025:02:54:08 -0500] "GET /gauzily/extraplanetary1602643.html HTTP/1.1" 200 0 "-" "Mozilla/5.0 (compatible; SemrushBot/7~bl; +http://www.semrush.com/bot.html)"
136.243.228.179 - - [12/Jan/2025:02:54:26 -0500] "GET /goods/2779280 HTTP/1.1" 200 0 "-" "Mozilla/5.0 (compatible; DataForSeoBot/1.0; +https://dataforseo.com/dataforseo-bot)"
185.191.171.11 - - [12/Jan/2025:02:54:58 -0500] "GET /gauzily/extraplanetary1602643.html HTTP/1.1" 200 0 "-" "Mozilla/5.0 (compatible; SemrushBot/7~bl; +http://www.semrush.com/bot.html)"
136.243.228.179 - - [12/Jan/2025:02:55:16 -0500] "GET /goods/3959268 HTTP/1.1" 200 0 "-" "Mozilla/5.0 (compatible; DataForSeoBot/1.0; +https://dataforseo.com/dataforseo-bot)"
136.243.228.179 - - [12/Jan/2025:02:56:07 -0500] "GET /goods/672034 HTTP/1.1" 200 0 "-" "Mozilla/5.0 (compatible; DataForSeoBot/1.0; +https://dataforseo.com/dataforseo-bot)"
85.208.96.210 - - [12/Jan/2025:02:56:49 -0500] "GET /journalist/chancery1437310.html HTTP/1.1" 200 0 "-" "Mozilla/5.0 (compatible; SemrushBot/7~bl; +http://www.semrush.com/bot.html)"
136.243.228.179 - - [12/Jan/2025:02:56:59 -0500] "GET /goods/4837681 HTTP/1.1" 200 0 "-" "Mozilla/5.0 (compatible; DataForSeoBot/1.0; +https://dataforseo.com/dataforseo-bot)"
85.208.96.210 - - [12/Jan/2025:02:57:39 -0500] "GET /journalist/chancery1437310.html HTTP/1.1" 200 0 "-" "Mozilla/5.0 (compatible; SemrushBot/7~bl; +http://www.semrush.com/bot.html)"
136.243.228.179 - - [12/Jan/2025:02:57:50 -0500] "GET /goods/4632242 HTTP/1.1" 200 0 "-" "Mozilla/5.0 (compatible; DataForSeoBot/1.0; +https://dataforseo.com/dataforseo-bot)"
47.128.114.251 - - [12/Jan/2025:02:58:00 -0500] "GET / HTTP/1.1" 200 0 "-" "Mozilla/5.0 (Linux; Android 5.0) AppleWebKit/537.36 (KHTML, like Gecko) Mobile Safari/537.36 (compatible; Bytespider; spider-feedback@bytedance.com)"
136.243.228.179 - - [12/Jan/2025:02:58:41 -0500] "GET /goods/3714192 HTTP/1.1" 200 0 "-" "Mozilla/5.0 (compatible; DataForSeoBot/1.0; +https://dataforseo.com/dataforseo-bot)"
216.244.66.247 - - [12/Jan/2025:03:00:01 -0500] "GET /wp-content/plugins/elementor/app/modules/import-export/assets/js/pages/import/import-complete/hooks/?ND HTTP/1.1" 200 1985 "-" "Mozilla/5.0 (compatible; DotBot/1.2; +https://opensiteexplorer.org/dotbot; help@moz.com)"
85.208.96.212 - - [12/Jan/2025:02:59:29 -0500] "GET /admitter/allophylian170452.html HTTP/1.1" 200 0 "-" "Mozilla/5.0 (compatible; SemrushBot/7~bl; +http://www.semrush.com/bot.html)"
136.243.228.179 - - [12/Jan/2025:02:59:32 -0500] "GET /goods/3902706 HTTP/1.1" 200 0 "-" "Mozilla/5.0 (compatible; DataForSeoBot/1.0; +https://dataforseo.com/dataforseo-bot)"
85.208.96.212 - - [12/Jan/2025:03:00:20 -0500] "GET /admitter/allophylian170452.html HTTP/1.1" 200 0 "-" "Mozilla/5.0 (compatible; SemrushBot/7~bl; +http://www.semrush.com/bot.html)"
136.243.228.179 - - [12/Jan/2025:03:00:24 -0500] "GET /goods/3816983 HTTP/1.1" 200 0 "-" "Mozilla/5.0 (compatible; DataForSeoBot/1.0; +https://dataforseo.com/dataforseo-bot)"
185.191.171.3 - - [12/Jan/2025:03:01:55 -0500] "GET /robots.txt HTTP/1.1" 200 136 "-" "Mozilla/5.0 (compatible; SemrushBot/7~bl; +http://www.semrush.com/bot.html)"
47.128.36.41 - - [12/Jan/2025:03:02:04 -0500] "GET /robots.txt HTTP/1.1" 200 136 "-" "Mozilla/5.0 (Linux; Android 5.0) AppleWebKit/537.36 (KHTML, like Gecko) Mobile Safari/537.36 (compatible; Bytespider; spider-feedback@bytedance.com)"
136.243.228.179 - - [12/Jan/2025:03:01:15 -0500] "GET /goods/625204 HTTP/1.1" 200 0 "-" "Mozilla/5.0 (compatible; DataForSeoBot/1.0; +https://dataforseo.com/dataforseo-bot)"
136.243.228.179 - - [12/Jan/2025:03:02:07 -0500] "GET /goods/3564396 HTTP/1.1" 200 0 "-" "Mozilla/5.0 (compatible; DataForSeoBot/1.0; +https://dataforseo.com/dataforseo-bot)"
185.191.171.8 - - [12/Jan/2025:03:02:11 -0500] "GET /extraplanetary/disjunctively1583163.html HTTP/1.1" 200 0 "-" "Mozilla/5.0 (compatible; SemrushBot/7~bl; +http://www.semrush.com/bot.html)"
136.243.228.179 - - [12/Jan/2025:03:02:58 -0500] "GET /goods/3492538 HTTP/1.1" 200 0 "-" "Mozilla/5.0 (compatible; DataForSeoBot/1.0; +https://dataforseo.com/dataforseo-bot)"
185.191.171.8 - - [12/Jan/2025:03:03:02 -0500] "GET /extraplanetary/disjunctively1583163.html HTTP/1.1" 200 0 "-" "Mozilla/5.0 (compatible; SemrushBot/7~bl; +http://www.semrush.com/bot.html)"
136.243.228.179 - - [12/Jan/2025:03:03:49 -0500] "GET /goods/3265330 HTTP/1.1" 200 0 "-" "Mozilla/5.0 (compatible; DataForSeoBot/1.0; +https://dataforseo.com/dataforseo-bot)"
136.243.228.179 - - [12/Jan/2025:03:04:41 -0500] "GET /goods/4316486 HTTP/1.1" 200 0 "-" "Mozilla/5.0 (compatible; DataForSeoBot/1.0; +https://dataforseo.com/dataforseo-bot)"
185.191.171.9 - - [12/Jan/2025:03:04:53 -0500] "GET /allophylian/energetical1532627.html HTTP/1.1" 200 0 "-" "Mozilla/5.0 (compatible; SemrushBot/7~bl; +http://www.semrush.com/bot.html)"
136.243.228.179 - - [12/Jan/2025:03:05:33 -0500] "GET /goods/1643440 HTTP/1.1" 200 0 "-" "Mozilla/5.0 (compatible; DataForSeoBot/1.0; +https://dataforseo.com/dataforseo-bot)"
185.191.171.9 - - [12/Jan/2025:03:05:43 -0500] "GET /allophylian/energetical1532627.html HTTP/1.1" 200 0 "-" "Mozilla/5.0 (compatible; SemrushBot/7~bl; +http://www.semrush.com/bot.html)"
205.210.31.6 - - [12/Jan/2025:03:06:27 -0500] "GET / HTTP/1.1" 200 0 "http://66.29.132.124:80/" "-"
136.243.228.179 - - [12/Jan/2025:03:06:25 -0500] "GET /goods/4329041 HTTP/1.1" 200 0 "-" "Mozilla/5.0 (compatible; DataForSeoBot/1.0; +https://dataforseo.com/dataforseo-bot)"
136.243.228.179 - - [12/Jan/2025:03:07:17 -0500] "GET /goods/576214 HTTP/1.1" 200 0 "-" "Mozilla/5.0 (compatible; DataForSeoBot/1.0; +https://dataforseo.com/dataforseo-bot)"
136.243.228.179 - - [12/Jan/2025:03:08:08 -0500] "GET /goods/1472639 HTTP/1.1" 200 0 "-" "Mozilla/5.0 (compatible; DataForSeoBot/1.0; +https://dataforseo.com/dataforseo-bot)"
136.243.228.179 - - [12/Jan/2025:03:09:00 -0500] "GET /goods/4057098 HTTP/1.1" 200 0 "-" "Mozilla/5.0 (compatible; DataForSeoBot/1.0; +https://dataforseo.com/dataforseo-bot)"
136.243.228.179 - - [12/Jan/2025:03:09:52 -0500] "GET /goods/4639214 HTTP/1.1" 200 0 "-" "Mozilla/5.0 (compatible; DataForSeoBot/1.0; +https://dataforseo.com/dataforseo-bot)"
47.128.54.227 - - [12/Jan/2025:03:10:00 -0500] "GET / HTTP/1.1" 200 0 "-" "Mozilla/5.0 (Linux; Android 5.0) AppleWebKit/537.36 (KHTML, like Gecko) Mobile Safari/537.36 (compatible; Bytespider; spider-feedback@bytedance.com)"
185.191.171.19 - - [12/Jan/2025:03:10:26 -0500] "GET /affreightment/balaustre561388.html HTTP/1.1" 200 0 "-" "Mozilla/5.0 (compatible; SemrushBot/7~bl; +http://www.semrush.com/bot.html)"
136.243.228.179 - - [12/Jan/2025:03:10:44 -0500] "GET /goods/4486958 HTTP/1.1" 200 0 "-" "Mozilla/5.0 (compatible; DataForSeoBot/1.0; +https://dataforseo.com/dataforseo-bot)"
185.191.171.19 - - [12/Jan/2025:03:11:17 -0500] "GET /affreightment/balaustre561388.html HTTP/1.1" 200 0 "-" "Mozilla/5.0 (compatible; SemrushBot/7~bl; +http://www.semrush.com/bot.html)"
136.243.228.179 - - [12/Jan/2025:03:11:34 -0500] "GET /goods/693947 HTTP/1.1" 200 0 "-" "Mozilla/5.0 (compatible; DataForSeoBot/1.0; +https://dataforseo.com/dataforseo-bot)"
136.243.228.179 - - [12/Jan/2025:03:12:26 -0500] "GET /goods/226839 HTTP/1.1" 200 0 "-" "Mozilla/5.0 (compatible; DataForSeoBot/1.0; +https://dataforseo.com/dataforseo-bot)"
85.208.96.208 - - [12/Jan/2025:03:13:07 -0500] "GET /chaplaincy/metallographical1055935.html HTTP/1.1" 200 0 "-" "Mozilla/5.0 (compatible; SemrushBot/7~bl; +http://www.semrush.com/bot.html)"
136.243.228.179 - - [12/Jan/2025:03:13:18 -0500] "GET /goods/683105 HTTP/1.1" 200 0 "-" "Mozilla/5.0 (compatible; DataForSeoBot/1.0; +https://dataforseo.com/dataforseo-bot)"
85.208.96.208 - - [12/Jan/2025:03:13:57 -0500] "GET /chaplaincy/metallographical1055935.html HTTP/1.1" 200 0 "-" "Mozilla/5.0 (compatible; SemrushBot/7~bl; +http://www.semrush.com/bot.html)"
136.243.228.179 - - [12/Jan/2025:03:14:10 -0500] "GET /goods/4841264 HTTP/1.1" 200 0 "-" "Mozilla/5.0 (compatible; DataForSeoBot/1.0; +https://dataforseo.com/dataforseo-bot)"
136.243.228.179 - - [12/Jan/2025:03:15:01 -0500] "GET /goods/4572237 HTTP/1.1" 200 0 "-" "Mozilla/5.0 (compatible; DataForSeoBot/1.0; +https://dataforseo.com/dataforseo-bot)"
185.191.171.7 - - [12/Jan/2025:03:15:48 -0500] "GET /metallographical/isomagnetic673015.html HTTP/1.1" 200 0 "-" "Mozilla/5.0 (compatible; SemrushBot/7~bl; +http://www.semrush.com/bot.html)"
136.243.228.179 - - [12/Jan/2025:03:15:52 -0500] "GET /goods/2345289 HTTP/1.1" 200 0 "-" "Mozilla/5.0 (compatible; DataForSeoBot/1.0; +https://dataforseo.com/dataforseo-bot)"
185.191.171.7 - - [12/Jan/2025:03:16:39 -0500] "GET /metallographical/isomagnetic673015.html HTTP/1.1" 200 0 "-" "Mozilla/5.0 (compatible; SemrushBot/7~bl; +http://www.semrush.com/bot.html)"
136.243.228.179 - - [12/Jan/2025:03:16:42 -0500] "GET /goods/1234515 HTTP/1.1" 200 0 "-" "Mozilla/5.0 (compatible; DataForSeoBot/1.0; +https://dataforseo.com/dataforseo-bot)"
136.243.228.179 - - [12/Jan/2025:03:17:34 -0500] "GET /goods/4555925 HTTP/1.1" 200 0 "-" "Mozilla/5.0 (compatible; DataForSeoBot/1.0; +https://dataforseo.com/dataforseo-bot)"
136.243.228.179 - - [12/Jan/2025:03:18:25 -0500] "GET /goods/2317015 HTTP/1.1" 200 0 "-" "Mozilla/5.0 (compatible; DataForSeoBot/1.0; +https://dataforseo.com/dataforseo-bot)"
185.191.171.9 - - [12/Jan/2025:03:18:30 -0500] "GET /extraplanetary/disjunctively406108.html HTTP/1.1" 200 0 "-" "Mozilla/5.0 (compatible; SemrushBot/7~bl; +http://www.semrush.com/bot.html)"
136.243.228.179 - - [12/Jan/2025:03:19:17 -0500] "GET /goods/192432 HTTP/1.1" 200 0 "-" "Mozilla/5.0 (compatible; DataForSeoBot/1.0; +https://dataforseo.com/dataforseo-bot)"
185.191.171.9 - - [12/Jan/2025:03:19:21 -0500] "GET /extraplanetary/disjunctively406108.html HTTP/1.1" 200 0 "-" "Mozilla/5.0 (compatible; SemrushBot/7~bl; +http://www.semrush.com/bot.html)"
136.243.228.179 - - [12/Jan/2025:03:20:08 -0500] "GET /goods/2016998 HTTP/1.1" 200 0 "-" "Mozilla/5.0 (compatible; DataForSeoBot/1.0; +https://dataforseo.com/dataforseo-bot)"
136.243.228.179 - - [12/Jan/2025:03:21:00 -0500] "GET /goods/4591003 HTTP/1.1" 200 0 "-" "Mozilla/5.0 (compatible; DataForSeoBot/1.0; +https://dataforseo.com/dataforseo-bot)"
85.208.96.195 - - [12/Jan/2025:03:21:11 -0500] "GET /cutleress/cauda1346499.html HTTP/1.1" 200 0 "-" "Mozilla/5.0 (compatible; SemrushBot/7~bl; +http://www.semrush.com/bot.html)"
136.243.228.179 - - [12/Jan/2025:03:21:51 -0500] "GET /goods/430984 HTTP/1.1" 200 0 "-" "Mozilla/5.0 (compatible; DataForSeoBot/1.0; +https://dataforseo.com/dataforseo-bot)"
85.208.96.195 - - [12/Jan/2025:03:22:01 -0500] "GET /cutleress/cauda1346499.html HTTP/1.1" 200 0 "-" "Mozilla/5.0 (compatible; SemrushBot/7~bl; +http://www.semrush.com/bot.html)"
185.191.171.5 - - [12/Jan/2025:03:22:51 -0500] "GET /robots.txt HTTP/1.1" 200 136 "-" "Mozilla/5.0 (compatible; SemrushBot/7~bl; +http://www.semrush.com/bot.html)"
136.243.228.179 - - [12/Jan/2025:03:22:43 -0500] "GET /goods/3615206 HTTP/1.1" 200 0 "-" "Mozilla/5.0 (compatible; DataForSeoBot/1.0; +https://dataforseo.com/dataforseo-bot)"
136.243.228.179 - - [12/Jan/2025:03:23:33 -0500] "GET /goods/3553288 HTTP/1.1" 200 0 "-" "Mozilla/5.0 (compatible; DataForSeoBot/1.0; +https://dataforseo.com/dataforseo-bot)"
85.208.96.195 - - [12/Jan/2025:03:23:52 -0500] "GET /distrainable/dishonorary604368.html HTTP/1.1" 200 0 "-" "Mozilla/5.0 (compatible; SemrushBot/7~bl; +http://www.semrush.com/bot.html)"
136.243.228.179 - - [12/Jan/2025:03:24:25 -0500] "GET /goods/3665978 HTTP/1.1" 200 0 "-" "Mozilla/5.0 (compatible; DataForSeoBot/1.0; +https://dataforseo.com/dataforseo-bot)"
85.208.96.195 - - [12/Jan/2025:03:24:42 -0500] "GET /distrainable/dishonorary604368.html HTTP/1.1" 200 0 "-" "Mozilla/5.0 (compatible; SemrushBot/7~bl; +http://www.semrush.com/bot.html)"
136.243.228.179 - - [12/Jan/2025:03:25:16 -0500] "GET /goods/470046 HTTP/1.1" 200 0 "-" "Mozilla/5.0 (compatible; DataForSeoBot/1.0; +https://dataforseo.com/dataforseo-bot)"
136.243.228.179 - - [12/Jan/2025:03:26:08 -0500] "GET /goods/3052541 HTTP/1.1" 200 0 "-" "Mozilla/5.0 (compatible; DataForSeoBot/1.0; +https://dataforseo.com/dataforseo-bot)"
47.128.29.161 - - [12/Jan/2025:03:26:15 -0500] "GET / HTTP/1.1" 200 0 "-" "Mozilla/5.0 (Linux; Android 5.0) AppleWebKit/537.36 (KHTML, like Gecko) Mobile Safari/537.36 (compatible; Bytespider; spider-feedback@bytedance.com)"
136.243.228.179 - - [12/Jan/2025:03:27:01 -0500] "GET /goods/118950 HTTP/1.1" 200 0 "-" "Mozilla/5.0 (compatible; DataForSeoBot/1.0; +https://dataforseo.com/dataforseo-bot)"
136.243.228.179 - - [12/Jan/2025:03:27:52 -0500] "GET /goods/2199998 HTTP/1.1" 200 0 "-" "Mozilla/5.0 (compatible; DataForSeoBot/1.0; +https://dataforseo.com/dataforseo-bot)"
136.243.228.179 - - [12/Jan/2025:03:28:43 -0500] "GET /goods/1613105 HTTP/1.1" 200 0 "-" "Mozilla/5.0 (compatible; DataForSeoBot/1.0; +https://dataforseo.com/dataforseo-bot)"
185.191.171.6 - - [12/Jan/2025:03:29:33 -0500] "GET /gauzily/extraplanetary1666058.html HTTP/1.1" 200 0 "-" "Mozilla/5.0 (compatible; SemrushBot/7~bl; +http://www.semrush.com/bot.html)"
136.243.228.179 - - [12/Jan/2025:03:29:35 -0500] "GET /goods/3897133 HTTP/1.1" 200 0 "-" "Mozilla/5.0 (compatible; DataForSeoBot/1.0; +https://dataforseo.com/dataforseo-bot)"
185.191.171.6 - - [12/Jan/2025:03:30:23 -0500] "GET /gauzily/extraplanetary1666058.html HTTP/1.1" 200 0 "-" "Mozilla/5.0 (compatible; SemrushBot/7~bl; +http://www.semrush.com/bot.html)"
136.243.228.179 - - [12/Jan/2025:03:30:26 -0500] "GET /goods/1891213 HTTP/1.1" 200 0 "-" "Mozilla/5.0 (compatible; DataForSeoBot/1.0; +https://dataforseo.com/dataforseo-bot)"
136.243.228.179 - - [12/Jan/2025:03:31:18 -0500] "GET /goods/4627037 HTTP/1.1" 200 0 "-" "Mozilla/5.0 (compatible; DataForSeoBot/1.0; +https://dataforseo.com/dataforseo-bot)"
136.243.228.179 - - [12/Jan/2025:03:32:08 -0500] "GET /goods/102310 HTTP/1.1" 200 0 "-" "Mozilla/5.0 (compatible; DataForSeoBot/1.0; +https://dataforseo.com/dataforseo-bot)"
185.191.171.15 - - [12/Jan/2025:03:32:14 -0500] "GET /mechanalize/distrainable1091073.html HTTP/1.1" 200 0 "-" "Mozilla/5.0 (compatible; SemrushBot/7~bl; +http://www.semrush.com/bot.html)"
136.243.228.179 - - [12/Jan/2025:03:33:00 -0500] "GET /goods/670397 HTTP/1.1" 200 0 "-" "Mozilla/5.0 (compatible; DataForSeoBot/1.0; +https://dataforseo.com/dataforseo-bot)"
185.191.171.15 - - [12/Jan/2025:03:33:05 -0500] "GET /mechanalize/distrainable1091073.html HTTP/1.1" 200 0 "-" "Mozilla/5.0 (compatible; SemrushBot/7~bl; +http://www.semrush.com/bot.html)"
136.243.228.179 - - [12/Jan/2025:03:33:50 -0500] "GET /goods/2449018 HTTP/1.1" 200 0 "-" "Mozilla/5.0 (compatible; DataForSeoBot/1.0; +https://dataforseo.com/dataforseo-bot)"
136.243.228.179 - - [12/Jan/2025:03:34:41 -0500] "GET /goods/4680018 HTTP/1.1" 200 0 "-" "Mozilla/5.0 (compatible; DataForSeoBot/1.0; +https://dataforseo.com/dataforseo-bot)"
47.128.59.4 - - [12/Jan/2025:03:34:59 -0500] "GET / HTTP/1.1" 200 0 "-" "Mozilla/5.0 (Linux; Android 5.0) AppleWebKit/537.36 (KHTML, like Gecko) Mobile Safari/537.36 (compatible; Bytespider; spider-feedback@bytedance.com)"
136.243.228.179 - - [12/Jan/2025:03:35:33 -0500] "GET /goods/2982789 HTTP/1.1" 200 0 "-" "Mozilla/5.0 (compatible; DataForSeoBot/1.0; +https://dataforseo.com/dataforseo-bot)"
136.243.228.179 - - [12/Jan/2025:03:36:27 -0500] "GET /goods/4561356 HTTP/1.1" 200 0 "-" "Mozilla/5.0 (compatible; DataForSeoBot/1.0; +https://dataforseo.com/dataforseo-bot)"
136.243.228.179 - - [12/Jan/2025:03:37:18 -0500] "GET /goods/163571 HTTP/1.1" 200 0 "-" "Mozilla/5.0 (compatible; DataForSeoBot/1.0; +https://dataforseo.com/dataforseo-bot)"
185.191.171.15 - - [12/Jan/2025:03:37:43 -0500] "GET /mechanalize/distrainable285543.html HTTP/1.1" 200 0 "-" "Mozilla/5.0 (compatible; SemrushBot/7~bl; +http://www.semrush.com/bot.html)"
47.128.43.245 - - [12/Jan/2025:03:38:59 -0500] "GET /wp-content/plugins/elementor/core/upgrade/updater.php HTTP/1.1" 403 1242 "-" "Mozilla/5.0 (Linux; Android 5.0) AppleWebKit/537.36 (KHTML, like Gecko) Mobile Safari/537.36 (compatible; Bytespider; spider-feedback@bytedance.com)"
136.243.228.179 - - [12/Jan/2025:03:38:10 -0500] "GET /goods/3861406 HTTP/1.1" 200 0 "-" "Mozilla/5.0 (compatible; DataForSeoBot/1.0; +https://dataforseo.com/dataforseo-bot)"
185.191.171.15 - - [12/Jan/2025:03:38:34 -0500] "GET /mechanalize/distrainable285543.html HTTP/1.1" 200 0 "-" "Mozilla/5.0 (compatible; SemrushBot/7~bl; +http://www.semrush.com/bot.html)"
136.243.228.179 - - [12/Jan/2025:03:39:01 -0500] "GET /goods/4058631 HTTP/1.1" 200 0 "-" "Mozilla/5.0 (compatible; DataForSeoBot/1.0; +https://dataforseo.com/dataforseo-bot)"
216.244.66.247 - - [12/Jan/2025:03:40:14 -0500] "GET /robots.txt HTTP/1.1" 200 762 "-" "Mozilla/5.0 (compatible; DotBot/1.2; +https://opensiteexplorer.org/dotbot; help@moz.com)"
136.243.228.179 - - [12/Jan/2025:03:39:53 -0500] "GET /goods/3858926 HTTP/1.1" 200 0 "-" "Mozilla/5.0 (compatible; DataForSeoBot/1.0; +https://dataforseo.com/dataforseo-bot)"
185.191.171.17 - - [12/Jan/2025:03:40:25 -0500] "GET /cattyman/Meletian1143356.html HTTP/1.1" 200 0 "-" "Mozilla/5.0 (compatible; SemrushBot/7~bl; +http://www.semrush.com/bot.html)"
136.243.228.179 - - [12/Jan/2025:03:40:44 -0500] "GET /goods/3398300 HTTP/1.1" 200 0 "-" "Mozilla/5.0 (compatible; DataForSeoBot/1.0; +https://dataforseo.com/dataforseo-bot)"
185.191.171.17 - - [12/Jan/2025:03:41:16 -0500] "GET /cattyman/Meletian1143356.html HTTP/1.1" 200 0 "-" "Mozilla/5.0 (compatible; SemrushBot/7~bl; +http://www.semrush.com/bot.html)"
136.243.228.179 - - [12/Jan/2025:03:41:36 -0500] "GET /goods/2859667 HTTP/1.1" 200 0 "-" "Mozilla/5.0 (compatible; DataForSeoBot/1.0; +https://dataforseo.com/dataforseo-bot)"
47.128.32.146 - - [12/Jan/2025:03:43:00 -0500] "GET /wp-content/plugins/elementor/core/upgrade/custom-tasks.php HTTP/1.1" 403 1242 "-" "Mozilla/5.0 (Linux; Android 5.0) AppleWebKit/537.36 (KHTML, like Gecko) Mobile Safari/537.36 (compatible; Bytespider; spider-feedback@bytedance.com)"
136.243.228.179 - - [12/Jan/2025:03:42:28 -0500] "GET /goods/3743275 HTTP/1.1" 200 0 "-" "Mozilla/5.0 (compatible; DataForSeoBot/1.0; +https://dataforseo.com/dataforseo-bot)"
85.208.96.201 - - [12/Jan/2025:03:43:20 -0500] "GET /robots.txt HTTP/1.1" 200 136 "-" "Mozilla/5.0 (compatible; SemrushBot/7~bl; +http://www.semrush.com/bot.html)"
136.243.228.179 - - [12/Jan/2025:03:43:20 -0500] "GET /goods/3400055 HTTP/1.1" 200 0 "-" "Mozilla/5.0 (compatible; DataForSeoBot/1.0; +https://dataforseo.com/dataforseo-bot)"
136.243.228.179 - - [12/Jan/2025:03:44:12 -0500] "GET /goods/3341622 HTTP/1.1" 200 0 "-" "Mozilla/5.0 (compatible; DataForSeoBot/1.0; +https://dataforseo.com/dataforseo-bot)"
136.243.228.179 - - [12/Jan/2025:03:45:04 -0500] "GET /goods/1394511 HTTP/1.1" 200 0 "-" "Mozilla/5.0 (compatible; DataForSeoBot/1.0; +https://dataforseo.com/dataforseo-bot)"
136.243.228.179 - - [12/Jan/2025:03:45:55 -0500] "GET /goods/865302 HTTP/1.1" 200 0 "-" "Mozilla/5.0 (compatible; DataForSeoBot/1.0; +https://dataforseo.com/dataforseo-bot)"
185.191.171.4 - - [12/Jan/2025:03:46:06 -0500] "GET /chaplaincy/metallographical941370.html HTTP/1.1" 200 0 "-" "Mozilla/5.0 (compatible; SemrushBot/7~bl; +http://www.semrush.com/bot.html)"
47.128.41.201 - - [12/Jan/2025:03:47:00 -0500] "GET /wp-content/plugins/elementor/modules/page-templates/templates/canvas.php HTTP/1.1" 403 1242 "-" "Mozilla/5.0 (Linux; Android 5.0) AppleWebKit/537.36 (KHTML, like Gecko) Mobile Safari/537.36 (compatible; Bytespider; spider-feedback@bytedance.com)"
136.243.228.179 - - [12/Jan/2025:03:46:47 -0500] "GET /goods/212386 HTTP/1.1" 200 0 "-" "Mozilla/5.0 (compatible; DataForSeoBot/1.0; +https://dataforseo.com/dataforseo-bot)"
185.191.171.4 - - [12/Jan/2025:03:46:57 -0500] "GET /chaplaincy/metallographical941370.html HTTP/1.1" 200 0 "-" "Mozilla/5.0 (compatible; SemrushBot/7~bl; +http://www.semrush.com/bot.html)"
136.243.228.179 - - [12/Jan/2025:03:47:40 -0500] "GET /goods/3814464 HTTP/1.1" 200 0 "-" "Mozilla/5.0 (compatible; DataForSeoBot/1.0; +https://dataforseo.com/dataforseo-bot)"
136.243.228.179 - - [12/Jan/2025:03:48:33 -0500] "GET /goods/1819196 HTTP/1.1" 200 0 "-" "Mozilla/5.0 (compatible; DataForSeoBot/1.0; +https://dataforseo.com/dataforseo-bot)"
185.191.171.10 - - [12/Jan/2025:03:48:48 -0500] "GET /esere/opportunist435696.html HTTP/1.1" 200 0 "-" "Mozilla/5.0 (compatible; SemrushBot/7~bl; +http://www.semrush.com/bot.html)"
136.243.228.179 - - [12/Jan/2025:03:49:24 -0500] "GET /goods/3310191 HTTP/1.1" 200 0 "-" "Mozilla/5.0 (compatible; DataForSeoBot/1.0; +https://dataforseo.com/dataforseo-bot)"
185.191.171.10 - - [12/Jan/2025:03:49:39 -0500] "GET /esere/opportunist435696.html HTTP/1.1" 200 0 "-" "Mozilla/5.0 (compatible; SemrushBot/7~bl; +http://www.semrush.com/bot.html)"
136.243.228.179 - - [12/Jan/2025:03:50:16 -0500] "GET /goods/3793568 HTTP/1.1" 200 0 "-" "Mozilla/5.0 (compatible; DataForSeoBot/1.0; +https://dataforseo.com/dataforseo-bot)"
47.128.18.213 - - [12/Jan/2025:03:51:00 -0500] "GET / HTTP/1.1" 200 0 "-" "Mozilla/5.0 (Linux; Android 5.0) AppleWebKit/537.36 (KHTML, like Gecko) Mobile Safari/537.36 (compatible; Bytespider; spider-feedback@bytedance.com)"
136.243.228.179 - - [12/Jan/2025:03:51:07 -0500] "GET /goods/2506120 HTTP/1.1" 200 0 "-" "Mozilla/5.0 (compatible; DataForSeoBot/1.0; +https://dataforseo.com/dataforseo-bot)"
185.191.171.8 - - [12/Jan/2025:03:51:30 -0500] "GET /extraplanetary/disjunctively1727868.html HTTP/1.1" 200 0 "-" "Mozilla/5.0 (compatible; SemrushBot/7~bl; +http://www.semrush.com/bot.html)"
136.243.228.179 - - [12/Jan/2025:03:51:59 -0500] "GET /goods/2857332 HTTP/1.1" 200 0 "-" "Mozilla/5.0 (compatible; DataForSeoBot/1.0; +https://dataforseo.com/dataforseo-bot)"
185.191.171.8 - - [12/Jan/2025:03:52:21 -0500] "GET /extraplanetary/disjunctively1727868.html HTTP/1.1" 200 0 "-" "Mozilla/5.0 (compatible; SemrushBot/7~bl; +http://www.semrush.com/bot.html)"
136.243.228.179 - - [12/Jan/2025:03:52:52 -0500] "GET /goods/2940010 HTTP/1.1" 503 856 "-" "Mozilla/5.0 (compatible; DataForSeoBot/1.0; +https://dataforseo.com/dataforseo-bot)"
136.243.228.179 - - [12/Jan/2025:03:53:28 -0500] "GET /goods/4422670 HTTP/1.1" 200 0 "-" "Mozilla/5.0 (compatible; DataForSeoBot/1.0; +https://dataforseo.com/dataforseo-bot)"
47.128.63.94 - - [12/Jan/2025:03:55:01 -0500] "GET /wp-content/plugins/elementor/includes/managers/skins.php HTTP/1.1" 403 1242 "-" "Mozilla/5.0 (Linux; Android 5.0) AppleWebKit/537.36 (KHTML, like Gecko) Mobile Safari/537.36 (compatible; Bytespider; spider-feedback@bytedance.com)"
185.191.171.19 - - [12/Jan/2025:03:54:12 -0500] "GET /microphotograph/gauzily1109303.html HTTP/1.1" 200 0 "-" "Mozilla/5.0 (compatible; SemrushBot/7~bl; +http://www.semrush.com/bot.html)"
136.243.228.179 - - [12/Jan/2025:03:54:21 -0500] "GET /goods/4419020 HTTP/1.1" 200 0 "-" "Mozilla/5.0 (compatible; DataForSeoBot/1.0; +https://dataforseo.com/dataforseo-bot)"
185.191.171.19 - - [12/Jan/2025:03:55:03 -0500] "GET /microphotograph/gauzily1109303.html HTTP/1.1" 200 0 "-" "Mozilla/5.0 (compatible; SemrushBot/7~bl; +http://www.semrush.com/bot.html)"
136.243.228.179 - - [12/Jan/2025:03:55:12 -0500] "GET /goods/1846813 HTTP/1.1" 200 0 "-" "Mozilla/5.0 (compatible; DataForSeoBot/1.0; +https://dataforseo.com/dataforseo-bot)"
136.243.228.179 - - [12/Jan/2025:03:56:05 -0500] "GET /goods/998321 HTTP/1.1" 200 0 "-" "Mozilla/5.0 (compatible; DataForSeoBot/1.0; +https://dataforseo.com/dataforseo-bot)"
85.208.96.205 - - [12/Jan/2025:03:56:53 -0500] "GET /www.garni-store.com/c/pierce/stud HTTP/1.1" 200 0 "-" "Mozilla/5.0 (compatible; SemrushBot/7~bl; +http://www.semrush.com/bot.html)"
136.243.228.179 - - [12/Jan/2025:03:56:56 -0500] "GET /goods/3455727 HTTP/1.1" 200 0 "-" "Mozilla/5.0 (compatible; DataForSeoBot/1.0; +https://dataforseo.com/dataforseo-bot)"
85.208.96.205 - - [12/Jan/2025:03:57:43 -0500] "GET /www.garni-store.com/c/pierce/stud HTTP/1.1" 200 0 "-" "Mozilla/5.0 (compatible; SemrushBot/7~bl; +http://www.semrush.com/bot.html)"
136.243.228.179 - - [12/Jan/2025:03:57:48 -0500] "GET /goods/3275970 HTTP/1.1" 200 0 "-" "Mozilla/5.0 (compatible; DataForSeoBot/1.0; +https://dataforseo.com/dataforseo-bot)"
136.243.228.179 - - [12/Jan/2025:03:58:39 -0500] "GET /goods/3162326 HTTP/1.1" 200 0 "-" "Mozilla/5.0 (compatible; DataForSeoBot/1.0; +https://dataforseo.com/dataforseo-bot)"
47.128.62.25 - - [12/Jan/2025:03:59:06 -0500] "GET / HTTP/1.1" 200 0 "-" "Mozilla/5.0 (Linux; Android 5.0) AppleWebKit/537.36 (KHTML, like Gecko) Mobile Safari/537.36 (compatible; Bytespider; spider-feedback@bytedance.com)"
136.243.228.179 - - [12/Jan/2025:03:59:31 -0500] "GET /goods/2722449 HTTP/1.1" 200 0 "-" "Mozilla/5.0 (compatible; DataForSeoBot/1.0; +https://dataforseo.com/dataforseo-bot)"
85.208.96.194 - - [12/Jan/2025:03:59:33 -0500] "GET /gauzily/extraplanetary1322253.html HTTP/1.1" 200 0 "-" "Mozilla/5.0 (compatible; SemrushBot/7~bl; +http://www.semrush.com/bot.html)"
136.243.228.179 - - [12/Jan/2025:04:00:22 -0500] "GET /goods/4259263 HTTP/1.1" 200 0 "-" "Mozilla/5.0 (compatible; DataForSeoBot/1.0; +https://dataforseo.com/dataforseo-bot)"
85.208.96.194 - - [12/Jan/2025:04:00:24 -0500] "GET /gauzily/extraplanetary1322253.html HTTP/1.1" 200 0 "-" "Mozilla/5.0 (compatible; SemrushBot/7~bl; +http://www.semrush.com/bot.html)"
136.243.228.179 - - [12/Jan/2025:04:01:12 -0500] "GET /goods/981363 HTTP/1.1" 200 0 "-" "Mozilla/5.0 (compatible; DataForSeoBot/1.0; +https://dataforseo.com/dataforseo-bot)"
136.243.228.179 - - [12/Jan/2025:04:02:04 -0500] "GET /goods/4039948 HTTP/1.1" 200 0 "-" "Mozilla/5.0 (compatible; DataForSeoBot/1.0; +https://dataforseo.com/dataforseo-bot)"
185.191.171.6 - - [12/Jan/2025:04:02:14 -0500] "GET /metallographical/isomagnetic465225.html HTTP/1.1" 200 0 "-" "Mozilla/5.0 (compatible; SemrushBot/7~bl; +http://www.semrush.com/bot.html)"
136.243.228.179 - - [12/Jan/2025:04:02:56 -0500] "GET /goods/3124127 HTTP/1.1" 200 0 "-" "Mozilla/5.0 (compatible; DataForSeoBot/1.0; +https://dataforseo.com/dataforseo-bot)"
185.191.171.6 - - [12/Jan/2025:04:03:05 -0500] "GET /metallographical/isomagnetic465225.html HTTP/1.1" 200 0 "-" "Mozilla/5.0 (compatible; SemrushBot/7~bl; +http://www.semrush.com/bot.html)"
