85.208.96.197 - - [12/Jan/2025:09:00:51 -0500] "GET /goods/4552902 HTTP/1.1" 404 18011 "-" "Mozilla/5.0 (compatible; SemrushBot/7~bl; +http://www.semrush.com/bot.html)"
185.191.171.2 - - [12/Jan/2025:09:00:53 -0500] "GET /goods/3223052 HTTP/1.1" 404 18012 "-" "Mozilla/5.0 (compatible; SemrushBot/7~bl; +http://www.semrush.com/bot.html)"
185.191.171.9 - - [12/Jan/2025:09:00:56 -0500] "GET /goods/2286829 HTTP/1.1" 404 18012 "-" "Mozilla/5.0 (compatible; SemrushBot/7~bl; +http://www.semrush.com/bot.html)"
85.208.96.195 - - [12/Jan/2025:09:00:59 -0500] "GET /goods/3111292 HTTP/1.1" 404 18011 "-" "Mozilla/5.0 (compatible; SemrushBot/7~bl; +http://www.semrush.com/bot.html)"
185.191.171.7 - - [12/Jan/2025:09:01:02 -0500] "GET /goods/1266970 HTTP/1.1" 404 18011 "-" "Mozilla/5.0 (compatible; SemrushBot/7~bl; +http://www.semrush.com/bot.html)"
185.191.171.7 - - [12/Jan/2025:09:01:05 -0500] "GET /goods/3954259 HTTP/1.1" 404 18012 "-" "Mozilla/5.0 (compatible; SemrushBot/7~bl; +http://www.semrush.com/bot.html)"
66.29.132.124 - - [12/Jan/2025:09:01:09 -0500] "POST /wp-cron.php?doing_wp_cron=1736690469.0943150520324707031250 HTTP/1.1" 200 0 "-" "WordPress/6.7.1; https://misswavenigeria.com"
85.208.96.193 - - [12/Jan/2025:09:01:08 -0500] "GET /goods/3217732 HTTP/1.1" 404 18012 "-" "Mozilla/5.0 (compatible; SemrushBot/7~bl; +http://www.semrush.com/bot.html)"
66.29.132.124 - - [12/Jan/2025:09:01:10 -0500] "POST /wp-admin/admin-ajax.php?action=async_litespeed&nonce=GlPJ6MCLfeoDbXAUu9OnV4PPg9g16XDj&litespeed_type=imgoptm HTTP/1.1" 200 0 "-" "WordPress/6.7.1; https://misswavenigeria.com"
85.208.96.202 - - [12/Jan/2025:09:01:11 -0500] "GET /goods/330086 HTTP/1.1" 404 18011 "-" "Mozilla/5.0 (compatible; SemrushBot/7~bl; +http://www.semrush.com/bot.html)"
185.191.171.16 - - [12/Jan/2025:09:01:15 -0500] "GET /goods/3643229 HTTP/1.1" 404 18012 "-" "Mozilla/5.0 (compatible; SemrushBot/7~bl; +http://www.semrush.com/bot.html)"
185.191.171.16 - - [12/Jan/2025:09:01:18 -0500] "GET /goods/2974920 HTTP/1.1" 404 18012 "-" "Mozilla/5.0 (compatible; SemrushBot/7~bl; +http://www.semrush.com/bot.html)"
185.191.171.8 - - [12/Jan/2025:09:01:21 -0500] "GET /goods/10812 HTTP/1.1" 404 18012 "-" "Mozilla/5.0 (compatible; SemrushBot/7~bl; +http://www.semrush.com/bot.html)"
85.208.96.195 - - [12/Jan/2025:09:01:24 -0500] "GET /goods/1717904 HTTP/1.1" 404 18012 "-" "Mozilla/5.0 (compatible; SemrushBot/7~bl; +http://www.semrush.com/bot.html)"
66.29.132.124 - - [12/Jan/2025:09:01:28 -0500] "POST /wp-cron.php?doing_wp_cron=1736690488.1640069484710693359375 HTTP/1.1" 200 0 "-" "WordPress/6.7.1; https://misswavenigeria.com"
185.191.171.14 - - [12/Jan/2025:09:01:27 -0500] "GET /goods/1409089 HTTP/1.1" 404 18012 "-" "Mozilla/5.0 (compatible; SemrushBot/7~bl; +http://www.semrush.com/bot.html)"
66.249.68.68 - - [12/Jan/2025:09:01:29 -0500] "GET /goods/1392584 HTTP/1.1" 200 69250 "-" "Mozilla/5.0 (Linux; Android 6.0.1; Nexus 5X Build/MMB29P) AppleWebKit/537.36 (KHTML, like Gecko) Chrome/131.0.6778.264 Mobile Safari/537.36 (compatible; Googlebot/2.1; +http://www.google.com/bot.html)"
85.208.96.208 - - [12/Jan/2025:09:01:30 -0500] "GET /goods/2804465 HTTP/1.1" 404 18012 "-" "Mozilla/5.0 (compatible; SemrushBot/7~bl; +http://www.semrush.com/bot.html)"
85.208.96.206 - - [12/Jan/2025:09:01:34 -0500] "GET /goods/755014 HTTP/1.1" 404 18012 "-" "Mozilla/5.0 (compatible; SemrushBot/7~bl; +http://www.semrush.com/bot.html)"
85.208.96.205 - - [12/Jan/2025:09:01:37 -0500] "GET /goods/1126395 HTTP/1.1" 404 18012 "-" "Mozilla/5.0 (compatible; SemrushBot/7~bl; +http://www.semrush.com/bot.html)"
85.208.96.202 - - [12/Jan/2025:09:01:39 -0500] "GET /goods/3671372 HTTP/1.1" 404 18011 "-" "Mozilla/5.0 (compatible; SemrushBot/7~bl; +http://www.semrush.com/bot.html)"
185.191.171.8 - - [12/Jan/2025:09:01:43 -0500] "GET /goods/421977 HTTP/1.1" 404 18012 "-" "Mozilla/5.0 (compatible; SemrushBot/7~bl; +http://www.semrush.com/bot.html)"
185.191.171.14 - - [12/Jan/2025:09:01:46 -0500] "GET /goods/657464 HTTP/1.1" 404 18012 "-" "Mozilla/5.0 (compatible; SemrushBot/7~bl; +http://www.semrush.com/bot.html)"
165.231.182.52 - - [12/Jan/2025:09:00:51 -0500] "POST /register/ HTTP/1.0" 200 0 "https://misswavenigeria.com/register/" "Mozilla/5.0 (Windows NT 10.0; Win64; x64) AppleWebKit/537.36 (KHTML, like Gecko) Chrome/103.0.5060.114 Safari/537.36"
165.231.182.52 - - [12/Jan/2025:09:03:22 -0500] "GET /register/ HTTP/1.0" 200 75934 "https://misswavenigeria.com/" "Mozilla/5.0 (Windows NT 10.0; Win64; x64) AppleWebKit/537.36 (KHTML, like Gecko) Chrome/103.0.5060.114 Safari/537.36"
66.29.132.124 - - [12/Jan/2025:09:03:24 -0500] "POST /wp-cron.php?doing_wp_cron=1736690604.0916540622711181640625 HTTP/1.1" 200 0 "-" "WordPress/6.7.1; https://misswavenigeria.com"
85.208.96.211 - - [12/Jan/2025:09:03:23 -0500] "GET /goods/1312392 HTTP/1.1" 404 18018 "-" "Mozilla/5.0 (compatible; SemrushBot/7~bl; +http://www.semrush.com/bot.html)"
66.29.132.124 - - [12/Jan/2025:09:03:24 -0500] "POST /wp-admin/admin-ajax.php?action=async_litespeed&nonce=SWHxV6X1WK3odB7LCxBgVDi8xZIfQJ0a&litespeed_type=imgoptm HTTP/1.1" 200 21 "-" "WordPress/6.7.1; https://misswavenigeria.com"
165.231.182.52 - - [12/Jan/2025:09:03:54 -0500] "GET / HTTP/1.0" 200 109065 "https://misswavenigeria.com/" "Mozilla/5.0 (Windows NT 6.3) AppleWebKit/537.36 (KHTML, like Gecko) Chrome/103.0.0.0 Safari/537.36"
165.231.182.52 - - [12/Jan/2025:09:03:56 -0500] "GET /register/ HTTP/1.0" 200 75934 "https://misswavenigeria.com/register/" "Mozilla/5.0 (Windows NT 6.3) AppleWebKit/537.36 (KHTML, like Gecko) Chrome/103.0.0.0 Safari/537.36"
66.29.132.124 - - [12/Jan/2025:09:03:59 -0500] "POST /wp-cron.php?doing_wp_cron=1736690638.9693830013275146484375 HTTP/1.1" 200 0 "-" "WordPress/6.7.1; https://misswavenigeria.com"
66.29.132.124 - - [12/Jan/2025:09:03:59 -0500] "POST /wp-admin/admin-ajax.php?action=async_litespeed&nonce=Tb4o5HrWIhjT7gXYZ8G7udFD8LHHxp8K&litespeed_type=imgoptm HTTP/1.1" 200 21 "-" "WordPress/6.7.1; https://misswavenigeria.com"
66.249.68.68 - - [12/Jan/2025:09:05:16 -0500] "GET /goods/1139885 HTTP/1.1" 200 69314 "-" "Mozilla/5.0 (Linux; Android 6.0.1; Nexus 5X Build/MMB29P) AppleWebKit/537.36 (KHTML, like Gecko) Chrome/131.0.6778.264 Mobile Safari/537.36 (compatible; Googlebot/2.1; +http://www.google.com/bot.html)"
66.29.132.124 - - [12/Jan/2025:09:05:29 -0500] "POST /wp-cron.php?doing_wp_cron=1736690729.4188570976257324218750 HTTP/1.1" 200 0 "-" "WordPress/6.7.1; https://misswavenigeria.com"
185.191.171.4 - - [12/Jan/2025:09:05:28 -0500] "GET /goods/3810061 HTTP/1.1" 404 18012 "-" "Mozilla/5.0 (compatible; SemrushBot/7~bl; +http://www.semrush.com/bot.html)"
66.29.132.124 - - [12/Jan/2025:09:05:29 -0500] "POST /wp-admin/admin-ajax.php?action=async_litespeed&nonce=bih7N0vN0HVXqaGaEBDoJ7zgmm9MGev2&litespeed_type=imgoptm HTTP/1.1" 200 21 "-" "WordPress/6.7.1; https://misswavenigeria.com"
85.208.96.201 - - [12/Jan/2025:09:05:31 -0500] "GET /goods/2166570 HTTP/1.1" 404 18012 "-" "Mozilla/5.0 (compatible; SemrushBot/7~bl; +http://www.semrush.com/bot.html)"
185.191.171.17 - - [12/Jan/2025:09:05:34 -0500] "GET /goods/2667639 HTTP/1.1" 404 18012 "-" "Mozilla/5.0 (compatible; SemrushBot/7~bl; +http://www.semrush.com/bot.html)"
185.191.171.4 - - [12/Jan/2025:09:05:37 -0500] "GET /goods/749223 HTTP/1.1" 404 18012 "-" "Mozilla/5.0 (compatible; SemrushBot/7~bl; +http://www.semrush.com/bot.html)"
66.249.68.68 - - [12/Jan/2025:09:05:38 -0500] "GET /?product=stepchild7346452-33?keyword=%E9%9F%B3%E6%A5%BD HTTP/1.1" 200 68811 "-" "Mozilla/5.0 (Linux; Android 6.0.1; Nexus 5X Build/MMB29P) AppleWebKit/537.36 (KHTML, like Gecko) Chrome/131.0.6778.264 Mobile Safari/537.36 (compatible; Googlebot/2.1; +http://www.google.com/bot.html)"
185.191.171.12 - - [12/Jan/2025:09:05:40 -0500] "GET /goods/3441518 HTTP/1.1" 404 18012 "-" "Mozilla/5.0 (compatible; SemrushBot/7~bl; +http://www.semrush.com/bot.html)"
85.208.96.193 - - [12/Jan/2025:09:05:42 -0500] "GET /goods/2093850 HTTP/1.1" 404 18012 "-" "Mozilla/5.0 (compatible; SemrushBot/7~bl; +http://www.semrush.com/bot.html)"
185.191.171.12 - - [12/Jan/2025:09:05:46 -0500] "GET /goods/423124 HTTP/1.1" 404 18012 "-" "Mozilla/5.0 (compatible; SemrushBot/7~bl; +http://www.semrush.com/bot.html)"
66.249.68.67 - - [12/Jan/2025:09:05:59 -0500] "GET /item/P1135747AS?c=976&keyword=sci-fi?keyword=AT-X HTTP/1.1" 200 68402 "-" "Mozilla/5.0 (Linux; Android 6.0.1; Nexus 5X Build/MMB29P) AppleWebKit/537.36 (KHTML, like Gecko) Chrome/131.0.6778.264 Mobile Safari/537.36 (compatible; Googlebot/2.1; +http://www.google.com/bot.html)"
165.231.182.52 - - [12/Jan/2025:09:03:58 -0500] "POST /register/ HTTP/1.0" 200 0 "https://misswavenigeria.com/register/" "Mozilla/5.0 (Windows NT 6.3) AppleWebKit/537.36 (KHTML, like Gecko) Chrome/103.0.0.0 Safari/537.36"
165.231.182.52 - - [12/Jan/2025:09:06:29 -0500] "GET /register/ HTTP/1.0" 200 75934 "https://misswavenigeria.com/" "Mozilla/5.0 (Windows NT 6.3) AppleWebKit/537.36 (KHTML, like Gecko) Chrome/103.0.0.0 Safari/537.36"
54.36.149.66 - - [12/Jan/2025:09:06:33 -0500] "GET /robots.txt HTTP/1.1" 200 103 "-" "Mozilla/5.0 (compatible; AhrefsBot/7.0; +http://ahrefs.com/robot/)"
51.222.253.2 - - [12/Jan/2025:09:06:34 -0500] "GET / HTTP/1.1" 200 20864 "-" "Mozilla/5.0 (compatible; AhrefsBot/7.0; +http://ahrefs.com/robot/)"
66.249.68.67 - - [12/Jan/2025:09:06:55 -0500] "GET /goods/1421541 HTTP/1.1" 200 68877 "-" "Mozilla/5.0 (Linux; Android 6.0.1; Nexus 5X Build/MMB29P) AppleWebKit/537.36 (KHTML, like Gecko) Chrome/131.0.6778.264 Mobile Safari/537.36 (compatible; Googlebot/2.1; +http://www.google.com/bot.html)"
165.231.182.52 - - [12/Jan/2025:09:06:57 -0500] "GET / HTTP/1.0" 200 109065 "https://misswavenigeria.com/" "Mozilla/5.0 (Windows NT 10.0; Win64; x64) AppleWebKit/537.36 (KHTML, like Gecko) Chrome/103.0.5060.66 Safari/537.36"
165.231.182.52 - - [12/Jan/2025:09:06:59 -0500] "GET /register/ HTTP/1.0" 200 75934 "https://misswavenigeria.com/register/" "Mozilla/5.0 (Windows NT 10.0; Win64; x64) AppleWebKit/537.36 (KHTML, like Gecko) Chrome/103.0.5060.66 Safari/537.36"
66.29.132.124 - - [12/Jan/2025:09:07:01 -0500] "POST /wp-cron.php?doing_wp_cron=1736690821.6549930572509765625000 HTTP/1.1" 200 0 "-" "WordPress/6.7.1; https://misswavenigeria.com"
66.29.132.124 - - [12/Jan/2025:09:07:02 -0500] "POST /wp-admin/admin-ajax.php?action=async_litespeed&nonce=eLNU6coYi50FfdTFp2Zk0P2JAr4We2rs&litespeed_type=imgoptm HTTP/1.1" 200 21 "-" "WordPress/6.7.1; https://misswavenigeria.com"
66.29.132.124 - - [12/Jan/2025:09:07:52 -0500] "POST /wp-cron.php?doing_wp_cron=1736690872.6771080493927001953125 HTTP/1.1" 200 0 "-" "WordPress/6.7.1; https://misswavenigeria.com"
185.191.171.10 - - [12/Jan/2025:09:07:52 -0500] "GET /goods/1763150 HTTP/1.1" 404 18012 "-" "Mozilla/5.0 (compatible; SemrushBot/7~bl; +http://www.semrush.com/bot.html)"
66.29.132.124 - - [12/Jan/2025:09:07:53 -0500] "POST /wp-admin/admin-ajax.php?action=async_litespeed&nonce=20LR24yxa6Aw0POgBL9l55H79ZuAr1r3&litespeed_type=imgoptm HTTP/1.1" 200 21 "-" "WordPress/6.7.1; https://misswavenigeria.com"
185.191.171.16 - - [12/Jan/2025:09:07:55 -0500] "GET /goods/3070726 HTTP/1.1" 404 18012 "-" "Mozilla/5.0 (compatible; SemrushBot/7~bl; +http://www.semrush.com/bot.html)"
185.191.171.9 - - [12/Jan/2025:09:07:58 -0500] "GET /goods/1428540 HTTP/1.1" 404 18012 "-" "Mozilla/5.0 (compatible; SemrushBot/7~bl; +http://www.semrush.com/bot.html)"
185.191.171.13 - - [12/Jan/2025:09:08:02 -0500] "GET /goods/1420058 HTTP/1.1" 404 18011 "-" "Mozilla/5.0 (compatible; SemrushBot/7~bl; +http://www.semrush.com/bot.html)"
185.191.171.12 - - [12/Jan/2025:09:08:06 -0500] "GET /goods/1766021 HTTP/1.1" 404 18012 "-" "Mozilla/5.0 (compatible; SemrushBot/7~bl; +http://www.semrush.com/bot.html)"
85.208.96.204 - - [12/Jan/2025:09:08:08 -0500] "GET /goods/354488 HTTP/1.1" 404 18011 "-" "Mozilla/5.0 (compatible; SemrushBot/7~bl; +http://www.semrush.com/bot.html)"
185.191.171.10 - - [12/Jan/2025:09:08:10 -0500] "GET /goods/3278607 HTTP/1.1" 404 18012 "-" "Mozilla/5.0 (compatible; SemrushBot/7~bl; +http://www.semrush.com/bot.html)"
66.249.68.67 - - [12/Jan/2025:09:09:17 -0500] "GET /goods/358761 HTTP/1.1" 200 68412 "-" "Mozilla/5.0 (Linux; Android 6.0.1; Nexus 5X Build/MMB29P) AppleWebKit/537.36 (KHTML, like Gecko) Chrome/131.0.6778.264 Mobile Safari/537.36 (compatible; Googlebot/2.1; +http://www.google.com/bot.html)"
66.249.79.4 - - [12/Jan/2025:09:09:18 -0500] "GET /goods/T695363?k=product HTTP/1.1" 200 69604 "-" "Mozilla/5.0 (Linux; Android 6.0.1; Nexus 5X Build/MMB29P) AppleWebKit/537.36 (KHTML, like Gecko) Chrome/131.0.6778.264 Mobile Safari/537.36 (compatible; Googlebot/2.1; +http://www.google.com/bot.html)"
66.249.68.67 - - [12/Jan/2025:09:09:20 -0500] "GET /static/718149?keyword=%E6%9C%AC?keyword=%E3%83%88%E3%83%A9%E3%82%B9 HTTP/1.1" 200 70843 "-" "Mozilla/5.0 (Linux; Android 6.0.1; Nexus 5X Build/MMB29P) AppleWebKit/537.36 (KHTML, like Gecko) Chrome/131.0.6778.264 Mobile Safari/537.36 (compatible; Googlebot/2.1; +http://www.google.com/bot.html)"
165.231.182.52 - - [12/Jan/2025:09:07:01 -0500] "POST /register/ HTTP/1.0" 200 0 "https://misswavenigeria.com/register/" "Mozilla/5.0 (Windows NT 10.0; Win64; x64) AppleWebKit/537.36 (KHTML, like Gecko) Chrome/103.0.5060.66 Safari/537.36"
165.231.182.52 - - [12/Jan/2025:09:09:31 -0500] "GET /register/ HTTP/1.0" 200 75934 "https://misswavenigeria.com/" "Mozilla/5.0 (Windows NT 10.0; Win64; x64) AppleWebKit/537.36 (KHTML, like Gecko) Chrome/103.0.5060.66 Safari/537.36"
66.249.68.67 - - [12/Jan/2025:09:09:48 -0500] "GET /sitemap-5.xml HTTP/1.1" 200 14677 "-" "Mozilla/5.0 (compatible; Googlebot/2.1; +http://www.google.com/bot.html)"
165.231.182.52 - - [12/Jan/2025:09:09:51 -0500] "GET / HTTP/1.0" 200 109065 "https://misswavenigeria.com/" "Mozilla/5.0 (Windows NT 6.3; WOW64) AppleWebKit/537.36 (KHTML, like Gecko) Chrome/103.0.5060.114 Safari/537.36"
165.231.182.52 - - [12/Jan/2025:09:09:54 -0500] "GET /register/ HTTP/1.0" 200 75934 "https://misswavenigeria.com/register/" "Mozilla/5.0 (Windows NT 6.3; WOW64) AppleWebKit/537.36 (KHTML, like Gecko) Chrome/103.0.5060.114 Safari/537.36"
66.29.132.124 - - [12/Jan/2025:09:09:56 -0500] "POST /wp-cron.php?doing_wp_cron=1736690996.3864710330963134765625 HTTP/1.1" 200 0 "-" "WordPress/6.7.1; https://misswavenigeria.com"
66.29.132.124 - - [12/Jan/2025:09:09:57 -0500] "POST /wp-admin/admin-ajax.php?action=async_litespeed&nonce=VbE2QUjzb9wT6Xr1RJnx7Km6iIIXdsWx&litespeed_type=imgoptm HTTP/1.1" 200 21 "-" "WordPress/6.7.1; https://misswavenigeria.com"
66.249.68.69 - - [12/Jan/2025:09:10:44 -0500] "GET /static/4067730?keyword=%E5%AE%B6%E5%85%B7%E3%83%BB%E3%82%A4%E3%83%B3%E3%83%86%E3%83%AA%E3%82%A2 HTTP/1.1" 200 67261 "-" "Mozilla/5.0 (Linux; Android 6.0.1; Nexus 5X Build/MMB29P) AppleWebKit/537.36 (KHTML, like Gecko) Chrome/131.0.6778.264 Mobile Safari/537.36 (compatible; Googlebot/2.1; +http://www.google.com/bot.html)"
66.29.132.124 - - [12/Jan/2025:09:11:07 -0500] "POST /wp-cron.php?doing_wp_cron=1736691067.4406208992004394531250 HTTP/1.1" 200 0 "-" "WordPress/6.7.1; https://misswavenigeria.com"
185.191.171.9 - - [12/Jan/2025:09:11:06 -0500] "GET /goods/2645754 HTTP/1.1" 404 18012 "-" "Mozilla/5.0 (compatible; SemrushBot/7~bl; +http://www.semrush.com/bot.html)"
66.29.132.124 - - [12/Jan/2025:09:11:08 -0500] "POST /wp-admin/admin-ajax.php?action=async_litespeed&nonce=1SamGgQbqXWdp3eXiR42o6w7JKOPKPYx&litespeed_type=imgoptm HTTP/1.1" 200 21 "-" "WordPress/6.7.1; https://misswavenigeria.com"
85.208.96.196 - - [12/Jan/2025:09:11:11 -0500] "GET /goods/567126 HTTP/1.1" 404 18011 "-" "Mozilla/5.0 (compatible; SemrushBot/7~bl; +http://www.semrush.com/bot.html)"
185.191.171.9 - - [12/Jan/2025:09:11:14 -0500] "GET /goods/3976084 HTTP/1.1" 404 18012 "-" "Mozilla/5.0 (compatible; SemrushBot/7~bl; +http://www.semrush.com/bot.html)"
185.191.171.14 - - [12/Jan/2025:09:11:16 -0500] "GET /goods/843146 HTTP/1.1" 404 18012 "-" "Mozilla/5.0 (compatible; SemrushBot/7~bl; +http://www.semrush.com/bot.html)"
66.249.68.68 - - [12/Jan/2025:09:11:28 -0500] "GET /goods/1850875 HTTP/1.1" 200 69981 "-" "Mozilla/5.0 (Linux; Android 6.0.1; Nexus 5X Build/MMB29P) AppleWebKit/537.36 (KHTML, like Gecko) Chrome/131.0.6778.264 Mobile Safari/537.36 (compatible; Googlebot/2.1; +http://www.google.com/bot.html)"
165.231.182.52 - - [12/Jan/2025:09:09:55 -0500] "POST /register/ HTTP/1.0" 200 0 "https://misswavenigeria.com/register/" "Mozilla/5.0 (Windows NT 6.3; WOW64) AppleWebKit/537.36 (KHTML, like Gecko) Chrome/103.0.5060.114 Safari/537.36"
165.231.182.52 - - [12/Jan/2025:09:12:26 -0500] "GET /register/ HTTP/1.0" 200 75934 "https://misswavenigeria.com/" "Mozilla/5.0 (Windows NT 6.3; WOW64) AppleWebKit/537.36 (KHTML, like Gecko) Chrome/103.0.5060.114 Safari/537.36"
165.231.182.52 - - [12/Jan/2025:09:12:51 -0500] "GET / HTTP/1.0" 200 109065 "https://misswavenigeria.com/" "Mozilla/5.0 (Windows NT 10.0; Win64; x64) AppleWebKit/537.36 (KHTML, like Gecko) Chrome/103.0.0.0 Safari/537.36 Herring/95.1.8810.11"
66.249.68.68 - - [12/Jan/2025:09:12:51 -0500] "GET /guide/M996?keyword=%E3%82%B9%E3%83%9A%E3%83%BC%E3%82%B9%E3%82%B0%E3%83%AC%E3%82%A4%E3%80%90%E5%AE%89%E5%BF%83%E4%BF%9D%E8%A8%BC%E3%80%91 HTTP/1.1" 200 68082 "-" "Mozilla/5.0 (Linux; Android 6.0.1; Nexus 5X Build/MMB29P) AppleWebKit/537.36 (KHTML, like Gecko) Chrome/131.0.6778.264 Mobile Safari/537.36 (compatible; Googlebot/2.1; +http://www.google.com/bot.html)"
66.249.68.68 - - [12/Jan/2025:09:12:52 -0500] "GET /goods/772784?keyword=Par?keyword=%E3%83%89%E3%83%AB%E3%83%81%E3%82%A7%E3%82%AA%E3%83%AA%E3%82%B8%E3%83%8A%E3%83%AB%E3%83%9F%E3%83%8B%E3%82%B9%E3%82%A6%E3%82%A3%E3%83%BC%E3%83%84%E3%83%89%E3%83%BC%E3%83%AB HTTP/1.1" 200 68138 "-" "Mozilla/5.0 (Linux; Android 6.0.1; Nexus 5X Build/MMB29P) AppleWebKit/537.36 (KHTML, like Gecko) Chrome/131.0.6778.264 Mobile Safari/537.36 (compatible; Googlebot/2.1; +http://www.google.com/bot.html)"
165.231.182.52 - - [12/Jan/2025:09:12:54 -0500] "GET /register/ HTTP/1.0" 200 75934 "https://misswavenigeria.com/register/" "Mozilla/5.0 (Windows NT 10.0; Win64; x64) AppleWebKit/537.36 (KHTML, like Gecko) Chrome/103.0.0.0 Safari/537.36 Herring/95.1.8810.11"
66.29.132.124 - - [12/Jan/2025:09:12:56 -0500] "POST /wp-cron.php?doing_wp_cron=1736691176.2707929611206054687500 HTTP/1.1" 200 0 "-" "WordPress/6.7.1; https://misswavenigeria.com"
66.29.132.124 - - [12/Jan/2025:09:12:56 -0500] "POST /wp-admin/admin-ajax.php?action=async_litespeed&nonce=oBKGkgFsE8i5SqVECYuqEVCodKobCYFi&litespeed_type=imgoptm HTTP/1.1" 200 21 "-" "WordPress/6.7.1; https://misswavenigeria.com"
66.249.68.68 - - [12/Jan/2025:09:13:13 -0500] "GET /goods/765217 HTTP/1.1" 200 69181 "-" "Mozilla/5.0 (Linux; Android 6.0.1; Nexus 5X Build/MMB29P) AppleWebKit/537.36 (KHTML, like Gecko) Chrome/131.0.6778.264 Mobile Safari/537.36 (compatible; Googlebot/2.1; +http://www.google.com/bot.html)"
185.191.171.14 - - [12/Jan/2025:09:13:22 -0500] "GET /goods/3938220 HTTP/1.1" 404 18012 "-" "Mozilla/5.0 (compatible; SemrushBot/7~bl; +http://www.semrush.com/bot.html)"
85.208.96.206 - - [12/Jan/2025:09:13:24 -0500] "GET /goods/4590226 HTTP/1.1" 404 18012 "-" "Mozilla/5.0 (compatible; SemrushBot/7~bl; +http://www.semrush.com/bot.html)"
66.249.79.4 - - [12/Jan/2025:09:14:23 -0500] "GET /goods/T720401?k=product HTTP/1.1" 200 68357 "-" "Mozilla/5.0 (Linux; Android 6.0.1; Nexus 5X Build/MMB29P) AppleWebKit/537.36 (KHTML, like Gecko) Chrome/131.0.6778.264 Mobile Safari/537.36 (compatible; Googlebot/2.1; +http://www.google.com/bot.html)"
66.249.68.68 - - [12/Jan/2025:09:15:07 -0500] "GET /?product=browse7993091-61?keyword=E%E3%83%9E%E3%82%A6%E3%83%B3%E3%83%88 HTTP/1.1" 200 68343 "-" "Mozilla/5.0 (Linux; Android 6.0.1; Nexus 5X Build/MMB29P) AppleWebKit/537.36 (KHTML, like Gecko) Chrome/131.0.6778.264 Mobile Safari/537.36 (compatible; Googlebot/2.1; +http://www.google.com/bot.html)"
165.231.182.52 - - [12/Jan/2025:09:12:55 -0500] "POST /register/ HTTP/1.0" 200 0 "https://misswavenigeria.com/register/" "Mozilla/5.0 (Windows NT 10.0; Win64; x64) AppleWebKit/537.36 (KHTML, like Gecko) Chrome/103.0.0.0 Safari/537.36 Herring/95.1.8810.11"
165.231.182.52 - - [12/Jan/2025:09:15:26 -0500] "GET /register/ HTTP/1.0" 200 75934 "https://misswavenigeria.com/" "Mozilla/5.0 (Windows NT 10.0; Win64; x64) AppleWebKit/537.36 (KHTML, like Gecko) Chrome/103.0.0.0 Safari/537.36 Herring/95.1.8810.11"
66.29.132.124 - - [12/Jan/2025:09:15:30 -0500] "POST /wp-cron.php?doing_wp_cron=1736691329.7630860805511474609375 HTTP/1.1" 200 0 "-" "WordPress/6.7.1; https://misswavenigeria.com"
85.208.96.204 - - [12/Jan/2025:09:15:29 -0500] "GET /goods/2371957 HTTP/1.1" 404 18011 "-" "Mozilla/5.0 (compatible; SemrushBot/7~bl; +http://www.semrush.com/bot.html)"
66.29.132.124 - - [12/Jan/2025:09:15:31 -0500] "POST /wp-admin/admin-ajax.php?action=async_litespeed&nonce=MSH12DAMJkwsuDvhzBI9zxFYxfdU0Ocp&litespeed_type=imgoptm HTTP/1.1" 200 21 "-" "WordPress/6.7.1; https://misswavenigeria.com"
185.191.171.8 - - [12/Jan/2025:09:15:32 -0500] "GET /goods/1934445 HTTP/1.1" 404 18012 "-" "Mozilla/5.0 (compatible; SemrushBot/7~bl; +http://www.semrush.com/bot.html)"
185.191.171.4 - - [12/Jan/2025:09:15:35 -0500] "GET /goods/3866457 HTTP/1.1" 404 18012 "-" "Mozilla/5.0 (compatible; SemrushBot/7~bl; +http://www.semrush.com/bot.html)"
185.191.171.3 - - [12/Jan/2025:09:15:38 -0500] "GET /goods/4272014 HTTP/1.1" 404 18012 "-" "Mozilla/5.0 (compatible; SemrushBot/7~bl; +http://www.semrush.com/bot.html)"
185.191.171.3 - - [12/Jan/2025:09:15:41 -0500] "GET /goods/2225 HTTP/1.1" 404 18012 "-" "Mozilla/5.0 (compatible; SemrushBot/7~bl; +http://www.semrush.com/bot.html)"
85.208.96.204 - - [12/Jan/2025:09:15:43 -0500] "GET /goods/4147885 HTTP/1.1" 404 18012 "-" "Mozilla/5.0 (compatible; SemrushBot/7~bl; +http://www.semrush.com/bot.html)"
85.208.96.198 - - [12/Jan/2025:09:15:45 -0500] "GET /goods/2294369 HTTP/1.1" 404 18012 "-" "Mozilla/5.0 (compatible; SemrushBot/7~bl; +http://www.semrush.com/bot.html)"
185.191.171.9 - - [12/Jan/2025:09:15:48 -0500] "GET /goods/1313689 HTTP/1.1" 404 18012 "-" "Mozilla/5.0 (compatible; SemrushBot/7~bl; +http://www.semrush.com/bot.html)"
66.29.132.124 - - [12/Jan/2025:09:15:51 -0500] "POST /wp-cron.php?doing_wp_cron=1736691351.4234149456024169921875 HTTP/1.1" 200 0 "-" "WordPress/6.7.1; https://misswavenigeria.com"
85.208.96.204 - - [12/Jan/2025:09:15:50 -0500] "GET /goods/2417569 HTTP/1.1" 404 18012 "-" "Mozilla/5.0 (compatible; SemrushBot/7~bl; +http://www.semrush.com/bot.html)"
66.29.132.124 - - [12/Jan/2025:09:15:51 -0500] "POST /wp-admin/admin-ajax.php?action=async_litespeed&nonce=N3geDMbVRBbYP6c7PLq9fKCOPRC0etJy&litespeed_type=imgoptm HTTP/1.1" 200 21 "-" "WordPress/6.7.1; https://misswavenigeria.com"
165.231.182.52 - - [12/Jan/2025:09:15:52 -0500] "GET / HTTP/1.0" 200 109065 "https://misswavenigeria.com/" "Mozilla/5.0 (Windows NT 10.0; Win64; x64) AppleWebKit/537.36 (KHTML, like Gecko) Chrome/103.0.5042.0 Safari/537.36"
185.191.171.9 - - [12/Jan/2025:09:15:53 -0500] "GET /goods/3093488 HTTP/1.1" 404 18012 "-" "Mozilla/5.0 (compatible; SemrushBot/7~bl; +http://www.semrush.com/bot.html)"
165.231.182.52 - - [12/Jan/2025:09:15:55 -0500] "GET /register/ HTTP/1.0" 200 75934 "https://misswavenigeria.com/register/" "Mozilla/5.0 (Windows NT 10.0; Win64; x64) AppleWebKit/537.36 (KHTML, like Gecko) Chrome/103.0.5042.0 Safari/537.36"
66.249.68.67 - - [12/Jan/2025:09:17:08 -0500] "GET /?product=septet16801619-196 HTTP/1.1" 200 69780 "-" "Mozilla/5.0 (Linux; Android 6.0.1; Nexus 5X Build/MMB29P) AppleWebKit/537.36 (KHTML, like Gecko) Chrome/131.0.6778.264 Mobile Safari/537.36 (compatible; Googlebot/2.1; +http://www.google.com/bot.html)"
165.231.182.52 - - [12/Jan/2025:09:15:57 -0500] "POST /register/ HTTP/1.0" 200 0 "https://misswavenigeria.com/register/" "Mozilla/5.0 (Windows NT 10.0; Win64; x64) AppleWebKit/537.36 (KHTML, like Gecko) Chrome/103.0.5042.0 Safari/537.36"
165.231.182.52 - - [12/Jan/2025:09:18:28 -0500] "GET /register/ HTTP/1.0" 200 75934 "https://misswavenigeria.com/" "Mozilla/5.0 (Windows NT 10.0; Win64; x64) AppleWebKit/537.36 (KHTML, like Gecko) Chrome/103.0.5042.0 Safari/537.36"
165.231.182.52 - - [12/Jan/2025:09:18:51 -0500] "GET / HTTP/1.0" 200 109065 "https://misswavenigeria.com/" "Mozilla/5.0 (Windows NT 10.0) AppleWebKit/537.36 (KHTML, like Gecko) Chrome/103.0.0.0 Safari/537.36"
165.231.182.52 - - [12/Jan/2025:09:18:53 -0500] "GET /register/ HTTP/1.0" 200 75934 "https://misswavenigeria.com/register/" "Mozilla/5.0 (Windows NT 10.0) AppleWebKit/537.36 (KHTML, like Gecko) Chrome/103.0.0.0 Safari/537.36"
66.29.132.124 - - [12/Jan/2025:09:18:55 -0500] "POST /wp-cron.php?doing_wp_cron=1736691535.3045759201049804687500 HTTP/1.1" 200 0 "-" "WordPress/6.7.1; https://misswavenigeria.com"
66.29.132.124 - - [12/Jan/2025:09:18:55 -0500] "POST /wp-admin/admin-ajax.php?action=async_litespeed&nonce=k4oQpVF63sJtww2t7Uoqi2JlFEpaz3Lz&litespeed_type=imgoptm HTTP/1.1" 200 21 "-" "WordPress/6.7.1; https://misswavenigeria.com"
85.208.96.196 - - [12/Jan/2025:09:19:44 -0500] "GET /robots.txt HTTP/1.1" 200 142 "-" "Mozilla/5.0 (compatible; SemrushBot/7~bl; +http://www.semrush.com/bot.html)"
66.29.132.124 - - [12/Jan/2025:09:20:01 -0500] "POST /wp-cron.php?doing_wp_cron=1736691601.3342890739440917968750 HTTP/1.1" 200 0 "-" "WordPress/6.7.1; https://misswavenigeria.com"
185.191.171.4 - - [12/Jan/2025:09:20:01 -0500] "GET /goods/2864071 HTTP/1.1" 404 18012 "-" "Mozilla/5.0 (compatible; SemrushBot/7~bl; +http://www.semrush.com/bot.html)"
66.29.132.124 - - [12/Jan/2025:09:20:01 -0500] "POST /wp-admin/admin-ajax.php?action=async_litespeed&nonce=hAYy4JoQJlMpMsRPW8WSqahOkwaM9OVs&litespeed_type=imgoptm HTTP/1.1" 200 21 "-" "WordPress/6.7.1; https://misswavenigeria.com"
85.208.96.205 - - [12/Jan/2025:09:20:04 -0500] "GET /goods/2833040 HTTP/1.1" 404 18012 "-" "Mozilla/5.0 (compatible; SemrushBot/7~bl; +http://www.semrush.com/bot.html)"
185.191.171.8 - - [12/Jan/2025:09:20:07 -0500] "GET /goods/80352 HTTP/1.1" 404 18012 "-" "Mozilla/5.0 (compatible; SemrushBot/7~bl; +http://www.semrush.com/bot.html)"
185.191.171.13 - - [12/Jan/2025:09:20:10 -0500] "GET /goods/3800278 HTTP/1.1" 404 18011 "-" "Mozilla/5.0 (compatible; SemrushBot/7~bl; +http://www.semrush.com/bot.html)"
66.249.79.4 - - [12/Jan/2025:09:20:21 -0500] "GET /goods/I728632?k=product HTTP/1.1" 200 71080 "-" "Mozilla/5.0 (Linux; Android 6.0.1; Nexus 5X Build/MMB29P) AppleWebKit/537.36 (KHTML, like Gecko) Chrome/131.0.6778.264 Mobile Safari/537.36 (compatible; Googlebot/2.1; +http://www.google.com/bot.html)"
165.231.182.52 - - [12/Jan/2025:09:18:55 -0500] "POST /register/ HTTP/1.0" 200 76060 "https://misswavenigeria.com/register/" "Mozilla/5.0 (Windows NT 10.0) AppleWebKit/537.36 (KHTML, like Gecko) Chrome/103.0.0.0 Safari/537.36"
66.29.132.124 - - [12/Jan/2025:09:21:13 -0500] "POST /wp-cron.php?doing_wp_cron=1736691673.0799829959869384765625 HTTP/1.1" 200 0 "-" "WordPress/6.7.1; https://misswavenigeria.com"
165.231.182.52 - - [12/Jan/2025:09:21:12 -0500] "GET /register/ HTTP/1.0" 200 75934 "https://misswavenigeria.com/" "Mozilla/5.0 (Windows NT 10.0) AppleWebKit/537.36 (KHTML, like Gecko) Chrome/103.0.0.0 Safari/537.36"
66.29.132.124 - - [12/Jan/2025:09:21:13 -0500] "POST /wp-admin/admin-ajax.php?action=async_litespeed&nonce=BRlb9WrbBfZMUi0FvW1kT0O9zFGaZHwc&litespeed_type=imgoptm HTTP/1.1" 200 21 "-" "WordPress/6.7.1; https://misswavenigeria.com"
66.29.132.124 - - [12/Jan/2025:09:21:48 -0500] "POST /wp-cron.php?doing_wp_cron=1736691708.4020910263061523437500 HTTP/1.1" 200 0 "-" "WordPress/6.7.1; https://misswavenigeria.com"
165.231.182.52 - - [12/Jan/2025:09:21:48 -0500] "GET / HTTP/1.0" 200 109067 "https://misswavenigeria.com/" "Mozilla/5.0 (Windows NT 6.1; WOW64) AppleWebKit/537.36 (KHTML, like Gecko) Chrome/103.0.0.0 Safari/537.36"
165.231.182.52 - - [12/Jan/2025:09:21:50 -0500] "GET /register/ HTTP/1.0" 200 75934 "https://misswavenigeria.com/register/" "Mozilla/5.0 (Windows NT 6.1; WOW64) AppleWebKit/537.36 (KHTML, like Gecko) Chrome/103.0.0.0 Safari/537.36"
66.29.132.124 - - [12/Jan/2025:09:21:52 -0500] "POST /wp-cron.php?doing_wp_cron=1736691712.6980330944061279296875 HTTP/1.1" 200 0 "-" "WordPress/6.7.1; https://misswavenigeria.com"
66.29.132.124 - - [12/Jan/2025:09:21:52 -0500] "POST /wp-admin/admin-ajax.php?action=async_litespeed&nonce=YhnPecD5Ijx5ua8PeQdxUYmSuJqaI2NV&litespeed_type=imgoptm HTTP/1.1" 200 21 "-" "WordPress/6.7.1; https://misswavenigeria.com"
85.208.96.195 - - [12/Jan/2025:09:22:02 -0500] "GET /goods/3760392 HTTP/1.1" 404 18012 "-" "Mozilla/5.0 (compatible; SemrushBot/7~bl; +http://www.semrush.com/bot.html)"
66.249.68.67 - - [12/Jan/2025:09:22:12 -0500] "GET /goods/2610335 HTTP/1.1" 200 68204 "-" "Mozilla/5.0 (Linux; Android 6.0.1; Nexus 5X Build/MMB29P) AppleWebKit/537.36 (KHTML, like Gecko) Chrome/131.0.6778.264 Mobile Safari/537.36 (compatible; Googlebot/2.1; +http://www.google.com/bot.html)"
66.249.79.4 - - [12/Jan/2025:09:22:15 -0500] "GET /shopping/A398944?c=500 HTTP/1.1" 200 70821 "-" "Mozilla/5.0 (Linux; Android 6.0.1; Nexus 5X Build/MMB29P) AppleWebKit/537.36 (KHTML, like Gecko) Chrome/131.0.6778.264 Mobile Safari/537.36 (compatible; Googlebot/2.1; +http://www.google.com/bot.html)"
165.231.182.52 - - [12/Jan/2025:09:21:52 -0500] "POST /register/ HTTP/1.0" 200 76060 "https://misswavenigeria.com/register/" "Mozilla/5.0 (Windows NT 6.1; WOW64) AppleWebKit/537.36 (KHTML, like Gecko) Chrome/103.0.0.0 Safari/537.36"
66.29.132.124 - - [12/Jan/2025:09:23:50 -0500] "POST /wp-cron.php?doing_wp_cron=1736691830.0021440982818603515625 HTTP/1.1" 200 0 "-" "WordPress/6.7.1; https://misswavenigeria.com"
165.231.182.52 - - [12/Jan/2025:09:23:49 -0500] "GET /register/ HTTP/1.0" 200 75934 "https://misswavenigeria.com/" "Mozilla/5.0 (Windows NT 6.1; WOW64) AppleWebKit/537.36 (KHTML, like Gecko) Chrome/103.0.0.0 Safari/537.36"
66.29.132.124 - - [12/Jan/2025:09:23:50 -0500] "POST /wp-admin/admin-ajax.php?action=async_litespeed&nonce=tIUksLmR0Aqx1aRvfwhiJ0fGUfdsF5FL&litespeed_type=imgoptm HTTP/1.1" 200 21 "-" "WordPress/6.7.1; https://misswavenigeria.com"
66.29.132.124 - - [12/Jan/2025:09:23:56 -0500] "POST /wp-cron.php?doing_wp_cron=1736691836.7240440845489501953125 HTTP/1.1" 200 0 "-" "WordPress/6.7.1; https://misswavenigeria.com"
185.191.171.2 - - [12/Jan/2025:09:23:56 -0500] "GET /goods/3039230 HTTP/1.1" 404 18012 "-" "Mozilla/5.0 (compatible; SemrushBot/7~bl; +http://www.semrush.com/bot.html)"
66.249.68.67 - - [12/Jan/2025:09:24:36 -0500] "GET /goods/1785559 HTTP/1.1" 200 69050 "-" "Mozilla/5.0 (Linux; Android 6.0.1; Nexus 5X Build/MMB29P) AppleWebKit/537.36 (KHTML, like Gecko) Chrome/131.0.6778.264 Mobile Safari/537.36 (compatible; Googlebot/2.1; +http://www.google.com/bot.html)"
66.29.132.124 - - [12/Jan/2025:09:24:42 -0500] "POST /wp-cron.php?doing_wp_cron=1736691882.4036769866943359375000 HTTP/1.1" 200 0 "-" "WordPress/6.7.1; https://misswavenigeria.com"
165.231.182.52 - - [12/Jan/2025:09:24:42 -0500] "GET / HTTP/1.0" 200 109067 "https://misswavenigeria.com/" "Mozilla/5.0 (Windows NT 10.0) AppleWebKit/537.36 (KHTML, like Gecko) Chrome/103.0.0.0 Safari/537.36"
165.231.182.52 - - [12/Jan/2025:09:24:44 -0500] "GET /register/ HTTP/1.0" 200 75934 "https://misswavenigeria.com/register/" "Mozilla/5.0 (Windows NT 10.0) AppleWebKit/537.36 (KHTML, like Gecko) Chrome/103.0.0.0 Safari/537.36"
66.249.68.67 - - [12/Jan/2025:09:25:38 -0500] "GET /?product=traverse4397626-901?keyword=%E3%80%90%E3%83%96%E3%83%A9%E3%83%B3%E3%83%89%E3%82%BF%E3%82%B0%E4%BB%98%E3%80%91 HTTP/1.1" 200 69468 "-" "Mozilla/5.0 (Linux; Android 6.0.1; Nexus 5X Build/MMB29P) AppleWebKit/537.36 (KHTML, like Gecko) Chrome/131.0.6778.264 Mobile Safari/537.36 (compatible; Googlebot/2.1; +http://www.google.com/bot.html)"
66.249.68.67 - - [12/Jan/2025:09:25:59 -0500] "GET /goods/1817388 HTTP/1.1" 200 68482 "-" "Mozilla/5.0 (Linux; Android 6.0.1; Nexus 5X Build/MMB29P) AppleWebKit/537.36 (KHTML, like Gecko) Chrome/131.0.6778.264 Mobile Safari/537.36 (compatible; Googlebot/2.1; +http://www.google.com/bot.html)"
165.231.182.52 - - [12/Jan/2025:09:24:46 -0500] "POST /register/ HTTP/1.0" 200 76060 "https://misswavenigeria.com/register/" "Mozilla/5.0 (Windows NT 10.0) AppleWebKit/537.36 (KHTML, like Gecko) Chrome/103.0.0.0 Safari/537.36"
66.29.132.124 - - [12/Jan/2025:09:26:42 -0500] "POST /wp-cron.php?doing_wp_cron=1736692002.6839039325714111328125 HTTP/1.1" 200 0 "-" "WordPress/6.7.1; https://misswavenigeria.com"
165.231.182.52 - - [12/Jan/2025:09:26:42 -0500] "GET /register/ HTTP/1.0" 200 75934 "https://misswavenigeria.com/" "Mozilla/5.0 (Windows NT 10.0) AppleWebKit/537.36 (KHTML, like Gecko) Chrome/103.0.0.0 Safari/537.36"
66.29.132.124 - - [12/Jan/2025:09:26:43 -0500] "POST /wp-admin/admin-ajax.php?action=async_litespeed&nonce=JGMcSkZxtBB8kqsGgG4KdsuxPdPYj5hA&litespeed_type=imgoptm HTTP/1.1" 200 21 "-" "WordPress/6.7.1; https://misswavenigeria.com"
66.249.68.68 - - [12/Jan/2025:09:27:22 -0500] "GET /goods/2623767?keyword=%E4%BD%8F%E3%81%BE%E3%81%84%E3%80%81%E3%82%A4%E3%83%B3%E3%83%86%E3%83%AA%E3%82%A2 HTTP/1.1" 200 74222 "-" "Mozilla/5.0 (Linux; Android 6.0.1; Nexus 5X Build/MMB29P) AppleWebKit/537.36 (KHTML, like Gecko) Chrome/131.0.6778.264 Mobile Safari/537.36 (compatible; Googlebot/2.1; +http://www.google.com/bot.html)"
66.249.68.68 - - [12/Jan/2025:09:27:23 -0500] "GET /?product=rouge1597210-738?keyword=%E6%96%B0%E5%93%81%E3%82%BF%E3%82%B0%E4%BB%98%E6%9C%AA%E4%BD%BF%E7%94%A8 HTTP/1.1" 200 70436 "-" "Mozilla/5.0 (Linux; Android 6.0.1; Nexus 5X Build/MMB29P) AppleWebKit/537.36 (KHTML, like Gecko) Chrome/131.0.6778.264 Mobile Safari/537.36 (compatible; Googlebot/2.1; +http://www.google.com/bot.html)"
66.29.132.124 - - [12/Jan/2025:09:27:40 -0500] "POST /wp-cron.php?doing_wp_cron=1736692060.5072669982910156250000 HTTP/1.1" 200 0 "-" "WordPress/6.7.1; https://misswavenigeria.com"
165.231.182.52 - - [12/Jan/2025:09:27:40 -0500] "GET / HTTP/1.0" 200 109065 "https://misswavenigeria.com/" "Mozilla/5.0 (Windows NT 6.3; Win64; x64) AppleWebKit/537.36 (KHTML, like Gecko) Chrome/103.0.5060.114 Safari/537.36"
66.29.132.124 - - [12/Jan/2025:09:27:40 -0500] "POST /wp-admin/admin-ajax.php?action=async_litespeed&nonce=OLSKsFE1VLUvNfNVSyYhxodPWcuap4p0&litespeed_type=imgoptm HTTP/1.1" 200 21 "-" "WordPress/6.7.1; https://misswavenigeria.com"
165.231.182.52 - - [12/Jan/2025:09:27:42 -0500] "GET /register/ HTTP/1.0" 200 75934 "https://misswavenigeria.com/register/" "Mozilla/5.0 (Windows NT 6.3; Win64; x64) AppleWebKit/537.36 (KHTML, like Gecko) Chrome/103.0.5060.114 Safari/537.36"
66.29.132.124 - - [12/Jan/2025:09:28:04 -0500] "POST /wp-cron.php?doing_wp_cron=1736692084.9304900169372558593750 HTTP/1.1" 200 0 "-" "WordPress/6.7.1; https://misswavenigeria.com"
85.208.96.201 - - [12/Jan/2025:09:28:04 -0500] "GET /goods/1661262 HTTP/1.1" 404 18019 "-" "Mozilla/5.0 (compatible; SemrushBot/7~bl; +http://www.semrush.com/bot.html)"
66.29.132.124 - - [12/Jan/2025:09:28:05 -0500] "POST /wp-admin/admin-ajax.php?action=async_litespeed&nonce=f1vXYExtpmcai0pcL2MiQQ7j0u0Ua7dk&litespeed_type=imgoptm HTTP/1.1" 200 21 "-" "WordPress/6.7.1; https://misswavenigeria.com"
85.208.96.196 - - [12/Jan/2025:09:28:07 -0500] "GET /goods/1759946 HTTP/1.1" 404 18012 "-" "Mozilla/5.0 (compatible; SemrushBot/7~bl; +http://www.semrush.com/bot.html)"
185.191.171.13 - - [12/Jan/2025:09:28:10 -0500] "GET /goods/4204481 HTTP/1.1" 404 18011 "-" "Mozilla/5.0 (compatible; SemrushBot/7~bl; +http://www.semrush.com/bot.html)"
85.208.96.203 - - [12/Jan/2025:09:28:12 -0500] "GET /goods/2495766 HTTP/1.1" 404 18011 "-" "Mozilla/5.0 (compatible; SemrushBot/7~bl; +http://www.semrush.com/bot.html)"
66.249.68.69 - - [12/Jan/2025:09:28:12 -0500] "GET /?product=rouge1597210-738?keyword=NUPTSE HTTP/1.1" 200 81773 "-" "Mozilla/5.0 (Linux; Android 6.0.1; Nexus 5X Build/MMB29P) AppleWebKit/537.36 (KHTML, like Gecko) Chrome/131.0.6778.264 Mobile Safari/537.36 (compatible; Googlebot/2.1; +http://www.google.com/bot.html)"
85.208.96.212 - - [12/Jan/2025:09:28:14 -0500] "GET /goods/254746 HTTP/1.1" 404 18012 "-" "Mozilla/5.0 (compatible; SemrushBot/7~bl; +http://www.semrush.com/bot.html)"
66.249.68.68 - - [12/Jan/2025:09:28:33 -0500] "GET /goods/4457574 HTTP/1.1" 200 69737 "-" "Mozilla/5.0 (Linux; Android 6.0.1; Nexus 5X Build/MMB29P) AppleWebKit/537.36 (KHTML, like Gecko) Chrome/131.0.6778.264 Mobile Safari/537.36 (compatible; Googlebot/2.1; +http://www.google.com/bot.html)"
165.231.182.52 - - [12/Jan/2025:09:27:44 -0500] "POST /register/ HTTP/1.0" 200 76060 "https://misswavenigeria.com/register/" "Mozilla/5.0 (Windows NT 6.3; Win64; x64) AppleWebKit/537.36 (KHTML, like Gecko) Chrome/103.0.5060.114 Safari/537.36"
66.29.132.124 - - [12/Jan/2025:09:29:29 -0500] "POST /wp-cron.php?doing_wp_cron=1736692169.2358291149139404296875 HTTP/1.1" 200 0 "-" "WordPress/6.7.1; https://misswavenigeria.com"
165.231.182.52 - - [12/Jan/2025:09:29:28 -0500] "GET /register/ HTTP/1.0" 200 75934 "https://misswavenigeria.com/" "Mozilla/5.0 (Windows NT 6.3; Win64; x64) AppleWebKit/537.36 (KHTML, like Gecko) Chrome/103.0.5060.114 Safari/537.36"
66.29.132.124 - - [12/Jan/2025:09:29:29 -0500] "POST /wp-admin/admin-ajax.php?action=async_litespeed&nonce=T4fOvYM91JqGQZf3VJgsBLuLyyICQzYp&litespeed_type=imgoptm HTTP/1.1" 200 21 "-" "WordPress/6.7.1; https://misswavenigeria.com"
47.128.111.243 - - [12/Jan/2025:09:29:30 -0500] "GET /wp-includes/rest-api/endpoints/class-wp-rest-users-controller.php HTTP/1.1" 500 0 "-" "Mozilla/5.0 (Linux; Android 5.0) AppleWebKit/537.36 (KHTML, like Gecko) Mobile Safari/537.36 (compatible; Bytespider; spider-feedback@bytedance.com)"
66.29.132.124 - - [12/Jan/2025:09:30:19 -0500] "POST /wp-cron.php?doing_wp_cron=1736692219.2907159328460693359375 HTTP/1.1" 200 0 "-" "WordPress/6.7.1; https://misswavenigeria.com"
185.191.171.9 - - [12/Jan/2025:09:30:19 -0500] "GET /goods/2072927 HTTP/1.1" 404 18012 "-" "Mozilla/5.0 (compatible; SemrushBot/7~bl; +http://www.semrush.com/bot.html)"
66.29.132.124 - - [12/Jan/2025:09:30:19 -0500] "POST /wp-admin/admin-ajax.php?action=async_litespeed&nonce=wRjKtcjaDkhLS3abFDA4l5BuO9JsSg6p&litespeed_type=imgoptm HTTP/1.1" 200 21 "-" "WordPress/6.7.1; https://misswavenigeria.com"
85.208.96.205 - - [12/Jan/2025:09:30:21 -0500] "GET /goods/785776 HTTP/1.1" 404 18012 "-" "Mozilla/5.0 (compatible; SemrushBot/7~bl; +http://www.semrush.com/bot.html)"
66.29.132.124 - - [12/Jan/2025:09:30:35 -0500] "POST /wp-cron.php?doing_wp_cron=1736692235.7092010974884033203125 HTTP/1.1" 200 0 "-" "WordPress/6.7.1; https://misswavenigeria.com"
165.231.182.52 - - [12/Jan/2025:09:30:35 -0500] "GET / HTTP/1.0" 200 109067 "https://misswavenigeria.com/" "Mozilla/5.0 (Windows NT 10.0; Win64; x64) AppleWebKit/537.36 (KHTML, like Gecko) Chrome/103.0.0.0 Safari/537.36"
165.231.182.52 - - [12/Jan/2025:09:30:37 -0500] "GET /register/ HTTP/1.0" 200 75934 "https://misswavenigeria.com/register/" "Mozilla/5.0 (Windows NT 10.0; Win64; x64) AppleWebKit/537.36 (KHTML, like Gecko) Chrome/103.0.0.0 Safari/537.36"
165.231.182.52 - - [12/Jan/2025:09:30:39 -0500] "POST /register/ HTTP/1.0" 200 76060 "https://misswavenigeria.com/register/" "Mozilla/5.0 (Windows NT 10.0; Win64; x64) AppleWebKit/537.36 (KHTML, like Gecko) Chrome/103.0.0.0 Safari/537.36"
66.29.132.124 - - [12/Jan/2025:09:32:11 -0500] "POST /wp-cron.php?doing_wp_cron=1736692331.4632198810577392578125 HTTP/1.1" 200 0 "-" "WordPress/6.7.1; https://misswavenigeria.com"
165.231.182.52 - - [12/Jan/2025:09:32:11 -0500] "GET /register/ HTTP/1.0" 200 75934 "https://misswavenigeria.com/" "Mozilla/5.0 (Windows NT 10.0; Win64; x64) AppleWebKit/537.36 (KHTML, like Gecko) Chrome/103.0.0.0 Safari/537.36"
66.29.132.124 - - [12/Jan/2025:09:32:11 -0500] "POST /wp-admin/admin-ajax.php?action=async_litespeed&nonce=JgJbEmLDpmNr9fW5ISTPlmcRonazpS4X&litespeed_type=imgoptm HTTP/1.1" 200 21 "-" "WordPress/6.7.1; https://misswavenigeria.com"
66.29.132.124 - - [12/Jan/2025:09:32:26 -0500] "POST /wp-cron.php?doing_wp_cron=1736692346.7852499485015869140625 HTTP/1.1" 200 0 "-" "WordPress/6.7.1; https://misswavenigeria.com"
185.191.171.15 - - [12/Jan/2025:09:32:26 -0500] "GET /goods/1892385 HTTP/1.1" 404 18011 "-" "Mozilla/5.0 (compatible; SemrushBot/7~bl; +http://www.semrush.com/bot.html)"
66.249.79.3 - - [12/Jan/2025:09:32:25 -0500] "GET /goods/R942647?k=product HTTP/1.1" 200 69488 "-" "Mozilla/5.0 (Linux; Android 6.0.1; Nexus 5X Build/MMB29P) AppleWebKit/537.36 (KHTML, like Gecko) Chrome/131.0.6778.264 Mobile Safari/537.36 (compatible; Googlebot/2.1; +http://www.google.com/bot.html)"
66.249.68.69 - - [12/Jan/2025:09:32:25 -0500] "GET /goods/4671939?keyword=%E2%96%BD?keyword=%E7%8E%8B%E5%86%A0 HTTP/1.1" 200 68833 "-" "Mozilla/5.0 (Linux; Android 6.0.1; Nexus 5X Build/MMB29P) AppleWebKit/537.36 (KHTML, like Gecko) Chrome/131.0.6778.264 Mobile Safari/537.36 (compatible; Googlebot/2.1; +http://www.google.com/bot.html)"
66.249.68.67 - - [12/Jan/2025:09:32:26 -0500] "GET /goods/1263516 HTTP/1.1" 200 70993 "-" "Mozilla/5.0 (Linux; Android 6.0.1; Nexus 5X Build/MMB29P) AppleWebKit/537.36 (KHTML, like Gecko) Chrome/131.0.6778.264 Mobile Safari/537.36 (compatible; Googlebot/2.1; +http://www.google.com/bot.html)"
66.249.68.68 - - [12/Jan/2025:09:32:27 -0500] "GET /goods/2036244 HTTP/1.1" 200 68100 "-" "Mozilla/5.0 (Linux; Android 6.0.1; Nexus 5X Build/MMB29P) AppleWebKit/537.36 (KHTML, like Gecko) Chrome/131.0.6778.264 Mobile Safari/537.36 (compatible; Googlebot/2.1; +http://www.google.com/bot.html)"
85.208.96.209 - - [12/Jan/2025:09:32:29 -0500] "GET /goods/2309549 HTTP/1.1" 404 18011 "-" "Mozilla/5.0 (compatible; SemrushBot/7~bl; +http://www.semrush.com/bot.html)"
85.208.96.195 - - [12/Jan/2025:09:32:31 -0500] "GET /goods/1955200 HTTP/1.1" 404 18012 "-" "Mozilla/5.0 (compatible; SemrushBot/7~bl; +http://www.semrush.com/bot.html)"
85.208.96.198 - - [12/Jan/2025:09:32:33 -0500] "GET /goods/542835 HTTP/1.1" 404 18012 "-" "Mozilla/5.0 (compatible; SemrushBot/7~bl; +http://www.semrush.com/bot.html)"
85.208.96.198 - - [12/Jan/2025:09:32:34 -0500] "GET /goods/1738014 HTTP/1.1" 404 18012 "-" "Mozilla/5.0 (compatible; SemrushBot/7~bl; +http://www.semrush.com/bot.html)"
85.208.96.206 - - [12/Jan/2025:09:32:36 -0500] "GET /goods/3103129 HTTP/1.1" 404 18011 "-" "Mozilla/5.0 (compatible; SemrushBot/7~bl; +http://www.semrush.com/bot.html)"
185.191.171.19 - - [12/Jan/2025:09:32:38 -0500] "GET /goods/4588196 HTTP/1.1" 404 18012 "-" "Mozilla/5.0 (compatible; SemrushBot/7~bl; +http://www.semrush.com/bot.html)"
47.128.35.78 - - [12/Jan/2025:09:33:30 -0500] "GET /wp-includes/class-snoopy.php HTTP/1.1" 500 0 "-" "Mozilla/5.0 (Linux; Android 5.0) AppleWebKit/537.36 (KHTML, like Gecko) Mobile Safari/537.36 (compatible; Bytespider; spider-feedback@bytedance.com)"
66.29.132.124 - - [12/Jan/2025:09:33:36 -0500] "POST /wp-cron.php?doing_wp_cron=1736692416.3206219673156738281250 HTTP/1.1" 200 0 "-" "WordPress/6.7.1; https://misswavenigeria.com"
165.231.182.52 - - [12/Jan/2025:09:33:36 -0500] "GET / HTTP/1.0" 200 109067 "https://misswavenigeria.com/" "Mozilla/5.0 (Windows NT 6.1; Win64; x64) AppleWebKit/537.36 (KHTML, like Gecko) Chrome/103.0.5060.114 Safari/537.36"
66.29.132.124 - - [12/Jan/2025:09:33:36 -0500] "POST /wp-admin/admin-ajax.php?action=async_litespeed&nonce=UVOfYeRp26Tu4wbm7AD4q1NLQ3Zl9lOm&litespeed_type=imgoptm HTTP/1.1" 200 21 "-" "WordPress/6.7.1; https://misswavenigeria.com"
165.231.182.52 - - [12/Jan/2025:09:33:38 -0500] "GET /register/ HTTP/1.0" 200 75934 "https://misswavenigeria.com/register/" "Mozilla/5.0 (Windows NT 6.1; Win64; x64) AppleWebKit/537.36 (KHTML, like Gecko) Chrome/103.0.5060.114 Safari/537.36"
66.249.68.69 - - [12/Jan/2025:09:33:47 -0500] "GET /goods/213029 HTTP/1.1" 200 69590 "-" "Mozilla/5.0 (Linux; Android 6.0.1; Nexus 5X Build/MMB29P) AppleWebKit/537.36 (KHTML, like Gecko) Chrome/131.0.6778.264 Mobile Safari/537.36 (compatible; Googlebot/2.1; +http://www.google.com/bot.html)"
66.249.79.2 - - [12/Jan/2025:09:33:49 -0500] "GET /goods/K454594?k=product HTTP/1.1" 200 68300 "-" "Mozilla/5.0 (Linux; Android 6.0.1; Nexus 5X Build/MMB29P) AppleWebKit/537.36 (KHTML, like Gecko) Chrome/131.0.6778.264 Mobile Safari/537.36 (compatible; Googlebot/2.1; +http://www.google.com/bot.html)"
66.29.132.124 - - [12/Jan/2025:09:34:32 -0500] "POST /wp-cron.php?doing_wp_cron=1736692472.5435590744018554687500 HTTP/1.1" 200 0 "-" "WordPress/6.7.1; https://misswavenigeria.com"
85.208.96.206 - - [12/Jan/2025:09:34:32 -0500] "GET /goods/1046320 HTTP/1.1" 404 18011 "-" "Mozilla/5.0 (compatible; SemrushBot/7~bl; +http://www.semrush.com/bot.html)"
66.29.132.124 - - [12/Jan/2025:09:34:33 -0500] "POST /wp-admin/admin-ajax.php?action=async_litespeed&nonce=RP3T9bK4LkUny1LzM7zeCX4IXL1m1vyZ&litespeed_type=imgoptm HTTP/1.1" 200 21 "-" "WordPress/6.7.1; https://misswavenigeria.com"
85.208.96.202 - - [12/Jan/2025:09:34:34 -0500] "GET /goods/3805235 HTTP/1.1" 404 18011 "-" "Mozilla/5.0 (compatible; SemrushBot/7~bl; +http://www.semrush.com/bot.html)"
185.191.171.7 - - [12/Jan/2025:09:34:37 -0500] "GET /goods/1279382 HTTP/1.1" 404 18011 "-" "Mozilla/5.0 (compatible; SemrushBot/7~bl; +http://www.semrush.com/bot.html)"
85.208.96.210 - - [12/Jan/2025:09:34:43 -0500] "GET /goods/412230 HTTP/1.1" 404 18012 "-" "Mozilla/5.0 (compatible; SemrushBot/7~bl; +http://www.semrush.com/bot.html)"
66.29.132.124 - - [12/Jan/2025:09:35:05 -0500] "POST /wp-cron.php?doing_wp_cron=1736692505.3518049716949462890625 HTTP/1.1" 200 0 "-" "WordPress/6.7.1; https://misswavenigeria.com"
185.191.171.10 - - [12/Jan/2025:09:35:04 -0500] "GET /goods/940090 HTTP/1.1" 404 18012 "-" "Mozilla/5.0 (compatible; SemrushBot/7~bl; +http://www.semrush.com/bot.html)"
66.29.132.124 - - [12/Jan/2025:09:35:06 -0500] "POST /wp-admin/admin-ajax.php?action=async_litespeed&nonce=Pk0aHdBKgqmrwDyoc7RAx8F1zv5qQeG7&litespeed_type=imgoptm HTTP/1.1" 200 21 "-" "WordPress/6.7.1; https://misswavenigeria.com"
185.191.171.7 - - [12/Jan/2025:09:35:09 -0500] "GET /goods/2850777 HTTP/1.1" 404 18011 "-" "Mozilla/5.0 (compatible; SemrushBot/7~bl; +http://www.semrush.com/bot.html)"
185.191.171.10 - - [12/Jan/2025:09:35:12 -0500] "GET /goods/2876076 HTTP/1.1" 404 18011 "-" "Mozilla/5.0 (compatible; SemrushBot/7~bl; +http://www.semrush.com/bot.html)"
85.208.96.210 - - [12/Jan/2025:09:35:17 -0500] "GET /goods/1000279 HTTP/1.1" 404 18012 "-" "Mozilla/5.0 (compatible; SemrushBot/7~bl; +http://www.semrush.com/bot.html)"
66.249.68.67 - - [12/Jan/2025:09:35:23 -0500] "GET /static/2298643?keyword=%E3%83%91%E3%83%B3%E3%83%84?keyword=%E5%A4%A7%E3%82%BD%E3%83%BC%E3%82%B9%E3%83%91%E3%83%B3 HTTP/1.1" 200 69707 "-" "Mozilla/5.0 (Linux; Android 6.0.1; Nexus 5X Build/MMB29P) AppleWebKit/537.36 (KHTML, like Gecko) Chrome/131.0.6778.264 Mobile Safari/537.36 (compatible; Googlebot/2.1; +http://www.google.com/bot.html)"
165.231.182.52 - - [12/Jan/2025:09:33:40 -0500] "POST /register/ HTTP/1.0" 200 76060 "https://misswavenigeria.com/register/" "Mozilla/5.0 (Windows NT 6.1; Win64; x64) AppleWebKit/537.36 (KHTML, like Gecko) Chrome/103.0.5060.114 Safari/537.36"
66.29.132.124 - - [12/Jan/2025:09:35:50 -0500] "POST /wp-cron.php?doing_wp_cron=1736692550.5816369056701660156250 HTTP/1.1" 200 0 "-" "WordPress/6.7.1; https://misswavenigeria.com"
165.231.182.52 - - [12/Jan/2025:09:35:50 -0500] "GET /register/ HTTP/1.0" 200 75934 "https://misswavenigeria.com/" "Mozilla/5.0 (Windows NT 6.1; Win64; x64) AppleWebKit/537.36 (KHTML, like Gecko) Chrome/103.0.5060.114 Safari/537.36"
66.29.132.124 - - [12/Jan/2025:09:35:50 -0500] "POST /wp-admin/admin-ajax.php?action=async_litespeed&nonce=w3Z74PSJScD5GBDE7huqIHaPitBB1bwI&litespeed_type=imgoptm HTTP/1.1" 200 21 "-" "WordPress/6.7.1; https://misswavenigeria.com"
66.29.132.124 - - [12/Jan/2025:09:36:39 -0500] "POST /wp-cron.php?doing_wp_cron=1736692599.6076490879058837890625 HTTP/1.1" 200 0 "-" "WordPress/6.7.1; https://misswavenigeria.com"
165.231.182.52 - - [12/Jan/2025:09:36:39 -0500] "GET / HTTP/1.0" 200 109067 "https://misswavenigeria.com/" "Mozilla/5.0 (Windows NT 6.3; WOW64) AppleWebKit/537.36 (KHTML, like Gecko) Chrome/103.0.0.0 Safari/537.36"
165.231.182.52 - - [12/Jan/2025:09:36:42 -0500] "GET /register/ HTTP/1.0" 200 75934 "https://misswavenigeria.com/register/" "Mozilla/5.0 (Windows NT 6.3; WOW64) AppleWebKit/537.36 (KHTML, like Gecko) Chrome/103.0.0.0 Safari/537.36"
66.29.132.124 - - [12/Jan/2025:09:37:24 -0500] "POST /wp-cron.php?doing_wp_cron=1736692643.6104109287261962890625 HTTP/1.1" 200 0 "-" "WordPress/6.7.1; https://misswavenigeria.com"
85.208.96.193 - - [12/Jan/2025:09:37:23 -0500] "GET /goods/405454 HTTP/1.1" 404 18012 "-" "Mozilla/5.0 (compatible; SemrushBot/7~bl; +http://www.semrush.com/bot.html)"
66.29.132.124 - - [12/Jan/2025:09:37:24 -0500] "POST /wp-admin/admin-ajax.php?action=async_litespeed&nonce=8aTcdI1MfWIb0ymuzy21WjcUFvEisQa9&litespeed_type=imgoptm HTTP/1.1" 200 0 "-" "WordPress/6.7.1; https://misswavenigeria.com"
66.29.132.124 - - [12/Jan/2025:09:37:28 -0500] "POST /wp-cron.php?doing_wp_cron=1736692647.9236750602722167968750 HTTP/1.1" 200 0 "-" "WordPress/6.7.1; https://misswavenigeria.com"
185.191.171.8 - - [12/Jan/2025:09:37:27 -0500] "GET /goods/867879 HTTP/1.1" 404 18012 "-" "Mozilla/5.0 (compatible; SemrushBot/7~bl; +http://www.semrush.com/bot.html)"
47.128.99.211 - - [12/Jan/2025:09:37:31 -0500] "GET /wp-includes/block-patterns/social-links-shared-background-color.php HTTP/1.1" 500 0 "-" "Mozilla/5.0 (Linux; Android 5.0) AppleWebKit/537.36 (KHTML, like Gecko) Mobile Safari/537.36 (compatible; Bytespider; spider-feedback@bytedance.com)"
185.191.171.2 - - [12/Jan/2025:09:37:32 -0500] "GET /goods/66041 HTTP/1.1" 404 18012 "-" "Mozilla/5.0 (compatible; SemrushBot/7~bl; +http://www.semrush.com/bot.html)"
66.249.68.69 - - [12/Jan/2025:09:37:55 -0500] "GET /goods/828221 HTTP/1.1" 200 68312 "-" "Mozilla/5.0 (Linux; Android 6.0.1; Nexus 5X Build/MMB29P) AppleWebKit/537.36 (KHTML, like Gecko) Chrome/131.0.6778.264 Mobile Safari/537.36 (compatible; Googlebot/2.1; +http://www.google.com/bot.html)"
