165.231.182.52 - - [12/Jan/2025:03:24:06 -0500] "POST /register/ HTTP/1.0" 200 0 "https://misswavenigeria.com/register/" "Mozilla/5.0 (Windows NT 6.3) AppleWebKit/537.36 (KHTML, like Gecko) Chrome/103.0.0.0 Safari/537.36"
165.231.182.52 - - [12/Jan/2025:03:26:36 -0500] "GET /register/ HTTP/1.0" 200 75934 "https://misswavenigeria.com/" "Mozilla/5.0 (Windows NT 6.3) AppleWebKit/537.36 (KHTML, like Gecko) Chrome/103.0.0.0 Safari/537.36"
165.231.182.52 - - [12/Jan/2025:03:27:00 -0500] "GET / HTTP/1.0" 200 109065 "https://misswavenigeria.com/" "Mozilla/5.0 (Windows NT 10.0; Win64; x64) AppleWebKit/537.36 (KHTML, like Gecko) Chrome/103.0.5060.114 Safari/537.36"
165.231.182.52 - - [12/Jan/2025:03:27:02 -0500] "GET /register/ HTTP/1.0" 200 75934 "https://misswavenigeria.com/register/" "Mozilla/5.0 (Windows NT 10.0; Win64; x64) AppleWebKit/537.36 (KHTML, like Gecko) Chrome/103.0.5060.114 Safari/537.36"
66.29.132.124 - - [12/Jan/2025:03:27:04 -0500] "POST /wp-cron.php?doing_wp_cron=1736670424.6787619590759277343750 HTTP/1.1" 200 0 "-" "WordPress/6.7.1; https://misswavenigeria.com"
66.29.132.124 - - [12/Jan/2025:03:27:05 -0500] "POST /wp-admin/admin-ajax.php?action=async_litespeed&nonce=1nhEqd6vpvHJDHunM33AAdK3EnrYvFjc&litespeed_type=imgoptm HTTP/1.1" 200 0 "-" "WordPress/6.7.1; https://misswavenigeria.com"
66.249.68.68 - - [12/Jan/2025:03:29:32 -0500] "GET /guide/120x196x185mm HTTP/1.1" 200 67432 "-" "Mozilla/5.0 (Linux; Android 6.0.1; Nexus 5X Build/MMB29P) AppleWebKit/537.36 (KHTML, like Gecko) Chrome/131.0.6778.264 Mobile Safari/537.36 (compatible; Googlebot/2.1; +http://www.google.com/bot.html)"
165.231.182.52 - - [12/Jan/2025:03:27:04 -0500] "POST /register/ HTTP/1.0" 200 0 "https://misswavenigeria.com/register/" "Mozilla/5.0 (Windows NT 10.0; Win64; x64) AppleWebKit/537.36 (KHTML, like Gecko) Chrome/103.0.5060.114 Safari/537.36"
165.231.182.52 - - [12/Jan/2025:03:29:34 -0500] "GET /register/ HTTP/1.0" 200 75934 "https://misswavenigeria.com/" "Mozilla/5.0 (Windows NT 10.0; Win64; x64) AppleWebKit/537.36 (KHTML, like Gecko) Chrome/103.0.5060.114 Safari/537.36"
165.231.182.52 - - [12/Jan/2025:03:29:58 -0500] "GET / HTTP/1.0" 200 109065 "https://misswavenigeria.com/" "Mozilla/5.0 (Windows NT 6.3; Win64; x64) AppleWebKit/537.36 (KHTML, like Gecko) Chrome/103.0.5060.66 Safari/537.36"
165.231.182.52 - - [12/Jan/2025:03:30:00 -0500] "GET /register/ HTTP/1.0" 200 75934 "https://misswavenigeria.com/register/" "Mozilla/5.0 (Windows NT 6.3; Win64; x64) AppleWebKit/537.36 (KHTML, like Gecko) Chrome/103.0.5060.66 Safari/537.36"
66.29.132.124 - - [12/Jan/2025:03:30:03 -0500] "POST /wp-cron.php?doing_wp_cron=1736670603.1780359745025634765625 HTTP/1.1" 200 0 "-" "WordPress/6.7.1; https://misswavenigeria.com"
66.29.132.124 - - [12/Jan/2025:03:30:04 -0500] "POST /wp-admin/admin-ajax.php?action=async_litespeed&nonce=Sy68M5r1WS6KswolM9WjKTMc8X75R3cY&litespeed_type=imgoptm HTTP/1.1" 200 21 "-" "WordPress/6.7.1; https://misswavenigeria.com"
66.249.68.67 - - [12/Jan/2025:03:30:31 -0500] "GET /?product=flight4816028-664 HTTP/1.1" 200 68680 "-" "Mozilla/5.0 (Linux; Android 6.0.1; Nexus 5X Build/MMB29P) AppleWebKit/537.36 (KHTML, like Gecko) Chrome/131.0.6778.264 Mobile Safari/537.36 (compatible; Googlebot/2.1; +http://www.google.com/bot.html)"
36.111.67.189 - - [12/Jan/2025:03:31:34 -0500] "GET / HTTP/1.1" 200 24490 "http://misswavenigeria.com" "Mozilla/5.0 (iPhone; CPU iPhone OS 13_2_3 like Mac OS X) AppleWebKit/605.1.15 (KHTML, like Gecko) Version/13.0.3 Mobile/15E148 Safari/604.1"
165.231.182.52 - - [12/Jan/2025:03:30:01 -0500] "POST /register/ HTTP/1.0" 200 0 "https://misswavenigeria.com/register/" "Mozilla/5.0 (Windows NT 6.3; Win64; x64) AppleWebKit/537.36 (KHTML, like Gecko) Chrome/103.0.5060.66 Safari/537.36"
165.231.182.52 - - [12/Jan/2025:03:32:32 -0500] "GET /register/ HTTP/1.0" 200 75934 "https://misswavenigeria.com/" "Mozilla/5.0 (Windows NT 6.3; Win64; x64) AppleWebKit/537.36 (KHTML, like Gecko) Chrome/103.0.5060.66 Safari/537.36"
66.249.68.69 - - [12/Jan/2025:03:32:42 -0500] "GET /?product=reproduce15265555-856?keyword=%E6%A3%9A%E3%83%BB%E3%82%B3%E3%83%B3%E3%82%BB%E3%83%B3%E3%83%88%E4%BB%98%E3%81%8D%E5%8F%8E%E7%B4%8D%E3%83%99%E3%83%83%E3%83%89 HTTP/1.1" 200 68269 "-" "Mozilla/5.0 (Linux; Android 6.0.1; Nexus 5X Build/MMB29P) AppleWebKit/537.36 (KHTML, like Gecko) Chrome/131.0.6778.264 Mobile Safari/537.36 (compatible; Googlebot/2.1; +http://www.google.com/bot.html)"
165.231.182.52 - - [12/Jan/2025:03:33:00 -0500] "GET / HTTP/1.0" 200 109065 "https://misswavenigeria.com/" "Mozilla/5.0 (Windows NT 6.3; Win64; x64) AppleWebKit/537.36 (KHTML, like Gecko) Chrome/103.0.5060.114 Safari/537.36"
165.231.182.52 - - [12/Jan/2025:03:33:02 -0500] "GET /register/ HTTP/1.0" 200 75934 "https://misswavenigeria.com/register/" "Mozilla/5.0 (Windows NT 6.3; Win64; x64) AppleWebKit/537.36 (KHTML, like Gecko) Chrome/103.0.5060.114 Safari/537.36"
66.29.132.124 - - [12/Jan/2025:03:33:04 -0500] "POST /wp-cron.php?doing_wp_cron=1736670784.0109150409698486328125 HTTP/1.1" 200 0 "-" "WordPress/6.7.1; https://misswavenigeria.com"
66.29.132.124 - - [12/Jan/2025:03:33:04 -0500] "POST /wp-admin/admin-ajax.php?action=async_litespeed&nonce=Cn4MBem0xqqY9KElOtb7LtmevyWENd8y&litespeed_type=imgoptm HTTP/1.1" 200 21 "-" "WordPress/6.7.1; https://misswavenigeria.com"
66.249.79.4 - - [12/Jan/2025:03:33:16 -0500] "GET /goods/K67038?k=product HTTP/1.1" 200 71043 "-" "Mozilla/5.0 (Linux; Android 6.0.1; Nexus 5X Build/MMB29P) AppleWebKit/537.36 (KHTML, like Gecko) Chrome/131.0.6778.264 Mobile Safari/537.36 (compatible; Googlebot/2.1; +http://www.google.com/bot.html)"
66.249.68.69 - - [12/Jan/2025:03:34:23 -0500] "GET /?product=teaspoonful10037551-533?keyword=%E4%B8%B8%E3%82%81%E3%81%8C%E3%81%AD HTTP/1.1" 200 71544 "-" "Mozilla/5.0 (Linux; Android 6.0.1; Nexus 5X Build/MMB29P) AppleWebKit/537.36 (KHTML, like Gecko) Chrome/131.0.6778.264 Mobile Safari/537.36 (compatible; Googlebot/2.1; +http://www.google.com/bot.html)"
165.231.182.52 - - [12/Jan/2025:03:33:03 -0500] "POST /register/ HTTP/1.0" 200 76060 "https://misswavenigeria.com/register/" "Mozilla/5.0 (Windows NT 6.3; Win64; x64) AppleWebKit/537.36 (KHTML, like Gecko) Chrome/103.0.5060.114 Safari/537.36"
66.29.132.124 - - [12/Jan/2025:03:34:57 -0500] "POST /wp-cron.php?doing_wp_cron=1736670897.4721860885620117187500 HTTP/1.1" 200 0 "-" "WordPress/6.7.1; https://misswavenigeria.com"
165.231.182.52 - - [12/Jan/2025:03:34:57 -0500] "GET /register/ HTTP/1.0" 200 75934 "https://misswavenigeria.com/" "Mozilla/5.0 (Windows NT 6.3; Win64; x64) AppleWebKit/537.36 (KHTML, like Gecko) Chrome/103.0.5060.114 Safari/537.36"
66.29.132.124 - - [12/Jan/2025:03:34:57 -0500] "POST /wp-admin/admin-ajax.php?action=async_litespeed&nonce=1nTv53bjzWomfwuq33E5oSQcy8C2A8sS&litespeed_type=imgoptm HTTP/1.1" 200 21 "-" "WordPress/6.7.1; https://misswavenigeria.com"
51.222.253.8 - - [12/Jan/2025:03:35:02 -0500] "GET /register/ HTTP/1.1" 200 17315 "-" "Mozilla/5.0 (compatible; AhrefsBot/7.0; +http://ahrefs.com/robot/)"
66.29.132.124 - - [12/Jan/2025:03:35:53 -0500] "POST /wp-cron.php?doing_wp_cron=1736670953.8610889911651611328125 HTTP/1.1" 200 0 "-" "WordPress/6.7.1; https://misswavenigeria.com"
165.231.182.52 - - [12/Jan/2025:03:35:53 -0500] "GET / HTTP/1.0" 200 109067 "https://misswavenigeria.com/" "Mozilla/5.0 (Windows NT 10.0; Win64; x64) AppleWebKit/537.36 (KHTML, like Gecko) Chrome/103.0.5060.66 Safari/537.36"
66.29.132.124 - - [12/Jan/2025:03:35:54 -0500] "POST /wp-admin/admin-ajax.php?action=async_litespeed&nonce=r5XlwItrdMEyhYbkWwElmQhBsUIHaGfX&litespeed_type=imgoptm HTTP/1.1" 200 21 "-" "WordPress/6.7.1; https://misswavenigeria.com"
165.231.182.52 - - [12/Jan/2025:03:35:56 -0500] "GET /register/ HTTP/1.0" 200 75934 "https://misswavenigeria.com/register/" "Mozilla/5.0 (Windows NT 10.0; Win64; x64) AppleWebKit/537.36 (KHTML, like Gecko) Chrome/103.0.5060.66 Safari/537.36"
165.231.182.52 - - [12/Jan/2025:03:35:57 -0500] "POST /register/ HTTP/1.0" 503 1866 "https://misswavenigeria.com/register/" "Mozilla/5.0 (Windows NT 10.0; Win64; x64) AppleWebKit/537.36 (KHTML, like Gecko) Chrome/103.0.5060.66 Safari/537.36"
165.231.182.52 - - [12/Jan/2025:03:37:26 -0500] "GET /register/ HTTP/1.0" 200 75934 "https://misswavenigeria.com/" "Mozilla/5.0 (Windows NT 10.0; Win64; x64) AppleWebKit/537.36 (KHTML, like Gecko) Chrome/103.0.5060.66 Safari/537.36"
66.249.68.69 - - [12/Jan/2025:03:38:49 -0500] "GET /?product=teaspoonful10037551-533?keyword=%E7%9C%BC%E9%8F%A1 HTTP/1.1" 200 70621 "-" "Mozilla/5.0 (Linux; Android 6.0.1; Nexus 5X Build/MMB29P) AppleWebKit/537.36 (KHTML, like Gecko) Chrome/131.0.6778.264 Mobile Safari/537.36 (compatible; Googlebot/2.1; +http://www.google.com/bot.html)"
165.231.182.52 - - [12/Jan/2025:03:38:50 -0500] "GET / HTTP/1.0" 200 109067 "https://misswavenigeria.com/" "Mozilla/5.0 (Windows NT 6.1) AppleWebKit/537.36 (KHTML, like Gecko) Chrome/103.0.0.0 Safari/537.36"
165.231.182.52 - - [12/Jan/2025:03:38:52 -0500] "GET /register/ HTTP/1.0" 200 75934 "https://misswavenigeria.com/register/" "Mozilla/5.0 (Windows NT 6.1) AppleWebKit/537.36 (KHTML, like Gecko) Chrome/103.0.0.0 Safari/537.36"
66.29.132.124 - - [12/Jan/2025:03:38:57 -0500] "POST /wp-cron.php?doing_wp_cron=1736671137.6227579116821289062500 HTTP/1.1" 200 0 "-" "WordPress/6.7.1; https://misswavenigeria.com"
66.29.132.124 - - [12/Jan/2025:03:38:58 -0500] "POST /wp-admin/admin-ajax.php?action=async_litespeed&nonce=pIYu9TzVzTfRvK8Wg9qPVFMGUr0DfD58&litespeed_type=imgoptm HTTP/1.1" 200 21 "-" "WordPress/6.7.1; https://misswavenigeria.com"
165.231.182.52 - - [12/Jan/2025:03:38:54 -0500] "POST /register/ HTTP/1.0" 200 76060 "https://misswavenigeria.com/register/" "Mozilla/5.0 (Windows NT 6.1) AppleWebKit/537.36 (KHTML, like Gecko) Chrome/103.0.0.0 Safari/537.36"
66.29.132.124 - - [12/Jan/2025:03:41:04 -0500] "POST /wp-cron.php?doing_wp_cron=1736671264.7246000766754150390625 HTTP/1.1" 200 0 "-" "WordPress/6.7.1; https://misswavenigeria.com"
165.231.182.52 - - [12/Jan/2025:03:41:04 -0500] "GET /register/ HTTP/1.0" 200 75934 "https://misswavenigeria.com/" "Mozilla/5.0 (Windows NT 6.1) AppleWebKit/537.36 (KHTML, like Gecko) Chrome/103.0.0.0 Safari/537.36"
66.29.132.124 - - [12/Jan/2025:03:41:05 -0500] "POST /wp-admin/admin-ajax.php?action=async_litespeed&nonce=QeBJQb4Cs5E3u80699Wd9TntuRW6L0KT&litespeed_type=imgoptm HTTP/1.1" 200 21 "-" "WordPress/6.7.1; https://misswavenigeria.com"
66.29.132.124 - - [12/Jan/2025:03:41:47 -0500] "POST /wp-cron.php?doing_wp_cron=1736671307.5571401119232177734375 HTTP/1.1" 200 0 "-" "WordPress/6.7.1; https://misswavenigeria.com"
165.231.182.52 - - [12/Jan/2025:03:41:47 -0500] "GET / HTTP/1.0" 200 109067 "https://misswavenigeria.com/" "Mozilla/5.0 (Windows NT 10.0; Win64; x64) AppleWebKit/537.36 (KHTML, like Gecko) Chrome/103.0.0.0 Safari/537.36 Herring/95.1.8810.11"
165.231.182.52 - - [12/Jan/2025:03:41:50 -0500] "GET /register/ HTTP/1.0" 200 75934 "https://misswavenigeria.com/register/" "Mozilla/5.0 (Windows NT 10.0; Win64; x64) AppleWebKit/537.36 (KHTML, like Gecko) Chrome/103.0.0.0 Safari/537.36 Herring/95.1.8810.11"
66.29.132.124 - - [12/Jan/2025:03:41:52 -0500] "POST /wp-cron.php?doing_wp_cron=1736671312.3498339653015136718750 HTTP/1.1" 200 0 "-" "WordPress/6.7.1; https://misswavenigeria.com"
66.29.132.124 - - [12/Jan/2025:03:41:52 -0500] "POST /wp-admin/admin-ajax.php?action=async_litespeed&nonce=qYoXIhAFTSvLJqjA8iYGjCExUQniF7pW&litespeed_type=imgoptm HTTP/1.1" 200 21 "-" "WordPress/6.7.1; https://misswavenigeria.com"
66.249.68.69 - - [12/Jan/2025:03:42:36 -0500] "GET /?product=teaspoonful10037551-533?keyword=%E3%83%95%E3%83%AC%E3%83%BC%E3%83%A0 HTTP/1.1" 200 68191 "-" "Mozilla/5.0 (Linux; Android 6.0.1; Nexus 5X Build/MMB29P) AppleWebKit/537.36 (KHTML, like Gecko) Chrome/131.0.6778.264 Mobile Safari/537.36 (compatible; Googlebot/2.1; +http://www.google.com/bot.html)"
165.231.182.52 - - [12/Jan/2025:03:41:52 -0500] "POST /register/ HTTP/1.0" 200 76060 "https://misswavenigeria.com/register/" "Mozilla/5.0 (Windows NT 10.0; Win64; x64) AppleWebKit/537.36 (KHTML, like Gecko) Chrome/103.0.0.0 Safari/537.36 Herring/95.1.8810.11"
66.29.132.124 - - [12/Jan/2025:03:43:50 -0500] "POST /wp-cron.php?doing_wp_cron=1736671430.2236270904541015625000 HTTP/1.1" 200 0 "-" "WordPress/6.7.1; https://misswavenigeria.com"
165.231.182.52 - - [12/Jan/2025:03:43:49 -0500] "GET /register/ HTTP/1.0" 200 75934 "https://misswavenigeria.com/" "Mozilla/5.0 (Windows NT 10.0; Win64; x64) AppleWebKit/537.36 (KHTML, like Gecko) Chrome/103.0.0.0 Safari/537.36 Herring/95.1.8810.11"
66.29.132.124 - - [12/Jan/2025:03:43:50 -0500] "POST /wp-admin/admin-ajax.php?action=async_litespeed&nonce=ibiRb6YQrnBNFX9jks103hX59fug6Hhq&litespeed_type=imgoptm HTTP/1.1" 200 21 "-" "WordPress/6.7.1; https://misswavenigeria.com"
66.29.132.124 - - [12/Jan/2025:03:44:45 -0500] "POST /wp-cron.php?doing_wp_cron=1736671485.9504759311676025390625 HTTP/1.1" 200 0 "-" "WordPress/6.7.1; https://misswavenigeria.com"
165.231.182.52 - - [12/Jan/2025:03:44:45 -0500] "GET / HTTP/1.0" 200 109067 "https://misswavenigeria.com/" "Mozilla/5.0 (Windows NT 6.3; Win64; x64) AppleWebKit/537.36 (KHTML, like Gecko) Chrome/103.0.5060.53 Safari/537.36"
47.128.47.143 - - [12/Jan/2025:03:44:48 -0500] "GET /wp-includes/ID3/module.tag.id3v2.php HTTP/1.1" 200 0 "-" "Mozilla/5.0 (Linux; Android 5.0) AppleWebKit/537.36 (KHTML, like Gecko) Mobile Safari/537.36 (compatible; Bytespider; spider-feedback@bytedance.com)"
165.231.182.52 - - [12/Jan/2025:03:44:48 -0500] "GET /register/ HTTP/1.0" 200 75934 "https://misswavenigeria.com/register/" "Mozilla/5.0 (Windows NT 6.3; Win64; x64) AppleWebKit/537.36 (KHTML, like Gecko) Chrome/103.0.5060.53 Safari/537.36"
66.29.132.124 - - [12/Jan/2025:03:44:50 -0500] "POST /wp-cron.php?doing_wp_cron=1736671490.4051439762115478515625 HTTP/1.1" 200 0 "-" "WordPress/6.7.1; https://misswavenigeria.com"
66.29.132.124 - - [12/Jan/2025:03:44:50 -0500] "POST /wp-admin/admin-ajax.php?action=async_litespeed&nonce=ldLOJq4dHRopHQMWDKefBBKq438ZfahB&litespeed_type=imgoptm HTTP/1.1" 200 21 "-" "WordPress/6.7.1; https://misswavenigeria.com"
165.231.182.52 - - [12/Jan/2025:03:44:49 -0500] "POST /register/ HTTP/1.0" 200 76060 "https://misswavenigeria.com/register/" "Mozilla/5.0 (Windows NT 6.3; Win64; x64) AppleWebKit/537.36 (KHTML, like Gecko) Chrome/103.0.5060.53 Safari/537.36"
66.29.132.124 - - [12/Jan/2025:03:46:39 -0500] "POST /wp-cron.php?doing_wp_cron=1736671599.1884779930114746093750 HTTP/1.1" 200 0 "-" "WordPress/6.7.1; https://misswavenigeria.com"
165.231.182.52 - - [12/Jan/2025:03:46:38 -0500] "GET /register/ HTTP/1.0" 200 75934 "https://misswavenigeria.com/" "Mozilla/5.0 (Windows NT 6.3; Win64; x64) AppleWebKit/537.36 (KHTML, like Gecko) Chrome/103.0.5060.53 Safari/537.36"
66.29.132.124 - - [12/Jan/2025:03:46:39 -0500] "POST /wp-admin/admin-ajax.php?action=async_litespeed&nonce=H0mQX5HOr70k9xWbFPxnkMYlqecshRz5&litespeed_type=imgoptm HTTP/1.1" 200 21 "-" "WordPress/6.7.1; https://misswavenigeria.com"
66.249.68.68 - - [12/Jan/2025:03:47:11 -0500] "GET /?product=browse7993091-61?keyword=%E3%82%BD%E3%83%8B%E3%83%BC HTTP/1.1" 200 70016 "-" "Mozilla/5.0 (Linux; Android 6.0.1; Nexus 5X Build/MMB29P) AppleWebKit/537.36 (KHTML, like Gecko) Chrome/131.0.6778.264 Mobile Safari/537.36 (compatible; Googlebot/2.1; +http://www.google.com/bot.html)"
66.29.132.124 - - [12/Jan/2025:03:47:39 -0500] "POST /wp-cron.php?doing_wp_cron=1736671659.6700229644775390625000 HTTP/1.1" 200 0 "-" "WordPress/6.7.1; https://misswavenigeria.com"
165.231.182.52 - - [12/Jan/2025:03:47:39 -0500] "GET / HTTP/1.0" 200 109065 "https://misswavenigeria.com/" "Mozilla/5.0 (Windows NT 10.0; Win64; x64) AppleWebKit/537.36 (KHTML, like Gecko) Chrome/103.0.5060.114 Safari/537.36"
66.29.132.124 - - [12/Jan/2025:03:47:40 -0500] "POST /wp-admin/admin-ajax.php?action=async_litespeed&nonce=tztHge8gznk86riwsh99rWugZ3H3ie7v&litespeed_type=imgoptm HTTP/1.1" 200 21 "-" "WordPress/6.7.1; https://misswavenigeria.com"
165.231.182.52 - - [12/Jan/2025:03:47:41 -0500] "GET /register/ HTTP/1.0" 200 75934 "https://misswavenigeria.com/register/" "Mozilla/5.0 (Windows NT 10.0; Win64; x64) AppleWebKit/537.36 (KHTML, like Gecko) Chrome/103.0.5060.114 Safari/537.36"
47.128.57.104 - - [12/Jan/2025:03:48:48 -0500] "GET /wp-includes/sodium_compat/src/Core/ChaCha20/Ctx.php HTTP/1.1" 500 0 "-" "Mozilla/5.0 (Linux; Android 5.0) AppleWebKit/537.36 (KHTML, like Gecko) Mobile Safari/537.36 (compatible; Bytespider; spider-feedback@bytedance.com)"
165.231.182.52 - - [12/Jan/2025:03:47:43 -0500] "POST /register/ HTTP/1.0" 200 76060 "https://misswavenigeria.com/register/" "Mozilla/5.0 (Windows NT 10.0; Win64; x64) AppleWebKit/537.36 (KHTML, like Gecko) Chrome/103.0.5060.114 Safari/537.36"
66.29.132.124 - - [12/Jan/2025:03:49:07 -0500] "POST /wp-cron.php?doing_wp_cron=1736671747.3402369022369384765625 HTTP/1.1" 200 0 "-" "WordPress/6.7.1; https://misswavenigeria.com"
165.231.182.52 - - [12/Jan/2025:03:49:07 -0500] "GET /register/ HTTP/1.0" 200 75934 "https://misswavenigeria.com/" "Mozilla/5.0 (Windows NT 10.0; Win64; x64) AppleWebKit/537.36 (KHTML, like Gecko) Chrome/103.0.5060.114 Safari/537.36"
66.29.132.124 - - [12/Jan/2025:03:49:07 -0500] "POST /wp-admin/admin-ajax.php?action=async_litespeed&nonce=iutor18SmDFOBriVpC6ZJGqULjCRjIcb&litespeed_type=imgoptm HTTP/1.1" 200 21 "-" "WordPress/6.7.1; https://misswavenigeria.com"
66.29.132.124 - - [12/Jan/2025:03:50:36 -0500] "POST /wp-cron.php?doing_wp_cron=1736671836.4063720703125000000000 HTTP/1.1" 200 0 "-" "WordPress/6.7.1; https://misswavenigeria.com"
165.231.182.52 - - [12/Jan/2025:03:50:33 -0500] "GET / HTTP/1.0" 200 109063 "https://misswavenigeria.com/" "Mozilla/5.0 (Windows NT 6.3; WOW64) AppleWebKit/537.36 (KHTML, like Gecko) Chrome/103.0.5060.114 Safari/537.36"
66.29.132.124 - - [12/Jan/2025:03:50:36 -0500] "POST /wp-admin/admin-ajax.php?action=async_litespeed&nonce=g3ZIgLXIj9NPyqtmeXxw7ZBR7LWY7cvW&litespeed_type=imgoptm HTTP/1.1" 200 21 "-" "WordPress/6.7.1; https://misswavenigeria.com"
165.231.182.52 - - [12/Jan/2025:03:50:38 -0500] "GET /register/ HTTP/1.0" 200 75934 "https://misswavenigeria.com/register/" "Mozilla/5.0 (Windows NT 6.3; WOW64) AppleWebKit/537.36 (KHTML, like Gecko) Chrome/103.0.5060.114 Safari/537.36"
165.231.182.52 - - [12/Jan/2025:03:50:40 -0500] "POST /register/ HTTP/1.0" 200 76060 "https://misswavenigeria.com/register/" "Mozilla/5.0 (Windows NT 6.3; WOW64) AppleWebKit/537.36 (KHTML, like Gecko) Chrome/103.0.5060.114 Safari/537.36"
66.29.132.124 - - [12/Jan/2025:03:52:02 -0500] "POST /wp-cron.php?doing_wp_cron=1736671922.8855049610137939453125 HTTP/1.1" 200 0 "-" "WordPress/6.7.1; https://misswavenigeria.com"
165.231.182.52 - - [12/Jan/2025:03:52:02 -0500] "GET /register/ HTTP/1.0" 200 75934 "https://misswavenigeria.com/" "Mozilla/5.0 (Windows NT 6.3; WOW64) AppleWebKit/537.36 (KHTML, like Gecko) Chrome/103.0.5060.114 Safari/537.36"
66.29.132.124 - - [12/Jan/2025:03:52:03 -0500] "POST /wp-admin/admin-ajax.php?action=async_litespeed&nonce=dST45PSP9X7r6pS4A7yn4szCsck6wJGh&litespeed_type=imgoptm HTTP/1.1" 200 21 "-" "WordPress/6.7.1; https://misswavenigeria.com"
47.128.41.240 - - [12/Jan/2025:03:52:49 -0500] "GET /wp-includes/Text/Diff.php HTTP/1.1" 200 0 "-" "Mozilla/5.0 (Linux; Android 5.0) AppleWebKit/537.36 (KHTML, like Gecko) Mobile Safari/537.36 (compatible; Bytespider; spider-feedback@bytedance.com)"
66.29.132.124 - - [12/Jan/2025:03:53:30 -0500] "POST /wp-cron.php?doing_wp_cron=1736672010.7049601078033447265625 HTTP/1.1" 200 0 "-" "WordPress/6.7.1; https://misswavenigeria.com"
165.231.182.52 - - [12/Jan/2025:03:53:28 -0500] "GET / HTTP/1.0" 200 109067 "https://misswavenigeria.com/" "Mozilla/5.0 (Windows NT 10.0; Win64; x64) AppleWebKit/537.36 (KHTML, like Gecko) Chrome/103.0.5042.0 Safari/537.36"
66.29.132.124 - - [12/Jan/2025:03:53:31 -0500] "POST /wp-admin/admin-ajax.php?action=async_litespeed&nonce=2mEL1vN2UFQq7QLRD2dcH3rfzO5pUHed&litespeed_type=imgoptm HTTP/1.1" 200 21 "-" "WordPress/6.7.1; https://misswavenigeria.com"
165.231.182.52 - - [12/Jan/2025:03:53:33 -0500] "GET /register/ HTTP/1.0" 200 75934 "https://misswavenigeria.com/register/" "Mozilla/5.0 (Windows NT 10.0; Win64; x64) AppleWebKit/537.36 (KHTML, like Gecko) Chrome/103.0.5042.0 Safari/537.36"
165.231.182.52 - - [12/Jan/2025:03:53:34 -0500] "POST /register/ HTTP/1.0" 200 76060 "https://misswavenigeria.com/register/" "Mozilla/5.0 (Windows NT 10.0; Win64; x64) AppleWebKit/537.36 (KHTML, like Gecko) Chrome/103.0.5042.0 Safari/537.36"
66.29.132.124 - - [12/Jan/2025:03:54:58 -0500] "POST /wp-cron.php?doing_wp_cron=1736672098.3368721008300781250000 HTTP/1.1" 200 0 "-" "WordPress/6.7.1; https://misswavenigeria.com"
165.231.182.52 - - [12/Jan/2025:03:54:58 -0500] "GET /register/ HTTP/1.0" 200 75934 "https://misswavenigeria.com/" "Mozilla/5.0 (Windows NT 10.0; Win64; x64) AppleWebKit/537.36 (KHTML, like Gecko) Chrome/103.0.5042.0 Safari/537.36"
66.29.132.124 - - [12/Jan/2025:03:54:58 -0500] "POST /wp-admin/admin-ajax.php?action=async_litespeed&nonce=kvpClXjcdf7ArmZr89SWgNph5bg3qJFw&litespeed_type=imgoptm HTTP/1.1" 200 21 "-" "WordPress/6.7.1; https://misswavenigeria.com"
66.249.68.69 - - [12/Jan/2025:03:55:00 -0500] "GET /?product=flight4816028-664?keyword=%E5%8A%87%E6%AF%92%E5%B0%91%E5%A5%B3 HTTP/1.1" 200 71219 "-" "Mozilla/5.0 (Linux; Android 6.0.1; Nexus 5X Build/MMB29P) AppleWebKit/537.36 (KHTML, like Gecko) Chrome/131.0.6778.264 Mobile Safari/537.36 (compatible; Googlebot/2.1; +http://www.google.com/bot.html)"
66.29.132.124 - - [12/Jan/2025:03:56:26 -0500] "POST /wp-cron.php?doing_wp_cron=1736672186.2803459167480468750000 HTTP/1.1" 200 0 "-" "WordPress/6.7.1; https://misswavenigeria.com"
165.231.182.52 - - [12/Jan/2025:03:56:24 -0500] "GET / HTTP/1.0" 200 109067 "https://misswavenigeria.com/" "Mozilla/5.0 (Windows NT 6.2; Win64; x64) AppleWebKit/537.36 (KHTML, like Gecko) Chrome/103.0.0.0 Safari/537.36"
66.29.132.124 - - [12/Jan/2025:03:56:26 -0500] "POST /wp-admin/admin-ajax.php?action=async_litespeed&nonce=ho7Nnp8gcJ8PAOmo0AT5vPDHg0WwWglu&litespeed_type=imgoptm HTTP/1.1" 200 21 "-" "WordPress/6.7.1; https://misswavenigeria.com"
165.231.182.52 - - [12/Jan/2025:03:56:28 -0500] "GET /register/ HTTP/1.0" 200 75934 "https://misswavenigeria.com/register/" "Mozilla/5.0 (Windows NT 6.2; Win64; x64) AppleWebKit/537.36 (KHTML, like Gecko) Chrome/103.0.0.0 Safari/537.36"
47.128.44.23 - - [12/Jan/2025:03:56:49 -0500] "GET / HTTP/1.1" 200 20865 "-" "Mozilla/5.0 (Linux; Android 5.0) AppleWebKit/537.36 (KHTML, like Gecko) Mobile Safari/537.36 (compatible; Bytespider; spider-feedback@bytedance.com)"
47.128.44.23 - - [12/Jan/2025:03:56:49 -0500] "GET /wp-content/uploads/siteorigin-widgets/sow-image-default-8426ad51307f-318.css?ver=6.7.1 HTTP/1.1" 200 293 "https://misswavenigeria.com/" "Mozilla/5.0 (Linux; Android 5.0) AppleWebKit/537.36 (KHTML, like Gecko) Mobile Safari/537.36 (compatible; Bytespider; spider-feedback@bytedance.com)"
47.128.44.23 - - [12/Jan/2025:03:56:50 -0500] "GET /wp-content/uploads/siteorigin-widgets/sow-image-grid-default-8bf08a9600e8-318.css?ver=6.7.1 HTTP/1.1" 200 207 "https://misswavenigeria.com/" "Mozilla/5.0 (Linux; Android 5.0) AppleWebKit/537.36 (KHTML, like Gecko) Mobile Safari/537.36 (compatible; Bytespider; spider-feedback@bytedance.com)"
47.128.44.23 - - [12/Jan/2025:03:56:50 -0500] "GET /wp-content/themes/ombre/css/animations.css?ver=1.0 HTTP/1.1" 200 1240 "https://misswavenigeria.com/" "Mozilla/5.0 (Linux; Android 5.0) AppleWebKit/537.36 (KHTML, like Gecko) Mobile Safari/537.36 (compatible; Bytespider; spider-feedback@bytedance.com)"
47.128.44.23 - - [12/Jan/2025:03:56:50 -0500] "GET /wp-content/themes/ombre/css/fakeloader.css?ver=1.0 HTTP/1.1" 200 1275 "https://misswavenigeria.com/" "Mozilla/5.0 (Linux; Android 5.0) AppleWebKit/537.36 (KHTML, like Gecko) Mobile Safari/537.36 (compatible; Bytespider; spider-feedback@bytedance.com)"
47.128.44.23 - - [12/Jan/2025:03:56:50 -0500] "GET /wp-content/plugins/contact-form-7/includes/css/styles.css?ver=6.0.2 HTTP/1.1" 200 890 "https://misswavenigeria.com/" "Mozilla/5.0 (Linux; Android 5.0) AppleWebKit/537.36 (KHTML, like Gecko) Mobile Safari/537.36 (compatible; Bytespider; spider-feedback@bytedance.com)"
47.128.44.23 - - [12/Jan/2025:03:56:50 -0500] "GET /wp-content/uploads/siteorigin-widgets/sow-headline-default-08fadcf72d92-318.css?ver=6.7.1 HTTP/1.1" 200 311 "https://misswavenigeria.com/" "Mozilla/5.0 (Linux; Android 5.0) AppleWebKit/537.36 (KHTML, like Gecko) Mobile Safari/537.36 (compatible; Bytespider; spider-feedback@bytedance.com)"
47.128.44.23 - - [12/Jan/2025:03:56:50 -0500] "GET /wp-content/uploads/siteorigin-widgets/sow-headline-default-86b83ee97e00-318.css?ver=6.7.1 HTTP/1.1" 200 309 "https://misswavenigeria.com/" "Mozilla/5.0 (Linux; Android 5.0) AppleWebKit/537.36 (KHTML, like Gecko) Mobile Safari/537.36 (compatible; Bytespider; spider-feedback@bytedance.com)"
47.128.44.23 - - [12/Jan/2025:03:56:50 -0500] "GET /wp-content/plugins/ombre-features/css/ecwid.css?ver=1.0 HTTP/1.1" 200 4175 "https://misswavenigeria.com/" "Mozilla/5.0 (Linux; Android 5.0) AppleWebKit/537.36 (KHTML, like Gecko) Mobile Safari/537.36 (compatible; Bytespider; spider-feedback@bytedance.com)"
47.128.44.23 - - [12/Jan/2025:03:56:50 -0500] "GET /wp-content/plugins/siteorigin-panels/css/front-flex.min.css?ver=2.31.3 HTTP/1.1" 200 449 "https://misswavenigeria.com/" "Mozilla/5.0 (Linux; Android 5.0) AppleWebKit/537.36 (KHTML, like Gecko) Mobile Safari/537.36 (compatible; Bytespider; spider-feedback@bytedance.com)"
47.128.44.23 - - [12/Jan/2025:03:56:50 -0500] "GET /wp-content/uploads/siteorigin-widgets/sow-headline-default-8a22fb329b39-318.css?ver=6.7.1 HTTP/1.1" 200 324 "https://misswavenigeria.com/" "Mozilla/5.0 (Linux; Android 5.0) AppleWebKit/537.36 (KHTML, like Gecko) Mobile Safari/537.36 (compatible; Bytespider; spider-feedback@bytedance.com)"
47.128.44.23 - - [12/Jan/2025:03:56:50 -0500] "GET /wp-includes/css/dist/block-library/style.min.css?ver=6.7.1 HTTP/1.1" 200 14225 "https://misswavenigeria.com/" "Mozilla/5.0 (Linux; Android 5.0) AppleWebKit/537.36 (KHTML, like Gecko) Mobile Safari/537.36 (compatible; Bytespider; spider-feedback@bytedance.com)"
47.128.44.23 - - [12/Jan/2025:03:56:50 -0500] "GET /wp-content/uploads/siteorigin-widgets/sow-headline-default-b746fb77f7bc-318.css?ver=6.7.1 HTTP/1.1" 200 324 "https://misswavenigeria.com/" "Mozilla/5.0 (Linux; Android 5.0) AppleWebKit/537.36 (KHTML, like Gecko) Mobile Safari/537.36 (compatible; Bytespider; spider-feedback@bytedance.com)"
47.128.44.23 - - [12/Jan/2025:03:56:50 -0500] "GET /wp-content/themes/ombre/css/normalize.css?ver=1.0 HTTP/1.1" 200 883 "https://misswavenigeria.com/" "Mozilla/5.0 (Linux; Android 5.0) AppleWebKit/537.36 (KHTML, like Gecko) Mobile Safari/537.36 (compatible; Bytespider; spider-feedback@bytedance.com)"
47.128.44.23 - - [12/Jan/2025:03:56:50 -0500] "GET /wp-content/themes/ombre/css/font-awesome.min.css?ver=1.0 HTTP/1.1" 200 5878 "https://misswavenigeria.com/" "Mozilla/5.0 (Linux; Android 5.0) AppleWebKit/537.36 (KHTML, like Gecko) Mobile Safari/537.36 (compatible; Bytespider; spider-feedback@bytedance.com)"
47.128.44.23 - - [12/Jan/2025:03:56:50 -0500] "GET /wp-content/plugins/event-tickets/common/src/resources/css/common-skeleton.min.css?ver=6.4.1 HTTP/1.1" 200 2230 "https://misswavenigeria.com/" "Mozilla/5.0 (Linux; Android 5.0) AppleWebKit/537.36 (KHTML, like Gecko) Mobile Safari/537.36 (compatible; Bytespider; spider-feedback@bytedance.com)"
47.128.44.23 - - [12/Jan/2025:03:56:50 -0500] "GET /wp-content/plugins/event-tickets/src/resources/css/rsvp.min.css?ver=5.18.0.1 HTTP/1.1" 200 3290 "https://misswavenigeria.com/" "Mozilla/5.0 (Linux; Android 5.0) AppleWebKit/537.36 (KHTML, like Gecko) Mobile Safari/537.36 (compatible; Bytespider; spider-feedback@bytedance.com)"
47.128.44.23 - - [12/Jan/2025:03:56:50 -0500] "GET /wp-content/themes/ombre/css/tooltipster.css?ver=1.0 HTTP/1.1" 200 1473 "https://misswavenigeria.com/" "Mozilla/5.0 (Linux; Android 5.0) AppleWebKit/537.36 (KHTML, like Gecko) Mobile Safari/537.36 (compatible; Bytespider; spider-feedback@bytedance.com)"
47.128.44.23 - - [12/Jan/2025:03:56:50 -0500] "GET /wp-content/plugins/event-tickets/common/src/resources/css/variables-skeleton.min.css?ver=6.4.1 HTTP/1.1" 200 903 "https://misswavenigeria.com/" "Mozilla/5.0 (Linux; Android 5.0) AppleWebKit/537.36 (KHTML, like Gecko) Mobile Safari/537.36 (compatible; Bytespider; spider-feedback@bytedance.com)"
47.128.44.23 - - [12/Jan/2025:03:56:50 -0500] "GET /wp-content/themes/ombre/css/skin.css?ver=1.0 HTTP/1.1" 200 3161 "https://misswavenigeria.com/" "Mozilla/5.0 (Linux; Android 5.0) AppleWebKit/537.36 (KHTML, like Gecko) Mobile Safari/537.36 (compatible; Bytespider; spider-feedback@bytedance.com)"
47.128.44.23 - - [12/Jan/2025:03:56:50 -0500] "GET /wp-includes/css/dashicons.min.css?ver=6.7.1 HTTP/1.1" 200 35110 "https://misswavenigeria.com/" "Mozilla/5.0 (Linux; Android 5.0) AppleWebKit/537.36 (KHTML, like Gecko) Mobile Safari/537.36 (compatible; Bytespider; spider-feedback@bytedance.com)"
47.128.44.23 - - [12/Jan/2025:03:56:50 -0500] "GET /wp-content/plugins/event-tickets/src/resources/css/tickets.min.css?ver=5.18.0.1 HTTP/1.1" 200 3758 "https://misswavenigeria.com/" "Mozilla/5.0 (Linux; Android 5.0) AppleWebKit/537.36 (KHTML, like Gecko) Mobile Safari/537.36 (compatible; Bytespider; spider-feedback@bytedance.com)"
47.128.44.23 - - [12/Jan/2025:03:56:50 -0500] "GET /wp-content/plugins/event-tickets/common/src/resources/css/variables-full.min.css?ver=6.4.1 HTTP/1.1" 200 469 "https://misswavenigeria.com/" "Mozilla/5.0 (Linux; Android 5.0) AppleWebKit/537.36 (KHTML, like Gecko) Mobile Safari/537.36 (compatible; Bytespider; spider-feedback@bytedance.com)"
47.128.44.23 - - [12/Jan/2025:03:56:50 -0500] "GET /wp-content/plugins/event-tickets/src/resources/css/rsvp-v1.min.css?ver=5.18.0.1 HTTP/1.1" 200 3076 "https://misswavenigeria.com/" "Mozilla/5.0 (Linux; Android 5.0) AppleWebKit/537.36 (KHTML, like Gecko) Mobile Safari/537.36 (compatible; Bytespider; spider-feedback@bytedance.com)"
47.128.44.23 - - [12/Jan/2025:03:56:50 -0500] "GET /wp-content/plugins/event-tickets/common/src/resources/css/common-full.min.css?ver=6.4.1 HTTP/1.1" 200 3924 "https://misswavenigeria.com/" "Mozilla/5.0 (Linux; Android 5.0) AppleWebKit/537.36 (KHTML, like Gecko) Mobile Safari/537.36 (compatible; Bytespider; spider-feedback@bytedance.com)"
47.128.44.23 - - [12/Jan/2025:03:56:50 -0500] "GET /wp-content/themes/ombre/style.css?ver=6.7.1 HTTP/1.1" 200 9709 "https://misswavenigeria.com/" "Mozilla/5.0 (Linux; Android 5.0) AppleWebKit/537.36 (KHTML, like Gecko) Mobile Safari/537.36 (compatible; Bytespider; spider-feedback@bytedance.com)"
47.128.44.23 - - [12/Jan/2025:03:56:50 -0500] "GET /wp-content/plugins/ombre-features/css/style.css?ver=1.0 HTTP/1.1" 200 4180 "https://misswavenigeria.com/" "Mozilla/5.0 (Linux; Android 5.0) AppleWebKit/537.36 (KHTML, like Gecko) Mobile Safari/537.36 (compatible; Bytespider; spider-feedback@bytedance.com)"
47.128.44.23 - - [12/Jan/2025:03:56:50 -0500] "GET /wp-content/plugins/ombre-features/css/owl.css?ver=1.0 HTTP/1.1" 200 1286 "https://misswavenigeria.com/" "Mozilla/5.0 (Linux; Android 5.0) AppleWebKit/537.36 (KHTML, like Gecko) Mobile Safari/537.36 (compatible; Bytespider; spider-feedback@bytedance.com)"
47.128.44.23 - - [12/Jan/2025:03:56:50 -0500] "GET /wp-content/plugins/ombre-features/css/lightgallery.css?ver=1.0 HTTP/1.1" 200 5579 "https://misswavenigeria.com/" "Mozilla/5.0 (Linux; Android 5.0) AppleWebKit/537.36 (KHTML, like Gecko) Mobile Safari/537.36 (compatible; Bytespider; spider-feedback@bytedance.com)"
47.128.44.23 - - [12/Jan/2025:03:56:50 -0500] "GET /wp-content/plugins/ombre-features/css/colorbox.css?ver=1.0 HTTP/1.1" 200 1093 "https://misswavenigeria.com/" "Mozilla/5.0 (Linux; Android 5.0) AppleWebKit/537.36 (KHTML, like Gecko) Mobile Safari/537.36 (compatible; Bytespider; spider-feedback@bytedance.com)"
47.128.44.23 - - [12/Jan/2025:03:56:50 -0500] "GET /wp-content/plugins/ombre-features/css/nerveslider.css?ver=1.0 HTTP/1.1" 200 1423 "https://misswavenigeria.com/" "Mozilla/5.0 (Linux; Android 5.0) AppleWebKit/537.36 (KHTML, like Gecko) Mobile Safari/537.36 (compatible; Bytespider; spider-feedback@bytedance.com)"
47.128.44.23 - - [12/Jan/2025:03:56:50 -0500] "GET /wp-content/uploads/2023/09/0K4A4072-240x300.jpg HTTP/1.1" 206 500 "https://misswavenigeria.com/" "Mozilla/5.0 (Linux; Android 5.0) AppleWebKit/537.36 (KHTML, like Gecko) Mobile Safari/537.36 (compatible; Bytespider; spider-feedback@bytedance.com)"
47.128.44.23 - - [12/Jan/2025:03:56:50 -0500] "GET /wp-content/uploads/2023/10/0K4A4436-scaled-e1697480944884.jpg HTTP/1.1" 206 500 "https://misswavenigeria.com/" "Mozilla/5.0 (Linux; Android 5.0) AppleWebKit/537.36 (KHTML, like Gecko) Mobile Safari/537.36 (compatible; Bytespider; spider-feedback@bytedance.com)"
47.128.44.23 - - [12/Jan/2025:03:56:51 -0500] "GET /wp-content/uploads/2023/10/0K4A4435-scaled-e1697480900641.jpg HTTP/1.1" 206 500 "https://misswavenigeria.com/" "Mozilla/5.0 (Linux; Android 5.0) AppleWebKit/537.36 (KHTML, like Gecko) Mobile Safari/537.36 (compatible; Bytespider; spider-feedback@bytedance.com)"
47.128.44.23 - - [12/Jan/2025:03:56:51 -0500] "GET /wp-content/uploads/2023/10/Constetant-1-600x600.jpg HTTP/1.1" 206 500 "https://misswavenigeria.com/" "Mozilla/5.0 (Linux; Android 5.0) AppleWebKit/537.36 (KHTML, like Gecko) Mobile Safari/537.36 (compatible; Bytespider; spider-feedback@bytedance.com)"
47.128.44.23 - - [12/Jan/2025:03:56:51 -0500] "GET /wp-content/uploads/2023/11/Constetant-3-600x600.jpg HTTP/1.1" 206 500 "https://misswavenigeria.com/" "Mozilla/5.0 (Linux; Android 5.0) AppleWebKit/537.36 (KHTML, like Gecko) Mobile Safari/537.36 (compatible; Bytespider; spider-feedback@bytedance.com)"
47.128.44.23 - - [12/Jan/2025:03:56:51 -0500] "GET /wp-content/uploads/2023/08/Logo-2-e1693135560601.png HTTP/1.1" 206 500 "https://misswavenigeria.com/" "Mozilla/5.0 (Linux; Android 5.0) AppleWebKit/537.36 (KHTML, like Gecko) Mobile Safari/537.36 (compatible; Bytespider; spider-feedback@bytedance.com)"
47.128.44.23 - - [12/Jan/2025:03:56:51 -0500] "GET /wp-content/uploads/2023/11/Constetant-2-600x600.jpg HTTP/1.1" 206 500 "https://misswavenigeria.com/" "Mozilla/5.0 (Linux; Android 5.0) AppleWebKit/537.36 (KHTML, like Gecko) Mobile Safari/537.36 (compatible; Bytespider; spider-feedback@bytedance.com)"
47.128.44.23 - - [12/Jan/2025:03:56:51 -0500] "GET /wp-content/uploads/2023/08/IMG_4609-scaled-e1692655568413.jpg HTTP/1.1" 206 500 "https://misswavenigeria.com/" "Mozilla/5.0 (Linux; Android 5.0) AppleWebKit/537.36 (KHTML, like Gecko) Mobile Safari/537.36 (compatible; Bytespider; spider-feedback@bytedance.com)"
47.128.44.23 - - [12/Jan/2025:03:56:51 -0500] "GET /wp-content/uploads/2023/10/Constetants-3-1-600x600.jpg HTTP/1.1" 206 500 "https://misswavenigeria.com/" "Mozilla/5.0 (Linux; Android 5.0) AppleWebKit/537.36 (KHTML, like Gecko) Mobile Safari/537.36 (compatible; Bytespider; spider-feedback@bytedance.com)"
47.128.44.23 - - [12/Jan/2025:03:56:51 -0500] "GET /wp-content/uploads/2023/10/Constetants-Kano-600x600.jpg HTTP/1.1" 206 500 "https://misswavenigeria.com/" "Mozilla/5.0 (Linux; Android 5.0) AppleWebKit/537.36 (KHTML, like Gecko) Mobile Safari/537.36 (compatible; Bytespider; spider-feedback@bytedance.com)"
47.128.44.23 - - [12/Jan/2025:03:56:51 -0500] "GET /wp-content/uploads/2023/10/Constetant-600x600.jpg HTTP/1.1" 206 500 "https://misswavenigeria.com/" "Mozilla/5.0 (Linux; Android 5.0) AppleWebKit/537.36 (KHTML, like Gecko) Mobile Safari/537.36 (compatible; Bytespider; spider-feedback@bytedance.com)"
47.128.44.23 - - [12/Jan/2025:03:56:51 -0500] "GET /wp-content/uploads/2023/08/IMG_4610-scaled-e1692655489166.jpg HTTP/1.1" 206 500 "https://misswavenigeria.com/" "Mozilla/5.0 (Linux; Android 5.0) AppleWebKit/537.36 (KHTML, like Gecko) Mobile Safari/537.36 (compatible; Bytespider; spider-feedback@bytedance.com)"
47.128.44.23 - - [12/Jan/2025:03:56:51 -0500] "GET /wp-content/uploads/2023/10/Blessing-Miss-Abia-600x600.png HTTP/1.1" 206 500 "https://misswavenigeria.com/" "Mozilla/5.0 (Linux; Android 5.0) AppleWebKit/537.36 (KHTML, like Gecko) Mobile Safari/537.36 (compatible; Bytespider; spider-feedback@bytedance.com)"
47.128.44.23 - - [12/Jan/2025:03:56:51 -0500] "GET /wp-content/uploads/2023/10/Constetants-2-600x600.jpg HTTP/1.1" 206 500 "https://misswavenigeria.com/" "Mozilla/5.0 (Linux; Android 5.0) AppleWebKit/537.36 (KHTML, like Gecko) Mobile Safari/537.36 (compatible; Bytespider; spider-feedback@bytedance.com)"
47.128.44.23 - - [12/Jan/2025:03:56:51 -0500] "GET /wp-content/uploads/2023/10/Constetants-1-600x600.jpg HTTP/1.1" 206 500 "https://misswavenigeria.com/" "Mozilla/5.0 (Linux; Android 5.0) AppleWebKit/537.36 (KHTML, like Gecko) Mobile Safari/537.36 (compatible; Bytespider; spider-feedback@bytedance.com)"
47.128.44.23 - - [12/Jan/2025:03:56:51 -0500] "GET /wp-content/uploads/2023/10/Constetants-3-600x600.jpg HTTP/1.1" 206 500 "https://misswavenigeria.com/" "Mozilla/5.0 (Linux; Android 5.0) AppleWebKit/537.36 (KHTML, like Gecko) Mobile Safari/537.36 (compatible; Bytespider; spider-feedback@bytedance.com)"
47.128.44.23 - - [12/Jan/2025:03:56:51 -0500] "GET /wp-content/uploads/2023/10/Constetants-600x600.jpg HTTP/1.1" 206 500 "https://misswavenigeria.com/" "Mozilla/5.0 (Linux; Android 5.0) AppleWebKit/537.36 (KHTML, like Gecko) Mobile Safari/537.36 (compatible; Bytespider; spider-feedback@bytedance.com)"
47.128.44.23 - - [12/Jan/2025:03:56:51 -0500] "GET /wp-content/uploads/2023/10/Constetants-6-600x600.jpg HTTP/1.1" 206 500 "https://misswavenigeria.com/" "Mozilla/5.0 (Linux; Android 5.0) AppleWebKit/537.36 (KHTML, like Gecko) Mobile Safari/537.36 (compatible; Bytespider; spider-feedback@bytedance.com)"
47.128.44.23 - - [12/Jan/2025:03:56:51 -0500] "GET /wp-content/uploads/2023/10/Constetants-11-600x600.jpg HTTP/1.1" 206 500 "https://misswavenigeria.com/" "Mozilla/5.0 (Linux; Android 5.0) AppleWebKit/537.36 (KHTML, like Gecko) Mobile Safari/537.36 (compatible; Bytespider; spider-feedback@bytedance.com)"
47.128.44.23 - - [12/Jan/2025:03:56:51 -0500] "GET /wp-content/uploads/2023/10/Constetants-7-600x600.jpg HTTP/1.1" 206 500 "https://misswavenigeria.com/" "Mozilla/5.0 (Linux; Android 5.0) AppleWebKit/537.36 (KHTML, like Gecko) Mobile Safari/537.36 (compatible; Bytespider; spider-feedback@bytedance.com)"
47.128.44.23 - - [12/Jan/2025:03:56:51 -0500] "GET /wp-content/uploads/2023/10/Constetants-12-600x600.jpg HTTP/1.1" 206 500 "https://misswavenigeria.com/" "Mozilla/5.0 (Linux; Android 5.0) AppleWebKit/537.36 (KHTML, like Gecko) Mobile Safari/537.36 (compatible; Bytespider; spider-feedback@bytedance.com)"
47.128.44.23 - - [12/Jan/2025:03:56:51 -0500] "GET /wp-content/uploads/2023/10/Constetants-10-600x600.jpg HTTP/1.1" 206 500 "https://misswavenigeria.com/" "Mozilla/5.0 (Linux; Android 5.0) AppleWebKit/537.36 (KHTML, like Gecko) Mobile Safari/537.36 (compatible; Bytespider; spider-feedback@bytedance.com)"
47.128.44.23 - - [12/Jan/2025:03:56:51 -0500] "GET /wp-content/uploads/2023/10/Constetants-8-600x600.jpg HTTP/1.1" 206 500 "https://misswavenigeria.com/" "Mozilla/5.0 (Linux; Android 5.0) AppleWebKit/537.36 (KHTML, like Gecko) Mobile Safari/537.36 (compatible; Bytespider; spider-feedback@bytedance.com)"
47.128.44.23 - - [12/Jan/2025:03:56:51 -0500] "GET /wp-content/uploads/2023/10/Constetants-16-600x600.jpg HTTP/1.1" 206 500 "https://misswavenigeria.com/" "Mozilla/5.0 (Linux; Android 5.0) AppleWebKit/537.36 (KHTML, like Gecko) Mobile Safari/537.36 (compatible; Bytespider; spider-feedback@bytedance.com)"
47.128.44.23 - - [12/Jan/2025:03:56:51 -0500] "GET /wp-content/uploads/2023/10/Constetants-13-600x600.jpg HTTP/1.1" 206 500 "https://misswavenigeria.com/" "Mozilla/5.0 (Linux; Android 5.0) AppleWebKit/537.36 (KHTML, like Gecko) Mobile Safari/537.36 (compatible; Bytespider; spider-feedback@bytedance.com)"
47.128.44.23 - - [12/Jan/2025:03:56:51 -0500] "GET /wp-content/uploads/2023/09/0K4A4057-240x300.jpg HTTP/1.1" 206 500 "https://misswavenigeria.com/" "Mozilla/5.0 (Linux; Android 5.0) AppleWebKit/537.36 (KHTML, like Gecko) Mobile Safari/537.36 (compatible; Bytespider; spider-feedback@bytedance.com)"
47.128.44.23 - - [12/Jan/2025:03:56:51 -0500] "GET /wp-content/uploads/2023/10/Constetants-5-600x600.jpg HTTP/1.1" 206 500 "https://misswavenigeria.com/" "Mozilla/5.0 (Linux; Android 5.0) AppleWebKit/537.36 (KHTML, like Gecko) Mobile Safari/537.36 (compatible; Bytespider; spider-feedback@bytedance.com)"
47.128.44.23 - - [12/Jan/2025:03:56:51 -0500] "GET /wp-content/uploads/2023/09/0K4A4111-240x300.jpg HTTP/1.1" 206 500 "https://misswavenigeria.com/" "Mozilla/5.0 (Linux; Android 5.0) AppleWebKit/537.36 (KHTML, like Gecko) Mobile Safari/537.36 (compatible; Bytespider; spider-feedback@bytedance.com)"
185.191.171.8 - - [12/Jan/2025:03:56:57 -0500] "GET /robots.txt HTTP/1.1" 200 142 "-" "Mozilla/5.0 (compatible; SemrushBot/7~bl; +http://www.semrush.com/bot.html)"
66.29.132.124 - - [12/Jan/2025:03:56:58 -0500] "POST /wp-cron.php?doing_wp_cron=1736672218.7048408985137939453125 HTTP/1.1" 200 0 "-" "WordPress/6.7.1; https://misswavenigeria.com"
85.208.96.210 - - [12/Jan/2025:03:56:58 -0500] "GET /goods/3462204 HTTP/1.1" 404 18012 "-" "Mozilla/5.0 (compatible; SemrushBot/7~bl; +http://www.semrush.com/bot.html)"
66.29.132.124 - - [12/Jan/2025:03:56:58 -0500] "POST /wp-admin/admin-ajax.php?action=async_litespeed&nonce=q0Bn28NzlUAq1dTTSEzuNvBZRJAZqri3&litespeed_type=imgoptm HTTP/1.1" 200 21 "-" "WordPress/6.7.1; https://misswavenigeria.com"
66.249.68.69 - - [12/Jan/2025:03:57:57 -0500] "GET /?product=browse7993091-61?keyword=SONY HTTP/1.1" 200 69060 "-" "Mozilla/5.0 (Linux; Android 6.0.1; Nexus 5X Build/MMB29P) AppleWebKit/537.36 (KHTML, like Gecko) Chrome/131.0.6778.264 Mobile Safari/537.36 (compatible; Googlebot/2.1; +http://www.google.com/bot.html)"
165.231.182.52 - - [12/Jan/2025:03:56:30 -0500] "POST /register/ HTTP/1.0" 200 76060 "https://misswavenigeria.com/register/" "Mozilla/5.0 (Windows NT 6.2; Win64; x64) AppleWebKit/537.36 (KHTML, like Gecko) Chrome/103.0.0.0 Safari/537.36"
66.29.132.124 - - [12/Jan/2025:03:58:09 -0500] "POST /wp-cron.php?doing_wp_cron=1736672289.3617238998413085937500 HTTP/1.1" 200 0 "-" "WordPress/6.7.1; https://misswavenigeria.com"
165.231.182.52 - - [12/Jan/2025:03:58:09 -0500] "GET /register/ HTTP/1.0" 200 75934 "https://misswavenigeria.com/" "Mozilla/5.0 (Windows NT 6.2; Win64; x64) AppleWebKit/537.36 (KHTML, like Gecko) Chrome/103.0.0.0 Safari/537.36"
66.29.132.124 - - [12/Jan/2025:03:58:09 -0500] "POST /wp-admin/admin-ajax.php?action=async_litespeed&nonce=7g26pHpNjkSP08cJvR31MrE8X3nOZugh&litespeed_type=imgoptm HTTP/1.1" 200 21 "-" "WordPress/6.7.1; https://misswavenigeria.com"
66.29.132.124 - - [12/Jan/2025:03:59:10 -0500] "POST /wp-cron.php?doing_wp_cron=1736672350.4175961017608642578125 HTTP/1.1" 200 0 "-" "WordPress/6.7.1; https://misswavenigeria.com"
185.191.171.6 - - [12/Jan/2025:03:59:10 -0500] "GET /goods/3772502 HTTP/1.1" 404 18011 "-" "Mozilla/5.0 (compatible; SemrushBot/7~bl; +http://www.semrush.com/bot.html)"
66.29.132.124 - - [12/Jan/2025:03:59:10 -0500] "POST /wp-admin/admin-ajax.php?action=async_litespeed&nonce=EOnsC1xAVQiRTADlYvjxRKRR5Mqmm5iU&litespeed_type=imgoptm HTTP/1.1" 200 21 "-" "WordPress/6.7.1; https://misswavenigeria.com"
185.191.171.7 - - [12/Jan/2025:03:59:13 -0500] "GET /goods/2266239 HTTP/1.1" 404 18012 "-" "Mozilla/5.0 (compatible; SemrushBot/7~bl; +http://www.semrush.com/bot.html)"
185.191.171.9 - - [12/Jan/2025:03:59:16 -0500] "GET /goods/1053141 HTTP/1.1" 404 18012 "-" "Mozilla/5.0 (compatible; SemrushBot/7~bl; +http://www.semrush.com/bot.html)"
66.29.132.124 - - [12/Jan/2025:03:59:25 -0500] "POST /wp-cron.php?doing_wp_cron=1736672365.1017339229583740234375 HTTP/1.1" 200 0 "-" "WordPress/6.7.1; https://misswavenigeria.com"
165.231.182.52 - - [12/Jan/2025:03:59:24 -0500] "GET / HTTP/1.0" 200 109067 "https://misswavenigeria.com/" "Mozilla/5.0 (Windows NT 10.0; WOW64) AppleWebKit/537.36 (KHTML, like Gecko) Chrome/103.0.0.0 Safari/537.36"
165.231.182.52 - - [12/Jan/2025:03:59:27 -0500] "GET /register/ HTTP/1.0" 200 75934 "https://misswavenigeria.com/register/" "Mozilla/5.0 (Windows NT 10.0; WOW64) AppleWebKit/537.36 (KHTML, like Gecko) Chrome/103.0.0.0 Safari/537.36"
165.231.182.52 - - [12/Jan/2025:03:59:29 -0500] "POST /register/ HTTP/1.0" 200 76060 "https://misswavenigeria.com/register/" "Mozilla/5.0 (Windows NT 10.0; WOW64) AppleWebKit/537.36 (KHTML, like Gecko) Chrome/103.0.0.0 Safari/537.36"
66.29.132.124 - - [12/Jan/2025:04:01:52 -0500] "POST /wp-cron.php?doing_wp_cron=1736672512.8119480609893798828125 HTTP/1.1" 200 0 "-" "WordPress/6.7.1; https://misswavenigeria.com"
165.231.182.52 - - [12/Jan/2025:04:01:52 -0500] "GET /register/ HTTP/1.0" 200 75934 "https://misswavenigeria.com/" "Mozilla/5.0 (Windows NT 10.0; WOW64) AppleWebKit/537.36 (KHTML, like Gecko) Chrome/103.0.0.0 Safari/537.36"
66.29.132.124 - - [12/Jan/2025:04:01:53 -0500] "POST /wp-admin/admin-ajax.php?action=async_litespeed&nonce=h1guqUzGARlsPOW5FehsijD2LKqQ0uc1&litespeed_type=imgoptm HTTP/1.1" 200 21 "-" "WordPress/6.7.1; https://misswavenigeria.com"
66.29.132.124 - - [12/Jan/2025:04:02:26 -0500] "POST /wp-cron.php?doing_wp_cron=1736672546.3921790122985839843750 HTTP/1.1" 200 0 "-" "WordPress/6.7.1; https://misswavenigeria.com"
165.231.182.52 - - [12/Jan/2025:04:02:26 -0500] "GET / HTTP/1.0" 200 109067 "https://misswavenigeria.com/" "Mozilla/5.0 (Windows NT 6.3; Win64; x64) AppleWebKit/537.36 (KHTML, like Gecko) Chrome/103.0.5060.53 Safari/537.36"
165.231.182.52 - - [12/Jan/2025:04:02:28 -0500] "GET /register/ HTTP/1.0" 200 75934 "https://misswavenigeria.com/register/" "Mozilla/5.0 (Windows NT 6.3; Win64; x64) AppleWebKit/537.36 (KHTML, like Gecko) Chrome/103.0.5060.53 Safari/537.36"
85.208.96.197 - - [12/Jan/2025:04:02:40 -0500] "GET /goods/2141656 HTTP/1.1" 404 18011 "-" "Mozilla/5.0 (compatible; SemrushBot/7~bl; +http://www.semrush.com/bot.html)"
85.208.96.210 - - [12/Jan/2025:04:02:42 -0500] "GET /goods/271596 HTTP/1.1" 404 18011 "-" "Mozilla/5.0 (compatible; SemrushBot/7~bl; +http://www.semrush.com/bot.html)"
185.191.171.7 - - [12/Jan/2025:04:02:44 -0500] "GET /goods/4494565 HTTP/1.1" 404 18012 "-" "Mozilla/5.0 (compatible; SemrushBot/7~bl; +http://www.semrush.com/bot.html)"
185.191.171.2 - - [12/Jan/2025:04:02:47 -0500] "GET /goods/1672802 HTTP/1.1" 404 18012 "-" "Mozilla/5.0 (compatible; SemrushBot/7~bl; +http://www.semrush.com/bot.html)"
66.29.132.124 - - [12/Jan/2025:04:04:20 -0500] "POST /wp-cron.php?doing_wp_cron=1736672660.8966090679168701171875 HTTP/1.1" 200 0 "-" "WordPress/6.7.1; https://misswavenigeria.com"
185.191.171.6 - - [12/Jan/2025:04:04:20 -0500] "GET /goods/1495537 HTTP/1.1" 404 18011 "-" "Mozilla/5.0 (compatible; SemrushBot/7~bl; +http://www.semrush.com/bot.html)"
66.29.132.124 - - [12/Jan/2025:04:04:21 -0500] "POST /wp-admin/admin-ajax.php?action=async_litespeed&nonce=cnStvCpkbalmWN63YvMZKLea37db36wi&litespeed_type=imgoptm HTTP/1.1" 200 21 "-" "WordPress/6.7.1; https://misswavenigeria.com"
185.191.171.7 - - [12/Jan/2025:04:04:23 -0500] "GET /goods/808360 HTTP/1.1" 404 18012 "-" "Mozilla/5.0 (compatible; SemrushBot/7~bl; +http://www.semrush.com/bot.html)"
66.29.132.124 - - [12/Jan/2025:04:04:26 -0500] "POST /wp-cron.php?doing_wp_cron=1736672666.0436561107635498046875 HTTP/1.1" 200 0 "-" "WordPress/6.7.1; https://misswavenigeria.com"
185.191.171.14 - - [12/Jan/2025:04:04:25 -0500] "GET /goods/2798248 HTTP/1.1" 404 18012 "-" "Mozilla/5.0 (compatible; SemrushBot/7~bl; +http://www.semrush.com/bot.html)"
85.208.96.197 - - [12/Jan/2025:04:04:27 -0500] "GET /goods/3016638 HTTP/1.1" 404 18012 "-" "Mozilla/5.0 (compatible; SemrushBot/7~bl; +http://www.semrush.com/bot.html)"
185.191.171.1 - - [12/Jan/2025:04:04:30 -0500] "GET /goods/4307664 HTTP/1.1" 404 18011 "-" "Mozilla/5.0 (compatible; SemrushBot/7~bl; +http://www.semrush.com/bot.html)"
165.231.182.52 - - [12/Jan/2025:04:02:30 -0500] "POST /register/ HTTP/1.0" 200 76060 "https://misswavenigeria.com/register/" "Mozilla/5.0 (Windows NT 6.3; Win64; x64) AppleWebKit/537.36 (KHTML, like Gecko) Chrome/103.0.5060.53 Safari/537.36"
165.231.182.52 - - [12/Jan/2025:04:04:42 -0500] "GET /register/ HTTP/1.0" 200 75934 "https://misswavenigeria.com/" "Mozilla/5.0 (Windows NT 6.3; Win64; x64) AppleWebKit/537.36 (KHTML, like Gecko) Chrome/103.0.5060.53 Safari/537.36"
66.29.132.124 - - [12/Jan/2025:04:05:29 -0500] "POST /wp-cron.php?doing_wp_cron=1736672729.3645410537719726562500 HTTP/1.1" 200 0 "-" "WordPress/6.7.1; https://misswavenigeria.com"
165.231.182.52 - - [12/Jan/2025:04:05:29 -0500] "GET / HTTP/1.0" 200 109065 "https://misswavenigeria.com/" "Mozilla/5.0 (Windows NT 10.0; Win64; x64) AppleWebKit/537.36 (KHTML, like Gecko) Chrome/103.0.5060.114 Safari/537.36"
66.29.132.124 - - [12/Jan/2025:04:05:29 -0500] "POST /wp-admin/admin-ajax.php?action=async_litespeed&nonce=yIWEMqniaTPzExet0HYkh6LavkYCMDjw&litespeed_type=imgoptm HTTP/1.1" 200 21 "-" "WordPress/6.7.1; https://misswavenigeria.com"
165.231.182.52 - - [12/Jan/2025:04:05:31 -0500] "GET /register/ HTTP/1.0" 200 75934 "https://misswavenigeria.com/register/" "Mozilla/5.0 (Windows NT 10.0; Win64; x64) AppleWebKit/537.36 (KHTML, like Gecko) Chrome/103.0.5060.114 Safari/537.36"
66.29.132.124 - - [12/Jan/2025:04:06:35 -0500] "POST /wp-cron.php?doing_wp_cron=1736672795.7229290008544921875000 HTTP/1.1" 200 0 "-" "WordPress/6.7.1; https://misswavenigeria.com"
185.191.171.4 - - [12/Jan/2025:04:06:35 -0500] "GET /goods/4191958 HTTP/1.1" 404 18012 "-" "Mozilla/5.0 (compatible; SemrushBot/7~bl; +http://www.semrush.com/bot.html)"
66.29.132.124 - - [12/Jan/2025:04:06:36 -0500] "POST /wp-admin/admin-ajax.php?action=async_litespeed&nonce=tOf4wtmcmqhjgzTFxEbZdUfGC2lGusPR&litespeed_type=imgoptm HTTP/1.1" 200 21 "-" "WordPress/6.7.1; https://misswavenigeria.com"
