66.29.132.124 - - [12/Jan/2025:04:50:15 -0500] "POST /wp-admin/admin-ajax.php?action=async_litespeed&nonce=BIOg41fipQaYpcFPVo33qX7z1tsa4gIm&litespeed_type=imgoptm HTTP/1.1" 200 21 "-" "WordPress/6.7.1; https://misswavenigeria.com"
66.29.132.124 - - [12/Jan/2025:04:51:08 -0500] "POST /wp-cron.php?doing_wp_cron=1736675468.2749779224395751953125 HTTP/1.1" 200 0 "-" "WordPress/6.7.1; https://misswavenigeria.com"
185.191.171.14 - - [12/Jan/2025:04:51:08 -0500] "GET /goods/968032 HTTP/1.1" 404 18012 "-" "Mozilla/5.0 (compatible; SemrushBot/7~bl; +http://www.semrush.com/bot.html)"
66.29.132.124 - - [12/Jan/2025:04:51:08 -0500] "POST /wp-admin/admin-ajax.php?action=async_litespeed&nonce=wA8lk3DWyoyVJEQeGV74MXhKV4STAZMU&litespeed_type=imgoptm HTTP/1.1" 200 21 "-" "WordPress/6.7.1; https://misswavenigeria.com"
85.208.96.209 - - [12/Jan/2025:04:51:09 -0500] "GET /goods/444535 HTTP/1.1" 404 18011 "-" "Mozilla/5.0 (compatible; SemrushBot/7~bl; +http://www.semrush.com/bot.html)"
85.208.96.209 - - [12/Jan/2025:04:51:11 -0500] "GET /goods/4770981 HTTP/1.1" 404 18012 "-" "Mozilla/5.0 (compatible; SemrushBot/7~bl; +http://www.semrush.com/bot.html)"
185.191.171.1 - - [12/Jan/2025:04:51:13 -0500] "GET /goods/2200398 HTTP/1.1" 404 18012 "-" "Mozilla/5.0 (compatible; SemrushBot/7~bl; +http://www.semrush.com/bot.html)"
85.208.96.209 - - [12/Jan/2025:04:51:15 -0500] "GET /goods/2762605 HTTP/1.1" 404 18012 "-" "Mozilla/5.0 (compatible; SemrushBot/7~bl; +http://www.semrush.com/bot.html)"
85.208.96.204 - - [12/Jan/2025:04:51:17 -0500] "GET /goods/1974792 HTTP/1.1" 404 18012 "-" "Mozilla/5.0 (compatible; SemrushBot/7~bl; +http://www.semrush.com/bot.html)"
185.191.171.1 - - [12/Jan/2025:04:51:19 -0500] "GET /goods/1757784 HTTP/1.1" 404 18012 "-" "Mozilla/5.0 (compatible; SemrushBot/7~bl; +http://www.semrush.com/bot.html)"
66.29.132.124 - - [12/Jan/2025:04:51:47 -0500] "POST /wp-cron.php?doing_wp_cron=1736675507.0689690113067626953125 HTTP/1.1" 200 0 "-" "WordPress/6.7.1; https://misswavenigeria.com"
165.231.182.52 - - [12/Jan/2025:04:51:46 -0500] "GET / HTTP/1.0" 200 109067 "https://misswavenigeria.com/" "Mozilla/5.0 (Windows NT 6.3) AppleWebKit/537.36 (KHTML, like Gecko) Chrome/103.0.0.0 Safari/537.36"
165.231.182.52 - - [12/Jan/2025:04:51:49 -0500] "GET /register/ HTTP/1.0" 200 75934 "https://misswavenigeria.com/register/" "Mozilla/5.0 (Windows NT 6.3) AppleWebKit/537.36 (KHTML, like Gecko) Chrome/103.0.0.0 Safari/537.36"
66.29.132.124 - - [12/Jan/2025:04:51:51 -0500] "POST /wp-cron.php?doing_wp_cron=1736675511.0796120166778564453125 HTTP/1.1" 200 0 "-" "WordPress/6.7.1; https://misswavenigeria.com"
66.29.132.124 - - [12/Jan/2025:04:51:51 -0500] "POST /wp-admin/admin-ajax.php?action=async_litespeed&nonce=3pAovIswN3hRniOCyH9ysBKStdlxfVVj&litespeed_type=imgoptm HTTP/1.1" 200 21 "-" "WordPress/6.7.1; https://misswavenigeria.com"
66.29.132.124 - - [12/Jan/2025:04:53:24 -0500] "POST /wp-cron.php?doing_wp_cron=1736675604.0294690132141113281250 HTTP/1.1" 200 0 "-" "WordPress/6.7.1; https://misswavenigeria.com"
185.191.171.2 - - [12/Jan/2025:04:53:23 -0500] "GET /goods/2774170 HTTP/1.1" 404 18012 "-" "Mozilla/5.0 (compatible; SemrushBot/7~bl; +http://www.semrush.com/bot.html)"
66.29.132.124 - - [12/Jan/2025:04:53:24 -0500] "POST /wp-admin/admin-ajax.php?action=async_litespeed&nonce=SJfyh6zr72hwZ7UR3GzGBLcSS3XI9Fmr&litespeed_type=imgoptm HTTP/1.1" 200 21 "-" "WordPress/6.7.1; https://misswavenigeria.com"
165.231.182.52 - - [12/Jan/2025:04:51:50 -0500] "POST /register/ HTTP/1.0" 200 76060 "https://misswavenigeria.com/register/" "Mozilla/5.0 (Windows NT 6.3) AppleWebKit/537.36 (KHTML, like Gecko) Chrome/103.0.0.0 Safari/537.36"
66.29.132.124 - - [12/Jan/2025:04:53:27 -0500] "POST /wp-cron.php?doing_wp_cron=1736675607.0317089557647705078125 HTTP/1.1" 200 0 "-" "WordPress/6.7.1; https://misswavenigeria.com"
185.191.171.14 - - [12/Jan/2025:04:53:26 -0500] "GET /goods/4589972 HTTP/1.1" 404 18012 "-" "Mozilla/5.0 (compatible; SemrushBot/7~bl; +http://www.semrush.com/bot.html)"
165.231.182.52 - - [12/Jan/2025:04:53:27 -0500] "GET /register/ HTTP/1.0" 200 75934 "https://misswavenigeria.com/" "Mozilla/5.0 (Windows NT 6.3) AppleWebKit/537.36 (KHTML, like Gecko) Chrome/103.0.0.0 Safari/537.36"
85.208.96.196 - - [12/Jan/2025:04:53:29 -0500] "GET /goods/883371 HTTP/1.1" 404 18012 "-" "Mozilla/5.0 (compatible; SemrushBot/7~bl; +http://www.semrush.com/bot.html)"
66.249.68.68 - - [12/Jan/2025:04:54:29 -0500] "GET /?product=revamp9197622-758?keyword=1%E7%B2%92%E7%9F%B3 HTTP/1.1" 200 71306 "-" "Mozilla/5.0 (Linux; Android 6.0.1; Nexus 5X Build/MMB29P) AppleWebKit/537.36 (KHTML, like Gecko) Chrome/131.0.6778.264 Mobile Safari/537.36 (compatible; Googlebot/2.1; +http://www.google.com/bot.html)"
66.29.132.124 - - [12/Jan/2025:04:54:50 -0500] "POST /wp-cron.php?doing_wp_cron=1736675690.4710490703582763671875 HTTP/1.1" 200 0 "-" "WordPress/6.7.1; https://misswavenigeria.com"
165.231.182.52 - - [12/Jan/2025:04:54:48 -0500] "GET / HTTP/1.0" 200 109063 "https://misswavenigeria.com/" "Mozilla/5.0 (Windows NT 10.0) AppleWebKit/537.36 (KHTML, like Gecko) Chrome/103.0.0.0 Safari/537.36"
66.29.132.124 - - [12/Jan/2025:04:54:50 -0500] "POST /wp-admin/admin-ajax.php?action=async_litespeed&nonce=4JGidfgmGybY9tY9xAbSndM71sIggWbO&litespeed_type=imgoptm HTTP/1.1" 200 21 "-" "WordPress/6.7.1; https://misswavenigeria.com"
165.231.182.52 - - [12/Jan/2025:04:54:52 -0500] "GET /register/ HTTP/1.0" 200 75934 "https://misswavenigeria.com/register/" "Mozilla/5.0 (Windows NT 10.0) AppleWebKit/537.36 (KHTML, like Gecko) Chrome/103.0.0.0 Safari/537.36"
85.208.96.206 - - [12/Jan/2025:04:54:57 -0500] "GET /goods/2189961 HTTP/1.1" 404 18012 "-" "Mozilla/5.0 (compatible; SemrushBot/7~bl; +http://www.semrush.com/bot.html)"
185.191.171.14 - - [12/Jan/2025:04:55:00 -0500] "GET /goods/694027 HTTP/1.1" 404 18012 "-" "Mozilla/5.0 (compatible; SemrushBot/7~bl; +http://www.semrush.com/bot.html)"
85.208.96.200 - - [12/Jan/2025:04:55:02 -0500] "GET /goods/609350 HTTP/1.1" 404 18012 "-" "Mozilla/5.0 (compatible; SemrushBot/7~bl; +http://www.semrush.com/bot.html)"
185.191.171.4 - - [12/Jan/2025:04:55:05 -0500] "GET /goods/621309 HTTP/1.1" 404 18012 "-" "Mozilla/5.0 (compatible; SemrushBot/7~bl; +http://www.semrush.com/bot.html)"
185.191.171.11 - - [12/Jan/2025:04:55:08 -0500] "GET /goods/3023491 HTTP/1.1" 404 18012 "-" "Mozilla/5.0 (compatible; SemrushBot/7~bl; +http://www.semrush.com/bot.html)"
185.191.171.12 - - [12/Jan/2025:04:55:12 -0500] "GET /goods/2019276 HTTP/1.1" 404 18011 "-" "Mozilla/5.0 (compatible; SemrushBot/7~bl; +http://www.semrush.com/bot.html)"
185.191.171.19 - - [12/Jan/2025:04:55:15 -0500] "GET /goods/27865 HTTP/1.1" 404 18012 "-" "Mozilla/5.0 (compatible; SemrushBot/7~bl; +http://www.semrush.com/bot.html)"
185.191.171.14 - - [12/Jan/2025:04:55:19 -0500] "GET /goods/449428 HTTP/1.1" 404 18012 "-" "Mozilla/5.0 (compatible; SemrushBot/7~bl; +http://www.semrush.com/bot.html)"
85.208.96.196 - - [12/Jan/2025:04:55:22 -0500] "GET /goods/890314 HTTP/1.1" 404 18012 "-" "Mozilla/5.0 (compatible; SemrushBot/7~bl; +http://www.semrush.com/bot.html)"
85.208.96.211 - - [12/Jan/2025:04:55:23 -0500] "GET /goods/271447 HTTP/1.1" 404 18012 "-" "Mozilla/5.0 (compatible; SemrushBot/7~bl; +http://www.semrush.com/bot.html)"
66.29.132.124 - - [12/Jan/2025:04:55:25 -0500] "POST /wp-cron.php?doing_wp_cron=1736675725.6956019401550292968750 HTTP/1.1" 200 0 "-" "WordPress/6.7.1; https://misswavenigeria.com"
85.208.96.195 - - [12/Jan/2025:04:55:25 -0500] "GET /goods/773308 HTTP/1.1" 404 18012 "-" "Mozilla/5.0 (compatible; SemrushBot/7~bl; +http://www.semrush.com/bot.html)"
185.191.171.4 - - [12/Jan/2025:04:55:27 -0500] "GET /goods/4085966 HTTP/1.1" 404 18012 "-" "Mozilla/5.0 (compatible; SemrushBot/7~bl; +http://www.semrush.com/bot.html)"
85.208.96.205 - - [12/Jan/2025:04:55:29 -0500] "GET /goods/1647818 HTTP/1.1" 404 18012 "-" "Mozilla/5.0 (compatible; SemrushBot/7~bl; +http://www.semrush.com/bot.html)"
185.191.171.17 - - [12/Jan/2025:04:55:31 -0500] "GET /goods/1282902 HTTP/1.1" 404 18012 "-" "Mozilla/5.0 (compatible; SemrushBot/7~bl; +http://www.semrush.com/bot.html)"
66.249.68.67 - - [12/Jan/2025:04:55:38 -0500] "GET /goods/251217.html HTTP/1.1" 200 68572 "-" "Mozilla/5.0 (Linux; Android 6.0.1; Nexus 5X Build/MMB29P) AppleWebKit/537.36 (KHTML, like Gecko) Chrome/131.0.6778.264 Mobile Safari/537.36 (compatible; Googlebot/2.1; +http://www.google.com/bot.html)"
165.231.182.52 - - [12/Jan/2025:04:54:54 -0500] "POST /register/ HTTP/1.0" 200 76060 "https://misswavenigeria.com/register/" "Mozilla/5.0 (Windows NT 10.0) AppleWebKit/537.36 (KHTML, like Gecko) Chrome/103.0.0.0 Safari/537.36"
66.29.132.124 - - [12/Jan/2025:04:56:23 -0500] "POST /wp-cron.php?doing_wp_cron=1736675783.5499629974365234375000 HTTP/1.1" 200 0 "-" "WordPress/6.7.1; https://misswavenigeria.com"
165.231.182.52 - - [12/Jan/2025:04:56:23 -0500] "GET /register/ HTTP/1.0" 200 75934 "https://misswavenigeria.com/" "Mozilla/5.0 (Windows NT 10.0) AppleWebKit/537.36 (KHTML, like Gecko) Chrome/103.0.0.0 Safari/537.36"
66.29.132.124 - - [12/Jan/2025:04:56:23 -0500] "POST /wp-admin/admin-ajax.php?action=async_litespeed&nonce=cMmlcqlPGVcrAB8TBD10jE21FBbEY31l&litespeed_type=imgoptm HTTP/1.1" 200 21 "-" "WordPress/6.7.1; https://misswavenigeria.com"
66.29.132.124 - - [12/Jan/2025:04:57:36 -0500] "POST /wp-cron.php?doing_wp_cron=1736675856.4778370857238769531250 HTTP/1.1" 200 0 "-" "WordPress/6.7.1; https://misswavenigeria.com"
185.191.171.10 - - [12/Jan/2025:04:57:36 -0500] "GET /goods/3252156 HTTP/1.1" 404 18012 "-" "Mozilla/5.0 (compatible; SemrushBot/7~bl; +http://www.semrush.com/bot.html)"
66.29.132.124 - - [12/Jan/2025:04:57:36 -0500] "POST /wp-admin/admin-ajax.php?action=async_litespeed&nonce=ozavGOlTdsqpnrEOagT8gywkFckuR4ij&litespeed_type=imgoptm HTTP/1.1" 200 21 "-" "WordPress/6.7.1; https://misswavenigeria.com"
165.231.182.52 - - [12/Jan/2025:04:57:41 -0500] "GET / HTTP/1.0" 200 109067 "https://misswavenigeria.com/" "Mozilla/5.0 (Windows NT 6.1; WOW64) AppleWebKit/537.36 (KHTML, like Gecko) Chrome/103.0.0.0 Safari/537.36"
165.231.182.52 - - [12/Jan/2025:04:57:43 -0500] "GET /register/ HTTP/1.0" 200 75934 "https://misswavenigeria.com/register/" "Mozilla/5.0 (Windows NT 6.1; WOW64) AppleWebKit/537.36 (KHTML, like Gecko) Chrome/103.0.0.0 Safari/537.36"
165.231.182.52 - - [12/Jan/2025:04:57:44 -0500] "POST /register/ HTTP/1.0" 200 76060 "https://misswavenigeria.com/register/" "Mozilla/5.0 (Windows NT 6.1; WOW64) AppleWebKit/537.36 (KHTML, like Gecko) Chrome/103.0.0.0 Safari/537.36"
66.29.132.124 - - [12/Jan/2025:04:59:06 -0500] "POST /wp-cron.php?doing_wp_cron=1736675946.2552070617675781250000 HTTP/1.1" 200 0 "-" "WordPress/6.7.1; https://misswavenigeria.com"
165.231.182.52 - - [12/Jan/2025:04:59:06 -0500] "GET /register/ HTTP/1.0" 200 75934 "https://misswavenigeria.com/" "Mozilla/5.0 (Windows NT 6.1; WOW64) AppleWebKit/537.36 (KHTML, like Gecko) Chrome/103.0.0.0 Safari/537.36"
66.29.132.124 - - [12/Jan/2025:04:59:06 -0500] "POST /wp-admin/admin-ajax.php?action=async_litespeed&nonce=DRiCzZ4GMTjBswbdTyy5QKGI7X5CuZoa&litespeed_type=imgoptm HTTP/1.1" 200 21 "-" "WordPress/6.7.1; https://misswavenigeria.com"
66.29.132.124 - - [12/Jan/2025:04:59:40 -0500] "POST /wp-cron.php?doing_wp_cron=1736675980.5019550323486328125000 HTTP/1.1" 200 0 "-" "WordPress/6.7.1; https://misswavenigeria.com"
85.208.96.208 - - [12/Jan/2025:04:59:40 -0500] "GET /goods/3770063 HTTP/1.1" 404 18018 "-" "Mozilla/5.0 (compatible; SemrushBot/7~bl; +http://www.semrush.com/bot.html)"
85.208.96.209 - - [12/Jan/2025:04:59:42 -0500] "GET /goods/309647 HTTP/1.1" 404 18012 "-" "Mozilla/5.0 (compatible; SemrushBot/7~bl; +http://www.semrush.com/bot.html)"
85.208.96.202 - - [12/Jan/2025:04:59:44 -0500] "GET /goods/4616659 HTTP/1.1" 404 18012 "-" "Mozilla/5.0 (compatible; SemrushBot/7~bl; +http://www.semrush.com/bot.html)"
185.191.171.8 - - [12/Jan/2025:04:59:46 -0500] "GET /goods/2775801 HTTP/1.1" 404 18012 "-" "Mozilla/5.0 (compatible; SemrushBot/7~bl; +http://www.semrush.com/bot.html)"
66.249.68.69 - - [12/Jan/2025:05:00:13 -0500] "GET /?product=displease4131631-96 HTTP/1.1" 200 69816 "-" "Mozilla/5.0 (Linux; Android 6.0.1; Nexus 5X Build/MMB29P) AppleWebKit/537.36 (KHTML, like Gecko) Chrome/131.0.6778.264 Mobile Safari/537.36 (compatible; Googlebot/2.1; +http://www.google.com/bot.html)"
66.29.132.124 - - [12/Jan/2025:05:00:40 -0500] "POST /wp-cron.php?doing_wp_cron=1736676040.9713099002838134765625 HTTP/1.1" 200 0 "-" "WordPress/6.7.1; https://misswavenigeria.com"
165.231.182.52 - - [12/Jan/2025:05:00:40 -0500] "GET / HTTP/1.0" 200 109067 "https://misswavenigeria.com/" "Mozilla/5.0 (Windows NT 6.3; Win64; x64) AppleWebKit/537.36 (KHTML, like Gecko) Chrome/103.0.5060.53 Safari/537.36"
66.29.132.124 - - [12/Jan/2025:05:00:41 -0500] "POST /wp-admin/admin-ajax.php?action=async_litespeed&nonce=aMvq7EoGBsW77sH0kH78hmzgiMqxTOJQ&litespeed_type=imgoptm HTTP/1.1" 200 21 "-" "WordPress/6.7.1; https://misswavenigeria.com"
165.231.182.52 - - [12/Jan/2025:05:00:43 -0500] "GET /register/ HTTP/1.0" 200 75934 "https://misswavenigeria.com/register/" "Mozilla/5.0 (Windows NT 6.3; Win64; x64) AppleWebKit/537.36 (KHTML, like Gecko) Chrome/103.0.5060.53 Safari/537.36"
66.29.132.124 - - [12/Jan/2025:05:01:44 -0500] "POST /wp-cron.php?doing_wp_cron=1736676104.6716289520263671875000 HTTP/1.1" 200 0 "-" "WordPress/6.7.1; https://misswavenigeria.com"
85.208.96.209 - - [12/Jan/2025:05:01:44 -0500] "GET /goods/4396281 HTTP/1.1" 404 18011 "-" "Mozilla/5.0 (compatible; SemrushBot/7~bl; +http://www.semrush.com/bot.html)"
66.29.132.124 - - [12/Jan/2025:05:01:44 -0500] "POST /wp-admin/admin-ajax.php?action=async_litespeed&nonce=ZFOZCLYodQQLY2zZDJWzixezQTOeUl5s&litespeed_type=imgoptm HTTP/1.1" 200 21 "-" "WordPress/6.7.1; https://misswavenigeria.com"
185.191.171.5 - - [12/Jan/2025:05:01:46 -0500] "GET /goods/6442 HTTP/1.1" 404 18011 "-" "Mozilla/5.0 (compatible; SemrushBot/7~bl; +http://www.semrush.com/bot.html)"
85.208.96.204 - - [12/Jan/2025:05:01:49 -0500] "GET /goods/2130384 HTTP/1.1" 404 18011 "-" "Mozilla/5.0 (compatible; SemrushBot/7~bl; +http://www.semrush.com/bot.html)"
66.29.132.124 - - [12/Jan/2025:05:01:51 -0500] "POST /wp-cron.php?doing_wp_cron=1736676111.3192560672760009765625 HTTP/1.1" 200 0 "-" "WordPress/6.7.1; https://misswavenigeria.com"
85.208.96.193 - - [12/Jan/2025:05:01:51 -0500] "GET /goods/4043766 HTTP/1.1" 404 18011 "-" "Mozilla/5.0 (compatible; SemrushBot/7~bl; +http://www.semrush.com/bot.html)"
66.29.132.124 - - [12/Jan/2025:05:01:51 -0500] "POST /wp-admin/admin-ajax.php?action=async_litespeed&nonce=BFW96HGkGLav3SGfcFXhiJGE6pV30hzj&litespeed_type=imgoptm HTTP/1.1" 200 21 "-" "WordPress/6.7.1; https://misswavenigeria.com"
85.208.96.204 - - [12/Jan/2025:05:01:52 -0500] "GET /goods/1922390 HTTP/1.1" 404 18011 "-" "Mozilla/5.0 (compatible; SemrushBot/7~bl; +http://www.semrush.com/bot.html)"
85.208.96.193 - - [12/Jan/2025:05:01:54 -0500] "GET /goods/4690192 HTTP/1.1" 404 18012 "-" "Mozilla/5.0 (compatible; SemrushBot/7~bl; +http://www.semrush.com/bot.html)"
185.191.171.13 - - [12/Jan/2025:05:01:56 -0500] "GET /goods/2863227 HTTP/1.1" 404 18011 "-" "Mozilla/5.0 (compatible; SemrushBot/7~bl; +http://www.semrush.com/bot.html)"
165.231.182.52 - - [12/Jan/2025:05:00:44 -0500] "POST /register/ HTTP/1.0" 200 76060 "https://misswavenigeria.com/register/" "Mozilla/5.0 (Windows NT 6.3; Win64; x64) AppleWebKit/537.36 (KHTML, like Gecko) Chrome/103.0.5060.53 Safari/537.36"
165.231.182.52 - - [12/Jan/2025:05:02:11 -0500] "GET /register/ HTTP/1.0" 200 75934 "https://misswavenigeria.com/" "Mozilla/5.0 (Windows NT 6.3; Win64; x64) AppleWebKit/537.36 (KHTML, like Gecko) Chrome/103.0.5060.53 Safari/537.36"
85.208.96.210 - - [12/Jan/2025:05:02:14 -0500] "GET /goods/1158768 HTTP/1.1" 404 18011 "-" "Mozilla/5.0 (compatible; SemrushBot/7~bl; +http://www.semrush.com/bot.html)"
185.191.171.13 - - [12/Jan/2025:05:02:17 -0500] "GET /goods/3045095 HTTP/1.1" 404 18011 "-" "Mozilla/5.0 (compatible; SemrushBot/7~bl; +http://www.semrush.com/bot.html)"
185.191.171.13 - - [12/Jan/2025:05:02:19 -0500] "GET /goods/2109213 HTTP/1.1" 404 18011 "-" "Mozilla/5.0 (compatible; SemrushBot/7~bl; +http://www.semrush.com/bot.html)"
85.208.96.194 - - [12/Jan/2025:05:02:21 -0500] "GET /goods/4344421 HTTP/1.1" 404 18011 "-" "Mozilla/5.0 (compatible; SemrushBot/7~bl; +http://www.semrush.com/bot.html)"
185.191.171.13 - - [12/Jan/2025:05:02:24 -0500] "GET /goods/4173743 HTTP/1.1" 404 18011 "-" "Mozilla/5.0 (compatible; SemrushBot/7~bl; +http://www.semrush.com/bot.html)"
66.29.132.124 - - [12/Jan/2025:05:02:27 -0500] "POST /wp-cron.php?doing_wp_cron=1736676147.2697451114654541015625 HTTP/1.1" 200 0 "-" "WordPress/6.7.1; https://misswavenigeria.com"
185.191.171.2 - - [12/Jan/2025:05:02:27 -0500] "GET /goods/4700485 HTTP/1.1" 404 18011 "-" "Mozilla/5.0 (compatible; SemrushBot/7~bl; +http://www.semrush.com/bot.html)"
66.29.132.124 - - [12/Jan/2025:05:03:41 -0500] "POST /wp-cron.php?doing_wp_cron=1736676221.1184949874877929687500 HTTP/1.1" 200 0 "-" "WordPress/6.7.1; https://misswavenigeria.com"
165.231.182.52 - - [12/Jan/2025:05:03:40 -0500] "GET / HTTP/1.0" 200 109067 "https://misswavenigeria.com/" "Mozilla/5.0 (Windows NT 6.1; Win64; x64) AppleWebKit/537.36 (KHTML, like Gecko) Chrome/103.0.5060.66 Safari/537.36"
66.29.132.124 - - [12/Jan/2025:05:03:41 -0500] "POST /wp-admin/admin-ajax.php?action=async_litespeed&nonce=pXibcYZsTpJPoYAjVnM1yyE3OaF8OMYu&litespeed_type=imgoptm HTTP/1.1" 200 21 "-" "WordPress/6.7.1; https://misswavenigeria.com"
165.231.182.52 - - [12/Jan/2025:05:03:43 -0500] "GET /register/ HTTP/1.0" 200 75934 "https://misswavenigeria.com/register/" "Mozilla/5.0 (Windows NT 6.1; Win64; x64) AppleWebKit/537.36 (KHTML, like Gecko) Chrome/103.0.5060.66 Safari/537.36"
66.29.132.124 - - [12/Jan/2025:05:04:09 -0500] "POST /wp-cron.php?doing_wp_cron=1736676249.7287509441375732421875 HTTP/1.1" 200 0 "-" "WordPress/6.7.1; https://misswavenigeria.com"
85.208.96.212 - - [12/Jan/2025:05:04:09 -0500] "GET /goods/2130099 HTTP/1.1" 404 18012 "-" "Mozilla/5.0 (compatible; SemrushBot/7~bl; +http://www.semrush.com/bot.html)"
66.29.132.124 - - [12/Jan/2025:05:04:09 -0500] "POST /wp-admin/admin-ajax.php?action=async_litespeed&nonce=hyoZLEzHsJjRp4dtc2W6CHVonTLxJQqJ&litespeed_type=imgoptm HTTP/1.1" 200 21 "-" "WordPress/6.7.1; https://misswavenigeria.com"
85.208.96.201 - - [12/Jan/2025:05:04:11 -0500] "GET /goods/1127335 HTTP/1.1" 404 18011 "-" "Mozilla/5.0 (compatible; SemrushBot/7~bl; +http://www.semrush.com/bot.html)"
85.208.96.207 - - [12/Jan/2025:05:04:12 -0500] "GET /goods/534015 HTTP/1.1" 404 18011 "-" "Mozilla/5.0 (compatible; SemrushBot/7~bl; +http://www.semrush.com/bot.html)"
85.208.96.200 - - [12/Jan/2025:05:04:14 -0500] "GET /goods/2705283 HTTP/1.1" 404 18012 "-" "Mozilla/5.0 (compatible; SemrushBot/7~bl; +http://www.semrush.com/bot.html)"
85.208.96.210 - - [12/Jan/2025:05:04:16 -0500] "GET /goods/2039337 HTTP/1.1" 404 18012 "-" "Mozilla/5.0 (compatible; SemrushBot/7~bl; +http://www.semrush.com/bot.html)"
85.208.96.200 - - [12/Jan/2025:05:04:18 -0500] "GET /goods/1686093 HTTP/1.1" 404 18012 "-" "Mozilla/5.0 (compatible; SemrushBot/7~bl; +http://www.semrush.com/bot.html)"
185.191.171.3 - - [12/Jan/2025:05:04:21 -0500] "GET /goods/3786455 HTTP/1.1" 404 18012 "-" "Mozilla/5.0 (compatible; SemrushBot/7~bl; +http://www.semrush.com/bot.html)"
85.208.96.193 - - [12/Jan/2025:05:04:22 -0500] "GET /goods/957794 HTTP/1.1" 404 18012 "-" "Mozilla/5.0 (compatible; SemrushBot/7~bl; +http://www.semrush.com/bot.html)"
85.208.96.204 - - [12/Jan/2025:05:04:24 -0500] "GET /goods/1053695 HTTP/1.1" 404 18012 "-" "Mozilla/5.0 (compatible; SemrushBot/7~bl; +http://www.semrush.com/bot.html)"
66.29.132.124 - - [12/Jan/2025:05:04:26 -0500] "POST /wp-cron.php?doing_wp_cron=1736676266.7441499233245849609375 HTTP/1.1" 200 0 "-" "WordPress/6.7.1; https://misswavenigeria.com"
185.191.171.3 - - [12/Jan/2025:05:04:26 -0500] "GET /goods/1305385 HTTP/1.1" 404 18011 "-" "Mozilla/5.0 (compatible; SemrushBot/7~bl; +http://www.semrush.com/bot.html)"
185.191.171.5 - - [12/Jan/2025:05:04:28 -0500] "GET /goods/255086 HTTP/1.1" 404 18011 "-" "Mozilla/5.0 (compatible; SemrushBot/7~bl; +http://www.semrush.com/bot.html)"
85.208.96.205 - - [12/Jan/2025:05:04:30 -0500] "GET /goods/3601144 HTTP/1.1" 404 18011 "-" "Mozilla/5.0 (compatible; SemrushBot/7~bl; +http://www.semrush.com/bot.html)"
85.208.96.203 - - [12/Jan/2025:05:04:32 -0500] "GET /goods/3730281 HTTP/1.1" 404 18012 "-" "Mozilla/5.0 (compatible; SemrushBot/7~bl; +http://www.semrush.com/bot.html)"
85.208.96.210 - - [12/Jan/2025:05:04:35 -0500] "GET /goods/2968889 HTTP/1.1" 404 18012 "-" "Mozilla/5.0 (compatible; SemrushBot/7~bl; +http://www.semrush.com/bot.html)"
85.208.96.196 - - [12/Jan/2025:05:04:37 -0500] "GET /goods/866211 HTTP/1.1" 404 18012 "-" "Mozilla/5.0 (compatible; SemrushBot/7~bl; +http://www.semrush.com/bot.html)"
185.191.171.7 - - [12/Jan/2025:05:04:39 -0500] "GET /goods/2902482 HTTP/1.1" 404 18012 "-" "Mozilla/5.0 (compatible; SemrushBot/7~bl; +http://www.semrush.com/bot.html)"
165.231.182.52 - - [12/Jan/2025:05:03:45 -0500] "POST /register/ HTTP/1.0" 200 76060 "https://misswavenigeria.com/register/" "Mozilla/5.0 (Windows NT 6.1; Win64; x64) AppleWebKit/537.36 (KHTML, like Gecko) Chrome/103.0.5060.66 Safari/537.36"
66.29.132.124 - - [12/Jan/2025:05:05:13 -0500] "POST /wp-cron.php?doing_wp_cron=1736676313.1713650226593017578125 HTTP/1.1" 200 0 "-" "WordPress/6.7.1; https://misswavenigeria.com"
165.231.182.52 - - [12/Jan/2025:05:05:12 -0500] "GET /register/ HTTP/1.0" 200 75934 "https://misswavenigeria.com/" "Mozilla/5.0 (Windows NT 6.1; Win64; x64) AppleWebKit/537.36 (KHTML, like Gecko) Chrome/103.0.5060.66 Safari/537.36"
66.29.132.124 - - [12/Jan/2025:05:05:13 -0500] "POST /wp-admin/admin-ajax.php?action=async_litespeed&nonce=hqfepMiX4W8txDMmAYEkO1ucKQytN4Df&litespeed_type=imgoptm HTTP/1.1" 200 21 "-" "WordPress/6.7.1; https://misswavenigeria.com"
66.29.132.124 - - [12/Jan/2025:05:05:28 -0500] "POST /wp-cron.php?doing_wp_cron=1736676328.8163769245147705078125 HTTP/1.1" 200 0 "-" "WordPress/6.7.1; https://misswavenigeria.com"
185.191.171.9 - - [12/Jan/2025:05:05:28 -0500] "GET /goods/1732212 HTTP/1.1" 404 18012 "-" "Mozilla/5.0 (compatible; SemrushBot/7~bl; +http://www.semrush.com/bot.html)"
85.208.96.202 - - [12/Jan/2025:05:05:30 -0500] "GET /goods/657527 HTTP/1.1" 404 18011 "-" "Mozilla/5.0 (compatible; SemrushBot/7~bl; +http://www.semrush.com/bot.html)"
85.208.96.197 - - [12/Jan/2025:05:05:32 -0500] "GET /goods/4199459 HTTP/1.1" 404 18012 "-" "Mozilla/5.0 (compatible; SemrushBot/7~bl; +http://www.semrush.com/bot.html)"
185.191.171.13 - - [12/Jan/2025:05:05:34 -0500] "GET /goods/1456339 HTTP/1.1" 404 18012 "-" "Mozilla/5.0 (compatible; SemrushBot/7~bl; +http://www.semrush.com/bot.html)"
185.191.171.3 - - [12/Jan/2025:05:05:37 -0500] "GET /goods/4343542 HTTP/1.1" 404 18012 "-" "Mozilla/5.0 (compatible; SemrushBot/7~bl; +http://www.semrush.com/bot.html)"
66.29.132.124 - - [12/Jan/2025:05:06:37 -0500] "POST /wp-cron.php?doing_wp_cron=1736676397.8948199748992919921875 HTTP/1.1" 200 0 "-" "WordPress/6.7.1; https://misswavenigeria.com"
165.231.182.52 - - [12/Jan/2025:05:06:37 -0500] "GET / HTTP/1.0" 200 109067 "https://misswavenigeria.com/" "Mozilla/5.0 (Windows NT 6.1; Win64; x64) AppleWebKit/537.36 (KHTML, like Gecko) Chrome/103.0.5060.66 Safari/537.36"
66.29.132.124 - - [12/Jan/2025:05:06:38 -0500] "POST /wp-admin/admin-ajax.php?action=async_litespeed&nonce=r56FNGJ2xmkmYYG1FsA1NwIjZQjFTigq&litespeed_type=imgoptm HTTP/1.1" 200 21 "-" "WordPress/6.7.1; https://misswavenigeria.com"
165.231.182.52 - - [12/Jan/2025:05:06:40 -0500] "GET /register/ HTTP/1.0" 200 75934 "https://misswavenigeria.com/register/" "Mozilla/5.0 (Windows NT 6.1; Win64; x64) AppleWebKit/537.36 (KHTML, like Gecko) Chrome/103.0.5060.66 Safari/537.36"
66.29.132.124 - - [12/Jan/2025:05:07:12 -0500] "POST /wp-cron.php?doing_wp_cron=1736676432.6576719284057617187500 HTTP/1.1" 200 0 "-" "WordPress/6.7.1; https://misswavenigeria.com"
85.208.96.205 - - [12/Jan/2025:05:07:12 -0500] "GET /goods/4464616 HTTP/1.1" 404 18011 "-" "Mozilla/5.0 (compatible; SemrushBot/7~bl; +http://www.semrush.com/bot.html)"
66.29.132.124 - - [12/Jan/2025:05:07:12 -0500] "POST /wp-admin/admin-ajax.php?action=async_litespeed&nonce=aSG6ucnFeQ5GkRW0dJODlCMlUnfDfeSV&litespeed_type=imgoptm HTTP/1.1" 200 21 "-" "WordPress/6.7.1; https://misswavenigeria.com"
85.208.96.203 - - [12/Jan/2025:05:07:14 -0500] "GET /goods/4837695 HTTP/1.1" 404 18012 "-" "Mozilla/5.0 (compatible; SemrushBot/7~bl; +http://www.semrush.com/bot.html)"
185.191.171.1 - - [12/Jan/2025:05:07:16 -0500] "GET /goods/3055275 HTTP/1.1" 404 18012 "-" "Mozilla/5.0 (compatible; SemrushBot/7~bl; +http://www.semrush.com/bot.html)"
165.231.182.52 - - [12/Jan/2025:05:06:41 -0500] "POST /register/ HTTP/1.0" 200 76060 "https://misswavenigeria.com/register/" "Mozilla/5.0 (Windows NT 6.1; Win64; x64) AppleWebKit/537.36 (KHTML, like Gecko) Chrome/103.0.5060.66 Safari/537.36"
66.29.132.124 - - [12/Jan/2025:05:08:06 -0500] "POST /wp-cron.php?doing_wp_cron=1736676486.9477920532226562500000 HTTP/1.1" 200 0 "-" "WordPress/6.7.1; https://misswavenigeria.com"
165.231.182.52 - - [12/Jan/2025:05:08:06 -0500] "GET /register/ HTTP/1.0" 200 75934 "https://misswavenigeria.com/" "Mozilla/5.0 (Windows NT 6.1; Win64; x64) AppleWebKit/537.36 (KHTML, like Gecko) Chrome/103.0.5060.66 Safari/537.36"
66.29.132.124 - - [12/Jan/2025:05:08:07 -0500] "POST /wp-admin/admin-ajax.php?action=async_litespeed&nonce=rlh0PbFJBgunzu3xc30xnbDFr2uO2NCL&litespeed_type=imgoptm HTTP/1.1" 200 21 "-" "WordPress/6.7.1; https://misswavenigeria.com"
185.191.171.7 - - [12/Jan/2025:05:08:19 -0500] "GET /robots.txt HTTP/1.1" 200 142 "-" "Mozilla/5.0 (compatible; SemrushBot/7~bl; +http://www.semrush.com/bot.html)"
66.249.68.67 - - [12/Jan/2025:05:08:46 -0500] "GET /?product=flight4816028-664?keyword=%E3%82%B3%E3%83%9F%E3%83%83%E3%82%AF%E3%80%81%E3%82%A2%E3%83%8B%E3%83%A1%E3%82%B0%E3%83%83%E3%82%BA HTTP/1.1" 200 71309 "-" "Mozilla/5.0 (Linux; Android 6.0.1; Nexus 5X Build/MMB29P) AppleWebKit/537.36 (KHTML, like Gecko) Chrome/131.0.6778.264 Mobile Safari/537.36 (compatible; Googlebot/2.1; +http://www.google.com/bot.html)"
66.29.132.124 - - [12/Jan/2025:05:09:07 -0500] "POST /wp-cron.php?doing_wp_cron=1736676547.7534649372100830078125 HTTP/1.1" 200 0 "-" "WordPress/6.7.1; https://misswavenigeria.com"
85.208.96.203 - - [12/Jan/2025:05:09:07 -0500] "GET /goods/138378 HTTP/1.1" 404 18012 "-" "Mozilla/5.0 (compatible; SemrushBot/7~bl; +http://www.semrush.com/bot.html)"
66.29.132.124 - - [12/Jan/2025:05:09:07 -0500] "POST /wp-admin/admin-ajax.php?action=async_litespeed&nonce=jDKgdHdVr3UOAJ5Ff6Y0C9lpnOM1oelO&litespeed_type=imgoptm HTTP/1.1" 200 21 "-" "WordPress/6.7.1; https://misswavenigeria.com"
185.191.171.7 - - [12/Jan/2025:05:09:10 -0500] "GET /goods/2351169 HTTP/1.1" 404 18011 "-" "Mozilla/5.0 (compatible; SemrushBot/7~bl; +http://www.semrush.com/bot.html)"
85.208.96.197 - - [12/Jan/2025:05:09:11 -0500] "GET /goods/3677880 HTTP/1.1" 404 18011 "-" "Mozilla/5.0 (compatible; SemrushBot/7~bl; +http://www.semrush.com/bot.html)"
185.191.171.13 - - [12/Jan/2025:05:09:14 -0500] "GET /goods/4759164 HTTP/1.1" 404 18012 "-" "Mozilla/5.0 (compatible; SemrushBot/7~bl; +http://www.semrush.com/bot.html)"
85.208.96.202 - - [12/Jan/2025:05:09:15 -0500] "GET /goods/2474861 HTTP/1.1" 404 18012 "-" "Mozilla/5.0 (compatible; SemrushBot/7~bl; +http://www.semrush.com/bot.html)"
185.191.171.4 - - [12/Jan/2025:05:09:17 -0500] "GET /goods/1621351 HTTP/1.1" 404 18012 "-" "Mozilla/5.0 (compatible; SemrushBot/7~bl; +http://www.semrush.com/bot.html)"
85.208.96.195 - - [12/Jan/2025:05:09:19 -0500] "GET /goods/3158009 HTTP/1.1" 404 18011 "-" "Mozilla/5.0 (compatible; SemrushBot/7~bl; +http://www.semrush.com/bot.html)"
185.191.171.5 - - [12/Jan/2025:05:09:22 -0500] "GET /goods/4763510 HTTP/1.1" 404 18012 "-" "Mozilla/5.0 (compatible; SemrushBot/7~bl; +http://www.semrush.com/bot.html)"
185.191.171.18 - - [12/Jan/2025:05:09:24 -0500] "GET /goods/2897158 HTTP/1.1" 404 18012 "-" "Mozilla/5.0 (compatible; SemrushBot/7~bl; +http://www.semrush.com/bot.html)"
66.29.132.124 - - [12/Jan/2025:05:09:27 -0500] "POST /wp-cron.php?doing_wp_cron=1736676567.0263469219207763671875 HTTP/1.1" 200 0 "-" "WordPress/6.7.1; https://misswavenigeria.com"
185.191.171.4 - - [12/Jan/2025:05:09:26 -0500] "GET /goods/4113669 HTTP/1.1" 404 18012 "-" "Mozilla/5.0 (compatible; SemrushBot/7~bl; +http://www.semrush.com/bot.html)"
85.208.96.195 - - [12/Jan/2025:05:09:28 -0500] "GET /goods/3956121 HTTP/1.1" 404 18011 "-" "Mozilla/5.0 (compatible; SemrushBot/7~bl; +http://www.semrush.com/bot.html)"
165.231.182.52 - - [12/Jan/2025:05:09:30 -0500] "GET / HTTP/1.0" 200 109065 "https://misswavenigeria.com/" "Mozilla/5.0 (Windows NT 10.0; Win64; x64) AppleWebKit/537.36 (KHTML, like Gecko) Chrome/103.0.5060.114 Safari/537.36"
185.191.171.13 - - [12/Jan/2025:05:09:31 -0500] "GET /goods/4007774 HTTP/1.1" 404 18012 "-" "Mozilla/5.0 (compatible; SemrushBot/7~bl; +http://www.semrush.com/bot.html)"
165.231.182.52 - - [12/Jan/2025:05:09:32 -0500] "GET /register/ HTTP/1.0" 200 75934 "https://misswavenigeria.com/register/" "Mozilla/5.0 (Windows NT 10.0; Win64; x64) AppleWebKit/537.36 (KHTML, like Gecko) Chrome/103.0.5060.114 Safari/537.36"
85.208.96.202 - - [12/Jan/2025:05:09:33 -0500] "GET /goods/3871436 HTTP/1.1" 404 18012 "-" "Mozilla/5.0 (compatible; SemrushBot/7~bl; +http://www.semrush.com/bot.html)"
85.208.96.207 - - [12/Jan/2025:05:09:35 -0500] "GET /goods/318806 HTTP/1.1" 404 18012 "-" "Mozilla/5.0 (compatible; SemrushBot/7~bl; +http://www.semrush.com/bot.html)"
85.208.96.207 - - [12/Jan/2025:05:09:38 -0500] "GET /goods/4428158 HTTP/1.1" 404 18012 "-" "Mozilla/5.0 (compatible; SemrushBot/7~bl; +http://www.semrush.com/bot.html)"
85.208.96.195 - - [12/Jan/2025:05:09:40 -0500] "GET /goods/4331129 HTTP/1.1" 404 18011 "-" "Mozilla/5.0 (compatible; SemrushBot/7~bl; +http://www.semrush.com/bot.html)"
185.191.171.19 - - [12/Jan/2025:05:09:42 -0500] "GET /goods/1857583 HTTP/1.1" 404 18011 "-" "Mozilla/5.0 (compatible; SemrushBot/7~bl; +http://www.semrush.com/bot.html)"
85.208.96.205 - - [12/Jan/2025:05:09:44 -0500] "GET /goods/874787 HTTP/1.1" 404 18012 "-" "Mozilla/5.0 (compatible; SemrushBot/7~bl; +http://www.semrush.com/bot.html)"
85.208.96.200 - - [12/Jan/2025:05:09:45 -0500] "GET /goods/1573754 HTTP/1.1" 404 18012 "-" "Mozilla/5.0 (compatible; SemrushBot/7~bl; +http://www.semrush.com/bot.html)"
185.191.171.7 - - [12/Jan/2025:05:09:48 -0500] "GET /goods/1575512 HTTP/1.1" 404 18011 "-" "Mozilla/5.0 (compatible; SemrushBot/7~bl; +http://www.semrush.com/bot.html)"
165.231.182.52 - - [12/Jan/2025:05:09:34 -0500] "POST /register/ HTTP/1.0" 200 76060 "https://misswavenigeria.com/register/" "Mozilla/5.0 (Windows NT 10.0; Win64; x64) AppleWebKit/537.36 (KHTML, like Gecko) Chrome/103.0.5060.114 Safari/537.36"
66.29.132.124 - - [12/Jan/2025:05:11:08 -0500] "POST /wp-cron.php?doing_wp_cron=1736676668.2091720104217529296875 HTTP/1.1" 200 0 "-" "WordPress/6.7.1; https://misswavenigeria.com"
165.231.182.52 - - [12/Jan/2025:05:11:08 -0500] "GET /register/ HTTP/1.0" 200 75934 "https://misswavenigeria.com/" "Mozilla/5.0 (Windows NT 10.0; Win64; x64) AppleWebKit/537.36 (KHTML, like Gecko) Chrome/103.0.5060.114 Safari/537.36"
66.29.132.124 - - [12/Jan/2025:05:11:08 -0500] "POST /wp-admin/admin-ajax.php?action=async_litespeed&nonce=N6Rpqn779OngKvHAoYvB4PTSQyeLoSuE&litespeed_type=imgoptm HTTP/1.1" 200 21 "-" "WordPress/6.7.1; https://misswavenigeria.com"
66.29.132.124 - - [12/Jan/2025:05:11:53 -0500] "POST /wp-cron.php?doing_wp_cron=1736676713.1734540462493896484375 HTTP/1.1" 200 0 "-" "WordPress/6.7.1; https://misswavenigeria.com"
185.191.171.10 - - [12/Jan/2025:05:11:52 -0500] "GET /goods/1088011 HTTP/1.1" 404 18017 "-" "Mozilla/5.0 (compatible; SemrushBot/7~bl; +http://www.semrush.com/bot.html)"
66.29.132.124 - - [12/Jan/2025:05:11:53 -0500] "POST /wp-admin/admin-ajax.php?action=async_litespeed&nonce=AvXmeb7iXuKt3fbJl0I5HG0zOuZnyx2O&litespeed_type=imgoptm HTTP/1.1" 200 21 "-" "WordPress/6.7.1; https://misswavenigeria.com"
185.191.171.18 - - [12/Jan/2025:05:11:55 -0500] "GET /goods/3215207 HTTP/1.1" 404 18011 "-" "Mozilla/5.0 (compatible; SemrushBot/7~bl; +http://www.semrush.com/bot.html)"
185.191.171.16 - - [12/Jan/2025:05:11:57 -0500] "GET /goods/58735 HTTP/1.1" 404 18011 "-" "Mozilla/5.0 (compatible; SemrushBot/7~bl; +http://www.semrush.com/bot.html)"
185.191.171.10 - - [12/Jan/2025:05:12:00 -0500] "GET /goods/3774980 HTTP/1.1" 404 18011 "-" "Mozilla/5.0 (compatible; SemrushBot/7~bl; +http://www.semrush.com/bot.html)"
85.208.96.212 - - [12/Jan/2025:05:12:01 -0500] "GET /goods/1916703 HTTP/1.1" 404 18011 "-" "Mozilla/5.0 (compatible; SemrushBot/7~bl; +http://www.semrush.com/bot.html)"
185.191.171.16 - - [12/Jan/2025:05:12:04 -0500] "GET /goods/427903 HTTP/1.1" 404 18011 "-" "Mozilla/5.0 (compatible; SemrushBot/7~bl; +http://www.semrush.com/bot.html)"
185.191.171.15 - - [12/Jan/2025:05:12:08 -0500] "GET /goods/1389356 HTTP/1.1" 404 18012 "-" "Mozilla/5.0 (compatible; SemrushBot/7~bl; +http://www.semrush.com/bot.html)"
85.208.96.206 - - [12/Jan/2025:05:12:10 -0500] "GET /goods/1545764 HTTP/1.1" 404 18011 "-" "Mozilla/5.0 (compatible; SemrushBot/7~bl; +http://www.semrush.com/bot.html)"
85.208.96.195 - - [12/Jan/2025:05:12:12 -0500] "GET /goods/2579561 HTTP/1.1" 404 18010 "-" "Mozilla/5.0 (compatible; SemrushBot/7~bl; +http://www.semrush.com/bot.html)"
66.29.132.124 - - [12/Jan/2025:05:12:25 -0500] "POST /wp-cron.php?doing_wp_cron=1736676745.7198410034179687500000 HTTP/1.1" 200 0 "-" "WordPress/6.7.1; https://misswavenigeria.com"
165.231.182.52 - - [12/Jan/2025:05:12:25 -0500] "GET / HTTP/1.0" 200 109067 "https://misswavenigeria.com/" "Mozilla/5.0 (Windows NT 6.3) AppleWebKit/537.36 (KHTML, like Gecko) Chrome/103.0.0.0 Safari/537.36"
165.231.182.52 - - [12/Jan/2025:05:12:27 -0500] "GET /register/ HTTP/1.0" 200 75934 "https://misswavenigeria.com/register/" "Mozilla/5.0 (Windows NT 6.3) AppleWebKit/537.36 (KHTML, like Gecko) Chrome/103.0.0.0 Safari/537.36"
66.249.79.2 - - [12/Jan/2025:05:13:27 -0500] "GET /goods/L917863?k=product HTTP/1.1" 200 72046 "-" "Mozilla/5.0 (Linux; Android 6.0.1; Nexus 5X Build/MMB29P) AppleWebKit/537.36 (KHTML, like Gecko) Chrome/131.0.6778.264 Mobile Safari/537.36 (compatible; Googlebot/2.1; +http://www.google.com/bot.html)"
165.231.182.52 - - [12/Jan/2025:05:12:29 -0500] "POST /register/ HTTP/1.0" 200 76060 "https://misswavenigeria.com/register/" "Mozilla/5.0 (Windows NT 6.3) AppleWebKit/537.36 (KHTML, like Gecko) Chrome/103.0.0.0 Safari/537.36"
66.29.132.124 - - [12/Jan/2025:05:13:46 -0500] "POST /wp-cron.php?doing_wp_cron=1736676826.4654119014739990234375 HTTP/1.1" 200 0 "-" "WordPress/6.7.1; https://misswavenigeria.com"
165.231.182.52 - - [12/Jan/2025:05:13:46 -0500] "GET /register/ HTTP/1.0" 200 75934 "https://misswavenigeria.com/" "Mozilla/5.0 (Windows NT 6.3) AppleWebKit/537.36 (KHTML, like Gecko) Chrome/103.0.0.0 Safari/537.36"
66.29.132.124 - - [12/Jan/2025:05:13:46 -0500] "POST /wp-admin/admin-ajax.php?action=async_litespeed&nonce=qtXSMMsEa7yO2nAyBI6ROWRALdClRIyD&litespeed_type=imgoptm HTTP/1.1" 200 21 "-" "WordPress/6.7.1; https://misswavenigeria.com"
66.249.79.3 - - [12/Jan/2025:05:14:02 -0500] "GET /goods/T971743?k=product HTTP/1.1" 200 70274 "-" "Mozilla/5.0 (Linux; Android 6.0.1; Nexus 5X Build/MMB29P) AppleWebKit/537.36 (KHTML, like Gecko) Chrome/131.0.6778.264 Mobile Safari/537.36 (compatible; Googlebot/2.1; +http://www.google.com/bot.html)"
66.29.132.124 - - [12/Jan/2025:05:14:16 -0500] "POST /wp-cron.php?doing_wp_cron=1736676856.8270339965820312500000 HTTP/1.1" 200 0 "-" "WordPress/6.7.1; https://misswavenigeria.com"
85.208.96.210 - - [12/Jan/2025:05:14:16 -0500] "GET /goods/4062033 HTTP/1.1" 404 18012 "-" "Mozilla/5.0 (compatible; SemrushBot/7~bl; +http://www.semrush.com/bot.html)"
66.29.132.124 - - [12/Jan/2025:05:14:17 -0500] "POST /wp-admin/admin-ajax.php?action=async_litespeed&nonce=erySPZI2me0xf35tqJp002ONnKtEkr38&litespeed_type=imgoptm HTTP/1.1" 200 21 "-" "WordPress/6.7.1; https://misswavenigeria.com"
66.29.132.124 - - [12/Jan/2025:05:15:17 -0500] "POST /wp-cron.php?doing_wp_cron=1736676917.2250308990478515625000 HTTP/1.1" 200 0 "-" "WordPress/6.7.1; https://misswavenigeria.com"
165.231.182.52 - - [12/Jan/2025:05:15:17 -0500] "GET / HTTP/1.0" 200 109067 "https://misswavenigeria.com/" "Mozilla/5.0 (Windows NT 6.1; WOW64) AppleWebKit/537.36 (KHTML, like Gecko) Chrome/103.0.0.0 Safari/537.36"
66.29.132.124 - - [12/Jan/2025:05:15:17 -0500] "POST /wp-admin/admin-ajax.php?action=async_litespeed&nonce=5fXrBecGBkN43PnDurPxjB7dez3DX8z8&litespeed_type=imgoptm HTTP/1.1" 200 21 "-" "WordPress/6.7.1; https://misswavenigeria.com"
165.231.182.52 - - [12/Jan/2025:05:15:19 -0500] "GET /register/ HTTP/1.0" 200 75934 "https://misswavenigeria.com/register/" "Mozilla/5.0 (Windows NT 6.1; WOW64) AppleWebKit/537.36 (KHTML, like Gecko) Chrome/103.0.0.0 Safari/537.36"
66.29.132.124 - - [12/Jan/2025:05:16:21 -0500] "POST /wp-cron.php?doing_wp_cron=1736676981.6527099609375000000000 HTTP/1.1" 200 0 "-" "WordPress/6.7.1; https://misswavenigeria.com"
85.208.96.210 - - [12/Jan/2025:05:16:21 -0500] "GET /goods/1028821 HTTP/1.1" 404 18012 "-" "Mozilla/5.0 (compatible; SemrushBot/7~bl; +http://www.semrush.com/bot.html)"
66.29.132.124 - - [12/Jan/2025:05:16:21 -0500] "POST /wp-admin/admin-ajax.php?action=async_litespeed&nonce=KMQjp3jKMeUsbDy8Eye1JdT0dNj2sadu&litespeed_type=imgoptm HTTP/1.1" 200 21 "-" "WordPress/6.7.1; https://misswavenigeria.com"
85.208.96.193 - - [12/Jan/2025:05:16:23 -0500] "GET /goods/3453471 HTTP/1.1" 404 18012 "-" "Mozilla/5.0 (compatible; SemrushBot/7~bl; +http://www.semrush.com/bot.html)"
66.29.132.124 - - [12/Jan/2025:05:16:26 -0500] "POST /wp-cron.php?doing_wp_cron=1736676986.1110780239105224609375 HTTP/1.1" 200 0 "-" "WordPress/6.7.1; https://misswavenigeria.com"
185.191.171.18 - - [12/Jan/2025:05:16:25 -0500] "GET /goods/4330526 HTTP/1.1" 404 18011 "-" "Mozilla/5.0 (compatible; SemrushBot/7~bl; +http://www.semrush.com/bot.html)"
85.208.96.206 - - [12/Jan/2025:05:16:33 -0500] "GET /goods/702704 HTTP/1.1" 404 18012 "-" "Mozilla/5.0 (compatible; SemrushBot/7~bl; +http://www.semrush.com/bot.html)"
165.231.182.52 - - [12/Jan/2025:05:15:21 -0500] "POST /register/ HTTP/1.0" 200 76060 "https://misswavenigeria.com/register/" "Mozilla/5.0 (Windows NT 6.1; WOW64) AppleWebKit/537.36 (KHTML, like Gecko) Chrome/103.0.0.0 Safari/537.36"
185.191.171.4 - - [12/Jan/2025:05:16:37 -0500] "GET /goods/1765515 HTTP/1.1" 404 18012 "-" "Mozilla/5.0 (compatible; SemrushBot/7~bl; +http://www.semrush.com/bot.html)"
165.231.182.52 - - [12/Jan/2025:05:16:37 -0500] "GET /register/ HTTP/1.0" 200 75934 "https://misswavenigeria.com/" "Mozilla/5.0 (Windows NT 6.1; WOW64) AppleWebKit/537.36 (KHTML, like Gecko) Chrome/103.0.0.0 Safari/537.36"
85.208.96.197 - - [12/Jan/2025:05:16:38 -0500] "GET /goods/3356409 HTTP/1.1" 404 18012 "-" "Mozilla/5.0 (compatible; SemrushBot/7~bl; +http://www.semrush.com/bot.html)"
66.29.132.124 - - [12/Jan/2025:05:18:13 -0500] "POST /wp-cron.php?doing_wp_cron=1736677093.0283958911895751953125 HTTP/1.1" 200 0 "-" "WordPress/6.7.1; https://misswavenigeria.com"
165.231.182.52 - - [12/Jan/2025:05:18:10 -0500] "GET / HTTP/1.0" 200 109065 "https://misswavenigeria.com/" "Mozilla/5.0 (Windows NT 6.1; Win64; x64) AppleWebKit/537.36 (KHTML, like Gecko) Chrome/103.0.5060.66 Safari/537.36"
66.29.132.124 - - [12/Jan/2025:05:18:13 -0500] "POST /wp-admin/admin-ajax.php?action=async_litespeed&nonce=daugpMKt5TI7aOwLz5nRfT0kZ7bvUn6N&litespeed_type=imgoptm HTTP/1.1" 200 21 "-" "WordPress/6.7.1; https://misswavenigeria.com"
165.231.182.52 - - [12/Jan/2025:05:18:15 -0500] "GET /register/ HTTP/1.0" 200 75934 "https://misswavenigeria.com/register/" "Mozilla/5.0 (Windows NT 6.1; Win64; x64) AppleWebKit/537.36 (KHTML, like Gecko) Chrome/103.0.5060.66 Safari/537.36"
66.29.132.124 - - [12/Jan/2025:05:18:26 -0500] "POST /wp-cron.php?doing_wp_cron=1736677106.5247929096221923828125 HTTP/1.1" 200 0 "-" "WordPress/6.7.1; https://misswavenigeria.com"
13.74.118.32 - - [12/Jan/2025:05:18:26 -0500] "GET /autoload_classmap.php HTTP/1.1" 404 67231 "-" "-"
13.74.118.32 - - [12/Jan/2025:05:18:27 -0500] "GET /post.php HTTP/1.1" 404 67231 "-" "-"
13.74.118.32 - - [12/Jan/2025:05:18:27 -0500] "GET /1.php HTTP/1.1" 404 67231 "-" "-"
13.74.118.32 - - [12/Jan/2025:05:18:28 -0500] "GET /flower.php HTTP/1.1" 404 67231 "-" "-"
13.74.118.32 - - [12/Jan/2025:05:18:29 -0500] "GET /admin.php HTTP/1.1" 404 67231 "-" "-"
13.74.118.32 - - [12/Jan/2025:05:18:30 -0500] "GET /file.php HTTP/1.1" 404 67231 "-" "-"
13.74.118.32 - - [12/Jan/2025:05:18:31 -0500] "GET /meta.php HTTP/1.1" 404 67231 "-" "-"
13.74.118.32 - - [12/Jan/2025:05:18:31 -0500] "GET /index.php HTTP/1.1" 301 0 "-" "-"
13.74.118.32 - - [12/Jan/2025:05:18:32 -0500] "GET / HTTP/1.1" 200 109065 "-" "-"
13.74.118.32 - - [12/Jan/2025:05:18:32 -0500] "GET /about.php HTTP/1.1" 404 67231 "-" "-"
13.74.118.32 - - [12/Jan/2025:05:18:33 -0500] "GET /randkeyword.php HTTP/1.1" 404 67231 "-" "-"
13.74.118.32 - - [12/Jan/2025:05:18:33 -0500] "GET /goods.php HTTP/1.1" 404 67231 "-" "-"
13.74.118.32 - - [12/Jan/2025:05:18:34 -0500] "GET /hehe.php HTTP/1.1" 404 67231 "-" "-"
13.74.118.32 - - [12/Jan/2025:05:18:35 -0500] "GET /user.php HTTP/1.1" 404 67231 "-" "-"
13.74.118.32 - - [12/Jan/2025:05:18:35 -0500] "GET /wp-2019.php HTTP/1.1" 404 67231 "-" "-"
13.74.118.32 - - [12/Jan/2025:05:18:36 -0500] "GET /chosen.php HTTP/1.1" 404 67231 "-" "-"
13.74.118.32 - - [12/Jan/2025:05:18:36 -0500] "GET /functions.php HTTP/1.1" 404 67231 "-" "-"
13.74.118.32 - - [12/Jan/2025:05:18:37 -0500] "GET /cron.php HTTP/1.1" 404 67231 "-" "-"
13.74.118.32 - - [12/Jan/2025:05:18:38 -0500] "GET /edit.php HTTP/1.1" 404 67231 "-" "-"
13.74.118.32 - - [12/Jan/2025:05:18:38 -0500] "GET /gecko-new.php HTTP/1.1" 404 67231 "-" "-"
13.74.118.32 - - [12/Jan/2025:05:18:39 -0500] "GET /cookie.php HTTP/1.1" 404 67231 "-" "-"
13.74.118.32 - - [12/Jan/2025:05:18:39 -0500] "GET /xleet.php HTTP/1.1" 404 67231 "-" "-"
13.74.118.32 - - [12/Jan/2025:05:18:40 -0500] "GET /spip.php HTTP/1.1" 404 67231 "-" "-"
13.74.118.32 - - [12/Jan/2025:05:18:41 -0500] "GET /22.php HTTP/1.1" 404 67231 "-" "-"
13.74.118.32 - - [12/Jan/2025:05:18:41 -0500] "GET /room.php HTTP/1.1" 404 67231 "-" "-"
13.74.118.32 - - [12/Jan/2025:05:18:42 -0500] "GET /disagreed.php HTTP/1.1" 404 67231 "-" "-"
13.74.118.32 - - [12/Jan/2025:05:18:43 -0500] "GET /text.php HTTP/1.1" 404 67231 "-" "-"
185.191.171.3 - - [12/Jan/2025:05:18:43 -0500] "GET /goods/139424 HTTP/1.1" 404 18012 "-" "Mozilla/5.0 (compatible; SemrushBot/7~bl; +http://www.semrush.com/bot.html)"
13.74.118.32 - - [12/Jan/2025:05:18:43 -0500] "GET /alfa-rex.php HTTP/1.1" 404 67231 "-" "-"
13.74.118.32 - - [12/Jan/2025:05:18:44 -0500] "GET /alfa-rex.php7 HTTP/1.1" 404 67231 "-" "-"
13.74.118.32 - - [12/Jan/2025:05:18:44 -0500] "GET /feeds.php HTTP/1.1" 404 67231 "-" "-"
13.74.118.32 - - [12/Jan/2025:05:18:45 -0500] "GET /radio.php HTTP/1.1" 404 67231 "-" "-"
85.208.96.195 - - [12/Jan/2025:05:18:45 -0500] "GET /goods/1719565 HTTP/1.1" 404 18012 "-" "Mozilla/5.0 (compatible; SemrushBot/7~bl; +http://www.semrush.com/bot.html)"
13.74.118.32 - - [12/Jan/2025:05:18:45 -0500] "GET /dropdown.php HTTP/1.1" 404 67231 "-" "-"
13.74.118.32 - - [12/Jan/2025:05:18:46 -0500] "GET /defaults.php HTTP/1.1" 404 67231 "-" "-"
85.208.96.196 - - [12/Jan/2025:05:18:46 -0500] "GET /goods/3566109 HTTP/1.1" 404 18011 "-" "Mozilla/5.0 (compatible; SemrushBot/7~bl; +http://www.semrush.com/bot.html)"
13.74.118.32 - - [12/Jan/2025:05:18:46 -0500] "GET /system.php HTTP/1.1" 404 67231 "-" "-"
13.74.118.32 - - [12/Jan/2025:05:18:47 -0500] "GET /xmlrpc.php HTTP/1.1" 405 42 "-" "-"
13.74.118.32 - - [12/Jan/2025:05:18:47 -0500] "GET /xmlrpc.php0 HTTP/1.1" 404 67231 "-" "-"
13.74.118.32 - - [12/Jan/2025:05:18:48 -0500] "GET /colors.php HTTP/1.1" 404 67231 "-" "-"
185.191.171.4 - - [12/Jan/2025:05:18:49 -0500] "GET /goods/2278521 HTTP/1.1" 404 18011 "-" "Mozilla/5.0 (compatible; SemrushBot/7~bl; +http://www.semrush.com/bot.html)"
13.74.118.32 - - [12/Jan/2025:05:18:49 -0500] "GET /updates.php HTTP/1.1" 404 67231 "-" "-"
13.74.118.32 - - [12/Jan/2025:05:18:49 -0500] "GET /alfa-rex1.php HTTP/1.1" 404 67231 "-" "-"
66.29.132.124 - - [12/Jan/2025:05:18:50 -0500] "POST /wp-cron.php?doing_wp_cron=1736677130.5342290401458740234375 HTTP/1.1" 200 0 "-" "WordPress/6.7.1; https://misswavenigeria.com"
13.74.118.32 - - [12/Jan/2025:05:18:50 -0500] "GET /wp-index.php HTTP/1.1" 404 67231 "-" "-"
66.29.132.124 - - [12/Jan/2025:05:18:50 -0500] "POST /wp-admin/admin-ajax.php?action=async_litespeed&nonce=1J2U5C1VWWwW2o8Nr5VfgYkxtcH0iZH6&litespeed_type=imgoptm HTTP/1.1" 200 21 "-" "WordPress/6.7.1; https://misswavenigeria.com"
85.208.96.205 - - [12/Jan/2025:05:18:50 -0500] "GET /goods/669791 HTTP/1.1" 404 18011 "-" "Mozilla/5.0 (compatible; SemrushBot/7~bl; +http://www.semrush.com/bot.html)"
13.74.118.32 - - [12/Jan/2025:05:18:51 -0500] "GET /wp-admin.php HTTP/1.1" 404 67231 "-" "-"
13.74.118.32 - - [12/Jan/2025:05:18:51 -0500] "GET /alfa.php HTTP/1.1" 404 67231 "-" "-"
13.74.118.32 - - [12/Jan/2025:05:18:52 -0500] "GET /alfanew.php7 HTTP/1.1" 404 67231 "-" "-"
185.191.171.7 - - [12/Jan/2025:05:18:52 -0500] "GET /goods/3834597 HTTP/1.1" 404 18011 "-" "Mozilla/5.0 (compatible; SemrushBot/7~bl; +http://www.semrush.com/bot.html)"
13.74.118.32 - - [12/Jan/2025:05:18:52 -0500] "GET /locale.php HTTP/1.1" 404 67231 "-" "-"
13.74.118.32 - - [12/Jan/2025:05:18:53 -0500] "GET /wxo.php HTTP/1.1" 404 67231 "-" "-"
13.74.118.32 - - [12/Jan/2025:05:18:54 -0500] "GET /colour.php HTTP/1.1" 404 67231 "-" "-"
85.208.96.195 - - [12/Jan/2025:05:18:54 -0500] "GET /goods/2436219 HTTP/1.1" 404 18012 "-" "Mozilla/5.0 (compatible; SemrushBot/7~bl; +http://www.semrush.com/bot.html)"
13.74.118.32 - - [12/Jan/2025:05:18:54 -0500] "GET /files.php HTTP/1.1" 404 67231 "-" "-"
13.74.118.32 - - [12/Jan/2025:05:18:55 -0500] "GET /install.php HTTP/1.1" 404 67231 "-" "-"
13.74.118.32 - - [12/Jan/2025:05:18:56 -0500] "GET /wp-contentt.php HTTP/1.1" 404 67231 "-" "-"
185.191.171.7 - - [12/Jan/2025:05:18:56 -0500] "GET /goods/4032966 HTTP/1.1" 404 18012 "-" "Mozilla/5.0 (compatible; SemrushBot/7~bl; +http://www.semrush.com/bot.html)"
13.74.118.32 - - [12/Jan/2025:05:18:56 -0500] "GET /config.php7 HTTP/1.1" 404 67231 "-" "-"
13.74.118.32 - - [12/Jan/2025:05:18:57 -0500] "GET /config.php HTTP/1.1" 404 67231 "-" "-"
13.74.118.32 - - [12/Jan/2025:05:18:58 -0500] "GET /theme.php HTTP/1.1" 404 67231 "-" "-"
13.74.118.32 - - [12/Jan/2025:05:18:58 -0500] "GET /block-bindings.php HTTP/1.1" 404 67231 "-" "-"
13.74.118.32 - - [12/Jan/2025:05:18:59 -0500] "GET /class_api.php HTTP/1.1" 404 67231 "-" "-"
85.208.96.210 - - [12/Jan/2025:05:18:59 -0500] "GET /goods/230936 HTTP/1.1" 404 18012 "-" "Mozilla/5.0 (compatible; SemrushBot/7~bl; +http://www.semrush.com/bot.html)"
13.74.118.32 - - [12/Jan/2025:05:18:59 -0500] "GET /inputs.php HTTP/1.1" 404 67231 "-" "-"
13.74.118.32 - - [12/Jan/2025:05:19:00 -0500] "GET /root.php HTTP/1.1" 404 67231 "-" "-"
13.74.118.32 - - [12/Jan/2025:05:19:01 -0500] "GET /menu.php HTTP/1.1" 404 67231 "-" "-"
13.74.118.32 - - [12/Jan/2025:05:19:01 -0500] "GET /plugin.php HTTP/1.1" 404 67231 "-" "-"
13.74.118.32 - - [12/Jan/2025:05:19:02 -0500] "GET /cloud.php HTTP/1.1" 404 67231 "-" "-"
13.74.118.32 - - [12/Jan/2025:05:19:03 -0500] "GET /configs.php HTTP/1.1" 404 67231 "-" "-"
13.74.118.32 - - [12/Jan/2025:05:19:03 -0500] "GET /wp-configs.php HTTP/1.1" 404 67231 "-" "-"
185.191.171.13 - - [12/Jan/2025:05:19:04 -0500] "GET /goods/3664315 HTTP/1.1" 404 18011 "-" "Mozilla/5.0 (compatible; SemrushBot/7~bl; +http://www.semrush.com/bot.html)"
13.74.118.32 - - [12/Jan/2025:05:19:04 -0500] "GET /update.php HTTP/1.1" 404 67231 "-" "-"
13.74.118.32 - - [12/Jan/2025:05:19:05 -0500] "GET /2.php HTTP/1.1" 404 67231 "-" "-"
13.74.118.32 - - [12/Jan/2025:05:19:05 -0500] "GET /input.php HTTP/1.1" 404 67231 "-" "-"
13.74.118.32 - - [12/Jan/2025:05:19:06 -0500] "GET /aaa.php HTTP/1.1" 404 67231 "-" "-"
85.208.96.206 - - [12/Jan/2025:05:19:06 -0500] "GET /goods/3052974 HTTP/1.1" 404 18012 "-" "Mozilla/5.0 (compatible; SemrushBot/7~bl; +http://www.semrush.com/bot.html)"
185.191.171.19 - - [12/Jan/2025:05:19:09 -0500] "GET /goods/2622542 HTTP/1.1" 404 18012 "-" "Mozilla/5.0 (compatible; SemrushBot/7~bl; +http://www.semrush.com/bot.html)"
85.208.96.206 - - [12/Jan/2025:05:19:12 -0500] "GET /goods/122942 HTTP/1.1" 404 18011 "-" "Mozilla/5.0 (compatible; SemrushBot/7~bl; +http://www.semrush.com/bot.html)"
85.208.96.198 - - [12/Jan/2025:05:19:14 -0500] "GET /goods/1583888 HTTP/1.1" 404 18012 "-" "Mozilla/5.0 (compatible; SemrushBot/7~bl; +http://www.semrush.com/bot.html)"
85.208.96.210 - - [12/Jan/2025:05:19:16 -0500] "GET /goods/4077790 HTTP/1.1" 404 18012 "-" "Mozilla/5.0 (compatible; SemrushBot/7~bl; +http://www.semrush.com/bot.html)"
185.191.171.4 - - [12/Jan/2025:05:19:18 -0500] "GET /goods/3223317 HTTP/1.1" 404 18010 "-" "Mozilla/5.0 (compatible; SemrushBot/7~bl; +http://www.semrush.com/bot.html)"
85.208.96.200 - - [12/Jan/2025:05:19:20 -0500] "GET /goods/396981 HTTP/1.1" 404 18011 "-" "Mozilla/5.0 (compatible; SemrushBot/7~bl; +http://www.semrush.com/bot.html)"
185.191.171.17 - - [12/Jan/2025:05:19:22 -0500] "GET /goods/2752791 HTTP/1.1" 404 18012 "-" "Mozilla/5.0 (compatible; SemrushBot/7~bl; +http://www.semrush.com/bot.html)"
66.29.132.124 - - [12/Jan/2025:05:19:25 -0500] "POST /wp-cron.php?doing_wp_cron=1736677165.4202690124511718750000 HTTP/1.1" 200 0 "-" "WordPress/6.7.1; https://misswavenigeria.com"
185.191.171.6 - - [12/Jan/2025:05:19:25 -0500] "GET /goods/2506245 HTTP/1.1" 404 18012 "-" "Mozilla/5.0 (compatible; SemrushBot/7~bl; +http://www.semrush.com/bot.html)"
