85.208.96.209 - - [12/Jan/2025:10:09:16 -0500] "GET /goods/4116392 HTTP/1.1" 404 18012 "-" "Mozilla/5.0 (compatible; SemrushBot/7~bl; +http://www.semrush.com/bot.html)"
85.208.96.212 - - [12/Jan/2025:10:09:17 -0500] "GET /goods/3847244 HTTP/1.1" 404 18012 "-" "Mozilla/5.0 (compatible; SemrushBot/7~bl; +http://www.semrush.com/bot.html)"
185.191.171.14 - - [12/Jan/2025:10:09:20 -0500] "GET /goods/1952376 HTTP/1.1" 404 18011 "-" "Mozilla/5.0 (compatible; SemrushBot/7~bl; +http://www.semrush.com/bot.html)"
185.191.171.14 - - [12/Jan/2025:10:09:22 -0500] "GET /goods/311971 HTTP/1.1" 404 18012 "-" "Mozilla/5.0 (compatible; SemrushBot/7~bl; +http://www.semrush.com/bot.html)"
66.29.132.124 - - [12/Jan/2025:10:09:25 -0500] "POST /wp-cron.php?doing_wp_cron=1736694565.0870280265808105468750 HTTP/1.1" 200 0 "-" "WordPress/6.7.1; https://misswavenigeria.com"
185.191.171.5 - - [12/Jan/2025:10:09:24 -0500] "GET /goods/4458582 HTTP/1.1" 404 18012 "-" "Mozilla/5.0 (compatible; SemrushBot/7~bl; +http://www.semrush.com/bot.html)"
185.191.171.4 - - [12/Jan/2025:10:09:27 -0500] "GET /goods/426974 HTTP/1.1" 404 18012 "-" "Mozilla/5.0 (compatible; SemrushBot/7~bl; +http://www.semrush.com/bot.html)"
66.249.68.67 - - [12/Jan/2025:10:09:33 -0500] "GET /goods/2515606 HTTP/1.1" 200 69894 "-" "Mozilla/5.0 (Linux; Android 6.0.1; Nexus 5X Build/MMB29P) AppleWebKit/537.36 (KHTML, like Gecko) Chrome/131.0.6778.264 Mobile Safari/537.36 (compatible; Googlebot/2.1; +http://www.google.com/bot.html)"
66.29.132.124 - - [12/Jan/2025:10:10:03 -0500] "POST /wp-cron.php?doing_wp_cron=1736694603.2171339988708496093750 HTTP/1.1" 200 0 "-" "WordPress/6.7.1; https://misswavenigeria.com"
165.231.182.52 - - [12/Jan/2025:10:10:02 -0500] "GET / HTTP/1.0" 200 109067 "https://misswavenigeria.com/" "Mozilla/5.0 (Windows NT 10.0; Win64; x64) AppleWebKit/537.36 (KHTML, like Gecko) Chrome/103.0.5060.66 Safari/537.36"
66.29.132.124 - - [12/Jan/2025:10:10:04 -0500] "POST /wp-admin/admin-ajax.php?action=async_litespeed&nonce=LTN2GieKlfDSIwSpTgZdAcnaL7y09U3K&litespeed_type=imgoptm HTTP/1.1" 200 0 "-" "WordPress/6.7.1; https://misswavenigeria.com"
165.231.182.52 - - [12/Jan/2025:10:10:07 -0500] "GET /register/ HTTP/1.0" 200 75934 "https://misswavenigeria.com/register/" "Mozilla/5.0 (Windows NT 10.0; Win64; x64) AppleWebKit/537.36 (KHTML, like Gecko) Chrome/103.0.5060.66 Safari/537.36"
66.249.68.69 - - [12/Jan/2025:10:11:14 -0500] "GET /goods/3077111 HTTP/1.1" 200 69004 "-" "Mozilla/5.0 (Linux; Android 6.0.1; Nexus 5X Build/MMB29P) AppleWebKit/537.36 (KHTML, like Gecko) Chrome/131.0.6778.264 Mobile Safari/537.36 (compatible; Googlebot/2.1; +http://www.google.com/bot.html)"
66.29.132.124 - - [12/Jan/2025:10:11:32 -0500] "POST /wp-cron.php?doing_wp_cron=1736694692.5496668815612792968750 HTTP/1.1" 200 0 "-" "WordPress/6.7.1; https://misswavenigeria.com"
185.191.171.16 - - [12/Jan/2025:10:11:32 -0500] "GET /goods/3292706 HTTP/1.1" 404 18012 "-" "Mozilla/5.0 (compatible; SemrushBot/7~bl; +http://www.semrush.com/bot.html)"
66.29.132.124 - - [12/Jan/2025:10:11:32 -0500] "POST /wp-admin/admin-ajax.php?action=async_litespeed&nonce=nciNYNscKCBJQr3zBiMWhVCi7PM6Q6av&litespeed_type=imgoptm HTTP/1.1" 200 21 "-" "WordPress/6.7.1; https://misswavenigeria.com"
185.191.171.14 - - [12/Jan/2025:10:11:35 -0500] "GET /goods/2074906 HTTP/1.1" 404 18012 "-" "Mozilla/5.0 (compatible; SemrushBot/7~bl; +http://www.semrush.com/bot.html)"
185.191.171.15 - - [12/Jan/2025:10:11:38 -0500] "GET /goods/2755807 HTTP/1.1" 404 18012 "-" "Mozilla/5.0 (compatible; SemrushBot/7~bl; +http://www.semrush.com/bot.html)"
185.191.171.4 - - [12/Jan/2025:10:11:42 -0500] "GET /goods/872614 HTTP/1.1" 404 18012 "-" "Mozilla/5.0 (compatible; SemrushBot/7~bl; +http://www.semrush.com/bot.html)"
185.191.171.18 - - [12/Jan/2025:10:11:45 -0500] "GET /goods/31298 HTTP/1.1" 404 18012 "-" "Mozilla/5.0 (compatible; SemrushBot/7~bl; +http://www.semrush.com/bot.html)"
185.191.171.16 - - [12/Jan/2025:10:11:48 -0500] "GET /goods/3727722 HTTP/1.1" 404 18012 "-" "Mozilla/5.0 (compatible; SemrushBot/7~bl; +http://www.semrush.com/bot.html)"
66.29.132.124 - - [12/Jan/2025:10:11:50 -0500] "POST /wp-cron.php?doing_wp_cron=1736694710.7742838859558105468750 HTTP/1.1" 200 0 "-" "WordPress/6.7.1; https://misswavenigeria.com"
185.191.171.7 - - [12/Jan/2025:10:11:50 -0500] "GET /goods/3470338 HTTP/1.1" 404 18012 "-" "Mozilla/5.0 (compatible; SemrushBot/7~bl; +http://www.semrush.com/bot.html)"
66.29.132.124 - - [12/Jan/2025:10:11:51 -0500] "POST /wp-admin/admin-ajax.php?action=async_litespeed&nonce=v97dPgMqSAFajhlNnJngEFf9ykIAhkTM&litespeed_type=imgoptm HTTP/1.1" 200 21 "-" "WordPress/6.7.1; https://misswavenigeria.com"
185.191.171.13 - - [12/Jan/2025:10:11:53 -0500] "GET /goods/1865197 HTTP/1.1" 404 18012 "-" "Mozilla/5.0 (compatible; SemrushBot/7~bl; +http://www.semrush.com/bot.html)"
185.191.171.18 - - [12/Jan/2025:10:11:55 -0500] "GET /goods/4625810 HTTP/1.1" 404 18012 "-" "Mozilla/5.0 (compatible; SemrushBot/7~bl; +http://www.semrush.com/bot.html)"
185.191.171.8 - - [12/Jan/2025:10:11:58 -0500] "GET /goods/3736502 HTTP/1.1" 404 18012 "-" "Mozilla/5.0 (compatible; SemrushBot/7~bl; +http://www.semrush.com/bot.html)"
85.208.96.196 - - [12/Jan/2025:10:12:00 -0500] "GET /goods/846131 HTTP/1.1" 404 18012 "-" "Mozilla/5.0 (compatible; SemrushBot/7~bl; +http://www.semrush.com/bot.html)"
85.208.96.210 - - [12/Jan/2025:10:12:02 -0500] "GET /goods/2676450 HTTP/1.1" 404 18012 "-" "Mozilla/5.0 (compatible; SemrushBot/7~bl; +http://www.semrush.com/bot.html)"
85.208.96.210 - - [12/Jan/2025:10:12:06 -0500] "GET /goods/276446 HTTP/1.1" 404 18012 "-" "Mozilla/5.0 (compatible; SemrushBot/7~bl; +http://www.semrush.com/bot.html)"
185.191.171.3 - - [12/Jan/2025:10:12:09 -0500] "GET /goods/573258 HTTP/1.1" 404 18011 "-" "Mozilla/5.0 (compatible; SemrushBot/7~bl; +http://www.semrush.com/bot.html)"
185.191.171.7 - - [12/Jan/2025:10:12:12 -0500] "GET /goods/2239129 HTTP/1.1" 404 18010 "-" "Mozilla/5.0 (compatible; SemrushBot/7~bl; +http://www.semrush.com/bot.html)"
185.191.171.2 - - [12/Jan/2025:10:12:14 -0500] "GET /goods/789174 HTTP/1.1" 404 18012 "-" "Mozilla/5.0 (compatible; SemrushBot/7~bl; +http://www.semrush.com/bot.html)"
85.208.96.198 - - [12/Jan/2025:10:12:16 -0500] "GET /goods/3796393 HTTP/1.1" 404 18012 "-" "Mozilla/5.0 (compatible; SemrushBot/7~bl; +http://www.semrush.com/bot.html)"
185.191.171.3 - - [12/Jan/2025:10:12:20 -0500] "GET /goods/1025753 HTTP/1.1" 404 18011 "-" "Mozilla/5.0 (compatible; SemrushBot/7~bl; +http://www.semrush.com/bot.html)"
165.231.182.52 - - [12/Jan/2025:10:10:10 -0500] "POST /register/ HTTP/1.0" 200 0 "https://misswavenigeria.com/register/" "Mozilla/5.0 (Windows NT 10.0; Win64; x64) AppleWebKit/537.36 (KHTML, like Gecko) Chrome/103.0.5060.66 Safari/537.36"
165.231.182.52 - - [12/Jan/2025:10:12:40 -0500] "GET /register/ HTTP/1.0" 200 75934 "https://misswavenigeria.com/" "Mozilla/5.0 (Windows NT 10.0; Win64; x64) AppleWebKit/537.36 (KHTML, like Gecko) Chrome/103.0.5060.66 Safari/537.36"
66.249.68.68 - - [12/Jan/2025:10:12:56 -0500] "GET /goods/975882 HTTP/1.1" 200 69046 "-" "Mozilla/5.0 (Linux; Android 6.0.1; Nexus 5X Build/MMB29P) AppleWebKit/537.36 (KHTML, like Gecko) Chrome/131.0.6778.264 Mobile Safari/537.36 (compatible; Googlebot/2.1; +http://www.google.com/bot.html)"
66.249.68.67 - - [12/Jan/2025:10:12:56 -0500] "GET /goods/4670102 HTTP/1.1" 200 67787 "-" "Mozilla/5.0 (Linux; Android 6.0.1; Nexus 5X Build/MMB29P) AppleWebKit/537.36 (KHTML, like Gecko) Chrome/131.0.6778.264 Mobile Safari/537.36 (compatible; Googlebot/2.1; +http://www.google.com/bot.html)"
165.231.182.52 - - [12/Jan/2025:10:13:03 -0500] "GET / HTTP/1.0" 200 109067 "https://misswavenigeria.com/" "Mozilla/5.0 (Windows NT 6.1; WOW64) AppleWebKit/537.36 (KHTML, like Gecko) Chrome/103.0.0.0 Safari/537.36"
165.231.182.52 - - [12/Jan/2025:10:13:05 -0500] "GET /register/ HTTP/1.0" 200 75934 "https://misswavenigeria.com/register/" "Mozilla/5.0 (Windows NT 6.1; WOW64) AppleWebKit/537.36 (KHTML, like Gecko) Chrome/103.0.0.0 Safari/537.36"
66.29.132.124 - - [12/Jan/2025:10:13:07 -0500] "POST /wp-cron.php?doing_wp_cron=1736694787.6424310207366943359375 HTTP/1.1" 200 0 "-" "WordPress/6.7.1; https://misswavenigeria.com"
66.29.132.124 - - [12/Jan/2025:10:13:07 -0500] "POST /wp-admin/admin-ajax.php?action=async_litespeed&nonce=UnKDCC8iJHE8G6LZvkA2m3op199gAG4L&litespeed_type=imgoptm HTTP/1.1" 200 21 "-" "WordPress/6.7.1; https://misswavenigeria.com"
66.249.68.67 - - [12/Jan/2025:10:14:17 -0500] "GET /goods/1137050 HTTP/1.1" 200 75722 "-" "Mozilla/5.0 (Linux; Android 6.0.1; Nexus 5X Build/MMB29P) AppleWebKit/537.36 (KHTML, like Gecko) Chrome/131.0.6778.264 Mobile Safari/537.36 (compatible; Googlebot/2.1; +http://www.google.com/bot.html)"
66.29.132.124 - - [12/Jan/2025:10:14:26 -0500] "POST /wp-cron.php?doing_wp_cron=1736694866.2217640876770019531250 HTTP/1.1" 200 0 "-" "WordPress/6.7.1; https://misswavenigeria.com"
185.191.171.13 - - [12/Jan/2025:10:14:25 -0500] "GET /goods/4051214 HTTP/1.1" 404 18012 "-" "Mozilla/5.0 (compatible; SemrushBot/7~bl; +http://www.semrush.com/bot.html)"
66.29.132.124 - - [12/Jan/2025:10:14:26 -0500] "POST /wp-admin/admin-ajax.php?action=async_litespeed&nonce=j359m3XFiKisC5eFBh1gBZRAMPb3rOgV&litespeed_type=imgoptm HTTP/1.1" 200 21 "-" "WordPress/6.7.1; https://misswavenigeria.com"
85.208.96.210 - - [12/Jan/2025:10:14:29 -0500] "GET /goods/2903659 HTTP/1.1" 404 18012 "-" "Mozilla/5.0 (compatible; SemrushBot/7~bl; +http://www.semrush.com/bot.html)"
185.191.171.1 - - [12/Jan/2025:10:14:32 -0500] "GET /goods/2761746 HTTP/1.1" 404 18012 "-" "Mozilla/5.0 (compatible; SemrushBot/7~bl; +http://www.semrush.com/bot.html)"
185.191.171.14 - - [12/Jan/2025:10:14:34 -0500] "GET /goods/2135996 HTTP/1.1" 404 18012 "-" "Mozilla/5.0 (compatible; SemrushBot/7~bl; +http://www.semrush.com/bot.html)"
85.208.96.204 - - [12/Jan/2025:10:14:36 -0500] "GET /goods/2953455 HTTP/1.1" 404 18012 "-" "Mozilla/5.0 (compatible; SemrushBot/7~bl; +http://www.semrush.com/bot.html)"
185.191.171.9 - - [12/Jan/2025:10:14:39 -0500] "GET /goods/2141891 HTTP/1.1" 404 18012 "-" "Mozilla/5.0 (compatible; SemrushBot/7~bl; +http://www.semrush.com/bot.html)"
185.191.171.11 - - [12/Jan/2025:10:14:42 -0500] "GET /goods/2948171 HTTP/1.1" 404 18012 "-" "Mozilla/5.0 (compatible; SemrushBot/7~bl; +http://www.semrush.com/bot.html)"
185.191.171.13 - - [12/Jan/2025:10:14:45 -0500] "GET /goods/2329408 HTTP/1.1" 404 18012 "-" "Mozilla/5.0 (compatible; SemrushBot/7~bl; +http://www.semrush.com/bot.html)"
85.208.96.204 - - [12/Jan/2025:10:14:47 -0500] "GET /goods/1287145 HTTP/1.1" 404 18012 "-" "Mozilla/5.0 (compatible; SemrushBot/7~bl; +http://www.semrush.com/bot.html)"
66.249.68.68 - - [12/Jan/2025:10:15:00 -0500] "GET /goods/4277674 HTTP/1.1" 200 69053 "-" "Mozilla/5.0 (Linux; Android 6.0.1; Nexus 5X Build/MMB29P) AppleWebKit/537.36 (KHTML, like Gecko) Chrome/131.0.6778.264 Mobile Safari/537.36 (compatible; Googlebot/2.1; +http://www.google.com/bot.html)"
66.249.68.69 - - [12/Jan/2025:10:15:00 -0500] "GET /?product=rouge1597210-738?keyword=%E3%83%8C%E3%83%97%E3%82%B7 HTTP/1.1" 200 69433 "-" "Mozilla/5.0 (Linux; Android 6.0.1; Nexus 5X Build/MMB29P) AppleWebKit/537.36 (KHTML, like Gecko) Chrome/131.0.6778.264 Mobile Safari/537.36 (compatible; Googlebot/2.1; +http://www.google.com/bot.html)"
66.249.68.68 - - [12/Jan/2025:10:15:30 -0500] "GET /static/477025?keyword=Areas?keyword=%E3%83%9F%E3%83%AA%E3%82%BF%E3%83%AA%EF%BC%8D HTTP/1.1" 200 70155 "-" "Mozilla/5.0 (Linux; Android 6.0.1; Nexus 5X Build/MMB29P) AppleWebKit/537.36 (KHTML, like Gecko) Chrome/131.0.6778.264 Mobile Safari/537.36 (compatible; Googlebot/2.1; +http://www.google.com/bot.html)"
165.231.182.52 - - [12/Jan/2025:10:13:07 -0500] "POST /register/ HTTP/1.0" 200 0 "https://misswavenigeria.com/register/" "Mozilla/5.0 (Windows NT 6.1; WOW64) AppleWebKit/537.36 (KHTML, like Gecko) Chrome/103.0.0.0 Safari/537.36"
165.231.182.52 - - [12/Jan/2025:10:15:37 -0500] "GET /register/ HTTP/1.0" 200 75934 "https://misswavenigeria.com/" "Mozilla/5.0 (Windows NT 6.1; WOW64) AppleWebKit/537.36 (KHTML, like Gecko) Chrome/103.0.0.0 Safari/537.36"
165.231.182.52 - - [12/Jan/2025:10:16:06 -0500] "GET / HTTP/1.0" 200 109067 "https://misswavenigeria.com/" "Mozilla/5.0 (Windows NT 10.0; Win64; x64) AppleWebKit/537.36 (KHTML, like Gecko) Chrome/103.0.0.0 Safari/537.36 Herring/95.1.8810.11"
165.231.182.52 - - [12/Jan/2025:10:16:08 -0500] "GET /register/ HTTP/1.0" 200 75934 "https://misswavenigeria.com/register/" "Mozilla/5.0 (Windows NT 10.0; Win64; x64) AppleWebKit/537.36 (KHTML, like Gecko) Chrome/103.0.0.0 Safari/537.36 Herring/95.1.8810.11"
66.29.132.124 - - [12/Jan/2025:10:16:10 -0500] "POST /wp-cron.php?doing_wp_cron=1736694970.9107220172882080078125 HTTP/1.1" 200 0 "-" "WordPress/6.7.1; https://misswavenigeria.com"
66.29.132.124 - - [12/Jan/2025:10:16:11 -0500] "POST /wp-admin/admin-ajax.php?action=async_litespeed&nonce=ysPebr3RsjRqVW2bFQnzO0sexHF7RFpR&litespeed_type=imgoptm HTTP/1.1" 200 21 "-" "WordPress/6.7.1; https://misswavenigeria.com"
66.29.132.124 - - [12/Jan/2025:10:16:51 -0500] "POST /wp-cron.php?doing_wp_cron=1736695011.7110500335693359375000 HTTP/1.1" 200 0 "-" "WordPress/6.7.1; https://misswavenigeria.com"
185.191.171.10 - - [12/Jan/2025:10:16:51 -0500] "GET /goods/2690620 HTTP/1.1" 404 18012 "-" "Mozilla/5.0 (compatible; SemrushBot/7~bl; +http://www.semrush.com/bot.html)"
66.29.132.124 - - [12/Jan/2025:10:16:52 -0500] "POST /wp-admin/admin-ajax.php?action=async_litespeed&nonce=TTL7O9f0hrnOTVurc3ZIZ7CSOFvUkXXi&litespeed_type=imgoptm HTTP/1.1" 200 21 "-" "WordPress/6.7.1; https://misswavenigeria.com"
85.208.96.197 - - [12/Jan/2025:10:16:53 -0500] "GET /goods/1781658 HTTP/1.1" 404 18012 "-" "Mozilla/5.0 (compatible; SemrushBot/7~bl; +http://www.semrush.com/bot.html)"
66.249.68.68 - - [12/Jan/2025:10:16:53 -0500] "GET /goods/3754012 HTTP/1.1" 200 69794 "-" "Mozilla/5.0 (Linux; Android 6.0.1; Nexus 5X Build/MMB29P) AppleWebKit/537.36 (KHTML, like Gecko) Chrome/131.0.6778.264 Mobile Safari/537.36 (compatible; Googlebot/2.1; +http://www.google.com/bot.html)"
85.208.96.212 - - [12/Jan/2025:10:16:55 -0500] "GET /goods/4030433 HTTP/1.1" 404 18012 "-" "Mozilla/5.0 (compatible; SemrushBot/7~bl; +http://www.semrush.com/bot.html)"
185.191.171.7 - - [12/Jan/2025:10:16:57 -0500] "GET /goods/1210051 HTTP/1.1" 404 18012 "-" "Mozilla/5.0 (compatible; SemrushBot/7~bl; +http://www.semrush.com/bot.html)"
185.191.171.12 - - [12/Jan/2025:10:17:00 -0500] "GET /goods/3850416 HTTP/1.1" 404 18012 "-" "Mozilla/5.0 (compatible; SemrushBot/7~bl; +http://www.semrush.com/bot.html)"
185.191.171.11 - - [12/Jan/2025:10:17:04 -0500] "GET /goods/294384 HTTP/1.1" 404 18012 "-" "Mozilla/5.0 (compatible; SemrushBot/7~bl; +http://www.semrush.com/bot.html)"
85.208.96.206 - - [12/Jan/2025:10:17:06 -0500] "GET /goods/4647073 HTTP/1.1" 404 18012 "-" "Mozilla/5.0 (compatible; SemrushBot/7~bl; +http://www.semrush.com/bot.html)"
85.208.96.210 - - [12/Jan/2025:10:17:09 -0500] "GET /goods/2339318 HTTP/1.1" 404 18011 "-" "Mozilla/5.0 (compatible; SemrushBot/7~bl; +http://www.semrush.com/bot.html)"
85.208.96.206 - - [12/Jan/2025:10:17:12 -0500] "GET /goods/1353279 HTTP/1.1" 404 18011 "-" "Mozilla/5.0 (compatible; SemrushBot/7~bl; +http://www.semrush.com/bot.html)"
165.231.182.52 - - [12/Jan/2025:10:16:10 -0500] "POST /register/ HTTP/1.0" 200 76060 "https://misswavenigeria.com/register/" "Mozilla/5.0 (Windows NT 10.0; Win64; x64) AppleWebKit/537.36 (KHTML, like Gecko) Chrome/103.0.0.0 Safari/537.36 Herring/95.1.8810.11"
66.29.132.124 - - [12/Jan/2025:10:18:02 -0500] "POST /wp-cron.php?doing_wp_cron=1736695082.1582999229431152343750 HTTP/1.1" 200 0 "-" "WordPress/6.7.1; https://misswavenigeria.com"
165.231.182.52 - - [12/Jan/2025:10:18:01 -0500] "GET /register/ HTTP/1.0" 200 75934 "https://misswavenigeria.com/" "Mozilla/5.0 (Windows NT 10.0; Win64; x64) AppleWebKit/537.36 (KHTML, like Gecko) Chrome/103.0.0.0 Safari/537.36 Herring/95.1.8810.11"
66.29.132.124 - - [12/Jan/2025:10:18:02 -0500] "POST /wp-admin/admin-ajax.php?action=async_litespeed&nonce=CTG0pLs7Mhpn1H6GYTYOq07goh6TaLKr&litespeed_type=imgoptm HTTP/1.1" 200 21 "-" "WordPress/6.7.1; https://misswavenigeria.com"
66.29.132.124 - - [12/Jan/2025:10:19:08 -0500] "POST /wp-cron.php?doing_wp_cron=1736695148.2905020713806152343750 HTTP/1.1" 200 0 "-" "WordPress/6.7.1; https://misswavenigeria.com"
165.231.182.52 - - [12/Jan/2025:10:19:08 -0500] "GET / HTTP/1.0" 200 109067 "https://misswavenigeria.com/" "Mozilla/5.0 (Windows NT 6.1; Win64; x64) AppleWebKit/537.36 (KHTML, like Gecko) Chrome/103.0.5060.66 Safari/537.36"
66.29.132.124 - - [12/Jan/2025:10:19:08 -0500] "POST /wp-admin/admin-ajax.php?action=async_litespeed&nonce=oJmzQproIlIw2lZAMHOm6mzyArx8tGxd&litespeed_type=imgoptm HTTP/1.1" 200 21 "-" "WordPress/6.7.1; https://misswavenigeria.com"
165.231.182.52 - - [12/Jan/2025:10:19:10 -0500] "GET /register/ HTTP/1.0" 200 75934 "https://misswavenigeria.com/register/" "Mozilla/5.0 (Windows NT 6.1; Win64; x64) AppleWebKit/537.36 (KHTML, like Gecko) Chrome/103.0.5060.66 Safari/537.36"
85.208.96.206 - - [12/Jan/2025:10:19:18 -0500] "GET /goods/619561 HTTP/1.1" 404 18012 "-" "Mozilla/5.0 (compatible; SemrushBot/7~bl; +http://www.semrush.com/bot.html)"
66.249.68.69 - - [12/Jan/2025:10:19:17 -0500] "GET /goods/804895 HTTP/1.1" 200 68295 "-" "Mozilla/5.0 (Linux; Android 6.0.1; Nexus 5X Build/MMB29P) AppleWebKit/537.36 (KHTML, like Gecko) Chrome/131.0.6778.264 Mobile Safari/537.36 (compatible; Googlebot/2.1; +http://www.google.com/bot.html)"
185.191.171.15 - - [12/Jan/2025:10:19:21 -0500] "GET /goods/2227287 HTTP/1.1" 404 18012 "-" "Mozilla/5.0 (compatible; SemrushBot/7~bl; +http://www.semrush.com/bot.html)"
185.191.171.7 - - [12/Jan/2025:10:19:24 -0500] "GET /goods/874919 HTTP/1.1" 404 18012 "-" "Mozilla/5.0 (compatible; SemrushBot/7~bl; +http://www.semrush.com/bot.html)"
66.29.132.124 - - [12/Jan/2025:10:19:26 -0500] "POST /wp-cron.php?doing_wp_cron=1736695166.6917710304260253906250 HTTP/1.1" 200 0 "-" "WordPress/6.7.1; https://misswavenigeria.com"
185.191.171.3 - - [12/Jan/2025:10:19:26 -0500] "GET /goods/99764 HTTP/1.1" 404 18012 "-" "Mozilla/5.0 (compatible; SemrushBot/7~bl; +http://www.semrush.com/bot.html)"
85.208.96.202 - - [12/Jan/2025:10:19:28 -0500] "GET /goods/2443747 HTTP/1.1" 404 18012 "-" "Mozilla/5.0 (compatible; SemrushBot/7~bl; +http://www.semrush.com/bot.html)"
185.191.171.16 - - [12/Jan/2025:10:19:30 -0500] "GET /goods/34083 HTTP/1.1" 404 18011 "-" "Mozilla/5.0 (compatible; SemrushBot/7~bl; +http://www.semrush.com/bot.html)"
185.191.171.15 - - [12/Jan/2025:10:19:32 -0500] "GET /goods/1596425 HTTP/1.1" 404 18012 "-" "Mozilla/5.0 (compatible; SemrushBot/7~bl; +http://www.semrush.com/bot.html)"
85.208.96.204 - - [12/Jan/2025:10:19:34 -0500] "GET /goods/653655 HTTP/1.1" 404 18012 "-" "Mozilla/5.0 (compatible; SemrushBot/7~bl; +http://www.semrush.com/bot.html)"
85.208.96.199 - - [12/Jan/2025:10:19:36 -0500] "GET /goods/4197696 HTTP/1.1" 404 18012 "-" "Mozilla/5.0 (compatible; SemrushBot/7~bl; +http://www.semrush.com/bot.html)"
185.191.171.7 - - [12/Jan/2025:10:19:38 -0500] "GET /goods/2976623 HTTP/1.1" 404 18012 "-" "Mozilla/5.0 (compatible; SemrushBot/7~bl; +http://www.semrush.com/bot.html)"
85.208.96.202 - - [12/Jan/2025:10:19:40 -0500] "GET /goods/433070 HTTP/1.1" 404 18012 "-" "Mozilla/5.0 (compatible; SemrushBot/7~bl; +http://www.semrush.com/bot.html)"
185.191.171.7 - - [12/Jan/2025:10:19:43 -0500] "GET /goods/4606949 HTTP/1.1" 404 18012 "-" "Mozilla/5.0 (compatible; SemrushBot/7~bl; +http://www.semrush.com/bot.html)"
185.191.171.13 - - [12/Jan/2025:10:19:46 -0500] "GET /goods/4182647 HTTP/1.1" 404 18012 "-" "Mozilla/5.0 (compatible; SemrushBot/7~bl; +http://www.semrush.com/bot.html)"
66.29.132.124 - - [12/Jan/2025:10:19:50 -0500] "POST /wp-cron.php?doing_wp_cron=1736695190.8805170059204101562500 HTTP/1.1" 200 0 "-" "WordPress/6.7.1; https://misswavenigeria.com"
185.191.171.13 - - [12/Jan/2025:10:19:50 -0500] "GET /goods/2221201 HTTP/1.1" 404 18012 "-" "Mozilla/5.0 (compatible; SemrushBot/7~bl; +http://www.semrush.com/bot.html)"
66.29.132.124 - - [12/Jan/2025:10:19:51 -0500] "POST /wp-admin/admin-ajax.php?action=async_litespeed&nonce=OxW7ZNrZBPJ6uVrgwXhZg50c5A2BWERc&litespeed_type=imgoptm HTTP/1.1" 200 21 "-" "WordPress/6.7.1; https://misswavenigeria.com"
185.191.171.9 - - [12/Jan/2025:10:19:53 -0500] "GET /goods/490017 HTTP/1.1" 404 18012 "-" "Mozilla/5.0 (compatible; SemrushBot/7~bl; +http://www.semrush.com/bot.html)"
185.191.171.7 - - [12/Jan/2025:10:19:56 -0500] "GET /goods/1535667 HTTP/1.1" 404 18012 "-" "Mozilla/5.0 (compatible; SemrushBot/7~bl; +http://www.semrush.com/bot.html)"
85.208.96.194 - - [12/Jan/2025:10:19:58 -0500] "GET /goods/310299 HTTP/1.1" 404 18012 "-" "Mozilla/5.0 (compatible; SemrushBot/7~bl; +http://www.semrush.com/bot.html)"
185.191.171.9 - - [12/Jan/2025:10:20:00 -0500] "GET /goods/1161640 HTTP/1.1" 404 18011 "-" "Mozilla/5.0 (compatible; SemrushBot/7~bl; +http://www.semrush.com/bot.html)"
66.249.68.67 - - [12/Jan/2025:10:20:19 -0500] "GET /static/418017?keyword=%E3%83%87%E3%82%A3%E3%82%AA%E3%83%BC%E3%83%AB%E3%82%AA%E3%83%A0 HTTP/1.1" 200 69078 "-" "Mozilla/5.0 (Linux; Android 6.0.1; Nexus 5X Build/MMB29P) AppleWebKit/537.36 (KHTML, like Gecko) Chrome/131.0.6778.264 Mobile Safari/537.36 (compatible; Googlebot/2.1; +http://www.google.com/bot.html)"
66.249.68.67 - - [12/Jan/2025:10:20:19 -0500] "GET /goods/1377285 HTTP/1.1" 200 71623 "-" "Mozilla/5.0 (Linux; Android 6.0.1; Nexus 5X Build/MMB29P) AppleWebKit/537.36 (KHTML, like Gecko) Chrome/131.0.6778.264 Mobile Safari/537.36 (compatible; Googlebot/2.1; +http://www.google.com/bot.html)"
66.249.68.68 - - [12/Jan/2025:10:20:41 -0500] "GET /?product=septet16801619-196?keyword=%E6%96%B0%E5%93%81%E6%9C%AA%E4%BD%BF%E7%94%A8%EF%BC%81%E3%83%AD%E3%83%B3%E3%82%B7%E3%83%A3%E3%83%B3 HTTP/1.1" 200 70221 "-" "Mozilla/5.0 (Linux; Android 6.0.1; Nexus 5X Build/MMB29P) AppleWebKit/537.36 (KHTML, like Gecko) Chrome/131.0.6778.264 Mobile Safari/537.36 (compatible; Googlebot/2.1; +http://www.google.com/bot.html)"
66.249.68.67 - - [12/Jan/2025:10:20:41 -0500] "GET /goods/2961675 HTTP/1.1" 200 68977 "-" "Mozilla/5.0 (Linux; Android 6.0.1; Nexus 5X Build/MMB29P) AppleWebKit/537.36 (KHTML, like Gecko) Chrome/131.0.6778.264 Mobile Safari/537.36 (compatible; Googlebot/2.1; +http://www.google.com/bot.html)"
165.231.182.52 - - [12/Jan/2025:10:19:12 -0500] "POST /register/ HTTP/1.0" 200 76060 "https://misswavenigeria.com/register/" "Mozilla/5.0 (Windows NT 6.1; Win64; x64) AppleWebKit/537.36 (KHTML, like Gecko) Chrome/103.0.5060.66 Safari/537.36"
66.29.132.124 - - [12/Jan/2025:10:20:45 -0500] "POST /wp-cron.php?doing_wp_cron=1736695245.8283760547637939453125 HTTP/1.1" 200 0 "-" "WordPress/6.7.1; https://misswavenigeria.com"
165.231.182.52 - - [12/Jan/2025:10:20:45 -0500] "GET /register/ HTTP/1.0" 200 75934 "https://misswavenigeria.com/" "Mozilla/5.0 (Windows NT 6.1; Win64; x64) AppleWebKit/537.36 (KHTML, like Gecko) Chrome/103.0.5060.66 Safari/537.36"
66.29.132.124 - - [12/Jan/2025:10:22:04 -0500] "POST /wp-cron.php?doing_wp_cron=1736695324.7866530418395996093750 HTTP/1.1" 200 0 "-" "WordPress/6.7.1; https://misswavenigeria.com"
85.208.96.201 - - [12/Jan/2025:10:22:04 -0500] "GET /goods/1407702 HTTP/1.1" 404 18011 "-" "Mozilla/5.0 (compatible; SemrushBot/7~bl; +http://www.semrush.com/bot.html)"
66.29.132.124 - - [12/Jan/2025:10:22:05 -0500] "POST /wp-admin/admin-ajax.php?action=async_litespeed&nonce=McLekSz8LHZPh73EMcLaijKkQoifTdD8&litespeed_type=imgoptm HTTP/1.1" 200 21 "-" "WordPress/6.7.1; https://misswavenigeria.com"
185.191.171.7 - - [12/Jan/2025:10:22:06 -0500] "GET /goods/3450229 HTTP/1.1" 404 18012 "-" "Mozilla/5.0 (compatible; SemrushBot/7~bl; +http://www.semrush.com/bot.html)"
165.231.182.52 - - [12/Jan/2025:10:22:08 -0500] "GET / HTTP/1.0" 200 109065 "https://misswavenigeria.com/" "Mozilla/5.0 (Windows NT 6.1; Win64; x64) AppleWebKit/537.36 (KHTML, like Gecko) Chrome/103.0.0.0 Safari/537.36"
165.231.182.52 - - [12/Jan/2025:10:22:10 -0500] "GET /register/ HTTP/1.0" 200 75934 "https://misswavenigeria.com/register/" "Mozilla/5.0 (Windows NT 6.1; Win64; x64) AppleWebKit/537.36 (KHTML, like Gecko) Chrome/103.0.0.0 Safari/537.36"
165.231.182.52 - - [12/Jan/2025:10:22:12 -0500] "POST /register/ HTTP/1.0" 200 76060 "https://misswavenigeria.com/register/" "Mozilla/5.0 (Windows NT 6.1; Win64; x64) AppleWebKit/537.36 (KHTML, like Gecko) Chrome/103.0.0.0 Safari/537.36"
66.29.132.124 - - [12/Jan/2025:10:23:47 -0500] "POST /wp-cron.php?doing_wp_cron=1736695427.0957100391387939453125 HTTP/1.1" 200 0 "-" "WordPress/6.7.1; https://misswavenigeria.com"
165.231.182.52 - - [12/Jan/2025:10:23:46 -0500] "GET /register/ HTTP/1.0" 200 75934 "https://misswavenigeria.com/" "Mozilla/5.0 (Windows NT 6.1; Win64; x64) AppleWebKit/537.36 (KHTML, like Gecko) Chrome/103.0.0.0 Safari/537.36"
66.29.132.124 - - [12/Jan/2025:10:23:47 -0500] "POST /wp-admin/admin-ajax.php?action=async_litespeed&nonce=UpmFYCnVnmBkv3VMA2b9rJfzH9Qa338o&litespeed_type=imgoptm HTTP/1.1" 200 21 "-" "WordPress/6.7.1; https://misswavenigeria.com"
66.29.132.124 - - [12/Jan/2025:10:23:50 -0500] "POST /wp-cron.php?doing_wp_cron=1736695430.1601951122283935546875 HTTP/1.1" 200 0 "-" "WordPress/6.7.1; https://misswavenigeria.com"
85.208.96.196 - - [12/Jan/2025:10:23:50 -0500] "GET /goods/1063257 HTTP/1.1" 404 18011 "-" "Mozilla/5.0 (compatible; SemrushBot/7~bl; +http://www.semrush.com/bot.html)"
66.29.132.124 - - [12/Jan/2025:10:23:50 -0500] "POST /wp-admin/admin-ajax.php?action=async_litespeed&nonce=DvgTYardXVDDhSV03n0nH3GlgszPq6Gd&litespeed_type=imgoptm HTTP/1.1" 200 21 "-" "WordPress/6.7.1; https://misswavenigeria.com"
185.191.171.10 - - [12/Jan/2025:10:23:52 -0500] "GET /goods/4768294 HTTP/1.1" 404 18012 "-" "Mozilla/5.0 (compatible; SemrushBot/7~bl; +http://www.semrush.com/bot.html)"
66.29.132.124 - - [12/Jan/2025:10:23:54 -0500] "POST /wp-cron.php?doing_wp_cron=1736695434.9454810619354248046875 HTTP/1.1" 200 0 "-" "WordPress/6.7.1; https://misswavenigeria.com"
185.191.171.16 - - [12/Jan/2025:10:23:54 -0500] "GET /goods/4336911 HTTP/1.1" 404 18012 "-" "Mozilla/5.0 (compatible; SemrushBot/7~bl; +http://www.semrush.com/bot.html)"
185.191.171.5 - - [12/Jan/2025:10:23:57 -0500] "GET /goods/3337553 HTTP/1.1" 404 18012 "-" "Mozilla/5.0 (compatible; SemrushBot/7~bl; +http://www.semrush.com/bot.html)"
185.191.171.5 - - [12/Jan/2025:10:23:59 -0500] "GET /goods/383551 HTTP/1.1" 404 18012 "-" "Mozilla/5.0 (compatible; SemrushBot/7~bl; +http://www.semrush.com/bot.html)"
85.208.96.204 - - [12/Jan/2025:10:24:01 -0500] "GET /goods/1794478 HTTP/1.1" 404 18012 "-" "Mozilla/5.0 (compatible; SemrushBot/7~bl; +http://www.semrush.com/bot.html)"
185.191.171.16 - - [12/Jan/2025:10:24:04 -0500] "GET /goods/1891732 HTTP/1.1" 404 18012 "-" "Mozilla/5.0 (compatible; SemrushBot/7~bl; +http://www.semrush.com/bot.html)"
85.208.96.203 - - [12/Jan/2025:10:24:06 -0500] "GET /goods/3850756 HTTP/1.1" 404 18012 "-" "Mozilla/5.0 (compatible; SemrushBot/7~bl; +http://www.semrush.com/bot.html)"
185.191.171.16 - - [12/Jan/2025:10:24:09 -0500] "GET /goods/1963396 HTTP/1.1" 404 18012 "-" "Mozilla/5.0 (compatible; SemrushBot/7~bl; +http://www.semrush.com/bot.html)"
66.29.132.124 - - [12/Jan/2025:10:25:11 -0500] "POST /wp-cron.php?doing_wp_cron=1736695510.7884750366210937500000 HTTP/1.1" 200 0 "-" "WordPress/6.7.1; https://misswavenigeria.com"
165.231.182.52 - - [12/Jan/2025:10:25:10 -0500] "GET / HTTP/1.0" 200 109065 "https://misswavenigeria.com/" "Mozilla/5.0 (Windows NT 6.1; Win64; x64) AppleWebKit/537.36 (KHTML, like Gecko) Chrome/103.0.0.0 Safari/537.36"
66.29.132.124 - - [12/Jan/2025:10:25:13 -0500] "POST /wp-admin/admin-ajax.php?action=async_litespeed&nonce=kgG5UGZgShu4KUfxZZ57CKLjFyPlCvig&litespeed_type=imgoptm HTTP/1.1" 200 0 "-" "WordPress/6.7.1; https://misswavenigeria.com"
165.231.182.52 - - [12/Jan/2025:10:25:15 -0500] "GET /register/ HTTP/1.0" 200 75934 "https://misswavenigeria.com/register/" "Mozilla/5.0 (Windows NT 6.1; Win64; x64) AppleWebKit/537.36 (KHTML, like Gecko) Chrome/103.0.0.0 Safari/537.36"
66.249.68.69 - - [12/Jan/2025:10:25:47 -0500] "GET /?product=voiceless7730859-811 HTTP/1.1" 200 69432 "-" "Mozilla/5.0 (Linux; Android 6.0.1; Nexus 5X Build/MMB29P) AppleWebKit/537.36 (KHTML, like Gecko) Chrome/131.0.6778.264 Mobile Safari/537.36 (compatible; Googlebot/2.1; +http://www.google.com/bot.html)"
66.29.132.124 - - [12/Jan/2025:10:26:09 -0500] "POST /wp-cron.php?doing_wp_cron=1736695569.1748468875885009765625 HTTP/1.1" 200 0 "-" "WordPress/6.7.1; https://misswavenigeria.com"
85.208.96.194 - - [12/Jan/2025:10:26:08 -0500] "GET /goods/4048486 HTTP/1.1" 404 18012 "-" "Mozilla/5.0 (compatible; SemrushBot/7~bl; +http://www.semrush.com/bot.html)"
66.29.132.124 - - [12/Jan/2025:10:26:09 -0500] "POST /wp-admin/admin-ajax.php?action=async_litespeed&nonce=c8gLXQE3BYNiK0JHt7tJI0BtDpjzRl8v&litespeed_type=imgoptm HTTP/1.1" 200 21 "-" "WordPress/6.7.1; https://misswavenigeria.com"
66.249.68.67 - - [12/Jan/2025:10:27:20 -0500] "GET /?product=displease961431-876 HTTP/1.1" 200 68513 "-" "Mozilla/5.0 (Linux; Android 6.0.1; Nexus 5X Build/MMB29P) AppleWebKit/537.36 (KHTML, like Gecko) Chrome/131.0.6778.264 Mobile Safari/537.36 (compatible; Googlebot/2.1; +http://www.google.com/bot.html)"
165.231.182.52 - - [12/Jan/2025:10:25:19 -0500] "POST /register/ HTTP/1.0" 200 0 "https://misswavenigeria.com/register/" "Mozilla/5.0 (Windows NT 6.1; Win64; x64) AppleWebKit/537.36 (KHTML, like Gecko) Chrome/103.0.0.0 Safari/537.36"
165.231.182.52 - - [12/Jan/2025:10:27:48 -0500] "GET /register/ HTTP/1.0" 200 75934 "https://misswavenigeria.com/" "Mozilla/5.0 (Windows NT 6.1; Win64; x64) AppleWebKit/537.36 (KHTML, like Gecko) Chrome/103.0.0.0 Safari/537.36"
165.231.182.52 - - [12/Jan/2025:10:28:09 -0500] "GET / HTTP/1.0" 200 109065 "https://misswavenigeria.com/" "Mozilla/5.0 (Windows NT 6.2; Win64; x64) AppleWebKit/537.36 (KHTML, like Gecko) Chrome/103.0.0.0 Safari/537.36"
165.231.182.52 - - [12/Jan/2025:10:28:11 -0500] "GET /register/ HTTP/1.0" 200 75934 "https://misswavenigeria.com/register/" "Mozilla/5.0 (Windows NT 6.2; Win64; x64) AppleWebKit/537.36 (KHTML, like Gecko) Chrome/103.0.0.0 Safari/537.36"
66.29.132.124 - - [12/Jan/2025:10:28:13 -0500] "POST /wp-cron.php?doing_wp_cron=1736695693.6133220195770263671875 HTTP/1.1" 200 0 "-" "WordPress/6.7.1; https://misswavenigeria.com"
85.208.96.193 - - [12/Jan/2025:10:28:13 -0500] "GET /goods/3015336 HTTP/1.1" 404 18011 "-" "Mozilla/5.0 (compatible; SemrushBot/7~bl; +http://www.semrush.com/bot.html)"
66.29.132.124 - - [12/Jan/2025:10:28:13 -0500] "POST /wp-admin/admin-ajax.php?action=async_litespeed&nonce=nMWvZar8kbkF2UWw1VK9o1uiVtFLYEau&litespeed_type=imgoptm HTTP/1.1" 200 21 "-" "WordPress/6.7.1; https://misswavenigeria.com"
85.208.96.195 - - [12/Jan/2025:10:28:15 -0500] "GET /goods/2112731 HTTP/1.1" 404 18012 "-" "Mozilla/5.0 (compatible; SemrushBot/7~bl; +http://www.semrush.com/bot.html)"
66.249.68.69 - - [12/Jan/2025:10:28:22 -0500] "GET /?product=cotton10001861-894 HTTP/1.1" 200 68689 "-" "Mozilla/5.0 (Linux; Android 6.0.1; Nexus 5X Build/MMB29P) AppleWebKit/537.36 (KHTML, like Gecko) Chrome/131.0.6778.264 Mobile Safari/537.36 (compatible; Googlebot/2.1; +http://www.google.com/bot.html)"
66.249.68.67 - - [12/Jan/2025:10:29:43 -0500] "GET /?product=mythic15273435-477?keyword=%E3%83%95%E3%82%A1%E3%83%83%E3%82%B7%E3%83%A7%E3%83%B3 HTTP/1.1" 200 69251 "-" "Mozilla/5.0 (Linux; Android 6.0.1; Nexus 5X Build/MMB29P) AppleWebKit/537.36 (KHTML, like Gecko) Chrome/131.0.6778.264 Mobile Safari/537.36 (compatible; Googlebot/2.1; +http://www.google.com/bot.html)"
165.231.182.52 - - [12/Jan/2025:10:28:13 -0500] "POST /register/ HTTP/1.0" 200 76060 "https://misswavenigeria.com/register/" "Mozilla/5.0 (Windows NT 6.2; Win64; x64) AppleWebKit/537.36 (KHTML, like Gecko) Chrome/103.0.0.0 Safari/537.36"
66.29.132.124 - - [12/Jan/2025:10:30:16 -0500] "POST /wp-cron.php?doing_wp_cron=1736695816.0158400535583496093750 HTTP/1.1" 200 0 "-" "WordPress/6.7.1; https://misswavenigeria.com"
165.231.182.52 - - [12/Jan/2025:10:30:15 -0500] "GET /register/ HTTP/1.0" 200 75934 "https://misswavenigeria.com/" "Mozilla/5.0 (Windows NT 6.2; Win64; x64) AppleWebKit/537.36 (KHTML, like Gecko) Chrome/103.0.0.0 Safari/537.36"
66.29.132.124 - - [12/Jan/2025:10:30:16 -0500] "POST /wp-admin/admin-ajax.php?action=async_litespeed&nonce=KQGNOKfqFNuqxN6tW7ceuXPASfsweaHO&litespeed_type=imgoptm HTTP/1.1" 200 21 "-" "WordPress/6.7.1; https://misswavenigeria.com"
185.191.171.10 - - [12/Jan/2025:10:30:20 -0500] "GET /goods/2231184 HTTP/1.1" 404 18011 "-" "Mozilla/5.0 (compatible; SemrushBot/7~bl; +http://www.semrush.com/bot.html)"
185.191.171.7 - - [12/Jan/2025:10:30:23 -0500] "GET /goods/648411 HTTP/1.1" 404 18012 "-" "Mozilla/5.0 (compatible; SemrushBot/7~bl; +http://www.semrush.com/bot.html)"
66.29.132.124 - - [12/Jan/2025:10:30:27 -0500] "POST /wp-cron.php?doing_wp_cron=1736695827.1488299369812011718750 HTTP/1.1" 200 0 "-" "WordPress/6.7.1; https://misswavenigeria.com"
85.208.96.206 - - [12/Jan/2025:10:30:26 -0500] "GET /goods/173936 HTTP/1.1" 404 18012 "-" "Mozilla/5.0 (compatible; SemrushBot/7~bl; +http://www.semrush.com/bot.html)"
85.208.96.193 - - [12/Jan/2025:10:30:29 -0500] "GET /goods/2492126 HTTP/1.1" 404 18011 "-" "Mozilla/5.0 (compatible; SemrushBot/7~bl; +http://www.semrush.com/bot.html)"
185.191.171.16 - - [12/Jan/2025:10:30:31 -0500] "GET /goods/2568894 HTTP/1.1" 404 18012 "-" "Mozilla/5.0 (compatible; SemrushBot/7~bl; +http://www.semrush.com/bot.html)"
85.208.96.206 - - [12/Jan/2025:10:30:37 -0500] "GET /goods/1404131 HTTP/1.1" 404 18012 "-" "Mozilla/5.0 (compatible; SemrushBot/7~bl; +http://www.semrush.com/bot.html)"
85.208.96.207 - - [12/Jan/2025:10:30:39 -0500] "GET /goods/538073 HTTP/1.1" 404 18011 "-" "Mozilla/5.0 (compatible; SemrushBot/7~bl; +http://www.semrush.com/bot.html)"
185.191.171.16 - - [12/Jan/2025:10:30:42 -0500] "GET /goods/347110 HTTP/1.1" 404 18011 "-" "Mozilla/5.0 (compatible; SemrushBot/7~bl; +http://www.semrush.com/bot.html)"
85.208.96.207 - - [12/Jan/2025:10:30:44 -0500] "GET /goods/871511 HTTP/1.1" 404 18012 "-" "Mozilla/5.0 (compatible; SemrushBot/7~bl; +http://www.semrush.com/bot.html)"
185.191.171.2 - - [12/Jan/2025:10:30:46 -0500] "GET /goods/293785 HTTP/1.1" 404 18012 "-" "Mozilla/5.0 (compatible; SemrushBot/7~bl; +http://www.semrush.com/bot.html)"
85.208.96.202 - - [12/Jan/2025:10:30:48 -0500] "GET /goods/3580947 HTTP/1.1" 404 18012 "-" "Mozilla/5.0 (compatible; SemrushBot/7~bl; +http://www.semrush.com/bot.html)"
66.29.132.124 - - [12/Jan/2025:10:30:51 -0500] "POST /wp-cron.php?doing_wp_cron=1736695851.3077421188354492187500 HTTP/1.1" 200 0 "-" "WordPress/6.7.1; https://misswavenigeria.com"
85.208.96.203 - - [12/Jan/2025:10:30:50 -0500] "GET /goods/3889639 HTTP/1.1" 404 18011 "-" "Mozilla/5.0 (compatible; SemrushBot/7~bl; +http://www.semrush.com/bot.html)"
66.29.132.124 - - [12/Jan/2025:10:30:51 -0500] "POST /wp-admin/admin-ajax.php?action=async_litespeed&nonce=9zCxAGEL5zygXLngguq7uMGulttL3pfP&litespeed_type=imgoptm HTTP/1.1" 200 21 "-" "WordPress/6.7.1; https://misswavenigeria.com"
85.208.96.212 - - [12/Jan/2025:10:30:53 -0500] "GET /goods/2764623 HTTP/1.1" 404 18011 "-" "Mozilla/5.0 (compatible; SemrushBot/7~bl; +http://www.semrush.com/bot.html)"
185.191.171.7 - - [12/Jan/2025:10:30:55 -0500] "GET /goods/2469479 HTTP/1.1" 404 18012 "-" "Mozilla/5.0 (compatible; SemrushBot/7~bl; +http://www.semrush.com/bot.html)"
85.208.96.212 - - [12/Jan/2025:10:30:58 -0500] "GET /goods/2495370 HTTP/1.1" 404 18012 "-" "Mozilla/5.0 (compatible; SemrushBot/7~bl; +http://www.semrush.com/bot.html)"
185.191.171.18 - - [12/Jan/2025:10:31:00 -0500] "GET /goods/671558 HTTP/1.1" 404 18011 "-" "Mozilla/5.0 (compatible; SemrushBot/7~bl; +http://www.semrush.com/bot.html)"
85.208.96.203 - - [12/Jan/2025:10:31:02 -0500] "GET /goods/3735445 HTTP/1.1" 404 18011 "-" "Mozilla/5.0 (compatible; SemrushBot/7~bl; +http://www.semrush.com/bot.html)"
185.191.171.16 - - [12/Jan/2025:10:31:05 -0500] "GET /goods/1754859 HTTP/1.1" 404 18012 "-" "Mozilla/5.0 (compatible; SemrushBot/7~bl; +http://www.semrush.com/bot.html)"
85.208.96.202 - - [12/Jan/2025:10:31:07 -0500] "GET /goods/4363111 HTTP/1.1" 404 18012 "-" "Mozilla/5.0 (compatible; SemrushBot/7~bl; +http://www.semrush.com/bot.html)"
165.231.182.52 - - [12/Jan/2025:10:31:07 -0500] "GET / HTTP/1.0" 200 109067 "https://misswavenigeria.com/" "Mozilla/5.0 (Windows NT 6.1; Win64; x64) AppleWebKit/537.36 (KHTML, like Gecko) Chrome/103.0.0.0 Safari/537.36"
185.191.171.2 - - [12/Jan/2025:10:31:10 -0500] "GET /goods/1552878 HTTP/1.1" 404 18011 "-" "Mozilla/5.0 (compatible; SemrushBot/7~bl; +http://www.semrush.com/bot.html)"
165.231.182.52 - - [12/Jan/2025:10:31:10 -0500] "GET /register/ HTTP/1.0" 200 75934 "https://misswavenigeria.com/register/" "Mozilla/5.0 (Windows NT 6.1; Win64; x64) AppleWebKit/537.36 (KHTML, like Gecko) Chrome/103.0.0.0 Safari/537.36"
85.208.96.197 - - [12/Jan/2025:10:31:12 -0500] "GET /goods/2980353 HTTP/1.1" 404 18011 "-" "Mozilla/5.0 (compatible; SemrushBot/7~bl; +http://www.semrush.com/bot.html)"
185.191.171.15 - - [12/Jan/2025:10:31:15 -0500] "GET /goods/2405016 HTTP/1.1" 404 18012 "-" "Mozilla/5.0 (compatible; SemrushBot/7~bl; +http://www.semrush.com/bot.html)"
185.191.171.13 - - [12/Jan/2025:10:31:18 -0500] "GET /goods/2889782 HTTP/1.1" 404 18012 "-" "Mozilla/5.0 (compatible; SemrushBot/7~bl; +http://www.semrush.com/bot.html)"
185.191.171.2 - - [12/Jan/2025:10:31:20 -0500] "GET /goods/1860140 HTTP/1.1" 404 18011 "-" "Mozilla/5.0 (compatible; SemrushBot/7~bl; +http://www.semrush.com/bot.html)"
185.191.171.1 - - [12/Jan/2025:10:31:22 -0500] "GET /goods/613778 HTTP/1.1" 404 18012 "-" "Mozilla/5.0 (compatible; SemrushBot/7~bl; +http://www.semrush.com/bot.html)"
66.29.132.124 - - [12/Jan/2025:10:31:25 -0500] "POST /wp-cron.php?doing_wp_cron=1736695885.4255440235137939453125 HTTP/1.1" 200 0 "-" "WordPress/6.7.1; https://misswavenigeria.com"
85.208.96.203 - - [12/Jan/2025:10:31:24 -0500] "GET /goods/4043995 HTTP/1.1" 404 18012 "-" "Mozilla/5.0 (compatible; SemrushBot/7~bl; +http://www.semrush.com/bot.html)"
85.208.96.206 - - [12/Jan/2025:10:31:27 -0500] "GET /goods/1437207 HTTP/1.1" 404 18012 "-" "Mozilla/5.0 (compatible; SemrushBot/7~bl; +http://www.semrush.com/bot.html)"
185.191.171.3 - - [12/Jan/2025:10:31:30 -0500] "GET /goods/332316 HTTP/1.1" 404 18011 "-" "Mozilla/5.0 (compatible; SemrushBot/7~bl; +http://www.semrush.com/bot.html)"
85.208.96.211 - - [12/Jan/2025:10:31:32 -0500] "GET /goods/577746 HTTP/1.1" 404 18012 "-" "Mozilla/5.0 (compatible; SemrushBot/7~bl; +http://www.semrush.com/bot.html)"
85.208.96.202 - - [12/Jan/2025:10:31:34 -0500] "GET /goods/2068903 HTTP/1.1" 404 18012 "-" "Mozilla/5.0 (compatible; SemrushBot/7~bl; +http://www.semrush.com/bot.html)"
185.191.171.3 - - [12/Jan/2025:10:31:36 -0500] "GET /goods/1845577 HTTP/1.1" 404 18011 "-" "Mozilla/5.0 (compatible; SemrushBot/7~bl; +http://www.semrush.com/bot.html)"
185.191.171.13 - - [12/Jan/2025:10:31:39 -0500] "GET /goods/2548395 HTTP/1.1" 404 18012 "-" "Mozilla/5.0 (compatible; SemrushBot/7~bl; +http://www.semrush.com/bot.html)"
185.191.171.18 - - [12/Jan/2025:10:31:41 -0500] "GET /goods/3123264 HTTP/1.1" 404 18012 "-" "Mozilla/5.0 (compatible; SemrushBot/7~bl; +http://www.semrush.com/bot.html)"
85.208.96.196 - - [12/Jan/2025:10:31:43 -0500] "GET /goods/3894809 HTTP/1.1" 404 18012 "-" "Mozilla/5.0 (compatible; SemrushBot/7~bl; +http://www.semrush.com/bot.html)"
85.208.96.193 - - [12/Jan/2025:10:31:45 -0500] "GET /goods/2086777 HTTP/1.1" 404 18012 "-" "Mozilla/5.0 (compatible; SemrushBot/7~bl; +http://www.semrush.com/bot.html)"
85.208.96.198 - - [12/Jan/2025:10:31:46 -0500] "GET /goods/3580640 HTTP/1.1" 404 18012 "-" "Mozilla/5.0 (compatible; SemrushBot/7~bl; +http://www.semrush.com/bot.html)"
66.29.132.124 - - [12/Jan/2025:10:31:50 -0500] "POST /wp-cron.php?doing_wp_cron=1736695910.2902400493621826171875 HTTP/1.1" 200 0 "-" "WordPress/6.7.1; https://misswavenigeria.com"
185.191.171.14 - - [12/Jan/2025:10:31:50 -0500] "GET /goods/1393660 HTTP/1.1" 404 18011 "-" "Mozilla/5.0 (compatible; SemrushBot/7~bl; +http://www.semrush.com/bot.html)"
66.29.132.124 - - [12/Jan/2025:10:31:50 -0500] "POST /wp-admin/admin-ajax.php?action=async_litespeed&nonce=M0rxkiMXD9qEqXQnYDNELmPd3Vlb8BFE&litespeed_type=imgoptm HTTP/1.1" 200 21 "-" "WordPress/6.7.1; https://misswavenigeria.com"
85.208.96.212 - - [12/Jan/2025:10:31:52 -0500] "GET /goods/4446169 HTTP/1.1" 404 18012 "-" "Mozilla/5.0 (compatible; SemrushBot/7~bl; +http://www.semrush.com/bot.html)"
47.128.58.27 - - [12/Jan/2025:10:33:37 -0500] "GET /wp-includes/ID3/module.audio.ogg.php HTTP/1.1" 200 0 "-" "Mozilla/5.0 (Linux; Android 5.0) AppleWebKit/537.36 (KHTML, like Gecko) Mobile Safari/537.36 (compatible; Bytespider; spider-feedback@bytedance.com)"
165.231.182.52 - - [12/Jan/2025:10:31:12 -0500] "POST /register/ HTTP/1.0" 200 0 "https://misswavenigeria.com/register/" "Mozilla/5.0 (Windows NT 6.1; Win64; x64) AppleWebKit/537.36 (KHTML, like Gecko) Chrome/103.0.0.0 Safari/537.36"
165.231.182.52 - - [12/Jan/2025:10:33:43 -0500] "GET /register/ HTTP/1.0" 200 75934 "https://misswavenigeria.com/" "Mozilla/5.0 (Windows NT 6.1; Win64; x64) AppleWebKit/537.36 (KHTML, like Gecko) Chrome/103.0.0.0 Safari/537.36"
66.29.132.124 - - [12/Jan/2025:10:33:46 -0500] "POST /wp-cron.php?doing_wp_cron=1736696026.3634469509124755859375 HTTP/1.1" 200 0 "-" "WordPress/6.7.1; https://misswavenigeria.com"
185.191.171.16 - - [12/Jan/2025:10:33:46 -0500] "GET /goods/1638970 HTTP/1.1" 404 18012 "-" "Mozilla/5.0 (compatible; SemrushBot/7~bl; +http://www.semrush.com/bot.html)"
66.29.132.124 - - [12/Jan/2025:10:33:46 -0500] "POST /wp-admin/admin-ajax.php?action=async_litespeed&nonce=sxpLI52lTXqK7yN6Ub0LngWhmtEyd6ta&litespeed_type=imgoptm HTTP/1.1" 200 21 "-" "WordPress/6.7.1; https://misswavenigeria.com"
85.208.96.208 - - [12/Jan/2025:10:33:48 -0500] "GET /goods/1257892 HTTP/1.1" 404 18012 "-" "Mozilla/5.0 (compatible; SemrushBot/7~bl; +http://www.semrush.com/bot.html)"
66.29.132.124 - - [12/Jan/2025:10:33:51 -0500] "POST /wp-cron.php?doing_wp_cron=1736696031.3044049739837646484375 HTTP/1.1" 200 0 "-" "WordPress/6.7.1; https://misswavenigeria.com"
85.208.96.211 - - [12/Jan/2025:10:33:50 -0500] "GET /goods/399112 HTTP/1.1" 404 18011 "-" "Mozilla/5.0 (compatible; SemrushBot/7~bl; +http://www.semrush.com/bot.html)"
66.29.132.124 - - [12/Jan/2025:10:33:51 -0500] "POST /wp-admin/admin-ajax.php?action=async_litespeed&nonce=whJMUO1wcqttyBEtQygH7NqYWNqOkFgA&litespeed_type=imgoptm HTTP/1.1" 200 21 "-" "WordPress/6.7.1; https://misswavenigeria.com"
85.208.96.193 - - [12/Jan/2025:10:33:54 -0500] "GET /goods/4845094 HTTP/1.1" 404 18012 "-" "Mozilla/5.0 (compatible; SemrushBot/7~bl; +http://www.semrush.com/bot.html)"
85.208.96.211 - - [12/Jan/2025:10:33:56 -0500] "GET /goods/2870112 HTTP/1.1" 404 18012 "-" "Mozilla/5.0 (compatible; SemrushBot/7~bl; +http://www.semrush.com/bot.html)"
185.191.171.9 - - [12/Jan/2025:10:33:58 -0500] "GET /goods/4133950 HTTP/1.1" 404 18012 "-" "Mozilla/5.0 (compatible; SemrushBot/7~bl; +http://www.semrush.com/bot.html)"
185.191.171.13 - - [12/Jan/2025:10:34:01 -0500] "GET /goods/2350215 HTTP/1.1" 404 18012 "-" "Mozilla/5.0 (compatible; SemrushBot/7~bl; +http://www.semrush.com/bot.html)"
85.208.96.202 - - [12/Jan/2025:10:34:03 -0500] "GET /goods/89572 HTTP/1.1" 404 18012 "-" "Mozilla/5.0 (compatible; SemrushBot/7~bl; +http://www.semrush.com/bot.html)"
185.191.171.13 - - [12/Jan/2025:10:34:06 -0500] "GET /goods/4627193 HTTP/1.1" 404 18012 "-" "Mozilla/5.0 (compatible; SemrushBot/7~bl; +http://www.semrush.com/bot.html)"
66.249.68.67 - - [12/Jan/2025:10:34:06 -0500] "GET /goods/3465169 HTTP/1.1" 200 69339 "-" "Mozilla/5.0 (Linux; Android 6.0.1; Nexus 5X Build/MMB29P) AppleWebKit/537.36 (KHTML, like Gecko) Chrome/131.0.6778.264 Mobile Safari/537.36 (compatible; Googlebot/2.1; +http://www.google.com/bot.html)"
85.208.96.211 - - [12/Jan/2025:10:34:08 -0500] "GET /goods/1509426 HTTP/1.1" 404 18012 "-" "Mozilla/5.0 (compatible; SemrushBot/7~bl; +http://www.semrush.com/bot.html)"
165.231.182.52 - - [12/Jan/2025:10:34:09 -0500] "GET / HTTP/1.0" 200 109067 "https://misswavenigeria.com/" "Mozilla/5.0 (Windows NT 10.0; Win64; x64) AppleWebKit/537.36 (KHTML, like Gecko) Chrome/103.0.5042.0 Safari/537.36"
85.208.96.205 - - [12/Jan/2025:10:34:10 -0500] "GET /goods/512814 HTTP/1.1" 404 18011 "-" "Mozilla/5.0 (compatible; SemrushBot/7~bl; +http://www.semrush.com/bot.html)"
165.231.182.52 - - [12/Jan/2025:10:34:11 -0500] "GET /register/ HTTP/1.0" 200 75934 "https://misswavenigeria.com/register/" "Mozilla/5.0 (Windows NT 10.0; Win64; x64) AppleWebKit/537.36 (KHTML, like Gecko) Chrome/103.0.5042.0 Safari/537.36"
185.191.171.16 - - [12/Jan/2025:10:34:13 -0500] "GET /goods/820256 HTTP/1.1" 404 18011 "-" "Mozilla/5.0 (compatible; SemrushBot/7~bl; +http://www.semrush.com/bot.html)"
185.191.171.2 - - [12/Jan/2025:10:34:15 -0500] "GET /wp-includes/widgets.php HTTP/1.1" 200 0 "-" "Mozilla/5.0 (compatible; SemrushBot/7~bl; +http://www.semrush.com/bot.html)"
85.208.96.203 - - [12/Jan/2025:10:34:17 -0500] "GET /goods/747362 HTTP/1.1" 404 18012 "-" "Mozilla/5.0 (compatible; SemrushBot/7~bl; +http://www.semrush.com/bot.html)"
66.249.68.68 - - [12/Jan/2025:10:34:16 -0500] "GET /?product=passivity14685783-42?keyword=%E6%98%AD%E6%B2%BB%E3%83%BB%E6%B2%B3%E7%9B%B8%E4%B8%80%E6%88%90 HTTP/1.1" 200 68587 "-" "Mozilla/5.0 (Linux; Android 6.0.1; Nexus 5X Build/MMB29P) AppleWebKit/537.36 (KHTML, like Gecko) Chrome/131.0.6778.264 Mobile Safari/537.36 (compatible; Googlebot/2.1; +http://www.google.com/bot.html)"
85.208.96.212 - - [12/Jan/2025:10:34:18 -0500] "GET /goods/2102658 HTTP/1.1" 404 18012 "-" "Mozilla/5.0 (compatible; SemrushBot/7~bl; +http://www.semrush.com/bot.html)"
85.208.96.211 - - [12/Jan/2025:10:34:21 -0500] "GET /goods/522331 HTTP/1.1" 404 18012 "-" "Mozilla/5.0 (compatible; SemrushBot/7~bl; +http://www.semrush.com/bot.html)"
85.208.96.203 - - [12/Jan/2025:10:34:22 -0500] "GET /goods/4534044 HTTP/1.1" 404 18012 "-" "Mozilla/5.0 (compatible; SemrushBot/7~bl; +http://www.semrush.com/bot.html)"
185.191.171.15 - - [12/Jan/2025:10:34:27 -0500] "GET /wp-includes/l10n/class-wp-translation-file.php HTTP/1.1" 200 0 "-" "Mozilla/5.0 (compatible; SemrushBot/7~bl; +http://www.semrush.com/bot.html)"
85.208.96.193 - - [12/Jan/2025:10:34:29 -0500] "GET /wp-includes/rest-api/endpoints/error_log HTTP/1.1" 403 1242 "-" "Mozilla/5.0 (compatible; SemrushBot/7~bl; +http://www.semrush.com/bot.html)"
66.29.132.124 - - [12/Jan/2025:10:34:31 -0500] "POST /wp-cron.php?doing_wp_cron=1736696071.8780670166015625000000 HTTP/1.1" 200 0 "-" "WordPress/6.7.1; https://misswavenigeria.com"
85.208.96.193 - - [12/Jan/2025:10:34:31 -0500] "GET /goods/2886068 HTTP/1.1" 404 18012 "-" "Mozilla/5.0 (compatible; SemrushBot/7~bl; +http://www.semrush.com/bot.html)"
85.208.96.211 - - [12/Jan/2025:10:34:33 -0500] "GET /goods/2779022 HTTP/1.1" 404 18012 "-" "Mozilla/5.0 (compatible; SemrushBot/7~bl; +http://www.semrush.com/bot.html)"
185.191.171.14 - - [12/Jan/2025:10:34:37 -0500] "GET /goods/4009277 HTTP/1.1" 404 18012 "-" "Mozilla/5.0 (compatible; SemrushBot/7~bl; +http://www.semrush.com/bot.html)"
185.191.171.11 - - [12/Jan/2025:10:34:40 -0500] "GET /goods/4231132 HTTP/1.1" 404 18012 "-" "Mozilla/5.0 (compatible; SemrushBot/7~bl; +http://www.semrush.com/bot.html)"
185.191.171.16 - - [12/Jan/2025:10:34:42 -0500] "GET /goods/3576914 HTTP/1.1" 404 18012 "-" "Mozilla/5.0 (compatible; SemrushBot/7~bl; +http://www.semrush.com/bot.html)"
85.208.96.203 - - [12/Jan/2025:10:34:45 -0500] "GET /goods/520659 HTTP/1.1" 404 18012 "-" "Mozilla/5.0 (compatible; SemrushBot/7~bl; +http://www.semrush.com/bot.html)"
85.208.96.203 - - [12/Jan/2025:10:34:47 -0500] "GET /goods/731069 HTTP/1.1" 404 18012 "-" "Mozilla/5.0 (compatible; SemrushBot/7~bl; +http://www.semrush.com/bot.html)"
85.208.96.203 - - [12/Jan/2025:10:34:49 -0500] "GET /goods/2106336 HTTP/1.1" 404 18012 "-" "Mozilla/5.0 (compatible; SemrushBot/7~bl; +http://www.semrush.com/bot.html)"
66.29.132.124 - - [12/Jan/2025:10:34:52 -0500] "POST /wp-cron.php?doing_wp_cron=1736696092.0430109500885009765625 HTTP/1.1" 200 0 "-" "WordPress/6.7.1; https://misswavenigeria.com"
185.191.171.15 - - [12/Jan/2025:10:34:51 -0500] "GET /goods/604396 HTTP/1.1" 404 18012 "-" "Mozilla/5.0 (compatible; SemrushBot/7~bl; +http://www.semrush.com/bot.html)"
66.29.132.124 - - [12/Jan/2025:10:34:52 -0500] "POST /wp-admin/admin-ajax.php?action=async_litespeed&nonce=QcvWHHOzRrFa8LDMleuq8kHGag5RXwCE&litespeed_type=imgoptm HTTP/1.1" 200 21 "-" "WordPress/6.7.1; https://misswavenigeria.com"
185.191.171.4 - - [12/Jan/2025:10:34:54 -0500] "GET /goods/2539184 HTTP/1.1" 404 18012 "-" "Mozilla/5.0 (compatible; SemrushBot/7~bl; +http://www.semrush.com/bot.html)"
85.208.96.198 - - [12/Jan/2025:10:34:56 -0500] "GET /goods/3763672 HTTP/1.1" 404 18012 "-" "Mozilla/5.0 (compatible; SemrushBot/7~bl; +http://www.semrush.com/bot.html)"
185.191.171.1 - - [12/Jan/2025:10:34:58 -0500] "GET /goods/469272 HTTP/1.1" 404 18012 "-" "Mozilla/5.0 (compatible; SemrushBot/7~bl; +http://www.semrush.com/bot.html)"
185.191.171.4 - - [12/Jan/2025:10:35:01 -0500] "GET /wp-includes/Requests/library/Requests.php HTTP/1.1" 200 0 "-" "Mozilla/5.0 (compatible; SemrushBot/7~bl; +http://www.semrush.com/bot.html)"
66.249.68.68 - - [12/Jan/2025:10:35:00 -0500] "GET /goods/4343342?keyword=%E5%AF%9D%E5%85%B7 HTTP/1.1" 200 67795 "-" "Mozilla/5.0 (Linux; Android 6.0.1; Nexus 5X Build/MMB29P) AppleWebKit/537.36 (KHTML, like Gecko) Chrome/131.0.6778.264 Mobile Safari/537.36 (compatible; Googlebot/2.1; +http://www.google.com/bot.html)"
185.191.171.11 - - [12/Jan/2025:10:35:03 -0500] "GET /goods/2721820 HTTP/1.1" 404 18011 "-" "Mozilla/5.0 (compatible; SemrushBot/7~bl; +http://www.semrush.com/bot.html)"
85.208.96.195 - - [12/Jan/2025:10:35:07 -0500] "GET /goods/116412 HTTP/1.1" 404 18012 "-" "Mozilla/5.0 (compatible; SemrushBot/7~bl; +http://www.semrush.com/bot.html)"
