165.231.182.52 - - [12/Jan/2025:05:55:38 -0500] "GET /register/ HTTP/1.0" 200 75934 "https://misswavenigeria.com/register/" "Mozilla/5.0 (Windows NT 6.1; WOW64) AppleWebKit/537.36 (KHTML, like Gecko) Chrome/103.0.0.0 Safari/537.36"
66.29.132.124 - - [12/Jan/2025:05:56:34 -0500] "POST /wp-cron.php?doing_wp_cron=1736679394.6074690818786621093750 HTTP/1.1" 200 0 "-" "WordPress/6.7.1; https://misswavenigeria.com"
185.191.171.5 - - [12/Jan/2025:05:56:34 -0500] "GET /goods/1996143 HTTP/1.1" 404 18012 "-" "Mozilla/5.0 (compatible; SemrushBot/7~bl; +http://www.semrush.com/bot.html)"
66.29.132.124 - - [12/Jan/2025:05:56:34 -0500] "POST /wp-admin/admin-ajax.php?action=async_litespeed&nonce=ggOaNipfm5P1pDV4c9yxKzz4N0p3yOat&litespeed_type=imgoptm HTTP/1.1" 200 21 "-" "WordPress/6.7.1; https://misswavenigeria.com"
185.191.171.1 - - [12/Jan/2025:05:56:36 -0500] "GET /goods/3272395 HTTP/1.1" 404 18011 "-" "Mozilla/5.0 (compatible; SemrushBot/7~bl; +http://www.semrush.com/bot.html)"
165.231.182.52 - - [12/Jan/2025:05:55:39 -0500] "POST /register/ HTTP/1.0" 200 76060 "https://misswavenigeria.com/register/" "Mozilla/5.0 (Windows NT 6.1; WOW64) AppleWebKit/537.36 (KHTML, like Gecko) Chrome/103.0.0.0 Safari/537.36"
66.29.132.124 - - [12/Jan/2025:05:57:06 -0500] "POST /wp-cron.php?doing_wp_cron=1736679426.9813709259033203125000 HTTP/1.1" 200 0 "-" "WordPress/6.7.1; https://misswavenigeria.com"
165.231.182.52 - - [12/Jan/2025:05:57:06 -0500] "GET /register/ HTTP/1.0" 200 75934 "https://misswavenigeria.com/" "Mozilla/5.0 (Windows NT 6.1; WOW64) AppleWebKit/537.36 (KHTML, like Gecko) Chrome/103.0.0.0 Safari/537.36"
66.29.132.124 - - [12/Jan/2025:05:57:07 -0500] "POST /wp-admin/admin-ajax.php?action=async_litespeed&nonce=K8chLgSXozHuZrw1iAWkcOHREGVhJwBH&litespeed_type=imgoptm HTTP/1.1" 200 21 "-" "WordPress/6.7.1; https://misswavenigeria.com"
66.249.68.69 - - [12/Jan/2025:05:57:49 -0500] "GET /goods/874972.html HTTP/1.1" 200 71926 "-" "Mozilla/5.0 (Linux; Android 6.0.1; Nexus 5X Build/MMB29P) AppleWebKit/537.36 (KHTML, like Gecko) Chrome/131.0.6778.264 Mobile Safari/537.36 (compatible; Googlebot/2.1; +http://www.google.com/bot.html)"
66.29.132.124 - - [12/Jan/2025:05:58:36 -0500] "POST /wp-cron.php?doing_wp_cron=1736679516.2816150188446044921875 HTTP/1.1" 200 0 "-" "WordPress/6.7.1; https://misswavenigeria.com"
165.231.182.52 - - [12/Jan/2025:05:58:35 -0500] "GET / HTTP/1.0" 200 109065 "https://misswavenigeria.com/" "Mozilla/5.0 (Windows NT 6.3; Win64; x64) AppleWebKit/537.36 (KHTML, like Gecko) Chrome/103.0.5060.53 Safari/537.36"
66.29.132.124 - - [12/Jan/2025:05:58:36 -0500] "POST /wp-admin/admin-ajax.php?action=async_litespeed&nonce=KPH7bQnR6NdfpH2RYYQBEUieHGk5prOC&litespeed_type=imgoptm HTTP/1.1" 200 21 "-" "WordPress/6.7.1; https://misswavenigeria.com"
165.231.182.52 - - [12/Jan/2025:05:58:38 -0500] "GET /register/ HTTP/1.0" 200 75934 "https://misswavenigeria.com/register/" "Mozilla/5.0 (Windows NT 6.3; Win64; x64) AppleWebKit/537.36 (KHTML, like Gecko) Chrome/103.0.5060.53 Safari/537.36"
85.208.96.206 - - [12/Jan/2025:05:58:40 -0500] "GET /goods/98341 HTTP/1.1" 404 18011 "-" "Mozilla/5.0 (compatible; SemrushBot/7~bl; +http://www.semrush.com/bot.html)"
185.191.171.7 - - [12/Jan/2025:05:58:42 -0500] "GET /goods/304985 HTTP/1.1" 404 18012 "-" "Mozilla/5.0 (compatible; SemrushBot/7~bl; +http://www.semrush.com/bot.html)"
165.231.182.52 - - [12/Jan/2025:05:58:40 -0500] "POST /register/ HTTP/1.0" 200 76060 "https://misswavenigeria.com/register/" "Mozilla/5.0 (Windows NT 6.3; Win64; x64) AppleWebKit/537.36 (KHTML, like Gecko) Chrome/103.0.5060.53 Safari/537.36"
66.29.132.124 - - [12/Jan/2025:06:00:11 -0500] "POST /wp-cron.php?doing_wp_cron=1736679610.9618771076202392578125 HTTP/1.1" 200 0 "-" "WordPress/6.7.1; https://misswavenigeria.com"
165.231.182.52 - - [12/Jan/2025:06:00:10 -0500] "GET /register/ HTTP/1.0" 200 75934 "https://misswavenigeria.com/" "Mozilla/5.0 (Windows NT 6.3; Win64; x64) AppleWebKit/537.36 (KHTML, like Gecko) Chrome/103.0.5060.53 Safari/537.36"
66.29.132.124 - - [12/Jan/2025:06:00:11 -0500] "POST /wp-admin/admin-ajax.php?action=async_litespeed&nonce=erqX5E6iH0SV5Zgpq5z5l6cnAhkKuuRg&litespeed_type=imgoptm HTTP/1.1" 200 21 "-" "WordPress/6.7.1; https://misswavenigeria.com"
66.29.132.124 - - [12/Jan/2025:06:00:47 -0500] "POST /wp-cron.php?doing_wp_cron=1736679647.4665629863739013671875 HTTP/1.1" 200 0 "-" "WordPress/6.7.1; https://misswavenigeria.com"
185.191.171.2 - - [12/Jan/2025:06:00:47 -0500] "GET /goods/4208887 HTTP/1.1" 404 18012 "-" "Mozilla/5.0 (compatible; SemrushBot/7~bl; +http://www.semrush.com/bot.html)"
85.208.96.198 - - [12/Jan/2025:06:00:49 -0500] "GET /goods/1178511 HTTP/1.1" 404 18011 "-" "Mozilla/5.0 (compatible; SemrushBot/7~bl; +http://www.semrush.com/bot.html)"
66.249.68.68 - - [12/Jan/2025:06:01:20 -0500] "GET /sitemap-4.xml HTTP/1.1" 200 14679 "-" "Mozilla/5.0 (compatible; Googlebot/2.1; +http://www.google.com/bot.html)"
66.29.132.124 - - [12/Jan/2025:06:01:38 -0500] "POST /wp-cron.php?doing_wp_cron=1736679698.2781229019165039062500 HTTP/1.1" 200 0 "-" "WordPress/6.7.1; https://misswavenigeria.com"
165.231.182.52 - - [12/Jan/2025:06:01:38 -0500] "GET / HTTP/1.0" 200 109067 "https://misswavenigeria.com/" "Mozilla/5.0 (Windows NT 10.0; WOW64) AppleWebKit/537.36 (KHTML, like Gecko) Chrome/103.0.0.0 Safari/537.36"
66.29.132.124 - - [12/Jan/2025:06:01:38 -0500] "POST /wp-admin/admin-ajax.php?action=async_litespeed&nonce=0cTcOVnVk1VCadwyeIt8XEWrsCS75xrF&litespeed_type=imgoptm HTTP/1.1" 200 21 "-" "WordPress/6.7.1; https://misswavenigeria.com"
165.231.182.52 - - [12/Jan/2025:06:01:40 -0500] "GET /register/ HTTP/1.0" 200 75934 "https://misswavenigeria.com/register/" "Mozilla/5.0 (Windows NT 10.0; WOW64) AppleWebKit/537.36 (KHTML, like Gecko) Chrome/103.0.0.0 Safari/537.36"
66.29.132.124 - - [12/Jan/2025:06:02:54 -0500] "POST /wp-cron.php?doing_wp_cron=1736679773.9936320781707763671875 HTTP/1.1" 200 0 "-" "WordPress/6.7.1; https://misswavenigeria.com"
185.191.171.7 - - [12/Jan/2025:06:02:53 -0500] "GET /goods/4299776 HTTP/1.1" 404 18012 "-" "Mozilla/5.0 (compatible; SemrushBot/7~bl; +http://www.semrush.com/bot.html)"
66.29.132.124 - - [12/Jan/2025:06:02:54 -0500] "POST /wp-admin/admin-ajax.php?action=async_litespeed&nonce=EcK0BWSVnScEv0eu7YI1gft7Cwl3OZxC&litespeed_type=imgoptm HTTP/1.1" 200 21 "-" "WordPress/6.7.1; https://misswavenigeria.com"
185.191.171.4 - - [12/Jan/2025:06:02:56 -0500] "GET /goods/2473637 HTTP/1.1" 404 18012 "-" "Mozilla/5.0 (compatible; SemrushBot/7~bl; +http://www.semrush.com/bot.html)"
165.231.182.52 - - [12/Jan/2025:06:01:42 -0500] "POST /register/ HTTP/1.0" 200 76060 "https://misswavenigeria.com/register/" "Mozilla/5.0 (Windows NT 10.0; WOW64) AppleWebKit/537.36 (KHTML, like Gecko) Chrome/103.0.0.0 Safari/537.36"
165.231.182.52 - - [12/Jan/2025:06:03:22 -0500] "GET /register/ HTTP/1.0" 200 75934 "https://misswavenigeria.com/" "Mozilla/5.0 (Windows NT 10.0; WOW64) AppleWebKit/537.36 (KHTML, like Gecko) Chrome/103.0.0.0 Safari/537.36"
47.128.50.251 - - [12/Jan/2025:06:04:22 -0500] "GET /wp-includes/rest-api/endpoints/class-wp-rest-block-renderer-controller.php HTTP/1.1" 500 0 "-" "Mozilla/5.0 (Linux; Android 5.0) AppleWebKit/537.36 (KHTML, like Gecko) Mobile Safari/537.36 (compatible; Bytespider; spider-feedback@bytedance.com)"
66.29.132.124 - - [12/Jan/2025:06:04:37 -0500] "POST /wp-cron.php?doing_wp_cron=1736679877.8164100646972656250000 HTTP/1.1" 200 0 "-" "WordPress/6.7.1; https://misswavenigeria.com"
165.231.182.52 - - [12/Jan/2025:06:04:37 -0500] "GET / HTTP/1.0" 200 109065 "https://misswavenigeria.com/" "Mozilla/5.0 (Windows NT 6.3; Win64; x64) AppleWebKit/537.36 (KHTML, like Gecko) Chrome/103.0.5060.53 Safari/537.36"
66.29.132.124 - - [12/Jan/2025:06:04:38 -0500] "POST /wp-admin/admin-ajax.php?action=async_litespeed&nonce=tMX68C8Odu6j5PQRcE8obWxL9TueyoLS&litespeed_type=imgoptm HTTP/1.1" 200 21 "-" "WordPress/6.7.1; https://misswavenigeria.com"
165.231.182.52 - - [12/Jan/2025:06:04:40 -0500] "GET /register/ HTTP/1.0" 200 75934 "https://misswavenigeria.com/register/" "Mozilla/5.0 (Windows NT 6.3; Win64; x64) AppleWebKit/537.36 (KHTML, like Gecko) Chrome/103.0.5060.53 Safari/537.36"
66.29.132.124 - - [12/Jan/2025:06:05:00 -0500] "POST /wp-cron.php?doing_wp_cron=1736679900.7907600402832031250000 HTTP/1.1" 200 0 "-" "WordPress/6.7.1; https://misswavenigeria.com"
185.191.171.16 - - [12/Jan/2025:06:05:00 -0500] "GET /goods/3513149 HTTP/1.1" 404 18011 "-" "Mozilla/5.0 (compatible; SemrushBot/7~bl; +http://www.semrush.com/bot.html)"
66.29.132.124 - - [12/Jan/2025:06:05:00 -0500] "POST /wp-admin/admin-ajax.php?action=async_litespeed&nonce=KNYqUwUbq1SaB8wi27Ktf2ZSFZM7E7dF&litespeed_type=imgoptm HTTP/1.1" 200 21 "-" "WordPress/6.7.1; https://misswavenigeria.com"
185.191.171.7 - - [12/Jan/2025:06:05:03 -0500] "GET /goods/2936266 HTTP/1.1" 404 18012 "-" "Mozilla/5.0 (compatible; SemrushBot/7~bl; +http://www.semrush.com/bot.html)"
66.29.132.124 - - [12/Jan/2025:06:05:05 -0500] "POST /wp-cron.php?doing_wp_cron=1736679905.9523639678955078125000 HTTP/1.1" 200 0 "-" "WordPress/6.7.1; https://misswavenigeria.com"
85.208.96.197 - - [12/Jan/2025:06:05:05 -0500] "GET /goods/4411878 HTTP/1.1" 404 18012 "-" "Mozilla/5.0 (compatible; SemrushBot/7~bl; +http://www.semrush.com/bot.html)"
85.208.96.200 - - [12/Jan/2025:06:05:07 -0500] "GET /goods/88469 HTTP/1.1" 404 18012 "-" "Mozilla/5.0 (compatible; SemrushBot/7~bl; +http://www.semrush.com/bot.html)"
85.208.96.198 - - [12/Jan/2025:06:05:09 -0500] "GET /goods/3196932 HTTP/1.1" 404 18011 "-" "Mozilla/5.0 (compatible; SemrushBot/7~bl; +http://www.semrush.com/bot.html)"
165.231.182.52 - - [12/Jan/2025:06:04:41 -0500] "POST /register/ HTTP/1.0" 200 76060 "https://misswavenigeria.com/register/" "Mozilla/5.0 (Windows NT 6.3; Win64; x64) AppleWebKit/537.36 (KHTML, like Gecko) Chrome/103.0.5060.53 Safari/537.36"
66.29.132.124 - - [12/Jan/2025:06:06:21 -0500] "POST /wp-cron.php?doing_wp_cron=1736679980.9906148910522460937500 HTTP/1.1" 200 0 "-" "WordPress/6.7.1; https://misswavenigeria.com"
165.231.182.52 - - [12/Jan/2025:06:06:20 -0500] "GET /register/ HTTP/1.0" 200 75934 "https://misswavenigeria.com/" "Mozilla/5.0 (Windows NT 6.3; Win64; x64) AppleWebKit/537.36 (KHTML, like Gecko) Chrome/103.0.5060.53 Safari/537.36"
66.29.132.124 - - [12/Jan/2025:06:06:21 -0500] "POST /wp-admin/admin-ajax.php?action=async_litespeed&nonce=jPUiBnujB45YJ3Yaa2u354L3ta2vQREm&litespeed_type=imgoptm HTTP/1.1" 200 21 "-" "WordPress/6.7.1; https://misswavenigeria.com"
66.29.132.124 - - [12/Jan/2025:06:07:03 -0500] "POST /wp-cron.php?doing_wp_cron=1736680023.8264119625091552734375 HTTP/1.1" 200 0 "-" "WordPress/6.7.1; https://misswavenigeria.com"
85.208.96.211 - - [12/Jan/2025:06:07:03 -0500] "GET /goods/1073931 HTTP/1.1" 404 18012 "-" "Mozilla/5.0 (compatible; SemrushBot/7~bl; +http://www.semrush.com/bot.html)"
66.249.68.67 - - [12/Jan/2025:06:07:03 -0500] "GET /?product=passivity14685783-42 HTTP/1.1" 200 68513 "-" "Mozilla/5.0 (Linux; Android 6.0.1; Nexus 5X Build/MMB29P) AppleWebKit/537.36 (KHTML, like Gecko) Chrome/131.0.6778.264 Mobile Safari/537.36 (compatible; Googlebot/2.1; +http://www.google.com/bot.html)"
66.29.132.124 - - [12/Jan/2025:06:07:04 -0500] "POST /wp-admin/admin-ajax.php?action=async_litespeed&nonce=pOC9UHarum014lzON1Z4cZGkEDap30TD&litespeed_type=imgoptm HTTP/1.1" 200 21 "-" "WordPress/6.7.1; https://misswavenigeria.com"
185.191.171.18 - - [12/Jan/2025:06:07:05 -0500] "GET /goods/1352959 HTTP/1.1" 404 18012 "-" "Mozilla/5.0 (compatible; SemrushBot/7~bl; +http://www.semrush.com/bot.html)"
85.208.96.199 - - [12/Jan/2025:06:07:07 -0500] "GET /goods/4522792 HTTP/1.1" 404 18011 "-" "Mozilla/5.0 (compatible; SemrushBot/7~bl; +http://www.semrush.com/bot.html)"
85.208.96.211 - - [12/Jan/2025:06:07:09 -0500] "GET /goods/2939134 HTTP/1.1" 404 18012 "-" "Mozilla/5.0 (compatible; SemrushBot/7~bl; +http://www.semrush.com/bot.html)"
66.249.68.67 - - [12/Jan/2025:06:07:28 -0500] "GET /?product=preference9197638-656?keyword=%E3%81%93%E3%81%AE%E3%81%99%E3%81%B0%E3%80%80%E9%95%B7%E8%B2%A1%E5%B8%83%E3%80%80%E3%81%93%E3%81%AE%E7%B4%A0%E6%99%B4%E3%82%89%E3%81%97%E3%81%84%E4%B8%96%E7%95%8C%E3%81%AB%E7%A5%9D%E7%A6%8F%E3%82%92%EF%BC%81%E3%80%80%E3%83%AD%E3%83%B3%E3%82%B0%E3%82%A6%E3%82%A9%E3%83%AC%E3%83%83%E3%83%88 HTTP/1.1" 200 69263 "-" "Mozilla/5.0 (Linux; Android 6.0.1; Nexus 5X Build/MMB29P) AppleWebKit/537.36 (KHTML, like Gecko) Chrome/131.0.6778.264 Mobile Safari/537.36 (compatible; Googlebot/2.1; +http://www.google.com/bot.html)"
66.29.132.124 - - [12/Jan/2025:06:07:34 -0500] "POST /wp-cron.php?doing_wp_cron=1736680054.5757091045379638671875 HTTP/1.1" 200 0 "-" "WordPress/6.7.1; https://misswavenigeria.com"
165.231.182.52 - - [12/Jan/2025:06:07:34 -0500] "GET / HTTP/1.0" 200 109065 "https://misswavenigeria.com/" "Mozilla/5.0 (Windows NT 6.3; Win64; x64) AppleWebKit/537.36 (KHTML, like Gecko) Chrome/103.0.5060.66 Safari/537.36"
165.231.182.52 - - [12/Jan/2025:06:07:36 -0500] "GET /register/ HTTP/1.0" 200 75934 "https://misswavenigeria.com/register/" "Mozilla/5.0 (Windows NT 6.3; Win64; x64) AppleWebKit/537.36 (KHTML, like Gecko) Chrome/103.0.5060.66 Safari/537.36"
47.128.109.3 - - [12/Jan/2025:06:08:22 -0500] "GET /wp-includes/class-wp-classic-to-block-menu-converter.php HTTP/1.1" 200 0 "-" "Mozilla/5.0 (Linux; Android 5.0) AppleWebKit/537.36 (KHTML, like Gecko) Mobile Safari/537.36 (compatible; Bytespider; spider-feedback@bytedance.com)"
165.231.182.52 - - [12/Jan/2025:06:07:38 -0500] "POST /register/ HTTP/1.0" 200 76060 "https://misswavenigeria.com/register/" "Mozilla/5.0 (Windows NT 6.3; Win64; x64) AppleWebKit/537.36 (KHTML, like Gecko) Chrome/103.0.5060.66 Safari/537.36"
66.29.132.124 - - [12/Jan/2025:06:09:06 -0500] "POST /wp-cron.php?doing_wp_cron=1736680146.8831338882446289062500 HTTP/1.1" 200 0 "-" "WordPress/6.7.1; https://misswavenigeria.com"
165.231.182.52 - - [12/Jan/2025:06:09:06 -0500] "GET /register/ HTTP/1.0" 200 75934 "https://misswavenigeria.com/" "Mozilla/5.0 (Windows NT 6.3; Win64; x64) AppleWebKit/537.36 (KHTML, like Gecko) Chrome/103.0.5060.66 Safari/537.36"
66.29.132.124 - - [12/Jan/2025:06:09:07 -0500] "POST /wp-admin/admin-ajax.php?action=async_litespeed&nonce=yCwglZgpKsJuJ8poRUFgIDZPB5abbApM&litespeed_type=imgoptm HTTP/1.1" 200 21 "-" "WordPress/6.7.1; https://misswavenigeria.com"
85.208.96.199 - - [12/Jan/2025:06:09:12 -0500] "GET /goods/3847866 HTTP/1.1" 404 18011 "-" "Mozilla/5.0 (compatible; SemrushBot/7~bl; +http://www.semrush.com/bot.html)"
185.191.171.4 - - [12/Jan/2025:06:09:15 -0500] "GET /goods/2598100 HTTP/1.1" 404 18012 "-" "Mozilla/5.0 (compatible; SemrushBot/7~bl; +http://www.semrush.com/bot.html)"
185.191.171.15 - - [12/Jan/2025:06:09:17 -0500] "GET /goods/1621010 HTTP/1.1" 404 18012 "-" "Mozilla/5.0 (compatible; SemrushBot/7~bl; +http://www.semrush.com/bot.html)"
185.191.171.15 - - [12/Jan/2025:06:09:20 -0500] "GET /goods/733087 HTTP/1.1" 404 18018 "-" "Mozilla/5.0 (compatible; SemrushBot/7~bl; +http://www.semrush.com/bot.html)"
185.191.171.2 - - [12/Jan/2025:06:09:23 -0500] "GET /goods/2147658 HTTP/1.1" 404 18012 "-" "Mozilla/5.0 (compatible; SemrushBot/7~bl; +http://www.semrush.com/bot.html)"
66.29.132.124 - - [12/Jan/2025:06:09:25 -0500] "POST /wp-cron.php?doing_wp_cron=1736680165.8141899108886718750000 HTTP/1.1" 200 0 "-" "WordPress/6.7.1; https://misswavenigeria.com"
85.208.96.194 - - [12/Jan/2025:06:09:25 -0500] "GET /goods/2868070 HTTP/1.1" 404 18012 "-" "Mozilla/5.0 (compatible; SemrushBot/7~bl; +http://www.semrush.com/bot.html)"
85.208.96.208 - - [12/Jan/2025:06:09:27 -0500] "GET /goods/4289943 HTTP/1.1" 404 18012 "-" "Mozilla/5.0 (compatible; SemrushBot/7~bl; +http://www.semrush.com/bot.html)"
85.208.96.205 - - [12/Jan/2025:06:09:29 -0500] "GET /goods/1863512 HTTP/1.1" 404 18011 "-" "Mozilla/5.0 (compatible; SemrushBot/7~bl; +http://www.semrush.com/bot.html)"
85.208.96.201 - - [12/Jan/2025:06:09:31 -0500] "GET /goods/4225010 HTTP/1.1" 404 18012 "-" "Mozilla/5.0 (compatible; SemrushBot/7~bl; +http://www.semrush.com/bot.html)"
185.191.171.11 - - [12/Jan/2025:06:09:33 -0500] "GET /goods/2279292 HTTP/1.1" 404 18012 "-" "Mozilla/5.0 (compatible; SemrushBot/7~bl; +http://www.semrush.com/bot.html)"
66.249.79.2 - - [12/Jan/2025:06:09:34 -0500] "GET /goods/O186070?k=product HTTP/1.1" 200 70097 "-" "Mozilla/5.0 (Linux; Android 6.0.1; Nexus 5X Build/MMB29P) AppleWebKit/537.36 (KHTML, like Gecko) Chrome/131.0.6778.264 Mobile Safari/537.36 (compatible; Googlebot/2.1; +http://www.google.com/bot.html)"
185.191.171.5 - - [12/Jan/2025:06:09:35 -0500] "GET /goods/3570812 HTTP/1.1" 404 18011 "-" "Mozilla/5.0 (compatible; SemrushBot/7~bl; +http://www.semrush.com/bot.html)"
66.249.68.68 - - [12/Jan/2025:06:10:23 -0500] "GET /goods/4753086 HTTP/1.1" 200 68076 "-" "Mozilla/5.0 (Linux; Android 6.0.1; Nexus 5X Build/MMB29P) AppleWebKit/537.36 (KHTML, like Gecko) Chrome/131.0.6778.264 Mobile Safari/537.36 (compatible; Googlebot/2.1; +http://www.google.com/bot.html)"
66.29.132.124 - - [12/Jan/2025:06:10:29 -0500] "POST /wp-cron.php?doing_wp_cron=1736680229.2113909721374511718750 HTTP/1.1" 200 0 "-" "WordPress/6.7.1; https://misswavenigeria.com"
165.231.182.52 - - [12/Jan/2025:06:10:29 -0500] "GET / HTTP/1.0" 200 109065 "https://misswavenigeria.com/" "Mozilla/5.0 (Windows NT 6.3; WOW64) AppleWebKit/537.36 (KHTML, like Gecko) Chrome/103.0.0.0 Safari/537.36"
66.29.132.124 - - [12/Jan/2025:06:10:29 -0500] "POST /wp-admin/admin-ajax.php?action=async_litespeed&nonce=RUPmVrxRFQPjx4LASSL1AYUpuSwucs1k&litespeed_type=imgoptm HTTP/1.1" 200 21 "-" "WordPress/6.7.1; https://misswavenigeria.com"
165.231.182.52 - - [12/Jan/2025:06:10:31 -0500] "GET /register/ HTTP/1.0" 200 75934 "https://misswavenigeria.com/register/" "Mozilla/5.0 (Windows NT 6.3; WOW64) AppleWebKit/537.36 (KHTML, like Gecko) Chrome/103.0.0.0 Safari/537.36"
66.29.132.124 - - [12/Jan/2025:06:11:32 -0500] "POST /wp-cron.php?doing_wp_cron=1736680292.5870280265808105468750 HTTP/1.1" 200 0 "-" "WordPress/6.7.1; https://misswavenigeria.com"
185.191.171.12 - - [12/Jan/2025:06:11:32 -0500] "GET /goods/695019 HTTP/1.1" 404 18019 "-" "Mozilla/5.0 (compatible; SemrushBot/7~bl; +http://www.semrush.com/bot.html)"
66.29.132.124 - - [12/Jan/2025:06:11:32 -0500] "POST /wp-admin/admin-ajax.php?action=async_litespeed&nonce=KgJnp9rNNaxdqD5eDXWr5rESbm0SaTJy&litespeed_type=imgoptm HTTP/1.1" 200 21 "-" "WordPress/6.7.1; https://misswavenigeria.com"
165.231.182.52 - - [12/Jan/2025:06:10:33 -0500] "POST /register/ HTTP/1.0" 200 76060 "https://misswavenigeria.com/register/" "Mozilla/5.0 (Windows NT 6.3; WOW64) AppleWebKit/537.36 (KHTML, like Gecko) Chrome/103.0.0.0 Safari/537.36"
66.29.132.124 - - [12/Jan/2025:06:11:58 -0500] "POST /wp-cron.php?doing_wp_cron=1736680318.1691288948059082031250 HTTP/1.1" 200 0 "-" "WordPress/6.7.1; https://misswavenigeria.com"
165.231.182.52 - - [12/Jan/2025:06:11:58 -0500] "GET /register/ HTTP/1.0" 200 75934 "https://misswavenigeria.com/" "Mozilla/5.0 (Windows NT 6.3; WOW64) AppleWebKit/537.36 (KHTML, like Gecko) Chrome/103.0.0.0 Safari/537.36"
66.29.132.124 - - [12/Jan/2025:06:11:58 -0500] "POST /wp-admin/admin-ajax.php?action=async_litespeed&nonce=VaCkvsZm7OpFgPmmhd11Sau2WZGaHj8P&litespeed_type=imgoptm HTTP/1.1" 200 21 "-" "WordPress/6.7.1; https://misswavenigeria.com"
185.191.171.13 - - [12/Jan/2025:06:11:59 -0500] "GET /robots.txt HTTP/1.1" 200 142 "-" "Mozilla/5.0 (compatible; SemrushBot/7~bl; +http://www.semrush.com/bot.html)"
66.249.68.69 - - [12/Jan/2025:06:11:58 -0500] "GET /goods/271838 HTTP/1.1" 200 72698 "-" "Mozilla/5.0 (Linux; Android 6.0.1; Nexus 5X Build/MMB29P) AppleWebKit/537.36 (KHTML, like Gecko) Chrome/131.0.6778.264 Mobile Safari/537.36 (compatible; Googlebot/2.1; +http://www.google.com/bot.html)"
47.128.51.170 - - [12/Jan/2025:06:12:23 -0500] "GET /wp-includes/sodium_compat/namespaced/Core/Curve25519/Ge/Precomp.php HTTP/1.1" 500 0 "-" "Mozilla/5.0 (Linux; Android 5.0) AppleWebKit/537.36 (KHTML, like Gecko) Mobile Safari/537.36 (compatible; Bytespider; spider-feedback@bytedance.com)"
66.29.132.124 - - [12/Jan/2025:06:13:14 -0500] "POST /wp-cron.php?doing_wp_cron=1736680394.4019150733947753906250 HTTP/1.1" 200 0 "-" "WordPress/6.7.1; https://misswavenigeria.com"
185.191.171.1 - - [12/Jan/2025:06:13:14 -0500] "GET /goods/3453893 HTTP/1.1" 404 18018 "-" "Mozilla/5.0 (compatible; SemrushBot/7~bl; +http://www.semrush.com/bot.html)"
66.29.132.124 - - [12/Jan/2025:06:13:14 -0500] "POST /wp-admin/admin-ajax.php?action=async_litespeed&nonce=Wqy0wYZSD4rIBgPQdErZDw1yqm3HSPLr&litespeed_type=imgoptm HTTP/1.1" 200 21 "-" "WordPress/6.7.1; https://misswavenigeria.com"
185.191.171.8 - - [12/Jan/2025:06:13:18 -0500] "GET /goods/4227222 HTTP/1.1" 404 18012 "-" "Mozilla/5.0 (compatible; SemrushBot/7~bl; +http://www.semrush.com/bot.html)"
185.191.171.10 - - [12/Jan/2025:06:13:20 -0500] "GET /goods/970860 HTTP/1.1" 404 18011 "-" "Mozilla/5.0 (compatible; SemrushBot/7~bl; +http://www.semrush.com/bot.html)"
85.208.96.210 - - [12/Jan/2025:06:13:22 -0500] "GET /goods/674870 HTTP/1.1" 404 18012 "-" "Mozilla/5.0 (compatible; SemrushBot/7~bl; +http://www.semrush.com/bot.html)"
66.29.132.124 - - [12/Jan/2025:06:13:25 -0500] "POST /wp-cron.php?doing_wp_cron=1736680405.0550580024719238281250 HTTP/1.1" 200 0 "-" "WordPress/6.7.1; https://misswavenigeria.com"
185.191.171.1 - - [12/Jan/2025:06:13:24 -0500] "GET /goods/1849408 HTTP/1.1" 404 18012 "-" "Mozilla/5.0 (compatible; SemrushBot/7~bl; +http://www.semrush.com/bot.html)"
185.191.171.18 - - [12/Jan/2025:06:13:27 -0500] "GET /goods/2580745 HTTP/1.1" 404 18012 "-" "Mozilla/5.0 (compatible; SemrushBot/7~bl; +http://www.semrush.com/bot.html)"
185.191.171.13 - - [12/Jan/2025:06:13:29 -0500] "GET /goods/4209873 HTTP/1.1" 404 18011 "-" "Mozilla/5.0 (compatible; SemrushBot/7~bl; +http://www.semrush.com/bot.html)"
85.208.96.207 - - [12/Jan/2025:06:13:31 -0500] "GET /goods/1342819 HTTP/1.1" 404 18012 "-" "Mozilla/5.0 (compatible; SemrushBot/7~bl; +http://www.semrush.com/bot.html)"
85.208.96.208 - - [12/Jan/2025:06:13:33 -0500] "GET /goods/4692346 HTTP/1.1" 404 18012 "-" "Mozilla/5.0 (compatible; SemrushBot/7~bl; +http://www.semrush.com/bot.html)"
185.191.171.11 - - [12/Jan/2025:06:13:36 -0500] "GET /goods/80745 HTTP/1.1" 404 18011 "-" "Mozilla/5.0 (compatible; SemrushBot/7~bl; +http://www.semrush.com/bot.html)"
185.191.171.8 - - [12/Jan/2025:06:13:39 -0500] "GET /goods/4760297 HTTP/1.1" 404 18012 "-" "Mozilla/5.0 (compatible; SemrushBot/7~bl; +http://www.semrush.com/bot.html)"
85.208.96.201 - - [12/Jan/2025:06:13:41 -0500] "GET /goods/2423669 HTTP/1.1" 404 18012 "-" "Mozilla/5.0 (compatible; SemrushBot/7~bl; +http://www.semrush.com/bot.html)"
165.231.182.52 - - [12/Jan/2025:06:13:41 -0500] "GET / HTTP/1.0" 200 109065 "https://misswavenigeria.com/" "Mozilla/5.0 (Windows NT 6.3; WOW64) AppleWebKit/537.36 (KHTML, like Gecko) Chrome/103.0.0.0 Safari/537.36"
185.191.171.10 - - [12/Jan/2025:06:13:43 -0500] "GET /goods/3801948 HTTP/1.1" 404 18012 "-" "Mozilla/5.0 (compatible; SemrushBot/7~bl; +http://www.semrush.com/bot.html)"
165.231.182.52 - - [12/Jan/2025:06:13:44 -0500] "GET /register/ HTTP/1.0" 200 75934 "https://misswavenigeria.com/register/" "Mozilla/5.0 (Windows NT 6.3; WOW64) AppleWebKit/537.36 (KHTML, like Gecko) Chrome/103.0.0.0 Safari/537.36"
85.208.96.201 - - [12/Jan/2025:06:13:45 -0500] "GET /goods/1115510 HTTP/1.1" 404 18012 "-" "Mozilla/5.0 (compatible; SemrushBot/7~bl; +http://www.semrush.com/bot.html)"
185.191.171.6 - - [12/Jan/2025:06:13:48 -0500] "GET /goods/3761755 HTTP/1.1" 404 18011 "-" "Mozilla/5.0 (compatible; SemrushBot/7~bl; +http://www.semrush.com/bot.html)"
66.29.132.124 - - [12/Jan/2025:06:13:50 -0500] "POST /wp-cron.php?doing_wp_cron=1736680430.4784801006317138671875 HTTP/1.1" 200 0 "-" "WordPress/6.7.1; https://misswavenigeria.com"
85.208.96.195 - - [12/Jan/2025:06:13:50 -0500] "GET /goods/2278374 HTTP/1.1" 404 18011 "-" "Mozilla/5.0 (compatible; SemrushBot/7~bl; +http://www.semrush.com/bot.html)"
66.29.132.124 - - [12/Jan/2025:06:13:50 -0500] "POST /wp-admin/admin-ajax.php?action=async_litespeed&nonce=wKSUiemoM8U2cc9Jck6j36GoLlnV6S61&litespeed_type=imgoptm HTTP/1.1" 200 21 "-" "WordPress/6.7.1; https://misswavenigeria.com"
85.208.96.210 - - [12/Jan/2025:06:13:54 -0500] "GET /goods/331189 HTTP/1.1" 404 18011 "-" "Mozilla/5.0 (compatible; SemrushBot/7~bl; +http://www.semrush.com/bot.html)"
20.42.10.189 - - [12/Jan/2025:06:13:55 -0500] "GET /robots.txt HTTP/1.1" 304 0 "-" "Mozilla/5.0 AppleWebKit/537.36 (KHTML, like Gecko); compatible; OAI-SearchBot/1.0; +https://openai.com/searchbot"
66.249.68.69 - - [12/Jan/2025:06:14:16 -0500] "GET /goods/450600.html HTTP/1.1" 200 70373 "-" "Mozilla/5.0 (Linux; Android 6.0.1; Nexus 5X Build/MMB29P) AppleWebKit/537.36 (KHTML, like Gecko) Chrome/131.0.6778.264 Mobile Safari/537.36 (compatible; Googlebot/2.1; +http://www.google.com/bot.html)"
165.231.182.52 - - [12/Jan/2025:06:13:46 -0500] "POST /register/ HTTP/1.0" 200 76060 "https://misswavenigeria.com/register/" "Mozilla/5.0 (Windows NT 6.3; WOW64) AppleWebKit/537.36 (KHTML, like Gecko) Chrome/103.0.0.0 Safari/537.36"
66.29.132.124 - - [12/Jan/2025:06:15:15 -0500] "POST /wp-cron.php?doing_wp_cron=1736680515.1287539005279541015625 HTTP/1.1" 200 0 "-" "WordPress/6.7.1; https://misswavenigeria.com"
165.231.182.52 - - [12/Jan/2025:06:15:14 -0500] "GET /register/ HTTP/1.0" 200 75934 "https://misswavenigeria.com/" "Mozilla/5.0 (Windows NT 6.3; WOW64) AppleWebKit/537.36 (KHTML, like Gecko) Chrome/103.0.0.0 Safari/537.36"
66.29.132.124 - - [12/Jan/2025:06:15:15 -0500] "POST /wp-admin/admin-ajax.php?action=async_litespeed&nonce=zmqwPtsZyA8140r9ieYl7fAz9473jMM8&litespeed_type=imgoptm HTTP/1.1" 200 21 "-" "WordPress/6.7.1; https://misswavenigeria.com"
66.249.68.67 - - [12/Jan/2025:06:15:44 -0500] "GET /static/4351419 HTTP/1.1" 200 69038 "-" "Mozilla/5.0 (Linux; Android 6.0.1; Nexus 5X Build/MMB29P) AppleWebKit/537.36 (KHTML, like Gecko) Chrome/131.0.6778.264 Mobile Safari/537.36 (compatible; Googlebot/2.1; +http://www.google.com/bot.html)"
47.128.28.47 - - [12/Jan/2025:06:16:23 -0500] "GET /wp-includes/sodium_compat/src/Core/Util.php HTTP/1.1" 200 0 "-" "Mozilla/5.0 (Linux; Android 5.0) AppleWebKit/537.36 (KHTML, like Gecko) Mobile Safari/537.36 (compatible; Bytespider; spider-feedback@bytedance.com)"
66.29.132.124 - - [12/Jan/2025:06:16:57 -0500] "POST /wp-cron.php?doing_wp_cron=1736680617.2084600925445556640625 HTTP/1.1" 200 0 "-" "WordPress/6.7.1; https://misswavenigeria.com"
165.231.182.52 - - [12/Jan/2025:06:16:57 -0500] "GET / HTTP/1.0" 200 109065 "https://misswavenigeria.com/" "Mozilla/5.0 (Windows NT 6.3) AppleWebKit/537.36 (KHTML, like Gecko) Chrome/103.0.0.0 Safari/537.36"
66.29.132.124 - - [12/Jan/2025:06:16:57 -0500] "POST /wp-admin/admin-ajax.php?action=async_litespeed&nonce=eSEBoAtLwHmSjy5utjGwdtZHIPMReeLa&litespeed_type=imgoptm HTTP/1.1" 200 21 "-" "WordPress/6.7.1; https://misswavenigeria.com"
165.231.182.52 - - [12/Jan/2025:06:16:59 -0500] "GET /register/ HTTP/1.0" 200 75934 "https://misswavenigeria.com/register/" "Mozilla/5.0 (Windows NT 6.3) AppleWebKit/537.36 (KHTML, like Gecko) Chrome/103.0.0.0 Safari/537.36"
66.29.132.124 - - [12/Jan/2025:06:17:49 -0500] "POST /wp-cron.php?doing_wp_cron=1736680669.5613350868225097656250 HTTP/1.1" 200 0 "-" "WordPress/6.7.1; https://misswavenigeria.com"
185.191.171.16 - - [12/Jan/2025:06:17:49 -0500] "GET /goods/1245678 HTTP/1.1" 404 18012 "-" "Mozilla/5.0 (compatible; SemrushBot/7~bl; +http://www.semrush.com/bot.html)"
66.29.132.124 - - [12/Jan/2025:06:17:53 -0500] "POST /wp-cron.php?doing_wp_cron=1736680673.4908618927001953125000 HTTP/1.1" 200 0 "-" "WordPress/6.7.1; https://misswavenigeria.com"
185.191.171.18 - - [12/Jan/2025:06:17:53 -0500] "GET /goods/3608796 HTTP/1.1" 404 18011 "-" "Mozilla/5.0 (compatible; SemrushBot/7~bl; +http://www.semrush.com/bot.html)"
66.29.132.124 - - [12/Jan/2025:06:17:53 -0500] "POST /wp-admin/admin-ajax.php?action=async_litespeed&nonce=f8yQZg7cijKyHfF0YYlkAipH8AEUsr3W&litespeed_type=imgoptm HTTP/1.1" 200 21 "-" "WordPress/6.7.1; https://misswavenigeria.com"
185.191.171.18 - - [12/Jan/2025:06:17:55 -0500] "GET /goods/3847904 HTTP/1.1" 404 18012 "-" "Mozilla/5.0 (compatible; SemrushBot/7~bl; +http://www.semrush.com/bot.html)"
185.191.171.5 - - [12/Jan/2025:06:17:58 -0500] "GET /goods/4409027 HTTP/1.1" 404 18012 "-" "Mozilla/5.0 (compatible; SemrushBot/7~bl; +http://www.semrush.com/bot.html)"
85.208.96.202 - - [12/Jan/2025:06:18:00 -0500] "GET /goods/2926034 HTTP/1.1" 404 18011 "-" "Mozilla/5.0 (compatible; SemrushBot/7~bl; +http://www.semrush.com/bot.html)"
185.191.171.1 - - [12/Jan/2025:06:18:02 -0500] "GET /goods/560300 HTTP/1.1" 404 18011 "-" "Mozilla/5.0 (compatible; SemrushBot/7~bl; +http://www.semrush.com/bot.html)"
85.208.96.210 - - [12/Jan/2025:06:18:04 -0500] "GET /goods/2382773 HTTP/1.1" 404 18011 "-" "Mozilla/5.0 (compatible; SemrushBot/7~bl; +http://www.semrush.com/bot.html)"
85.208.96.200 - - [12/Jan/2025:06:18:05 -0500] "GET /goods/1503153 HTTP/1.1" 404 18012 "-" "Mozilla/5.0 (compatible; SemrushBot/7~bl; +http://www.semrush.com/bot.html)"
185.191.171.11 - - [12/Jan/2025:06:18:07 -0500] "GET /goods/1853289 HTTP/1.1" 404 18012 "-" "Mozilla/5.0 (compatible; SemrushBot/7~bl; +http://www.semrush.com/bot.html)"
85.208.96.195 - - [12/Jan/2025:06:18:09 -0500] "GET /goods/3442659 HTTP/1.1" 404 18011 "-" "Mozilla/5.0 (compatible; SemrushBot/7~bl; +http://www.semrush.com/bot.html)"
85.208.96.201 - - [12/Jan/2025:06:18:11 -0500] "GET /goods/651788 HTTP/1.1" 404 18011 "-" "Mozilla/5.0 (compatible; SemrushBot/7~bl; +http://www.semrush.com/bot.html)"
185.191.171.6 - - [12/Jan/2025:06:18:13 -0500] "GET /goods/4297163 HTTP/1.1" 404 18011 "-" "Mozilla/5.0 (compatible; SemrushBot/7~bl; +http://www.semrush.com/bot.html)"
85.208.96.212 - - [12/Jan/2025:06:18:15 -0500] "GET /goods/498359 HTTP/1.1" 404 18012 "-" "Mozilla/5.0 (compatible; SemrushBot/7~bl; +http://www.semrush.com/bot.html)"
185.191.171.12 - - [12/Jan/2025:06:18:18 -0500] "GET /goods/1450500 HTTP/1.1" 404 18011 "-" "Mozilla/5.0 (compatible; SemrushBot/7~bl; +http://www.semrush.com/bot.html)"
85.208.96.199 - - [12/Jan/2025:06:18:20 -0500] "GET /goods/2403672 HTTP/1.1" 404 18011 "-" "Mozilla/5.0 (compatible; SemrushBot/7~bl; +http://www.semrush.com/bot.html)"
165.231.182.52 - - [12/Jan/2025:06:17:01 -0500] "POST /register/ HTTP/1.0" 200 76060 "https://misswavenigeria.com/register/" "Mozilla/5.0 (Windows NT 6.3) AppleWebKit/537.36 (KHTML, like Gecko) Chrome/103.0.0.0 Safari/537.36"
66.29.132.124 - - [12/Jan/2025:06:18:29 -0500] "POST /wp-cron.php?doing_wp_cron=1736680709.8506700992584228515625 HTTP/1.1" 200 0 "-" "WordPress/6.7.1; https://misswavenigeria.com"
165.231.182.52 - - [12/Jan/2025:06:18:29 -0500] "GET /register/ HTTP/1.0" 200 75934 "https://misswavenigeria.com/" "Mozilla/5.0 (Windows NT 6.3) AppleWebKit/537.36 (KHTML, like Gecko) Chrome/103.0.0.0 Safari/537.36"
66.29.132.124 - - [12/Jan/2025:06:19:51 -0500] "POST /wp-cron.php?doing_wp_cron=1736680791.9495310783386230468750 HTTP/1.1" 200 0 "-" "WordPress/6.7.1; https://misswavenigeria.com"
165.231.182.52 - - [12/Jan/2025:06:19:51 -0500] "GET / HTTP/1.0" 200 109065 "https://misswavenigeria.com/" "Mozilla/5.0 (Windows NT 6.3; Win64; x64) AppleWebKit/537.36 (KHTML, like Gecko) Chrome/103.0.5060.114 Safari/537.36"
66.29.132.124 - - [12/Jan/2025:06:19:52 -0500] "POST /wp-admin/admin-ajax.php?action=async_litespeed&nonce=ZH3PHcRswOJWVCwFDvtrmseg4HAegU4s&litespeed_type=imgoptm HTTP/1.1" 200 21 "-" "WordPress/6.7.1; https://misswavenigeria.com"
165.231.182.52 - - [12/Jan/2025:06:19:54 -0500] "GET /register/ HTTP/1.0" 200 75934 "https://misswavenigeria.com/register/" "Mozilla/5.0 (Windows NT 6.3; Win64; x64) AppleWebKit/537.36 (KHTML, like Gecko) Chrome/103.0.5060.114 Safari/537.36"
47.128.27.28 - - [12/Jan/2025:06:20:23 -0500] "GET /wp-includes/sodium_compat/lib/constants.php HTTP/1.1" 200 0 "-" "Mozilla/5.0 (Linux; Android 5.0) AppleWebKit/537.36 (KHTML, like Gecko) Mobile Safari/537.36 (compatible; Bytespider; spider-feedback@bytedance.com)"
165.231.182.52 - - [12/Jan/2025:06:19:55 -0500] "POST /register/ HTTP/1.0" 200 76060 "https://misswavenigeria.com/register/" "Mozilla/5.0 (Windows NT 6.3; Win64; x64) AppleWebKit/537.36 (KHTML, like Gecko) Chrome/103.0.5060.114 Safari/537.36"
66.29.132.124 - - [12/Jan/2025:06:21:17 -0500] "POST /wp-cron.php?doing_wp_cron=1736680877.7036139965057373046875 HTTP/1.1" 200 0 "-" "WordPress/6.7.1; https://misswavenigeria.com"
165.231.182.52 - - [12/Jan/2025:06:21:17 -0500] "GET /register/ HTTP/1.0" 200 75934 "https://misswavenigeria.com/" "Mozilla/5.0 (Windows NT 6.3; Win64; x64) AppleWebKit/537.36 (KHTML, like Gecko) Chrome/103.0.5060.114 Safari/537.36"
66.29.132.124 - - [12/Jan/2025:06:21:17 -0500] "POST /wp-admin/admin-ajax.php?action=async_litespeed&nonce=AGzABSO6nUoxkytbmZEIgUN508ODgrsY&litespeed_type=imgoptm HTTP/1.1" 200 21 "-" "WordPress/6.7.1; https://misswavenigeria.com"
66.29.132.124 - - [12/Jan/2025:06:22:28 -0500] "POST /wp-cron.php?doing_wp_cron=1736680948.7085618972778320312500 HTTP/1.1" 200 0 "-" "WordPress/6.7.1; https://misswavenigeria.com"
85.208.96.205 - - [12/Jan/2025:06:22:28 -0500] "GET /goods/2103082 HTTP/1.1" 404 18012 "-" "Mozilla/5.0 (compatible; SemrushBot/7~bl; +http://www.semrush.com/bot.html)"
66.29.132.124 - - [12/Jan/2025:06:22:28 -0500] "POST /wp-admin/admin-ajax.php?action=async_litespeed&nonce=tyJAzMMhHdNwr0bJVHkU3EF8ebyR9Aje&litespeed_type=imgoptm HTTP/1.1" 200 21 "-" "WordPress/6.7.1; https://misswavenigeria.com"
85.208.96.205 - - [12/Jan/2025:06:22:31 -0500] "GET /goods/777420 HTTP/1.1" 404 18012 "-" "Mozilla/5.0 (compatible; SemrushBot/7~bl; +http://www.semrush.com/bot.html)"
85.208.96.199 - - [12/Jan/2025:06:22:33 -0500] "GET /goods/2835376 HTTP/1.1" 404 18012 "-" "Mozilla/5.0 (compatible; SemrushBot/7~bl; +http://www.semrush.com/bot.html)"
85.208.96.199 - - [12/Jan/2025:06:22:34 -0500] "GET /goods/3406714 HTTP/1.1" 404 18012 "-" "Mozilla/5.0 (compatible; SemrushBot/7~bl; +http://www.semrush.com/bot.html)"
185.191.171.8 - - [12/Jan/2025:06:22:36 -0500] "GET /goods/922418 HTTP/1.1" 404 18012 "-" "Mozilla/5.0 (compatible; SemrushBot/7~bl; +http://www.semrush.com/bot.html)"
85.208.96.197 - - [12/Jan/2025:06:22:38 -0500] "GET /goods/657866 HTTP/1.1" 404 18012 "-" "Mozilla/5.0 (compatible; SemrushBot/7~bl; +http://www.semrush.com/bot.html)"
85.208.96.207 - - [12/Jan/2025:06:22:40 -0500] "GET /goods/2508469 HTTP/1.1" 404 18011 "-" "Mozilla/5.0 (compatible; SemrushBot/7~bl; +http://www.semrush.com/bot.html)"
185.191.171.3 - - [12/Jan/2025:06:22:42 -0500] "GET /goods/2558385 HTTP/1.1" 404 18011 "-" "Mozilla/5.0 (compatible; SemrushBot/7~bl; +http://www.semrush.com/bot.html)"
85.208.96.208 - - [12/Jan/2025:06:22:44 -0500] "GET /goods/4297728 HTTP/1.1" 404 18012 "-" "Mozilla/5.0 (compatible; SemrushBot/7~bl; +http://www.semrush.com/bot.html)"
85.208.96.208 - - [12/Jan/2025:06:22:45 -0500] "GET /goods/3373101 HTTP/1.1" 404 18012 "-" "Mozilla/5.0 (compatible; SemrushBot/7~bl; +http://www.semrush.com/bot.html)"
185.191.171.10 - - [12/Jan/2025:06:22:47 -0500] "GET /goods/3059352 HTTP/1.1" 404 18011 "-" "Mozilla/5.0 (compatible; SemrushBot/7~bl; +http://www.semrush.com/bot.html)"
85.208.96.197 - - [12/Jan/2025:06:22:49 -0500] "GET /goods/1205514 HTTP/1.1" 404 18011 "-" "Mozilla/5.0 (compatible; SemrushBot/7~bl; +http://www.semrush.com/bot.html)"
66.29.132.124 - - [12/Jan/2025:06:22:51 -0500] "POST /wp-cron.php?doing_wp_cron=1736680971.2153770923614501953125 HTTP/1.1" 200 0 "-" "WordPress/6.7.1; https://misswavenigeria.com"
165.231.182.52 - - [12/Jan/2025:06:22:51 -0500] "GET / HTTP/1.0" 200 109065 "https://misswavenigeria.com/" "Mozilla/5.0 (Windows NT 6.3; Win64; x64) AppleWebKit/537.36 (KHTML, like Gecko) Chrome/103.0.5060.53 Safari/537.36"
85.208.96.198 - - [12/Jan/2025:06:22:51 -0500] "GET /goods/3690265 HTTP/1.1" 404 18011 "-" "Mozilla/5.0 (compatible; SemrushBot/7~bl; +http://www.semrush.com/bot.html)"
66.29.132.124 - - [12/Jan/2025:06:22:51 -0500] "POST /wp-admin/admin-ajax.php?action=async_litespeed&nonce=wzXGjag0Wq4tQE8mjDmrptpWGK3Vq2wC&litespeed_type=imgoptm HTTP/1.1" 200 21 "-" "WordPress/6.7.1; https://misswavenigeria.com"
85.208.96.212 - - [12/Jan/2025:06:22:53 -0500] "GET /goods/3263088 HTTP/1.1" 404 18011 "-" "Mozilla/5.0 (compatible; SemrushBot/7~bl; +http://www.semrush.com/bot.html)"
165.231.182.52 - - [12/Jan/2025:06:22:53 -0500] "GET /register/ HTTP/1.0" 200 75934 "https://misswavenigeria.com/register/" "Mozilla/5.0 (Windows NT 6.3; Win64; x64) AppleWebKit/537.36 (KHTML, like Gecko) Chrome/103.0.5060.53 Safari/537.36"
185.191.171.9 - - [12/Jan/2025:06:22:55 -0500] "GET /goods/3055248 HTTP/1.1" 404 18011 "-" "Mozilla/5.0 (compatible; SemrushBot/7~bl; +http://www.semrush.com/bot.html)"
85.208.96.193 - - [12/Jan/2025:06:22:57 -0500] "GET /goods/2262039 HTTP/1.1" 404 18011 "-" "Mozilla/5.0 (compatible; SemrushBot/7~bl; +http://www.semrush.com/bot.html)"
85.208.96.194 - - [12/Jan/2025:06:22:58 -0500] "GET /goods/607610 HTTP/1.1" 404 18012 "-" "Mozilla/5.0 (compatible; SemrushBot/7~bl; +http://www.semrush.com/bot.html)"
85.208.96.212 - - [12/Jan/2025:06:23:00 -0500] "GET /goods/4506642 HTTP/1.1" 404 18011 "-" "Mozilla/5.0 (compatible; SemrushBot/7~bl; +http://www.semrush.com/bot.html)"
85.208.96.199 - - [12/Jan/2025:06:23:02 -0500] "GET /goods/4194732 HTTP/1.1" 404 18011 "-" "Mozilla/5.0 (compatible; SemrushBot/7~bl; +http://www.semrush.com/bot.html)"
85.208.96.199 - - [12/Jan/2025:06:23:04 -0500] "GET /goods/3840977 HTTP/1.1" 404 18011 "-" "Mozilla/5.0 (compatible; SemrushBot/7~bl; +http://www.semrush.com/bot.html)"
185.191.171.18 - - [12/Jan/2025:06:23:06 -0500] "GET /goods/3603809 HTTP/1.1" 404 18012 "-" "Mozilla/5.0 (compatible; SemrushBot/7~bl; +http://www.semrush.com/bot.html)"
85.208.96.209 - - [12/Jan/2025:06:23:08 -0500] "GET /goods/4847169 HTTP/1.1" 404 18012 "-" "Mozilla/5.0 (compatible; SemrushBot/7~bl; +http://www.semrush.com/bot.html)"
185.191.171.2 - - [12/Jan/2025:06:23:10 -0500] "GET /goods/4805639 HTTP/1.1" 404 18011 "-" "Mozilla/5.0 (compatible; SemrushBot/7~bl; +http://www.semrush.com/bot.html)"
185.191.171.9 - - [12/Jan/2025:06:23:12 -0500] "GET /goods/1449342 HTTP/1.1" 404 18011 "-" "Mozilla/5.0 (compatible; SemrushBot/7~bl; +http://www.semrush.com/bot.html)"
85.208.96.212 - - [12/Jan/2025:06:23:14 -0500] "GET /goods/4762935 HTTP/1.1" 404 18012 "-" "Mozilla/5.0 (compatible; SemrushBot/7~bl; +http://www.semrush.com/bot.html)"
185.191.171.17 - - [12/Jan/2025:06:23:16 -0500] "GET /goods/4664590 HTTP/1.1" 404 18012 "-" "Mozilla/5.0 (compatible; SemrushBot/7~bl; +http://www.semrush.com/bot.html)"
185.191.171.10 - - [12/Jan/2025:06:23:18 -0500] "GET /goods/3799900 HTTP/1.1" 404 18012 "-" "Mozilla/5.0 (compatible; SemrushBot/7~bl; +http://www.semrush.com/bot.html)"
85.208.96.207 - - [12/Jan/2025:06:23:20 -0500] "GET /goods/912073 HTTP/1.1" 404 18012 "-" "Mozilla/5.0 (compatible; SemrushBot/7~bl; +http://www.semrush.com/bot.html)"
185.191.171.1 - - [12/Jan/2025:06:23:23 -0500] "GET /goods/3147566 HTTP/1.1" 404 18010 "-" "Mozilla/5.0 (compatible; SemrushBot/7~bl; +http://www.semrush.com/bot.html)"
66.29.132.124 - - [12/Jan/2025:06:23:25 -0500] "POST /wp-cron.php?doing_wp_cron=1736681005.7399981021881103515625 HTTP/1.1" 200 0 "-" "WordPress/6.7.1; https://misswavenigeria.com"
85.208.96.207 - - [12/Jan/2025:06:23:25 -0500] "GET /goods/3560205 HTTP/1.1" 404 18012 "-" "Mozilla/5.0 (compatible; SemrushBot/7~bl; +http://www.semrush.com/bot.html)"
185.191.171.1 - - [12/Jan/2025:06:23:27 -0500] "GET /goods/2682503 HTTP/1.1" 404 18012 "-" "Mozilla/5.0 (compatible; SemrushBot/7~bl; +http://www.semrush.com/bot.html)"
185.191.171.10 - - [12/Jan/2025:06:23:30 -0500] "GET /goods/1455347 HTTP/1.1" 404 18012 "-" "Mozilla/5.0 (compatible; SemrushBot/7~bl; +http://www.semrush.com/bot.html)"
185.191.171.9 - - [12/Jan/2025:06:23:34 -0500] "GET /goods/4504111 HTTP/1.1" 404 18012 "-" "Mozilla/5.0 (compatible; SemrushBot/7~bl; +http://www.semrush.com/bot.html)"
185.191.171.14 - - [12/Jan/2025:06:23:36 -0500] "GET /goods/992888 HTTP/1.1" 404 18011 "-" "Mozilla/5.0 (compatible; SemrushBot/7~bl; +http://www.semrush.com/bot.html)"
185.191.171.1 - - [12/Jan/2025:06:23:38 -0500] "GET /goods/1173671 HTTP/1.1" 404 18012 "-" "Mozilla/5.0 (compatible; SemrushBot/7~bl; +http://www.semrush.com/bot.html)"
185.191.171.12 - - [12/Jan/2025:06:23:41 -0500] "GET /goods/3850032 HTTP/1.1" 404 18011 "-" "Mozilla/5.0 (compatible; SemrushBot/7~bl; +http://www.semrush.com/bot.html)"
85.208.96.200 - - [12/Jan/2025:06:23:44 -0500] "GET /goods/3623636 HTTP/1.1" 404 18012 "-" "Mozilla/5.0 (compatible; SemrushBot/7~bl; +http://www.semrush.com/bot.html)"
85.208.96.209 - - [12/Jan/2025:06:23:46 -0500] "GET /goods/2206865 HTTP/1.1" 404 18011 "-" "Mozilla/5.0 (compatible; SemrushBot/7~bl; +http://www.semrush.com/bot.html)"
185.191.171.13 - - [12/Jan/2025:06:23:48 -0500] "GET /goods/2566207 HTTP/1.1" 404 18011 "-" "Mozilla/5.0 (compatible; SemrushBot/7~bl; +http://www.semrush.com/bot.html)"
66.29.132.124 - - [12/Jan/2025:06:23:51 -0500] "POST /wp-cron.php?doing_wp_cron=1736681031.5303130149841308593750 HTTP/1.1" 200 0 "-" "WordPress/6.7.1; https://misswavenigeria.com"
185.191.171.17 - - [12/Jan/2025:06:23:51 -0500] "GET /goods/4701523 HTTP/1.1" 404 18011 "-" "Mozilla/5.0 (compatible; SemrushBot/7~bl; +http://www.semrush.com/bot.html)"
66.29.132.124 - - [12/Jan/2025:06:23:51 -0500] "POST /wp-admin/admin-ajax.php?action=async_litespeed&nonce=qt6YQc7NZ3OgxaoMn9VpsXpYtDr0wKVO&litespeed_type=imgoptm HTTP/1.1" 200 21 "-" "WordPress/6.7.1; https://misswavenigeria.com"
66.29.132.124 - - [12/Jan/2025:06:23:54 -0500] "POST /wp-cron.php?doing_wp_cron=1736681034.6995310783386230468750 HTTP/1.1" 200 0 "-" "WordPress/6.7.1; https://misswavenigeria.com"
185.191.171.12 - - [12/Jan/2025:06:23:54 -0500] "GET /goods/3727770 HTTP/1.1" 404 18012 "-" "Mozilla/5.0 (compatible; SemrushBot/7~bl; +http://www.semrush.com/bot.html)"
185.191.171.9 - - [12/Jan/2025:06:23:57 -0500] "GET /goods/3358770 HTTP/1.1" 404 18011 "-" "Mozilla/5.0 (compatible; SemrushBot/7~bl; +http://www.semrush.com/bot.html)"
185.191.171.9 - - [12/Jan/2025:06:24:00 -0500] "GET /goods/769631 HTTP/1.1" 404 18011 "-" "Mozilla/5.0 (compatible; SemrushBot/7~bl; +http://www.semrush.com/bot.html)"
185.191.171.10 - - [12/Jan/2025:06:24:02 -0500] "GET /goods/3237497 HTTP/1.1" 404 18012 "-" "Mozilla/5.0 (compatible; SemrushBot/7~bl; +http://www.semrush.com/bot.html)"
185.191.171.5 - - [12/Jan/2025:06:24:05 -0500] "GET /goods/3015447 HTTP/1.1" 404 18012 "-" "Mozilla/5.0 (compatible; SemrushBot/7~bl; +http://www.semrush.com/bot.html)"
185.191.171.16 - - [12/Jan/2025:06:24:07 -0500] "GET /goods/3118173 HTTP/1.1" 404 18012 "-" "Mozilla/5.0 (compatible; SemrushBot/7~bl; +http://www.semrush.com/bot.html)"
185.191.171.1 - - [12/Jan/2025:06:24:10 -0500] "GET /goods/2950590 HTTP/1.1" 404 18011 "-" "Mozilla/5.0 (compatible; SemrushBot/7~bl; +http://www.semrush.com/bot.html)"
85.208.96.212 - - [12/Jan/2025:06:24:12 -0500] "GET /goods/1729374 HTTP/1.1" 404 18011 "-" "Mozilla/5.0 (compatible; SemrushBot/7~bl; +http://www.semrush.com/bot.html)"
85.208.96.193 - - [12/Jan/2025:06:24:14 -0500] "GET /goods/413676 HTTP/1.1" 404 18012 "-" "Mozilla/5.0 (compatible; SemrushBot/7~bl; +http://www.semrush.com/bot.html)"
185.191.171.12 - - [12/Jan/2025:06:24:16 -0500] "GET /goods/3738952 HTTP/1.1" 404 18012 "-" "Mozilla/5.0 (compatible; SemrushBot/7~bl; +http://www.semrush.com/bot.html)"
185.191.171.15 - - [12/Jan/2025:06:24:19 -0500] "GET /goods/3947676 HTTP/1.1" 404 18011 "-" "Mozilla/5.0 (compatible; SemrushBot/7~bl; +http://www.semrush.com/bot.html)"
85.208.96.212 - - [12/Jan/2025:06:24:22 -0500] "GET /goods/5995 HTTP/1.1" 404 18012 "-" "Mozilla/5.0 (compatible; SemrushBot/7~bl; +http://www.semrush.com/bot.html)"
85.208.96.196 - - [12/Jan/2025:06:24:23 -0500] "GET /goods/4445810 HTTP/1.1" 404 18011 "-" "Mozilla/5.0 (compatible; SemrushBot/7~bl; +http://www.semrush.com/bot.html)"
66.29.132.124 - - [12/Jan/2025:06:24:26 -0500] "POST /wp-cron.php?doing_wp_cron=1736681066.1850540637969970703125 HTTP/1.1" 200 0 "-" "WordPress/6.7.1; https://misswavenigeria.com"
85.208.96.203 - - [12/Jan/2025:06:24:26 -0500] "GET /goods/4509649 HTTP/1.1" 404 18011 "-" "Mozilla/5.0 (compatible; SemrushBot/7~bl; +http://www.semrush.com/bot.html)"
85.208.96.203 - - [12/Jan/2025:06:24:28 -0500] "GET /goods/938168 HTTP/1.1" 404 18012 "-" "Mozilla/5.0 (compatible; SemrushBot/7~bl; +http://www.semrush.com/bot.html)"
185.191.171.7 - - [12/Jan/2025:06:24:30 -0500] "GET /goods/2543235 HTTP/1.1" 404 18011 "-" "Mozilla/5.0 (compatible; SemrushBot/7~bl; +http://www.semrush.com/bot.html)"
165.231.182.52 - - [12/Jan/2025:06:22:55 -0500] "POST /register/ HTTP/1.0" 200 76060 "https://misswavenigeria.com/register/" "Mozilla/5.0 (Windows NT 6.3; Win64; x64) AppleWebKit/537.36 (KHTML, like Gecko) Chrome/103.0.5060.53 Safari/537.36"
185.191.171.11 - - [12/Jan/2025:06:24:32 -0500] "GET /goods/1162392 HTTP/1.1" 404 18012 "-" "Mozilla/5.0 (compatible; SemrushBot/7~bl; +http://www.semrush.com/bot.html)"
165.231.182.52 - - [12/Jan/2025:06:24:34 -0500] "GET /register/ HTTP/1.0" 200 75934 "https://misswavenigeria.com/" "Mozilla/5.0 (Windows NT 6.3; Win64; x64) AppleWebKit/537.36 (KHTML, like Gecko) Chrome/103.0.5060.53 Safari/537.36"
85.208.96.201 - - [12/Jan/2025:06:24:34 -0500] "GET /goods/4449155 HTTP/1.1" 404 18012 "-" "Mozilla/5.0 (compatible; SemrushBot/7~bl; +http://www.semrush.com/bot.html)"
185.191.171.16 - - [12/Jan/2025:06:24:36 -0500] "GET /goods/1818729 HTTP/1.1" 404 18011 "-" "Mozilla/5.0 (compatible; SemrushBot/7~bl; +http://www.semrush.com/bot.html)"
185.191.171.9 - - [12/Jan/2025:06:24:39 -0500] "GET /goods/1191935 HTTP/1.1" 404 18012 "-" "Mozilla/5.0 (compatible; SemrushBot/7~bl; +http://www.semrush.com/bot.html)"
185.191.171.12 - - [12/Jan/2025:06:24:41 -0500] "GET /goods/3108372 HTTP/1.1" 404 18012 "-" "Mozilla/5.0 (compatible; SemrushBot/7~bl; +http://www.semrush.com/bot.html)"
85.208.96.203 - - [12/Jan/2025:06:24:43 -0500] "GET /goods/986024 HTTP/1.1" 404 18012 "-" "Mozilla/5.0 (compatible; SemrushBot/7~bl; +http://www.semrush.com/bot.html)"
85.208.96.197 - - [12/Jan/2025:06:24:45 -0500] "GET /goods/1971788 HTTP/1.1" 404 18012 "-" "Mozilla/5.0 (compatible; SemrushBot/7~bl; +http://www.semrush.com/bot.html)"
185.191.171.17 - - [12/Jan/2025:06:24:47 -0500] "GET /goods/2782949 HTTP/1.1" 404 18012 "-" "Mozilla/5.0 (compatible; SemrushBot/7~bl; +http://www.semrush.com/bot.html)"
66.29.132.124 - - [12/Jan/2025:06:24:50 -0500] "POST /wp-cron.php?doing_wp_cron=1736681090.2522690296173095703125 HTTP/1.1" 200 0 "-" "WordPress/6.7.1; https://misswavenigeria.com"
185.191.171.15 - - [12/Jan/2025:06:24:50 -0500] "GET /goods/571353 HTTP/1.1" 404 18011 "-" "Mozilla/5.0 (compatible; SemrushBot/7~bl; +http://www.semrush.com/bot.html)"
66.29.132.124 - - [12/Jan/2025:06:24:50 -0500] "POST /wp-admin/admin-ajax.php?action=async_litespeed&nonce=BnJjDQy8YCC5pNFBFE6PLDbPBA9gLohN&litespeed_type=imgoptm HTTP/1.1" 200 21 "-" "WordPress/6.7.1; https://misswavenigeria.com"
85.208.96.201 - - [12/Jan/2025:06:24:52 -0500] "GET /goods/3881229 HTTP/1.1" 404 18012 "-" "Mozilla/5.0 (compatible; SemrushBot/7~bl; +http://www.semrush.com/bot.html)"
66.249.68.68 - - [12/Jan/2025:06:25:36 -0500] "GET /?product=traverse4397626-901 HTTP/1.1" 200 68221 "-" "Mozilla/5.0 (Linux; Android 6.0.1; Nexus 5X Build/MMB29P) AppleWebKit/537.36 (KHTML, like Gecko) Chrome/131.0.6778.264 Mobile Safari/537.36 (compatible; Googlebot/2.1; +http://www.google.com/bot.html)"
66.29.132.124 - - [12/Jan/2025:06:25:53 -0500] "POST /wp-cron.php?doing_wp_cron=1736681153.2594900131225585937500 HTTP/1.1" 200 0 "-" "WordPress/6.7.1; https://misswavenigeria.com"
165.231.182.52 - - [12/Jan/2025:06:25:53 -0500] "GET / HTTP/1.0" 200 109065 "https://misswavenigeria.com/" "Mozilla/5.0 (Windows NT 6.3; Win64; x64) AppleWebKit/537.36 (KHTML, like Gecko) Chrome/103.0.5060.66 Safari/537.36"
66.29.132.124 - - [12/Jan/2025:06:25:53 -0500] "POST /wp-admin/admin-ajax.php?action=async_litespeed&nonce=5ThgcMH1d3YOXFXAqIKtLlq2pmRmUDwE&litespeed_type=imgoptm HTTP/1.1" 200 21 "-" "WordPress/6.7.1; https://misswavenigeria.com"
165.231.182.52 - - [12/Jan/2025:06:25:55 -0500] "GET /register/ HTTP/1.0" 200 75934 "https://misswavenigeria.com/register/" "Mozilla/5.0 (Windows NT 6.3; Win64; x64) AppleWebKit/537.36 (KHTML, like Gecko) Chrome/103.0.5060.66 Safari/537.36"
66.249.68.69 - - [12/Jan/2025:06:26:47 -0500] "GET /?product=recycling4131614-883 HTTP/1.1" 200 70830 "-" "Mozilla/5.0 (Linux; Android 6.0.1; Nexus 5X Build/MMB29P) AppleWebKit/537.36 (KHTML, like Gecko) Chrome/131.0.6778.264 Mobile Safari/537.36 (compatible; Googlebot/2.1; +http://www.google.com/bot.html)"
66.29.132.124 - - [12/Jan/2025:06:26:59 -0500] "POST /wp-cron.php?doing_wp_cron=1736681219.5781679153442382812500 HTTP/1.1" 200 0 "-" "WordPress/6.7.1; https://misswavenigeria.com"
185.191.171.8 - - [12/Jan/2025:06:26:59 -0500] "GET /goods/3879010 HTTP/1.1" 404 18012 "-" "Mozilla/5.0 (compatible; SemrushBot/7~bl; +http://www.semrush.com/bot.html)"
66.29.132.124 - - [12/Jan/2025:06:26:59 -0500] "POST /wp-admin/admin-ajax.php?action=async_litespeed&nonce=DJOYXi1VbtBcXaWNxcJvyHD6yMK8AlkL&litespeed_type=imgoptm HTTP/1.1" 200 21 "-" "WordPress/6.7.1; https://misswavenigeria.com"
85.208.96.210 - - [12/Jan/2025:06:27:02 -0500] "GET /goods/898113 HTTP/1.1" 404 18011 "-" "Mozilla/5.0 (compatible; SemrushBot/7~bl; +http://www.semrush.com/bot.html)"
185.191.171.15 - - [12/Jan/2025:06:27:05 -0500] "GET /goods/3987640 HTTP/1.1" 404 18012 "-" "Mozilla/5.0 (compatible; SemrushBot/7~bl; +http://www.semrush.com/bot.html)"
185.191.171.8 - - [12/Jan/2025:06:27:07 -0500] "GET /goods/1078613 HTTP/1.1" 404 18012 "-" "Mozilla/5.0 (compatible; SemrushBot/7~bl; +http://www.semrush.com/bot.html)"
85.208.96.212 - - [12/Jan/2025:06:27:08 -0500] "GET /goods/4713680 HTTP/1.1" 404 18012 "-" "Mozilla/5.0 (compatible; SemrushBot/7~bl; +http://www.semrush.com/bot.html)"
