52.167.144.198 - - [25/Dec/2024:12:15:44 -0500] "GET /usdlo/w2061136.html HTTP/1.1" 200 81039 "-" "Mozilla/5.0 AppleWebKit/537.36 (KHTML, like Gecko; compatible; bingbot/2.0; +http://www.bing.com/bingbot.htm) Chrome/116.0.1938.76 Safari/537.36"
52.167.144.198 - - [25/Dec/2024:12:16:43 -0500] "GET /wstxi/i335320.html HTTP/1.1" 200 80428 "-" "Mozilla/5.0 AppleWebKit/537.36 (KHTML, like Gecko; compatible; bingbot/2.0; +http://www.bing.com/bingbot.htm) Chrome/116.0.1938.76 Safari/537.36"
52.167.144.198 - - [25/Dec/2024:12:17:33 -0500] "GET /lgnes/h662867.html HTTP/1.1" 200 81477 "-" "Mozilla/5.0 AppleWebKit/537.36 (KHTML, like Gecko; compatible; bingbot/2.0; +http://www.bing.com/bingbot.htm) Chrome/116.0.1938.76 Safari/537.36"
52.167.144.198 - - [25/Dec/2024:12:18:03 -0500] "GET /dgkcl/y859704.html HTTP/1.1" 200 81355 "-" "Mozilla/5.0 AppleWebKit/537.36 (KHTML, like Gecko; compatible; bingbot/2.0; +http://www.bing.com/bingbot.htm) Chrome/116.0.1938.76 Safari/537.36"
52.167.144.198 - - [25/Dec/2024:12:18:05 -0500] "GET /qmjpu/t2213285.html HTTP/1.1" 200 79358 "-" "Mozilla/5.0 AppleWebKit/537.36 (KHTML, like Gecko; compatible; bingbot/2.0; +http://www.bing.com/bingbot.htm) Chrome/116.0.1938.76 Safari/537.36"
52.167.144.17 - - [25/Dec/2024:12:18:41 -0500] "GET /wblic/d865923.html HTTP/1.1" 200 79632 "-" "Mozilla/5.0 AppleWebKit/537.36 (KHTML, like Gecko; compatible; bingbot/2.0; +http://www.bing.com/bingbot.htm) Chrome/116.0.1938.76 Safari/537.36"
40.77.167.14 - - [25/Dec/2024:12:18:58 -0500] "GET /sirnw/x575549.html HTTP/1.1" 200 80651 "-" "Mozilla/5.0 AppleWebKit/537.36 (KHTML, like Gecko; compatible; bingbot/2.0; +http://www.bing.com/bingbot.htm) Chrome/116.0.1938.76 Safari/537.36"
52.167.144.198 - - [25/Dec/2024:12:19:24 -0500] "GET /tshrd/j911039.html HTTP/1.1" 200 80498 "-" "Mozilla/5.0 AppleWebKit/537.36 (KHTML, like Gecko; compatible; bingbot/2.0; +http://www.bing.com/bingbot.htm) Chrome/116.0.1938.76 Safari/537.36"
40.77.167.14 - - [25/Dec/2024:12:20:07 -0500] "GET /wumzh/k2393040.html HTTP/1.1" 200 79272 "-" "Mozilla/5.0 AppleWebKit/537.36 (KHTML, like Gecko; compatible; bingbot/2.0; +http://www.bing.com/bingbot.htm) Chrome/116.0.1938.76 Safari/537.36"
40.77.167.14 - - [25/Dec/2024:12:20:38 -0500] "GET /oyroq/e1794098.html HTTP/1.1" 200 79448 "-" "Mozilla/5.0 AppleWebKit/537.36 (KHTML, like Gecko; compatible; bingbot/2.0; +http://www.bing.com/bingbot.htm) Chrome/116.0.1938.76 Safari/537.36"
52.167.144.198 - - [25/Dec/2024:12:21:04 -0500] "GET /pvtlo/t2228261.html HTTP/1.1" 200 80630 "-" "Mozilla/5.0 AppleWebKit/537.36 (KHTML, like Gecko; compatible; bingbot/2.0; +http://www.bing.com/bingbot.htm) Chrome/116.0.1938.76 Safari/537.36"
52.167.144.198 - - [25/Dec/2024:12:22:24 -0500] "GET /lcdmp/s856500.html HTTP/1.1" 200 81349 "-" "Mozilla/5.0 AppleWebKit/537.36 (KHTML, like Gecko; compatible; bingbot/2.0; +http://www.bing.com/bingbot.htm) Chrome/116.0.1938.76 Safari/537.36"
52.167.144.198 - - [25/Dec/2024:12:22:44 -0500] "GET /uiukb/a2757342.html HTTP/1.1" 200 79674 "-" "Mozilla/5.0 AppleWebKit/537.36 (KHTML, like Gecko; compatible; bingbot/2.0; +http://www.bing.com/bingbot.htm) Chrome/116.0.1938.76 Safari/537.36"
52.167.144.17 - - [25/Dec/2024:12:23:22 -0500] "GET /wkcqw/p2388755.html HTTP/1.1" 200 80773 "-" "Mozilla/5.0 AppleWebKit/537.36 (KHTML, like Gecko; compatible; bingbot/2.0; +http://www.bing.com/bingbot.htm) Chrome/116.0.1938.76 Safari/537.36"
40.77.167.14 - - [25/Dec/2024:12:24:48 -0500] "GET /jphjl/z2038519.html HTTP/1.1" 200 81576 "-" "Mozilla/5.0 AppleWebKit/537.36 (KHTML, like Gecko; compatible; bingbot/2.0; +http://www.bing.com/bingbot.htm) Chrome/116.0.1938.76 Safari/537.36"
40.77.167.48 - - [25/Dec/2024:12:25:25 -0500] "GET /hzpmi/k2850302.html HTTP/1.1" 200 80506 "-" "Mozilla/5.0 AppleWebKit/537.36 (KHTML, like Gecko; compatible; bingbot/2.0; +http://www.bing.com/bingbot.htm) Chrome/116.0.1938.76 Safari/537.36"
52.167.144.17 - - [25/Dec/2024:12:25:42 -0500] "GET /mamou/g2154070.html HTTP/1.1" 200 80156 "-" "Mozilla/5.0 AppleWebKit/537.36 (KHTML, like Gecko; compatible; bingbot/2.0; +http://www.bing.com/bingbot.htm) Chrome/116.0.1938.76 Safari/537.36"
52.167.144.17 - - [25/Dec/2024:12:25:45 -0500] "GET /mkqsu/p861567.html HTTP/1.1" 200 80350 "-" "Mozilla/5.0 AppleWebKit/537.36 (KHTML, like Gecko; compatible; bingbot/2.0; +http://www.bing.com/bingbot.htm) Chrome/116.0.1938.76 Safari/537.36"
40.77.167.48 - - [25/Dec/2024:12:27:15 -0500] "GET /wyzmp/u1397640.html HTTP/1.1" 200 79789 "-" "Mozilla/5.0 AppleWebKit/537.36 (KHTML, like Gecko; compatible; bingbot/2.0; +http://www.bing.com/bingbot.htm) Chrome/116.0.1938.76 Safari/537.36"
52.167.144.208 - - [25/Dec/2024:12:27:20 -0500] "GET /ucyjs/z1033203.html HTTP/1.1" 200 81558 "-" "Mozilla/5.0 AppleWebKit/537.36 (KHTML, like Gecko; compatible; bingbot/2.0; +http://www.bing.com/bingbot.htm) Chrome/116.0.1938.76 Safari/537.36"
52.167.144.208 - - [25/Dec/2024:12:29:37 -0500] "GET /huoev/b2819821.html HTTP/1.1" 200 79512 "-" "Mozilla/5.0 AppleWebKit/537.36 (KHTML, like Gecko; compatible; bingbot/2.0; +http://www.bing.com/bingbot.htm) Chrome/116.0.1938.76 Safari/537.36"
66.29.132.124 - - [25/Dec/2024:12:33:57 -0500] "POST /wp-cron.php?doing_wp_cron=1735148037.0817248821258544921875 HTTP/1.1" 200 0 "-" "WordPress/6.7.1; https://blog.diixadigital.com"
66.29.132.124 - - [25/Dec/2024:12:34:01 -0500] "POST /wp-admin/admin-ajax.php?action=async_litespeed&nonce=299b0ba356&litespeed_type=imgoptm HTTP/1.1" 200 0 "-" "WordPress/6.7.1; https://blog.diixadigital.com"
85.208.96.202 - - [25/Dec/2024:12:33:37 -0500] "GET /?b=164146466 HTTP/1.1" 200 21073 "-" "Mozilla/5.0 (compatible; SemrushBot/7~bl; +http://www.semrush.com/bot.html)"
185.191.171.9 - - [25/Dec/2024:12:34:06 -0500] "GET / HTTP/1.1" 200 21072 "-" "Mozilla/5.0 (compatible; SemrushBot/7~bl; +http://www.semrush.com/bot.html)"
66.29.132.124 - - [25/Dec/2024:12:34:58 -0500] "POST /wp-cron.php?doing_wp_cron=1735148097.9737429618835449218750 HTTP/1.1" 200 0 "-" "WordPress/6.7.1; https://blog.diixadigital.com"
85.208.96.198 - - [25/Dec/2024:12:34:55 -0500] "GET /?b=187329366 HTTP/1.1" 200 21093 "-" "Mozilla/5.0 (compatible; SemrushBot/7~bl; +http://www.semrush.com/bot.html)"
66.29.132.124 - - [25/Dec/2024:12:35:00 -0500] "POST /wp-admin/admin-ajax.php?action=async_litespeed&nonce=299b0ba356&litespeed_type=imgoptm HTTP/1.1" 200 0 "-" "WordPress/6.7.1; https://blog.diixadigital.com"
66.29.132.124 - - [25/Dec/2024:12:37:17 -0500] "POST /wp-cron.php?doing_wp_cron=1735148237.3625519275665283203125 HTTP/1.1" 200 0 "-" "WordPress/6.7.1; https://blog.diixadigital.com"
185.191.171.17 - - [25/Dec/2024:12:37:11 -0500] "GET /?b=346317166 HTTP/1.1" 200 21082 "-" "Mozilla/5.0 (compatible; SemrushBot/7~bl; +http://www.semrush.com/bot.html)"
66.29.132.124 - - [25/Dec/2024:12:37:19 -0500] "POST /wp-admin/admin-ajax.php?action=async_litespeed&nonce=299b0ba356&litespeed_type=imgoptm HTTP/1.1" 200 0 "-" "WordPress/6.7.1; https://blog.diixadigital.com"
66.29.132.124 - - [25/Dec/2024:12:37:33 -0500] "POST /wp-cron.php?doing_wp_cron=1735148253.1677660942077636718750 HTTP/1.1" 200 0 "-" "WordPress/6.7.1; https://blog.diixadigital.com"
185.191.171.6 - - [25/Dec/2024:12:37:31 -0500] "GET /?b=343525866 HTTP/1.1" 200 21085 "-" "Mozilla/5.0 (compatible; SemrushBot/7~bl; +http://www.semrush.com/bot.html)"
66.29.132.124 - - [25/Dec/2024:12:39:10 -0500] "POST /wp-cron.php?doing_wp_cron=1735148350.8998930454254150390625 HTTP/1.1" 200 0 "-" "WordPress/6.7.1; https://blog.diixadigital.com"
85.208.96.204 - - [25/Dec/2024:12:39:06 -0500] "GET /?b=181627266 HTTP/1.1" 200 21071 "-" "Mozilla/5.0 (compatible; SemrushBot/7~bl; +http://www.semrush.com/bot.html)"
66.29.132.124 - - [25/Dec/2024:12:39:11 -0500] "POST /wp-admin/admin-ajax.php?action=async_litespeed&nonce=299b0ba356&litespeed_type=imgoptm HTTP/1.1" 200 0 "-" "WordPress/6.7.1; https://blog.diixadigital.com"
66.29.132.124 - - [25/Dec/2024:12:39:22 -0500] "POST /wp-cron.php?doing_wp_cron=1735148362.4847400188446044921875 HTTP/1.1" 200 0 "-" "WordPress/6.7.1; https://blog.diixadigital.com"
185.191.171.5 - - [25/Dec/2024:12:39:20 -0500] "GET /?b=194928366 HTTP/1.1" 200 21075 "-" "Mozilla/5.0 (compatible; SemrushBot/7~bl; +http://www.semrush.com/bot.html)"
85.208.96.201 - - [25/Dec/2024:12:39:26 -0500] "GET /?b=195192866 HTTP/1.1" 200 21074 "-" "Mozilla/5.0 (compatible; SemrushBot/7~bl; +http://www.semrush.com/bot.html)"
85.208.96.209 - - [25/Dec/2024:12:39:48 -0500] "GET /?b=81781666 HTTP/1.1" 200 21064 "-" "Mozilla/5.0 (compatible; SemrushBot/7~bl; +http://www.semrush.com/bot.html)"
66.29.132.124 - - [25/Dec/2024:12:39:53 -0500] "POST /wp-cron.php?doing_wp_cron=1735148393.8228719234466552734375 HTTP/1.1" 200 0 "-" "WordPress/6.7.1; https://blog.diixadigital.com"
185.191.171.7 - - [25/Dec/2024:12:39:53 -0500] "GET /?b=297925366 HTTP/1.1" 200 21071 "-" "Mozilla/5.0 (compatible; SemrushBot/7~bl; +http://www.semrush.com/bot.html)"
66.29.132.124 - - [25/Dec/2024:12:39:54 -0500] "POST /wp-admin/admin-ajax.php?action=async_litespeed&nonce=299b0ba356&litespeed_type=imgoptm HTTP/1.1" 200 21 "-" "WordPress/6.7.1; https://blog.diixadigital.com"
185.191.171.19 - - [25/Dec/2024:12:40:17 -0500] "GET /?b=53930266 HTTP/1.1" 200 21067 "-" "Mozilla/5.0 (compatible; SemrushBot/7~bl; +http://www.semrush.com/bot.html)"
66.29.132.124 - - [25/Dec/2024:12:40:36 -0500] "POST /wp-cron.php?doing_wp_cron=1735148436.2876749038696289062500 HTTP/1.1" 200 0 "-" "WordPress/6.7.1; https://blog.diixadigital.com"
185.191.171.6 - - [25/Dec/2024:12:40:35 -0500] "GET /?b=90041966 HTTP/1.1" 200 21064 "-" "Mozilla/5.0 (compatible; SemrushBot/7~bl; +http://www.semrush.com/bot.html)"
40.77.167.154 - - [25/Dec/2024:12:41:23 -0500] "GET /mvdqw/d897435.html HTTP/1.1" 200 80430 "-" "Mozilla/5.0 AppleWebKit/537.36 (KHTML, like Gecko; compatible; bingbot/2.0; +http://www.bing.com/bingbot.htm) Chrome/116.0.1938.76 Safari/537.36"
40.77.167.154 - - [25/Dec/2024:12:41:25 -0500] "GET /tpiia/t2033911.html HTTP/1.1" 200 81484 "-" "Mozilla/5.0 AppleWebKit/537.36 (KHTML, like Gecko; compatible; bingbot/2.0; +http://www.bing.com/bingbot.htm) Chrome/116.0.1938.76 Safari/537.36"
40.77.167.77 - - [25/Dec/2024:12:41:28 -0500] "GET /jncdm/n2365171.html HTTP/1.1" 200 80539 "-" "Mozilla/5.0 AppleWebKit/537.36 (KHTML, like Gecko; compatible; bingbot/2.0; +http://www.bing.com/bingbot.htm) Chrome/116.0.1938.76 Safari/537.36"
66.29.132.124 - - [25/Dec/2024:12:41:55 -0500] "POST /wp-cron.php?doing_wp_cron=1735148515.5747439861297607421875 HTTP/1.1" 200 0 "-" "WordPress/6.7.1; https://blog.diixadigital.com"
185.191.171.18 - - [25/Dec/2024:12:41:55 -0500] "GET /?b=16135466 HTTP/1.1" 200 21080 "-" "Mozilla/5.0 (compatible; SemrushBot/7~bl; +http://www.semrush.com/bot.html)"
66.29.132.124 - - [25/Dec/2024:12:41:56 -0500] "POST /wp-admin/admin-ajax.php?action=async_litespeed&nonce=299b0ba356&litespeed_type=imgoptm HTTP/1.1" 200 0 "-" "WordPress/6.7.1; https://blog.diixadigital.com"
185.191.171.18 - - [25/Dec/2024:12:41:59 -0500] "GET /?b=199323566 HTTP/1.1" 200 21054 "-" "Mozilla/5.0 (compatible; SemrushBot/7~bl; +http://www.semrush.com/bot.html)"
185.191.171.3 - - [25/Dec/2024:12:42:04 -0500] "GET /?b=335643266 HTTP/1.1" 200 21070 "-" "Mozilla/5.0 (compatible; SemrushBot/7~bl; +http://www.semrush.com/bot.html)"
66.29.132.124 - - [25/Dec/2024:12:43:01 -0500] "POST /wp-cron.php?doing_wp_cron=1735148581.2935779094696044921875 HTTP/1.1" 200 0 "-" "WordPress/6.7.1; https://blog.diixadigital.com"
85.208.96.205 - - [25/Dec/2024:12:43:00 -0500] "GET /?b=78964866 HTTP/1.1" 200 21073 "-" "Mozilla/5.0 (compatible; SemrushBot/7~bl; +http://www.semrush.com/bot.html)"
66.29.132.124 - - [25/Dec/2024:12:43:02 -0500] "POST /wp-admin/admin-ajax.php?action=async_litespeed&nonce=299b0ba356&litespeed_type=imgoptm HTTP/1.1" 200 21 "-" "WordPress/6.7.1; https://blog.diixadigital.com"
40.77.167.75 - - [25/Dec/2024:12:43:08 -0500] "GET /rwzjq/p1312407.html HTTP/1.1" 200 81698 "-" "Mozilla/5.0 AppleWebKit/537.36 (KHTML, like Gecko; compatible; bingbot/2.0; +http://www.bing.com/bingbot.htm) Chrome/116.0.1938.76 Safari/537.36"
40.77.167.75 - - [25/Dec/2024:12:43:09 -0500] "GET /dgwnn/m2590200.html HTTP/1.1" 200 79663 "-" "Mozilla/5.0 AppleWebKit/537.36 (KHTML, like Gecko; compatible; bingbot/2.0; +http://www.bing.com/bingbot.htm) Chrome/116.0.1938.76 Safari/537.36"
66.29.132.124 - - [25/Dec/2024:12:43:29 -0500] "POST /wp-cron.php?doing_wp_cron=1735148609.6081490516662597656250 HTTP/1.1" 200 0 "-" "WordPress/6.7.1; https://blog.diixadigital.com"
185.191.171.13 - - [25/Dec/2024:12:43:29 -0500] "GET /?b=324487466 HTTP/1.1" 200 21066 "-" "Mozilla/5.0 (compatible; SemrushBot/7~bl; +http://www.semrush.com/bot.html)"
40.77.167.154 - - [25/Dec/2024:12:43:35 -0500] "GET /rebrd/d852351.html HTTP/1.1" 200 81144 "-" "Mozilla/5.0 AppleWebKit/537.36 (KHTML, like Gecko; compatible; bingbot/2.0; +http://www.bing.com/bingbot.htm) Chrome/116.0.1938.76 Safari/537.36"
40.77.167.75 - - [25/Dec/2024:12:44:10 -0500] "GET /fgwph/f581121.html HTTP/1.1" 200 79349 "-" "Mozilla/5.0 AppleWebKit/537.36 (KHTML, like Gecko; compatible; bingbot/2.0; +http://www.bing.com/bingbot.htm) Chrome/116.0.1938.76 Safari/537.36"
66.29.132.124 - - [25/Dec/2024:12:44:13 -0500] "POST /wp-cron.php?doing_wp_cron=1735148653.2658920288085937500000 HTTP/1.1" 200 0 "-" "WordPress/6.7.1; https://blog.diixadigital.com"
40.77.167.75 - - [25/Dec/2024:12:44:13 -0500] "GET /gillo/a2618164.html HTTP/1.1" 200 81154 "-" "Mozilla/5.0 AppleWebKit/537.36 (KHTML, like Gecko; compatible; bingbot/2.0; +http://www.bing.com/bingbot.htm) Chrome/116.0.1938.76 Safari/537.36"
185.191.171.10 - - [25/Dec/2024:12:44:12 -0500] "GET /?b=43612466 HTTP/1.1" 200 21076 "-" "Mozilla/5.0 (compatible; SemrushBot/7~bl; +http://www.semrush.com/bot.html)"
66.29.132.124 - - [25/Dec/2024:12:44:14 -0500] "POST /wp-admin/admin-ajax.php?action=async_litespeed&nonce=299b0ba356&litespeed_type=imgoptm HTTP/1.1" 200 0 "-" "WordPress/6.7.1; https://blog.diixadigital.com"
40.77.167.154 - - [25/Dec/2024:12:44:14 -0500] "GET /gthfs/h2808985.html HTTP/1.1" 200 79934 "-" "Mozilla/5.0 AppleWebKit/537.36 (KHTML, like Gecko; compatible; bingbot/2.0; +http://www.bing.com/bingbot.htm) Chrome/116.0.1938.76 Safari/537.36"
66.29.132.124 - - [25/Dec/2024:12:44:34 -0500] "POST /wp-cron.php?doing_wp_cron=1735148674.9109740257263183593750 HTTP/1.1" 200 0 "-" "WordPress/6.7.1; https://blog.diixadigital.com"
185.191.171.15 - - [25/Dec/2024:12:44:34 -0500] "GET /?b=124720166 HTTP/1.1" 200 21071 "-" "Mozilla/5.0 (compatible; SemrushBot/7~bl; +http://www.semrush.com/bot.html)"
185.191.171.16 - - [25/Dec/2024:12:44:46 -0500] "GET /?b=133314166 HTTP/1.1" 200 21077 "-" "Mozilla/5.0 (compatible; SemrushBot/7~bl; +http://www.semrush.com/bot.html)"
40.77.167.154 - - [25/Dec/2024:12:44:53 -0500] "GET /edaug/b743045.html HTTP/1.1" 200 80730 "-" "Mozilla/5.0 AppleWebKit/537.36 (KHTML, like Gecko; compatible; bingbot/2.0; +http://www.bing.com/bingbot.htm) Chrome/116.0.1938.76 Safari/537.36"
40.77.167.77 - - [25/Dec/2024:12:45:46 -0500] "GET /zwyrv/f1314243.html HTTP/1.1" 200 81432 "-" "Mozilla/5.0 AppleWebKit/537.36 (KHTML, like Gecko; compatible; bingbot/2.0; +http://www.bing.com/bingbot.htm) Chrome/116.0.1938.76 Safari/537.36"
66.29.132.124 - - [25/Dec/2024:12:45:49 -0500] "POST /wp-cron.php?doing_wp_cron=1735148749.7706539630889892578125 HTTP/1.1" 200 0 "-" "WordPress/6.7.1; https://blog.diixadigital.com"
85.208.96.203 - - [25/Dec/2024:12:45:48 -0500] "GET /?b=109498366 HTTP/1.1" 200 21074 "-" "Mozilla/5.0 (compatible; SemrushBot/7~bl; +http://www.semrush.com/bot.html)"
66.29.132.124 - - [25/Dec/2024:12:45:51 -0500] "POST /wp-admin/admin-ajax.php?action=async_litespeed&nonce=299b0ba356&litespeed_type=imgoptm HTTP/1.1" 200 0 "-" "WordPress/6.7.1; https://blog.diixadigital.com"
40.77.167.154 - - [25/Dec/2024:12:46:04 -0500] "GET /fxsqf/q2277710.html HTTP/1.1" 200 79875 "-" "Mozilla/5.0 AppleWebKit/537.36 (KHTML, like Gecko; compatible; bingbot/2.0; +http://www.bing.com/bingbot.htm) Chrome/116.0.1938.76 Safari/537.36"
185.191.171.11 - - [25/Dec/2024:12:46:17 -0500] "GET /?b=7968366 HTTP/1.1" 200 21073 "-" "Mozilla/5.0 (compatible; SemrushBot/7~bl; +http://www.semrush.com/bot.html)"
66.29.132.124 - - [25/Dec/2024:12:46:28 -0500] "POST /wp-cron.php?doing_wp_cron=1735148788.5891149044036865234375 HTTP/1.1" 200 0 "-" "WordPress/6.7.1; https://blog.diixadigital.com"
85.208.96.196 - - [25/Dec/2024:12:46:28 -0500] "GET /?b=56675566 HTTP/1.1" 200 21082 "-" "Mozilla/5.0 (compatible; SemrushBot/7~bl; +http://www.semrush.com/bot.html)"
66.29.132.124 - - [25/Dec/2024:12:46:56 -0500] "POST /wp-cron.php?doing_wp_cron=1735148816.3962249755859375000000 HTTP/1.1" 200 0 "-" "WordPress/6.7.1; https://blog.diixadigital.com"
40.77.167.77 - - [25/Dec/2024:12:46:55 -0500] "GET /paola/o1241868.html HTTP/1.1" 200 81682 "-" "Mozilla/5.0 AppleWebKit/537.36 (KHTML, like Gecko; compatible; bingbot/2.0; +http://www.bing.com/bingbot.htm) Chrome/116.0.1938.76 Safari/537.36"
185.191.171.1 - - [25/Dec/2024:12:46:55 -0500] "GET /?b=203049266 HTTP/1.1" 200 21073 "-" "Mozilla/5.0 (compatible; SemrushBot/7~bl; +http://www.semrush.com/bot.html)"
66.29.132.124 - - [25/Dec/2024:12:46:57 -0500] "POST /wp-admin/admin-ajax.php?action=async_litespeed&nonce=299b0ba356&litespeed_type=imgoptm HTTP/1.1" 200 0 "-" "WordPress/6.7.1; https://blog.diixadigital.com"
40.77.167.77 - - [25/Dec/2024:12:46:58 -0500] "GET /tsqdw/m1385724.html HTTP/1.1" 200 79696 "-" "Mozilla/5.0 AppleWebKit/537.36 (KHTML, like Gecko; compatible; bingbot/2.0; +http://www.bing.com/bingbot.htm) Chrome/116.0.1938.76 Safari/537.36"
185.191.171.14 - - [25/Dec/2024:12:47:00 -0500] "GET /?b=168405866 HTTP/1.1" 200 21077 "-" "Mozilla/5.0 (compatible; SemrushBot/7~bl; +http://www.semrush.com/bot.html)"
85.208.96.201 - - [25/Dec/2024:12:47:20 -0500] "GET /?b=218189066 HTTP/1.1" 200 21082 "-" "Mozilla/5.0 (compatible; SemrushBot/7~bl; +http://www.semrush.com/bot.html)"
66.29.132.124 - - [25/Dec/2024:12:47:26 -0500] "POST /wp-cron.php?doing_wp_cron=1735148846.3285670280456542968750 HTTP/1.1" 200 0 "-" "WordPress/6.7.1; https://blog.diixadigital.com"
185.191.171.16 - - [25/Dec/2024:12:47:26 -0500] "GET /?b=256084566 HTTP/1.1" 200 21062 "-" "Mozilla/5.0 (compatible; SemrushBot/7~bl; +http://www.semrush.com/bot.html)"
40.77.167.33 - - [25/Dec/2024:12:48:40 -0500] "GET /zsovh/p1151675.html HTTP/1.1" 200 79411 "-" "Mozilla/5.0 AppleWebKit/537.36 (KHTML, like Gecko; compatible; bingbot/2.0; +http://www.bing.com/bingbot.htm) Chrome/116.0.1938.76 Safari/537.36"
66.29.132.124 - - [25/Dec/2024:12:48:44 -0500] "POST /wp-cron.php?doing_wp_cron=1735148924.2157371044158935546875 HTTP/1.1" 200 0 "-" "WordPress/6.7.1; https://blog.diixadigital.com"
185.191.171.17 - - [25/Dec/2024:12:48:43 -0500] "GET /?b=118672766 HTTP/1.1" 200 21065 "-" "Mozilla/5.0 (compatible; SemrushBot/7~bl; +http://www.semrush.com/bot.html)"
66.29.132.124 - - [25/Dec/2024:12:48:44 -0500] "POST /wp-admin/admin-ajax.php?action=async_litespeed&nonce=299b0ba356&litespeed_type=imgoptm HTTP/1.1" 200 21 "-" "WordPress/6.7.1; https://blog.diixadigital.com"
85.208.96.193 - - [25/Dec/2024:12:48:46 -0500] "GET /?b=205882066 HTTP/1.1" 200 21063 "-" "Mozilla/5.0 (compatible; SemrushBot/7~bl; +http://www.semrush.com/bot.html)"
66.29.132.124 - - [25/Dec/2024:12:48:56 -0500] "POST /wp-cron.php?doing_wp_cron=1735148936.1119329929351806640625 HTTP/1.1" 200 0 "-" "WordPress/6.7.1; https://blog.diixadigital.com"
85.208.96.211 - - [25/Dec/2024:12:48:55 -0500] "GET /?b=341249266 HTTP/1.1" 200 21061 "-" "Mozilla/5.0 (compatible; SemrushBot/7~bl; +http://www.semrush.com/bot.html)"
66.29.132.124 - - [25/Dec/2024:12:48:56 -0500] "POST /wp-admin/admin-ajax.php?action=async_litespeed&nonce=299b0ba356&litespeed_type=imgoptm HTTP/1.1" 200 21 "-" "WordPress/6.7.1; https://blog.diixadigital.com"
185.191.171.6 - - [25/Dec/2024:12:49:05 -0500] "GET /?b=268117466 HTTP/1.1" 200 21079 "-" "Mozilla/5.0 (compatible; SemrushBot/7~bl; +http://www.semrush.com/bot.html)"
85.208.96.202 - - [25/Dec/2024:12:49:14 -0500] "GET /?b=350399166 HTTP/1.1" 200 21078 "-" "Mozilla/5.0 (compatible; SemrushBot/7~bl; +http://www.semrush.com/bot.html)"
40.77.167.121 - - [25/Dec/2024:12:49:17 -0500] "GET /psbfa/n2361427.html HTTP/1.1" 200 79834 "-" "Mozilla/5.0 AppleWebKit/537.36 (KHTML, like Gecko; compatible; bingbot/2.0; +http://www.bing.com/bingbot.htm) Chrome/116.0.1938.76 Safari/537.36"
40.77.167.121 - - [25/Dec/2024:12:49:37 -0500] "GET /jcdgh/v2276909.html HTTP/1.1" 200 80348 "-" "Mozilla/5.0 AppleWebKit/537.36 (KHTML, like Gecko; compatible; bingbot/2.0; +http://www.bing.com/bingbot.htm) Chrome/116.0.1938.76 Safari/537.36"
66.29.132.124 - - [25/Dec/2024:12:49:58 -0500] "POST /wp-cron.php?doing_wp_cron=1735148998.4709730148315429687500 HTTP/1.1" 200 0 "-" "WordPress/6.7.1; https://blog.diixadigital.com"
185.191.171.13 - - [25/Dec/2024:12:49:58 -0500] "GET /?b=218758866 HTTP/1.1" 200 21075 "-" "Mozilla/5.0 (compatible; SemrushBot/7~bl; +http://www.semrush.com/bot.html)"
66.29.132.124 - - [25/Dec/2024:12:49:59 -0500] "POST /wp-admin/admin-ajax.php?action=async_litespeed&nonce=299b0ba356&litespeed_type=imgoptm HTTP/1.1" 200 0 "-" "WordPress/6.7.1; https://blog.diixadigital.com"
40.77.167.33 - - [25/Dec/2024:12:50:09 -0500] "GET /bmbeo/u2389800.html HTTP/1.1" 200 79729 "-" "Mozilla/5.0 AppleWebKit/537.36 (KHTML, like Gecko; compatible; bingbot/2.0; +http://www.bing.com/bingbot.htm) Chrome/116.0.1938.76 Safari/537.36"
40.77.167.121 - - [25/Dec/2024:12:50:16 -0500] "GET /fqhth/d849075.html HTTP/1.1" 200 80704 "-" "Mozilla/5.0 AppleWebKit/537.36 (KHTML, like Gecko; compatible; bingbot/2.0; +http://www.bing.com/bingbot.htm) Chrome/116.0.1938.76 Safari/537.36"
66.29.132.124 - - [25/Dec/2024:12:50:24 -0500] "POST /wp-cron.php?doing_wp_cron=1735149024.3610010147094726562500 HTTP/1.1" 200 0 "-" "WordPress/6.7.1; https://blog.diixadigital.com"
185.191.171.15 - - [25/Dec/2024:12:50:23 -0500] "GET /?b=270622566 HTTP/1.1" 200 21075 "-" "Mozilla/5.0 (compatible; SemrushBot/7~bl; +http://www.semrush.com/bot.html)"
40.77.167.121 - - [25/Dec/2024:12:50:35 -0500] "GET /ldpgi/t2832241.html HTTP/1.1" 200 79905 "-" "Mozilla/5.0 AppleWebKit/537.36 (KHTML, like Gecko; compatible; bingbot/2.0; +http://www.bing.com/bingbot.htm) Chrome/116.0.1938.76 Safari/537.36"
66.29.132.124 - - [25/Dec/2024:12:51:01 -0500] "POST /wp-cron.php?doing_wp_cron=1735149061.0241270065307617187500 HTTP/1.1" 200 0 "-" "WordPress/6.7.1; https://blog.diixadigital.com"
185.191.171.2 - - [25/Dec/2024:12:51:00 -0500] "GET /?b=346863666 HTTP/1.1" 200 21076 "-" "Mozilla/5.0 (compatible; SemrushBot/7~bl; +http://www.semrush.com/bot.html)"
66.29.132.124 - - [25/Dec/2024:12:51:01 -0500] "POST /wp-admin/admin-ajax.php?action=async_litespeed&nonce=299b0ba356&litespeed_type=imgoptm HTTP/1.1" 200 21 "-" "WordPress/6.7.1; https://blog.diixadigital.com"
40.77.167.76 - - [25/Dec/2024:12:51:04 -0500] "GET /niiej/u1395768.html HTTP/1.1" 200 80059 "-" "Mozilla/5.0 AppleWebKit/537.36 (KHTML, like Gecko; compatible; bingbot/2.0; +http://www.bing.com/bingbot.htm) Chrome/116.0.1938.76 Safari/537.36"
85.208.96.202 - - [25/Dec/2024:12:51:20 -0500] "GET /robots.txt HTTP/1.1" 200 139 "-" "Mozilla/5.0 (compatible; SemrushBot/7~bl; +http://www.semrush.com/bot.html)"
66.29.132.124 - - [25/Dec/2024:12:51:26 -0500] "POST /wp-cron.php?doing_wp_cron=1735149085.8635590076446533203125 HTTP/1.1" 200 0 "-" "WordPress/6.7.1; https://blog.diixadigital.com"
185.191.171.11 - - [25/Dec/2024:12:51:22 -0500] "GET /?b=103977466 HTTP/1.1" 200 21082 "-" "Mozilla/5.0 (compatible; SemrushBot/7~bl; +http://www.semrush.com/bot.html)"
40.77.167.76 - - [25/Dec/2024:12:52:25 -0500] "GET /vdvgy/j462253.html HTTP/1.1" 200 81163 "-" "Mozilla/5.0 AppleWebKit/537.36 (KHTML, like Gecko; compatible; bingbot/2.0; +http://www.bing.com/bingbot.htm) Chrome/116.0.1938.76 Safari/537.36"
66.29.132.124 - - [25/Dec/2024:12:52:48 -0500] "POST /wp-cron.php?doing_wp_cron=1735149168.7370491027832031250000 HTTP/1.1" 200 0 "-" "WordPress/6.7.1; https://blog.diixadigital.com"
185.191.171.15 - - [25/Dec/2024:12:52:47 -0500] "GET /?b=40333166 HTTP/1.1" 200 21072 "-" "Mozilla/5.0 (compatible; SemrushBot/7~bl; +http://www.semrush.com/bot.html)"
66.29.132.124 - - [25/Dec/2024:12:52:49 -0500] "POST /wp-admin/admin-ajax.php?action=async_litespeed&nonce=299b0ba356&litespeed_type=imgoptm HTTP/1.1" 200 0 "-" "WordPress/6.7.1; https://blog.diixadigital.com"
66.29.132.124 - - [25/Dec/2024:12:52:50 -0500] "POST /wp-admin/admin-ajax.php?action=as_async_request_queue_runner&nonce=3f424bf6d9 HTTP/1.1" 200 0 "-" "WordPress/6.7.1; https://blog.diixadigital.com"
40.77.167.76 - - [25/Dec/2024:12:52:55 -0500] "GET /lpphz/j2223571.html HTTP/1.1" 200 79922 "-" "Mozilla/5.0 AppleWebKit/537.36 (KHTML, like Gecko; compatible; bingbot/2.0; +http://www.bing.com/bingbot.htm) Chrome/116.0.1938.76 Safari/537.36"
40.77.167.76 - - [25/Dec/2024:12:52:57 -0500] "GET /tizxn/b1322819.html HTTP/1.1" 200 79468 "-" "Mozilla/5.0 AppleWebKit/537.36 (KHTML, like Gecko; compatible; bingbot/2.0; +http://www.bing.com/bingbot.htm) Chrome/116.0.1938.76 Safari/537.36"
85.208.96.210 - - [25/Dec/2024:12:53:14 -0500] "GET /?b=237667366 HTTP/1.1" 200 21055 "-" "Mozilla/5.0 (compatible; SemrushBot/7~bl; +http://www.semrush.com/bot.html)"
66.29.132.124 - - [25/Dec/2024:12:53:53 -0500] "POST /wp-cron.php?doing_wp_cron=1735149233.3860869407653808593750 HTTP/1.1" 200 0 "-" "WordPress/6.7.1; https://blog.diixadigital.com"
85.208.96.204 - - [25/Dec/2024:12:53:52 -0500] "GET /?b=298155666 HTTP/1.1" 200 21077 "-" "Mozilla/5.0 (compatible; SemrushBot/7~bl; +http://www.semrush.com/bot.html)"
66.29.132.124 - - [25/Dec/2024:12:53:54 -0500] "POST /wp-admin/admin-ajax.php?action=async_litespeed&nonce=299b0ba356&litespeed_type=imgoptm HTTP/1.1" 200 21 "-" "WordPress/6.7.1; https://blog.diixadigital.com"
40.77.167.76 - - [25/Dec/2024:12:53:55 -0500] "GET /jusan/g2390644.html HTTP/1.1" 200 79699 "-" "Mozilla/5.0 AppleWebKit/537.36 (KHTML, like Gecko; compatible; bingbot/2.0; +http://www.bing.com/bingbot.htm) Chrome/116.0.1938.76 Safari/537.36"
85.208.96.195 - - [25/Dec/2024:12:54:00 -0500] "GET /?b=46194966 HTTP/1.1" 200 21084 "-" "Mozilla/5.0 (compatible; SemrushBot/7~bl; +http://www.semrush.com/bot.html)"
66.29.132.124 - - [25/Dec/2024:12:54:29 -0500] "POST /wp-cron.php?doing_wp_cron=1735149269.1956679821014404296875 HTTP/1.1" 200 0 "-" "WordPress/6.7.1; https://blog.diixadigital.com"
185.191.171.18 - - [25/Dec/2024:12:54:28 -0500] "GET /?b=153631366 HTTP/1.1" 200 21070 "-" "Mozilla/5.0 (compatible; SemrushBot/7~bl; +http://www.semrush.com/bot.html)"
66.29.132.124 - - [25/Dec/2024:12:54:56 -0500] "POST /wp-cron.php?doing_wp_cron=1735149295.8913600444793701171875 HTTP/1.1" 200 0 "-" "WordPress/6.7.1; https://blog.diixadigital.com"
185.191.171.16 - - [25/Dec/2024:12:54:54 -0500] "GET /?b=321311366 HTTP/1.1" 200 21070 "-" "Mozilla/5.0 (compatible; SemrushBot/7~bl; +http://www.semrush.com/bot.html)"
66.29.132.124 - - [25/Dec/2024:12:54:58 -0500] "POST /wp-admin/admin-ajax.php?action=async_litespeed&nonce=299b0ba356&litespeed_type=imgoptm HTTP/1.1" 200 0 "-" "WordPress/6.7.1; https://blog.diixadigital.com"
185.191.171.7 - - [25/Dec/2024:12:55:02 -0500] "GET /?b=231401866 HTTP/1.1" 200 21065 "-" "Mozilla/5.0 (compatible; SemrushBot/7~bl; +http://www.semrush.com/bot.html)"
85.208.96.202 - - [25/Dec/2024:12:55:14 -0500] "GET /?b=283010966 HTTP/1.1" 200 21072 "-" "Mozilla/5.0 (compatible; SemrushBot/7~bl; +http://www.semrush.com/bot.html)"
40.77.167.76 - - [25/Dec/2024:12:55:36 -0500] "GET /pqvok/t2763679.html HTTP/1.1" 200 80349 "-" "Mozilla/5.0 AppleWebKit/537.36 (KHTML, like Gecko; compatible; bingbot/2.0; +http://www.bing.com/bingbot.htm) Chrome/116.0.1938.76 Safari/537.36"
66.29.132.124 - - [25/Dec/2024:12:55:43 -0500] "POST /wp-cron.php?doing_wp_cron=1735149343.6935269832611083984375 HTTP/1.1" 200 0 "-" "WordPress/6.7.1; https://blog.diixadigital.com"
185.191.171.15 - - [25/Dec/2024:12:55:43 -0500] "GET /?b=331031066 HTTP/1.1" 200 21074 "-" "Mozilla/5.0 (compatible; SemrushBot/7~bl; +http://www.semrush.com/bot.html)"
40.77.167.33 - - [25/Dec/2024:12:56:21 -0500] "GET /lkyrh/n1626563.html HTTP/1.1" 200 81215 "-" "Mozilla/5.0 AppleWebKit/537.36 (KHTML, like Gecko; compatible; bingbot/2.0; +http://www.bing.com/bingbot.htm) Chrome/116.0.1938.76 Safari/537.36"
40.77.167.121 - - [25/Dec/2024:12:56:36 -0500] "GET /mbsbx/z1691185.html HTTP/1.1" 200 80335 "-" "Mozilla/5.0 AppleWebKit/537.36 (KHTML, like Gecko; compatible; bingbot/2.0; +http://www.bing.com/bingbot.htm) Chrome/116.0.1938.76 Safari/537.36"
66.29.132.124 - - [25/Dec/2024:12:57:00 -0500] "POST /wp-cron.php?doing_wp_cron=1735149420.4746050834655761718750 HTTP/1.1" 200 0 "-" "WordPress/6.7.1; https://blog.diixadigital.com"
185.191.171.18 - - [25/Dec/2024:12:56:59 -0500] "GET /?b=54078466 HTTP/1.1" 200 21075 "-" "Mozilla/5.0 (compatible; SemrushBot/7~bl; +http://www.semrush.com/bot.html)"
66.29.132.124 - - [25/Dec/2024:12:57:02 -0500] "POST /wp-admin/admin-ajax.php?action=async_litespeed&nonce=299b0ba356&litespeed_type=imgoptm HTTP/1.1" 200 0 "-" "WordPress/6.7.1; https://blog.diixadigital.com"
185.191.171.10 - - [25/Dec/2024:12:57:04 -0500] "GET /?b=57952266 HTTP/1.1" 200 21064 "-" "Mozilla/5.0 (compatible; SemrushBot/7~bl; +http://www.semrush.com/bot.html)"
40.77.167.121 - - [25/Dec/2024:12:57:09 -0500] "GET /rqjdm/b916439.html HTTP/1.1" 200 79750 "-" "Mozilla/5.0 AppleWebKit/537.36 (KHTML, like Gecko; compatible; bingbot/2.0; +http://www.bing.com/bingbot.htm) Chrome/116.0.1938.76 Safari/537.36"
185.191.171.19 - - [25/Dec/2024:12:57:08 -0500] "GET /?b=83709166 HTTP/1.1" 200 21080 "-" "Mozilla/5.0 (compatible; SemrushBot/7~bl; +http://www.semrush.com/bot.html)"
66.29.132.124 - - [25/Dec/2024:12:57:39 -0500] "POST /wp-cron.php?doing_wp_cron=1735149459.2716178894042968750000 HTTP/1.1" 200 0 "-" "WordPress/6.7.1; https://blog.diixadigital.com"
185.191.171.19 - - [25/Dec/2024:12:57:33 -0500] "GET /?b=204388266 HTTP/1.1" 200 21088 "-" "Mozilla/5.0 (compatible; SemrushBot/7~bl; +http://www.semrush.com/bot.html)"
66.29.132.124 - - [25/Dec/2024:12:57:54 -0500] "POST /wp-cron.php?doing_wp_cron=1735149474.0918159484863281250000 HTTP/1.1" 200 0 "-" "WordPress/6.7.1; https://blog.diixadigital.com"
185.191.171.13 - - [25/Dec/2024:12:57:53 -0500] "GET /?b=89595566 HTTP/1.1" 200 21067 "-" "Mozilla/5.0 (compatible; SemrushBot/7~bl; +http://www.semrush.com/bot.html)"
66.29.132.124 - - [25/Dec/2024:12:57:54 -0500] "POST /wp-admin/admin-ajax.php?action=async_litespeed&nonce=299b0ba356&litespeed_type=imgoptm HTTP/1.1" 200 21 "-" "WordPress/6.7.1; https://blog.diixadigital.com"
185.191.171.11 - - [25/Dec/2024:12:58:10 -0500] "GET /?b=219726366 HTTP/1.1" 200 21081 "-" "Mozilla/5.0 (compatible; SemrushBot/7~bl; +http://www.semrush.com/bot.html)"
85.208.96.197 - - [25/Dec/2024:12:58:17 -0500] "GET /?b=140294966 HTTP/1.1" 200 21074 "-" "Mozilla/5.0 (compatible; SemrushBot/7~bl; +http://www.semrush.com/bot.html)"
66.29.132.124 - - [25/Dec/2024:12:58:56 -0500] "POST /wp-cron.php?doing_wp_cron=1735149536.5666251182556152343750 HTTP/1.1" 200 0 "-" "WordPress/6.7.1; https://blog.diixadigital.com"
85.208.96.206 - - [25/Dec/2024:12:58:55 -0500] "GET /?b=47750066 HTTP/1.1" 200 21070 "-" "Mozilla/5.0 (compatible; SemrushBot/7~bl; +http://www.semrush.com/bot.html)"
66.29.132.124 - - [25/Dec/2024:12:58:58 -0500] "POST /wp-admin/admin-ajax.php?action=async_litespeed&nonce=299b0ba356&litespeed_type=imgoptm HTTP/1.1" 200 0 "-" "WordPress/6.7.1; https://blog.diixadigital.com"
66.29.132.124 - - [25/Dec/2024:13:00:22 -0500] "POST /wp-cron.php?doing_wp_cron=1735149621.8018488883972167968750 HTTP/1.1" 200 0 "-" "WordPress/6.7.1; https://blog.diixadigital.com"
66.29.132.124 - - [25/Dec/2024:13:00:24 -0500] "POST /wp-admin/admin-ajax.php?action=async_litespeed&nonce=299b0ba356&litespeed_type=imgoptm HTTP/1.1" 200 0 "-" "WordPress/6.7.1; https://blog.diixadigital.com"
185.191.171.7 - - [25/Dec/2024:13:00:19 -0500] "GET /?b=134571266 HTTP/1.1" 200 21074 "-" "Mozilla/5.0 (compatible; SemrushBot/7~bl; +http://www.semrush.com/bot.html)"
66.29.132.124 - - [25/Dec/2024:13:01:02 -0500] "POST /wp-cron.php?doing_wp_cron=1735149662.2165780067443847656250 HTTP/1.1" 200 0 "-" "WordPress/6.7.1; https://blog.diixadigital.com"
185.191.171.4 - - [25/Dec/2024:13:01:01 -0500] "GET /?b=116172266 HTTP/1.1" 200 21064 "-" "Mozilla/5.0 (compatible; SemrushBot/7~bl; +http://www.semrush.com/bot.html)"
66.29.132.124 - - [25/Dec/2024:13:01:03 -0500] "POST /wp-admin/admin-ajax.php?action=async_litespeed&nonce=299b0ba356&litespeed_type=imgoptm HTTP/1.1" 200 21 "-" "WordPress/6.7.1; https://blog.diixadigital.com"
185.191.171.7 - - [25/Dec/2024:13:01:06 -0500] "GET /?b=138468966 HTTP/1.1" 200 21074 "-" "Mozilla/5.0 (compatible; SemrushBot/7~bl; +http://www.semrush.com/bot.html)"
66.29.132.124 - - [25/Dec/2024:13:01:23 -0500] "POST /wp-cron.php?doing_wp_cron=1735149683.0895578861236572265625 HTTP/1.1" 200 0 "-" "WordPress/6.7.1; https://blog.diixadigital.com"
185.191.171.11 - - [25/Dec/2024:13:01:22 -0500] "GET /?b=334906066 HTTP/1.1" 200 21077 "-" "Mozilla/5.0 (compatible; SemrushBot/7~bl; +http://www.semrush.com/bot.html)"
85.208.96.197 - - [25/Dec/2024:13:01:44 -0500] "GET /?b=169847466 HTTP/1.1" 200 21082 "-" "Mozilla/5.0 (compatible; SemrushBot/7~bl; +http://www.semrush.com/bot.html)"
185.191.171.13 - - [25/Dec/2024:13:01:47 -0500] "GET /?b=256170366 HTTP/1.1" 200 21067 "-" "Mozilla/5.0 (compatible; SemrushBot/7~bl; +http://www.semrush.com/bot.html)"
66.29.132.124 - - [25/Dec/2024:13:01:54 -0500] "POST /wp-cron.php?doing_wp_cron=1735149714.8283510208129882812500 HTTP/1.1" 200 0 "-" "WordPress/6.7.1; https://blog.diixadigital.com"
185.191.171.4 - - [25/Dec/2024:13:01:54 -0500] "GET /?b=273737366 HTTP/1.1" 200 21069 "-" "Mozilla/5.0 (compatible; SemrushBot/7~bl; +http://www.semrush.com/bot.html)"
66.29.132.124 - - [25/Dec/2024:13:01:55 -0500] "POST /wp-admin/admin-ajax.php?action=async_litespeed&nonce=299b0ba356&litespeed_type=imgoptm HTTP/1.1" 200 21 "-" "WordPress/6.7.1; https://blog.diixadigital.com"
185.191.171.12 - - [25/Dec/2024:13:02:21 -0500] "GET /?b=310627566 HTTP/1.1" 200 21070 "-" "Mozilla/5.0 (compatible; SemrushBot/7~bl; +http://www.semrush.com/bot.html)"
66.29.132.124 - - [25/Dec/2024:13:02:28 -0500] "POST /wp-cron.php?doing_wp_cron=1735149748.0215220451354980468750 HTTP/1.1" 200 0 "-" "WordPress/6.7.1; https://blog.diixadigital.com"
185.191.171.17 - - [25/Dec/2024:13:02:27 -0500] "GET /?b=254933466 HTTP/1.1" 200 21078 "-" "Mozilla/5.0 (compatible; SemrushBot/7~bl; +http://www.semrush.com/bot.html)"
66.29.132.124 - - [25/Dec/2024:13:04:30 -0500] "POST /wp-cron.php?doing_wp_cron=1735149870.1594810485839843750000 HTTP/1.1" 200 0 "-" "WordPress/6.7.1; https://blog.diixadigital.com"
85.208.96.194 - - [25/Dec/2024:13:04:21 -0500] "GET /?b=3544266 HTTP/1.1" 200 21080 "-" "Mozilla/5.0 (compatible; SemrushBot/7~bl; +http://www.semrush.com/bot.html)"
66.29.132.124 - - [25/Dec/2024:13:04:30 -0500] "POST /wp-admin/admin-ajax.php?action=async_litespeed&nonce=299b0ba356&litespeed_type=imgoptm HTTP/1.1" 200 0 "-" "WordPress/6.7.1; https://blog.diixadigital.com"
85.208.96.204 - - [25/Dec/2024:13:04:33 -0500] "GET /?b=191516866 HTTP/1.1" 200 21049 "-" "Mozilla/5.0 (compatible; SemrushBot/7~bl; +http://www.semrush.com/bot.html)"
85.208.96.197 - - [25/Dec/2024:13:04:38 -0500] "GET /?b=79798766 HTTP/1.1" 200 21073 "-" "Mozilla/5.0 (compatible; SemrushBot/7~bl; +http://www.semrush.com/bot.html)"
85.208.96.194 - - [25/Dec/2024:13:04:42 -0500] "GET /?b=289451466 HTTP/1.1" 200 21068 "-" "Mozilla/5.0 (compatible; SemrushBot/7~bl; +http://www.semrush.com/bot.html)"
66.29.132.124 - - [25/Dec/2024:13:05:08 -0500] "POST /wp-cron.php?doing_wp_cron=1735149907.5890069007873535156250 HTTP/1.1" 200 0 "-" "WordPress/6.7.1; https://blog.diixadigital.com"
85.208.96.205 - - [25/Dec/2024:13:05:07 -0500] "GET /?b=357016266 HTTP/1.1" 200 21075 "-" "Mozilla/5.0 (compatible; SemrushBot/7~bl; +http://www.semrush.com/bot.html)"
66.29.132.124 - - [25/Dec/2024:13:05:10 -0500] "POST /wp-admin/admin-ajax.php?action=async_litespeed&nonce=299b0ba356&litespeed_type=imgoptm HTTP/1.1" 200 0 "-" "WordPress/6.7.1; https://blog.diixadigital.com"
66.29.132.124 - - [25/Dec/2024:13:06:09 -0500] "POST /wp-cron.php?doing_wp_cron=1735149969.5841810703277587890625 HTTP/1.1" 200 0 "-" "WordPress/6.7.1; https://blog.diixadigital.com"
85.208.96.212 - - [25/Dec/2024:13:06:08 -0500] "GET /?b=174321466 HTTP/1.1" 200 21087 "-" "Mozilla/5.0 (compatible; SemrushBot/7~bl; +http://www.semrush.com/bot.html)"
66.29.132.124 - - [25/Dec/2024:13:06:11 -0500] "POST /wp-admin/admin-ajax.php?action=async_litespeed&nonce=299b0ba356&litespeed_type=imgoptm HTTP/1.1" 200 0 "-" "WordPress/6.7.1; https://blog.diixadigital.com"
66.29.132.124 - - [25/Dec/2024:13:06:39 -0500] "POST /wp-cron.php?doing_wp_cron=1735149999.4120950698852539062500 HTTP/1.1" 200 0 "-" "WordPress/6.7.1; https://blog.diixadigital.com"
85.208.96.203 - - [25/Dec/2024:13:06:38 -0500] "GET /?b=185527166 HTTP/1.1" 200 21068 "-" "Mozilla/5.0 (compatible; SemrushBot/7~bl; +http://www.semrush.com/bot.html)"
66.29.132.124 - - [25/Dec/2024:13:07:58 -0500] "POST /wp-cron.php?doing_wp_cron=1735150078.1659290790557861328125 HTTP/1.1" 200 0 "-" "WordPress/6.7.1; https://blog.diixadigital.com"
85.208.96.208 - - [25/Dec/2024:13:07:57 -0500] "GET /?b=278421966 HTTP/1.1" 200 21080 "-" "Mozilla/5.0 (compatible; SemrushBot/7~bl; +http://www.semrush.com/bot.html)"
66.29.132.124 - - [25/Dec/2024:13:07:59 -0500] "POST /wp-admin/admin-ajax.php?action=async_litespeed&nonce=299b0ba356&litespeed_type=imgoptm HTTP/1.1" 200 21 "-" "WordPress/6.7.1; https://blog.diixadigital.com"
85.208.96.199 - - [25/Dec/2024:13:08:14 -0500] "GET /?b=85118466 HTTP/1.1" 200 21063 "-" "Mozilla/5.0 (compatible; SemrushBot/7~bl; +http://www.semrush.com/bot.html)"
66.29.132.124 - - [25/Dec/2024:13:08:26 -0500] "POST /wp-cron.php?doing_wp_cron=1735150105.7859549522399902343750 HTTP/1.1" 200 0 "-" "WordPress/6.7.1; https://blog.diixadigital.com"
85.208.96.209 - - [25/Dec/2024:13:08:24 -0500] "GET /?b=327434766 HTTP/1.1" 200 21056 "-" "Mozilla/5.0 (compatible; SemrushBot/7~bl; +http://www.semrush.com/bot.html)"
85.208.96.200 - - [25/Dec/2024:13:08:43 -0500] "GET /?b=54875766 HTTP/1.1" 200 21079 "-" "Mozilla/5.0 (compatible; SemrushBot/7~bl; +http://www.semrush.com/bot.html)"
66.29.132.124 - - [25/Dec/2024:13:08:59 -0500] "POST /wp-cron.php?doing_wp_cron=1735150139.7647509574890136718750 HTTP/1.1" 200 0 "-" "WordPress/6.7.1; https://blog.diixadigital.com"
85.208.96.211 - - [25/Dec/2024:13:08:59 -0500] "GET /?b=117287066 HTTP/1.1" 200 21070 "-" "Mozilla/5.0 (compatible; SemrushBot/7~bl; +http://www.semrush.com/bot.html)"
66.29.132.124 - - [25/Dec/2024:13:09:00 -0500] "POST /wp-admin/admin-ajax.php?action=async_litespeed&nonce=299b0ba356&litespeed_type=imgoptm HTTP/1.1" 200 21 "-" "WordPress/6.7.1; https://blog.diixadigital.com"
52.167.144.24 - - [25/Dec/2024:13:09:02 -0500] "GET /enbln/j2365999.html HTTP/1.1" 200 79777 "-" "Mozilla/5.0 AppleWebKit/537.36 (KHTML, like Gecko; compatible; bingbot/2.0; +http://www.bing.com/bingbot.htm) Chrome/116.0.1938.76 Safari/537.36"
66.29.132.124 - - [25/Dec/2024:13:09:59 -0500] "POST /wp-cron.php?doing_wp_cron=1735150199.1650300025939941406250 HTTP/1.1" 200 0 "-" "WordPress/6.7.1; https://blog.diixadigital.com"
85.208.96.203 - - [25/Dec/2024:13:09:57 -0500] "GET /?b=88076066 HTTP/1.1" 200 21081 "-" "Mozilla/5.0 (compatible; SemrushBot/7~bl; +http://www.semrush.com/bot.html)"
66.29.132.124 - - [25/Dec/2024:13:09:59 -0500] "POST /wp-admin/admin-ajax.php?action=async_litespeed&nonce=299b0ba356&litespeed_type=imgoptm HTTP/1.1" 200 21 "-" "WordPress/6.7.1; https://blog.diixadigital.com"
185.191.171.10 - - [25/Dec/2024:13:10:20 -0500] "GET /?b=316685366 HTTP/1.1" 200 21072 "-" "Mozilla/5.0 (compatible; SemrushBot/7~bl; +http://www.semrush.com/bot.html)"
52.167.144.145 - - [25/Dec/2024:13:10:23 -0500] "GET /jwsha/g199676.html HTTP/1.1" 200 79757 "-" "Mozilla/5.0 AppleWebKit/537.36 (KHTML, like Gecko; compatible; bingbot/2.0; +http://www.bing.com/bingbot.htm) Chrome/116.0.1938.76 Safari/537.36"
40.77.167.30 - - [25/Dec/2024:13:11:29 -0500] "GET /ulnfz/m2566332.html HTTP/1.1" 200 80253 "-" "Mozilla/5.0 AppleWebKit/537.36 (KHTML, like Gecko; compatible; bingbot/2.0; +http://www.bing.com/bingbot.htm) Chrome/116.0.1938.76 Safari/537.36"
66.29.132.124 - - [25/Dec/2024:13:11:45 -0500] "POST /wp-cron.php?doing_wp_cron=1735150305.0675299167633056640625 HTTP/1.1" 200 0 "-" "WordPress/6.7.1; https://blog.diixadigital.com"
85.208.96.197 - - [25/Dec/2024:13:11:44 -0500] "GET /?b=181259266 HTTP/1.1" 200 21068 "-" "Mozilla/5.0 (compatible; SemrushBot/7~bl; +http://www.semrush.com/bot.html)"
66.29.132.124 - - [25/Dec/2024:13:11:46 -0500] "POST /wp-admin/admin-ajax.php?action=async_litespeed&nonce=299b0ba356&litespeed_type=imgoptm HTTP/1.1" 200 21 "-" "WordPress/6.7.1; https://blog.diixadigital.com"
66.29.132.124 - - [25/Dec/2024:13:12:04 -0500] "POST /wp-cron.php?doing_wp_cron=1735150324.4587481021881103515625 HTTP/1.1" 200 0 "-" "WordPress/6.7.1; https://blog.diixadigital.com"
185.191.171.16 - - [25/Dec/2024:13:12:03 -0500] "GET /?b=329338466 HTTP/1.1" 200 21086 "-" "Mozilla/5.0 (compatible; SemrushBot/7~bl; +http://www.semrush.com/bot.html)"
66.29.132.124 - - [25/Dec/2024:13:12:05 -0500] "POST /wp-admin/admin-ajax.php?action=async_litespeed&nonce=299b0ba356&litespeed_type=imgoptm HTTP/1.1" 200 0 "-" "WordPress/6.7.1; https://blog.diixadigital.com"
185.191.171.10 - - [25/Dec/2024:13:12:07 -0500] "GET /?b=313111866 HTTP/1.1" 200 21062 "-" "Mozilla/5.0 (compatible; SemrushBot/7~bl; +http://www.semrush.com/bot.html)"
85.208.96.197 - - [25/Dec/2024:13:12:19 -0500] "GET /?b=74336866 HTTP/1.1" 200 21075 "-" "Mozilla/5.0 (compatible; SemrushBot/7~bl; +http://www.semrush.com/bot.html)"
66.29.132.124 - - [25/Dec/2024:13:12:26 -0500] "POST /wp-cron.php?doing_wp_cron=1735150346.0878319740295410156250 HTTP/1.1" 200 0 "-" "WordPress/6.7.1; https://blog.diixadigital.com"
185.191.171.14 - - [25/Dec/2024:13:12:25 -0500] "GET /?b=57926666 HTTP/1.1" 200 21071 "-" "Mozilla/5.0 (compatible; SemrushBot/7~bl; +http://www.semrush.com/bot.html)"
85.208.96.200 - - [25/Dec/2024:13:12:44 -0500] "GET /?b=329337266 HTTP/1.1" 200 21080 "-" "Mozilla/5.0 (compatible; SemrushBot/7~bl; +http://www.semrush.com/bot.html)"
40.77.167.30 - - [25/Dec/2024:13:12:50 -0500] "GET /fvidp/k852072.html HTTP/1.1" 200 82179 "-" "Mozilla/5.0 AppleWebKit/537.36 (KHTML, like Gecko; compatible; bingbot/2.0; +http://www.bing.com/bingbot.htm) Chrome/116.0.1938.76 Safari/537.36"
66.29.132.124 - - [25/Dec/2024:13:12:57 -0500] "POST /wp-cron.php?doing_wp_cron=1735150377.4700579643249511718750 HTTP/1.1" 200 0 "-" "WordPress/6.7.1; https://blog.diixadigital.com"
52.167.144.208 - - [25/Dec/2024:13:12:57 -0500] "GET /payka/c828430.html HTTP/1.1" 200 80682 "-" "Mozilla/5.0 AppleWebKit/537.36 (KHTML, like Gecko; compatible; bingbot/2.0; +http://www.bing.com/bingbot.htm) Chrome/116.0.1938.76 Safari/537.36"
85.208.96.202 - - [25/Dec/2024:13:12:53 -0500] "GET /?b=174923466 HTTP/1.1" 200 21072 "-" "Mozilla/5.0 (compatible; SemrushBot/7~bl; +http://www.semrush.com/bot.html)"
66.29.132.124 - - [25/Dec/2024:13:13:01 -0500] "POST /wp-admin/admin-ajax.php?action=async_litespeed&nonce=299b0ba356&litespeed_type=imgoptm HTTP/1.1" 200 0 "-" "WordPress/6.7.1; https://blog.diixadigital.com"
185.191.171.5 - - [25/Dec/2024:13:13:06 -0500] "GET /?b=338742866 HTTP/1.1" 200 21068 "-" "Mozilla/5.0 (compatible; SemrushBot/7~bl; +http://www.semrush.com/bot.html)"
66.29.132.124 - - [25/Dec/2024:13:13:45 -0500] "POST /wp-cron.php?doing_wp_cron=1735150425.3902359008789062500000 HTTP/1.1" 200 0 "-" "WordPress/6.7.1; https://blog.diixadigital.com"
185.191.171.11 - - [25/Dec/2024:13:13:44 -0500] "GET /?b=319605966 HTTP/1.1" 200 21067 "-" "Mozilla/5.0 (compatible; SemrushBot/7~bl; +http://www.semrush.com/bot.html)"
66.29.132.124 - - [25/Dec/2024:13:14:14 -0500] "POST /wp-cron.php?doing_wp_cron=1735150454.2216958999633789062500 HTTP/1.1" 200 0 "-" "WordPress/6.7.1; https://blog.diixadigital.com"
185.191.171.6 - - [25/Dec/2024:13:14:13 -0500] "GET /?b=336447666 HTTP/1.1" 200 21063 "-" "Mozilla/5.0 (compatible; SemrushBot/7~bl; +http://www.semrush.com/bot.html)"
66.29.132.124 - - [25/Dec/2024:13:14:15 -0500] "POST /wp-admin/admin-ajax.php?action=async_litespeed&nonce=299b0ba356&litespeed_type=imgoptm HTTP/1.1" 200 0 "-" "WordPress/6.7.1; https://blog.diixadigital.com"
185.191.171.5 - - [25/Dec/2024:13:14:32 -0500] "GET /robots.txt HTTP/1.1" 200 139 "-" "Mozilla/5.0 (compatible; SemrushBot/7~bl; +http://www.semrush.com/bot.html)"
66.29.132.124 - - [25/Dec/2024:13:14:34 -0500] "POST /wp-cron.php?doing_wp_cron=1735150473.9971790313720703125000 HTTP/1.1" 200 0 "-" "WordPress/6.7.1; https://blog.diixadigital.com"
185.191.171.9 - - [25/Dec/2024:13:14:33 -0500] "GET /?b=264093466 HTTP/1.1" 200 21082 "-" "Mozilla/5.0 (compatible; SemrushBot/7~bl; +http://www.semrush.com/bot.html)"
66.29.132.124 - - [25/Dec/2024:13:14:49 -0500] "POST /wp-cron.php?doing_wp_cron=1735150489.6643669605255126953125 HTTP/1.1" 200 0 "-" "WordPress/6.7.1; https://blog.diixadigital.com"
185.191.171.17 - - [25/Dec/2024:13:14:48 -0500] "GET /?b=313763166 HTTP/1.1" 200 21076 "-" "Mozilla/5.0 (compatible; SemrushBot/7~bl; +http://www.semrush.com/bot.html)"
66.29.132.124 - - [25/Dec/2024:13:14:51 -0500] "POST /wp-admin/admin-ajax.php?action=async_litespeed&nonce=299b0ba356&litespeed_type=imgoptm HTTP/1.1" 200 0 "-" "WordPress/6.7.1; https://blog.diixadigital.com"
156.253.14.26 - - [25/Dec/2024:13:15:40 -0500] "GET /allsitemap.xml HTTP/1.1" 200 301 "-" "Mozilla/5.0 (Windows NT 10.0; Win64; x64) AppleWebKit/537.36 (KHTML, like Gecko) Chrome/109.0.0.0 Safari/537.36"
156.253.14.26 - - [25/Dec/2024:13:15:44 -0500] "GET /favicon.ico HTTP/1.1" 404 1251 "https://blog.diixadigital.com/allsitemap.xml" "Mozilla/5.0 (Windows NT 10.0; Win64; x64) AppleWebKit/537.36 (KHTML, like Gecko) Chrome/109.0.0.0 Safari/537.36"
66.29.132.124 - - [25/Dec/2024:13:15:47 -0500] "POST /wp-cron.php?doing_wp_cron=1735150547.0736169815063476562500 HTTP/1.1" 200 0 "-" "WordPress/6.7.1; https://blog.diixadigital.com"
185.191.171.10 - - [25/Dec/2024:13:15:46 -0500] "GET /?b=292488466 HTTP/1.1" 200 21075 "-" "Mozilla/5.0 (compatible; SemrushBot/7~bl; +http://www.semrush.com/bot.html)"
66.29.132.124 - - [25/Dec/2024:13:16:09 -0500] "POST /wp-cron.php?doing_wp_cron=1735150569.7750480175018310546875 HTTP/1.1" 200 0 "-" "WordPress/6.7.1; https://blog.diixadigital.com"
185.191.171.7 - - [25/Dec/2024:13:16:09 -0500] "GET /?b=125907666 HTTP/1.1" 200 21074 "-" "Mozilla/5.0 (compatible; SemrushBot/7~bl; +http://www.semrush.com/bot.html)"
66.29.132.124 - - [25/Dec/2024:13:16:10 -0500] "POST /wp-admin/admin-ajax.php?action=async_litespeed&nonce=299b0ba356&litespeed_type=imgoptm HTTP/1.1" 200 21 "-" "WordPress/6.7.1; https://blog.diixadigital.com"
185.191.171.2 - - [25/Dec/2024:13:16:13 -0500] "GET /?b=207958466 HTTP/1.1" 200 21062 "-" "Mozilla/5.0 (compatible; SemrushBot/7~bl; +http://www.semrush.com/bot.html)"
85.208.96.210 - - [25/Dec/2024:13:16:19 -0500] "GET /?b=112160066 HTTP/1.1" 200 21070 "-" "Mozilla/5.0 (compatible; SemrushBot/7~bl; +http://www.semrush.com/bot.html)"
66.29.132.124 - - [25/Dec/2024:13:16:22 -0500] "POST /wp-cron.php?doing_wp_cron=1735150582.5944828987121582031250 HTTP/1.1" 200 0 "-" "WordPress/6.7.1; https://blog.diixadigital.com"
185.191.171.7 - - [25/Dec/2024:13:16:22 -0500] "GET /?b=118463566 HTTP/1.1" 200 21084 "-" "Mozilla/5.0 (compatible; SemrushBot/7~bl; +http://www.semrush.com/bot.html)"
40.77.167.30 - - [25/Dec/2024:13:16:23 -0500] "GET /wijpx/r770907.html HTTP/1.1" 200 79753 "-" "Mozilla/5.0 AppleWebKit/537.36 (KHTML, like Gecko; compatible; bingbot/2.0; +http://www.bing.com/bingbot.htm) Chrome/116.0.1938.76 Safari/537.36"
185.191.171.19 - - [25/Dec/2024:13:16:25 -0500] "GET /?b=82552366 HTTP/1.1" 200 21084 "-" "Mozilla/5.0 (compatible; SemrushBot/7~bl; +http://www.semrush.com/bot.html)"
185.191.171.7 - - [25/Dec/2024:13:16:47 -0500] "GET /?b=29615166 HTTP/1.1" 200 21076 "-" "Mozilla/5.0 (compatible; SemrushBot/7~bl; +http://www.semrush.com/bot.html)"
40.77.167.30 - - [25/Dec/2024:13:17:09 -0500] "GET /jpfdc/i1485716.html HTTP/1.1" 200 80525 "-" "Mozilla/5.0 AppleWebKit/537.36 (KHTML, like Gecko; compatible; bingbot/2.0; +http://www.bing.com/bingbot.htm) Chrome/116.0.1938.76 Safari/537.36"
66.29.132.124 - - [25/Dec/2024:13:17:31 -0500] "POST /wp-cron.php?doing_wp_cron=1735150650.9692409038543701171875 HTTP/1.1" 200 0 "-" "WordPress/6.7.1; https://blog.diixadigital.com"
185.191.171.11 - - [25/Dec/2024:13:17:30 -0500] "GET /?b=314747866 HTTP/1.1" 200 21066 "-" "Mozilla/5.0 (compatible; SemrushBot/7~bl; +http://www.semrush.com/bot.html)"
66.29.132.124 - - [25/Dec/2024:13:17:33 -0500] "POST /wp-admin/admin-ajax.php?action=async_litespeed&nonce=299b0ba356&litespeed_type=imgoptm HTTP/1.1" 200 0 "-" "WordPress/6.7.1; https://blog.diixadigital.com"
52.167.144.208 - - [25/Dec/2024:13:17:58 -0500] "GET /raekm/y1372008.html HTTP/1.1" 200 79144 "-" "Mozilla/5.0 AppleWebKit/537.36 (KHTML, like Gecko; compatible; bingbot/2.0; +http://www.bing.com/bingbot.htm) Chrome/116.0.1938.76 Safari/537.36"
66.29.132.124 - - [25/Dec/2024:13:18:20 -0500] "POST /wp-cron.php?doing_wp_cron=1735150700.8745839595794677734375 HTTP/1.1" 200 0 "-" "WordPress/6.7.1; https://blog.diixadigital.com"
185.191.171.12 - - [25/Dec/2024:13:18:20 -0500] "GET /?b=23245566 HTTP/1.1" 200 21073 "-" "Mozilla/5.0 (compatible; SemrushBot/7~bl; +http://www.semrush.com/bot.html)"
66.29.132.124 - - [25/Dec/2024:13:18:21 -0500] "POST /wp-admin/admin-ajax.php?action=async_litespeed&nonce=299b0ba356&litespeed_type=imgoptm HTTP/1.1" 200 0 "-" "WordPress/6.7.1; https://blog.diixadigital.com"
66.29.132.124 - - [25/Dec/2024:13:18:52 -0500] "POST /wp-cron.php?doing_wp_cron=1735150731.5629720687866210937500 HTTP/1.1" 200 0 "-" "WordPress/6.7.1; https://blog.diixadigital.com"
