185.191.171.10 - - [25/Dec/2024:18:28:54 -0500] "GET /?b=182082166 HTTP/1.1" 200 21067 "-" "Mozilla/5.0 (compatible; SemrushBot/7~bl; +http://www.semrush.com/bot.html)"
66.29.132.124 - - [25/Dec/2024:18:28:54 -0500] "POST /wp-admin/admin-ajax.php?action=async_litespeed&nonce=299b0ba356&litespeed_type=imgoptm HTTP/1.1" 200 21 "-" "WordPress/6.7.1; https://blog.diixadigital.com"
185.191.171.11 - - [25/Dec/2024:18:28:57 -0500] "GET /?b=108947566 HTTP/1.1" 200 21068 "-" "Mozilla/5.0 (compatible; SemrushBot/7~bl; +http://www.semrush.com/bot.html)"
185.191.171.1 - - [25/Dec/2024:18:29:00 -0500] "GET /?b=169141466 HTTP/1.1" 200 21080 "-" "Mozilla/5.0 (compatible; SemrushBot/7~bl; +http://www.semrush.com/bot.html)"
185.191.171.11 - - [25/Dec/2024:18:29:03 -0500] "GET /?b=113863666 HTTP/1.1" 200 21068 "-" "Mozilla/5.0 (compatible; SemrushBot/7~bl; +http://www.semrush.com/bot.html)"
185.191.171.10 - - [25/Dec/2024:18:29:11 -0500] "GET /?b=344660666 HTTP/1.1" 200 21085 "-" "Mozilla/5.0 (compatible; SemrushBot/7~bl; +http://www.semrush.com/bot.html)"
185.191.171.10 - - [25/Dec/2024:18:29:13 -0500] "GET /?b=59264366 HTTP/1.1" 200 21074 "-" "Mozilla/5.0 (compatible; SemrushBot/7~bl; +http://www.semrush.com/bot.html)"
66.29.132.124 - - [25/Dec/2024:18:29:26 -0500] "POST /wp-cron.php?doing_wp_cron=1735169366.9290709495544433593750 HTTP/1.1" 200 0 "-" "WordPress/6.7.1; https://blog.diixadigital.com"
85.208.96.200 - - [25/Dec/2024:18:29:26 -0500] "GET /?b=350673466 HTTP/1.1" 200 21062 "-" "Mozilla/5.0 (compatible; SemrushBot/7~bl; +http://www.semrush.com/bot.html)"
85.208.96.201 - - [25/Dec/2024:18:29:37 -0500] "GET /?b=294675466 HTTP/1.1" 200 21069 "-" "Mozilla/5.0 (compatible; SemrushBot/7~bl; +http://www.semrush.com/bot.html)"
66.29.132.124 - - [25/Dec/2024:18:29:50 -0500] "POST /wp-cron.php?doing_wp_cron=1735169390.8553259372711181640625 HTTP/1.1" 200 0 "-" "WordPress/6.7.1; https://blog.diixadigital.com"
185.191.171.13 - - [25/Dec/2024:18:29:50 -0500] "GET /?b=61485566 HTTP/1.1" 200 21076 "-" "Mozilla/5.0 (compatible; SemrushBot/7~bl; +http://www.semrush.com/bot.html)"
66.29.132.124 - - [25/Dec/2024:18:29:51 -0500] "POST /wp-admin/admin-ajax.php?action=async_litespeed&nonce=299b0ba356&litespeed_type=imgoptm HTTP/1.1" 200 21 "-" "WordPress/6.7.1; https://blog.diixadigital.com"
85.208.96.206 - - [25/Dec/2024:18:30:15 -0500] "GET /?b=168307966 HTTP/1.1" 200 21078 "-" "Mozilla/5.0 (compatible; SemrushBot/7~bl; +http://www.semrush.com/bot.html)"
85.208.96.210 - - [25/Dec/2024:18:30:19 -0500] "GET /?b=280205366 HTTP/1.1" 200 21069 "-" "Mozilla/5.0 (compatible; SemrushBot/7~bl; +http://www.semrush.com/bot.html)"
66.29.132.124 - - [25/Dec/2024:18:30:27 -0500] "POST /wp-cron.php?doing_wp_cron=1735169427.3964118957519531250000 HTTP/1.1" 200 0 "-" "WordPress/6.7.1; https://blog.diixadigital.com"
185.191.171.6 - - [25/Dec/2024:18:30:27 -0500] "GET /?b=56808166 HTTP/1.1" 200 21058 "-" "Mozilla/5.0 (compatible; SemrushBot/7~bl; +http://www.semrush.com/bot.html)"
185.191.171.8 - - [25/Dec/2024:18:30:39 -0500] "GET /?b=212707366 HTTP/1.1" 200 21073 "-" "Mozilla/5.0 (compatible; SemrushBot/7~bl; +http://www.semrush.com/bot.html)"
66.29.132.124 - - [25/Dec/2024:18:31:05 -0500] "POST /wp-cron.php?doing_wp_cron=1735169465.9687979221343994140625 HTTP/1.1" 200 0 "-" "WordPress/6.7.1; https://blog.diixadigital.com"
85.208.96.198 - - [25/Dec/2024:18:31:05 -0500] "GET /?b=346473566 HTTP/1.1" 200 21053 "-" "Mozilla/5.0 (compatible; SemrushBot/7~bl; +http://www.semrush.com/bot.html)"
66.29.132.124 - - [25/Dec/2024:18:31:06 -0500] "POST /wp-admin/admin-ajax.php?action=async_litespeed&nonce=299b0ba356&litespeed_type=imgoptm HTTP/1.1" 200 21 "-" "WordPress/6.7.1; https://blog.diixadigital.com"
185.191.171.11 - - [25/Dec/2024:18:31:08 -0500] "GET /?b=323883066 HTTP/1.1" 200 21079 "-" "Mozilla/5.0 (compatible; SemrushBot/7~bl; +http://www.semrush.com/bot.html)"
66.29.132.124 - - [25/Dec/2024:18:31:25 -0500] "POST /wp-cron.php?doing_wp_cron=1735169485.4913649559020996093750 HTTP/1.1" 200 0 "-" "WordPress/6.7.1; https://blog.diixadigital.com"
85.208.96.201 - - [25/Dec/2024:18:31:25 -0500] "GET /?b=191498166 HTTP/1.1" 200 21057 "-" "Mozilla/5.0 (compatible; SemrushBot/7~bl; +http://www.semrush.com/bot.html)"
85.208.96.198 - - [25/Dec/2024:18:31:42 -0500] "GET /?b=82962166 HTTP/1.1" 200 21072 "-" "Mozilla/5.0 (compatible; SemrushBot/7~bl; +http://www.semrush.com/bot.html)"
85.208.96.205 - - [25/Dec/2024:18:31:47 -0500] "GET /?b=88909166 HTTP/1.1" 200 21075 "-" "Mozilla/5.0 (compatible; SemrushBot/7~bl; +http://www.semrush.com/bot.html)"
66.29.132.124 - - [25/Dec/2024:18:32:03 -0500] "POST /wp-cron.php?doing_wp_cron=1735169523.7071239948272705078125 HTTP/1.1" 200 0 "-" "WordPress/6.7.1; https://blog.diixadigital.com"
85.208.96.199 - - [25/Dec/2024:18:32:03 -0500] "GET /?b=51715866 HTTP/1.1" 200 21062 "-" "Mozilla/5.0 (compatible; SemrushBot/7~bl; +http://www.semrush.com/bot.html)"
66.29.132.124 - - [25/Dec/2024:18:32:03 -0500] "POST /wp-admin/admin-ajax.php?action=async_litespeed&nonce=299b0ba356&litespeed_type=imgoptm HTTP/1.1" 200 21 "-" "WordPress/6.7.1; https://blog.diixadigital.com"
85.208.96.212 - - [25/Dec/2024:18:32:19 -0500] "GET /?b=9132866 HTTP/1.1" 200 21073 "-" "Mozilla/5.0 (compatible; SemrushBot/7~bl; +http://www.semrush.com/bot.html)"
66.29.132.124 - - [25/Dec/2024:18:32:48 -0500] "POST /wp-cron.php?doing_wp_cron=1735169568.8402879238128662109375 HTTP/1.1" 200 0 "-" "WordPress/6.7.1; https://blog.diixadigital.com"
85.208.96.198 - - [25/Dec/2024:18:32:48 -0500] "GET /?b=10707466 HTTP/1.1" 200 21084 "-" "Mozilla/5.0 (compatible; SemrushBot/7~bl; +http://www.semrush.com/bot.html)"
66.29.132.124 - - [25/Dec/2024:18:32:53 -0500] "POST /wp-cron.php?doing_wp_cron=1735169573.5532889366149902343750 HTTP/1.1" 200 0 "-" "WordPress/6.7.1; https://blog.diixadigital.com"
185.191.171.19 - - [25/Dec/2024:18:32:53 -0500] "GET /?b=297752366 HTTP/1.1" 200 21071 "-" "Mozilla/5.0 (compatible; SemrushBot/7~bl; +http://www.semrush.com/bot.html)"
66.29.132.124 - - [25/Dec/2024:18:32:53 -0500] "POST /wp-admin/admin-ajax.php?action=async_litespeed&nonce=299b0ba356&litespeed_type=imgoptm HTTP/1.1" 200 21 "-" "WordPress/6.7.1; https://blog.diixadigital.com"
85.208.96.207 - - [25/Dec/2024:18:33:05 -0500] "GET /?b=43931366 HTTP/1.1" 200 21067 "-" "Mozilla/5.0 (compatible; SemrushBot/7~bl; +http://www.semrush.com/bot.html)"
185.191.171.14 - - [25/Dec/2024:18:33:15 -0500] "GET /?b=146303466 HTTP/1.1" 200 21067 "-" "Mozilla/5.0 (compatible; SemrushBot/7~bl; +http://www.semrush.com/bot.html)"
85.208.96.197 - - [25/Dec/2024:18:33:17 -0500] "GET /?b=204868266 HTTP/1.1" 200 21052 "-" "Mozilla/5.0 (compatible; SemrushBot/7~bl; +http://www.semrush.com/bot.html)"
85.208.96.202 - - [25/Dec/2024:18:33:21 -0500] "GET /?b=177456066 HTTP/1.1" 200 21076 "-" "Mozilla/5.0 (compatible; SemrushBot/7~bl; +http://www.semrush.com/bot.html)"
66.29.132.124 - - [25/Dec/2024:18:33:26 -0500] "POST /wp-cron.php?doing_wp_cron=1735169606.5987660884857177734375 HTTP/1.1" 200 0 "-" "WordPress/6.7.1; https://blog.diixadigital.com"
85.208.96.207 - - [25/Dec/2024:18:33:26 -0500] "GET /?b=329715366 HTTP/1.1" 200 21072 "-" "Mozilla/5.0 (compatible; SemrushBot/7~bl; +http://www.semrush.com/bot.html)"
85.208.96.209 - - [25/Dec/2024:18:33:35 -0500] "GET /?b=35567166 HTTP/1.1" 200 21071 "-" "Mozilla/5.0 (compatible; SemrushBot/7~bl; +http://www.semrush.com/bot.html)"
66.29.132.124 - - [25/Dec/2024:18:33:59 -0500] "POST /wp-cron.php?doing_wp_cron=1735169639.9151370525360107421875 HTTP/1.1" 200 0 "-" "WordPress/6.7.1; https://blog.diixadigital.com"
85.208.96.207 - - [25/Dec/2024:18:33:59 -0500] "GET /?b=108086866 HTTP/1.1" 200 21066 "-" "Mozilla/5.0 (compatible; SemrushBot/7~bl; +http://www.semrush.com/bot.html)"
66.29.132.124 - - [25/Dec/2024:18:34:00 -0500] "POST /wp-admin/admin-ajax.php?action=async_litespeed&nonce=299b0ba356&litespeed_type=imgoptm HTTP/1.1" 200 21 "-" "WordPress/6.7.1; https://blog.diixadigital.com"
185.191.171.15 - - [25/Dec/2024:18:34:17 -0500] "GET /?b=311798966 HTTP/1.1" 200 21073 "-" "Mozilla/5.0 (compatible; SemrushBot/7~bl; +http://www.semrush.com/bot.html)"
66.29.132.124 - - [25/Dec/2024:18:34:25 -0500] "POST /wp-cron.php?doing_wp_cron=1735169665.2919449806213378906250 HTTP/1.1" 200 0 "-" "WordPress/6.7.1; https://blog.diixadigital.com"
85.208.96.199 - - [25/Dec/2024:18:34:25 -0500] "GET /?b=187717866 HTTP/1.1" 200 21067 "-" "Mozilla/5.0 (compatible; SemrushBot/7~bl; +http://www.semrush.com/bot.html)"
185.191.171.9 - - [25/Dec/2024:18:34:39 -0500] "GET /?b=44359466 HTTP/1.1" 200 21062 "-" "Mozilla/5.0 (compatible; SemrushBot/7~bl; +http://www.semrush.com/bot.html)"
185.191.171.12 - - [25/Dec/2024:18:34:42 -0500] "GET /?b=303504966 HTTP/1.1" 200 21062 "-" "Mozilla/5.0 (compatible; SemrushBot/7~bl; +http://www.semrush.com/bot.html)"
66.29.132.124 - - [25/Dec/2024:18:34:57 -0500] "POST /wp-cron.php?doing_wp_cron=1735169697.4945719242095947265625 HTTP/1.1" 200 0 "-" "WordPress/6.7.1; https://blog.diixadigital.com"
185.191.171.11 - - [25/Dec/2024:18:34:57 -0500] "GET /?b=157066766 HTTP/1.1" 200 21078 "-" "Mozilla/5.0 (compatible; SemrushBot/7~bl; +http://www.semrush.com/bot.html)"
66.29.132.124 - - [25/Dec/2024:18:34:57 -0500] "POST /wp-admin/admin-ajax.php?action=async_litespeed&nonce=299b0ba356&litespeed_type=imgoptm HTTP/1.1" 200 21 "-" "WordPress/6.7.1; https://blog.diixadigital.com"
85.208.96.210 - - [25/Dec/2024:18:35:06 -0500] "GET /?b=260345366 HTTP/1.1" 200 21060 "-" "Mozilla/5.0 (compatible; SemrushBot/7~bl; +http://www.semrush.com/bot.html)"
66.29.132.124 - - [25/Dec/2024:18:35:25 -0500] "POST /wp-cron.php?doing_wp_cron=1735169725.8001189231872558593750 HTTP/1.1" 200 0 "-" "WordPress/6.7.1; https://blog.diixadigital.com"
185.191.171.14 - - [25/Dec/2024:18:35:25 -0500] "GET /?b=242071066 HTTP/1.1" 200 21086 "-" "Mozilla/5.0 (compatible; SemrushBot/7~bl; +http://www.semrush.com/bot.html)"
185.191.171.8 - - [25/Dec/2024:18:35:28 -0500] "GET /?b=319458866 HTTP/1.1" 200 21068 "-" "Mozilla/5.0 (compatible; SemrushBot/7~bl; +http://www.semrush.com/bot.html)"
66.29.132.124 - - [25/Dec/2024:18:35:52 -0500] "POST /wp-cron.php?doing_wp_cron=1735169752.6748330593109130859375 HTTP/1.1" 200 0 "-" "WordPress/6.7.1; https://blog.diixadigital.com"
85.208.96.208 - - [25/Dec/2024:18:35:52 -0500] "GET /?b=226055266 HTTP/1.1" 200 21072 "-" "Mozilla/5.0 (compatible; SemrushBot/7~bl; +http://www.semrush.com/bot.html)"
66.29.132.124 - - [25/Dec/2024:18:35:52 -0500] "POST /wp-admin/admin-ajax.php?action=async_litespeed&nonce=299b0ba356&litespeed_type=imgoptm HTTP/1.1" 200 21 "-" "WordPress/6.7.1; https://blog.diixadigital.com"
85.208.96.195 - - [25/Dec/2024:18:35:57 -0500] "GET /?b=315718566 HTTP/1.1" 200 21070 "-" "Mozilla/5.0 (compatible; SemrushBot/7~bl; +http://www.semrush.com/bot.html)"
66.29.132.124 - - [25/Dec/2024:18:36:28 -0500] "POST /wp-cron.php?doing_wp_cron=1735169788.8371400833129882812500 HTTP/1.1" 200 0 "-" "WordPress/6.7.1; https://blog.diixadigital.com"
85.208.96.208 - - [25/Dec/2024:18:36:28 -0500] "GET /?b=129588666 HTTP/1.1" 200 21071 "-" "Mozilla/5.0 (compatible; SemrushBot/7~bl; +http://www.semrush.com/bot.html)"
66.29.132.124 - - [25/Dec/2024:18:36:51 -0500] "POST /wp-cron.php?doing_wp_cron=1735169811.1164939403533935546875 HTTP/1.1" 200 0 "-" "WordPress/6.7.1; https://blog.diixadigital.com"
85.208.96.200 - - [25/Dec/2024:18:36:50 -0500] "GET /?b=329102066 HTTP/1.1" 200 21067 "-" "Mozilla/5.0 (compatible; SemrushBot/7~bl; +http://www.semrush.com/bot.html)"
66.29.132.124 - - [25/Dec/2024:18:36:51 -0500] "POST /wp-admin/admin-ajax.php?action=async_litespeed&nonce=299b0ba356&litespeed_type=imgoptm HTTP/1.1" 200 21 "-" "WordPress/6.7.1; https://blog.diixadigital.com"
85.208.96.208 - - [25/Dec/2024:18:37:05 -0500] "GET /?b=219350666 HTTP/1.1" 200 21065 "-" "Mozilla/5.0 (compatible; SemrushBot/7~bl; +http://www.semrush.com/bot.html)"
185.191.171.8 - - [25/Dec/2024:18:37:13 -0500] "GET /?b=19403066 HTTP/1.1" 200 21082 "-" "Mozilla/5.0 (compatible; SemrushBot/7~bl; +http://www.semrush.com/bot.html)"
185.191.171.8 - - [25/Dec/2024:18:37:16 -0500] "GET /?b=51530666 HTTP/1.1" 200 21064 "-" "Mozilla/5.0 (compatible; SemrushBot/7~bl; +http://www.semrush.com/bot.html)"
85.208.96.208 - - [25/Dec/2024:18:37:21 -0500] "GET /?b=171406366 HTTP/1.1" 200 21073 "-" "Mozilla/5.0 (compatible; SemrushBot/7~bl; +http://www.semrush.com/bot.html)"
66.29.132.124 - - [25/Dec/2024:18:37:33 -0500] "POST /wp-cron.php?doing_wp_cron=1735169853.4895260334014892578125 HTTP/1.1" 200 0 "-" "WordPress/6.7.1; https://blog.diixadigital.com"
85.208.96.196 - - [25/Dec/2024:18:37:33 -0500] "GET /?b=181079266 HTTP/1.1" 200 21064 "-" "Mozilla/5.0 (compatible; SemrushBot/7~bl; +http://www.semrush.com/bot.html)"
66.29.132.124 - - [25/Dec/2024:18:38:14 -0500] "POST /wp-cron.php?doing_wp_cron=1735169894.2540559768676757812500 HTTP/1.1" 200 0 "-" "WordPress/6.7.1; https://blog.diixadigital.com"
185.191.171.14 - - [25/Dec/2024:18:38:14 -0500] "GET /?b=33178766 HTTP/1.1" 200 21069 "-" "Mozilla/5.0 (compatible; SemrushBot/7~bl; +http://www.semrush.com/bot.html)"
66.29.132.124 - - [25/Dec/2024:18:38:14 -0500] "POST /wp-admin/admin-ajax.php?action=async_litespeed&nonce=299b0ba356&litespeed_type=imgoptm HTTP/1.1" 200 21 "-" "WordPress/6.7.1; https://blog.diixadigital.com"
85.208.96.212 - - [25/Dec/2024:18:38:16 -0500] "GET /?b=206248966 HTTP/1.1" 200 21065 "-" "Mozilla/5.0 (compatible; SemrushBot/7~bl; +http://www.semrush.com/bot.html)"
185.191.171.12 - - [25/Dec/2024:18:38:19 -0500] "GET /?b=55843666 HTTP/1.1" 200 21074 "-" "Mozilla/5.0 (compatible; SemrushBot/7~bl; +http://www.semrush.com/bot.html)"
66.29.132.124 - - [25/Dec/2024:18:38:28 -0500] "POST /wp-cron.php?doing_wp_cron=1735169908.1492159366607666015625 HTTP/1.1" 200 0 "-" "WordPress/6.7.1; https://blog.diixadigital.com"
85.208.96.211 - - [25/Dec/2024:18:38:28 -0500] "GET /robots.txt HTTP/1.1" 200 139 "-" "Mozilla/5.0 (compatible; SemrushBot/7~bl; +http://www.semrush.com/bot.html)"
85.208.96.201 - - [25/Dec/2024:18:38:27 -0500] "GET /?b=30035166 HTTP/1.1" 200 21066 "-" "Mozilla/5.0 (compatible; SemrushBot/7~bl; +http://www.semrush.com/bot.html)"
85.208.96.199 - - [25/Dec/2024:18:38:29 -0500] "GET /?b=355839066 HTTP/1.1" 200 21070 "-" "Mozilla/5.0 (compatible; SemrushBot/7~bl; +http://www.semrush.com/bot.html)"
185.191.171.11 - - [25/Dec/2024:18:38:37 -0500] "GET /?b=170001266 HTTP/1.1" 200 21064 "-" "Mozilla/5.0 (compatible; SemrushBot/7~bl; +http://www.semrush.com/bot.html)"
66.29.132.124 - - [25/Dec/2024:18:38:52 -0500] "POST /wp-cron.php?doing_wp_cron=1735169932.3456239700317382812500 HTTP/1.1" 200 0 "-" "WordPress/6.7.1; https://blog.diixadigital.com"
85.208.96.212 - - [25/Dec/2024:18:38:52 -0500] "GET /?b=101844766 HTTP/1.1" 200 21068 "-" "Mozilla/5.0 (compatible; SemrushBot/7~bl; +http://www.semrush.com/bot.html)"
66.29.132.124 - - [25/Dec/2024:18:38:52 -0500] "POST /wp-admin/admin-ajax.php?action=async_litespeed&nonce=299b0ba356&litespeed_type=imgoptm HTTP/1.1" 200 21 "-" "WordPress/6.7.1; https://blog.diixadigital.com"
85.208.96.197 - - [25/Dec/2024:18:39:19 -0500] "GET /?b=236197266 HTTP/1.1" 200 21065 "-" "Mozilla/5.0 (compatible; SemrushBot/7~bl; +http://www.semrush.com/bot.html)"
66.29.132.124 - - [25/Dec/2024:18:39:25 -0500] "POST /wp-cron.php?doing_wp_cron=1735169965.4434130191802978515625 HTTP/1.1" 200 0 "-" "WordPress/6.7.1; https://blog.diixadigital.com"
185.191.171.17 - - [25/Dec/2024:18:39:25 -0500] "GET /?b=113636166 HTTP/1.1" 200 21062 "-" "Mozilla/5.0 (compatible; SemrushBot/7~bl; +http://www.semrush.com/bot.html)"
185.191.171.17 - - [25/Dec/2024:18:39:28 -0500] "GET /?b=269591466 HTTP/1.1" 200 21070 "-" "Mozilla/5.0 (compatible; SemrushBot/7~bl; +http://www.semrush.com/bot.html)"
85.208.96.199 - - [25/Dec/2024:18:39:30 -0500] "GET /?b=296345466 HTTP/1.1" 200 21070 "-" "Mozilla/5.0 (compatible; SemrushBot/7~bl; +http://www.semrush.com/bot.html)"
185.191.171.1 - - [25/Dec/2024:18:39:45 -0500] "GET /?b=373566 HTTP/1.1" 200 21070 "-" "Mozilla/5.0 (compatible; SemrushBot/7~bl; +http://www.semrush.com/bot.html)"
66.29.132.124 - - [25/Dec/2024:18:39:55 -0500] "POST /wp-cron.php?doing_wp_cron=1735169995.6902990341186523437500 HTTP/1.1" 200 0 "-" "WordPress/6.7.1; https://blog.diixadigital.com"
185.191.171.13 - - [25/Dec/2024:18:39:55 -0500] "GET /?b=88428566 HTTP/1.1" 200 21069 "-" "Mozilla/5.0 (compatible; SemrushBot/7~bl; +http://www.semrush.com/bot.html)"
66.29.132.124 - - [25/Dec/2024:18:39:55 -0500] "POST /wp-admin/admin-ajax.php?action=async_litespeed&nonce=299b0ba356&litespeed_type=imgoptm HTTP/1.1" 200 21 "-" "WordPress/6.7.1; https://blog.diixadigital.com"
66.29.132.124 - - [25/Dec/2024:18:40:45 -0500] "POST /wp-cron.php?doing_wp_cron=1735170045.7725551128387451171875 HTTP/1.1" 200 0 "-" "WordPress/6.7.1; https://blog.diixadigital.com"
85.208.96.209 - - [25/Dec/2024:18:40:45 -0500] "GET /?b=230161766 HTTP/1.1" 200 21073 "-" "Mozilla/5.0 (compatible; SemrushBot/7~bl; +http://www.semrush.com/bot.html)"
66.29.132.124 - - [25/Dec/2024:18:40:54 -0500] "POST /wp-cron.php?doing_wp_cron=1735170054.1855781078338623046875 HTTP/1.1" 200 0 "-" "WordPress/6.7.1; https://blog.diixadigital.com"
85.208.96.204 - - [25/Dec/2024:18:40:53 -0500] "GET /?b=301805366 HTTP/1.1" 200 21062 "-" "Mozilla/5.0 (compatible; SemrushBot/7~bl; +http://www.semrush.com/bot.html)"
66.29.132.124 - - [25/Dec/2024:18:40:54 -0500] "POST /wp-admin/admin-ajax.php?action=async_litespeed&nonce=299b0ba356&litespeed_type=imgoptm HTTP/1.1" 200 21 "-" "WordPress/6.7.1; https://blog.diixadigital.com"
85.208.96.193 - - [25/Dec/2024:18:41:06 -0500] "GET /?b=329715166 HTTP/1.1" 200 21056 "-" "Mozilla/5.0 (compatible; SemrushBot/7~bl; +http://www.semrush.com/bot.html)"
85.208.96.212 - - [25/Dec/2024:18:41:16 -0500] "GET /?b=61238766 HTTP/1.1" 200 21053 "-" "Mozilla/5.0 (compatible; SemrushBot/7~bl; +http://www.semrush.com/bot.html)"
185.191.171.18 - - [25/Dec/2024:18:41:19 -0500] "GET /?b=348000766 HTTP/1.1" 200 21050 "-" "Mozilla/5.0 (compatible; SemrushBot/7~bl; +http://www.semrush.com/bot.html)"
66.29.132.124 - - [25/Dec/2024:18:41:29 -0500] "POST /wp-cron.php?doing_wp_cron=1735170089.5001709461212158203125 HTTP/1.1" 200 0 "-" "WordPress/6.7.1; https://blog.diixadigital.com"
185.191.171.2 - - [25/Dec/2024:18:41:29 -0500] "GET /?b=146234366 HTTP/1.1" 200 21065 "-" "Mozilla/5.0 (compatible; SemrushBot/7~bl; +http://www.semrush.com/bot.html)"
85.208.96.206 - - [25/Dec/2024:18:41:34 -0500] "GET /?b=336882466 HTTP/1.1" 200 21066 "-" "Mozilla/5.0 (compatible; SemrushBot/7~bl; +http://www.semrush.com/bot.html)"
52.167.144.194 - - [25/Dec/2024:18:41:49 -0500] "GET /lmlk/q2423570.html HTTP/1.1" 200 80014 "-" "Mozilla/5.0 AppleWebKit/537.36 (KHTML, like Gecko; compatible; bingbot/2.0; +http://www.bing.com/bingbot.htm) Chrome/116.0.1938.76 Safari/537.36"
66.29.132.124 - - [25/Dec/2024:18:42:00 -0500] "POST /wp-cron.php?doing_wp_cron=1735170120.2094509601593017578125 HTTP/1.1" 200 0 "-" "WordPress/6.7.1; https://blog.diixadigital.com"
85.208.96.195 - - [25/Dec/2024:18:42:00 -0500] "GET /?b=254824666 HTTP/1.1" 200 21060 "-" "Mozilla/5.0 (compatible; SemrushBot/7~bl; +http://www.semrush.com/bot.html)"
66.29.132.124 - - [25/Dec/2024:18:42:00 -0500] "POST /wp-admin/admin-ajax.php?action=async_litespeed&nonce=299b0ba356&litespeed_type=imgoptm HTTP/1.1" 200 21 "-" "WordPress/6.7.1; https://blog.diixadigital.com"
185.191.171.14 - - [25/Dec/2024:18:42:17 -0500] "GET /?b=164668966 HTTP/1.1" 200 21056 "-" "Mozilla/5.0 (compatible; SemrushBot/7~bl; +http://www.semrush.com/bot.html)"
66.29.132.124 - - [25/Dec/2024:18:42:25 -0500] "POST /wp-cron.php?doing_wp_cron=1735170145.6935150623321533203125 HTTP/1.1" 200 0 "-" "WordPress/6.7.1; https://blog.diixadigital.com"
85.208.96.198 - - [25/Dec/2024:18:42:25 -0500] "GET /?b=194629566 HTTP/1.1" 200 21071 "-" "Mozilla/5.0 (compatible; SemrushBot/7~bl; +http://www.semrush.com/bot.html)"
85.208.96.198 - - [25/Dec/2024:18:42:35 -0500] "GET /?b=43502866 HTTP/1.1" 200 21073 "-" "Mozilla/5.0 (compatible; SemrushBot/7~bl; +http://www.semrush.com/bot.html)"
85.208.96.208 - - [25/Dec/2024:18:42:37 -0500] "GET /?b=340760966 HTTP/1.1" 200 21059 "-" "Mozilla/5.0 (compatible; SemrushBot/7~bl; +http://www.semrush.com/bot.html)"
185.191.171.13 - - [25/Dec/2024:18:42:46 -0500] "GET /?b=79857066 HTTP/1.1" 200 21063 "-" "Mozilla/5.0 (compatible; SemrushBot/7~bl; +http://www.semrush.com/bot.html)"
40.77.167.61 - - [25/Dec/2024:18:42:56 -0500] "GET /gkhtw/f569213.html HTTP/1.1" 200 80453 "-" "Mozilla/5.0 AppleWebKit/537.36 (KHTML, like Gecko; compatible; bingbot/2.0; +http://www.bing.com/bingbot.htm) Chrome/116.0.1938.76 Safari/537.36"
66.29.132.124 - - [25/Dec/2024:18:42:58 -0500] "POST /wp-cron.php?doing_wp_cron=1735170178.0284171104431152343750 HTTP/1.1" 200 0 "-" "WordPress/6.7.1; https://blog.diixadigital.com"
85.208.96.193 - - [25/Dec/2024:18:42:57 -0500] "GET /?b=24027366 HTTP/1.1" 200 21066 "-" "Mozilla/5.0 (compatible; SemrushBot/7~bl; +http://www.semrush.com/bot.html)"
66.29.132.124 - - [25/Dec/2024:18:42:58 -0500] "POST /wp-admin/admin-ajax.php?action=async_litespeed&nonce=299b0ba356&litespeed_type=imgoptm HTTP/1.1" 200 21 "-" "WordPress/6.7.1; https://blog.diixadigital.com"
40.77.167.65 - - [25/Dec/2024:18:43:22 -0500] "GET /yuflf/w946542.html HTTP/1.1" 200 79423 "-" "Mozilla/5.0 AppleWebKit/537.36 (KHTML, like Gecko; compatible; bingbot/2.0; +http://www.bing.com/bingbot.htm) Chrome/116.0.1938.76 Safari/537.36"
66.29.132.124 - - [25/Dec/2024:18:43:27 -0500] "POST /wp-cron.php?doing_wp_cron=1735170207.6246581077575683593750 HTTP/1.1" 200 0 "-" "WordPress/6.7.1; https://blog.diixadigital.com"
85.208.96.199 - - [25/Dec/2024:18:43:27 -0500] "GET /?b=129744866 HTTP/1.1" 200 21064 "-" "Mozilla/5.0 (compatible; SemrushBot/7~bl; +http://www.semrush.com/bot.html)"
85.208.96.194 - - [25/Dec/2024:18:43:29 -0500] "GET /?b=234682066 HTTP/1.1" 200 21067 "-" "Mozilla/5.0 (compatible; SemrushBot/7~bl; +http://www.semrush.com/bot.html)"
185.191.171.13 - - [25/Dec/2024:18:43:33 -0500] "GET /?b=68063166 HTTP/1.1" 200 21065 "-" "Mozilla/5.0 (compatible; SemrushBot/7~bl; +http://www.semrush.com/bot.html)"
40.77.167.65 - - [25/Dec/2024:18:43:43 -0500] "GET /wmoxf/f1797531.html HTTP/1.1" 200 80748 "-" "Mozilla/5.0 AppleWebKit/537.36 (KHTML, like Gecko; compatible; bingbot/2.0; +http://www.bing.com/bingbot.htm) Chrome/116.0.1938.76 Safari/537.36"
185.191.171.13 - - [25/Dec/2024:18:43:48 -0500] "GET /?b=283971766 HTTP/1.1" 200 21065 "-" "Mozilla/5.0 (compatible; SemrushBot/7~bl; +http://www.semrush.com/bot.html)"
66.29.132.124 - - [25/Dec/2024:18:43:50 -0500] "POST /wp-cron.php?doing_wp_cron=1735170230.6849670410156250000000 HTTP/1.1" 200 0 "-" "WordPress/6.7.1; https://blog.diixadigital.com"
85.208.96.198 - - [25/Dec/2024:18:43:50 -0500] "GET /?b=209880766 HTTP/1.1" 200 21061 "-" "Mozilla/5.0 (compatible; SemrushBot/7~bl; +http://www.semrush.com/bot.html)"
66.29.132.124 - - [25/Dec/2024:18:43:50 -0500] "POST /wp-admin/admin-ajax.php?action=async_litespeed&nonce=299b0ba356&litespeed_type=imgoptm HTTP/1.1" 200 21 "-" "WordPress/6.7.1; https://blog.diixadigital.com"
85.208.96.196 - - [25/Dec/2024:18:44:10 -0500] "GET /?b=354185066 HTTP/1.1" 200 21079 "-" "Mozilla/5.0 (compatible; SemrushBot/7~bl; +http://www.semrush.com/bot.html)"
52.167.144.194 - - [25/Dec/2024:18:44:40 -0500] "GET /ribnm/v1693625.html HTTP/1.1" 200 79212 "-" "Mozilla/5.0 AppleWebKit/537.36 (KHTML, like Gecko; compatible; bingbot/2.0; +http://www.bing.com/bingbot.htm) Chrome/116.0.1938.76 Safari/537.36"
52.167.144.194 - - [25/Dec/2024:18:44:50 -0500] "GET /utswu/y2607112.html HTTP/1.1" 200 80438 "-" "Mozilla/5.0 AppleWebKit/537.36 (KHTML, like Gecko; compatible; bingbot/2.0; +http://www.bing.com/bingbot.htm) Chrome/116.0.1938.76 Safari/537.36"
66.29.132.124 - - [25/Dec/2024:18:44:57 -0500] "POST /wp-cron.php?doing_wp_cron=1735170297.5314490795135498046875 HTTP/1.1" 200 0 "-" "WordPress/6.7.1; https://blog.diixadigital.com"
85.208.96.207 - - [25/Dec/2024:18:44:57 -0500] "GET /?b=81928166 HTTP/1.1" 200 21087 "-" "Mozilla/5.0 (compatible; SemrushBot/7~bl; +http://www.semrush.com/bot.html)"
66.29.132.124 - - [25/Dec/2024:18:44:57 -0500] "POST /wp-admin/admin-ajax.php?action=async_litespeed&nonce=299b0ba356&litespeed_type=imgoptm HTTP/1.1" 200 21 "-" "WordPress/6.7.1; https://blog.diixadigital.com"
85.208.96.196 - - [25/Dec/2024:18:44:59 -0500] "GET /?b=99496666 HTTP/1.1" 200 21064 "-" "Mozilla/5.0 (compatible; SemrushBot/7~bl; +http://www.semrush.com/bot.html)"
66.29.132.124 - - [25/Dec/2024:18:45:30 -0500] "POST /wp-cron.php?doing_wp_cron=1735170330.2908849716186523437500 HTTP/1.1" 200 0 "-" "WordPress/6.7.1; https://blog.diixadigital.com"
185.191.171.13 - - [25/Dec/2024:18:45:30 -0500] "GET /?b=320024966 HTTP/1.1" 200 21058 "-" "Mozilla/5.0 (compatible; SemrushBot/7~bl; +http://www.semrush.com/bot.html)"
185.191.171.14 - - [25/Dec/2024:18:45:33 -0500] "GET /?b=286641966 HTTP/1.1" 200 21075 "-" "Mozilla/5.0 (compatible; SemrushBot/7~bl; +http://www.semrush.com/bot.html)"
185.191.171.2 - - [25/Dec/2024:18:45:36 -0500] "GET /?b=33642866 HTTP/1.1" 200 21069 "-" "Mozilla/5.0 (compatible; SemrushBot/7~bl; +http://www.semrush.com/bot.html)"
85.208.96.208 - - [25/Dec/2024:18:45:39 -0500] "GET /?b=256590166 HTTP/1.1" 200 21067 "-" "Mozilla/5.0 (compatible; SemrushBot/7~bl; +http://www.semrush.com/bot.html)"
185.191.171.3 - - [25/Dec/2024:18:45:41 -0500] "GET /?b=142955066 HTTP/1.1" 200 21057 "-" "Mozilla/5.0 (compatible; SemrushBot/7~bl; +http://www.semrush.com/bot.html)"
185.191.171.2 - - [25/Dec/2024:18:45:44 -0500] "GET /?b=103900066 HTTP/1.1" 200 21073 "-" "Mozilla/5.0 (compatible; SemrushBot/7~bl; +http://www.semrush.com/bot.html)"
66.29.132.124 - - [25/Dec/2024:18:46:30 -0500] "POST /wp-cron.php?doing_wp_cron=1735170390.4937250614166259765625 HTTP/1.1" 200 0 "-" "WordPress/6.7.1; https://blog.diixadigital.com"
185.191.171.11 - - [25/Dec/2024:18:46:30 -0500] "GET /?b=174466966 HTTP/1.1" 200 21066 "-" "Mozilla/5.0 (compatible; SemrushBot/7~bl; +http://www.semrush.com/bot.html)"
66.29.132.124 - - [25/Dec/2024:18:46:30 -0500] "POST /wp-admin/admin-ajax.php?action=async_litespeed&nonce=299b0ba356&litespeed_type=imgoptm HTTP/1.1" 200 21 "-" "WordPress/6.7.1; https://blog.diixadigital.com"
185.191.171.2 - - [25/Dec/2024:18:46:33 -0500] "GET /?b=344925866 HTTP/1.1" 200 21068 "-" "Mozilla/5.0 (compatible; SemrushBot/7~bl; +http://www.semrush.com/bot.html)"
85.208.96.206 - - [25/Dec/2024:18:46:36 -0500] "GET /?b=232370566 HTTP/1.1" 200 21069 "-" "Mozilla/5.0 (compatible; SemrushBot/7~bl; +http://www.semrush.com/bot.html)"
185.191.171.8 - - [25/Dec/2024:18:46:39 -0500] "GET /?b=36598366 HTTP/1.1" 200 21061 "-" "Mozilla/5.0 (compatible; SemrushBot/7~bl; +http://www.semrush.com/bot.html)"
52.167.144.194 - - [25/Dec/2024:18:46:40 -0500] "GET /owbui/e329128.html HTTP/1.1" 200 79481 "-" "Mozilla/5.0 AppleWebKit/537.36 (KHTML, like Gecko; compatible; bingbot/2.0; +http://www.bing.com/bingbot.htm) Chrome/116.0.1938.76 Safari/537.36"
66.29.132.124 - - [25/Dec/2024:18:46:51 -0500] "POST /wp-cron.php?doing_wp_cron=1735170411.4122090339660644531250 HTTP/1.1" 200 0 "-" "WordPress/6.7.1; https://blog.diixadigital.com"
185.191.171.2 - - [25/Dec/2024:18:46:51 -0500] "GET /?b=86754466 HTTP/1.1" 200 21072 "-" "Mozilla/5.0 (compatible; SemrushBot/7~bl; +http://www.semrush.com/bot.html)"
66.29.132.124 - - [25/Dec/2024:18:46:51 -0500] "POST /wp-admin/admin-ajax.php?action=async_litespeed&nonce=299b0ba356&litespeed_type=imgoptm HTTP/1.1" 200 21 "-" "WordPress/6.7.1; https://blog.diixadigital.com"
185.191.171.4 - - [25/Dec/2024:18:47:01 -0500] "GET /?b=311882766 HTTP/1.1" 200 21057 "-" "Mozilla/5.0 (compatible; SemrushBot/7~bl; +http://www.semrush.com/bot.html)"
52.167.144.194 - - [25/Dec/2024:18:47:20 -0500] "GET /vnqst/n1242517.html HTTP/1.1" 200 81378 "-" "Mozilla/5.0 AppleWebKit/537.36 (KHTML, like Gecko; compatible; bingbot/2.0; +http://www.bing.com/bingbot.htm) Chrome/116.0.1938.76 Safari/537.36"
52.167.144.194 - - [25/Dec/2024:18:47:21 -0500] "GET /iwqfj/n2563733.html HTTP/1.1" 200 79943 "-" "Mozilla/5.0 AppleWebKit/537.36 (KHTML, like Gecko; compatible; bingbot/2.0; +http://www.bing.com/bingbot.htm) Chrome/116.0.1938.76 Safari/537.36"
66.29.132.124 - - [25/Dec/2024:18:47:28 -0500] "POST /wp-cron.php?doing_wp_cron=1735170448.0103759765625000000000 HTTP/1.1" 200 0 "-" "WordPress/6.7.1; https://blog.diixadigital.com"
85.208.96.200 - - [25/Dec/2024:18:47:27 -0500] "GET /?b=237567366 HTTP/1.1" 200 21067 "-" "Mozilla/5.0 (compatible; SemrushBot/7~bl; +http://www.semrush.com/bot.html)"
52.167.144.194 - - [25/Dec/2024:18:47:29 -0500] "GET /jmsal/p2785567.html HTTP/1.1" 200 79996 "-" "Mozilla/5.0 AppleWebKit/537.36 (KHTML, like Gecko; compatible; bingbot/2.0; +http://www.bing.com/bingbot.htm) Chrome/116.0.1938.76 Safari/537.36"
85.208.96.211 - - [25/Dec/2024:18:47:30 -0500] "GET /?b=211223466 HTTP/1.1" 200 21067 "-" "Mozilla/5.0 (compatible; SemrushBot/7~bl; +http://www.semrush.com/bot.html)"
185.191.171.9 - - [25/Dec/2024:18:47:33 -0500] "GET /?b=222068966 HTTP/1.1" 200 21073 "-" "Mozilla/5.0 (compatible; SemrushBot/7~bl; +http://www.semrush.com/bot.html)"
185.191.171.10 - - [25/Dec/2024:18:47:37 -0500] "GET /?b=151490466 HTTP/1.1" 200 21060 "-" "Mozilla/5.0 (compatible; SemrushBot/7~bl; +http://www.semrush.com/bot.html)"
52.167.144.194 - - [25/Dec/2024:18:48:10 -0500] "GET /zgecz/b1548109.html HTTP/1.1" 200 80253 "-" "Mozilla/5.0 AppleWebKit/537.36 (KHTML, like Gecko; compatible; bingbot/2.0; +http://www.bing.com/bingbot.htm) Chrome/116.0.1938.76 Safari/537.36"
66.29.132.124 - - [25/Dec/2024:18:48:16 -0500] "POST /wp-cron.php?doing_wp_cron=1735170496.2498669624328613281250 HTTP/1.1" 200 0 "-" "WordPress/6.7.1; https://blog.diixadigital.com"
185.191.171.17 - - [25/Dec/2024:18:48:16 -0500] "GET /?b=310707666 HTTP/1.1" 200 21067 "-" "Mozilla/5.0 (compatible; SemrushBot/7~bl; +http://www.semrush.com/bot.html)"
66.29.132.124 - - [25/Dec/2024:18:48:16 -0500] "POST /wp-admin/admin-ajax.php?action=async_litespeed&nonce=299b0ba356&litespeed_type=imgoptm HTTP/1.1" 200 21 "-" "WordPress/6.7.1; https://blog.diixadigital.com"
66.29.132.124 - - [25/Dec/2024:18:48:26 -0500] "POST /wp-cron.php?doing_wp_cron=1735170506.4509229660034179687500 HTTP/1.1" 200 0 "-" "WordPress/6.7.1; https://blog.diixadigital.com"
185.191.171.6 - - [25/Dec/2024:18:48:26 -0500] "GET /?b=237433066 HTTP/1.1" 200 21066 "-" "Mozilla/5.0 (compatible; SemrushBot/7~bl; +http://www.semrush.com/bot.html)"
66.29.132.124 - - [25/Dec/2024:18:49:00 -0500] "POST /wp-cron.php?doing_wp_cron=1735170540.4081530570983886718750 HTTP/1.1" 200 0 "-" "WordPress/6.7.1; https://blog.diixadigital.com"
185.191.171.4 - - [25/Dec/2024:18:49:00 -0500] "GET /?b=154741266 HTTP/1.1" 200 21067 "-" "Mozilla/5.0 (compatible; SemrushBot/7~bl; +http://www.semrush.com/bot.html)"
66.29.132.124 - - [25/Dec/2024:18:49:00 -0500] "POST /wp-admin/admin-ajax.php?action=async_litespeed&nonce=299b0ba356&litespeed_type=imgoptm HTTP/1.1" 200 21 "-" "WordPress/6.7.1; https://blog.diixadigital.com"
85.208.96.202 - - [25/Dec/2024:18:49:02 -0500] "GET /?b=315620666 HTTP/1.1" 200 21061 "-" "Mozilla/5.0 (compatible; SemrushBot/7~bl; +http://www.semrush.com/bot.html)"
185.191.171.1 - - [25/Dec/2024:18:49:03 -0500] "GET /robots.txt HTTP/1.1" 200 139 "-" "Mozilla/5.0 (compatible; SemrushBot/7~bl; +http://www.semrush.com/bot.html)"
66.29.132.124 - - [25/Dec/2024:18:49:27 -0500] "POST /wp-cron.php?doing_wp_cron=1735170567.7200949192047119140625 HTTP/1.1" 200 0 "-" "WordPress/6.7.1; https://blog.diixadigital.com"
185.191.171.6 - - [25/Dec/2024:18:49:27 -0500] "GET /?b=255364066 HTTP/1.1" 200 21073 "-" "Mozilla/5.0 (compatible; SemrushBot/7~bl; +http://www.semrush.com/bot.html)"
185.191.171.19 - - [25/Dec/2024:18:49:32 -0500] "GET /?b=8450266 HTTP/1.1" 200 21069 "-" "Mozilla/5.0 (compatible; SemrushBot/7~bl; +http://www.semrush.com/bot.html)"
85.208.96.194 - - [25/Dec/2024:18:49:34 -0500] "GET /?b=342504666 HTTP/1.1" 200 21068 "-" "Mozilla/5.0 (compatible; SemrushBot/7~bl; +http://www.semrush.com/bot.html)"
40.77.167.65 - - [25/Dec/2024:18:49:44 -0500] "GET /brlmq/d765615.html HTTP/1.1" 200 80042 "-" "Mozilla/5.0 AppleWebKit/537.36 (KHTML, like Gecko; compatible; bingbot/2.0; +http://www.bing.com/bingbot.htm) Chrome/116.0.1938.76 Safari/537.36"
185.191.171.14 - - [25/Dec/2024:18:49:46 -0500] "GET /?b=238364666 HTTP/1.1" 200 21065 "-" "Mozilla/5.0 (compatible; SemrushBot/7~bl; +http://www.semrush.com/bot.html)"
66.29.132.124 - - [25/Dec/2024:18:49:54 -0500] "POST /wp-cron.php?doing_wp_cron=1735170594.1088900566101074218750 HTTP/1.1" 200 0 "-" "WordPress/6.7.1; https://blog.diixadigital.com"
85.208.96.193 - - [25/Dec/2024:18:49:53 -0500] "GET /?b=180435466 HTTP/1.1" 200 21082 "-" "Mozilla/5.0 (compatible; SemrushBot/7~bl; +http://www.semrush.com/bot.html)"
66.29.132.124 - - [25/Dec/2024:18:49:54 -0500] "POST /wp-admin/admin-ajax.php?action=async_litespeed&nonce=299b0ba356&litespeed_type=imgoptm HTTP/1.1" 200 21 "-" "WordPress/6.7.1; https://blog.diixadigital.com"
52.167.144.194 - - [25/Dec/2024:18:49:53 -0500] "GET /adyqq/i2607382.html HTTP/1.1" 200 80623 "-" "Mozilla/5.0 AppleWebKit/537.36 (KHTML, like Gecko; compatible; bingbot/2.0; +http://www.bing.com/bingbot.htm) Chrome/116.0.1938.76 Safari/537.36"
185.191.171.6 - - [25/Dec/2024:18:50:17 -0500] "GET /?b=337622866 HTTP/1.1" 200 21072 "-" "Mozilla/5.0 (compatible; SemrushBot/7~bl; +http://www.semrush.com/bot.html)"
66.29.132.124 - - [25/Dec/2024:18:50:37 -0500] "POST /wp-cron.php?doing_wp_cron=1735170637.6429109573364257812500 HTTP/1.1" 200 0 "-" "WordPress/6.7.1; https://blog.diixadigital.com"
85.208.96.208 - - [25/Dec/2024:18:50:37 -0500] "GET /?b=248178966 HTTP/1.1" 200 21069 "-" "Mozilla/5.0 (compatible; SemrushBot/7~bl; +http://www.semrush.com/bot.html)"
85.208.96.208 - - [25/Dec/2024:18:50:40 -0500] "GET /?b=250422266 HTTP/1.1" 200 21084 "-" "Mozilla/5.0 (compatible; SemrushBot/7~bl; +http://www.semrush.com/bot.html)"
85.208.96.203 - - [25/Dec/2024:18:50:46 -0500] "GET /?b=158942966 HTTP/1.1" 200 21066 "-" "Mozilla/5.0 (compatible; SemrushBot/7~bl; +http://www.semrush.com/bot.html)"
66.29.132.124 - - [25/Dec/2024:18:50:49 -0500] "POST /wp-cron.php?doing_wp_cron=1735170649.3502409458160400390625 HTTP/1.1" 200 0 "-" "WordPress/6.7.1; https://blog.diixadigital.com"
85.208.96.208 - - [25/Dec/2024:18:50:49 -0500] "GET /?b=356048066 HTTP/1.1" 200 21058 "-" "Mozilla/5.0 (compatible; SemrushBot/7~bl; +http://www.semrush.com/bot.html)"
66.29.132.124 - - [25/Dec/2024:18:50:49 -0500] "POST /wp-admin/admin-ajax.php?action=async_litespeed&nonce=299b0ba356&litespeed_type=imgoptm HTTP/1.1" 200 21 "-" "WordPress/6.7.1; https://blog.diixadigital.com"
85.208.96.198 - - [25/Dec/2024:18:50:57 -0500] "GET /?b=286591566 HTTP/1.1" 200 21071 "-" "Mozilla/5.0 (compatible; SemrushBot/7~bl; +http://www.semrush.com/bot.html)"
85.208.96.203 - - [25/Dec/2024:18:51:02 -0500] "GET /?b=27907266 HTTP/1.1" 200 21056 "-" "Mozilla/5.0 (compatible; SemrushBot/7~bl; +http://www.semrush.com/bot.html)"
40.77.167.61 - - [25/Dec/2024:18:51:09 -0500] "GET /jwzaf/s177146.html HTTP/1.1" 200 79391 "-" "Mozilla/5.0 AppleWebKit/537.36 (KHTML, like Gecko; compatible; bingbot/2.0; +http://www.bing.com/bingbot.htm) Chrome/116.0.1938.76 Safari/537.36"
66.29.132.124 - - [25/Dec/2024:18:51:28 -0500] "POST /wp-cron.php?doing_wp_cron=1735170688.9812850952148437500000 HTTP/1.1" 200 0 "-" "WordPress/6.7.1; https://blog.diixadigital.com"
85.208.96.197 - - [25/Dec/2024:18:51:28 -0500] "GET /?b=6031866 HTTP/1.1" 200 21062 "-" "Mozilla/5.0 (compatible; SemrushBot/7~bl; +http://www.semrush.com/bot.html)"
185.191.171.6 - - [25/Dec/2024:18:51:32 -0500] "GET /?b=70503666 HTTP/1.1" 200 21081 "-" "Mozilla/5.0 (compatible; SemrushBot/7~bl; +http://www.semrush.com/bot.html)"
185.191.171.17 - - [25/Dec/2024:18:51:47 -0500] "GET /?b=302952966 HTTP/1.1" 200 21071 "-" "Mozilla/5.0 (compatible; SemrushBot/7~bl; +http://www.semrush.com/bot.html)"
66.29.132.124 - - [25/Dec/2024:18:51:51 -0500] "POST /wp-cron.php?doing_wp_cron=1735170711.7936139106750488281250 HTTP/1.1" 200 0 "-" "WordPress/6.7.1; https://blog.diixadigital.com"
185.191.171.4 - - [25/Dec/2024:18:51:51 -0500] "GET /?b=97599566 HTTP/1.1" 200 21082 "-" "Mozilla/5.0 (compatible; SemrushBot/7~bl; +http://www.semrush.com/bot.html)"
66.29.132.124 - - [25/Dec/2024:18:51:51 -0500] "POST /wp-admin/admin-ajax.php?action=async_litespeed&nonce=299b0ba356&litespeed_type=imgoptm HTTP/1.1" 200 21 "-" "WordPress/6.7.1; https://blog.diixadigital.com"
52.167.144.222 - - [25/Dec/2024:18:51:52 -0500] "GET /slkfu/t2342739.html HTTP/1.1" 200 81384 "-" "Mozilla/5.0 AppleWebKit/537.36 (KHTML, like Gecko; compatible; bingbot/2.0; +http://www.bing.com/bingbot.htm) Chrome/116.0.1938.76 Safari/537.36"
52.167.144.196 - - [25/Dec/2024:18:52:09 -0500] "GET /pnmgg/l2810523.html HTTP/1.1" 200 79281 "-" "Mozilla/5.0 AppleWebKit/537.36 (KHTML, like Gecko; compatible; bingbot/2.0; +http://www.bing.com/bingbot.htm) Chrome/116.0.1938.76 Safari/537.36"
85.208.96.206 - - [25/Dec/2024:18:52:18 -0500] "GET /?b=25166266 HTTP/1.1" 200 21066 "-" "Mozilla/5.0 (compatible; SemrushBot/7~bl; +http://www.semrush.com/bot.html)"
66.29.132.124 - - [25/Dec/2024:18:52:35 -0500] "POST /wp-cron.php?doing_wp_cron=1735170755.7966749668121337890625 HTTP/1.1" 200 0 "-" "WordPress/6.7.1; https://blog.diixadigital.com"
185.191.171.14 - - [25/Dec/2024:18:52:35 -0500] "GET /?b=221265266 HTTP/1.1" 200 21065 "-" "Mozilla/5.0 (compatible; SemrushBot/7~bl; +http://www.semrush.com/bot.html)"
66.29.132.124 - - [25/Dec/2024:18:53:03 -0500] "POST /wp-cron.php?doing_wp_cron=1735170783.8457579612731933593750 HTTP/1.1" 200 0 "-" "WordPress/6.7.1; https://blog.diixadigital.com"
185.191.171.12 - - [25/Dec/2024:18:53:03 -0500] "GET /?b=169443166 HTTP/1.1" 200 21084 "-" "Mozilla/5.0 (compatible; SemrushBot/7~bl; +http://www.semrush.com/bot.html)"
66.29.132.124 - - [25/Dec/2024:18:53:04 -0500] "POST /wp-admin/admin-ajax.php?action=async_litespeed&nonce=299b0ba356&litespeed_type=imgoptm HTTP/1.1" 200 21 "-" "WordPress/6.7.1; https://blog.diixadigital.com"
85.208.96.203 - - [25/Dec/2024:18:53:11 -0500] "GET /?b=278219166 HTTP/1.1" 200 21074 "-" "Mozilla/5.0 (compatible; SemrushBot/7~bl; +http://www.semrush.com/bot.html)"
66.29.132.124 - - [25/Dec/2024:18:53:34 -0500] "POST /wp-cron.php?doing_wp_cron=1735170814.7773020267486572265625 HTTP/1.1" 200 0 "-" "WordPress/6.7.1; https://blog.diixadigital.com"
185.191.171.15 - - [25/Dec/2024:18:53:34 -0500] "GET /?b=23516066 HTTP/1.1" 200 21070 "-" "Mozilla/5.0 (compatible; SemrushBot/7~bl; +http://www.semrush.com/bot.html)"
85.208.96.211 - - [25/Dec/2024:18:53:37 -0500] "GET /?b=79927166 HTTP/1.1" 200 21069 "-" "Mozilla/5.0 (compatible; SemrushBot/7~bl; +http://www.semrush.com/bot.html)"
85.208.96.193 - - [25/Dec/2024:18:53:39 -0500] "GET /?b=311257266 HTTP/1.1" 200 21061 "-" "Mozilla/5.0 (compatible; SemrushBot/7~bl; +http://www.semrush.com/bot.html)"
66.29.132.124 - - [25/Dec/2024:18:53:50 -0500] "POST /wp-cron.php?doing_wp_cron=1735170830.6190528869628906250000 HTTP/1.1" 200 0 "-" "WordPress/6.7.1; https://blog.diixadigital.com"
185.191.171.7 - - [25/Dec/2024:18:53:50 -0500] "GET /?b=242368366 HTTP/1.1" 200 21064 "-" "Mozilla/5.0 (compatible; SemrushBot/7~bl; +http://www.semrush.com/bot.html)"
66.29.132.124 - - [25/Dec/2024:18:53:50 -0500] "POST /wp-admin/admin-ajax.php?action=async_litespeed&nonce=299b0ba356&litespeed_type=imgoptm HTTP/1.1" 200 21 "-" "WordPress/6.7.1; https://blog.diixadigital.com"
85.208.96.206 - - [25/Dec/2024:18:53:57 -0500] "GET /?b=111046566 HTTP/1.1" 200 21059 "-" "Mozilla/5.0 (compatible; SemrushBot/7~bl; +http://www.semrush.com/bot.html)"
185.191.171.6 - - [25/Dec/2024:18:54:08 -0500] "GET /?b=136447666 HTTP/1.1" 200 21071 "-" "Mozilla/5.0 (compatible; SemrushBot/7~bl; +http://www.semrush.com/bot.html)"
185.191.171.7 - - [25/Dec/2024:18:54:14 -0500] "GET /?b=91909766 HTTP/1.1" 200 21068 "-" "Mozilla/5.0 (compatible; SemrushBot/7~bl; +http://www.semrush.com/bot.html)"
66.29.132.124 - - [25/Dec/2024:18:54:39 -0500] "POST /wp-cron.php?doing_wp_cron=1735170879.6872971057891845703125 HTTP/1.1" 200 0 "-" "WordPress/6.7.1; https://blog.diixadigital.com"
85.208.96.201 - - [25/Dec/2024:18:54:39 -0500] "GET /?b=177333266 HTTP/1.1" 200 21071 "-" "Mozilla/5.0 (compatible; SemrushBot/7~bl; +http://www.semrush.com/bot.html)"
185.191.171.14 - - [25/Dec/2024:18:54:44 -0500] "GET /?b=156253966 HTTP/1.1" 200 21072 "-" "Mozilla/5.0 (compatible; SemrushBot/7~bl; +http://www.semrush.com/bot.html)"
66.29.132.124 - - [25/Dec/2024:18:54:55 -0500] "POST /wp-cron.php?doing_wp_cron=1735170895.2050418853759765625000 HTTP/1.1" 200 0 "-" "WordPress/6.7.1; https://blog.diixadigital.com"
185.191.171.10 - - [25/Dec/2024:18:54:54 -0500] "GET /?b=180603166 HTTP/1.1" 200 21075 "-" "Mozilla/5.0 (compatible; SemrushBot/7~bl; +http://www.semrush.com/bot.html)"
66.29.132.124 - - [25/Dec/2024:18:54:55 -0500] "POST /wp-admin/admin-ajax.php?action=async_litespeed&nonce=299b0ba356&litespeed_type=imgoptm HTTP/1.1" 200 21 "-" "WordPress/6.7.1; https://blog.diixadigital.com"
185.191.171.5 - - [25/Dec/2024:18:55:04 -0500] "GET /?b=273532566 HTTP/1.1" 200 21070 "-" "Mozilla/5.0 (compatible; SemrushBot/7~bl; +http://www.semrush.com/bot.html)"
66.29.132.124 - - [25/Dec/2024:18:55:27 -0500] "POST /wp-cron.php?doing_wp_cron=1735170927.6172010898590087890625 HTTP/1.1" 200 0 "-" "WordPress/6.7.1; https://blog.diixadigital.com"
185.191.171.4 - - [25/Dec/2024:18:55:27 -0500] "GET /?b=162517566 HTTP/1.1" 200 21068 "-" "Mozilla/5.0 (compatible; SemrushBot/7~bl; +http://www.semrush.com/bot.html)"
85.208.96.194 - - [25/Dec/2024:18:55:36 -0500] "GET /?b=70803966 HTTP/1.1" 200 21074 "-" "Mozilla/5.0 (compatible; SemrushBot/7~bl; +http://www.semrush.com/bot.html)"
85.208.96.206 - - [25/Dec/2024:18:55:47 -0500] "GET /?b=49242266 HTTP/1.1" 200 21082 "-" "Mozilla/5.0 (compatible; SemrushBot/7~bl; +http://www.semrush.com/bot.html)"
66.29.132.124 - - [25/Dec/2024:18:55:53 -0500] "POST /wp-cron.php?doing_wp_cron=1735170953.7792279720306396484375 HTTP/1.1" 200 0 "-" "WordPress/6.7.1; https://blog.diixadigital.com"
185.191.171.14 - - [25/Dec/2024:18:55:53 -0500] "GET /?b=326858066 HTTP/1.1" 200 21074 "-" "Mozilla/5.0 (compatible; SemrushBot/7~bl; +http://www.semrush.com/bot.html)"
66.29.132.124 - - [25/Dec/2024:18:55:53 -0500] "POST /wp-admin/admin-ajax.php?action=async_litespeed&nonce=299b0ba356&litespeed_type=imgoptm HTTP/1.1" 200 21 "-" "WordPress/6.7.1; https://blog.diixadigital.com"
85.208.96.196 - - [25/Dec/2024:18:55:58 -0500] "GET /?b=350883766 HTTP/1.1" 200 21069 "-" "Mozilla/5.0 (compatible; SemrushBot/7~bl; +http://www.semrush.com/bot.html)"
185.191.171.12 - - [25/Dec/2024:18:56:08 -0500] "GET /?b=187804666 HTTP/1.1" 200 21060 "-" "Mozilla/5.0 (compatible; SemrushBot/7~bl; +http://www.semrush.com/bot.html)"
66.29.132.124 - - [25/Dec/2024:18:56:35 -0500] "POST /wp-cron.php?doing_wp_cron=1735170995.5687808990478515625000 HTTP/1.1" 200 0 "-" "WordPress/6.7.1; https://blog.diixadigital.com"
85.208.96.203 - - [25/Dec/2024:18:56:35 -0500] "GET /?b=264512966 HTTP/1.1" 200 21068 "-" "Mozilla/5.0 (compatible; SemrushBot/7~bl; +http://www.semrush.com/bot.html)"
66.29.132.124 - - [25/Dec/2024:18:57:04 -0500] "POST /wp-cron.php?doing_wp_cron=1735171024.9741549491882324218750 HTTP/1.1" 200 0 "-" "WordPress/6.7.1; https://blog.diixadigital.com"
185.191.171.19 - - [25/Dec/2024:18:57:04 -0500] "GET /?b=72762666 HTTP/1.1" 200 21074 "-" "Mozilla/5.0 (compatible; SemrushBot/7~bl; +http://www.semrush.com/bot.html)"
66.29.132.124 - - [25/Dec/2024:18:57:05 -0500] "POST /wp-admin/admin-ajax.php?action=async_litespeed&nonce=299b0ba356&litespeed_type=imgoptm HTTP/1.1" 200 21 "-" "WordPress/6.7.1; https://blog.diixadigital.com"
85.208.96.193 - - [25/Dec/2024:18:57:13 -0500] "GET /?b=181770766 HTTP/1.1" 200 21071 "-" "Mozilla/5.0 (compatible; SemrushBot/7~bl; +http://www.semrush.com/bot.html)"
66.29.132.124 - - [25/Dec/2024:18:57:35 -0500] "POST /wp-cron.php?doing_wp_cron=1735171055.7499690055847167968750 HTTP/1.1" 200 0 "-" "WordPress/6.7.1; https://blog.diixadigital.com"
185.191.171.12 - - [25/Dec/2024:18:57:35 -0500] "GET /?b=325069966 HTTP/1.1" 200 21068 "-" "Mozilla/5.0 (compatible; SemrushBot/7~bl; +http://www.semrush.com/bot.html)"
185.191.171.10 - - [25/Dec/2024:18:57:38 -0500] "GET /?b=182127666 HTTP/1.1" 200 21065 "-" "Mozilla/5.0 (compatible; SemrushBot/7~bl; +http://www.semrush.com/bot.html)"
85.208.96.193 - - [25/Dec/2024:18:57:40 -0500] "GET /?b=159183966 HTTP/1.1" 200 21062 "-" "Mozilla/5.0 (compatible; SemrushBot/7~bl; +http://www.semrush.com/bot.html)"
66.29.132.124 - - [25/Dec/2024:18:57:57 -0500] "POST /wp-cron.php?doing_wp_cron=1735171077.6656579971313476562500 HTTP/1.1" 200 0 "-" "WordPress/6.7.1; https://blog.diixadigital.com"
185.191.171.12 - - [25/Dec/2024:18:57:57 -0500] "GET /?b=289157366 HTTP/1.1" 200 21057 "-" "Mozilla/5.0 (compatible; SemrushBot/7~bl; +http://www.semrush.com/bot.html)"
66.29.132.124 - - [25/Dec/2024:18:57:57 -0500] "POST /wp-admin/admin-ajax.php?action=async_litespeed&nonce=299b0ba356&litespeed_type=imgoptm HTTP/1.1" 200 21 "-" "WordPress/6.7.1; https://blog.diixadigital.com"
185.191.171.4 - - [25/Dec/2024:18:58:00 -0500] "GET /?b=141528366 HTTP/1.1" 200 21061 "-" "Mozilla/5.0 (compatible; SemrushBot/7~bl; +http://www.semrush.com/bot.html)"
85.208.96.206 - - [25/Dec/2024:18:58:06 -0500] "GET /?b=12831266 HTTP/1.1" 200 21074 "-" "Mozilla/5.0 (compatible; SemrushBot/7~bl; +http://www.semrush.com/bot.html)"
66.29.132.124 - - [25/Dec/2024:18:58:35 -0500] "POST /wp-cron.php?doing_wp_cron=1735171115.6596460342407226562500 HTTP/1.1" 200 0 "-" "WordPress/6.7.1; https://blog.diixadigital.com"
85.208.96.197 - - [25/Dec/2024:18:58:35 -0500] "GET /?b=66149666 HTTP/1.1" 200 21079 "-" "Mozilla/5.0 (compatible; SemrushBot/7~bl; +http://www.semrush.com/bot.html)"
52.167.144.196 - - [25/Dec/2024:18:58:35 -0500] "GET /mlovu/k133146.html HTTP/1.1" 200 80007 "-" "Mozilla/5.0 AppleWebKit/537.36 (KHTML, like Gecko; compatible; bingbot/2.0; +http://www.bing.com/bingbot.htm) Chrome/116.0.1938.76 Safari/537.36"
66.29.132.124 - - [25/Dec/2024:18:58:52 -0500] "POST /wp-cron.php?doing_wp_cron=1735171132.5216550827026367187500 HTTP/1.1" 200 0 "-" "WordPress/6.7.1; https://blog.diixadigital.com"
85.208.96.194 - - [25/Dec/2024:18:58:52 -0500] "GET /?b=293783466 HTTP/1.1" 200 21074 "-" "Mozilla/5.0 (compatible; SemrushBot/7~bl; +http://www.semrush.com/bot.html)"
66.29.132.124 - - [25/Dec/2024:18:58:52 -0500] "POST /wp-admin/admin-ajax.php?action=async_litespeed&nonce=299b0ba356&litespeed_type=imgoptm HTTP/1.1" 200 21 "-" "WordPress/6.7.1; https://blog.diixadigital.com"
185.191.171.12 - - [25/Dec/2024:18:58:55 -0500] "GET /?b=250001266 HTTP/1.1" 200 21059 "-" "Mozilla/5.0 (compatible; SemrushBot/7~bl; +http://www.semrush.com/bot.html)"
85.208.96.207 - - [25/Dec/2024:18:59:03 -0500] "GET /?b=344030066 HTTP/1.1" 200 21057 "-" "Mozilla/5.0 (compatible; SemrushBot/7~bl; +http://www.semrush.com/bot.html)"
85.208.96.193 - - [25/Dec/2024:18:59:12 -0500] "GET /?b=339332966 HTTP/1.1" 200 21073 "-" "Mozilla/5.0 (compatible; SemrushBot/7~bl; +http://www.semrush.com/bot.html)"
85.208.96.194 - - [25/Dec/2024:18:59:13 -0500] "GET /robots.txt HTTP/1.1" 200 139 "-" "Mozilla/5.0 (compatible; SemrushBot/7~bl; +http://www.semrush.com/bot.html)"
185.191.171.15 - - [25/Dec/2024:18:59:15 -0500] "GET /?b=214984566 HTTP/1.1" 200 21065 "-" "Mozilla/5.0 (compatible; SemrushBot/7~bl; +http://www.semrush.com/bot.html)"
52.167.144.222 - - [25/Dec/2024:18:59:32 -0500] "GET /lfhnu/v2628117.html HTTP/1.1" 200 79789 "-" "Mozilla/5.0 AppleWebKit/537.36 (KHTML, like Gecko; compatible; bingbot/2.0; +http://www.bing.com/bingbot.htm) Chrome/116.0.1938.76 Safari/537.36"
66.29.132.124 - - [25/Dec/2024:18:59:36 -0500] "POST /wp-cron.php?doing_wp_cron=1735171176.4559900760650634765625 HTTP/1.1" 200 0 "-" "WordPress/6.7.1; https://blog.diixadigital.com"
185.191.171.19 - - [25/Dec/2024:18:59:36 -0500] "GET /?b=316351066 HTTP/1.1" 200 21069 "-" "Mozilla/5.0 (compatible; SemrushBot/7~bl; +http://www.semrush.com/bot.html)"
185.191.171.6 - - [25/Dec/2024:18:59:42 -0500] "GET /?b=208955566 HTTP/1.1" 200 21069 "-" "Mozilla/5.0 (compatible; SemrushBot/7~bl; +http://www.semrush.com/bot.html)"
66.29.132.124 - - [25/Dec/2024:18:59:51 -0500] "POST /wp-cron.php?doing_wp_cron=1735171191.3188800811767578125000 HTTP/1.1" 200 0 "-" "WordPress/6.7.1; https://blog.diixadigital.com"
185.191.171.4 - - [25/Dec/2024:18:59:51 -0500] "GET /?b=281962966 HTTP/1.1" 200 21068 "-" "Mozilla/5.0 (compatible; SemrushBot/7~bl; +http://www.semrush.com/bot.html)"
66.29.132.124 - - [25/Dec/2024:18:59:51 -0500] "POST /wp-admin/admin-ajax.php?action=async_litespeed&nonce=299b0ba356&litespeed_type=imgoptm HTTP/1.1" 200 21 "-" "WordPress/6.7.1; https://blog.diixadigital.com"
185.191.171.14 - - [25/Dec/2024:19:00:08 -0500] "GET /?b=307108566 HTTP/1.1" 200 21078 "-" "Mozilla/5.0 (compatible; SemrushBot/7~bl; +http://www.semrush.com/bot.html)"
85.208.96.193 - - [25/Dec/2024:19:00:11 -0500] "GET /?b=174756066 HTTP/1.1" 200 21071 "-" "Mozilla/5.0 (compatible; SemrushBot/7~bl; +http://www.semrush.com/bot.html)"
66.29.132.124 - - [25/Dec/2024:19:00:39 -0500] "POST /wp-cron.php?doing_wp_cron=1735171239.3065240383148193359375 HTTP/1.1" 200 0 "-" "WordPress/6.7.1; https://blog.diixadigital.com"
185.191.171.5 - - [25/Dec/2024:19:00:39 -0500] "GET /?b=235011466 HTTP/1.1" 200 21079 "-" "Mozilla/5.0 (compatible; SemrushBot/7~bl; +http://www.semrush.com/bot.html)"
66.29.132.124 - - [25/Dec/2024:19:01:07 -0500] "POST /wp-cron.php?doing_wp_cron=1735171267.7444310188293457031250 HTTP/1.1" 200 0 "-" "WordPress/6.7.1; https://blog.diixadigital.com"
185.191.171.8 - - [25/Dec/2024:19:01:07 -0500] "GET /?b=297172466 HTTP/1.1" 200 21061 "-" "Mozilla/5.0 (compatible; SemrushBot/7~bl; +http://www.semrush.com/bot.html)"
