185.191.171.12 - - [26/Dec/2024:04:06:18 -0500] "GET /?b=316978966 HTTP/1.1" 200 21068 "-" "Mozilla/5.0 (compatible; SemrushBot/7~bl; +http://www.semrush.com/bot.html)"
66.29.132.124 - - [26/Dec/2024:04:06:28 -0500] "POST /wp-admin/admin-ajax.php?action=async_litespeed&nonce=8de31fc24c&litespeed_type=imgoptm HTTP/1.1" 200 0 "-" "WordPress/6.7.1; https://blog.diixadigital.com"
66.249.74.131 - - [26/Dec/2024:04:06:27 -0500] "GET /?b=68420966 HTTP/1.1" 200 80028 "-" "Mozilla/5.0 (Linux; Android 6.0.1; Nexus 5X Build/MMB29P) AppleWebKit/537.36 (KHTML, like Gecko) Chrome/131.0.6778.139 Mobile Safari/537.36 (compatible; GoogleOther)"
3.147.51.72 - - [26/Dec/2024:04:06:31 -0500] "GET /how-to-make-a-lot-of-money-on-social-media/feed HTTP/1.1" 301 0 "-" "Mozilla/5.0 AppleWebKit/537.36 (KHTML, like Gecko; compatible; ClaudeBot/1.0; +claudebot@anthropic.com)"
185.191.171.7 - - [26/Dec/2024:04:06:31 -0500] "GET /?b=63086366 HTTP/1.1" 200 21067 "-" "Mozilla/5.0 (compatible; SemrushBot/7~bl; +http://www.semrush.com/bot.html)"
3.147.51.72 - - [26/Dec/2024:04:06:36 -0500] "GET /how-to-make-a-lot-of-money-on-social-media/feed/ HTTP/1.1" 200 0 "https://blog.diixadigital.com/how-to-make-a-lot-of-money-on-social-media/feed" "Mozilla/5.0 AppleWebKit/537.36 (KHTML, like Gecko; compatible; ClaudeBot/1.0; +claudebot@anthropic.com)"
185.191.171.4 - - [26/Dec/2024:04:06:42 -0500] "GET /?b=28402166 HTTP/1.1" 200 21066 "-" "Mozilla/5.0 (compatible; SemrushBot/7~bl; +http://www.semrush.com/bot.html)"
66.29.132.124 - - [26/Dec/2024:04:06:52 -0500] "POST /wp-cron.php?doing_wp_cron=1735204012.1100668907165527343750 HTTP/1.1" 200 0 "-" "WordPress/6.7.1; https://blog.diixadigital.com"
66.249.74.130 - - [26/Dec/2024:04:06:51 -0500] "GET /?b=22298866 HTTP/1.1" 200 85305 "-" "Mozilla/5.0 (Linux; Android 6.0.1; Nexus 5X Build/MMB29P) AppleWebKit/537.36 (KHTML, like Gecko) Chrome/131.0.6778.139 Mobile Safari/537.36 (compatible; GoogleOther)"
85.208.96.209 - - [26/Dec/2024:04:06:50 -0500] "GET /?b=152607566 HTTP/1.1" 200 21083 "-" "Mozilla/5.0 (compatible; SemrushBot/7~bl; +http://www.semrush.com/bot.html)"
66.29.132.124 - - [26/Dec/2024:04:06:55 -0500] "POST /wp-admin/admin-ajax.php?action=async_litespeed&nonce=8de31fc24c&litespeed_type=imgoptm HTTP/1.1" 200 0 "-" "WordPress/6.7.1; https://blog.diixadigital.com"
85.208.96.203 - - [26/Dec/2024:04:06:57 -0500] "GET /?b=224789266 HTTP/1.1" 200 21075 "-" "Mozilla/5.0 (compatible; SemrushBot/7~bl; +http://www.semrush.com/bot.html)"
66.249.74.132 - - [26/Dec/2024:04:07:10 -0500] "GET /?b=310807966 HTTP/1.1" 200 80244 "-" "Mozilla/5.0 (Linux; Android 6.0.1; Nexus 5X Build/MMB29P) AppleWebKit/537.36 (KHTML, like Gecko) Chrome/131.0.6778.139 Mobile Safari/537.36 (compatible; GoogleOther)"
85.208.96.193 - - [26/Dec/2024:04:07:08 -0500] "GET /?b=153396566 HTTP/1.1" 200 21075 "-" "Mozilla/5.0 (compatible; SemrushBot/7~bl; +http://www.semrush.com/bot.html)"
185.191.171.8 - - [26/Dec/2024:04:07:18 -0500] "GET /?b=308964766 HTTP/1.1" 200 21084 "-" "Mozilla/5.0 (compatible; SemrushBot/7~bl; +http://www.semrush.com/bot.html)"
66.29.132.124 - - [26/Dec/2024:04:07:29 -0500] "POST /wp-cron.php?doing_wp_cron=1735204048.7644579410552978515625 HTTP/1.1" 200 0 "-" "WordPress/6.7.1; https://blog.diixadigital.com"
66.249.74.130 - - [26/Dec/2024:04:07:30 -0500] "GET /?b=210300666 HTTP/1.1" 200 80689 "-" "Mozilla/5.0 (Linux; Android 6.0.1; Nexus 5X Build/MMB29P) AppleWebKit/537.36 (KHTML, like Gecko) Chrome/131.0.6778.139 Mobile Safari/537.36 (compatible; GoogleOther)"
185.191.171.6 - - [26/Dec/2024:04:07:27 -0500] "GET /?b=138366766 HTTP/1.1" 200 21086 "-" "Mozilla/5.0 (compatible; SemrushBot/7~bl; +http://www.semrush.com/bot.html)"
52.167.144.158 - - [26/Dec/2024:04:07:37 -0500] "GET /sylpp/c207550.html HTTP/1.1" 200 81634 "-" "Mozilla/5.0 AppleWebKit/537.36 (KHTML, like Gecko; compatible; bingbot/2.0; +http://www.bing.com/bingbot.htm) Chrome/116.0.1938.76 Safari/537.36"
185.191.171.5 - - [26/Dec/2024:04:07:36 -0500] "GET /?b=62523166 HTTP/1.1" 200 21071 "-" "Mozilla/5.0 (compatible; SemrushBot/7~bl; +http://www.semrush.com/bot.html)"
66.29.132.124 - - [26/Dec/2024:04:07:51 -0500] "POST /wp-cron.php?doing_wp_cron=1735204070.4708249568939208984375 HTTP/1.1" 200 0 "-" "WordPress/6.7.1; https://blog.diixadigital.com"
52.14.75.147 - - [26/Dec/2024:04:07:47 -0500] "GET /wp-json/wp/v2/posts/1706 HTTP/1.1" 200 7970 "-" "Mozilla/5.0 AppleWebKit/537.36 (KHTML, like Gecko; compatible; ClaudeBot/1.0; +claudebot@anthropic.com)"
66.249.74.130 - - [26/Dec/2024:04:07:51 -0500] "GET /?b=344306166 HTTP/1.1" 200 80623 "-" "Mozilla/5.0 (Linux; Android 6.0.1; Nexus 5X Build/MMB29P) AppleWebKit/537.36 (KHTML, like Gecko) Chrome/131.0.6778.139 Mobile Safari/537.36 (compatible; GoogleOther)"
66.29.132.124 - - [26/Dec/2024:04:07:57 -0500] "POST /wp-admin/admin-ajax.php?action=async_litespeed&nonce=8de31fc24c&litespeed_type=imgoptm HTTP/1.1" 200 0 "-" "WordPress/6.7.1; https://blog.diixadigital.com"
185.191.171.13 - - [26/Dec/2024:04:07:51 -0500] "GET /?b=290539266 HTTP/1.1" 200 21068 "-" "Mozilla/5.0 (compatible; SemrushBot/7~bl; +http://www.semrush.com/bot.html)"
185.191.171.11 - - [26/Dec/2024:04:08:03 -0500] "GET /?b=349844966 HTTP/1.1" 200 21071 "-" "Mozilla/5.0 (compatible; SemrushBot/7~bl; +http://www.semrush.com/bot.html)"
66.249.74.132 - - [26/Dec/2024:04:08:10 -0500] "GET /?b=255207266 HTTP/1.1" 200 79944 "-" "Mozilla/5.0 (Linux; Android 6.0.1; Nexus 5X Build/MMB29P) AppleWebKit/537.36 (KHTML, like Gecko) Chrome/131.0.6778.139 Mobile Safari/537.36 (compatible; GoogleOther)"
185.191.171.16 - - [26/Dec/2024:04:08:12 -0500] "GET /?b=266806066 HTTP/1.1" 200 21075 "-" "Mozilla/5.0 (compatible; SemrushBot/7~bl; +http://www.semrush.com/bot.html)"
66.249.74.131 - - [26/Dec/2024:04:08:23 -0500] "GET /?b=234736166 HTTP/1.1" 200 79919 "-" "Mozilla/5.0 (Linux; Android 6.0.1; Nexus 5X Build/MMB29P) AppleWebKit/537.36 (KHTML, like Gecko) Chrome/131.0.6778.139 Mobile Safari/537.36 (compatible; GoogleOther)"
66.29.132.124 - - [26/Dec/2024:04:08:25 -0500] "POST /wp-cron.php?doing_wp_cron=1735204104.7675030231475830078125 HTTP/1.1" 200 0 "-" "WordPress/6.7.1; https://blog.diixadigital.com"
85.208.96.201 - - [26/Dec/2024:04:08:19 -0500] "GET /?b=133469566 HTTP/1.1" 200 21078 "-" "Mozilla/5.0 (compatible; SemrushBot/7~bl; +http://www.semrush.com/bot.html)"
66.249.74.130 - - [26/Dec/2024:04:08:34 -0500] "GET /?b=235942466 HTTP/1.1" 200 80307 "-" "Mozilla/5.0 (Linux; Android 6.0.1; Nexus 5X Build/MMB29P) AppleWebKit/537.36 (KHTML, like Gecko) Chrome/131.0.6778.139 Mobile Safari/537.36 (compatible; GoogleOther)"
85.208.96.198 - - [26/Dec/2024:04:08:34 -0500] "GET /?b=89879066 HTTP/1.1" 200 21083 "-" "Mozilla/5.0 (compatible; SemrushBot/7~bl; +http://www.semrush.com/bot.html)"
66.249.74.130 - - [26/Dec/2024:04:08:51 -0500] "GET /?b=172406966 HTTP/1.1" 200 79575 "-" "Mozilla/5.0 (Linux; Android 6.0.1; Nexus 5X Build/MMB29P) AppleWebKit/537.36 (KHTML, like Gecko) Chrome/131.0.6778.139 Mobile Safari/537.36 (compatible; GoogleOther)"
66.29.132.124 - - [26/Dec/2024:04:09:04 -0500] "POST /wp-cron.php?doing_wp_cron=1735204142.8670129776000976562500 HTTP/1.1" 200 0 "-" "WordPress/6.7.1; https://blog.diixadigital.com"
66.249.74.130 - - [26/Dec/2024:04:09:03 -0500] "GET /?b=102026866 HTTP/1.1" 200 81949 "-" "Mozilla/5.0 (Linux; Android 6.0.1; Nexus 5X Build/MMB29P) AppleWebKit/537.36 (KHTML, like Gecko) Chrome/131.0.6778.139 Mobile Safari/537.36 (compatible; GoogleOther)"
85.208.96.209 - - [26/Dec/2024:04:08:52 -0500] "GET /?b=126814266 HTTP/1.1" 200 21076 "-" "Mozilla/5.0 (compatible; SemrushBot/7~bl; +http://www.semrush.com/bot.html)"
52.167.144.197 - - [26/Dec/2024:04:09:14 -0500] "GET /frfzw/i229604.html HTTP/1.1" 200 81663 "-" "Mozilla/5.0 AppleWebKit/537.36 (KHTML, like Gecko; compatible; bingbot/2.0; +http://www.bing.com/bingbot.htm) Chrome/116.0.1938.76 Safari/537.36"
185.191.171.16 - - [26/Dec/2024:04:09:16 -0500] "GET /?b=193910366 HTTP/1.1" 200 21083 "-" "Mozilla/5.0 (compatible; SemrushBot/7~bl; +http://www.semrush.com/bot.html)"
66.249.74.130 - - [26/Dec/2024:04:09:23 -0500] "GET /?b=80994066 HTTP/1.1" 200 81033 "-" "Mozilla/5.0 (Linux; Android 6.0.1; Nexus 5X Build/MMB29P) AppleWebKit/537.36 (KHTML, like Gecko) Chrome/131.0.6778.139 Mobile Safari/537.36 (compatible; GoogleOther)"
185.191.171.16 - - [26/Dec/2024:04:09:28 -0500] "GET /?b=274855866 HTTP/1.1" 200 21088 "-" "Mozilla/5.0 (compatible; SemrushBot/7~bl; +http://www.semrush.com/bot.html)"
66.249.74.130 - - [26/Dec/2024:04:09:39 -0500] "GET /?b=88799566 HTTP/1.1" 200 80286 "-" "Mozilla/5.0 (Linux; Android 6.0.1; Nexus 5X Build/MMB29P) AppleWebKit/537.36 (KHTML, like Gecko) Chrome/131.0.6778.139 Mobile Safari/537.36 (compatible; GoogleOther)"
85.208.96.201 - - [26/Dec/2024:04:09:41 -0500] "GET /?b=355375666 HTTP/1.1" 200 21069 "-" "Mozilla/5.0 (compatible; SemrushBot/7~bl; +http://www.semrush.com/bot.html)"
185.191.171.1 - - [26/Dec/2024:04:09:50 -0500] "GET /?b=48874366 HTTP/1.1" 200 21072 "-" "Mozilla/5.0 (compatible; SemrushBot/7~bl; +http://www.semrush.com/bot.html)"
52.167.144.197 - - [26/Dec/2024:04:10:07 -0500] "GET /akkii/s2270510.html HTTP/1.1" 200 80078 "-" "Mozilla/5.0 AppleWebKit/537.36 (KHTML, like Gecko; compatible; bingbot/2.0; +http://www.bing.com/bingbot.htm) Chrome/116.0.1938.76 Safari/537.36"
66.249.74.131 - - [26/Dec/2024:04:10:07 -0500] "GET /?b=21158866 HTTP/1.1" 200 80451 "-" "Mozilla/5.0 (Linux; Android 6.0.1; Nexus 5X Build/MMB29P) AppleWebKit/537.36 (KHTML, like Gecko) Chrome/131.0.6778.139 Mobile Safari/537.36 (compatible; GoogleOther)"
66.29.132.124 - - [26/Dec/2024:04:10:21 -0500] "POST /wp-cron.php?doing_wp_cron=1735204218.7734169960021972656250 HTTP/1.1" 200 0 "-" "WordPress/6.7.1; https://blog.diixadigital.com"
185.191.171.16 - - [26/Dec/2024:04:10:17 -0500] "GET /?b=46964466 HTTP/1.1" 200 21069 "-" "Mozilla/5.0 (compatible; SemrushBot/7~bl; +http://www.semrush.com/bot.html)"
85.208.96.193 - - [26/Dec/2024:04:10:26 -0500] "GET /?b=55355266 HTTP/1.1" 200 21072 "-" "Mozilla/5.0 (compatible; SemrushBot/7~bl; +http://www.semrush.com/bot.html)"
66.249.74.130 - - [26/Dec/2024:04:10:32 -0500] "GET /?b=246362566 HTTP/1.1" 200 79443 "-" "Mozilla/5.0 (Linux; Android 6.0.1; Nexus 5X Build/MMB29P) AppleWebKit/537.36 (KHTML, like Gecko) Chrome/131.0.6778.139 Mobile Safari/537.36 (compatible; GoogleOther)"
185.191.171.7 - - [26/Dec/2024:04:10:34 -0500] "GET /?b=91489766 HTTP/1.1" 200 21073 "-" "Mozilla/5.0 (compatible; SemrushBot/7~bl; +http://www.semrush.com/bot.html)"
85.208.96.201 - - [26/Dec/2024:04:10:45 -0500] "GET /?b=112280066 HTTP/1.1" 200 21065 "-" "Mozilla/5.0 (compatible; SemrushBot/7~bl; +http://www.semrush.com/bot.html)"
66.249.74.130 - - [26/Dec/2024:04:10:53 -0500] "GET /?b=237688666 HTTP/1.1" 200 80063 "-" "Mozilla/5.0 (Linux; Android 6.0.1; Nexus 5X Build/MMB29P) AppleWebKit/537.36 (KHTML, like Gecko) Chrome/131.0.6778.139 Mobile Safari/537.36 (compatible; GoogleOther)"
85.208.96.208 - - [26/Dec/2024:04:10:53 -0500] "GET /?b=85912366 HTTP/1.1" 200 21074 "-" "Mozilla/5.0 (compatible; SemrushBot/7~bl; +http://www.semrush.com/bot.html)"
52.167.144.158 - - [26/Dec/2024:04:10:58 -0500] "GET /iqovz/y2564784.html HTTP/1.1" 200 80715 "-" "Mozilla/5.0 AppleWebKit/537.36 (KHTML, like Gecko; compatible; bingbot/2.0; +http://www.bing.com/bingbot.htm) Chrome/116.0.1938.76 Safari/537.36"
85.208.96.200 - - [26/Dec/2024:04:11:02 -0500] "GET /?b=223869166 HTTP/1.1" 200 21064 "-" "Mozilla/5.0 (compatible; SemrushBot/7~bl; +http://www.semrush.com/bot.html)"
52.167.144.158 - - [26/Dec/2024:04:11:04 -0500] "GET /vzttx/u2276336.html HTTP/1.1" 200 80116 "-" "Mozilla/5.0 AppleWebKit/537.36 (KHTML, like Gecko; compatible; bingbot/2.0; +http://www.bing.com/bingbot.htm) Chrome/116.0.1938.76 Safari/537.36"
185.191.171.16 - - [26/Dec/2024:04:11:08 -0500] "GET /?b=187549666 HTTP/1.1" 200 21070 "-" "Mozilla/5.0 (compatible; SemrushBot/7~bl; +http://www.semrush.com/bot.html)"
66.249.74.130 - - [26/Dec/2024:04:11:16 -0500] "GET /?b=90259366 HTTP/1.1" 200 79337 "-" "Mozilla/5.0 (Linux; Android 6.0.1; Nexus 5X Build/MMB29P) AppleWebKit/537.36 (KHTML, like Gecko) Chrome/131.0.6778.139 Mobile Safari/537.36 (compatible; GoogleOther)"
66.29.132.124 - - [26/Dec/2024:04:11:21 -0500] "POST /wp-cron.php?doing_wp_cron=1735204280.5636389255523681640625 HTTP/1.1" 200 0 "-" "WordPress/6.7.1; https://blog.diixadigital.com"
66.29.132.124 - - [26/Dec/2024:04:11:25 -0500] "POST /wp-admin/admin-ajax.php?action=async_litespeed&nonce=8de31fc24c&litespeed_type=imgoptm HTTP/1.1" 200 0 "-" "WordPress/6.7.1; https://blog.diixadigital.com"
185.191.171.4 - - [26/Dec/2024:04:11:16 -0500] "GET /?b=7379166 HTTP/1.1" 200 21069 "-" "Mozilla/5.0 (compatible; SemrushBot/7~bl; +http://www.semrush.com/bot.html)"
52.167.144.159 - - [26/Dec/2024:04:11:34 -0500] "GET /tsqoo/h1697823.html HTTP/1.1" 200 79901 "-" "Mozilla/5.0 AppleWebKit/537.36 (KHTML, like Gecko; compatible; bingbot/2.0; +http://www.bing.com/bingbot.htm) Chrome/116.0.1938.76 Safari/537.36"
85.208.96.210 - - [26/Dec/2024:04:11:30 -0500] "GET /?b=315186866 HTTP/1.1" 200 21089 "-" "Mozilla/5.0 (compatible; SemrushBot/7~bl; +http://www.semrush.com/bot.html)"
66.249.74.131 - - [26/Dec/2024:04:11:36 -0500] "GET /?b=273404566 HTTP/1.1" 200 79464 "-" "Mozilla/5.0 (Linux; Android 6.0.1; Nexus 5X Build/MMB29P) AppleWebKit/537.36 (KHTML, like Gecko) Chrome/131.0.6778.139 Mobile Safari/537.36 (compatible; GoogleOther)"
85.208.96.196 - - [26/Dec/2024:04:11:41 -0500] "GET /?b=294146066 HTTP/1.1" 200 21072 "-" "Mozilla/5.0 (compatible; SemrushBot/7~bl; +http://www.semrush.com/bot.html)"
66.29.132.124 - - [26/Dec/2024:04:11:53 -0500] "POST /wp-cron.php?doing_wp_cron=1735204312.9669630527496337890625 HTTP/1.1" 200 0 "-" "WordPress/6.7.1; https://blog.diixadigital.com"
185.191.171.2 - - [26/Dec/2024:04:11:50 -0500] "GET /?b=306531566 HTTP/1.1" 200 21058 "-" "Mozilla/5.0 (compatible; SemrushBot/7~bl; +http://www.semrush.com/bot.html)"
66.29.132.124 - - [26/Dec/2024:04:11:57 -0500] "POST /wp-admin/admin-ajax.php?action=async_litespeed&nonce=8de31fc24c&litespeed_type=imgoptm HTTP/1.1" 200 0 "-" "WordPress/6.7.1; https://blog.diixadigital.com"
66.249.74.130 - - [26/Dec/2024:04:11:58 -0500] "GET /?b=35101066 HTTP/1.1" 200 79381 "-" "Mozilla/5.0 (Linux; Android 6.0.1; Nexus 5X Build/MMB29P) AppleWebKit/537.36 (KHTML, like Gecko) Chrome/131.0.6778.139 Mobile Safari/537.36 (compatible; GoogleOther)"
185.191.171.6 - - [26/Dec/2024:04:12:00 -0500] "GET /?b=67556066 HTTP/1.1" 200 21068 "-" "Mozilla/5.0 (compatible; SemrushBot/7~bl; +http://www.semrush.com/bot.html)"
66.249.74.130 - - [26/Dec/2024:04:12:09 -0500] "GET /?b=288890366 HTTP/1.1" 200 79841 "-" "Mozilla/5.0 (Linux; Android 6.0.1; Nexus 5X Build/MMB29P) AppleWebKit/537.36 (KHTML, like Gecko) Chrome/131.0.6778.139 Mobile Safari/537.36 (compatible; GoogleOther)"
52.167.144.187 - - [26/Dec/2024:04:12:11 -0500] "GET /hawjg/v1686605.html HTTP/1.1" 200 80069 "-" "Mozilla/5.0 AppleWebKit/537.36 (KHTML, like Gecko; compatible; bingbot/2.0; +http://www.bing.com/bingbot.htm) Chrome/116.0.1938.76 Safari/537.36"
185.191.171.13 - - [26/Dec/2024:04:12:10 -0500] "GET /?b=157528466 HTTP/1.1" 200 21068 "-" "Mozilla/5.0 (compatible; SemrushBot/7~bl; +http://www.semrush.com/bot.html)"
66.29.132.124 - - [26/Dec/2024:04:12:25 -0500] "POST /wp-cron.php?doing_wp_cron=1735204344.8711409568786621093750 HTTP/1.1" 200 0 "-" "WordPress/6.7.1; https://blog.diixadigital.com"
52.167.144.159 - - [26/Dec/2024:04:12:24 -0500] "GET /qnbsg/j851811.html HTTP/1.1" 200 81225 "-" "Mozilla/5.0 AppleWebKit/537.36 (KHTML, like Gecko; compatible; bingbot/2.0; +http://www.bing.com/bingbot.htm) Chrome/116.0.1938.76 Safari/537.36"
85.208.96.209 - - [26/Dec/2024:04:12:21 -0500] "GET /?b=196056566 HTTP/1.1" 200 21074 "-" "Mozilla/5.0 (compatible; SemrushBot/7~bl; +http://www.semrush.com/bot.html)"
66.249.74.130 - - [26/Dec/2024:04:12:28 -0500] "GET /?b=179510266 HTTP/1.1" 200 79461 "-" "Mozilla/5.0 (Linux; Android 6.0.1; Nexus 5X Build/MMB29P) AppleWebKit/537.36 (KHTML, like Gecko) Chrome/131.0.6778.139 Mobile Safari/537.36 (compatible; GoogleOther)"
85.208.96.207 - - [26/Dec/2024:04:12:32 -0500] "GET /?b=259305266 HTTP/1.1" 200 21071 "-" "Mozilla/5.0 (compatible; SemrushBot/7~bl; +http://www.semrush.com/bot.html)"
66.249.74.130 - - [26/Dec/2024:04:12:39 -0500] "GET /?b=221879266 HTTP/1.1" 200 79986 "-" "Mozilla/5.0 (Linux; Android 6.0.1; Nexus 5X Build/MMB29P) AppleWebKit/537.36 (KHTML, like Gecko) Chrome/131.0.6778.139 Mobile Safari/537.36 (compatible; GoogleOther)"
52.167.144.190 - - [26/Dec/2024:04:12:48 -0500] "GET /ssnsi/l2765959.html HTTP/1.1" 200 80180 "-" "Mozilla/5.0 AppleWebKit/537.36 (KHTML, like Gecko; compatible; bingbot/2.0; +http://www.bing.com/bingbot.htm) Chrome/116.0.1938.76 Safari/537.36"
66.29.132.124 - - [26/Dec/2024:04:12:57 -0500] "POST /wp-cron.php?doing_wp_cron=1735204375.9672939777374267578125 HTTP/1.1" 200 0 "-" "WordPress/6.7.1; https://blog.diixadigital.com"
66.249.74.130 - - [26/Dec/2024:04:12:57 -0500] "GET /?b=109570966 HTTP/1.1" 200 79890 "-" "Mozilla/5.0 (Linux; Android 6.0.1; Nexus 5X Build/MMB29P) AppleWebKit/537.36 (KHTML, like Gecko) Chrome/131.0.6778.139 Mobile Safari/537.36 (compatible; GoogleOther)"
85.208.96.196 - - [26/Dec/2024:04:12:53 -0500] "GET /?b=200146466 HTTP/1.1" 200 21079 "-" "Mozilla/5.0 (compatible; SemrushBot/7~bl; +http://www.semrush.com/bot.html)"
85.208.96.203 - - [26/Dec/2024:04:13:05 -0500] "GET /?b=137470266 HTTP/1.1" 200 21074 "-" "Mozilla/5.0 (compatible; SemrushBot/7~bl; +http://www.semrush.com/bot.html)"
85.208.96.196 - - [26/Dec/2024:04:13:12 -0500] "GET /?b=3565466 HTTP/1.1" 200 21076 "-" "Mozilla/5.0 (compatible; SemrushBot/7~bl; +http://www.semrush.com/bot.html)"
66.249.74.130 - - [26/Dec/2024:04:13:17 -0500] "GET /?b=30547566 HTTP/1.1" 200 79908 "-" "Mozilla/5.0 (Linux; Android 6.0.1; Nexus 5X Build/MMB29P) AppleWebKit/537.36 (KHTML, like Gecko) Chrome/131.0.6778.139 Mobile Safari/537.36 (compatible; GoogleOther)"
85.208.96.196 - - [26/Dec/2024:04:13:20 -0500] "GET /?b=306173966 HTTP/1.1" 200 21073 "-" "Mozilla/5.0 (compatible; SemrushBot/7~bl; +http://www.semrush.com/bot.html)"
40.77.167.79 - - [26/Dec/2024:04:13:32 -0500] "GET /emcqb/q762404.html HTTP/1.1" 200 79534 "-" "Mozilla/5.0 AppleWebKit/537.36 (KHTML, like Gecko; compatible; bingbot/2.0; +http://www.bing.com/bingbot.htm) Chrome/116.0.1938.76 Safari/537.36"
66.249.74.130 - - [26/Dec/2024:04:13:36 -0500] "GET /?b=25228366 HTTP/1.1" 200 81897 "-" "Mozilla/5.0 (Linux; Android 6.0.1; Nexus 5X Build/MMB29P) AppleWebKit/537.36 (KHTML, like Gecko) Chrome/131.0.6778.139 Mobile Safari/537.36 (compatible; GoogleOther)"
85.208.96.195 - - [26/Dec/2024:04:13:42 -0500] "GET /?b=128270866 HTTP/1.1" 200 21082 "-" "Mozilla/5.0 (compatible; SemrushBot/7~bl; +http://www.semrush.com/bot.html)"
66.249.74.130 - - [26/Dec/2024:04:13:54 -0500] "GET /?b=36305366 HTTP/1.1" 200 79970 "-" "Mozilla/5.0 (Linux; Android 6.0.1; Nexus 5X Build/MMB29P) AppleWebKit/537.36 (KHTML, like Gecko) Chrome/131.0.6778.139 Mobile Safari/537.36 (compatible; GoogleOther)"
66.249.74.132 - - [26/Dec/2024:04:14:11 -0500] "GET /?b=138218066 HTTP/1.1" 200 80452 "-" "Mozilla/5.0 (Linux; Android 6.0.1; Nexus 5X Build/MMB29P) AppleWebKit/537.36 (KHTML, like Gecko) Chrome/131.0.6778.139 Mobile Safari/537.36 (compatible; GoogleOther)"
66.29.132.124 - - [26/Dec/2024:04:14:17 -0500] "POST /wp-cron.php?doing_wp_cron=1735204457.2640480995178222656250 HTTP/1.1" 200 0 "-" "WordPress/6.7.1; https://blog.diixadigital.com"
66.29.132.124 - - [26/Dec/2024:04:14:21 -0500] "POST /wp-admin/admin-ajax.php?action=async_litespeed&nonce=8de31fc24c&litespeed_type=imgoptm HTTP/1.1" 200 0 "-" "WordPress/6.7.1; https://blog.diixadigital.com"
185.191.171.15 - - [26/Dec/2024:04:14:13 -0500] "GET /?b=212227266 HTTP/1.1" 200 21086 "-" "Mozilla/5.0 (compatible; SemrushBot/7~bl; +http://www.semrush.com/bot.html)"
85.208.96.204 - - [26/Dec/2024:04:14:25 -0500] "GET /?b=138443266 HTTP/1.1" 200 21072 "-" "Mozilla/5.0 (compatible; SemrushBot/7~bl; +http://www.semrush.com/bot.html)"
66.249.74.130 - - [26/Dec/2024:04:14:30 -0500] "GET /?b=338371666 HTTP/1.1" 200 80628 "-" "Mozilla/5.0 (Linux; Android 6.0.1; Nexus 5X Build/MMB29P) AppleWebKit/537.36 (KHTML, like Gecko) Chrome/131.0.6778.139 Mobile Safari/537.36 (compatible; GoogleOther)"
185.191.171.10 - - [26/Dec/2024:04:14:34 -0500] "GET /?b=1586366 HTTP/1.1" 200 21081 "-" "Mozilla/5.0 (compatible; SemrushBot/7~bl; +http://www.semrush.com/bot.html)"
85.208.96.200 - - [26/Dec/2024:04:14:45 -0500] "GET /?b=36728566 HTTP/1.1" 200 21074 "-" "Mozilla/5.0 (compatible; SemrushBot/7~bl; +http://www.semrush.com/bot.html)"
185.191.171.9 - - [26/Dec/2024:04:14:51 -0500] "GET /robots.txt HTTP/1.1" 200 139 "-" "Mozilla/5.0 (compatible; SemrushBot/7~bl; +http://www.semrush.com/bot.html)"
66.249.74.130 - - [26/Dec/2024:04:14:49 -0500] "GET /?b=155958166 HTTP/1.1" 200 79718 "-" "Mozilla/5.0 (Linux; Android 6.0.1; Nexus 5X Build/MMB29P) AppleWebKit/537.36 (KHTML, like Gecko) Chrome/131.0.6778.139 Mobile Safari/537.36 (compatible; GoogleOther)"
66.29.132.124 - - [26/Dec/2024:04:14:57 -0500] "POST /wp-cron.php?doing_wp_cron=1735204496.2693610191345214843750 HTTP/1.1" 200 0 "-" "WordPress/6.7.1; https://blog.diixadigital.com"
52.167.144.190 - - [26/Dec/2024:04:14:57 -0500] "GET /sffxs/t1737563.html HTTP/1.1" 200 80234 "-" "Mozilla/5.0 AppleWebKit/537.36 (KHTML, like Gecko; compatible; bingbot/2.0; +http://www.bing.com/bingbot.htm) Chrome/116.0.1938.76 Safari/537.36"
85.208.96.200 - - [26/Dec/2024:04:14:52 -0500] "GET /?b=246746266 HTTP/1.1" 200 21074 "-" "Mozilla/5.0 (compatible; SemrushBot/7~bl; +http://www.semrush.com/bot.html)"
185.191.171.12 - - [26/Dec/2024:04:15:04 -0500] "GET /?b=298346966 HTTP/1.1" 200 21066 "-" "Mozilla/5.0 (compatible; SemrushBot/7~bl; +http://www.semrush.com/bot.html)"
66.249.74.130 - - [26/Dec/2024:04:15:11 -0500] "GET /?b=187440866 HTTP/1.1" 200 80325 "-" "Mozilla/5.0 (Linux; Android 6.0.1; Nexus 5X Build/MMB29P) AppleWebKit/537.36 (KHTML, like Gecko) Chrome/131.0.6778.139 Mobile Safari/537.36 (compatible; GoogleOther)"
85.208.96.198 - - [26/Dec/2024:04:15:12 -0500] "GET /?b=231588466 HTTP/1.1" 200 21082 "-" "Mozilla/5.0 (compatible; SemrushBot/7~bl; +http://www.semrush.com/bot.html)"
85.208.96.199 - - [26/Dec/2024:04:15:20 -0500] "GET /?b=273536166 HTTP/1.1" 200 21081 "-" "Mozilla/5.0 (compatible; SemrushBot/7~bl; +http://www.semrush.com/bot.html)"
185.191.171.10 - - [26/Dec/2024:04:15:28 -0500] "GET /?b=61973866 HTTP/1.1" 200 21068 "-" "Mozilla/5.0 (compatible; SemrushBot/7~bl; +http://www.semrush.com/bot.html)"
66.249.74.131 - - [26/Dec/2024:04:15:33 -0500] "GET /?b=234397366 HTTP/1.1" 200 79624 "-" "Mozilla/5.0 (Linux; Android 6.0.1; Nexus 5X Build/MMB29P) AppleWebKit/537.36 (KHTML, like Gecko) Chrome/131.0.6778.139 Mobile Safari/537.36 (compatible; GoogleOther)"
85.208.96.196 - - [26/Dec/2024:04:15:33 -0500] "GET /?b=89506566 HTTP/1.1" 200 21069 "-" "Mozilla/5.0 (compatible; SemrushBot/7~bl; +http://www.semrush.com/bot.html)"
85.208.96.199 - - [26/Dec/2024:04:15:40 -0500] "GET /?b=60697566 HTTP/1.1" 200 21073 "-" "Mozilla/5.0 (compatible; SemrushBot/7~bl; +http://www.semrush.com/bot.html)"
66.249.74.130 - - [26/Dec/2024:04:15:59 -0500] "GET /?b=215791666 HTTP/1.1" 200 80361 "-" "Mozilla/5.0 (Linux; Android 6.0.1; Nexus 5X Build/MMB29P) AppleWebKit/537.36 (KHTML, like Gecko) Chrome/131.0.6778.139 Mobile Safari/537.36 (compatible; GoogleOther)"
85.208.96.199 - - [26/Dec/2024:04:15:51 -0500] "GET /?b=226153066 HTTP/1.1" 200 21090 "-" "Mozilla/5.0 (compatible; SemrushBot/7~bl; +http://www.semrush.com/bot.html)"
66.29.132.124 - - [26/Dec/2024:04:16:09 -0500] "POST /wp-cron.php?doing_wp_cron=1735204569.1806221008300781250000 HTTP/1.1" 200 0 "-" "WordPress/6.7.1; https://blog.diixadigital.com"
185.191.171.14 - - [26/Dec/2024:04:16:07 -0500] "GET /?b=278730566 HTTP/1.1" 200 21082 "-" "Mozilla/5.0 (compatible; SemrushBot/7~bl; +http://www.semrush.com/bot.html)"
66.29.132.124 - - [26/Dec/2024:04:16:12 -0500] "POST /wp-admin/admin-ajax.php?action=async_litespeed&nonce=8de31fc24c&litespeed_type=imgoptm HTTP/1.1" 200 0 "-" "WordPress/6.7.1; https://blog.diixadigital.com"
85.208.96.206 - - [26/Dec/2024:04:16:14 -0500] "GET /?b=296449766 HTTP/1.1" 200 21066 "-" "Mozilla/5.0 (compatible; SemrushBot/7~bl; +http://www.semrush.com/bot.html)"
66.249.74.130 - - [26/Dec/2024:04:16:20 -0500] "GET /?b=207931166 HTTP/1.1" 200 80164 "-" "Mozilla/5.0 (Linux; Android 6.0.1; Nexus 5X Build/MMB29P) AppleWebKit/537.36 (KHTML, like Gecko) Chrome/131.0.6778.139 Mobile Safari/537.36 (compatible; GoogleOther)"
66.29.132.124 - - [26/Dec/2024:04:16:25 -0500] "POST /wp-cron.php?doing_wp_cron=1735204584.8625779151916503906250 HTTP/1.1" 200 0 "-" "WordPress/6.7.1; https://blog.diixadigital.com"
185.191.171.3 - - [26/Dec/2024:04:16:22 -0500] "GET /?b=278980066 HTTP/1.1" 200 21069 "-" "Mozilla/5.0 (compatible; SemrushBot/7~bl; +http://www.semrush.com/bot.html)"
52.167.144.190 - - [26/Dec/2024:04:16:38 -0500] "GET /hzdun/q321496.html HTTP/1.1" 200 79867 "-" "Mozilla/5.0 AppleWebKit/537.36 (KHTML, like Gecko; compatible; bingbot/2.0; +http://www.bing.com/bingbot.htm) Chrome/116.0.1938.76 Safari/537.36"
66.249.74.130 - - [26/Dec/2024:04:16:44 -0500] "GET /?b=139115766 HTTP/1.1" 200 79496 "-" "Mozilla/5.0 (Linux; Android 6.0.1; Nexus 5X Build/MMB29P) AppleWebKit/537.36 (KHTML, like Gecko) Chrome/131.0.6778.139 Mobile Safari/537.36 (compatible; GoogleOther)"
66.29.132.124 - - [26/Dec/2024:04:16:53 -0500] "POST /wp-cron.php?doing_wp_cron=1735204613.1213641166687011718750 HTTP/1.1" 200 0 "-" "WordPress/6.7.1; https://blog.diixadigital.com"
85.208.96.196 - - [26/Dec/2024:04:16:50 -0500] "GET /?b=87135866 HTTP/1.1" 200 21080 "-" "Mozilla/5.0 (compatible; SemrushBot/7~bl; +http://www.semrush.com/bot.html)"
66.29.132.124 - - [26/Dec/2024:04:16:57 -0500] "POST /wp-admin/admin-ajax.php?action=async_litespeed&nonce=8de31fc24c&litespeed_type=imgoptm HTTP/1.1" 200 0 "-" "WordPress/6.7.1; https://blog.diixadigital.com"
3.144.15.34 - - [26/Dec/2024:04:16:58 -0500] "GET /tag/social-media HTTP/1.1" 301 0 "-" "Mozilla/5.0 AppleWebKit/537.36 (KHTML, like Gecko; compatible; ClaudeBot/1.0; +claudebot@anthropic.com)"
66.249.74.130 - - [26/Dec/2024:04:16:59 -0500] "GET /?b=186248866 HTTP/1.1" 200 80415 "-" "Mozilla/5.0 (Linux; Android 6.0.1; Nexus 5X Build/MMB29P) AppleWebKit/537.36 (KHTML, like Gecko) Chrome/131.0.6778.139 Mobile Safari/537.36 (compatible; GoogleOther)"
3.144.15.34 - - [26/Dec/2024:04:16:59 -0500] "GET /tag/social-media/ HTTP/1.1" 200 14813 "https://blog.diixadigital.com/tag/social-media" "Mozilla/5.0 AppleWebKit/537.36 (KHTML, like Gecko; compatible; ClaudeBot/1.0; +claudebot@anthropic.com)"
170.106.193.108 - - [26/Dec/2024:04:17:01 -0500] "GET /author/ceeliacom/ HTTP/1.1" 200 19879 "-" "Mozilla/5.0 (iPhone; CPU iPhone OS 13_2_3 like Mac OS X) AppleWebKit/605.1.15 (KHTML, like Gecko) Version/13.0.3 Mobile/15E148 Safari/604.1"
185.191.171.5 - - [26/Dec/2024:04:17:04 -0500] "GET /?b=245427666 HTTP/1.1" 200 21074 "-" "Mozilla/5.0 (compatible; SemrushBot/7~bl; +http://www.semrush.com/bot.html)"
52.167.144.190 - - [26/Dec/2024:04:17:10 -0500] "GET /zvqqn/k1391520.html HTTP/1.1" 200 79731 "-" "Mozilla/5.0 AppleWebKit/537.36 (KHTML, like Gecko; compatible; bingbot/2.0; +http://www.bing.com/bingbot.htm) Chrome/116.0.1938.76 Safari/537.36"
66.249.74.130 - - [26/Dec/2024:04:17:14 -0500] "GET /?b=235182066 HTTP/1.1" 200 79740 "-" "Mozilla/5.0 (Linux; Android 6.0.1; Nexus 5X Build/MMB29P) AppleWebKit/537.36 (KHTML, like Gecko) Chrome/131.0.6778.139 Mobile Safari/537.36 (compatible; GoogleOther)"
66.29.132.124 - - [26/Dec/2024:04:17:24 -0500] "POST /wp-cron.php?doing_wp_cron=1735204643.1692569255828857421875 HTTP/1.1" 200 0 "-" "WordPress/6.7.1; https://blog.diixadigital.com"
85.208.96.210 - - [26/Dec/2024:04:17:21 -0500] "GET /?b=300266866 HTTP/1.1" 200 21086 "-" "Mozilla/5.0 (compatible; SemrushBot/7~bl; +http://www.semrush.com/bot.html)"
52.167.144.159 - - [26/Dec/2024:04:17:25 -0500] "GET /cktvz/d756827.html HTTP/1.1" 200 80864 "-" "Mozilla/5.0 AppleWebKit/537.36 (KHTML, like Gecko; compatible; bingbot/2.0; +http://www.bing.com/bingbot.htm) Chrome/116.0.1938.76 Safari/537.36"
66.249.74.130 - - [26/Dec/2024:04:17:32 -0500] "GET /?b=11110066 HTTP/1.1" 200 79640 "-" "Mozilla/5.0 (Linux; Android 6.0.1; Nexus 5X Build/MMB29P) AppleWebKit/537.36 (KHTML, like Gecko) Chrome/131.0.6778.139 Mobile Safari/537.36 (compatible; GoogleOther)"
185.191.171.11 - - [26/Dec/2024:04:17:30 -0500] "GET /?b=286149166 HTTP/1.1" 200 21080 "-" "Mozilla/5.0 (compatible; SemrushBot/7~bl; +http://www.semrush.com/bot.html)"
66.249.74.130 - - [26/Dec/2024:04:17:49 -0500] "GET /?b=207212066 HTTP/1.1" 200 79556 "-" "Mozilla/5.0 (Linux; Android 6.0.1; Nexus 5X Build/MMB29P) AppleWebKit/537.36 (KHTML, like Gecko) Chrome/131.0.6778.139 Mobile Safari/537.36 (compatible; GoogleOther)"
185.191.171.17 - - [26/Dec/2024:04:17:48 -0500] "GET /?b=19500366 HTTP/1.1" 200 21073 "-" "Mozilla/5.0 (compatible; SemrushBot/7~bl; +http://www.semrush.com/bot.html)"
66.249.74.131 - - [26/Dec/2024:04:18:05 -0500] "GET /?b=12977666 HTTP/1.1" 200 79141 "-" "Mozilla/5.0 (Linux; Android 6.0.1; Nexus 5X Build/MMB29P) AppleWebKit/537.36 (KHTML, like Gecko) Chrome/131.0.6778.139 Mobile Safari/537.36 (compatible; GoogleOther)"
85.208.96.208 - - [26/Dec/2024:04:18:08 -0500] "GET /?b=66403366 HTTP/1.1" 200 21073 "-" "Mozilla/5.0 (compatible; SemrushBot/7~bl; +http://www.semrush.com/bot.html)"
52.167.144.159 - - [26/Dec/2024:04:18:14 -0500] "GET /efeoo/f742581.html HTTP/1.1" 200 79673 "-" "Mozilla/5.0 AppleWebKit/537.36 (KHTML, like Gecko; compatible; bingbot/2.0; +http://www.bing.com/bingbot.htm) Chrome/116.0.1938.76 Safari/537.36"
40.77.167.79 - - [26/Dec/2024:04:18:21 -0500] "GET /tsaoz/o2097034.html HTTP/1.1" 200 79800 "-" "Mozilla/5.0 AppleWebKit/537.36 (KHTML, like Gecko; compatible; bingbot/2.0; +http://www.bing.com/bingbot.htm) Chrome/116.0.1938.76 Safari/537.36"
85.208.96.200 - - [26/Dec/2024:04:18:17 -0500] "GET /?b=251405266 HTTP/1.1" 200 21089 "-" "Mozilla/5.0 (compatible; SemrushBot/7~bl; +http://www.semrush.com/bot.html)"
66.29.132.124 - - [26/Dec/2024:04:18:30 -0500] "POST /wp-cron.php?doing_wp_cron=1735204710.0689880847930908203125 HTTP/1.1" 200 0 "-" "WordPress/6.7.1; https://blog.diixadigital.com"
66.29.132.124 - - [26/Dec/2024:04:18:33 -0500] "POST /wp-admin/admin-ajax.php?action=async_litespeed&nonce=8de31fc24c&litespeed_type=imgoptm HTTP/1.1" 200 0 "-" "WordPress/6.7.1; https://blog.diixadigital.com"
185.191.171.5 - - [26/Dec/2024:04:18:26 -0500] "GET /?b=211601166 HTTP/1.1" 200 21076 "-" "Mozilla/5.0 (compatible; SemrushBot/7~bl; +http://www.semrush.com/bot.html)"
66.249.74.130 - - [26/Dec/2024:04:18:33 -0500] "GET /?b=295091766 HTTP/1.1" 200 79301 "-" "Mozilla/5.0 (Linux; Android 6.0.1; Nexus 5X Build/MMB29P) AppleWebKit/537.36 (KHTML, like Gecko) Chrome/131.0.6778.139 Mobile Safari/537.36 (compatible; GoogleOther)"
185.191.171.17 - - [26/Dec/2024:04:18:44 -0500] "GET /?b=217796966 HTTP/1.1" 200 21083 "-" "Mozilla/5.0 (compatible; SemrushBot/7~bl; +http://www.semrush.com/bot.html)"
43.155.160.173 - - [26/Dec/2024:04:18:44 -0500] "GET /what-is-rss-and-how-to-use-rss-feeds-to-boost-your-productivity/ HTTP/1.1" 200 26202 "-" "Mozilla/5.0 (iPhone; CPU iPhone OS 13_2_3 like Mac OS X) AppleWebKit/605.1.15 (KHTML, like Gecko) Version/13.0.3 Mobile/15E148 Safari/604.1"
66.249.74.130 - - [26/Dec/2024:04:18:52 -0500] "GET /?b=166146166 HTTP/1.1" 200 81510 "-" "Mozilla/5.0 (Linux; Android 6.0.1; Nexus 5X Build/MMB29P) AppleWebKit/537.36 (KHTML, like Gecko) Chrome/131.0.6778.139 Mobile Safari/537.36 (compatible; GoogleOther)"
66.29.132.124 - - [26/Dec/2024:04:18:57 -0500] "POST /wp-cron.php?doing_wp_cron=1735204735.8661029338836669921875 HTTP/1.1" 200 0 "-" "WordPress/6.7.1; https://blog.diixadigital.com"
185.191.171.11 - - [26/Dec/2024:04:18:54 -0500] "GET /?b=38725766 HTTP/1.1" 200 21076 "-" "Mozilla/5.0 (compatible; SemrushBot/7~bl; +http://www.semrush.com/bot.html)"
66.249.74.130 - - [26/Dec/2024:04:19:09 -0500] "GET /?b=161763166 HTTP/1.1" 200 81212 "-" "Mozilla/5.0 (Linux; Android 6.0.1; Nexus 5X Build/MMB29P) AppleWebKit/537.36 (KHTML, like Gecko) Chrome/131.0.6778.139 Mobile Safari/537.36 (compatible; GoogleOther)"
185.191.171.11 - - [26/Dec/2024:04:19:09 -0500] "GET /?b=321094366 HTTP/1.1" 200 21087 "-" "Mozilla/5.0 (compatible; SemrushBot/7~bl; +http://www.semrush.com/bot.html)"
18.119.117.77 - - [26/Dec/2024:04:19:20 -0500] "GET /wp-json/wp/v2/tags/88 HTTP/1.1" 200 654 "-" "Mozilla/5.0 AppleWebKit/537.36 (KHTML, like Gecko; compatible; ClaudeBot/1.0; +claudebot@anthropic.com)"
185.191.171.10 - - [26/Dec/2024:04:19:16 -0500] "GET /?b=204065566 HTTP/1.1" 200 21064 "-" "Mozilla/5.0 (compatible; SemrushBot/7~bl; +http://www.semrush.com/bot.html)"
66.249.74.131 - - [26/Dec/2024:04:19:32 -0500] "GET /?b=216167366 HTTP/1.1" 200 80179 "-" "Mozilla/5.0 (Linux; Android 6.0.1; Nexus 5X Build/MMB29P) AppleWebKit/537.36 (KHTML, like Gecko) Chrome/131.0.6778.139 Mobile Safari/537.36 (compatible; GoogleOther)"
85.208.96.209 - - [26/Dec/2024:04:19:30 -0500] "GET /?b=56553766 HTTP/1.1" 200 21068 "-" "Mozilla/5.0 (compatible; SemrushBot/7~bl; +http://www.semrush.com/bot.html)"
85.208.96.209 - - [26/Dec/2024:04:19:41 -0500] "GET /?b=154583466 HTTP/1.1" 200 21078 "-" "Mozilla/5.0 (compatible; SemrushBot/7~bl; +http://www.semrush.com/bot.html)"
66.249.74.130 - - [26/Dec/2024:04:19:51 -0500] "GET /?b=302596766 HTTP/1.1" 200 80207 "-" "Mozilla/5.0 (Linux; Android 6.0.1; Nexus 5X Build/MMB29P) AppleWebKit/537.36 (KHTML, like Gecko) Chrome/131.0.6778.139 Mobile Safari/537.36 (compatible; GoogleOther)"
185.191.171.6 - - [26/Dec/2024:04:19:50 -0500] "GET /?b=62693966 HTTP/1.1" 200 21081 "-" "Mozilla/5.0 (compatible; SemrushBot/7~bl; +http://www.semrush.com/bot.html)"
85.208.96.200 - - [26/Dec/2024:04:20:05 -0500] "GET /?b=10158166 HTTP/1.1" 200 21086 "-" "Mozilla/5.0 (compatible; SemrushBot/7~bl; +http://www.semrush.com/bot.html)"
40.77.167.79 - - [26/Dec/2024:04:20:05 -0500] "GET /rgofr/o599252.html HTTP/1.1" 200 79135 "-" "Mozilla/5.0 AppleWebKit/537.36 (KHTML, like Gecko; compatible; bingbot/2.0; +http://www.bing.com/bingbot.htm) Chrome/116.0.1938.76 Safari/537.36"
66.29.132.124 - - [26/Dec/2024:04:20:11 -0500] "POST /wp-cron.php?doing_wp_cron=1735204806.2352681159973144531250 HTTP/1.1" 200 0 "-" "WordPress/6.7.1; https://blog.diixadigital.com"
52.167.144.190 - - [26/Dec/2024:04:20:13 -0500] "GET /gpfzb/o2800646.html HTTP/1.1" 200 80394 "-" "Mozilla/5.0 AppleWebKit/537.36 (KHTML, like Gecko; compatible; bingbot/2.0; +http://www.bing.com/bingbot.htm) Chrome/116.0.1938.76 Safari/537.36"
66.249.74.132 - - [26/Dec/2024:04:20:16 -0500] "GET /?b=94799166 HTTP/1.1" 200 80139 "-" "Mozilla/5.0 (Linux; Android 6.0.1; Nexus 5X Build/MMB29P) AppleWebKit/537.36 (KHTML, like Gecko) Chrome/131.0.6778.139 Mobile Safari/537.36 (compatible; GoogleOther)"
185.191.171.11 - - [26/Dec/2024:04:20:16 -0500] "GET /?b=117764766 HTTP/1.1" 200 21069 "-" "Mozilla/5.0 (compatible; SemrushBot/7~bl; +http://www.semrush.com/bot.html)"
3.144.98.61 - - [26/Dec/2024:04:20:28 -0500] "GET /wp-json/wp/v2/posts/1584 HTTP/1.1" 200 13501 "-" "Mozilla/5.0 AppleWebKit/537.36 (KHTML, like Gecko; compatible; ClaudeBot/1.0; +claudebot@anthropic.com)"
185.191.171.3 - - [26/Dec/2024:04:20:23 -0500] "GET /?b=221259566 HTTP/1.1" 200 21077 "-" "Mozilla/5.0 (compatible; SemrushBot/7~bl; +http://www.semrush.com/bot.html)"
40.77.167.79 - - [26/Dec/2024:04:20:33 -0500] "GET /wjwqb/w330784.html HTTP/1.1" 200 79717 "-" "Mozilla/5.0 AppleWebKit/537.36 (KHTML, like Gecko; compatible; bingbot/2.0; +http://www.bing.com/bingbot.htm) Chrome/116.0.1938.76 Safari/537.36"
66.249.74.130 - - [26/Dec/2024:04:20:37 -0500] "GET /?b=45338466 HTTP/1.1" 200 80850 "-" "Mozilla/5.0 (Linux; Android 6.0.1; Nexus 5X Build/MMB29P) AppleWebKit/537.36 (KHTML, like Gecko) Chrome/131.0.6778.139 Mobile Safari/537.36 (compatible; GoogleOther)"
185.191.171.2 - - [26/Dec/2024:04:20:37 -0500] "GET /?b=90843766 HTTP/1.1" 200 21068 "-" "Mozilla/5.0 (compatible; SemrushBot/7~bl; +http://www.semrush.com/bot.html)"
85.208.96.198 - - [26/Dec/2024:04:20:43 -0500] "GET /?b=166560466 HTTP/1.1" 200 21069 "-" "Mozilla/5.0 (compatible; SemrushBot/7~bl; +http://www.semrush.com/bot.html)"
85.208.96.197 - - [26/Dec/2024:04:20:54 -0500] "GET /?b=101797566 HTTP/1.1" 200 21063 "-" "Mozilla/5.0 (compatible; SemrushBot/7~bl; +http://www.semrush.com/bot.html)"
66.249.74.130 - - [26/Dec/2024:04:20:57 -0500] "GET /?b=217034066 HTTP/1.1" 200 79723 "-" "Mozilla/5.0 (Linux; Android 6.0.1; Nexus 5X Build/MMB29P) AppleWebKit/537.36 (KHTML, like Gecko) Chrome/131.0.6778.139 Mobile Safari/537.36 (compatible; GoogleOther)"
66.29.132.124 - - [26/Dec/2024:04:21:16 -0500] "POST /wp-cron.php?doing_wp_cron=1735204875.5367031097412109375000 HTTP/1.1" 200 0 "-" "WordPress/6.7.1; https://blog.diixadigital.com"
185.191.171.6 - - [26/Dec/2024:04:21:14 -0500] "GET /?b=299163866 HTTP/1.1" 200 21082 "-" "Mozilla/5.0 (compatible; SemrushBot/7~bl; +http://www.semrush.com/bot.html)"
66.249.74.130 - - [26/Dec/2024:04:21:18 -0500] "GET /?b=66304866 HTTP/1.1" 200 81009 "-" "Mozilla/5.0 (Linux; Android 6.0.1; Nexus 5X Build/MMB29P) AppleWebKit/537.36 (KHTML, like Gecko) Chrome/131.0.6778.139 Mobile Safari/537.36 (compatible; GoogleOther)"
185.191.171.18 - - [26/Dec/2024:04:21:22 -0500] "GET /?b=97184666 HTTP/1.1" 200 21083 "-" "Mozilla/5.0 (compatible; SemrushBot/7~bl; +http://www.semrush.com/bot.html)"
85.208.96.212 - - [26/Dec/2024:04:21:26 -0500] "GET /?b=19755566 HTTP/1.1" 200 21067 "-" "Mozilla/5.0 (compatible; SemrushBot/7~bl; +http://www.semrush.com/bot.html)"
40.77.167.79 - - [26/Dec/2024:04:21:42 -0500] "GET /etvxm/h502681.html HTTP/1.1" 200 79949 "-" "Mozilla/5.0 AppleWebKit/537.36 (KHTML, like Gecko; compatible; bingbot/2.0; +http://www.bing.com/bingbot.htm) Chrome/116.0.1938.76 Safari/537.36"
66.249.74.130 - - [26/Dec/2024:04:21:46 -0500] "GET /?b=270267266 HTTP/1.1" 200 79881 "-" "Mozilla/5.0 (Linux; Android 6.0.1; Nexus 5X Build/MMB29P) AppleWebKit/537.36 (KHTML, like Gecko) Chrome/131.0.6778.139 Mobile Safari/537.36 (compatible; GoogleOther)"
52.167.144.159 - - [26/Dec/2024:04:21:46 -0500] "GET /muqxf/c2762310.html HTTP/1.1" 200 80391 "-" "Mozilla/5.0 AppleWebKit/537.36 (KHTML, like Gecko; compatible; bingbot/2.0; +http://www.bing.com/bingbot.htm) Chrome/116.0.1938.76 Safari/537.36"
52.167.144.159 - - [26/Dec/2024:04:21:49 -0500] "GET /ydsvp/d1306805.html HTTP/1.1" 200 80282 "-" "Mozilla/5.0 AppleWebKit/537.36 (KHTML, like Gecko; compatible; bingbot/2.0; +http://www.bing.com/bingbot.htm) Chrome/116.0.1938.76 Safari/537.36"
85.208.96.201 - - [26/Dec/2024:04:21:58 -0500] "GET /?b=143517466 HTTP/1.1" 200 21070 "-" "Mozilla/5.0 (compatible; SemrushBot/7~bl; +http://www.semrush.com/bot.html)"
66.249.74.130 - - [26/Dec/2024:04:22:02 -0500] "GET /?b=205465466 HTTP/1.1" 200 81873 "-" "Mozilla/5.0 (Linux; Android 6.0.1; Nexus 5X Build/MMB29P) AppleWebKit/537.36 (KHTML, like Gecko) Chrome/131.0.6778.139 Mobile Safari/537.36 (compatible; GoogleOther)"
85.208.96.198 - - [26/Dec/2024:04:22:07 -0500] "GET /?b=73510566 HTTP/1.1" 200 21083 "-" "Mozilla/5.0 (compatible; SemrushBot/7~bl; +http://www.semrush.com/bot.html)"
66.249.74.131 - - [26/Dec/2024:04:22:25 -0500] "GET /?b=116415466 HTTP/1.1" 200 79724 "-" "Mozilla/5.0 (Linux; Android 6.0.1; Nexus 5X Build/MMB29P) AppleWebKit/537.36 (KHTML, like Gecko) Chrome/131.0.6778.139 Mobile Safari/537.36 (compatible; GoogleOther)"
66.29.132.124 - - [26/Dec/2024:04:22:34 -0500] "POST /wp-cron.php?doing_wp_cron=1735204953.5590929985046386718750 HTTP/1.1" 200 0 "-" "WordPress/6.7.1; https://blog.diixadigital.com"
85.208.96.198 - - [26/Dec/2024:04:22:32 -0500] "GET /?b=236043866 HTTP/1.1" 200 21071 "-" "Mozilla/5.0 (compatible; SemrushBot/7~bl; +http://www.semrush.com/bot.html)"
185.191.171.12 - - [26/Dec/2024:04:22:39 -0500] "GET /?b=8312066 HTTP/1.1" 200 21077 "-" "Mozilla/5.0 (compatible; SemrushBot/7~bl; +http://www.semrush.com/bot.html)"
185.191.171.4 - - [26/Dec/2024:04:22:47 -0500] "GET /?b=111371766 HTTP/1.1" 200 21077 "-" "Mozilla/5.0 (compatible; SemrushBot/7~bl; +http://www.semrush.com/bot.html)"
52.167.144.190 - - [26/Dec/2024:04:22:50 -0500] "GET /vdgku/w209000.html HTTP/1.1" 200 81236 "-" "Mozilla/5.0 AppleWebKit/537.36 (KHTML, like Gecko; compatible; bingbot/2.0; +http://www.bing.com/bingbot.htm) Chrome/116.0.1938.76 Safari/537.36"
66.249.74.130 - - [26/Dec/2024:04:22:51 -0500] "GET /?b=307301066 HTTP/1.1" 200 80247 "-" "Mozilla/5.0 (Linux; Android 6.0.1; Nexus 5X Build/MMB29P) AppleWebKit/537.36 (KHTML, like Gecko) Chrome/131.0.6778.139 Mobile Safari/537.36 (compatible; GoogleOther)"
185.191.171.15 - - [26/Dec/2024:04:22:54 -0500] "GET /?b=281796266 HTTP/1.1" 200 21071 "-" "Mozilla/5.0 (compatible; SemrushBot/7~bl; +http://www.semrush.com/bot.html)"
66.249.74.131 - - [26/Dec/2024:04:23:12 -0500] "GET /?b=203976266 HTTP/1.1" 200 80913 "-" "Mozilla/5.0 (Linux; Android 6.0.1; Nexus 5X Build/MMB29P) AppleWebKit/537.36 (KHTML, like Gecko) Chrome/131.0.6778.139 Mobile Safari/537.36 (compatible; GoogleOther)"
185.191.171.3 - - [26/Dec/2024:04:23:17 -0500] "GET /?b=93379166 HTTP/1.1" 200 21073 "-" "Mozilla/5.0 (compatible; SemrushBot/7~bl; +http://www.semrush.com/bot.html)"
185.191.171.14 - - [26/Dec/2024:04:23:25 -0500] "GET /?b=332821566 HTTP/1.1" 200 21077 "-" "Mozilla/5.0 (compatible; SemrushBot/7~bl; +http://www.semrush.com/bot.html)"
66.29.132.124 - - [26/Dec/2024:04:23:34 -0500] "POST /wp-cron.php?doing_wp_cron=1735205013.8254489898681640625000 HTTP/1.1" 200 0 "-" "WordPress/6.7.1; https://blog.diixadigital.com"
66.249.74.131 - - [26/Dec/2024:04:23:33 -0500] "GET /?b=57832666 HTTP/1.1" 200 80057 "-" "Mozilla/5.0 (Linux; Android 6.0.1; Nexus 5X Build/MMB29P) AppleWebKit/537.36 (KHTML, like Gecko) Chrome/131.0.6778.139 Mobile Safari/537.36 (compatible; GoogleOther)"
66.29.132.124 - - [26/Dec/2024:04:23:35 -0500] "POST /wp-admin/admin-ajax.php?action=async_litespeed&nonce=8de31fc24c&litespeed_type=imgoptm HTTP/1.1" 200 0 "-" "WordPress/6.7.1; https://blog.diixadigital.com"
185.191.171.11 - - [26/Dec/2024:04:23:32 -0500] "GET /?b=251330766 HTTP/1.1" 200 21071 "-" "Mozilla/5.0 (compatible; SemrushBot/7~bl; +http://www.semrush.com/bot.html)"
185.191.171.14 - - [26/Dec/2024:04:23:40 -0500] "GET /?b=144865366 HTTP/1.1" 200 21071 "-" "Mozilla/5.0 (compatible; SemrushBot/7~bl; +http://www.semrush.com/bot.html)"
185.191.171.5 - - [26/Dec/2024:04:23:44 -0500] "GET /?b=282613766 HTTP/1.1" 200 21066 "-" "Mozilla/5.0 (compatible; SemrushBot/7~bl; +http://www.semrush.com/bot.html)"
66.29.132.124 - - [26/Dec/2024:04:23:51 -0500] "POST /wp-cron.php?doing_wp_cron=1735205030.8412380218505859375000 HTTP/1.1" 200 0 "-" "WordPress/6.7.1; https://blog.diixadigital.com"
66.29.132.124 - - [26/Dec/2024:04:23:52 -0500] "POST /wp-admin/admin-ajax.php?action=async_litespeed&nonce=8de31fc24c&litespeed_type=imgoptm HTTP/1.1" 200 0 "-" "WordPress/6.7.1; https://blog.diixadigital.com"
185.191.171.8 - - [26/Dec/2024:04:23:49 -0500] "GET /?b=71740366 HTTP/1.1" 200 21067 "-" "Mozilla/5.0 (compatible; SemrushBot/7~bl; +http://www.semrush.com/bot.html)"
85.208.96.208 - - [26/Dec/2024:04:23:57 -0500] "GET /?b=226764466 HTTP/1.1" 200 21071 "-" "Mozilla/5.0 (compatible; SemrushBot/7~bl; +http://www.semrush.com/bot.html)"
66.249.74.130 - - [26/Dec/2024:04:23:58 -0500] "GET /?b=98646666 HTTP/1.1" 200 79542 "-" "Mozilla/5.0 (Linux; Android 6.0.1; Nexus 5X Build/MMB29P) AppleWebKit/537.36 (KHTML, like Gecko) Chrome/131.0.6778.139 Mobile Safari/537.36 (compatible; GoogleOther)"
85.208.96.198 - - [26/Dec/2024:04:24:02 -0500] "GET /?b=217841666 HTTP/1.1" 200 21066 "-" "Mozilla/5.0 (compatible; SemrushBot/7~bl; +http://www.semrush.com/bot.html)"
85.208.96.196 - - [26/Dec/2024:04:24:19 -0500] "GET /?b=303279966 HTTP/1.1" 200 21076 "-" "Mozilla/5.0 (compatible; SemrushBot/7~bl; +http://www.semrush.com/bot.html)"
66.249.74.130 - - [26/Dec/2024:04:24:21 -0500] "GET /?b=220636666 HTTP/1.1" 200 80333 "-" "Mozilla/5.0 (Linux; Android 6.0.1; Nexus 5X Build/MMB29P) AppleWebKit/537.36 (KHTML, like Gecko) Chrome/131.0.6778.139 Mobile Safari/537.36 (compatible; GoogleOther)"
66.29.132.124 - - [26/Dec/2024:04:24:37 -0500] "POST /wp-cron.php?doing_wp_cron=1735205075.1350760459899902343750 HTTP/1.1" 200 0 "-" "WordPress/6.7.1; https://blog.diixadigital.com"
85.208.96.204 - - [26/Dec/2024:04:24:34 -0500] "GET /?b=152618166 HTTP/1.1" 200 21063 "-" "Mozilla/5.0 (compatible; SemrushBot/7~bl; +http://www.semrush.com/bot.html)"
66.249.74.130 - - [26/Dec/2024:04:24:39 -0500] "GET /?b=60609166 HTTP/1.1" 200 80860 "-" "Mozilla/5.0 (Linux; Android 6.0.1; Nexus 5X Build/MMB29P) AppleWebKit/537.36 (KHTML, like Gecko) Chrome/131.0.6778.139 Mobile Safari/537.36 (compatible; GoogleOther)"
185.191.171.10 - - [26/Dec/2024:04:24:44 -0500] "GET /robots.txt HTTP/1.1" 200 139 "-" "Mozilla/5.0 (compatible; SemrushBot/7~bl; +http://www.semrush.com/bot.html)"
185.191.171.12 - - [26/Dec/2024:04:24:45 -0500] "GET /?b=197810266 HTTP/1.1" 200 21066 "-" "Mozilla/5.0 (compatible; SemrushBot/7~bl; +http://www.semrush.com/bot.html)"
52.167.144.157 - - [26/Dec/2024:04:24:50 -0500] "GET /xufmc/q1393788.html HTTP/1.1" 200 80476 "-" "Mozilla/5.0 AppleWebKit/537.36 (KHTML, like Gecko; compatible; bingbot/2.0; +http://www.bing.com/bingbot.htm) Chrome/116.0.1938.76 Safari/537.36"
49.51.38.193 - - [26/Dec/2024:04:24:51 -0500] "GET /how-to-find-the-rss-feed-url-for-any-site/ HTTP/1.1" 200 24210 "-" "Mozilla/5.0 (iPhone; CPU iPhone OS 13_2_3 like Mac OS X) AppleWebKit/605.1.15 (KHTML, like Gecko) Version/13.0.3 Mobile/15E148 Safari/604.1"
66.249.74.132 - - [26/Dec/2024:04:25:04 -0500] "GET /?b=307772766 HTTP/1.1" 200 79857 "-" "Mozilla/5.0 (Linux; Android 6.0.1; Nexus 5X Build/MMB29P) AppleWebKit/537.36 (KHTML, like Gecko) Chrome/131.0.6778.139 Mobile Safari/537.36 (compatible; GoogleOther)"
85.208.96.208 - - [26/Dec/2024:04:25:24 -0500] "GET /?b=320197966 HTTP/1.1" 200 21078 "-" "Mozilla/5.0 (compatible; SemrushBot/7~bl; +http://www.semrush.com/bot.html)"
185.191.171.12 - - [26/Dec/2024:04:25:29 -0500] "GET /?b=146325466 HTTP/1.1" 200 21069 "-" "Mozilla/5.0 (compatible; SemrushBot/7~bl; +http://www.semrush.com/bot.html)"
66.249.74.130 - - [26/Dec/2024:04:25:30 -0500] "GET /?b=244066066 HTTP/1.1" 200 79759 "-" "Mozilla/5.0 (Linux; Android 6.0.1; Nexus 5X Build/MMB29P) AppleWebKit/537.36 (KHTML, like Gecko) Chrome/131.0.6778.139 Mobile Safari/537.36 (compatible; GoogleOther)"
66.29.132.124 - - [26/Dec/2024:04:25:37 -0500] "POST /wp-cron.php?doing_wp_cron=1735205136.1915459632873535156250 HTTP/1.1" 200 0 "-" "WordPress/6.7.1; https://blog.diixadigital.com"
185.191.171.14 - - [26/Dec/2024:04:25:35 -0500] "GET /?b=230066766 HTTP/1.1" 200 21076 "-" "Mozilla/5.0 (compatible; SemrushBot/7~bl; +http://www.semrush.com/bot.html)"
66.249.74.130 - - [26/Dec/2024:04:25:51 -0500] "GET /?b=2607566 HTTP/1.1" 200 79810 "-" "Mozilla/5.0 (Linux; Android 6.0.1; Nexus 5X Build/MMB29P) AppleWebKit/537.36 (KHTML, like Gecko) Chrome/131.0.6778.139 Mobile Safari/537.36 (compatible; GoogleOther)"
85.208.96.194 - - [26/Dec/2024:04:26:02 -0500] "GET /?b=209978866 HTTP/1.1" 200 21076 "-" "Mozilla/5.0 (compatible; SemrushBot/7~bl; +http://www.semrush.com/bot.html)"
85.208.96.194 - - [26/Dec/2024:04:26:08 -0500] "GET /?b=101958766 HTTP/1.1" 200 21063 "-" "Mozilla/5.0 (compatible; SemrushBot/7~bl; +http://www.semrush.com/bot.html)"
66.249.74.131 - - [26/Dec/2024:04:26:10 -0500] "GET /?b=166247466 HTTP/1.1" 200 81717 "-" "Mozilla/5.0 (Linux; Android 6.0.1; Nexus 5X Build/MMB29P) AppleWebKit/537.36 (KHTML, like Gecko) Chrome/131.0.6778.139 Mobile Safari/537.36 (compatible; GoogleOther)"
66.249.74.130 - - [26/Dec/2024:04:26:30 -0500] "GET /?b=302781866 HTTP/1.1" 200 79781 "-" "Mozilla/5.0 (Linux; Android 6.0.1; Nexus 5X Build/MMB29P) AppleWebKit/537.36 (KHTML, like Gecko) Chrome/131.0.6778.139 Mobile Safari/537.36 (compatible; GoogleOther)"
185.191.171.12 - - [26/Dec/2024:04:26:34 -0500] "GET /?b=338628566 HTTP/1.1" 200 21076 "-" "Mozilla/5.0 (compatible; SemrushBot/7~bl; +http://www.semrush.com/bot.html)"
66.29.132.124 - - [26/Dec/2024:04:26:43 -0500] "POST /wp-cron.php?doing_wp_cron=1735205202.6736149787902832031250 HTTP/1.1" 200 0 "-" "WordPress/6.7.1; https://blog.diixadigital.com"
85.208.96.194 - - [26/Dec/2024:04:26:42 -0500] "GET /?b=94966666 HTTP/1.1" 200 21069 "-" "Mozilla/5.0 (compatible; SemrushBot/7~bl; +http://www.semrush.com/bot.html)"
52.167.144.159 - - [26/Dec/2024:04:26:43 -0500] "GET /mlacf/j1916459.html HTTP/1.1" 200 79429 "-" "Mozilla/5.0 AppleWebKit/537.36 (KHTML, like Gecko; compatible; bingbot/2.0; +http://www.bing.com/bingbot.htm) Chrome/116.0.1938.76 Safari/537.36"
185.191.171.3 - - [26/Dec/2024:04:26:49 -0500] "GET /?b=293504466 HTTP/1.1" 200 21065 "-" "Mozilla/5.0 (compatible; SemrushBot/7~bl; +http://www.semrush.com/bot.html)"
66.249.74.130 - - [26/Dec/2024:04:26:49 -0500] "GET /?b=76224566 HTTP/1.1" 200 80399 "-" "Mozilla/5.0 (Linux; Android 6.0.1; Nexus 5X Build/MMB29P) AppleWebKit/537.36 (KHTML, like Gecko) Chrome/131.0.6778.139 Mobile Safari/537.36 (compatible; GoogleOther)"
85.208.96.208 - - [26/Dec/2024:04:27:08 -0500] "GET /?b=205974666 HTTP/1.1" 200 21082 "-" "Mozilla/5.0 (compatible; SemrushBot/7~bl; +http://www.semrush.com/bot.html)"
66.249.74.130 - - [26/Dec/2024:04:27:08 -0500] "GET /?b=269318666 HTTP/1.1" 200 79951 "-" "Mozilla/5.0 (Linux; Android 6.0.1; Nexus 5X Build/MMB29P) AppleWebKit/537.36 (KHTML, like Gecko) Chrome/131.0.6778.139 Mobile Safari/537.36 (compatible; GoogleOther)"
185.191.171.1 - - [26/Dec/2024:04:27:16 -0500] "GET /?b=263272266 HTTP/1.1" 200 21065 "-" "Mozilla/5.0 (compatible; SemrushBot/7~bl; +http://www.semrush.com/bot.html)"
52.14.125.137 - - [26/Dec/2024:04:27:19 -0500] "GET /?p=1584 HTTP/1.1" 301 0 "-" "Mozilla/5.0 AppleWebKit/537.36 (KHTML, like Gecko; compatible; ClaudeBot/1.0; +claudebot@anthropic.com)"
