185.191.171.6 - - [25/Dec/2024:16:23:21 -0500] "GET /?b=154435966 HTTP/1.1" 200 21066 "-" "Mozilla/5.0 (compatible; SemrushBot/7~bl; +http://www.semrush.com/bot.html)"
185.191.171.3 - - [25/Dec/2024:16:23:31 -0500] "GET /?b=187300766 HTTP/1.1" 200 21082 "-" "Mozilla/5.0 (compatible; SemrushBot/7~bl; +http://www.semrush.com/bot.html)"
40.77.167.156 - - [25/Dec/2024:16:23:39 -0500] "GET /dspth/j1050997.html HTTP/1.1" 200 81042 "-" "Mozilla/5.0 AppleWebKit/537.36 (KHTML, like Gecko; compatible; bingbot/2.0; +http://www.bing.com/bingbot.htm) Chrome/116.0.1938.76 Safari/537.36"
85.208.96.206 - - [25/Dec/2024:16:23:42 -0500] "GET /?b=272497766 HTTP/1.1" 200 21082 "-" "Mozilla/5.0 (compatible; SemrushBot/7~bl; +http://www.semrush.com/bot.html)"
66.29.132.124 - - [25/Dec/2024:16:23:58 -0500] "POST /wp-cron.php?doing_wp_cron=1735161837.7649049758911132812500 HTTP/1.1" 200 0 "-" "WordPress/6.7.1; https://blog.diixadigital.com"
185.191.171.16 - - [25/Dec/2024:16:23:51 -0500] "GET /?b=107371366 HTTP/1.1" 200 21081 "-" "Mozilla/5.0 (compatible; SemrushBot/7~bl; +http://www.semrush.com/bot.html)"
66.29.132.124 - - [25/Dec/2024:16:24:02 -0500] "POST /wp-admin/admin-ajax.php?action=async_litespeed&nonce=299b0ba356&litespeed_type=imgoptm HTTP/1.1" 200 0 "-" "WordPress/6.7.1; https://blog.diixadigital.com"
85.208.96.211 - - [25/Dec/2024:16:24:05 -0500] "GET /?b=192463566 HTTP/1.1" 200 21110 "-" "Mozilla/5.0 (compatible; SemrushBot/7~bl; +http://www.semrush.com/bot.html)"
66.29.132.124 - - [25/Dec/2024:16:24:23 -0500] "POST /wp-cron.php?doing_wp_cron=1735161862.9680230617523193359375 HTTP/1.1" 200 0 "-" "WordPress/6.7.1; https://blog.diixadigital.com"
85.208.96.208 - - [25/Dec/2024:16:24:17 -0500] "GET /?b=350593866 HTTP/1.1" 200 21086 "-" "Mozilla/5.0 (compatible; SemrushBot/7~bl; +http://www.semrush.com/bot.html)"
185.191.171.15 - - [25/Dec/2024:16:24:31 -0500] "GET /?b=317171966 HTTP/1.1" 200 21071 "-" "Mozilla/5.0 (compatible; SemrushBot/7~bl; +http://www.semrush.com/bot.html)"
40.77.167.56 - - [25/Dec/2024:16:24:45 -0500] "GET /uytfw/f1441591.html HTTP/1.1" 200 83113 "-" "Mozilla/5.0 AppleWebKit/537.36 (KHTML, like Gecko; compatible; bingbot/2.0; +http://www.bing.com/bingbot.htm) Chrome/116.0.1938.76 Safari/537.36"
40.77.167.56 - - [25/Dec/2024:16:24:46 -0500] "GET /ftnsh/f1631495.html HTTP/1.1" 200 81625 "-" "Mozilla/5.0 AppleWebKit/537.36 (KHTML, like Gecko; compatible; bingbot/2.0; +http://www.bing.com/bingbot.htm) Chrome/116.0.1938.76 Safari/537.36"
66.29.132.124 - - [25/Dec/2024:16:24:59 -0500] "POST /wp-cron.php?doing_wp_cron=1735161899.3665831089019775390625 HTTP/1.1" 200 0 "-" "WordPress/6.7.1; https://blog.diixadigital.com"
66.29.132.124 - - [25/Dec/2024:16:25:05 -0500] "POST /wp-admin/admin-ajax.php?action=async_litespeed&nonce=299b0ba356&litespeed_type=imgoptm HTTP/1.1" 200 0 "-" "WordPress/6.7.1; https://blog.diixadigital.com"
185.191.171.11 - - [25/Dec/2024:16:24:55 -0500] "GET /?b=93128766 HTTP/1.1" 200 21090 "-" "Mozilla/5.0 (compatible; SemrushBot/7~bl; +http://www.semrush.com/bot.html)"
3.149.29.190 - - [25/Dec/2024:16:25:01 -0500] "GET /wp-json/wp/v2/tags/109 HTTP/1.1" 200 633 "-" "Mozilla/5.0 AppleWebKit/537.36 (KHTML, like Gecko; compatible; ClaudeBot/1.0; +claudebot@anthropic.com)"
185.191.171.1 - - [25/Dec/2024:16:25:08 -0500] "GET /?b=154944966 HTTP/1.1" 200 21073 "-" "Mozilla/5.0 (compatible; SemrushBot/7~bl; +http://www.semrush.com/bot.html)"
85.208.96.202 - - [25/Dec/2024:16:25:18 -0500] "GET /?b=305832766 HTTP/1.1" 200 21083 "-" "Mozilla/5.0 (compatible; SemrushBot/7~bl; +http://www.semrush.com/bot.html)"
66.29.132.124 - - [25/Dec/2024:16:25:35 -0500] "POST /wp-cron.php?doing_wp_cron=1735161935.1714711189270019531250 HTTP/1.1" 200 0 "-" "WordPress/6.7.1; https://blog.diixadigital.com"
85.208.96.206 - - [25/Dec/2024:16:25:30 -0500] "GET /?b=266771566 HTTP/1.1" 200 21083 "-" "Mozilla/5.0 (compatible; SemrushBot/7~bl; +http://www.semrush.com/bot.html)"
185.191.171.11 - - [25/Dec/2024:16:25:43 -0500] "GET /?b=62579266 HTTP/1.1" 200 21084 "-" "Mozilla/5.0 (compatible; SemrushBot/7~bl; +http://www.semrush.com/bot.html)"
66.29.132.124 - - [25/Dec/2024:16:26:01 -0500] "POST /wp-cron.php?doing_wp_cron=1735161960.8810889720916748046875 HTTP/1.1" 200 0 "-" "WordPress/6.7.1; https://blog.diixadigital.com"
66.29.132.124 - - [25/Dec/2024:16:26:06 -0500] "POST /wp-admin/admin-ajax.php?action=async_litespeed&nonce=299b0ba356&litespeed_type=imgoptm HTTP/1.1" 200 0 "-" "WordPress/6.7.1; https://blog.diixadigital.com"
185.191.171.19 - - [25/Dec/2024:16:25:55 -0500] "GET /?b=155135366 HTTP/1.1" 200 21076 "-" "Mozilla/5.0 (compatible; SemrushBot/7~bl; +http://www.semrush.com/bot.html)"
85.208.96.202 - - [25/Dec/2024:16:26:11 -0500] "GET /?b=23573766 HTTP/1.1" 200 21079 "-" "Mozilla/5.0 (compatible; SemrushBot/7~bl; +http://www.semrush.com/bot.html)"
66.29.132.124 - - [25/Dec/2024:16:26:27 -0500] "POST /wp-cron.php?doing_wp_cron=1735161987.3646500110626220703125 HTTP/1.1" 200 0 "-" "WordPress/6.7.1; https://blog.diixadigital.com"
185.191.171.11 - - [25/Dec/2024:16:26:24 -0500] "GET /?b=248054966 HTTP/1.1" 200 21084 "-" "Mozilla/5.0 (compatible; SemrushBot/7~bl; +http://www.semrush.com/bot.html)"
85.208.96.203 - - [25/Dec/2024:16:26:33 -0500] "GET /?b=18157466 HTTP/1.1" 200 21075 "-" "Mozilla/5.0 (compatible; SemrushBot/7~bl; +http://www.semrush.com/bot.html)"
85.208.96.199 - - [25/Dec/2024:16:26:41 -0500] "GET /?b=155888966 HTTP/1.1" 200 21075 "-" "Mozilla/5.0 (compatible; SemrushBot/7~bl; +http://www.semrush.com/bot.html)"
66.29.132.124 - - [25/Dec/2024:16:26:53 -0500] "POST /wp-cron.php?doing_wp_cron=1735162013.1628510951995849609375 HTTP/1.1" 200 0 "-" "WordPress/6.7.1; https://blog.diixadigital.com"
85.208.96.194 - - [25/Dec/2024:16:26:49 -0500] "GET /?b=75582966 HTTP/1.1" 200 21090 "-" "Mozilla/5.0 (compatible; SemrushBot/7~bl; +http://www.semrush.com/bot.html)"
66.29.132.124 - - [25/Dec/2024:16:26:55 -0500] "POST /wp-admin/admin-ajax.php?action=async_litespeed&nonce=299b0ba356&litespeed_type=imgoptm HTTP/1.1" 200 0 "-" "WordPress/6.7.1; https://blog.diixadigital.com"
85.208.96.209 - - [25/Dec/2024:16:27:05 -0500] "GET /?b=49908066 HTTP/1.1" 200 21073 "-" "Mozilla/5.0 (compatible; SemrushBot/7~bl; +http://www.semrush.com/bot.html)"
18.221.147.141 - - [25/Dec/2024:16:27:14 -0500] "GET /samsung-says-bixbys-still-not-dead HTTP/1.1" 301 0 "-" "Mozilla/5.0 AppleWebKit/537.36 (KHTML, like Gecko; compatible; ClaudeBot/1.0; +claudebot@anthropic.com)"
18.221.147.141 - - [25/Dec/2024:16:27:19 -0500] "GET /samsung-says-bixbys-still-not-dead/ HTTP/1.1" 200 0 "https://blog.diixadigital.com/samsung-says-bixbys-still-not-dead" "Mozilla/5.0 AppleWebKit/537.36 (KHTML, like Gecko; compatible; ClaudeBot/1.0; +claudebot@anthropic.com)"
66.29.132.124 - - [25/Dec/2024:16:27:24 -0500] "POST /wp-cron.php?doing_wp_cron=1735162043.8607571125030517578125 HTTP/1.1" 200 0 "-" "WordPress/6.7.1; https://blog.diixadigital.com"
185.191.171.8 - - [25/Dec/2024:16:27:18 -0500] "GET /?b=142223266 HTTP/1.1" 200 21074 "-" "Mozilla/5.0 (compatible; SemrushBot/7~bl; +http://www.semrush.com/bot.html)"
85.208.96.200 - - [25/Dec/2024:16:27:30 -0500] "GET /?b=152264066 HTTP/1.1" 200 21084 "-" "Mozilla/5.0 (compatible; SemrushBot/7~bl; +http://www.semrush.com/bot.html)"
85.208.96.205 - - [25/Dec/2024:16:27:41 -0500] "GET /?b=187907166 HTTP/1.1" 200 21074 "-" "Mozilla/5.0 (compatible; SemrushBot/7~bl; +http://www.semrush.com/bot.html)"
66.29.132.124 - - [25/Dec/2024:16:27:55 -0500] "POST /wp-cron.php?doing_wp_cron=1735162075.4664919376373291015625 HTTP/1.1" 200 0 "-" "WordPress/6.7.1; https://blog.diixadigital.com"
185.191.171.19 - - [25/Dec/2024:16:27:51 -0500] "GET /?b=269034166 HTTP/1.1" 200 21091 "-" "Mozilla/5.0 (compatible; SemrushBot/7~bl; +http://www.semrush.com/bot.html)"
66.29.132.124 - - [25/Dec/2024:16:28:00 -0500] "POST /wp-admin/admin-ajax.php?action=async_litespeed&nonce=299b0ba356&litespeed_type=imgoptm HTTP/1.1" 200 0 "-" "WordPress/6.7.1; https://blog.diixadigital.com"
185.191.171.4 - - [25/Dec/2024:16:28:01 -0500] "GET /?b=243035466 HTTP/1.1" 200 21092 "-" "Mozilla/5.0 (compatible; SemrushBot/7~bl; +http://www.semrush.com/bot.html)"
185.191.171.4 - - [25/Dec/2024:16:28:11 -0500] "GET /?b=174157766 HTTP/1.1" 200 21066 "-" "Mozilla/5.0 (compatible; SemrushBot/7~bl; +http://www.semrush.com/bot.html)"
185.191.171.8 - - [25/Dec/2024:16:28:18 -0500] "GET /?b=351374866 HTTP/1.1" 200 21078 "-" "Mozilla/5.0 (compatible; SemrushBot/7~bl; +http://www.semrush.com/bot.html)"
66.29.132.124 - - [25/Dec/2024:16:28:29 -0500] "POST /wp-cron.php?doing_wp_cron=1735162109.4627549648284912109375 HTTP/1.1" 200 0 "-" "WordPress/6.7.1; https://blog.diixadigital.com"
3.145.161.199 - - [25/Dec/2024:16:28:26 -0500] "GET /wp-json/wp/v2/posts/1545 HTTP/1.1" 200 5146 "-" "Mozilla/5.0 AppleWebKit/537.36 (KHTML, like Gecko; compatible; ClaudeBot/1.0; +claudebot@anthropic.com)"
185.191.171.2 - - [25/Dec/2024:16:28:38 -0500] "GET /?b=293715966 HTTP/1.1" 200 21075 "-" "Mozilla/5.0 (compatible; SemrushBot/7~bl; +http://www.semrush.com/bot.html)"
40.77.167.15 - - [25/Dec/2024:16:28:48 -0500] "GET /fjaoa/r1683221.html HTTP/1.1" 200 79416 "-" "Mozilla/5.0 AppleWebKit/537.36 (KHTML, like Gecko; compatible; bingbot/2.0; +http://www.bing.com/bingbot.htm) Chrome/116.0.1938.76 Safari/537.36"
66.29.132.124 - - [25/Dec/2024:16:28:56 -0500] "POST /wp-cron.php?doing_wp_cron=1735162135.9656400680541992187500 HTTP/1.1" 200 0 "-" "WordPress/6.7.1; https://blog.diixadigital.com"
66.29.132.124 - - [25/Dec/2024:16:28:59 -0500] "POST /wp-admin/admin-ajax.php?action=async_litespeed&nonce=299b0ba356&litespeed_type=imgoptm HTTP/1.1" 200 0 "-" "WordPress/6.7.1; https://blog.diixadigital.com"
85.208.96.200 - - [25/Dec/2024:16:28:52 -0500] "GET /?b=253392666 HTTP/1.1" 200 21080 "-" "Mozilla/5.0 (compatible; SemrushBot/7~bl; +http://www.semrush.com/bot.html)"
85.208.96.212 - - [25/Dec/2024:16:29:02 -0500] "GET /?b=192439666 HTTP/1.1" 200 21069 "-" "Mozilla/5.0 (compatible; SemrushBot/7~bl; +http://www.semrush.com/bot.html)"
185.191.171.15 - - [25/Dec/2024:16:29:14 -0500] "GET /?b=165604066 HTTP/1.1" 200 21076 "-" "Mozilla/5.0 (compatible; SemrushBot/7~bl; +http://www.semrush.com/bot.html)"
66.29.132.124 - - [25/Dec/2024:16:29:38 -0500] "POST /wp-cron.php?doing_wp_cron=1735162178.0688500404357910156250 HTTP/1.1" 200 0 "-" "WordPress/6.7.1; https://blog.diixadigital.com"
185.191.171.3 - - [25/Dec/2024:16:29:35 -0500] "GET /?b=173063266 HTTP/1.1" 200 21091 "-" "Mozilla/5.0 (compatible; SemrushBot/7~bl; +http://www.semrush.com/bot.html)"
85.208.96.202 - - [25/Dec/2024:16:29:43 -0500] "GET /?b=150208066 HTTP/1.1" 200 21081 "-" "Mozilla/5.0 (compatible; SemrushBot/7~bl; +http://www.semrush.com/bot.html)"
66.29.132.124 - - [25/Dec/2024:16:30:00 -0500] "POST /wp-cron.php?doing_wp_cron=1735162200.2595388889312744140625 HTTP/1.1" 200 0 "-" "WordPress/6.7.1; https://blog.diixadigital.com"
66.29.132.124 - - [25/Dec/2024:16:30:05 -0500] "POST /wp-admin/admin-ajax.php?action=async_litespeed&nonce=299b0ba356&litespeed_type=imgoptm HTTP/1.1" 200 0 "-" "WordPress/6.7.1; https://blog.diixadigital.com"
85.208.96.212 - - [25/Dec/2024:16:29:56 -0500] "GET /?b=20613166 HTTP/1.1" 200 21094 "-" "Mozilla/5.0 (compatible; SemrushBot/7~bl; +http://www.semrush.com/bot.html)"
185.191.171.15 - - [25/Dec/2024:16:30:08 -0500] "GET /?b=70596566 HTTP/1.1" 200 21075 "-" "Mozilla/5.0 (compatible; SemrushBot/7~bl; +http://www.semrush.com/bot.html)"
66.29.132.124 - - [25/Dec/2024:16:30:33 -0500] "POST /wp-cron.php?doing_wp_cron=1735162233.2602269649505615234375 HTTP/1.1" 200 0 "-" "WordPress/6.7.1; https://blog.diixadigital.com"
185.191.171.15 - - [25/Dec/2024:16:30:25 -0500] "GET /?b=250048266 HTTP/1.1" 200 21071 "-" "Mozilla/5.0 (compatible; SemrushBot/7~bl; +http://www.semrush.com/bot.html)"
185.191.171.5 - - [25/Dec/2024:16:30:42 -0500] "GET /?b=350018966 HTTP/1.1" 200 21082 "-" "Mozilla/5.0 (compatible; SemrushBot/7~bl; +http://www.semrush.com/bot.html)"
66.29.132.124 - - [25/Dec/2024:16:31:03 -0500] "POST /wp-cron.php?doing_wp_cron=1735162263.5605809688568115234375 HTTP/1.1" 200 0 "-" "WordPress/6.7.1; https://blog.diixadigital.com"
66.29.132.124 - - [25/Dec/2024:16:31:09 -0500] "POST /wp-admin/admin-ajax.php?action=async_litespeed&nonce=299b0ba356&litespeed_type=imgoptm HTTP/1.1" 200 0 "-" "WordPress/6.7.1; https://blog.diixadigital.com"
85.208.96.202 - - [25/Dec/2024:16:30:56 -0500] "GET /?b=47149466 HTTP/1.1" 200 21068 "-" "Mozilla/5.0 (compatible; SemrushBot/7~bl; +http://www.semrush.com/bot.html)"
85.208.96.202 - - [25/Dec/2024:16:31:13 -0500] "GET /?b=157385166 HTTP/1.1" 200 21099 "-" "Mozilla/5.0 (compatible; SemrushBot/7~bl; +http://www.semrush.com/bot.html)"
66.29.132.124 - - [25/Dec/2024:16:31:35 -0500] "POST /wp-cron.php?doing_wp_cron=1735162295.4653949737548828125000 HTTP/1.1" 200 0 "-" "WordPress/6.7.1; https://blog.diixadigital.com"
85.208.96.210 - - [25/Dec/2024:16:31:30 -0500] "GET /?b=142764466 HTTP/1.1" 200 21083 "-" "Mozilla/5.0 (compatible; SemrushBot/7~bl; +http://www.semrush.com/bot.html)"
85.208.96.197 - - [25/Dec/2024:16:31:40 -0500] "GET /?b=309705066 HTTP/1.1" 200 21079 "-" "Mozilla/5.0 (compatible; SemrushBot/7~bl; +http://www.semrush.com/bot.html)"
66.29.132.124 - - [25/Dec/2024:16:32:00 -0500] "POST /wp-cron.php?doing_wp_cron=1735162319.5680770874023437500000 HTTP/1.1" 200 0 "-" "WordPress/6.7.1; https://blog.diixadigital.com"
66.29.132.124 - - [25/Dec/2024:16:32:03 -0500] "POST /wp-admin/admin-ajax.php?action=async_litespeed&nonce=299b0ba356&litespeed_type=imgoptm HTTP/1.1" 200 0 "-" "WordPress/6.7.1; https://blog.diixadigital.com"
185.191.171.11 - - [25/Dec/2024:16:31:54 -0500] "GET /?b=178701866 HTTP/1.1" 200 21088 "-" "Mozilla/5.0 (compatible; SemrushBot/7~bl; +http://www.semrush.com/bot.html)"
85.208.96.209 - - [25/Dec/2024:16:32:06 -0500] "GET /?b=54479166 HTTP/1.1" 200 21075 "-" "Mozilla/5.0 (compatible; SemrushBot/7~bl; +http://www.semrush.com/bot.html)"
85.208.96.197 - - [25/Dec/2024:16:32:16 -0500] "GET /?b=69398666 HTTP/1.1" 200 21067 "-" "Mozilla/5.0 (compatible; SemrushBot/7~bl; +http://www.semrush.com/bot.html)"
52.167.144.136 - - [25/Dec/2024:16:32:26 -0500] "GET /hsefl/f596565.html HTTP/1.1" 200 79727 "-" "Mozilla/5.0 AppleWebKit/537.36 (KHTML, like Gecko; compatible; bingbot/2.0; +http://www.bing.com/bingbot.htm) Chrome/116.0.1938.76 Safari/537.36"
66.29.132.124 - - [25/Dec/2024:16:32:29 -0500] "POST /wp-cron.php?doing_wp_cron=1735162349.8607370853424072265625 HTTP/1.1" 200 0 "-" "WordPress/6.7.1; https://blog.diixadigital.com"
85.208.96.208 - - [25/Dec/2024:16:32:24 -0500] "GET /?b=288671866 HTTP/1.1" 200 21089 "-" "Mozilla/5.0 (compatible; SemrushBot/7~bl; +http://www.semrush.com/bot.html)"
40.77.167.15 - - [25/Dec/2024:16:32:38 -0500] "GET /gcfjl/x2371525.html HTTP/1.1" 200 81967 "-" "Mozilla/5.0 AppleWebKit/537.36 (KHTML, like Gecko; compatible; bingbot/2.0; +http://www.bing.com/bingbot.htm) Chrome/116.0.1938.76 Safari/537.36"
85.208.96.212 - - [25/Dec/2024:16:32:36 -0500] "GET /?b=46158266 HTTP/1.1" 200 21068 "-" "Mozilla/5.0 (compatible; SemrushBot/7~bl; +http://www.semrush.com/bot.html)"
85.208.96.210 - - [25/Dec/2024:16:32:44 -0500] "GET /?b=313066366 HTTP/1.1" 200 21090 "-" "Mozilla/5.0 (compatible; SemrushBot/7~bl; +http://www.semrush.com/bot.html)"
66.29.132.124 - - [25/Dec/2024:16:32:57 -0500] "POST /wp-cron.php?doing_wp_cron=1735162377.1621570587158203125000 HTTP/1.1" 200 0 "-" "WordPress/6.7.1; https://blog.diixadigital.com"
85.208.96.199 - - [25/Dec/2024:16:32:53 -0500] "GET /?b=207527566 HTTP/1.1" 200 21076 "-" "Mozilla/5.0 (compatible; SemrushBot/7~bl; +http://www.semrush.com/bot.html)"
66.29.132.124 - - [25/Dec/2024:16:33:01 -0500] "POST /wp-admin/admin-ajax.php?action=async_litespeed&nonce=299b0ba356&litespeed_type=imgoptm HTTP/1.1" 200 0 "-" "WordPress/6.7.1; https://blog.diixadigital.com"
185.191.171.9 - - [25/Dec/2024:16:33:08 -0500] "GET /?b=209300166 HTTP/1.1" 200 21060 "-" "Mozilla/5.0 (compatible; SemrushBot/7~bl; +http://www.semrush.com/bot.html)"
40.77.167.15 - - [25/Dec/2024:16:33:28 -0500] "GET /pvdyx/p2212709.html HTTP/1.1" 200 80276 "-" "Mozilla/5.0 AppleWebKit/537.36 (KHTML, like Gecko; compatible; bingbot/2.0; +http://www.bing.com/bingbot.htm) Chrome/116.0.1938.76 Safari/537.36"
185.191.171.19 - - [25/Dec/2024:16:33:35 -0500] "GET /robots.txt HTTP/1.1" 200 139 "-" "Mozilla/5.0 (compatible; SemrushBot/7~bl; +http://www.semrush.com/bot.html)"
66.29.132.124 - - [25/Dec/2024:16:33:38 -0500] "POST /wp-cron.php?doing_wp_cron=1735162418.6679909229278564453125 HTTP/1.1" 200 0 "-" "WordPress/6.7.1; https://blog.diixadigital.com"
185.191.171.4 - - [25/Dec/2024:16:33:36 -0500] "GET /?b=27439966 HTTP/1.1" 200 21081 "-" "Mozilla/5.0 (compatible; SemrushBot/7~bl; +http://www.semrush.com/bot.html)"
66.29.132.124 - - [25/Dec/2024:16:33:49 -0500] "POST /wp-cron.php?doing_wp_cron=1735162429.6638889312744140625000 HTTP/1.1" 200 0 "-" "WordPress/6.7.1; https://blog.diixadigital.com"
66.29.132.124 - - [25/Dec/2024:16:33:53 -0500] "POST /wp-admin/admin-ajax.php?action=async_litespeed&nonce=299b0ba356&litespeed_type=imgoptm HTTP/1.1" 200 0 "-" "WordPress/6.7.1; https://blog.diixadigital.com"
185.191.171.6 - - [25/Dec/2024:16:33:45 -0500] "GET /?b=237425066 HTTP/1.1" 200 21077 "-" "Mozilla/5.0 (compatible; SemrushBot/7~bl; +http://www.semrush.com/bot.html)"
185.191.171.8 - - [25/Dec/2024:16:33:58 -0500] "GET /?b=292765966 HTTP/1.1" 200 21084 "-" "Mozilla/5.0 (compatible; SemrushBot/7~bl; +http://www.semrush.com/bot.html)"
40.77.167.15 - - [25/Dec/2024:16:34:07 -0500] "GET /hoofg/r954571.html HTTP/1.1" 200 80468 "-" "Mozilla/5.0 AppleWebKit/537.36 (KHTML, like Gecko; compatible; bingbot/2.0; +http://www.bing.com/bingbot.htm) Chrome/116.0.1938.76 Safari/537.36"
40.77.167.15 - - [25/Dec/2024:16:34:09 -0500] "GET /zewhq/h772743.html HTTP/1.1" 200 79725 "-" "Mozilla/5.0 AppleWebKit/537.36 (KHTML, like Gecko; compatible; bingbot/2.0; +http://www.bing.com/bingbot.htm) Chrome/116.0.1938.76 Safari/537.36"
85.208.96.212 - - [25/Dec/2024:16:34:08 -0500] "GET /?b=289619566 HTTP/1.1" 200 21091 "-" "Mozilla/5.0 (compatible; SemrushBot/7~bl; +http://www.semrush.com/bot.html)"
85.208.96.199 - - [25/Dec/2024:16:34:14 -0500] "GET /?b=272637966 HTTP/1.1" 200 21064 "-" "Mozilla/5.0 (compatible; SemrushBot/7~bl; +http://www.semrush.com/bot.html)"
185.191.171.14 - - [25/Dec/2024:16:34:18 -0500] "GET /?b=207229166 HTTP/1.1" 200 21083 "-" "Mozilla/5.0 (compatible; SemrushBot/7~bl; +http://www.semrush.com/bot.html)"
66.29.132.124 - - [25/Dec/2024:16:34:31 -0500] "POST /wp-cron.php?doing_wp_cron=1735162471.3589301109313964843750 HTTP/1.1" 200 0 "-" "WordPress/6.7.1; https://blog.diixadigital.com"
185.191.171.6 - - [25/Dec/2024:16:34:27 -0500] "GET /?b=12512266 HTTP/1.1" 200 21075 "-" "Mozilla/5.0 (compatible; SemrushBot/7~bl; +http://www.semrush.com/bot.html)"
85.208.96.212 - - [25/Dec/2024:16:34:37 -0500] "GET /?b=285080466 HTTP/1.1" 200 21082 "-" "Mozilla/5.0 (compatible; SemrushBot/7~bl; +http://www.semrush.com/bot.html)"
66.29.132.124 - - [25/Dec/2024:16:34:54 -0500] "POST /wp-cron.php?doing_wp_cron=1735162494.1630470752716064453125 HTTP/1.1" 200 0 "-" "WordPress/6.7.1; https://blog.diixadigital.com"
66.29.132.124 - - [25/Dec/2024:16:34:57 -0500] "POST /wp-admin/admin-ajax.php?action=async_litespeed&nonce=299b0ba356&litespeed_type=imgoptm HTTP/1.1" 200 0 "-" "WordPress/6.7.1; https://blog.diixadigital.com"
85.208.96.210 - - [25/Dec/2024:16:34:49 -0500] "GET /?b=83032466 HTTP/1.1" 200 21072 "-" "Mozilla/5.0 (compatible; SemrushBot/7~bl; +http://www.semrush.com/bot.html)"
40.77.167.15 - - [25/Dec/2024:16:35:09 -0500] "GET /fddwl/d1268221.html HTTP/1.1" 200 80514 "-" "Mozilla/5.0 AppleWebKit/537.36 (KHTML, like Gecko; compatible; bingbot/2.0; +http://www.bing.com/bingbot.htm) Chrome/116.0.1938.76 Safari/537.36"
185.191.171.13 - - [25/Dec/2024:16:35:01 -0500] "GET /?b=286377966 HTTP/1.1" 200 21082 "-" "Mozilla/5.0 (compatible; SemrushBot/7~bl; +http://www.semrush.com/bot.html)"
185.191.171.13 - - [25/Dec/2024:16:35:15 -0500] "GET /?b=278361966 HTTP/1.1" 200 21064 "-" "Mozilla/5.0 (compatible; SemrushBot/7~bl; +http://www.semrush.com/bot.html)"
52.167.144.22 - - [25/Dec/2024:16:35:31 -0500] "GET /weqay/j2624985.html HTTP/1.1" 200 79682 "-" "Mozilla/5.0 AppleWebKit/537.36 (KHTML, like Gecko; compatible; bingbot/2.0; +http://www.bing.com/bingbot.htm) Chrome/116.0.1938.76 Safari/537.36"
66.29.132.124 - - [25/Dec/2024:16:35:34 -0500] "POST /wp-cron.php?doing_wp_cron=1735162533.8592829704284667968750 HTTP/1.1" 200 0 "-" "WordPress/6.7.1; https://blog.diixadigital.com"
85.208.96.210 - - [25/Dec/2024:16:35:28 -0500] "GET /?b=187705666 HTTP/1.1" 200 21078 "-" "Mozilla/5.0 (compatible; SemrushBot/7~bl; +http://www.semrush.com/bot.html)"
18.216.156.226 - - [25/Dec/2024:16:35:38 -0500] "GET /wp-json/oembed/1.0/embed?format=xml&url=https%3A%2F%2Fblog.diixadigital.com%2Fprivacy-policy%2F HTTP/1.1" 200 1141 "-" "Mozilla/5.0 AppleWebKit/537.36 (KHTML, like Gecko; compatible; ClaudeBot/1.0; +claudebot@anthropic.com)"
85.208.96.208 - - [25/Dec/2024:16:35:40 -0500] "GET /?b=313785566 HTTP/1.1" 200 21071 "-" "Mozilla/5.0 (compatible; SemrushBot/7~bl; +http://www.semrush.com/bot.html)"
66.29.132.124 - - [25/Dec/2024:16:35:52 -0500] "POST /wp-cron.php?doing_wp_cron=1735162552.2633728981018066406250 HTTP/1.1" 200 0 "-" "WordPress/6.7.1; https://blog.diixadigital.com"
66.29.132.124 - - [25/Dec/2024:16:35:55 -0500] "POST /wp-admin/admin-ajax.php?action=async_litespeed&nonce=299b0ba356&litespeed_type=imgoptm HTTP/1.1" 200 0 "-" "WordPress/6.7.1; https://blog.diixadigital.com"
85.208.96.208 - - [25/Dec/2024:16:35:49 -0500] "GET /?b=39382166 HTTP/1.1" 200 21091 "-" "Mozilla/5.0 (compatible; SemrushBot/7~bl; +http://www.semrush.com/bot.html)"
185.191.171.11 - - [25/Dec/2024:16:35:59 -0500] "GET /?b=233798766 HTTP/1.1" 200 21074 "-" "Mozilla/5.0 (compatible; SemrushBot/7~bl; +http://www.semrush.com/bot.html)"
52.167.144.136 - - [25/Dec/2024:16:36:06 -0500] "GET /myrtq/u592212.html HTTP/1.1" 200 79735 "-" "Mozilla/5.0 AppleWebKit/537.36 (KHTML, like Gecko; compatible; bingbot/2.0; +http://www.bing.com/bingbot.htm) Chrome/116.0.1938.76 Safari/537.36"
185.191.171.13 - - [25/Dec/2024:16:36:07 -0500] "GET /?b=101589866 HTTP/1.1" 200 21084 "-" "Mozilla/5.0 (compatible; SemrushBot/7~bl; +http://www.semrush.com/bot.html)"
185.191.171.7 - - [25/Dec/2024:16:36:15 -0500] "GET /?b=81496166 HTTP/1.1" 200 21086 "-" "Mozilla/5.0 (compatible; SemrushBot/7~bl; +http://www.semrush.com/bot.html)"
66.29.132.124 - - [25/Dec/2024:16:36:26 -0500] "POST /wp-cron.php?doing_wp_cron=1735162586.3626289367675781250000 HTTP/1.1" 200 0 "-" "WordPress/6.7.1; https://blog.diixadigital.com"
85.208.96.204 - - [25/Dec/2024:16:36:23 -0500] "GET /?b=280156766 HTTP/1.1" 200 21088 "-" "Mozilla/5.0 (compatible; SemrushBot/7~bl; +http://www.semrush.com/bot.html)"
66.29.132.124 - - [25/Dec/2024:16:36:49 -0500] "POST /wp-cron.php?doing_wp_cron=1735162609.4645230770111083984375 HTTP/1.1" 200 0 "-" "WordPress/6.7.1; https://blog.diixadigital.com"
3.143.241.205 - - [25/Dec/2024:16:36:46 -0500] "GET /seso-is-building-software-to-fix-farm-workforces-and-solve-agricultures-hr-woes/feed HTTP/1.1" 301 0 "-" "Mozilla/5.0 AppleWebKit/537.36 (KHTML, like Gecko; compatible; ClaudeBot/1.0; +claudebot@anthropic.com)"
66.29.132.124 - - [25/Dec/2024:16:36:53 -0500] "POST /wp-admin/admin-ajax.php?action=async_litespeed&nonce=299b0ba356&litespeed_type=imgoptm HTTP/1.1" 200 0 "-" "WordPress/6.7.1; https://blog.diixadigital.com"
3.143.241.205 - - [25/Dec/2024:16:36:49 -0500] "GET /seso-is-building-software-to-fix-farm-workforces-and-solve-agricultures-hr-woes/feed/ HTTP/1.1" 200 556 "https://blog.diixadigital.com/seso-is-building-software-to-fix-farm-workforces-and-solve-agricultures-hr-woes/feed" "Mozilla/5.0 AppleWebKit/537.36 (KHTML, like Gecko; compatible; ClaudeBot/1.0; +claudebot@anthropic.com)"
85.208.96.209 - - [25/Dec/2024:16:36:54 -0500] "GET /?b=35444666 HTTP/1.1" 200 21080 "-" "Mozilla/5.0 (compatible; SemrushBot/7~bl; +http://www.semrush.com/bot.html)"
3.145.100.40 - - [25/Dec/2024:16:37:05 -0500] "GET /how-to-turn-off-facebooks-two-factor-authentication-change HTTP/1.1" 301 0 "-" "Mozilla/5.0 AppleWebKit/537.36 (KHTML, like Gecko; compatible; ClaudeBot/1.0; +claudebot@anthropic.com)"
3.145.100.40 - - [25/Dec/2024:16:37:10 -0500] "GET /how-to-turn-off-facebooks-two-factor-authentication-change/ HTTP/1.1" 200 0 "https://blog.diixadigital.com/how-to-turn-off-facebooks-two-factor-authentication-change" "Mozilla/5.0 AppleWebKit/537.36 (KHTML, like Gecko; compatible; ClaudeBot/1.0; +claudebot@anthropic.com)"
185.191.171.2 - - [25/Dec/2024:16:37:17 -0500] "GET /?b=235987266 HTTP/1.1" 200 21068 "-" "Mozilla/5.0 (compatible; SemrushBot/7~bl; +http://www.semrush.com/bot.html)"
66.29.132.124 - - [25/Dec/2024:16:37:34 -0500] "POST /wp-cron.php?doing_wp_cron=1735162654.2649939060211181640625 HTTP/1.1" 200 0 "-" "WordPress/6.7.1; https://blog.diixadigital.com"
185.191.171.16 - - [25/Dec/2024:16:37:29 -0500] "GET /?b=146411266 HTTP/1.1" 200 21070 "-" "Mozilla/5.0 (compatible; SemrushBot/7~bl; +http://www.semrush.com/bot.html)"
185.191.171.13 - - [25/Dec/2024:16:37:41 -0500] "GET /?b=8418966 HTTP/1.1" 200 21074 "-" "Mozilla/5.0 (compatible; SemrushBot/7~bl; +http://www.semrush.com/bot.html)"
66.29.132.124 - - [25/Dec/2024:16:37:50 -0500] "POST /wp-cron.php?doing_wp_cron=1735162670.3603239059448242187500 HTTP/1.1" 200 0 "-" "WordPress/6.7.1; https://blog.diixadigital.com"
85.208.96.210 - - [25/Dec/2024:16:37:48 -0500] "GET /?b=224734766 HTTP/1.1" 200 21092 "-" "Mozilla/5.0 (compatible; SemrushBot/7~bl; +http://www.semrush.com/bot.html)"
66.29.132.124 - - [25/Dec/2024:16:37:52 -0500] "POST /wp-admin/admin-ajax.php?action=async_litespeed&nonce=299b0ba356&litespeed_type=imgoptm HTTP/1.1" 200 0 "-" "WordPress/6.7.1; https://blog.diixadigital.com"
185.191.171.9 - - [25/Dec/2024:16:37:55 -0500] "GET /?b=3189266 HTTP/1.1" 200 21057 "-" "Mozilla/5.0 (compatible; SemrushBot/7~bl; +http://www.semrush.com/bot.html)"
85.208.96.210 - - [25/Dec/2024:16:38:00 -0500] "GET /?b=116160066 HTTP/1.1" 200 21076 "-" "Mozilla/5.0 (compatible; SemrushBot/7~bl; +http://www.semrush.com/bot.html)"
185.191.171.16 - - [25/Dec/2024:16:38:05 -0500] "GET /?b=327796566 HTTP/1.1" 200 21072 "-" "Mozilla/5.0 (compatible; SemrushBot/7~bl; +http://www.semrush.com/bot.html)"
66.29.132.124 - - [25/Dec/2024:16:38:32 -0500] "POST /wp-cron.php?doing_wp_cron=1735162712.3603830337524414062500 HTTP/1.1" 200 0 "-" "WordPress/6.7.1; https://blog.diixadigital.com"
185.191.171.9 - - [25/Dec/2024:16:38:29 -0500] "GET /?b=340974266 HTTP/1.1" 200 21078 "-" "Mozilla/5.0 (compatible; SemrushBot/7~bl; +http://www.semrush.com/bot.html)"
85.208.96.207 - - [25/Dec/2024:16:38:38 -0500] "GET /?b=283816866 HTTP/1.1" 200 21069 "-" "Mozilla/5.0 (compatible; SemrushBot/7~bl; +http://www.semrush.com/bot.html)"
185.191.171.12 - - [25/Dec/2024:16:38:43 -0500] "GET /?b=112964766 HTTP/1.1" 200 21083 "-" "Mozilla/5.0 (compatible; SemrushBot/7~bl; +http://www.semrush.com/bot.html)"
52.167.144.136 - - [25/Dec/2024:16:38:46 -0500] "GET /xleak/w206686.html HTTP/1.1" 200 80896 "-" "Mozilla/5.0 AppleWebKit/537.36 (KHTML, like Gecko; compatible; bingbot/2.0; +http://www.bing.com/bingbot.htm) Chrome/116.0.1938.76 Safari/537.36"
66.29.132.124 - - [25/Dec/2024:16:38:53 -0500] "POST /wp-cron.php?doing_wp_cron=1735162733.2628390789031982421875 HTTP/1.1" 200 0 "-" "WordPress/6.7.1; https://blog.diixadigital.com"
52.167.144.22 - - [25/Dec/2024:16:38:52 -0500] "GET /cyhjn/u1934670.html HTTP/1.1" 200 80485 "-" "Mozilla/5.0 AppleWebKit/537.36 (KHTML, like Gecko; compatible; bingbot/2.0; +http://www.bing.com/bingbot.htm) Chrome/116.0.1938.76 Safari/537.36"
85.208.96.196 - - [25/Dec/2024:16:38:51 -0500] "GET /?b=318917366 HTTP/1.1" 200 21075 "-" "Mozilla/5.0 (compatible; SemrushBot/7~bl; +http://www.semrush.com/bot.html)"
66.29.132.124 - - [25/Dec/2024:16:38:55 -0500] "POST /wp-admin/admin-ajax.php?action=async_litespeed&nonce=299b0ba356&litespeed_type=imgoptm HTTP/1.1" 200 0 "-" "WordPress/6.7.1; https://blog.diixadigital.com"
185.191.171.12 - - [25/Dec/2024:16:38:57 -0500] "GET /?b=163101866 HTTP/1.1" 200 21080 "-" "Mozilla/5.0 (compatible; SemrushBot/7~bl; +http://www.semrush.com/bot.html)"
3.17.78.182 - - [25/Dec/2024:16:39:01 -0500] "GET /?p=1545 HTTP/1.1" 301 0 "-" "Mozilla/5.0 AppleWebKit/537.36 (KHTML, like Gecko; compatible; ClaudeBot/1.0; +claudebot@anthropic.com)"
3.17.78.182 - - [25/Dec/2024:16:39:03 -0500] "GET /seso-is-building-software-to-fix-farm-workforces-and-solve-agricultures-hr-woes/ HTTP/1.1" 200 19392 "https://blog.diixadigital.com/?p=1545" "Mozilla/5.0 AppleWebKit/537.36 (KHTML, like Gecko; compatible; ClaudeBot/1.0; +claudebot@anthropic.com)"
66.29.132.124 - - [25/Dec/2024:16:39:32 -0500] "POST /wp-cron.php?doing_wp_cron=1735162772.2724609375000000000000 HTTP/1.1" 200 0 "-" "WordPress/6.7.1; https://blog.diixadigital.com"
185.191.171.16 - - [25/Dec/2024:16:39:28 -0500] "GET /?b=267063766 HTTP/1.1" 200 21067 "-" "Mozilla/5.0 (compatible; SemrushBot/7~bl; +http://www.semrush.com/bot.html)"
40.77.167.55 - - [25/Dec/2024:16:39:38 -0500] "GET /rluts/d1308963.html HTTP/1.1" 200 79716 "-" "Mozilla/5.0 AppleWebKit/537.36 (KHTML, like Gecko; compatible; bingbot/2.0; +http://www.bing.com/bingbot.htm) Chrome/116.0.1938.76 Safari/537.36"
85.208.96.207 - - [25/Dec/2024:16:39:39 -0500] "GET /?b=143225166 HTTP/1.1" 200 21090 "-" "Mozilla/5.0 (compatible; SemrushBot/7~bl; +http://www.semrush.com/bot.html)"
66.29.132.124 - - [25/Dec/2024:16:39:50 -0500] "POST /wp-cron.php?doing_wp_cron=1735162790.3620779514312744140625 HTTP/1.1" 200 0 "-" "WordPress/6.7.1; https://blog.diixadigital.com"
52.167.144.194 - - [25/Dec/2024:16:39:51 -0500] "GET /wzzbr/i1815292.html HTTP/1.1" 200 81117 "-" "Mozilla/5.0 AppleWebKit/537.36 (KHTML, like Gecko; compatible; bingbot/2.0; +http://www.bing.com/bingbot.htm) Chrome/116.0.1938.76 Safari/537.36"
66.29.132.124 - - [25/Dec/2024:16:39:53 -0500] "POST /wp-admin/admin-ajax.php?action=async_litespeed&nonce=299b0ba356&litespeed_type=imgoptm HTTP/1.1" 200 0 "-" "WordPress/6.7.1; https://blog.diixadigital.com"
85.208.96.208 - - [25/Dec/2024:16:39:48 -0500] "GET /?b=170281166 HTTP/1.1" 200 21079 "-" "Mozilla/5.0 (compatible; SemrushBot/7~bl; +http://www.semrush.com/bot.html)"
52.167.144.194 - - [25/Dec/2024:16:39:54 -0500] "GET /qptdi/w1917642.html HTTP/1.1" 200 80190 "-" "Mozilla/5.0 AppleWebKit/537.36 (KHTML, like Gecko; compatible; bingbot/2.0; +http://www.bing.com/bingbot.htm) Chrome/116.0.1938.76 Safari/537.36"
85.208.96.206 - - [25/Dec/2024:16:39:57 -0500] "GET /?b=264420066 HTTP/1.1" 200 21074 "-" "Mozilla/5.0 (compatible; SemrushBot/7~bl; +http://www.semrush.com/bot.html)"
185.191.171.16 - - [25/Dec/2024:16:40:05 -0500] "GET /?b=296090166 HTTP/1.1" 200 21075 "-" "Mozilla/5.0 (compatible; SemrushBot/7~bl; +http://www.semrush.com/bot.html)"
85.208.96.204 - - [25/Dec/2024:16:40:15 -0500] "GET /?b=175090766 HTTP/1.1" 200 21077 "-" "Mozilla/5.0 (compatible; SemrushBot/7~bl; +http://www.semrush.com/bot.html)"
66.29.132.124 - - [25/Dec/2024:16:40:28 -0500] "POST /wp-cron.php?doing_wp_cron=1735162828.4597051143646240234375 HTTP/1.1" 200 0 "-" "WordPress/6.7.1; https://blog.diixadigital.com"
185.191.171.8 - - [25/Dec/2024:16:40:25 -0500] "GET /?b=88725966 HTTP/1.1" 200 21090 "-" "Mozilla/5.0 (compatible; SemrushBot/7~bl; +http://www.semrush.com/bot.html)"
66.29.132.124 - - [25/Dec/2024:16:40:58 -0500] "POST /wp-cron.php?doing_wp_cron=1735162858.5627279281616210937500 HTTP/1.1" 200 0 "-" "WordPress/6.7.1; https://blog.diixadigital.com"
66.29.132.124 - - [25/Dec/2024:16:41:01 -0500] "POST /wp-admin/admin-ajax.php?action=async_litespeed&nonce=299b0ba356&litespeed_type=imgoptm HTTP/1.1" 200 0 "-" "WordPress/6.7.1; https://blog.diixadigital.com"
85.208.96.195 - - [25/Dec/2024:16:40:56 -0500] "GET /?b=343696266 HTTP/1.1" 200 21081 "-" "Mozilla/5.0 (compatible; SemrushBot/7~bl; +http://www.semrush.com/bot.html)"
3.129.210.36 - - [25/Dec/2024:16:41:11 -0500] "GET /wp-json/wp/v2/categories/81 HTTP/1.1" 200 658 "-" "Mozilla/5.0 AppleWebKit/537.36 (KHTML, like Gecko; compatible; ClaudeBot/1.0; +claudebot@anthropic.com)"
52.167.144.163 - - [25/Dec/2024:16:41:16 -0500] "GET /ybnre/a2243010.html HTTP/1.1" 200 82724 "-" "Mozilla/5.0 AppleWebKit/537.36 (KHTML, like Gecko; compatible; bingbot/2.0; +http://www.bing.com/bingbot.htm) Chrome/116.0.1938.76 Safari/537.36"
85.208.96.195 - - [25/Dec/2024:16:41:16 -0500] "GET /?b=169466566 HTTP/1.1" 200 21093 "-" "Mozilla/5.0 (compatible; SemrushBot/7~bl; +http://www.semrush.com/bot.html)"
52.167.144.163 - - [25/Dec/2024:16:41:18 -0500] "GET /repfe/q250568.html HTTP/1.1" 200 81673 "-" "Mozilla/5.0 AppleWebKit/537.36 (KHTML, like Gecko; compatible; bingbot/2.0; +http://www.bing.com/bingbot.htm) Chrome/116.0.1938.76 Safari/537.36"
52.167.144.163 - - [25/Dec/2024:16:41:20 -0500] "GET /qsmgr/q1671650.html HTTP/1.1" 200 79170 "-" "Mozilla/5.0 AppleWebKit/537.36 (KHTML, like Gecko; compatible; bingbot/2.0; +http://www.bing.com/bingbot.htm) Chrome/116.0.1938.76 Safari/537.36"
66.29.132.124 - - [25/Dec/2024:16:41:43 -0500] "POST /wp-cron.php?doing_wp_cron=1735162903.3764369487762451171875 HTTP/1.1" 200 0 "-" "WordPress/6.7.1; https://blog.diixadigital.com"
185.191.171.11 - - [25/Dec/2024:16:41:41 -0500] "GET /?b=155024066 HTTP/1.1" 200 21083 "-" "Mozilla/5.0 (compatible; SemrushBot/7~bl; +http://www.semrush.com/bot.html)"
66.29.132.124 - - [25/Dec/2024:16:41:55 -0500] "POST /wp-cron.php?doing_wp_cron=1735162915.0614941120147705078125 HTTP/1.1" 200 0 "-" "WordPress/6.7.1; https://blog.diixadigital.com"
66.29.132.124 - - [25/Dec/2024:16:41:57 -0500] "POST /wp-admin/admin-ajax.php?action=async_litespeed&nonce=299b0ba356&litespeed_type=imgoptm HTTP/1.1" 200 0 "-" "WordPress/6.7.1; https://blog.diixadigital.com"
185.191.171.8 - - [25/Dec/2024:16:41:53 -0500] "GET /?b=51485666 HTTP/1.1" 200 21083 "-" "Mozilla/5.0 (compatible; SemrushBot/7~bl; +http://www.semrush.com/bot.html)"
185.191.171.9 - - [25/Dec/2024:16:42:04 -0500] "GET /?b=135856366 HTTP/1.1" 200 21079 "-" "Mozilla/5.0 (compatible; SemrushBot/7~bl; +http://www.semrush.com/bot.html)"
185.191.171.7 - - [25/Dec/2024:16:42:12 -0500] "GET /?b=352739466 HTTP/1.1" 200 21070 "-" "Mozilla/5.0 (compatible; SemrushBot/7~bl; +http://www.semrush.com/bot.html)"
185.191.171.9 - - [25/Dec/2024:16:42:19 -0500] "GET /?b=280055466 HTTP/1.1" 200 21083 "-" "Mozilla/5.0 (compatible; SemrushBot/7~bl; +http://www.semrush.com/bot.html)"
66.29.132.124 - - [25/Dec/2024:16:42:27 -0500] "POST /wp-cron.php?doing_wp_cron=1735162947.0611510276794433593750 HTTP/1.1" 200 0 "-" "WordPress/6.7.1; https://blog.diixadigital.com"
85.208.96.210 - - [25/Dec/2024:16:42:25 -0500] "GET /?b=45376066 HTTP/1.1" 200 21074 "-" "Mozilla/5.0 (compatible; SemrushBot/7~bl; +http://www.semrush.com/bot.html)"
85.208.96.205 - - [25/Dec/2024:16:42:37 -0500] "GET /?b=99481366 HTTP/1.1" 200 21074 "-" "Mozilla/5.0 (compatible; SemrushBot/7~bl; +http://www.semrush.com/bot.html)"
85.208.96.210 - - [25/Dec/2024:16:42:43 -0500] "GET /?b=290757566 HTTP/1.1" 200 21071 "-" "Mozilla/5.0 (compatible; SemrushBot/7~bl; +http://www.semrush.com/bot.html)"
66.29.132.124 - - [25/Dec/2024:16:42:52 -0500] "POST /wp-cron.php?doing_wp_cron=1735162971.9605801105499267578125 HTTP/1.1" 200 0 "-" "WordPress/6.7.1; https://blog.diixadigital.com"
85.208.96.205 - - [25/Dec/2024:16:42:50 -0500] "GET /?b=140808066 HTTP/1.1" 200 21083 "-" "Mozilla/5.0 (compatible; SemrushBot/7~bl; +http://www.semrush.com/bot.html)"
66.29.132.124 - - [25/Dec/2024:16:42:53 -0500] "POST /wp-admin/admin-ajax.php?action=async_litespeed&nonce=299b0ba356&litespeed_type=imgoptm HTTP/1.1" 200 0 "-" "WordPress/6.7.1; https://blog.diixadigital.com"
66.29.132.124 - - [25/Dec/2024:16:43:25 -0500] "POST /wp-cron.php?doing_wp_cron=1735163005.1618421077728271484375 HTTP/1.1" 200 0 "-" "WordPress/6.7.1; https://blog.diixadigital.com"
185.191.171.16 - - [25/Dec/2024:16:43:22 -0500] "GET /?b=108621066 HTTP/1.1" 200 21096 "-" "Mozilla/5.0 (compatible; SemrushBot/7~bl; +http://www.semrush.com/bot.html)"
52.167.144.194 - - [25/Dec/2024:16:43:33 -0500] "GET /wkmfu/x1437527.html HTTP/1.1" 200 81671 "-" "Mozilla/5.0 AppleWebKit/537.36 (KHTML, like Gecko; compatible; bingbot/2.0; +http://www.bing.com/bingbot.htm) Chrome/116.0.1938.76 Safari/537.36"
85.208.96.193 - - [25/Dec/2024:16:43:32 -0500] "GET /?b=295536466 HTTP/1.1" 200 21067 "-" "Mozilla/5.0 (compatible; SemrushBot/7~bl; +http://www.semrush.com/bot.html)"
185.191.171.2 - - [25/Dec/2024:16:43:39 -0500] "GET /robots.txt HTTP/1.1" 200 139 "-" "Mozilla/5.0 (compatible; SemrushBot/7~bl; +http://www.semrush.com/bot.html)"
18.191.233.198 - - [25/Dec/2024:16:43:39 -0500] "GET /indeed-announces-ai-powered-work-experience-writer-and-support-for-multiple-resumes HTTP/1.1" 301 0 "-" "Mozilla/5.0 AppleWebKit/537.36 (KHTML, like Gecko; compatible; ClaudeBot/1.0; +claudebot@anthropic.com)"
18.191.233.198 - - [25/Dec/2024:16:43:43 -0500] "GET /indeed-announces-ai-powered-work-experience-writer-and-support-for-multiple-resumes/ HTTP/1.1" 200 0 "https://blog.diixadigital.com/indeed-announces-ai-powered-work-experience-writer-and-support-for-multiple-resumes" "Mozilla/5.0 AppleWebKit/537.36 (KHTML, like Gecko; compatible; ClaudeBot/1.0; +claudebot@anthropic.com)"
185.191.171.12 - - [25/Dec/2024:16:43:41 -0500] "GET /?b=210535066 HTTP/1.1" 200 21085 "-" "Mozilla/5.0 (compatible; SemrushBot/7~bl; +http://www.semrush.com/bot.html)"
66.29.132.124 - - [25/Dec/2024:16:43:59 -0500] "POST /wp-cron.php?doing_wp_cron=1735163039.2604649066925048828125 HTTP/1.1" 200 0 "-" "WordPress/6.7.1; https://blog.diixadigital.com"
18.224.43.98 - - [25/Dec/2024:16:43:59 -0500] "GET /wp-json/oembed/1.0/embed?format=xml&url=https%3A%2F%2Fblog.diixadigital.com%2Fwhat-is-seo-search-engine-optimization%2F HTTP/1.1" 200 1182 "-" "Mozilla/5.0 AppleWebKit/537.36 (KHTML, like Gecko; compatible; ClaudeBot/1.0; +claudebot@anthropic.com)"
66.29.132.124 - - [25/Dec/2024:16:44:04 -0500] "POST /wp-admin/admin-ajax.php?action=async_litespeed&nonce=299b0ba356&litespeed_type=imgoptm HTTP/1.1" 200 0 "-" "WordPress/6.7.1; https://blog.diixadigital.com"
52.167.144.163 - - [25/Dec/2024:16:44:07 -0500] "GET /pmbps/s572736.html HTTP/1.1" 200 82134 "-" "Mozilla/5.0 AppleWebKit/537.36 (KHTML, like Gecko; compatible; bingbot/2.0; +http://www.bing.com/bingbot.htm) Chrome/116.0.1938.76 Safari/537.36"
185.191.171.13 - - [25/Dec/2024:16:43:56 -0500] "GET /?b=309644966 HTTP/1.1" 200 21105 "-" "Mozilla/5.0 (compatible; SemrushBot/7~bl; +http://www.semrush.com/bot.html)"
185.191.171.3 - - [25/Dec/2024:16:44:10 -0500] "GET /?b=100451466 HTTP/1.1" 200 21072 "-" "Mozilla/5.0 (compatible; SemrushBot/7~bl; +http://www.semrush.com/bot.html)"
66.29.132.124 - - [25/Dec/2024:16:44:24 -0500] "POST /wp-cron.php?doing_wp_cron=1735163064.5688199996948242187500 HTTP/1.1" 200 0 "-" "WordPress/6.7.1; https://blog.diixadigital.com"
185.191.171.14 - - [25/Dec/2024:16:44:22 -0500] "GET /?b=168971866 HTTP/1.1" 200 21079 "-" "Mozilla/5.0 (compatible; SemrushBot/7~bl; +http://www.semrush.com/bot.html)"
185.191.171.8 - - [25/Dec/2024:16:44:29 -0500] "GET /?b=41956766 HTTP/1.1" 200 21067 "-" "Mozilla/5.0 (compatible; SemrushBot/7~bl; +http://www.semrush.com/bot.html)"
185.191.171.3 - - [25/Dec/2024:16:44:38 -0500] "GET /?b=269577866 HTTP/1.1" 200 21062 "-" "Mozilla/5.0 (compatible; SemrushBot/7~bl; +http://www.semrush.com/bot.html)"
85.208.96.209 - - [25/Dec/2024:16:44:44 -0500] "GET /?b=128601466 HTTP/1.1" 200 21086 "-" "Mozilla/5.0 (compatible; SemrushBot/7~bl; +http://www.semrush.com/bot.html)"
66.29.132.124 - - [25/Dec/2024:16:44:59 -0500] "POST /wp-cron.php?doing_wp_cron=1735163099.4681351184844970703125 HTTP/1.1" 200 0 "-" "WordPress/6.7.1; https://blog.diixadigital.com"
85.208.96.212 - - [25/Dec/2024:16:44:57 -0500] "GET /?b=272019766 HTTP/1.1" 200 21076 "-" "Mozilla/5.0 (compatible; SemrushBot/7~bl; +http://www.semrush.com/bot.html)"
66.29.132.124 - - [25/Dec/2024:16:45:01 -0500] "POST /wp-admin/admin-ajax.php?action=async_litespeed&nonce=299b0ba356&litespeed_type=imgoptm HTTP/1.1" 200 0 "-" "WordPress/6.7.1; https://blog.diixadigital.com"
52.167.144.194 - - [25/Dec/2024:16:45:03 -0500] "GET /mhiru/y1782002.html HTTP/1.1" 200 79689 "-" "Mozilla/5.0 AppleWebKit/537.36 (KHTML, like Gecko; compatible; bingbot/2.0; +http://www.bing.com/bingbot.htm) Chrome/116.0.1938.76 Safari/537.36"
18.116.63.107 - - [25/Dec/2024:16:45:06 -0500] "GET /?p=1713 HTTP/1.1" 301 0 "-" "Mozilla/5.0 AppleWebKit/537.36 (KHTML, like Gecko; compatible; ClaudeBot/1.0; +claudebot@anthropic.com)"
18.116.63.107 - - [25/Dec/2024:16:45:08 -0500] "GET /about-us/ HTTP/1.1" 200 16079 "https://blog.diixadigital.com/?p=1713" "Mozilla/5.0 AppleWebKit/537.36 (KHTML, like Gecko; compatible; ClaudeBot/1.0; +claudebot@anthropic.com)"
66.29.132.124 - - [25/Dec/2024:16:45:35 -0500] "POST /wp-cron.php?doing_wp_cron=1735163135.6740438938140869140625 HTTP/1.1" 200 0 "-" "WordPress/6.7.1; https://blog.diixadigital.com"
85.208.96.202 - - [25/Dec/2024:16:45:34 -0500] "GET /?b=1563766 HTTP/1.1" 200 21078 "-" "Mozilla/5.0 (compatible; SemrushBot/7~bl; +http://www.semrush.com/bot.html)"
185.191.171.12 - - [25/Dec/2024:16:45:40 -0500] "GET /?b=58565166 HTTP/1.1" 200 21069 "-" "Mozilla/5.0 (compatible; SemrushBot/7~bl; +http://www.semrush.com/bot.html)"
52.167.144.194 - - [25/Dec/2024:16:45:43 -0500] "GET /qhfka/m1112698.html HTTP/1.1" 200 79453 "-" "Mozilla/5.0 AppleWebKit/537.36 (KHTML, like Gecko; compatible; bingbot/2.0; +http://www.bing.com/bingbot.htm) Chrome/116.0.1938.76 Safari/537.36"
85.208.96.200 - - [25/Dec/2024:16:45:45 -0500] "GET /?b=94019366 HTTP/1.1" 200 21075 "-" "Mozilla/5.0 (compatible; SemrushBot/7~bl; +http://www.semrush.com/bot.html)"
66.29.132.124 - - [25/Dec/2024:16:45:57 -0500] "POST /wp-cron.php?doing_wp_cron=1735163157.8716709613800048828125 HTTP/1.1" 200 0 "-" "WordPress/6.7.1; https://blog.diixadigital.com"
185.191.171.15 - - [25/Dec/2024:16:45:55 -0500] "GET /?b=67580866 HTTP/1.1" 200 21078 "-" "Mozilla/5.0 (compatible; SemrushBot/7~bl; +http://www.semrush.com/bot.html)"
66.29.132.124 - - [25/Dec/2024:16:45:59 -0500] "POST /wp-admin/admin-ajax.php?action=async_litespeed&nonce=299b0ba356&litespeed_type=imgoptm HTTP/1.1" 200 0 "-" "WordPress/6.7.1; https://blog.diixadigital.com"
185.191.171.12 - - [25/Dec/2024:16:46:02 -0500] "GET /?b=73341966 HTTP/1.1" 200 21062 "-" "Mozilla/5.0 (compatible; SemrushBot/7~bl; +http://www.semrush.com/bot.html)"
3.15.223.129 - - [25/Dec/2024:16:46:07 -0500] "GET /wp-json/wp/v2/pages/3 HTTP/1.1" 200 4621 "-" "Mozilla/5.0 AppleWebKit/537.36 (KHTML, like Gecko; compatible; ClaudeBot/1.0; +claudebot@anthropic.com)"
85.208.96.206 - - [25/Dec/2024:16:46:08 -0500] "GET /?b=139116266 HTTP/1.1" 200 21057 "-" "Mozilla/5.0 (compatible; SemrushBot/7~bl; +http://www.semrush.com/bot.html)"
185.191.171.15 - - [25/Dec/2024:16:46:18 -0500] "GET /?b=93445766 HTTP/1.1" 200 21063 "-" "Mozilla/5.0 (compatible; SemrushBot/7~bl; +http://www.semrush.com/bot.html)"
66.249.74.132 - - [25/Dec/2024:16:46:27 -0500] "GET /?b=243700966 HTTP/1.1" 200 80022 "-" "Mozilla/5.0 (Linux; Android 6.0.1; Nexus 5X Build/MMB29P) AppleWebKit/537.36 (KHTML, like Gecko) Chrome/131.0.6778.139 Mobile Safari/537.36 (compatible; GoogleOther)"
66.29.132.124 - - [25/Dec/2024:16:46:32 -0500] "POST /wp-cron.php?doing_wp_cron=1735163192.0644249916076660156250 HTTP/1.1" 200 0 "-" "WordPress/6.7.1; https://blog.diixadigital.com"
18.191.84.179 - - [25/Dec/2024:16:46:29 -0500] "GET /wp-json/wp/v2/pages/1713 HTTP/1.1" 200 6000 "-" "Mozilla/5.0 AppleWebKit/537.36 (KHTML, like Gecko; compatible; ClaudeBot/1.0; +claudebot@anthropic.com)"
85.208.96.206 - - [25/Dec/2024:16:46:34 -0500] "GET /?b=253144566 HTTP/1.1" 200 21074 "-" "Mozilla/5.0 (compatible; SemrushBot/7~bl; +http://www.semrush.com/bot.html)"
185.191.171.17 - - [25/Dec/2024:16:46:44 -0500] "GET /?b=198080466 HTTP/1.1" 200 21075 "-" "Mozilla/5.0 (compatible; SemrushBot/7~bl; +http://www.semrush.com/bot.html)"
66.29.132.124 - - [25/Dec/2024:16:46:54 -0500] "POST /wp-cron.php?doing_wp_cron=1735163214.5628619194030761718750 HTTP/1.1" 200 0 "-" "WordPress/6.7.1; https://blog.diixadigital.com"
66.29.132.124 - - [25/Dec/2024:16:46:58 -0500] "POST /wp-admin/admin-ajax.php?action=async_litespeed&nonce=299b0ba356&litespeed_type=imgoptm HTTP/1.1" 200 0 "-" "WordPress/6.7.1; https://blog.diixadigital.com"
185.191.171.17 - - [25/Dec/2024:16:46:51 -0500] "GET /?b=132348866 HTTP/1.1" 200 21099 "-" "Mozilla/5.0 (compatible; SemrushBot/7~bl; +http://www.semrush.com/bot.html)"
85.208.96.204 - - [25/Dec/2024:16:47:10 -0500] "GET /?b=184163666 HTTP/1.1" 200 21093 "-" "Mozilla/5.0 (compatible; SemrushBot/7~bl; +http://www.semrush.com/bot.html)"
66.29.132.124 - - [25/Dec/2024:16:47:31 -0500] "POST /wp-cron.php?doing_wp_cron=1735163251.1603519916534423828125 HTTP/1.1" 200 0 "-" "WordPress/6.7.1; https://blog.diixadigital.com"
52.167.144.194 - - [25/Dec/2024:16:47:33 -0500] "GET /zolzz/s1970496.html HTTP/1.1" 200 79500 "-" "Mozilla/5.0 AppleWebKit/537.36 (KHTML, like Gecko; compatible; bingbot/2.0; +http://www.bing.com/bingbot.htm) Chrome/116.0.1938.76 Safari/537.36"
52.167.144.194 - - [25/Dec/2024:16:47:35 -0500] "GET /rcomq/j129739.html HTTP/1.1" 200 80115 "-" "Mozilla/5.0 AppleWebKit/537.36 (KHTML, like Gecko; compatible; bingbot/2.0; +http://www.bing.com/bingbot.htm) Chrome/116.0.1938.76 Safari/537.36"
185.191.171.11 - - [25/Dec/2024:16:47:27 -0500] "GET /?b=67150866 HTTP/1.1" 200 21083 "-" "Mozilla/5.0 (compatible; SemrushBot/7~bl; +http://www.semrush.com/bot.html)"
185.191.171.13 - - [25/Dec/2024:16:47:40 -0500] "GET /?b=276291966 HTTP/1.1" 200 21072 "-" "Mozilla/5.0 (compatible; SemrushBot/7~bl; +http://www.semrush.com/bot.html)"
66.29.132.124 - - [25/Dec/2024:16:47:51 -0500] "POST /wp-cron.php?doing_wp_cron=1735163271.2609820365905761718750 HTTP/1.1" 200 0 "-" "WordPress/6.7.1; https://blog.diixadigital.com"
185.191.171.1 - - [25/Dec/2024:16:47:48 -0500] "GET /?b=85572666 HTTP/1.1" 200 21090 "-" "Mozilla/5.0 (compatible; SemrushBot/7~bl; +http://www.semrush.com/bot.html)"
66.29.132.124 - - [25/Dec/2024:16:47:54 -0500] "POST /wp-admin/admin-ajax.php?action=async_litespeed&nonce=299b0ba356&litespeed_type=imgoptm HTTP/1.1" 200 0 "-" "WordPress/6.7.1; https://blog.diixadigital.com"
185.191.171.16 - - [25/Dec/2024:16:47:59 -0500] "GET /?b=335986866 HTTP/1.1" 200 21100 "-" "Mozilla/5.0 (compatible; SemrushBot/7~bl; +http://www.semrush.com/bot.html)"
185.191.171.16 - - [25/Dec/2024:16:48:10 -0500] "GET /?b=305455066 HTTP/1.1" 200 21076 "-" "Mozilla/5.0 (compatible; SemrushBot/7~bl; +http://www.semrush.com/bot.html)"
40.77.167.55 - - [25/Dec/2024:16:48:19 -0500] "GET /raxow/i181790.html HTTP/1.1" 200 80771 "-" "Mozilla/5.0 AppleWebKit/537.36 (KHTML, like Gecko; compatible; bingbot/2.0; +http://www.bing.com/bingbot.htm) Chrome/116.0.1938.76 Safari/537.36"
66.29.132.124 - - [25/Dec/2024:16:48:26 -0500] "POST /wp-cron.php?doing_wp_cron=1735163306.0599710941314697265625 HTTP/1.1" 200 0 "-" "WordPress/6.7.1; https://blog.diixadigital.com"
185.191.171.3 - - [25/Dec/2024:16:48:22 -0500] "GET /?b=58713666 HTTP/1.1" 200 21096 "-" "Mozilla/5.0 (compatible; SemrushBot/7~bl; +http://www.semrush.com/bot.html)"
52.167.144.194 - - [25/Dec/2024:16:48:33 -0500] "GET /gnslm/g2343324.html HTTP/1.1" 200 81450 "-" "Mozilla/5.0 AppleWebKit/537.36 (KHTML, like Gecko; compatible; bingbot/2.0; +http://www.bing.com/bingbot.htm) Chrome/116.0.1938.76 Safari/537.36"
52.167.144.163 - - [25/Dec/2024:16:48:37 -0500] "GET /ckhhu/v2776369.html HTTP/1.1" 200 79233 "-" "Mozilla/5.0 AppleWebKit/537.36 (KHTML, like Gecko; compatible; bingbot/2.0; +http://www.bing.com/bingbot.htm) Chrome/116.0.1938.76 Safari/537.36"
85.208.96.210 - - [25/Dec/2024:16:48:36 -0500] "GET /?b=24467066 HTTP/1.1" 200 21116 "-" "Mozilla/5.0 (compatible; SemrushBot/7~bl; +http://www.semrush.com/bot.html)"
66.29.132.124 - - [25/Dec/2024:16:48:53 -0500] "POST /wp-cron.php?doing_wp_cron=1735163333.6685459613800048828125 HTTP/1.1" 200 0 "-" "WordPress/6.7.1; https://blog.diixadigital.com"
185.191.171.15 - - [25/Dec/2024:16:48:50 -0500] "GET /?b=220286866 HTTP/1.1" 200 21090 "-" "Mozilla/5.0 (compatible; SemrushBot/7~bl; +http://www.semrush.com/bot.html)"
66.29.132.124 - - [25/Dec/2024:16:48:58 -0500] "POST /wp-admin/admin-ajax.php?action=async_litespeed&nonce=299b0ba356&litespeed_type=imgoptm HTTP/1.1" 200 0 "-" "WordPress/6.7.1; https://blog.diixadigital.com"
185.191.171.17 - - [25/Dec/2024:16:49:14 -0500] "GET /?b=311110366 HTTP/1.1" 200 21071 "-" "Mozilla/5.0 (compatible; SemrushBot/7~bl; +http://www.semrush.com/bot.html)"
66.29.132.124 - - [25/Dec/2024:16:49:33 -0500] "POST /wp-cron.php?doing_wp_cron=1735163373.4613890647888183593750 HTTP/1.1" 200 0 "-" "WordPress/6.7.1; https://blog.diixadigital.com"
52.167.144.194 - - [25/Dec/2024:16:49:35 -0500] "GET /vnjfb/r1119073.html HTTP/1.1" 200 79525 "-" "Mozilla/5.0 AppleWebKit/537.36 (KHTML, like Gecko; compatible; bingbot/2.0; +http://www.bing.com/bingbot.htm) Chrome/116.0.1938.76 Safari/537.36"
85.208.96.194 - - [25/Dec/2024:16:49:29 -0500] "GET /?b=34413866 HTTP/1.1" 200 21058 "-" "Mozilla/5.0 (compatible; SemrushBot/7~bl; +http://www.semrush.com/bot.html)"
66.29.132.124 - - [25/Dec/2024:16:50:05 -0500] "POST /wp-cron.php?doing_wp_cron=1735163405.1621129512786865234375 HTTP/1.1" 200 0 "-" "WordPress/6.7.1; https://blog.diixadigital.com"
66.29.132.124 - - [25/Dec/2024:16:50:09 -0500] "POST /wp-admin/admin-ajax.php?action=async_litespeed&nonce=299b0ba356&litespeed_type=imgoptm HTTP/1.1" 200 0 "-" "WordPress/6.7.1; https://blog.diixadigital.com"
185.191.171.5 - - [25/Dec/2024:16:50:00 -0500] "GET /?b=113036266 HTTP/1.1" 200 21089 "-" "Mozilla/5.0 (compatible; SemrushBot/7~bl; +http://www.semrush.com/bot.html)"
3.147.57.239 - - [25/Dec/2024:16:50:14 -0500] "GET /privacy-policy/feed HTTP/1.1" 301 0 "-" "Mozilla/5.0 AppleWebKit/537.36 (KHTML, like Gecko; compatible; ClaudeBot/1.0; +claudebot@anthropic.com)"
