185.191.171.16 - - [26/Dec/2024:01:08:07 -0500] "GET /?b=321395166 HTTP/1.1" 200 21076 "-" "Mozilla/5.0 (compatible; SemrushBot/7~bl; +http://www.semrush.com/bot.html)"
66.29.132.124 - - [26/Dec/2024:01:08:24 -0500] "POST /wp-cron.php?doing_wp_cron=1735193304.3596270084381103515625 HTTP/1.1" 200 0 "-" "WordPress/6.7.1; https://blog.diixadigital.com"
85.208.96.212 - - [26/Dec/2024:01:08:24 -0500] "GET /?b=355085966 HTTP/1.1" 200 21076 "-" "Mozilla/5.0 (compatible; SemrushBot/7~bl; +http://www.semrush.com/bot.html)"
85.208.96.196 - - [26/Dec/2024:01:08:40 -0500] "GET /?b=344934366 HTTP/1.1" 200 21082 "-" "Mozilla/5.0 (compatible; SemrushBot/7~bl; +http://www.semrush.com/bot.html)"
185.191.171.2 - - [26/Dec/2024:01:08:47 -0500] "GET /?b=73242166 HTTP/1.1" 200 21064 "-" "Mozilla/5.0 (compatible; SemrushBot/7~bl; +http://www.semrush.com/bot.html)"
66.29.132.124 - - [26/Dec/2024:01:08:53 -0500] "POST /wp-cron.php?doing_wp_cron=1735193333.7420229911804199218750 HTTP/1.1" 200 0 "-" "WordPress/6.7.1; https://blog.diixadigital.com"
185.191.171.15 - - [26/Dec/2024:01:08:53 -0500] "GET /?b=279877666 HTTP/1.1" 200 21067 "-" "Mozilla/5.0 (compatible; SemrushBot/7~bl; +http://www.semrush.com/bot.html)"
66.29.132.124 - - [26/Dec/2024:01:08:53 -0500] "POST /wp-admin/admin-ajax.php?action=async_litespeed&nonce=8de31fc24c&litespeed_type=imgoptm HTTP/1.1" 200 21 "-" "WordPress/6.7.1; https://blog.diixadigital.com"
185.191.171.4 - - [26/Dec/2024:01:09:14 -0500] "GET /?b=344602666 HTTP/1.1" 200 21066 "-" "Mozilla/5.0 (compatible; SemrushBot/7~bl; +http://www.semrush.com/bot.html)"
85.208.96.204 - - [26/Dec/2024:01:09:16 -0500] "GET /?b=76088466 HTTP/1.1" 200 21065 "-" "Mozilla/5.0 (compatible; SemrushBot/7~bl; +http://www.semrush.com/bot.html)"
85.208.96.207 - - [26/Dec/2024:01:09:19 -0500] "GET /?b=83096566 HTTP/1.1" 200 21062 "-" "Mozilla/5.0 (compatible; SemrushBot/7~bl; +http://www.semrush.com/bot.html)"
66.29.132.124 - - [26/Dec/2024:01:09:25 -0500] "POST /wp-cron.php?doing_wp_cron=1735193365.5815300941467285156250 HTTP/1.1" 200 0 "-" "WordPress/6.7.1; https://blog.diixadigital.com"
185.191.171.12 - - [26/Dec/2024:01:09:25 -0500] "GET /?b=328350766 HTTP/1.1" 200 21052 "-" "Mozilla/5.0 (compatible; SemrushBot/7~bl; +http://www.semrush.com/bot.html)"
66.29.132.124 - - [26/Dec/2024:01:10:12 -0500] "POST /wp-cron.php?doing_wp_cron=1735193412.3554620742797851562500 HTTP/1.1" 200 0 "-" "WordPress/6.7.1; https://blog.diixadigital.com"
185.191.171.11 - - [26/Dec/2024:01:10:11 -0500] "GET /?b=345726566 HTTP/1.1" 200 21062 "-" "Mozilla/5.0 (compatible; SemrushBot/7~bl; +http://www.semrush.com/bot.html)"
66.29.132.124 - - [26/Dec/2024:01:10:13 -0500] "POST /wp-admin/admin-ajax.php?action=async_litespeed&nonce=8de31fc24c&litespeed_type=imgoptm HTTP/1.1" 200 21 "-" "WordPress/6.7.1; https://blog.diixadigital.com"
185.191.171.13 - - [26/Dec/2024:01:10:15 -0500] "GET /?b=59442166 HTTP/1.1" 200 21066 "-" "Mozilla/5.0 (compatible; SemrushBot/7~bl; +http://www.semrush.com/bot.html)"
66.29.132.124 - - [26/Dec/2024:01:10:30 -0500] "POST /wp-cron.php?doing_wp_cron=1735193430.8121700286865234375000 HTTP/1.1" 200 0 "-" "WordPress/6.7.1; https://blog.diixadigital.com"
185.191.171.7 - - [26/Dec/2024:01:10:30 -0500] "GET /?b=86831166 HTTP/1.1" 200 21060 "-" "Mozilla/5.0 (compatible; SemrushBot/7~bl; +http://www.semrush.com/bot.html)"
85.208.96.210 - - [26/Dec/2024:01:10:35 -0500] "GET /?b=166253566 HTTP/1.1" 200 21058 "-" "Mozilla/5.0 (compatible; SemrushBot/7~bl; +http://www.semrush.com/bot.html)"
66.29.132.124 - - [26/Dec/2024:01:11:06 -0500] "POST /wp-cron.php?doing_wp_cron=1735193466.5668709278106689453125 HTTP/1.1" 200 0 "-" "WordPress/6.7.1; https://blog.diixadigital.com"
185.191.171.3 - - [26/Dec/2024:01:11:06 -0500] "GET /?b=244525566 HTTP/1.1" 200 21068 "-" "Mozilla/5.0 (compatible; SemrushBot/7~bl; +http://www.semrush.com/bot.html)"
66.29.132.124 - - [26/Dec/2024:01:11:06 -0500] "POST /wp-admin/admin-ajax.php?action=async_litespeed&nonce=8de31fc24c&litespeed_type=imgoptm HTTP/1.1" 200 21 "-" "WordPress/6.7.1; https://blog.diixadigital.com"
85.208.96.210 - - [26/Dec/2024:01:11:12 -0500] "GET /?b=310621166 HTTP/1.1" 200 21089 "-" "Mozilla/5.0 (compatible; SemrushBot/7~bl; +http://www.semrush.com/bot.html)"
85.208.96.201 - - [26/Dec/2024:01:11:17 -0500] "GET /?b=1016866 HTTP/1.1" 200 21066 "-" "Mozilla/5.0 (compatible; SemrushBot/7~bl; +http://www.semrush.com/bot.html)"
66.29.132.124 - - [26/Dec/2024:01:11:38 -0500] "POST /wp-cron.php?doing_wp_cron=1735193498.3508410453796386718750 HTTP/1.1" 200 0 "-" "WordPress/6.7.1; https://blog.diixadigital.com"
85.208.96.197 - - [26/Dec/2024:01:11:38 -0500] "GET /?b=71007066 HTTP/1.1" 200 21061 "-" "Mozilla/5.0 (compatible; SemrushBot/7~bl; +http://www.semrush.com/bot.html)"
185.191.171.5 - - [26/Dec/2024:01:11:41 -0500] "GET /?b=147031966 HTTP/1.1" 200 21079 "-" "Mozilla/5.0 (compatible; SemrushBot/7~bl; +http://www.semrush.com/bot.html)"
66.29.132.124 - - [26/Dec/2024:01:11:49 -0500] "POST /wp-cron.php?doing_wp_cron=1735193509.0677959918975830078125 HTTP/1.1" 200 0 "-" "WordPress/6.7.1; https://blog.diixadigital.com"
85.208.96.195 - - [26/Dec/2024:01:11:48 -0500] "GET /?b=225267266 HTTP/1.1" 200 21072 "-" "Mozilla/5.0 (compatible; SemrushBot/7~bl; +http://www.semrush.com/bot.html)"
66.29.132.124 - - [26/Dec/2024:01:11:49 -0500] "POST /wp-admin/admin-ajax.php?action=async_litespeed&nonce=8de31fc24c&litespeed_type=imgoptm HTTP/1.1" 200 21 "-" "WordPress/6.7.1; https://blog.diixadigital.com"
85.208.96.205 - - [26/Dec/2024:01:11:58 -0500] "GET /?b=212459766 HTTP/1.1" 200 21062 "-" "Mozilla/5.0 (compatible; SemrushBot/7~bl; +http://www.semrush.com/bot.html)"
66.29.132.124 - - [26/Dec/2024:01:12:26 -0500] "POST /wp-cron.php?doing_wp_cron=1735193546.3768799304962158203125 HTTP/1.1" 200 0 "-" "WordPress/6.7.1; https://blog.diixadigital.com"
85.208.96.209 - - [26/Dec/2024:01:12:26 -0500] "GET /?b=347741666 HTTP/1.1" 200 21074 "-" "Mozilla/5.0 (compatible; SemrushBot/7~bl; +http://www.semrush.com/bot.html)"
185.191.171.16 - - [26/Dec/2024:01:12:29 -0500] "GET /?b=244338466 HTTP/1.1" 200 21075 "-" "Mozilla/5.0 (compatible; SemrushBot/7~bl; +http://www.semrush.com/bot.html)"
66.29.132.124 - - [26/Dec/2024:01:12:53 -0500] "POST /wp-cron.php?doing_wp_cron=1735193573.4089920520782470703125 HTTP/1.1" 200 0 "-" "WordPress/6.7.1; https://blog.diixadigital.com"
85.208.96.209 - - [26/Dec/2024:01:12:53 -0500] "GET /?b=51781266 HTTP/1.1" 200 21066 "-" "Mozilla/5.0 (compatible; SemrushBot/7~bl; +http://www.semrush.com/bot.html)"
66.29.132.124 - - [26/Dec/2024:01:12:53 -0500] "POST /wp-admin/admin-ajax.php?action=async_litespeed&nonce=8de31fc24c&litespeed_type=imgoptm HTTP/1.1" 200 21 "-" "WordPress/6.7.1; https://blog.diixadigital.com"
85.208.96.197 - - [26/Dec/2024:01:13:00 -0500] "GET /?b=142497366 HTTP/1.1" 200 21070 "-" "Mozilla/5.0 (compatible; SemrushBot/7~bl; +http://www.semrush.com/bot.html)"
185.191.171.15 - - [26/Dec/2024:01:13:11 -0500] "GET /?b=272555766 HTTP/1.1" 200 21072 "-" "Mozilla/5.0 (compatible; SemrushBot/7~bl; +http://www.semrush.com/bot.html)"
185.191.171.16 - - [26/Dec/2024:01:13:15 -0500] "GET /?b=304019866 HTTP/1.1" 200 21066 "-" "Mozilla/5.0 (compatible; SemrushBot/7~bl; +http://www.semrush.com/bot.html)"
66.29.132.124 - - [26/Dec/2024:01:13:22 -0500] "POST /wp-cron.php?doing_wp_cron=1735193602.8404469490051269531250 HTTP/1.1" 200 0 "-" "WordPress/6.7.1; https://blog.diixadigital.com"
85.208.96.209 - - [26/Dec/2024:01:13:22 -0500] "GET /?b=239814966 HTTP/1.1" 200 21073 "-" "Mozilla/5.0 (compatible; SemrushBot/7~bl; +http://www.semrush.com/bot.html)"
85.208.96.195 - - [26/Dec/2024:01:13:24 -0500] "GET /?b=155102066 HTTP/1.1" 200 21060 "-" "Mozilla/5.0 (compatible; SemrushBot/7~bl; +http://www.semrush.com/bot.html)"
85.208.96.198 - - [26/Dec/2024:01:13:33 -0500] "GET /?b=281088066 HTTP/1.1" 200 21078 "-" "Mozilla/5.0 (compatible; SemrushBot/7~bl; +http://www.semrush.com/bot.html)"
66.29.132.124 - - [26/Dec/2024:01:14:12 -0500] "POST /wp-cron.php?doing_wp_cron=1735193652.9158320426940917968750 HTTP/1.1" 200 0 "-" "WordPress/6.7.1; https://blog.diixadigital.com"
185.191.171.18 - - [26/Dec/2024:01:14:12 -0500] "GET /?b=273146766 HTTP/1.1" 200 21077 "-" "Mozilla/5.0 (compatible; SemrushBot/7~bl; +http://www.semrush.com/bot.html)"
66.29.132.124 - - [26/Dec/2024:01:14:13 -0500] "POST /wp-admin/admin-ajax.php?action=async_litespeed&nonce=8de31fc24c&litespeed_type=imgoptm HTTP/1.1" 200 21 "-" "WordPress/6.7.1; https://blog.diixadigital.com"
66.29.132.124 - - [26/Dec/2024:01:14:33 -0500] "POST /wp-cron.php?doing_wp_cron=1735193673.3514950275421142578125 HTTP/1.1" 200 0 "-" "WordPress/6.7.1; https://blog.diixadigital.com"
185.191.171.5 - - [26/Dec/2024:01:14:33 -0500] "GET /?b=240275066 HTTP/1.1" 200 21076 "-" "Mozilla/5.0 (compatible; SemrushBot/7~bl; +http://www.semrush.com/bot.html)"
85.208.96.205 - - [26/Dec/2024:01:14:37 -0500] "GET /?b=180656266 HTTP/1.1" 200 21063 "-" "Mozilla/5.0 (compatible; SemrushBot/7~bl; +http://www.semrush.com/bot.html)"
185.191.171.19 - - [26/Dec/2024:01:14:43 -0500] "GET /?b=346894766 HTTP/1.1" 200 21070 "-" "Mozilla/5.0 (compatible; SemrushBot/7~bl; +http://www.semrush.com/bot.html)"
66.29.132.124 - - [26/Dec/2024:01:15:08 -0500] "POST /wp-cron.php?doing_wp_cron=1735193708.3841669559478759765625 HTTP/1.1" 200 0 "-" "WordPress/6.7.1; https://blog.diixadigital.com"
185.191.171.10 - - [26/Dec/2024:01:15:08 -0500] "GET /?b=51626266 HTTP/1.1" 200 21072 "-" "Mozilla/5.0 (compatible; SemrushBot/7~bl; +http://www.semrush.com/bot.html)"
66.29.132.124 - - [26/Dec/2024:01:15:08 -0500] "POST /wp-admin/admin-ajax.php?action=async_litespeed&nonce=8de31fc24c&litespeed_type=imgoptm HTTP/1.1" 200 21 "-" "WordPress/6.7.1; https://blog.diixadigital.com"
85.208.96.206 - - [26/Dec/2024:01:15:13 -0500] "GET /?b=30290166 HTTP/1.1" 200 21075 "-" "Mozilla/5.0 (compatible; SemrushBot/7~bl; +http://www.semrush.com/bot.html)"
66.29.132.124 - - [26/Dec/2024:01:15:34 -0500] "POST /wp-cron.php?doing_wp_cron=1735193734.8370180130004882812500 HTTP/1.1" 200 0 "-" "WordPress/6.7.1; https://blog.diixadigital.com"
85.208.96.211 - - [26/Dec/2024:01:15:34 -0500] "GET /?b=229233166 HTTP/1.1" 200 21077 "-" "Mozilla/5.0 (compatible; SemrushBot/7~bl; +http://www.semrush.com/bot.html)"
85.208.96.211 - - [26/Dec/2024:01:15:43 -0500] "GET /?b=197729266 HTTP/1.1" 200 21059 "-" "Mozilla/5.0 (compatible; SemrushBot/7~bl; +http://www.semrush.com/bot.html)"
85.208.96.211 - - [26/Dec/2024:01:15:45 -0500] "GET /?b=89369866 HTTP/1.1" 200 21077 "-" "Mozilla/5.0 (compatible; SemrushBot/7~bl; +http://www.semrush.com/bot.html)"
66.29.132.124 - - [26/Dec/2024:01:15:56 -0500] "POST /wp-cron.php?doing_wp_cron=1735193756.2572040557861328125000 HTTP/1.1" 200 0 "-" "WordPress/6.7.1; https://blog.diixadigital.com"
185.191.171.17 - - [26/Dec/2024:01:15:56 -0500] "GET /?b=160327066 HTTP/1.1" 200 21073 "-" "Mozilla/5.0 (compatible; SemrushBot/7~bl; +http://www.semrush.com/bot.html)"
66.29.132.124 - - [26/Dec/2024:01:15:56 -0500] "POST /wp-admin/admin-ajax.php?action=async_litespeed&nonce=8de31fc24c&litespeed_type=imgoptm HTTP/1.1" 200 21 "-" "WordPress/6.7.1; https://blog.diixadigital.com"
85.208.96.195 - - [26/Dec/2024:01:15:58 -0500] "GET /?b=135496866 HTTP/1.1" 200 21056 "-" "Mozilla/5.0 (compatible; SemrushBot/7~bl; +http://www.semrush.com/bot.html)"
85.208.96.199 - - [26/Dec/2024:01:15:59 -0500] "GET /robots.txt HTTP/1.1" 200 139 "-" "Mozilla/5.0 (compatible; SemrushBot/7~bl; +http://www.semrush.com/bot.html)"
185.191.171.7 - - [26/Dec/2024:01:16:01 -0500] "GET /?b=154807066 HTTP/1.1" 200 21075 "-" "Mozilla/5.0 (compatible; SemrushBot/7~bl; +http://www.semrush.com/bot.html)"
66.29.132.124 - - [26/Dec/2024:01:16:31 -0500] "POST /wp-cron.php?doing_wp_cron=1735193791.4956290721893310546875 HTTP/1.1" 200 0 "-" "WordPress/6.7.1; https://blog.diixadigital.com"
85.208.96.207 - - [26/Dec/2024:01:16:31 -0500] "GET /?b=345359266 HTTP/1.1" 200 21067 "-" "Mozilla/5.0 (compatible; SemrushBot/7~bl; +http://www.semrush.com/bot.html)"
85.208.96.208 - - [26/Dec/2024:01:16:46 -0500] "GET /?b=124922566 HTTP/1.1" 200 21062 "-" "Mozilla/5.0 (compatible; SemrushBot/7~bl; +http://www.semrush.com/bot.html)"
66.29.132.124 - - [26/Dec/2024:01:17:08 -0500] "POST /wp-cron.php?doing_wp_cron=1735193828.4216790199279785156250 HTTP/1.1" 200 0 "-" "WordPress/6.7.1; https://blog.diixadigital.com"
185.191.171.10 - - [26/Dec/2024:01:17:08 -0500] "GET /?b=80910866 HTTP/1.1" 200 21063 "-" "Mozilla/5.0 (compatible; SemrushBot/7~bl; +http://www.semrush.com/bot.html)"
66.29.132.124 - - [26/Dec/2024:01:17:08 -0500] "POST /wp-admin/admin-ajax.php?action=async_litespeed&nonce=8de31fc24c&litespeed_type=imgoptm HTTP/1.1" 200 21 "-" "WordPress/6.7.1; https://blog.diixadigital.com"
185.191.171.14 - - [26/Dec/2024:01:17:17 -0500] "GET /?b=225350466 HTTP/1.1" 200 21056 "-" "Mozilla/5.0 (compatible; SemrushBot/7~bl; +http://www.semrush.com/bot.html)"
66.29.132.124 - - [26/Dec/2024:01:17:23 -0500] "POST /wp-cron.php?doing_wp_cron=1735193843.3987090587615966796875 HTTP/1.1" 200 0 "-" "WordPress/6.7.1; https://blog.diixadigital.com"
185.191.171.14 - - [26/Dec/2024:01:17:23 -0500] "GET /?b=105315966 HTTP/1.1" 200 21069 "-" "Mozilla/5.0 (compatible; SemrushBot/7~bl; +http://www.semrush.com/bot.html)"
185.191.171.18 - - [26/Dec/2024:01:17:26 -0500] "GET /?b=211246366 HTTP/1.1" 200 21061 "-" "Mozilla/5.0 (compatible; SemrushBot/7~bl; +http://www.semrush.com/bot.html)"
85.208.96.196 - - [26/Dec/2024:01:17:28 -0500] "GET /?b=189497966 HTTP/1.1" 200 21070 "-" "Mozilla/5.0 (compatible; SemrushBot/7~bl; +http://www.semrush.com/bot.html)"
185.191.171.8 - - [26/Dec/2024:01:17:41 -0500] "GET /?b=295802266 HTTP/1.1" 200 21083 "-" "Mozilla/5.0 (compatible; SemrushBot/7~bl; +http://www.semrush.com/bot.html)"
66.29.132.124 - - [26/Dec/2024:01:18:12 -0500] "POST /wp-cron.php?doing_wp_cron=1735193892.4500360488891601562500 HTTP/1.1" 200 0 "-" "WordPress/6.7.1; https://blog.diixadigital.com"
85.208.96.200 - - [26/Dec/2024:01:18:12 -0500] "GET /?b=317233566 HTTP/1.1" 200 21087 "-" "Mozilla/5.0 (compatible; SemrushBot/7~bl; +http://www.semrush.com/bot.html)"
66.29.132.124 - - [26/Dec/2024:01:18:12 -0500] "POST /wp-admin/admin-ajax.php?action=async_litespeed&nonce=8de31fc24c&litespeed_type=imgoptm HTTP/1.1" 200 21 "-" "WordPress/6.7.1; https://blog.diixadigital.com"
66.29.132.124 - - [26/Dec/2024:01:18:30 -0500] "POST /wp-cron.php?doing_wp_cron=1735193910.2608768939971923828125 HTTP/1.1" 200 0 "-" "WordPress/6.7.1; https://blog.diixadigital.com"
85.208.96.196 - - [26/Dec/2024:01:18:30 -0500] "GET /?b=1856766 HTTP/1.1" 200 21070 "-" "Mozilla/5.0 (compatible; SemrushBot/7~bl; +http://www.semrush.com/bot.html)"
85.208.96.209 - - [26/Dec/2024:01:18:38 -0500] "GET /?b=60264766 HTTP/1.1" 200 21067 "-" "Mozilla/5.0 (compatible; SemrushBot/7~bl; +http://www.semrush.com/bot.html)"
40.77.167.154 - - [26/Dec/2024:01:18:38 -0500] "GET /vdsny/f1372743.html HTTP/1.1" 200 79796 "-" "Mozilla/5.0 AppleWebKit/537.36 (KHTML, like Gecko; compatible; bingbot/2.0; +http://www.bing.com/bingbot.htm) Chrome/116.0.1938.76 Safari/537.36"
85.208.96.199 - - [26/Dec/2024:01:18:47 -0500] "GET /?b=355774666 HTTP/1.1" 200 21067 "-" "Mozilla/5.0 (compatible; SemrushBot/7~bl; +http://www.semrush.com/bot.html)"
66.29.132.124 - - [26/Dec/2024:01:19:08 -0500] "POST /wp-cron.php?doing_wp_cron=1735193948.6075079441070556640625 HTTP/1.1" 200 0 "-" "WordPress/6.7.1; https://blog.diixadigital.com"
85.208.96.207 - - [26/Dec/2024:01:19:08 -0500] "GET /?b=64641366 HTTP/1.1" 200 21060 "-" "Mozilla/5.0 (compatible; SemrushBot/7~bl; +http://www.semrush.com/bot.html)"
66.29.132.124 - - [26/Dec/2024:01:19:08 -0500] "POST /wp-admin/admin-ajax.php?action=async_litespeed&nonce=8de31fc24c&litespeed_type=imgoptm HTTP/1.1" 200 21 "-" "WordPress/6.7.1; https://blog.diixadigital.com"
66.29.132.124 - - [26/Dec/2024:01:19:32 -0500] "POST /wp-cron.php?doing_wp_cron=1735193972.9565579891204833984375 HTTP/1.1" 200 0 "-" "WordPress/6.7.1; https://blog.diixadigital.com"
185.191.171.2 - - [26/Dec/2024:01:19:32 -0500] "GET /?b=160647766 HTTP/1.1" 200 21070 "-" "Mozilla/5.0 (compatible; SemrushBot/7~bl; +http://www.semrush.com/bot.html)"
85.208.96.206 - - [26/Dec/2024:01:19:35 -0500] "GET /?b=139854066 HTTP/1.1" 200 21077 "-" "Mozilla/5.0 (compatible; SemrushBot/7~bl; +http://www.semrush.com/bot.html)"
85.208.96.210 - - [26/Dec/2024:01:19:42 -0500] "GET /?b=87743866 HTTP/1.1" 200 21066 "-" "Mozilla/5.0 (compatible; SemrushBot/7~bl; +http://www.semrush.com/bot.html)"
40.77.167.25 - - [26/Dec/2024:01:19:42 -0500] "GET /doenl/w1781246.html HTTP/1.1" 200 79977 "-" "Mozilla/5.0 AppleWebKit/537.36 (KHTML, like Gecko; compatible; bingbot/2.0; +http://www.bing.com/bingbot.htm) Chrome/116.0.1938.76 Safari/537.36"
185.191.171.15 - - [26/Dec/2024:01:19:45 -0500] "GET /?b=330430166 HTTP/1.1" 200 21085 "-" "Mozilla/5.0 (compatible; SemrushBot/7~bl; +http://www.semrush.com/bot.html)"
40.77.167.25 - - [26/Dec/2024:01:19:45 -0500] "GET /wdcbr/n1615799.html HTTP/1.1" 200 81185 "-" "Mozilla/5.0 AppleWebKit/537.36 (KHTML, like Gecko; compatible; bingbot/2.0; +http://www.bing.com/bingbot.htm) Chrome/116.0.1938.76 Safari/537.36"
66.29.132.124 - - [26/Dec/2024:01:20:02 -0500] "POST /wp-cron.php?doing_wp_cron=1735194002.5861461162567138671875 HTTP/1.1" 200 0 "-" "WordPress/6.7.1; https://blog.diixadigital.com"
85.208.96.211 - - [26/Dec/2024:01:20:01 -0500] "GET /?b=157560866 HTTP/1.1" 200 21075 "-" "Mozilla/5.0 (compatible; SemrushBot/7~bl; +http://www.semrush.com/bot.html)"
66.29.132.124 - - [26/Dec/2024:01:20:03 -0500] "POST /wp-admin/admin-ajax.php?action=async_litespeed&nonce=8de31fc24c&litespeed_type=imgoptm HTTP/1.1" 200 21 "-" "WordPress/6.7.1; https://blog.diixadigital.com"
185.191.171.15 - - [26/Dec/2024:01:20:06 -0500] "GET /?b=29375766 HTTP/1.1" 200 21075 "-" "Mozilla/5.0 (compatible; SemrushBot/7~bl; +http://www.semrush.com/bot.html)"
85.208.96.210 - - [26/Dec/2024:01:20:10 -0500] "GET /?b=122323666 HTTP/1.1" 200 21060 "-" "Mozilla/5.0 (compatible; SemrushBot/7~bl; +http://www.semrush.com/bot.html)"
52.167.144.137 - - [26/Dec/2024:01:20:15 -0500] "GET /rdnii/v752295.html HTTP/1.1" 200 79281 "-" "Mozilla/5.0 AppleWebKit/537.36 (KHTML, like Gecko; compatible; bingbot/2.0; +http://www.bing.com/bingbot.htm) Chrome/116.0.1938.76 Safari/537.36"
66.29.132.124 - - [26/Dec/2024:01:20:30 -0500] "POST /wp-cron.php?doing_wp_cron=1735194030.0602319240570068359375 HTTP/1.1" 200 0 "-" "WordPress/6.7.1; https://blog.diixadigital.com"
85.208.96.198 - - [26/Dec/2024:01:20:29 -0500] "GET /?b=110062866 HTTP/1.1" 200 21059 "-" "Mozilla/5.0 (compatible; SemrushBot/7~bl; +http://www.semrush.com/bot.html)"
66.29.132.124 - - [26/Dec/2024:01:20:53 -0500] "POST /wp-cron.php?doing_wp_cron=1735194053.4685819149017333984375 HTTP/1.1" 200 0 "-" "WordPress/6.7.1; https://blog.diixadigital.com"
85.208.96.197 - - [26/Dec/2024:01:20:53 -0500] "GET /?b=137831066 HTTP/1.1" 200 21080 "-" "Mozilla/5.0 (compatible; SemrushBot/7~bl; +http://www.semrush.com/bot.html)"
66.29.132.124 - - [26/Dec/2024:01:20:53 -0500] "POST /wp-admin/admin-ajax.php?action=async_litespeed&nonce=8de31fc24c&litespeed_type=imgoptm HTTP/1.1" 200 21 "-" "WordPress/6.7.1; https://blog.diixadigital.com"
85.208.96.197 - - [26/Dec/2024:01:21:00 -0500] "GET /?b=356218166 HTTP/1.1" 200 21067 "-" "Mozilla/5.0 (compatible; SemrushBot/7~bl; +http://www.semrush.com/bot.html)"
185.191.171.15 - - [26/Dec/2024:01:21:03 -0500] "GET /?b=229637966 HTTP/1.1" 200 21070 "-" "Mozilla/5.0 (compatible; SemrushBot/7~bl; +http://www.semrush.com/bot.html)"
66.29.132.124 - - [26/Dec/2024:01:21:26 -0500] "POST /wp-cron.php?doing_wp_cron=1735194086.0818319320678710937500 HTTP/1.1" 200 0 "-" "WordPress/6.7.1; https://blog.diixadigital.com"
85.208.96.210 - - [26/Dec/2024:01:21:25 -0500] "GET /?b=305690566 HTTP/1.1" 200 21059 "-" "Mozilla/5.0 (compatible; SemrushBot/7~bl; +http://www.semrush.com/bot.html)"
85.208.96.194 - - [26/Dec/2024:01:21:32 -0500] "GET /?b=158985166 HTTP/1.1" 200 21060 "-" "Mozilla/5.0 (compatible; SemrushBot/7~bl; +http://www.semrush.com/bot.html)"
85.208.96.200 - - [26/Dec/2024:01:21:35 -0500] "GET /?b=174528166 HTTP/1.1" 200 21065 "-" "Mozilla/5.0 (compatible; SemrushBot/7~bl; +http://www.semrush.com/bot.html)"
185.191.171.6 - - [26/Dec/2024:01:21:42 -0500] "GET /?b=85551566 HTTP/1.1" 200 21063 "-" "Mozilla/5.0 (compatible; SemrushBot/7~bl; +http://www.semrush.com/bot.html)"
40.77.167.25 - - [26/Dec/2024:01:21:42 -0500] "GET /anhtb/d1289307.html HTTP/1.1" 200 80827 "-" "Mozilla/5.0 AppleWebKit/537.36 (KHTML, like Gecko; compatible; bingbot/2.0; +http://www.bing.com/bingbot.htm) Chrome/116.0.1938.76 Safari/537.36"
40.77.167.154 - - [26/Dec/2024:01:22:08 -0500] "GET /sgsui/i1166410.html HTTP/1.1" 200 79928 "-" "Mozilla/5.0 AppleWebKit/537.36 (KHTML, like Gecko; compatible; bingbot/2.0; +http://www.bing.com/bingbot.htm) Chrome/116.0.1938.76 Safari/537.36"
85.208.96.207 - - [26/Dec/2024:01:22:16 -0500] "GET /?b=272209066 HTTP/1.1" 200 21071 "-" "Mozilla/5.0 (compatible; SemrushBot/7~bl; +http://www.semrush.com/bot.html)"
66.29.132.124 - - [26/Dec/2024:01:22:17 -0500] "POST /wp-cron.php?doing_wp_cron=1735194137.3058400154113769531250 HTTP/1.1" 200 0 "-" "WordPress/6.7.1; https://blog.diixadigital.com"
66.29.132.124 - - [26/Dec/2024:01:22:17 -0500] "POST /wp-admin/admin-ajax.php?action=async_litespeed&nonce=8de31fc24c&litespeed_type=imgoptm HTTP/1.1" 200 21 "-" "WordPress/6.7.1; https://blog.diixadigital.com"
66.29.132.124 - - [26/Dec/2024:01:22:28 -0500] "POST /wp-cron.php?doing_wp_cron=1735194148.7821080684661865234375 HTTP/1.1" 200 0 "-" "WordPress/6.7.1; https://blog.diixadigital.com"
85.208.96.200 - - [26/Dec/2024:01:22:28 -0500] "GET /?b=19077266 HTTP/1.1" 200 21068 "-" "Mozilla/5.0 (compatible; SemrushBot/7~bl; +http://www.semrush.com/bot.html)"
85.208.96.203 - - [26/Dec/2024:01:22:31 -0500] "GET /?b=118200266 HTTP/1.1" 200 21075 "-" "Mozilla/5.0 (compatible; SemrushBot/7~bl; +http://www.semrush.com/bot.html)"
52.167.144.137 - - [26/Dec/2024:01:23:05 -0500] "GET /tmtei/c1420086.html HTTP/1.1" 200 80692 "-" "Mozilla/5.0 AppleWebKit/537.36 (KHTML, like Gecko; compatible; bingbot/2.0; +http://www.bing.com/bingbot.htm) Chrome/116.0.1938.76 Safari/537.36"
66.29.132.124 - - [26/Dec/2024:01:23:14 -0500] "POST /wp-cron.php?doing_wp_cron=1735194194.2803289890289306640625 HTTP/1.1" 200 0 "-" "WordPress/6.7.1; https://blog.diixadigital.com"
85.208.96.201 - - [26/Dec/2024:01:23:14 -0500] "GET /?b=248237266 HTTP/1.1" 200 21055 "-" "Mozilla/5.0 (compatible; SemrushBot/7~bl; +http://www.semrush.com/bot.html)"
66.29.132.124 - - [26/Dec/2024:01:23:14 -0500] "POST /wp-admin/admin-ajax.php?action=async_litespeed&nonce=8de31fc24c&litespeed_type=imgoptm HTTP/1.1" 200 21 "-" "WordPress/6.7.1; https://blog.diixadigital.com"
185.191.171.5 - - [26/Dec/2024:01:23:19 -0500] "GET /?b=144596966 HTTP/1.1" 200 21055 "-" "Mozilla/5.0 (compatible; SemrushBot/7~bl; +http://www.semrush.com/bot.html)"
66.29.132.124 - - [26/Dec/2024:01:23:42 -0500] "POST /wp-cron.php?doing_wp_cron=1735194222.3290519714355468750000 HTTP/1.1" 200 0 "-" "WordPress/6.7.1; https://blog.diixadigital.com"
185.191.171.6 - - [26/Dec/2024:01:23:42 -0500] "GET /?b=219528166 HTTP/1.1" 200 21088 "-" "Mozilla/5.0 (compatible; SemrushBot/7~bl; +http://www.semrush.com/bot.html)"
85.208.96.193 - - [26/Dec/2024:01:23:44 -0500] "GET /?b=225236766 HTTP/1.1" 200 21061 "-" "Mozilla/5.0 (compatible; SemrushBot/7~bl; +http://www.semrush.com/bot.html)"
185.191.171.14 - - [26/Dec/2024:01:23:47 -0500] "GET /?b=24369066 HTTP/1.1" 200 21065 "-" "Mozilla/5.0 (compatible; SemrushBot/7~bl; +http://www.semrush.com/bot.html)"
66.29.132.124 - - [26/Dec/2024:01:23:50 -0500] "POST /wp-cron.php?doing_wp_cron=1735194230.3294320106506347656250 HTTP/1.1" 200 0 "-" "WordPress/6.7.1; https://blog.diixadigital.com"
85.208.96.205 - - [26/Dec/2024:01:23:50 -0500] "GET /?b=58288966 HTTP/1.1" 200 21066 "-" "Mozilla/5.0 (compatible; SemrushBot/7~bl; +http://www.semrush.com/bot.html)"
66.29.132.124 - - [26/Dec/2024:01:23:50 -0500] "POST /wp-admin/admin-ajax.php?action=async_litespeed&nonce=8de31fc24c&litespeed_type=imgoptm HTTP/1.1" 200 21 "-" "WordPress/6.7.1; https://blog.diixadigital.com"
85.208.96.204 - - [26/Dec/2024:01:23:57 -0500] "GET /?b=91562466 HTTP/1.1" 200 21056 "-" "Mozilla/5.0 (compatible; SemrushBot/7~bl; +http://www.semrush.com/bot.html)"
52.167.144.137 - - [26/Dec/2024:01:23:56 -0500] "GET /pbkne/n2048491.html HTTP/1.1" 200 80843 "-" "Mozilla/5.0 AppleWebKit/537.36 (KHTML, like Gecko; compatible; bingbot/2.0; +http://www.bing.com/bingbot.htm) Chrome/116.0.1938.76 Safari/537.36"
85.208.96.209 - - [26/Dec/2024:01:24:13 -0500] "GET /?b=9571866 HTTP/1.1" 200 21084 "-" "Mozilla/5.0 (compatible; SemrushBot/7~bl; +http://www.semrush.com/bot.html)"
85.208.96.196 - - [26/Dec/2024:01:24:15 -0500] "GET /?b=204902266 HTTP/1.1" 200 21066 "-" "Mozilla/5.0 (compatible; SemrushBot/7~bl; +http://www.semrush.com/bot.html)"
66.29.132.124 - - [26/Dec/2024:01:25:02 -0500] "POST /wp-cron.php?doing_wp_cron=1735194302.3541750907897949218750 HTTP/1.1" 200 0 "-" "WordPress/6.7.1; https://blog.diixadigital.com"
185.191.171.17 - - [26/Dec/2024:01:25:01 -0500] "GET /?b=171783166 HTTP/1.1" 200 21070 "-" "Mozilla/5.0 (compatible; SemrushBot/7~bl; +http://www.semrush.com/bot.html)"
66.29.132.124 - - [26/Dec/2024:01:25:02 -0500] "POST /wp-admin/admin-ajax.php?action=async_litespeed&nonce=8de31fc24c&litespeed_type=imgoptm HTTP/1.1" 200 21 "-" "WordPress/6.7.1; https://blog.diixadigital.com"
185.191.171.11 - - [26/Dec/2024:01:25:13 -0500] "GET /?b=190688566 HTTP/1.1" 200 21067 "-" "Mozilla/5.0 (compatible; SemrushBot/7~bl; +http://www.semrush.com/bot.html)"
85.208.96.205 - - [26/Dec/2024:01:25:15 -0500] "GET /?b=259098066 HTTP/1.1" 200 21067 "-" "Mozilla/5.0 (compatible; SemrushBot/7~bl; +http://www.semrush.com/bot.html)"
85.208.96.208 - - [26/Dec/2024:01:25:17 -0500] "GET /?b=286851166 HTTP/1.1" 200 21053 "-" "Mozilla/5.0 (compatible; SemrushBot/7~bl; +http://www.semrush.com/bot.html)"
66.29.132.124 - - [26/Dec/2024:01:25:27 -0500] "POST /wp-cron.php?doing_wp_cron=1735194327.5788500308990478515625 HTTP/1.1" 200 0 "-" "WordPress/6.7.1; https://blog.diixadigital.com"
85.208.96.206 - - [26/Dec/2024:01:25:27 -0500] "GET /?b=340106166 HTTP/1.1" 200 21060 "-" "Mozilla/5.0 (compatible; SemrushBot/7~bl; +http://www.semrush.com/bot.html)"
85.208.96.194 - - [26/Dec/2024:01:25:38 -0500] "GET /?b=296773666 HTTP/1.1" 200 21057 "-" "Mozilla/5.0 (compatible; SemrushBot/7~bl; +http://www.semrush.com/bot.html)"
85.208.96.200 - - [26/Dec/2024:01:25:42 -0500] "GET /?b=51153366 HTTP/1.1" 200 21060 "-" "Mozilla/5.0 (compatible; SemrushBot/7~bl; +http://www.semrush.com/bot.html)"
85.208.96.202 - - [26/Dec/2024:01:25:46 -0500] "GET /?b=108573366 HTTP/1.1" 200 21059 "-" "Mozilla/5.0 (compatible; SemrushBot/7~bl; +http://www.semrush.com/bot.html)"
66.29.132.124 - - [26/Dec/2024:01:26:31 -0500] "POST /wp-cron.php?doing_wp_cron=1735194391.7855060100555419921875 HTTP/1.1" 200 0 "-" "WordPress/6.7.1; https://blog.diixadigital.com"
85.208.96.210 - - [26/Dec/2024:01:26:31 -0500] "GET /?b=169534566 HTTP/1.1" 200 21081 "-" "Mozilla/5.0 (compatible; SemrushBot/7~bl; +http://www.semrush.com/bot.html)"
66.29.132.124 - - [26/Dec/2024:01:26:32 -0500] "POST /wp-admin/admin-ajax.php?action=async_litespeed&nonce=8de31fc24c&litespeed_type=imgoptm HTTP/1.1" 200 21 "-" "WordPress/6.7.1; https://blog.diixadigital.com"
85.208.96.211 - - [26/Dec/2024:01:26:38 -0500] "GET /?b=130143966 HTTP/1.1" 200 21066 "-" "Mozilla/5.0 (compatible; SemrushBot/7~bl; +http://www.semrush.com/bot.html)"
85.208.96.211 - - [26/Dec/2024:01:26:48 -0500] "GET /robots.txt HTTP/1.1" 200 139 "-" "Mozilla/5.0 (compatible; SemrushBot/7~bl; +http://www.semrush.com/bot.html)"
66.29.132.124 - - [26/Dec/2024:01:26:49 -0500] "POST /wp-cron.php?doing_wp_cron=1735194409.1797339916229248046875 HTTP/1.1" 200 0 "-" "WordPress/6.7.1; https://blog.diixadigital.com"
85.208.96.197 - - [26/Dec/2024:01:26:48 -0500] "GET /?b=83520366 HTTP/1.1" 200 21068 "-" "Mozilla/5.0 (compatible; SemrushBot/7~bl; +http://www.semrush.com/bot.html)"
66.29.132.124 - - [26/Dec/2024:01:26:49 -0500] "POST /wp-admin/admin-ajax.php?action=async_litespeed&nonce=8de31fc24c&litespeed_type=imgoptm HTTP/1.1" 200 21 "-" "WordPress/6.7.1; https://blog.diixadigital.com"
185.191.171.7 - - [26/Dec/2024:01:27:08 -0500] "GET /?b=87257966 HTTP/1.1" 200 21074 "-" "Mozilla/5.0 (compatible; SemrushBot/7~bl; +http://www.semrush.com/bot.html)"
85.208.96.211 - - [26/Dec/2024:01:27:11 -0500] "GET /?b=316287366 HTTP/1.1" 200 21067 "-" "Mozilla/5.0 (compatible; SemrushBot/7~bl; +http://www.semrush.com/bot.html)"
185.191.171.18 - - [26/Dec/2024:01:27:18 -0500] "GET /?b=149274966 HTTP/1.1" 200 21059 "-" "Mozilla/5.0 (compatible; SemrushBot/7~bl; +http://www.semrush.com/bot.html)"
66.29.132.124 - - [26/Dec/2024:01:27:46 -0500] "POST /wp-cron.php?doing_wp_cron=1735194466.3007779121398925781250 HTTP/1.1" 200 0 "-" "WordPress/6.7.1; https://blog.diixadigital.com"
85.208.96.207 - - [26/Dec/2024:01:27:46 -0500] "GET /?b=273392666 HTTP/1.1" 200 21077 "-" "Mozilla/5.0 (compatible; SemrushBot/7~bl; +http://www.semrush.com/bot.html)"
66.29.132.124 - - [26/Dec/2024:01:28:01 -0500] "POST /wp-cron.php?doing_wp_cron=1735194481.2821528911590576171875 HTTP/1.1" 200 0 "-" "WordPress/6.7.1; https://blog.diixadigital.com"
85.208.96.202 - - [26/Dec/2024:01:28:01 -0500] "GET /?b=155528366 HTTP/1.1" 200 21076 "-" "Mozilla/5.0 (compatible; SemrushBot/7~bl; +http://www.semrush.com/bot.html)"
66.29.132.124 - - [26/Dec/2024:01:28:01 -0500] "POST /wp-admin/admin-ajax.php?action=async_litespeed&nonce=8de31fc24c&litespeed_type=imgoptm HTTP/1.1" 200 21 "-" "WordPress/6.7.1; https://blog.diixadigital.com"
85.208.96.200 - - [26/Dec/2024:01:28:02 -0500] "GET /?b=53184866 HTTP/1.1" 200 21065 "-" "Mozilla/5.0 (compatible; SemrushBot/7~bl; +http://www.semrush.com/bot.html)"
185.191.171.19 - - [26/Dec/2024:01:28:12 -0500] "GET /?b=108069466 HTTP/1.1" 200 21072 "-" "Mozilla/5.0 (compatible; SemrushBot/7~bl; +http://www.semrush.com/bot.html)"
52.167.144.20 - - [26/Dec/2024:01:28:13 -0500] "GET /ghvek/t583865.html HTTP/1.1" 200 80254 "-" "Mozilla/5.0 AppleWebKit/537.36 (KHTML, like Gecko; compatible; bingbot/2.0; +http://www.bing.com/bingbot.htm) Chrome/116.0.1938.76 Safari/537.36"
185.191.171.12 - - [26/Dec/2024:01:28:16 -0500] "GET /?b=254602866 HTTP/1.1" 200 21077 "-" "Mozilla/5.0 (compatible; SemrushBot/7~bl; +http://www.semrush.com/bot.html)"
66.29.132.124 - - [26/Dec/2024:01:28:35 -0500] "POST /wp-cron.php?doing_wp_cron=1735194515.4482629299163818359375 HTTP/1.1" 200 0 "-" "WordPress/6.7.1; https://blog.diixadigital.com"
185.191.171.9 - - [26/Dec/2024:01:28:35 -0500] "GET /?b=15163366 HTTP/1.1" 200 21078 "-" "Mozilla/5.0 (compatible; SemrushBot/7~bl; +http://www.semrush.com/bot.html)"
52.167.144.20 - - [26/Dec/2024:01:28:49 -0500] "GET /llrrw/p330387.html HTTP/1.1" 200 79921 "-" "Mozilla/5.0 AppleWebKit/537.36 (KHTML, like Gecko; compatible; bingbot/2.0; +http://www.bing.com/bingbot.htm) Chrome/116.0.1938.76 Safari/537.36"
52.167.144.20 - - [26/Dec/2024:01:28:51 -0500] "GET /pqyfb/m1249276.html HTTP/1.1" 200 81573 "-" "Mozilla/5.0 AppleWebKit/537.36 (KHTML, like Gecko; compatible; bingbot/2.0; +http://www.bing.com/bingbot.htm) Chrome/116.0.1938.76 Safari/537.36"
40.77.167.77 - - [26/Dec/2024:01:28:56 -0500] "GET /hcvsc/h2347927.html HTTP/1.1" 200 80540 "-" "Mozilla/5.0 AppleWebKit/537.36 (KHTML, like Gecko; compatible; bingbot/2.0; +http://www.bing.com/bingbot.htm) Chrome/116.0.1938.76 Safari/537.36"
66.29.132.124 - - [26/Dec/2024:01:29:01 -0500] "POST /wp-cron.php?doing_wp_cron=1735194541.9040930271148681640625 HTTP/1.1" 200 0 "-" "WordPress/6.7.1; https://blog.diixadigital.com"
85.208.96.202 - - [26/Dec/2024:01:29:01 -0500] "GET /?b=271944166 HTTP/1.1" 200 21079 "-" "Mozilla/5.0 (compatible; SemrushBot/7~bl; +http://www.semrush.com/bot.html)"
66.29.132.124 - - [26/Dec/2024:01:29:02 -0500] "POST /wp-admin/admin-ajax.php?action=async_litespeed&nonce=8de31fc24c&litespeed_type=imgoptm HTTP/1.1" 200 21 "-" "WordPress/6.7.1; https://blog.diixadigital.com"
185.191.171.12 - - [26/Dec/2024:01:29:04 -0500] "GET /?b=212518166 HTTP/1.1" 200 21071 "-" "Mozilla/5.0 (compatible; SemrushBot/7~bl; +http://www.semrush.com/bot.html)"
85.208.96.203 - - [26/Dec/2024:01:29:20 -0500] "GET /?b=259281266 HTTP/1.1" 200 21064 "-" "Mozilla/5.0 (compatible; SemrushBot/7~bl; +http://www.semrush.com/bot.html)"
52.167.144.20 - - [26/Dec/2024:01:29:22 -0500] "GET /mwbft/j500629.html HTTP/1.1" 200 80555 "-" "Mozilla/5.0 AppleWebKit/537.36 (KHTML, like Gecko; compatible; bingbot/2.0; +http://www.bing.com/bingbot.htm) Chrome/116.0.1938.76 Safari/537.36"
66.29.132.124 - - [26/Dec/2024:01:29:28 -0500] "POST /wp-cron.php?doing_wp_cron=1735194568.7229909896850585937500 HTTP/1.1" 200 0 "-" "WordPress/6.7.1; https://blog.diixadigital.com"
185.191.171.17 - - [26/Dec/2024:01:29:28 -0500] "GET /?b=171970166 HTTP/1.1" 200 21071 "-" "Mozilla/5.0 (compatible; SemrushBot/7~bl; +http://www.semrush.com/bot.html)"
85.208.96.200 - - [26/Dec/2024:01:29:32 -0500] "GET /?b=156536666 HTTP/1.1" 200 21058 "-" "Mozilla/5.0 (compatible; SemrushBot/7~bl; +http://www.semrush.com/bot.html)"
85.208.96.209 - - [26/Dec/2024:01:29:46 -0500] "GET /?b=195448066 HTTP/1.1" 200 21071 "-" "Mozilla/5.0 (compatible; SemrushBot/7~bl; +http://www.semrush.com/bot.html)"
66.29.132.124 - - [26/Dec/2024:01:29:51 -0500] "POST /wp-cron.php?doing_wp_cron=1735194591.4686269760131835937500 HTTP/1.1" 200 0 "-" "WordPress/6.7.1; https://blog.diixadigital.com"
85.208.96.208 - - [26/Dec/2024:01:29:51 -0500] "GET /?b=246413866 HTTP/1.1" 200 21070 "-" "Mozilla/5.0 (compatible; SemrushBot/7~bl; +http://www.semrush.com/bot.html)"
66.29.132.124 - - [26/Dec/2024:01:29:51 -0500] "POST /wp-admin/admin-ajax.php?action=async_litespeed&nonce=8de31fc24c&litespeed_type=imgoptm HTTP/1.1" 200 21 "-" "WordPress/6.7.1; https://blog.diixadigital.com"
85.208.96.201 - - [26/Dec/2024:01:29:58 -0500] "GET /?b=284873566 HTTP/1.1" 200 21063 "-" "Mozilla/5.0 (compatible; SemrushBot/7~bl; +http://www.semrush.com/bot.html)"
52.167.144.20 - - [26/Dec/2024:01:30:22 -0500] "GET /hcwml/y1556400.html HTTP/1.1" 200 79793 "-" "Mozilla/5.0 AppleWebKit/537.36 (KHTML, like Gecko; compatible; bingbot/2.0; +http://www.bing.com/bingbot.htm) Chrome/116.0.1938.76 Safari/537.36"
66.29.132.124 - - [26/Dec/2024:01:30:35 -0500] "POST /wp-cron.php?doing_wp_cron=1735194635.8624091148376464843750 HTTP/1.1" 200 0 "-" "WordPress/6.7.1; https://blog.diixadigital.com"
185.191.171.5 - - [26/Dec/2024:01:30:35 -0500] "GET /?b=931666 HTTP/1.1" 200 21076 "-" "Mozilla/5.0 (compatible; SemrushBot/7~bl; +http://www.semrush.com/bot.html)"
185.191.171.1 - - [26/Dec/2024:01:30:38 -0500] "GET /?b=233467566 HTTP/1.1" 200 21057 "-" "Mozilla/5.0 (compatible; SemrushBot/7~bl; +http://www.semrush.com/bot.html)"
52.167.144.20 - - [26/Dec/2024:01:30:38 -0500] "GET /kkxgb/h2758909.html HTTP/1.1" 200 80647 "-" "Mozilla/5.0 AppleWebKit/537.36 (KHTML, like Gecko; compatible; bingbot/2.0; +http://www.bing.com/bingbot.htm) Chrome/116.0.1938.76 Safari/537.36"
66.29.132.124 - - [26/Dec/2024:01:30:55 -0500] "POST /wp-cron.php?doing_wp_cron=1735194655.2766809463500976562500 HTTP/1.1" 200 0 "-" "WordPress/6.7.1; https://blog.diixadigital.com"
185.191.171.18 - - [26/Dec/2024:01:30:55 -0500] "GET /?b=146598366 HTTP/1.1" 200 21079 "-" "Mozilla/5.0 (compatible; SemrushBot/7~bl; +http://www.semrush.com/bot.html)"
66.29.132.124 - - [26/Dec/2024:01:30:55 -0500] "POST /wp-admin/admin-ajax.php?action=async_litespeed&nonce=8de31fc24c&litespeed_type=imgoptm HTTP/1.1" 200 21 "-" "WordPress/6.7.1; https://blog.diixadigital.com"
85.208.96.201 - - [26/Dec/2024:01:31:10 -0500] "GET /?b=218662666 HTTP/1.1" 200 21063 "-" "Mozilla/5.0 (compatible; SemrushBot/7~bl; +http://www.semrush.com/bot.html)"
185.191.171.5 - - [26/Dec/2024:01:31:19 -0500] "GET /?b=55882166 HTTP/1.1" 200 21072 "-" "Mozilla/5.0 (compatible; SemrushBot/7~bl; +http://www.semrush.com/bot.html)"
66.29.132.124 - - [26/Dec/2024:01:31:22 -0500] "POST /wp-cron.php?doing_wp_cron=1735194682.7271358966827392578125 HTTP/1.1" 200 0 "-" "WordPress/6.7.1; https://blog.diixadigital.com"
185.191.171.14 - - [26/Dec/2024:01:31:22 -0500] "GET /?b=328552966 HTTP/1.1" 200 21079 "-" "Mozilla/5.0 (compatible; SemrushBot/7~bl; +http://www.semrush.com/bot.html)"
40.77.167.77 - - [26/Dec/2024:01:31:46 -0500] "GET /dodbq/m2554632.html HTTP/1.1" 200 79491 "-" "Mozilla/5.0 AppleWebKit/537.36 (KHTML, like Gecko; compatible; bingbot/2.0; +http://www.bing.com/bingbot.htm) Chrome/116.0.1938.76 Safari/537.36"
85.208.96.201 - - [26/Dec/2024:01:31:47 -0500] "GET /?b=270982266 HTTP/1.1" 200 21067 "-" "Mozilla/5.0 (compatible; SemrushBot/7~bl; +http://www.semrush.com/bot.html)"
66.29.132.124 - - [26/Dec/2024:01:32:14 -0500] "POST /wp-cron.php?doing_wp_cron=1735194734.1835179328918457031250 HTTP/1.1" 200 0 "-" "WordPress/6.7.1; https://blog.diixadigital.com"
85.208.96.210 - - [26/Dec/2024:01:32:13 -0500] "GET /?b=29177166 HTTP/1.1" 200 21066 "-" "Mozilla/5.0 (compatible; SemrushBot/7~bl; +http://www.semrush.com/bot.html)"
66.29.132.124 - - [26/Dec/2024:01:32:14 -0500] "POST /wp-admin/admin-ajax.php?action=async_litespeed&nonce=8de31fc24c&litespeed_type=imgoptm HTTP/1.1" 200 21 "-" "WordPress/6.7.1; https://blog.diixadigital.com"
185.191.171.15 - - [26/Dec/2024:01:32:21 -0500] "GET /?b=14611966 HTTP/1.1" 200 21068 "-" "Mozilla/5.0 (compatible; SemrushBot/7~bl; +http://www.semrush.com/bot.html)"
66.29.132.124 - - [26/Dec/2024:01:32:24 -0500] "POST /wp-cron.php?doing_wp_cron=1735194744.1077129840850830078125 HTTP/1.1" 200 0 "-" "WordPress/6.7.1; https://blog.diixadigital.com"
85.208.96.204 - - [26/Dec/2024:01:32:23 -0500] "GET /?b=132924966 HTTP/1.1" 200 21071 "-" "Mozilla/5.0 (compatible; SemrushBot/7~bl; +http://www.semrush.com/bot.html)"
185.191.171.6 - - [26/Dec/2024:01:32:26 -0500] "GET /?b=200264466 HTTP/1.1" 200 21064 "-" "Mozilla/5.0 (compatible; SemrushBot/7~bl; +http://www.semrush.com/bot.html)"
85.208.96.211 - - [26/Dec/2024:01:32:41 -0500] "GET /?b=293231666 HTTP/1.1" 200 21076 "-" "Mozilla/5.0 (compatible; SemrushBot/7~bl; +http://www.semrush.com/bot.html)"
40.77.167.77 - - [26/Dec/2024:01:32:56 -0500] "GET /lnrav/d222345.html HTTP/1.1" 200 81068 "-" "Mozilla/5.0 AppleWebKit/537.36 (KHTML, like Gecko; compatible; bingbot/2.0; +http://www.bing.com/bingbot.htm) Chrome/116.0.1938.76 Safari/537.36"
66.29.132.124 - - [26/Dec/2024:01:32:58 -0500] "POST /wp-cron.php?doing_wp_cron=1735194777.9988338947296142578125 HTTP/1.1" 200 0 "-" "WordPress/6.7.1; https://blog.diixadigital.com"
85.208.96.211 - - [26/Dec/2024:01:32:57 -0500] "GET /?b=242065866 HTTP/1.1" 200 21071 "-" "Mozilla/5.0 (compatible; SemrushBot/7~bl; +http://www.semrush.com/bot.html)"
66.29.132.124 - - [26/Dec/2024:01:32:58 -0500] "POST /wp-admin/admin-ajax.php?action=async_litespeed&nonce=8de31fc24c&litespeed_type=imgoptm HTTP/1.1" 200 21 "-" "WordPress/6.7.1; https://blog.diixadigital.com"
185.191.171.9 - - [26/Dec/2024:01:33:07 -0500] "GET /?b=127303766 HTTP/1.1" 200 21069 "-" "Mozilla/5.0 (compatible; SemrushBot/7~bl; +http://www.semrush.com/bot.html)"
66.29.132.124 - - [26/Dec/2024:01:33:23 -0500] "POST /wp-cron.php?doing_wp_cron=1735194803.8623569011688232421875 HTTP/1.1" 200 0 "-" "WordPress/6.7.1; https://blog.diixadigital.com"
85.208.96.210 - - [26/Dec/2024:01:33:23 -0500] "GET /?b=322296666 HTTP/1.1" 200 21070 "-" "Mozilla/5.0 (compatible; SemrushBot/7~bl; +http://www.semrush.com/bot.html)"
185.191.171.8 - - [26/Dec/2024:01:33:29 -0500] "GET /?b=71872266 HTTP/1.1" 200 21072 "-" "Mozilla/5.0 (compatible; SemrushBot/7~bl; +http://www.semrush.com/bot.html)"
185.191.171.12 - - [26/Dec/2024:01:33:38 -0500] "GET /?b=24826466 HTTP/1.1" 200 21066 "-" "Mozilla/5.0 (compatible; SemrushBot/7~bl; +http://www.semrush.com/bot.html)"
66.29.132.124 - - [26/Dec/2024:01:33:54 -0500] "POST /wp-cron.php?doing_wp_cron=1735194834.7921330928802490234375 HTTP/1.1" 200 0 "-" "WordPress/6.7.1; https://blog.diixadigital.com"
185.191.171.12 - - [26/Dec/2024:01:33:54 -0500] "GET /?b=76791166 HTTP/1.1" 200 21071 "-" "Mozilla/5.0 (compatible; SemrushBot/7~bl; +http://www.semrush.com/bot.html)"
66.29.132.124 - - [26/Dec/2024:01:33:55 -0500] "POST /wp-admin/admin-ajax.php?action=async_litespeed&nonce=8de31fc24c&litespeed_type=imgoptm HTTP/1.1" 200 21 "-" "WordPress/6.7.1; https://blog.diixadigital.com"
185.191.171.16 - - [26/Dec/2024:01:33:57 -0500] "GET /?b=293968666 HTTP/1.1" 200 21065 "-" "Mozilla/5.0 (compatible; SemrushBot/7~bl; +http://www.semrush.com/bot.html)"
40.77.167.77 - - [26/Dec/2024:01:33:57 -0500] "GET /eezgt/r2345675.html HTTP/1.1" 200 79611 "-" "Mozilla/5.0 AppleWebKit/537.36 (KHTML, like Gecko; compatible; bingbot/2.0; +http://www.bing.com/bingbot.htm) Chrome/116.0.1938.76 Safari/537.36"
185.191.171.6 - - [26/Dec/2024:01:34:07 -0500] "GET /?b=208064866 HTTP/1.1" 200 21065 "-" "Mozilla/5.0 (compatible; SemrushBot/7~bl; +http://www.semrush.com/bot.html)"
66.29.132.124 - - [26/Dec/2024:01:34:43 -0500] "POST /wp-cron.php?doing_wp_cron=1735194883.0516159534454345703125 HTTP/1.1" 200 0 "-" "WordPress/6.7.1; https://blog.diixadigital.com"
85.208.96.203 - - [26/Dec/2024:01:34:42 -0500] "GET /?b=346717966 HTTP/1.1" 200 21082 "-" "Mozilla/5.0 (compatible; SemrushBot/7~bl; +http://www.semrush.com/bot.html)"
66.29.132.124 - - [26/Dec/2024:01:34:56 -0500] "POST /wp-cron.php?doing_wp_cron=1735194896.2823460102081298828125 HTTP/1.1" 200 0 "-" "WordPress/6.7.1; https://blog.diixadigital.com"
185.191.171.15 - - [26/Dec/2024:01:34:55 -0500] "GET /?b=80454266 HTTP/1.1" 200 21061 "-" "Mozilla/5.0 (compatible; SemrushBot/7~bl; +http://www.semrush.com/bot.html)"
66.29.132.124 - - [26/Dec/2024:01:34:56 -0500] "POST /wp-admin/admin-ajax.php?action=async_litespeed&nonce=8de31fc24c&litespeed_type=imgoptm HTTP/1.1" 200 21 "-" "WordPress/6.7.1; https://blog.diixadigital.com"
185.191.171.1 - - [26/Dec/2024:01:34:59 -0500] "GET /?b=140059266 HTTP/1.1" 200 21072 "-" "Mozilla/5.0 (compatible; SemrushBot/7~bl; +http://www.semrush.com/bot.html)"
185.191.171.16 - - [26/Dec/2024:01:35:20 -0500] "GET /?b=84711166 HTTP/1.1" 200 21085 "-" "Mozilla/5.0 (compatible; SemrushBot/7~bl; +http://www.semrush.com/bot.html)"
66.29.132.124 - - [26/Dec/2024:01:35:23 -0500] "POST /wp-cron.php?doing_wp_cron=1735194923.8375129699707031250000 HTTP/1.1" 200 0 "-" "WordPress/6.7.1; https://blog.diixadigital.com"
85.208.96.201 - - [26/Dec/2024:01:35:23 -0500] "GET /?b=310635166 HTTP/1.1" 200 21062 "-" "Mozilla/5.0 (compatible; SemrushBot/7~bl; +http://www.semrush.com/bot.html)"
185.191.171.5 - - [26/Dec/2024:01:35:46 -0500] "GET /?b=329496966 HTTP/1.1" 200 21071 "-" "Mozilla/5.0 (compatible; SemrushBot/7~bl; +http://www.semrush.com/bot.html)"
66.29.132.124 - - [26/Dec/2024:01:35:49 -0500] "POST /wp-cron.php?doing_wp_cron=1735194949.1219289302825927734375 HTTP/1.1" 200 0 "-" "WordPress/6.7.1; https://blog.diixadigital.com"
66.29.132.124 - - [26/Dec/2024:01:35:49 -0500] "POST /wp-admin/admin-ajax.php?action=async_litespeed&nonce=8de31fc24c&litespeed_type=imgoptm HTTP/1.1" 200 21 "-" "WordPress/6.7.1; https://blog.diixadigital.com"
85.208.96.204 - - [26/Dec/2024:01:35:48 -0500] "GET /?b=271524166 HTTP/1.1" 200 21077 "-" "Mozilla/5.0 (compatible; SemrushBot/7~bl; +http://www.semrush.com/bot.html)"
52.167.144.20 - - [26/Dec/2024:01:36:20 -0500] "GET /xgkix/z494509.html HTTP/1.1" 200 80343 "-" "Mozilla/5.0 AppleWebKit/537.36 (KHTML, like Gecko; compatible; bingbot/2.0; +http://www.bing.com/bingbot.htm) Chrome/116.0.1938.76 Safari/537.36"
66.29.132.124 - - [26/Dec/2024:01:36:31 -0500] "POST /wp-cron.php?doing_wp_cron=1735194990.1177179813385009765625 HTTP/1.1" 200 0 "-" "WordPress/6.7.1; https://blog.diixadigital.com"
185.191.171.4 - - [26/Dec/2024:01:36:29 -0500] "GET /?b=178453866 HTTP/1.1" 200 21078 "-" "Mozilla/5.0 (compatible; SemrushBot/7~bl; +http://www.semrush.com/bot.html)"
185.191.171.6 - - [26/Dec/2024:01:36:40 -0500] "GET /?b=312488366 HTTP/1.1" 200 21073 "-" "Mozilla/5.0 (compatible; SemrushBot/7~bl; +http://www.semrush.com/bot.html)"
185.191.171.12 - - [26/Dec/2024:01:36:45 -0500] "GET /?b=275836566 HTTP/1.1" 200 21073 "-" "Mozilla/5.0 (compatible; SemrushBot/7~bl; +http://www.semrush.com/bot.html)"
185.191.171.9 - - [26/Dec/2024:01:36:48 -0500] "GET /?b=5571666 HTTP/1.1" 200 21068 "-" "Mozilla/5.0 (compatible; SemrushBot/7~bl; +http://www.semrush.com/bot.html)"
85.208.96.197 - - [26/Dec/2024:01:36:51 -0500] "GET /?b=310883666 HTTP/1.1" 200 21068 "-" "Mozilla/5.0 (compatible; SemrushBot/7~bl; +http://www.semrush.com/bot.html)"
40.77.167.77 - - [26/Dec/2024:01:36:58 -0500] "GET /hqczk/t2352047.html HTTP/1.1" 200 80226 "-" "Mozilla/5.0 AppleWebKit/537.36 (KHTML, like Gecko; compatible; bingbot/2.0; +http://www.bing.com/bingbot.htm) Chrome/116.0.1938.76 Safari/537.36"
40.77.167.77 - - [26/Dec/2024:01:37:00 -0500] "GET /otnws/k1796366.html HTTP/1.1" 200 80951 "-" "Mozilla/5.0 AppleWebKit/537.36 (KHTML, like Gecko; compatible; bingbot/2.0; +http://www.bing.com/bingbot.htm) Chrome/116.0.1938.76 Safari/537.36"
185.191.171.13 - - [26/Dec/2024:01:37:11 -0500] "GET /?b=96731866 HTTP/1.1" 200 21068 "-" "Mozilla/5.0 (compatible; SemrushBot/7~bl; +http://www.semrush.com/bot.html)"
85.208.96.199 - - [26/Dec/2024:01:37:15 -0500] "GET /robots.txt HTTP/1.1" 200 139 "-" "Mozilla/5.0 (compatible; SemrushBot/7~bl; +http://www.semrush.com/bot.html)"
85.208.96.201 - - [26/Dec/2024:01:37:15 -0500] "GET /?b=191232966 HTTP/1.1" 200 21076 "-" "Mozilla/5.0 (compatible; SemrushBot/7~bl; +http://www.semrush.com/bot.html)"
85.208.96.205 - - [26/Dec/2024:01:37:23 -0500] "GET /?b=286930766 HTTP/1.1" 200 21062 "-" "Mozilla/5.0 (compatible; SemrushBot/7~bl; +http://www.semrush.com/bot.html)"
40.77.167.77 - - [26/Dec/2024:01:37:27 -0500] "GET /protq/a2386764.html HTTP/1.1" 200 80214 "-" "Mozilla/5.0 AppleWebKit/537.36 (KHTML, like Gecko; compatible; bingbot/2.0; +http://www.bing.com/bingbot.htm) Chrome/116.0.1938.76 Safari/537.36"
66.29.132.124 - - [26/Dec/2024:01:37:30 -0500] "POST /wp-cron.php?doing_wp_cron=1735195050.5230998992919921875000 HTTP/1.1" 200 0 "-" "WordPress/6.7.1; https://blog.diixadigital.com"
66.29.132.124 - - [26/Dec/2024:01:37:31 -0500] "POST /wp-admin/admin-ajax.php?action=async_litespeed&nonce=8de31fc24c&litespeed_type=imgoptm HTTP/1.1" 200 21 "-" "WordPress/6.7.1; https://blog.diixadigital.com"
85.208.96.197 - - [26/Dec/2024:01:37:29 -0500] "GET /?b=31694666 HTTP/1.1" 200 21081 "-" "Mozilla/5.0 (compatible; SemrushBot/7~bl; +http://www.semrush.com/bot.html)"
185.191.171.9 - - [26/Dec/2024:01:37:37 -0500] "GET /?b=74216066 HTTP/1.1" 200 21070 "-" "Mozilla/5.0 (compatible; SemrushBot/7~bl; +http://www.semrush.com/bot.html)"
52.167.144.20 - - [26/Dec/2024:01:37:42 -0500] "GET /vavmd/g1793320.html HTTP/1.1" 200 79576 "-" "Mozilla/5.0 AppleWebKit/537.36 (KHTML, like Gecko; compatible; bingbot/2.0; +http://www.bing.com/bingbot.htm) Chrome/116.0.1938.76 Safari/537.36"
52.167.144.146 - - [26/Dec/2024:01:37:49 -0500] "GET /ldbwj/m1223328.html HTTP/1.1" 200 82107 "-" "Mozilla/5.0 AppleWebKit/537.36 (KHTML, like Gecko; compatible; bingbot/2.0; +http://www.bing.com/bingbot.htm) Chrome/116.0.1938.76 Safari/537.36"
66.29.132.124 - - [26/Dec/2024:01:37:57 -0500] "POST /wp-cron.php?doing_wp_cron=1735195077.6764318943023681640625 HTTP/1.1" 200 0 "-" "WordPress/6.7.1; https://blog.diixadigital.com"
85.208.96.199 - - [26/Dec/2024:01:37:57 -0500] "GET /?b=48684566 HTTP/1.1" 200 21074 "-" "Mozilla/5.0 (compatible; SemrushBot/7~bl; +http://www.semrush.com/bot.html)"
66.29.132.124 - - [26/Dec/2024:01:37:58 -0500] "POST /wp-admin/admin-ajax.php?action=async_litespeed&nonce=8de31fc24c&litespeed_type=imgoptm HTTP/1.1" 200 21 "-" "WordPress/6.7.1; https://blog.diixadigital.com"
52.167.144.146 - - [26/Dec/2024:01:37:58 -0500] "GET /wozoc/m2541970.html HTTP/1.1" 200 80469 "-" "Mozilla/5.0 AppleWebKit/537.36 (KHTML, like Gecko; compatible; bingbot/2.0; +http://www.bing.com/bingbot.htm) Chrome/116.0.1938.76 Safari/537.36"
85.208.96.211 - - [26/Dec/2024:01:38:03 -0500] "GET /?b=153724866 HTTP/1.1" 200 21063 "-" "Mozilla/5.0 (compatible; SemrushBot/7~bl; +http://www.semrush.com/bot.html)"
185.191.171.6 - - [26/Dec/2024:01:38:20 -0500] "GET /?b=121985866 HTTP/1.1" 200 21078 "-" "Mozilla/5.0 (compatible; SemrushBot/7~bl; +http://www.semrush.com/bot.html)"
66.29.132.124 - - [26/Dec/2024:01:38:42 -0500] "POST /wp-cron.php?doing_wp_cron=1735195122.3574090003967285156250 HTTP/1.1" 200 0 "-" "WordPress/6.7.1; https://blog.diixadigital.com"
185.191.171.6 - - [26/Dec/2024:01:38:42 -0500] "GET /?b=144382066 HTTP/1.1" 200 21064 "-" "Mozilla/5.0 (compatible; SemrushBot/7~bl; +http://www.semrush.com/bot.html)"
66.29.132.124 - - [26/Dec/2024:01:38:57 -0500] "POST /wp-cron.php?doing_wp_cron=1735195137.6691310405731201171875 HTTP/1.1" 200 0 "-" "WordPress/6.7.1; https://blog.diixadigital.com"
85.208.96.203 - - [26/Dec/2024:01:38:57 -0500] "GET /?b=171817966 HTTP/1.1" 200 21065 "-" "Mozilla/5.0 (compatible; SemrushBot/7~bl; +http://www.semrush.com/bot.html)"
66.29.132.124 - - [26/Dec/2024:01:38:57 -0500] "POST /wp-admin/admin-ajax.php?action=async_litespeed&nonce=8de31fc24c&litespeed_type=imgoptm HTTP/1.1" 200 21 "-" "WordPress/6.7.1; https://blog.diixadigital.com"
185.191.171.14 - - [26/Dec/2024:01:39:16 -0500] "GET /?b=122066466 HTTP/1.1" 200 21074 "-" "Mozilla/5.0 (compatible; SemrushBot/7~bl; +http://www.semrush.com/bot.html)"
66.29.132.124 - - [26/Dec/2024:01:39:23 -0500] "POST /wp-cron.php?doing_wp_cron=1735195163.3208479881286621093750 HTTP/1.1" 200 0 "-" "WordPress/6.7.1; https://blog.diixadigital.com"
185.191.171.11 - - [26/Dec/2024:01:39:23 -0500] "GET /?b=78889366 HTTP/1.1" 200 21067 "-" "Mozilla/5.0 (compatible; SemrushBot/7~bl; +http://www.semrush.com/bot.html)"
185.191.171.11 - - [26/Dec/2024:01:39:26 -0500] "GET /?b=101398266 HTTP/1.1" 200 21061 "-" "Mozilla/5.0 (compatible; SemrushBot/7~bl; +http://www.semrush.com/bot.html)"
