85.208.96.201 - - [25/Dec/2024:14:55:13 -0500] "GET /?b=246595966 HTTP/1.1" 200 21070 "-" "Mozilla/5.0 (compatible; SemrushBot/7~bl; +http://www.semrush.com/bot.html)"
85.208.96.208 - - [25/Dec/2024:14:55:16 -0500] "GET /?b=248557866 HTTP/1.1" 200 21072 "-" "Mozilla/5.0 (compatible; SemrushBot/7~bl; +http://www.semrush.com/bot.html)"
66.29.132.124 - - [25/Dec/2024:14:55:44 -0500] "POST /wp-cron.php?doing_wp_cron=1735156544.3442730903625488281250 HTTP/1.1" 200 0 "-" "WordPress/6.7.1; https://blog.diixadigital.com"
185.191.171.16 - - [25/Dec/2024:14:55:44 -0500] "GET /?b=348421866 HTTP/1.1" 200 21077 "-" "Mozilla/5.0 (compatible; SemrushBot/7~bl; +http://www.semrush.com/bot.html)"
185.191.171.13 - - [25/Dec/2024:14:55:47 -0500] "GET /?b=133448266 HTTP/1.1" 200 21083 "-" "Mozilla/5.0 (compatible; SemrushBot/7~bl; +http://www.semrush.com/bot.html)"
66.29.132.124 - - [25/Dec/2024:14:56:06 -0500] "POST /wp-cron.php?doing_wp_cron=1735156566.4267199039459228515625 HTTP/1.1" 200 0 "-" "WordPress/6.7.1; https://blog.diixadigital.com"
85.208.96.208 - - [25/Dec/2024:14:56:06 -0500] "GET /?b=25595166 HTTP/1.1" 200 21070 "-" "Mozilla/5.0 (compatible; SemrushBot/7~bl; +http://www.semrush.com/bot.html)"
66.29.132.124 - - [25/Dec/2024:14:56:06 -0500] "POST /wp-admin/admin-ajax.php?action=async_litespeed&nonce=299b0ba356&litespeed_type=imgoptm HTTP/1.1" 200 21 "-" "WordPress/6.7.1; https://blog.diixadigital.com"
185.191.171.18 - - [25/Dec/2024:14:56:08 -0500] "GET /?b=98724466 HTTP/1.1" 200 21073 "-" "Mozilla/5.0 (compatible; SemrushBot/7~bl; +http://www.semrush.com/bot.html)"
66.29.132.124 - - [25/Dec/2024:14:56:25 -0500] "POST /wp-cron.php?doing_wp_cron=1735156585.1842339038848876953125 HTTP/1.1" 200 0 "-" "WordPress/6.7.1; https://blog.diixadigital.com"
185.191.171.13 - - [25/Dec/2024:14:56:24 -0500] "GET /?b=91009966 HTTP/1.1" 200 21075 "-" "Mozilla/5.0 (compatible; SemrushBot/7~bl; +http://www.semrush.com/bot.html)"
85.208.96.203 - - [25/Dec/2024:14:56:28 -0500] "GET /?b=100546166 HTTP/1.1" 200 21065 "-" "Mozilla/5.0 (compatible; SemrushBot/7~bl; +http://www.semrush.com/bot.html)"
185.191.171.17 - - [25/Dec/2024:14:56:42 -0500] "GET /?b=12874966 HTTP/1.1" 200 21080 "-" "Mozilla/5.0 (compatible; SemrushBot/7~bl; +http://www.semrush.com/bot.html)"
66.29.132.124 - - [25/Dec/2024:14:56:59 -0500] "POST /wp-cron.php?doing_wp_cron=1735156619.2485189437866210937500 HTTP/1.1" 200 0 "-" "WordPress/6.7.1; https://blog.diixadigital.com"
85.208.96.201 - - [25/Dec/2024:14:56:59 -0500] "GET /?b=324559366 HTTP/1.1" 200 21070 "-" "Mozilla/5.0 (compatible; SemrushBot/7~bl; +http://www.semrush.com/bot.html)"
66.29.132.124 - - [25/Dec/2024:14:56:59 -0500] "POST /wp-admin/admin-ajax.php?action=async_litespeed&nonce=299b0ba356&litespeed_type=imgoptm HTTP/1.1" 200 21 "-" "WordPress/6.7.1; https://blog.diixadigital.com"
66.29.132.124 - - [25/Dec/2024:14:57:24 -0500] "POST /wp-cron.php?doing_wp_cron=1735156644.4503610134124755859375 HTTP/1.1" 200 0 "-" "WordPress/6.7.1; https://blog.diixadigital.com"
185.191.171.8 - - [25/Dec/2024:14:57:24 -0500] "GET /?b=119819966 HTTP/1.1" 200 21073 "-" "Mozilla/5.0 (compatible; SemrushBot/7~bl; +http://www.semrush.com/bot.html)"
85.208.96.196 - - [25/Dec/2024:14:57:26 -0500] "GET /?b=339030166 HTTP/1.1" 200 21070 "-" "Mozilla/5.0 (compatible; SemrushBot/7~bl; +http://www.semrush.com/bot.html)"
185.191.171.1 - - [25/Dec/2024:14:57:30 -0500] "GET /?b=60473866 HTTP/1.1" 200 21061 "-" "Mozilla/5.0 (compatible; SemrushBot/7~bl; +http://www.semrush.com/bot.html)"
85.208.96.203 - - [25/Dec/2024:14:57:33 -0500] "GET /?b=143908266 HTTP/1.1" 200 21072 "-" "Mozilla/5.0 (compatible; SemrushBot/7~bl; +http://www.semrush.com/bot.html)"
66.29.132.124 - - [25/Dec/2024:14:58:04 -0500] "POST /wp-cron.php?doing_wp_cron=1735156684.4388220310211181640625 HTTP/1.1" 200 0 "-" "WordPress/6.7.1; https://blog.diixadigital.com"
85.208.96.202 - - [25/Dec/2024:14:58:04 -0500] "GET /?b=332464966 HTTP/1.1" 200 21080 "-" "Mozilla/5.0 (compatible; SemrushBot/7~bl; +http://www.semrush.com/bot.html)"
66.29.132.124 - - [25/Dec/2024:14:58:04 -0500] "POST /wp-admin/admin-ajax.php?action=async_litespeed&nonce=299b0ba356&litespeed_type=imgoptm HTTP/1.1" 200 21 "-" "WordPress/6.7.1; https://blog.diixadigital.com"
66.29.132.124 - - [25/Dec/2024:14:58:27 -0500] "POST /wp-cron.php?doing_wp_cron=1735156707.8283050060272216796875 HTTP/1.1" 200 0 "-" "WordPress/6.7.1; https://blog.diixadigital.com"
185.191.171.13 - - [25/Dec/2024:14:58:27 -0500] "GET /?b=276516166 HTTP/1.1" 200 21052 "-" "Mozilla/5.0 (compatible; SemrushBot/7~bl; +http://www.semrush.com/bot.html)"
85.208.96.202 - - [25/Dec/2024:14:58:29 -0500] "GET /?b=206607866 HTTP/1.1" 200 21072 "-" "Mozilla/5.0 (compatible; SemrushBot/7~bl; +http://www.semrush.com/bot.html)"
66.29.132.124 - - [25/Dec/2024:14:58:55 -0500] "POST /wp-cron.php?doing_wp_cron=1735156735.0415511131286621093750 HTTP/1.1" 200 0 "-" "WordPress/6.7.1; https://blog.diixadigital.com"
85.208.96.200 - - [25/Dec/2024:14:58:54 -0500] "GET /?b=337955966 HTTP/1.1" 200 21071 "-" "Mozilla/5.0 (compatible; SemrushBot/7~bl; +http://www.semrush.com/bot.html)"
66.29.132.124 - - [25/Dec/2024:14:58:55 -0500] "POST /wp-admin/admin-ajax.php?action=async_litespeed&nonce=299b0ba356&litespeed_type=imgoptm HTTP/1.1" 200 21 "-" "WordPress/6.7.1; https://blog.diixadigital.com"
185.191.171.15 - - [25/Dec/2024:14:58:56 -0500] "GET /robots.txt HTTP/1.1" 200 139 "-" "Mozilla/5.0 (compatible; SemrushBot/7~bl; +http://www.semrush.com/bot.html)"
185.191.171.3 - - [25/Dec/2024:14:58:59 -0500] "GET /?b=349440766 HTTP/1.1" 200 21066 "-" "Mozilla/5.0 (compatible; SemrushBot/7~bl; +http://www.semrush.com/bot.html)"
85.208.96.209 - - [25/Dec/2024:14:59:07 -0500] "GET /?b=11433066 HTTP/1.1" 200 21071 "-" "Mozilla/5.0 (compatible; SemrushBot/7~bl; +http://www.semrush.com/bot.html)"
185.191.171.2 - - [25/Dec/2024:14:59:19 -0500] "GET /?b=215403366 HTTP/1.1" 200 21074 "-" "Mozilla/5.0 (compatible; SemrushBot/7~bl; +http://www.semrush.com/bot.html)"
66.29.132.124 - - [25/Dec/2024:14:59:23 -0500] "POST /wp-cron.php?doing_wp_cron=1735156763.0445930957794189453125 HTTP/1.1" 200 0 "-" "WordPress/6.7.1; https://blog.diixadigital.com"
185.191.171.10 - - [25/Dec/2024:14:59:22 -0500] "GET /?b=130546966 HTTP/1.1" 200 21084 "-" "Mozilla/5.0 (compatible; SemrushBot/7~bl; +http://www.semrush.com/bot.html)"
185.191.171.8 - - [25/Dec/2024:14:59:40 -0500] "GET /?b=130951066 HTTP/1.1" 200 21067 "-" "Mozilla/5.0 (compatible; SemrushBot/7~bl; +http://www.semrush.com/bot.html)"
66.29.132.124 - - [25/Dec/2024:14:59:52 -0500] "POST /wp-cron.php?doing_wp_cron=1735156792.5558829307556152343750 HTTP/1.1" 200 0 "-" "WordPress/6.7.1; https://blog.diixadigital.com"
185.191.171.6 - - [25/Dec/2024:14:59:52 -0500] "GET /?b=248053566 HTTP/1.1" 200 21072 "-" "Mozilla/5.0 (compatible; SemrushBot/7~bl; +http://www.semrush.com/bot.html)"
66.29.132.124 - - [25/Dec/2024:14:59:52 -0500] "POST /wp-admin/admin-ajax.php?action=async_litespeed&nonce=299b0ba356&litespeed_type=imgoptm HTTP/1.1" 200 21 "-" "WordPress/6.7.1; https://blog.diixadigital.com"
185.191.171.12 - - [25/Dec/2024:14:59:57 -0500] "GET /?b=169494466 HTTP/1.1" 200 21071 "-" "Mozilla/5.0 (compatible; SemrushBot/7~bl; +http://www.semrush.com/bot.html)"
85.208.96.197 - - [25/Dec/2024:15:00:10 -0500] "GET /?b=283035166 HTTP/1.1" 200 21070 "-" "Mozilla/5.0 (compatible; SemrushBot/7~bl; +http://www.semrush.com/bot.html)"
66.29.132.124 - - [25/Dec/2024:15:00:33 -0500] "POST /wp-cron.php?doing_wp_cron=1735156833.6200139522552490234375 HTTP/1.1" 200 0 "-" "WordPress/6.7.1; https://blog.diixadigital.com"
185.191.171.4 - - [25/Dec/2024:15:00:33 -0500] "GET /?b=221520066 HTTP/1.1" 200 21072 "-" "Mozilla/5.0 (compatible; SemrushBot/7~bl; +http://www.semrush.com/bot.html)"
85.208.96.203 - - [25/Dec/2024:15:00:42 -0500] "GET /?b=249723966 HTTP/1.1" 200 21066 "-" "Mozilla/5.0 (compatible; SemrushBot/7~bl; +http://www.semrush.com/bot.html)"
66.29.132.124 - - [25/Dec/2024:15:01:06 -0500] "POST /wp-cron.php?doing_wp_cron=1735156866.5652530193328857421875 HTTP/1.1" 200 0 "-" "WordPress/6.7.1; https://blog.diixadigital.com"
185.191.171.2 - - [25/Dec/2024:15:01:06 -0500] "GET /?b=204249866 HTTP/1.1" 200 21063 "-" "Mozilla/5.0 (compatible; SemrushBot/7~bl; +http://www.semrush.com/bot.html)"
66.29.132.124 - - [25/Dec/2024:15:01:06 -0500] "POST /wp-admin/admin-ajax.php?action=async_litespeed&nonce=299b0ba356&litespeed_type=imgoptm HTTP/1.1" 200 21 "-" "WordPress/6.7.1; https://blog.diixadigital.com"
85.208.96.207 - - [25/Dec/2024:15:01:19 -0500] "GET /?b=180029666 HTTP/1.1" 200 21061 "-" "Mozilla/5.0 (compatible; SemrushBot/7~bl; +http://www.semrush.com/bot.html)"
66.29.132.124 - - [25/Dec/2024:15:01:33 -0500] "POST /wp-cron.php?doing_wp_cron=1735156893.2232871055603027343750 HTTP/1.1" 200 0 "-" "WordPress/6.7.1; https://blog.diixadigital.com"
185.191.171.2 - - [25/Dec/2024:15:01:32 -0500] "GET /?b=340202966 HTTP/1.1" 200 21081 "-" "Mozilla/5.0 (compatible; SemrushBot/7~bl; +http://www.semrush.com/bot.html)"
85.208.96.202 - - [25/Dec/2024:15:01:35 -0500] "GET /?b=7445366 HTTP/1.1" 200 21064 "-" "Mozilla/5.0 (compatible; SemrushBot/7~bl; +http://www.semrush.com/bot.html)"
185.191.171.18 - - [25/Dec/2024:15:01:44 -0500] "GET /?b=110442666 HTTP/1.1" 200 21067 "-" "Mozilla/5.0 (compatible; SemrushBot/7~bl; +http://www.semrush.com/bot.html)"
185.191.171.5 - - [25/Dec/2024:15:01:47 -0500] "GET /?b=163859166 HTTP/1.1" 200 21069 "-" "Mozilla/5.0 (compatible; SemrushBot/7~bl; +http://www.semrush.com/bot.html)"
66.29.132.124 - - [25/Dec/2024:15:02:05 -0500] "POST /wp-cron.php?doing_wp_cron=1735156925.5970320701599121093750 HTTP/1.1" 200 0 "-" "WordPress/6.7.1; https://blog.diixadigital.com"
185.191.171.12 - - [25/Dec/2024:15:02:05 -0500] "GET /?b=199949766 HTTP/1.1" 200 21062 "-" "Mozilla/5.0 (compatible; SemrushBot/7~bl; +http://www.semrush.com/bot.html)"
66.29.132.124 - - [25/Dec/2024:15:02:05 -0500] "POST /wp-admin/admin-ajax.php?action=async_litespeed&nonce=299b0ba356&litespeed_type=imgoptm HTTP/1.1" 200 21 "-" "WordPress/6.7.1; https://blog.diixadigital.com"
66.29.132.124 - - [25/Dec/2024:15:02:28 -0500] "POST /wp-cron.php?doing_wp_cron=1735156948.7017939090728759765625 HTTP/1.1" 200 0 "-" "WordPress/6.7.1; https://blog.diixadigital.com"
185.191.171.9 - - [25/Dec/2024:15:02:28 -0500] "GET /?b=339453166 HTTP/1.1" 200 21076 "-" "Mozilla/5.0 (compatible; SemrushBot/7~bl; +http://www.semrush.com/bot.html)"
85.208.96.202 - - [25/Dec/2024:15:02:39 -0500] "GET /?b=152946566 HTTP/1.1" 200 21065 "-" "Mozilla/5.0 (compatible; SemrushBot/7~bl; +http://www.semrush.com/bot.html)"
66.29.132.124 - - [25/Dec/2024:15:03:10 -0500] "POST /wp-cron.php?doing_wp_cron=1735156990.4744369983673095703125 HTTP/1.1" 200 0 "-" "WordPress/6.7.1; https://blog.diixadigital.com"
85.208.96.204 - - [25/Dec/2024:15:03:10 -0500] "GET /?b=132236266 HTTP/1.1" 200 21064 "-" "Mozilla/5.0 (compatible; SemrushBot/7~bl; +http://www.semrush.com/bot.html)"
66.29.132.124 - - [25/Dec/2024:15:03:10 -0500] "POST /wp-admin/admin-ajax.php?action=async_litespeed&nonce=299b0ba356&litespeed_type=imgoptm HTTP/1.1" 200 21 "-" "WordPress/6.7.1; https://blog.diixadigital.com"
85.208.96.210 - - [25/Dec/2024:15:03:19 -0500] "GET /?b=117466666 HTTP/1.1" 200 21074 "-" "Mozilla/5.0 (compatible; SemrushBot/7~bl; +http://www.semrush.com/bot.html)"
66.29.132.124 - - [25/Dec/2024:15:03:22 -0500] "POST /wp-cron.php?doing_wp_cron=1735157002.3075900077819824218750 HTTP/1.1" 200 0 "-" "WordPress/6.7.1; https://blog.diixadigital.com"
85.208.96.207 - - [25/Dec/2024:15:03:22 -0500] "GET /?b=190806566 HTTP/1.1" 200 21078 "-" "Mozilla/5.0 (compatible; SemrushBot/7~bl; +http://www.semrush.com/bot.html)"
185.191.171.13 - - [25/Dec/2024:15:03:26 -0500] "GET /?b=21021266 HTTP/1.1" 200 21072 "-" "Mozilla/5.0 (compatible; SemrushBot/7~bl; +http://www.semrush.com/bot.html)"
85.208.96.211 - - [25/Dec/2024:15:03:37 -0500] "GET /?b=139392466 HTTP/1.1" 200 21070 "-" "Mozilla/5.0 (compatible; SemrushBot/7~bl; +http://www.semrush.com/bot.html)"
185.191.171.15 - - [25/Dec/2024:15:03:46 -0500] "GET /?b=249458366 HTTP/1.1" 200 21081 "-" "Mozilla/5.0 (compatible; SemrushBot/7~bl; +http://www.semrush.com/bot.html)"
66.29.132.124 - - [25/Dec/2024:15:03:51 -0500] "POST /wp-cron.php?doing_wp_cron=1735157031.1109569072723388671875 HTTP/1.1" 200 0 "-" "WordPress/6.7.1; https://blog.diixadigital.com"
85.208.96.200 - - [25/Dec/2024:15:03:50 -0500] "GET /?b=240851366 HTTP/1.1" 200 21072 "-" "Mozilla/5.0 (compatible; SemrushBot/7~bl; +http://www.semrush.com/bot.html)"
66.29.132.124 - - [25/Dec/2024:15:03:51 -0500] "POST /wp-admin/admin-ajax.php?action=async_litespeed&nonce=299b0ba356&litespeed_type=imgoptm HTTP/1.1" 200 21 "-" "WordPress/6.7.1; https://blog.diixadigital.com"
185.191.171.7 - - [25/Dec/2024:15:04:03 -0500] "GET /?b=84238966 HTTP/1.1" 200 21070 "-" "Mozilla/5.0 (compatible; SemrushBot/7~bl; +http://www.semrush.com/bot.html)"
185.191.171.16 - - [25/Dec/2024:15:04:15 -0500] "GET /?b=263210966 HTTP/1.1" 200 21069 "-" "Mozilla/5.0 (compatible; SemrushBot/7~bl; +http://www.semrush.com/bot.html)"
66.29.132.124 - - [25/Dec/2024:15:04:47 -0500] "POST /wp-cron.php?doing_wp_cron=1735157087.3277420997619628906250 HTTP/1.1" 200 0 "-" "WordPress/6.7.1; https://blog.diixadigital.com"
185.191.171.7 - - [25/Dec/2024:15:04:47 -0500] "GET /?b=177195166 HTTP/1.1" 200 21061 "-" "Mozilla/5.0 (compatible; SemrushBot/7~bl; +http://www.semrush.com/bot.html)"
66.29.132.124 - - [25/Dec/2024:15:04:50 -0500] "POST /wp-cron.php?doing_wp_cron=1735157090.0490839481353759765625 HTTP/1.1" 200 0 "-" "WordPress/6.7.1; https://blog.diixadigital.com"
85.208.96.211 - - [25/Dec/2024:15:04:49 -0500] "GET /?b=43682066 HTTP/1.1" 200 21068 "-" "Mozilla/5.0 (compatible; SemrushBot/7~bl; +http://www.semrush.com/bot.html)"
66.29.132.124 - - [25/Dec/2024:15:04:50 -0500] "POST /wp-admin/admin-ajax.php?action=async_litespeed&nonce=299b0ba356&litespeed_type=imgoptm HTTP/1.1" 200 21 "-" "WordPress/6.7.1; https://blog.diixadigital.com"
185.191.171.2 - - [25/Dec/2024:15:04:56 -0500] "GET /?b=135471166 HTTP/1.1" 200 21061 "-" "Mozilla/5.0 (compatible; SemrushBot/7~bl; +http://www.semrush.com/bot.html)"
85.208.96.200 - - [25/Dec/2024:15:05:03 -0500] "GET /?b=294608266 HTTP/1.1" 200 21072 "-" "Mozilla/5.0 (compatible; SemrushBot/7~bl; +http://www.semrush.com/bot.html)"
66.29.132.124 - - [25/Dec/2024:15:05:28 -0500] "POST /wp-cron.php?doing_wp_cron=1735157128.4465429782867431640625 HTTP/1.1" 200 0 "-" "WordPress/6.7.1; https://blog.diixadigital.com"
185.191.171.16 - - [25/Dec/2024:15:05:28 -0500] "GET /?b=114608166 HTTP/1.1" 200 21056 "-" "Mozilla/5.0 (compatible; SemrushBot/7~bl; +http://www.semrush.com/bot.html)"
185.191.171.14 - - [25/Dec/2024:15:05:35 -0500] "GET /?b=107030966 HTTP/1.1" 200 21069 "-" "Mozilla/5.0 (compatible; SemrushBot/7~bl; +http://www.semrush.com/bot.html)"
185.191.171.1 - - [25/Dec/2024:15:05:37 -0500] "GET /?b=180126966 HTTP/1.1" 200 21063 "-" "Mozilla/5.0 (compatible; SemrushBot/7~bl; +http://www.semrush.com/bot.html)"
66.29.132.124 - - [25/Dec/2024:15:05:53 -0500] "POST /wp-cron.php?doing_wp_cron=1735157153.7479550838470458984375 HTTP/1.1" 200 0 "-" "WordPress/6.7.1; https://blog.diixadigital.com"
85.208.96.212 - - [25/Dec/2024:15:05:53 -0500] "GET /?b=183913466 HTTP/1.1" 200 21080 "-" "Mozilla/5.0 (compatible; SemrushBot/7~bl; +http://www.semrush.com/bot.html)"
66.29.132.124 - - [25/Dec/2024:15:05:54 -0500] "POST /wp-admin/admin-ajax.php?action=async_litespeed&nonce=299b0ba356&litespeed_type=imgoptm HTTP/1.1" 200 21 "-" "WordPress/6.7.1; https://blog.diixadigital.com"
185.191.171.1 - - [25/Dec/2024:15:06:08 -0500] "GET /?b=355271066 HTTP/1.1" 200 21072 "-" "Mozilla/5.0 (compatible; SemrushBot/7~bl; +http://www.semrush.com/bot.html)"
66.29.132.124 - - [25/Dec/2024:15:06:28 -0500] "POST /wp-cron.php?doing_wp_cron=1735157188.7303850650787353515625 HTTP/1.1" 200 0 "-" "WordPress/6.7.1; https://blog.diixadigital.com"
185.191.171.1 - - [25/Dec/2024:15:06:28 -0500] "GET /?b=250509766 HTTP/1.1" 200 21062 "-" "Mozilla/5.0 (compatible; SemrushBot/7~bl; +http://www.semrush.com/bot.html)"
66.29.132.124 - - [25/Dec/2024:15:06:57 -0500] "POST /wp-cron.php?doing_wp_cron=1735157217.2970170974731445312500 HTTP/1.1" 200 0 "-" "WordPress/6.7.1; https://blog.diixadigital.com"
185.191.171.4 - - [25/Dec/2024:15:06:57 -0500] "GET /?b=340553866 HTTP/1.1" 200 21056 "-" "Mozilla/5.0 (compatible; SemrushBot/7~bl; +http://www.semrush.com/bot.html)"
66.29.132.124 - - [25/Dec/2024:15:06:57 -0500] "POST /wp-admin/admin-ajax.php?action=async_litespeed&nonce=299b0ba356&litespeed_type=imgoptm HTTP/1.1" 200 21 "-" "WordPress/6.7.1; https://blog.diixadigital.com"
185.191.171.14 - - [25/Dec/2024:15:07:11 -0500] "GET /?b=2887566 HTTP/1.1" 200 21068 "-" "Mozilla/5.0 (compatible; SemrushBot/7~bl; +http://www.semrush.com/bot.html)"
85.208.96.207 - - [25/Dec/2024:15:07:19 -0500] "GET /?b=257812466 HTTP/1.1" 200 21074 "-" "Mozilla/5.0 (compatible; SemrushBot/7~bl; +http://www.semrush.com/bot.html)"
66.29.132.124 - - [25/Dec/2024:15:07:28 -0500] "POST /wp-cron.php?doing_wp_cron=1735157248.5958039760589599609375 HTTP/1.1" 200 0 "-" "WordPress/6.7.1; https://blog.diixadigital.com"
85.208.96.209 - - [25/Dec/2024:15:07:28 -0500] "GET /?b=300679266 HTTP/1.1" 200 21064 "-" "Mozilla/5.0 (compatible; SemrushBot/7~bl; +http://www.semrush.com/bot.html)"
85.208.96.199 - - [25/Dec/2024:15:07:30 -0500] "GET /?b=27541266 HTTP/1.1" 200 21063 "-" "Mozilla/5.0 (compatible; SemrushBot/7~bl; +http://www.semrush.com/bot.html)"
185.191.171.1 - - [25/Dec/2024:15:07:40 -0500] "GET /?b=278976966 HTTP/1.1" 200 21076 "-" "Mozilla/5.0 (compatible; SemrushBot/7~bl; +http://www.semrush.com/bot.html)"
66.29.132.124 - - [25/Dec/2024:15:08:16 -0500] "POST /wp-cron.php?doing_wp_cron=1735157296.6827440261840820312500 HTTP/1.1" 200 0 "-" "WordPress/6.7.1; https://blog.diixadigital.com"
185.191.171.3 - - [25/Dec/2024:15:08:16 -0500] "GET /?b=20070266 HTTP/1.1" 200 21057 "-" "Mozilla/5.0 (compatible; SemrushBot/7~bl; +http://www.semrush.com/bot.html)"
66.29.132.124 - - [25/Dec/2024:15:08:16 -0500] "POST /wp-admin/admin-ajax.php?action=async_litespeed&nonce=299b0ba356&litespeed_type=imgoptm HTTP/1.1" 200 21 "-" "WordPress/6.7.1; https://blog.diixadigital.com"
185.191.171.10 - - [25/Dec/2024:15:08:19 -0500] "GET /?b=150605066 HTTP/1.1" 200 21076 "-" "Mozilla/5.0 (compatible; SemrushBot/7~bl; +http://www.semrush.com/bot.html)"
66.29.132.124 - - [25/Dec/2024:15:08:24 -0500] "POST /wp-cron.php?doing_wp_cron=1735157304.1072609424591064453125 HTTP/1.1" 200 0 "-" "WordPress/6.7.1; https://blog.diixadigital.com"
85.208.96.210 - - [25/Dec/2024:15:08:23 -0500] "GET /?b=141791766 HTTP/1.1" 200 21060 "-" "Mozilla/5.0 (compatible; SemrushBot/7~bl; +http://www.semrush.com/bot.html)"
185.191.171.17 - - [25/Dec/2024:15:08:42 -0500] "GET /?b=281772366 HTTP/1.1" 200 21063 "-" "Mozilla/5.0 (compatible; SemrushBot/7~bl; +http://www.semrush.com/bot.html)"
185.191.171.16 - - [25/Dec/2024:15:08:45 -0500] "GET /?b=253313966 HTTP/1.1" 200 21059 "-" "Mozilla/5.0 (compatible; SemrushBot/7~bl; +http://www.semrush.com/bot.html)"
66.29.132.124 - - [25/Dec/2024:15:09:02 -0500] "POST /wp-cron.php?doing_wp_cron=1735157342.6795079708099365234375 HTTP/1.1" 200 0 "-" "WordPress/6.7.1; https://blog.diixadigital.com"
185.191.171.6 - - [25/Dec/2024:15:09:02 -0500] "GET /?b=178342466 HTTP/1.1" 200 21093 "-" "Mozilla/5.0 (compatible; SemrushBot/7~bl; +http://www.semrush.com/bot.html)"
66.29.132.124 - - [25/Dec/2024:15:09:02 -0500] "POST /wp-admin/admin-ajax.php?action=async_litespeed&nonce=299b0ba356&litespeed_type=imgoptm HTTP/1.1" 200 21 "-" "WordPress/6.7.1; https://blog.diixadigital.com"
85.208.96.202 - - [25/Dec/2024:15:09:09 -0500] "GET /?b=208603266 HTTP/1.1" 200 21071 "-" "Mozilla/5.0 (compatible; SemrushBot/7~bl; +http://www.semrush.com/bot.html)"
85.208.96.203 - - [25/Dec/2024:15:09:10 -0500] "GET /robots.txt HTTP/1.1" 200 139 "-" "Mozilla/5.0 (compatible; SemrushBot/7~bl; +http://www.semrush.com/bot.html)"
66.29.132.124 - - [25/Dec/2024:15:09:23 -0500] "POST /wp-cron.php?doing_wp_cron=1735157363.0281839370727539062500 HTTP/1.1" 200 0 "-" "WordPress/6.7.1; https://blog.diixadigital.com"
185.191.171.10 - - [25/Dec/2024:15:09:22 -0500] "GET /?b=238026366 HTTP/1.1" 200 21074 "-" "Mozilla/5.0 (compatible; SemrushBot/7~bl; +http://www.semrush.com/bot.html)"
185.191.171.17 - - [25/Dec/2024:15:09:25 -0500] "GET /?b=127092266 HTTP/1.1" 200 21066 "-" "Mozilla/5.0 (compatible; SemrushBot/7~bl; +http://www.semrush.com/bot.html)"
85.208.96.210 - - [25/Dec/2024:15:09:44 -0500] "GET /?b=209309966 HTTP/1.1" 200 21069 "-" "Mozilla/5.0 (compatible; SemrushBot/7~bl; +http://www.semrush.com/bot.html)"
66.29.132.124 - - [25/Dec/2024:15:10:12 -0500] "POST /wp-cron.php?doing_wp_cron=1735157412.9598140716552734375000 HTTP/1.1" 200 0 "-" "WordPress/6.7.1; https://blog.diixadigital.com"
85.208.96.198 - - [25/Dec/2024:15:10:12 -0500] "GET /?b=197471566 HTTP/1.1" 200 21069 "-" "Mozilla/5.0 (compatible; SemrushBot/7~bl; +http://www.semrush.com/bot.html)"
66.29.132.124 - - [25/Dec/2024:15:10:13 -0500] "POST /wp-admin/admin-ajax.php?action=async_litespeed&nonce=299b0ba356&litespeed_type=imgoptm HTTP/1.1" 200 21 "-" "WordPress/6.7.1; https://blog.diixadigital.com"
66.249.74.130 - - [25/Dec/2024:15:10:13 -0500] "GET /?b=306942866 HTTP/1.1" 200 80483 "-" "Mozilla/5.0 (Linux; Android 6.0.1; Nexus 5X Build/MMB29P) AppleWebKit/537.36 (KHTML, like Gecko) Chrome/131.0.6778.139 Mobile Safari/537.36 (compatible; GoogleOther)"
185.191.171.13 - - [25/Dec/2024:15:10:15 -0500] "GET /?b=9383366 HTTP/1.1" 200 21067 "-" "Mozilla/5.0 (compatible; SemrushBot/7~bl; +http://www.semrush.com/bot.html)"
66.29.132.124 - - [25/Dec/2024:15:10:26 -0500] "POST /wp-cron.php?doing_wp_cron=1735157426.0737888813018798828125 HTTP/1.1" 200 0 "-" "WordPress/6.7.1; https://blog.diixadigital.com"
185.191.171.16 - - [25/Dec/2024:15:10:25 -0500] "GET /?b=273941666 HTTP/1.1" 200 21072 "-" "Mozilla/5.0 (compatible; SemrushBot/7~bl; +http://www.semrush.com/bot.html)"
85.208.96.207 - - [25/Dec/2024:15:10:32 -0500] "GET /?b=350107966 HTTP/1.1" 200 21072 "-" "Mozilla/5.0 (compatible; SemrushBot/7~bl; +http://www.semrush.com/bot.html)"
85.208.96.200 - - [25/Dec/2024:15:10:41 -0500] "GET /?b=65359066 HTTP/1.1" 200 21066 "-" "Mozilla/5.0 (compatible; SemrushBot/7~bl; +http://www.semrush.com/bot.html)"
40.77.167.6 - - [25/Dec/2024:15:11:04 -0500] "GET /dbqhf/v2766775.html HTTP/1.1" 200 79600 "-" "Mozilla/5.0 AppleWebKit/537.36 (KHTML, like Gecko; compatible; bingbot/2.0; +http://www.bing.com/bingbot.htm) Chrome/116.0.1938.76 Safari/537.36"
66.29.132.124 - - [25/Dec/2024:15:11:10 -0500] "POST /wp-cron.php?doing_wp_cron=1735157470.4671390056610107421875 HTTP/1.1" 200 0 "-" "WordPress/6.7.1; https://blog.diixadigital.com"
85.208.96.211 - - [25/Dec/2024:15:11:10 -0500] "GET /?b=100855866 HTTP/1.1" 200 21066 "-" "Mozilla/5.0 (compatible; SemrushBot/7~bl; +http://www.semrush.com/bot.html)"
66.29.132.124 - - [25/Dec/2024:15:11:10 -0500] "POST /wp-admin/admin-ajax.php?action=async_litespeed&nonce=299b0ba356&litespeed_type=imgoptm HTTP/1.1" 200 21 "-" "WordPress/6.7.1; https://blog.diixadigital.com"
66.29.132.124 - - [25/Dec/2024:15:11:39 -0500] "POST /wp-cron.php?doing_wp_cron=1735157499.1986300945281982421875 HTTP/1.1" 200 0 "-" "WordPress/6.7.1; https://blog.diixadigital.com"
185.191.171.14 - - [25/Dec/2024:15:11:38 -0500] "GET /?b=47647566 HTTP/1.1" 200 21089 "-" "Mozilla/5.0 (compatible; SemrushBot/7~bl; +http://www.semrush.com/bot.html)"
85.208.96.195 - - [25/Dec/2024:15:11:45 -0500] "GET /?b=48988866 HTTP/1.1" 200 21072 "-" "Mozilla/5.0 (compatible; SemrushBot/7~bl; +http://www.semrush.com/bot.html)"
66.29.132.124 - - [25/Dec/2024:15:11:49 -0500] "POST /wp-cron.php?doing_wp_cron=1735157509.3755829334259033203125 HTTP/1.1" 200 0 "-" "WordPress/6.7.1; https://blog.diixadigital.com"
85.208.96.203 - - [25/Dec/2024:15:11:49 -0500] "GET /?b=314556366 HTTP/1.1" 200 21073 "-" "Mozilla/5.0 (compatible; SemrushBot/7~bl; +http://www.semrush.com/bot.html)"
66.29.132.124 - - [25/Dec/2024:15:11:49 -0500] "POST /wp-admin/admin-ajax.php?action=async_litespeed&nonce=299b0ba356&litespeed_type=imgoptm HTTP/1.1" 200 21 "-" "WordPress/6.7.1; https://blog.diixadigital.com"
52.167.144.229 - - [25/Dec/2024:15:11:53 -0500] "GET /ylqjn/t2823817.html HTTP/1.1" 200 79540 "-" "Mozilla/5.0 AppleWebKit/537.36 (KHTML, like Gecko; compatible; bingbot/2.0; +http://www.bing.com/bingbot.htm) Chrome/116.0.1938.76 Safari/537.36"
85.208.96.203 - - [25/Dec/2024:15:11:56 -0500] "GET /?b=238095066 HTTP/1.1" 200 21074 "-" "Mozilla/5.0 (compatible; SemrushBot/7~bl; +http://www.semrush.com/bot.html)"
185.191.171.6 - - [25/Dec/2024:15:11:59 -0500] "GET /?b=203054166 HTTP/1.1" 200 21074 "-" "Mozilla/5.0 (compatible; SemrushBot/7~bl; +http://www.semrush.com/bot.html)"
185.191.171.6 - - [25/Dec/2024:15:12:13 -0500] "GET /?b=7060966 HTTP/1.1" 200 21060 "-" "Mozilla/5.0 (compatible; SemrushBot/7~bl; +http://www.semrush.com/bot.html)"
85.208.96.196 - - [25/Dec/2024:15:12:16 -0500] "GET /?b=316548866 HTTP/1.1" 200 21065 "-" "Mozilla/5.0 (compatible; SemrushBot/7~bl; +http://www.semrush.com/bot.html)"
66.29.132.124 - - [25/Dec/2024:15:12:28 -0500] "POST /wp-cron.php?doing_wp_cron=1735157548.3519370555877685546875 HTTP/1.1" 200 0 "-" "WordPress/6.7.1; https://blog.diixadigital.com"
85.208.96.194 - - [25/Dec/2024:15:12:28 -0500] "GET /?b=281808866 HTTP/1.1" 200 21058 "-" "Mozilla/5.0 (compatible; SemrushBot/7~bl; +http://www.semrush.com/bot.html)"
185.191.171.2 - - [25/Dec/2024:15:12:36 -0500] "GET /?b=153926066 HTTP/1.1" 200 21067 "-" "Mozilla/5.0 (compatible; SemrushBot/7~bl; +http://www.semrush.com/bot.html)"
66.29.132.124 - - [25/Dec/2024:15:13:19 -0500] "POST /wp-cron.php?doing_wp_cron=1735157599.0304660797119140625000 HTTP/1.1" 200 0 "-" "WordPress/6.7.1; https://blog.diixadigital.com"
185.191.171.16 - - [25/Dec/2024:15:13:18 -0500] "GET /?b=23223366 HTTP/1.1" 200 21061 "-" "Mozilla/5.0 (compatible; SemrushBot/7~bl; +http://www.semrush.com/bot.html)"
66.29.132.124 - - [25/Dec/2024:15:13:19 -0500] "POST /wp-admin/admin-ajax.php?action=async_litespeed&nonce=299b0ba356&litespeed_type=imgoptm HTTP/1.1" 200 21 "-" "WordPress/6.7.1; https://blog.diixadigital.com"
185.191.171.3 - - [25/Dec/2024:15:13:21 -0500] "GET /?b=83380266 HTTP/1.1" 200 21076 "-" "Mozilla/5.0 (compatible; SemrushBot/7~bl; +http://www.semrush.com/bot.html)"
66.29.132.124 - - [25/Dec/2024:15:13:28 -0500] "POST /wp-cron.php?doing_wp_cron=1735157608.4071569442749023437500 HTTP/1.1" 200 0 "-" "WordPress/6.7.1; https://blog.diixadigital.com"
185.191.171.14 - - [25/Dec/2024:15:13:28 -0500] "GET /?b=45406066 HTTP/1.1" 200 21059 "-" "Mozilla/5.0 (compatible; SemrushBot/7~bl; +http://www.semrush.com/bot.html)"
40.77.167.7 - - [25/Dec/2024:15:13:28 -0500] "GET /dlprt/t313179.html HTTP/1.1" 200 79470 "-" "Mozilla/5.0 AppleWebKit/537.36 (KHTML, like Gecko; compatible; bingbot/2.0; +http://www.bing.com/bingbot.htm) Chrome/116.0.1938.76 Safari/537.36"
85.208.96.203 - - [25/Dec/2024:15:13:41 -0500] "GET /?b=271550066 HTTP/1.1" 200 21067 "-" "Mozilla/5.0 (compatible; SemrushBot/7~bl; +http://www.semrush.com/bot.html)"
40.77.167.15 - - [25/Dec/2024:15:13:51 -0500] "GET /mdjqp/p318531.html HTTP/1.1" 200 80102 "-" "Mozilla/5.0 AppleWebKit/537.36 (KHTML, like Gecko; compatible; bingbot/2.0; +http://www.bing.com/bingbot.htm) Chrome/116.0.1938.76 Safari/537.36"
66.29.132.124 - - [25/Dec/2024:15:13:55 -0500] "POST /wp-cron.php?doing_wp_cron=1735157635.1579039096832275390625 HTTP/1.1" 200 0 "-" "WordPress/6.7.1; https://blog.diixadigital.com"
185.191.171.15 - - [25/Dec/2024:15:13:54 -0500] "GET /?b=249476266 HTTP/1.1" 200 21071 "-" "Mozilla/5.0 (compatible; SemrushBot/7~bl; +http://www.semrush.com/bot.html)"
66.29.132.124 - - [25/Dec/2024:15:13:55 -0500] "POST /wp-admin/admin-ajax.php?action=async_litespeed&nonce=299b0ba356&litespeed_type=imgoptm HTTP/1.1" 200 21 "-" "WordPress/6.7.1; https://blog.diixadigital.com"
85.208.96.194 - - [25/Dec/2024:15:14:02 -0500] "GET /?b=206252366 HTTP/1.1" 200 21063 "-" "Mozilla/5.0 (compatible; SemrushBot/7~bl; +http://www.semrush.com/bot.html)"
85.208.96.198 - - [25/Dec/2024:15:14:13 -0500] "GET /?b=173824666 HTTP/1.1" 200 21065 "-" "Mozilla/5.0 (compatible; SemrushBot/7~bl; +http://www.semrush.com/bot.html)"
85.208.96.212 - - [25/Dec/2024:15:14:21 -0500] "GET /?b=313366966 HTTP/1.1" 200 21064 "-" "Mozilla/5.0 (compatible; SemrushBot/7~bl; +http://www.semrush.com/bot.html)"
52.167.144.229 - - [25/Dec/2024:15:14:23 -0500] "GET /kdbpr/z1625951.html HTTP/1.1" 200 81890 "-" "Mozilla/5.0 AppleWebKit/537.36 (KHTML, like Gecko; compatible; bingbot/2.0; +http://www.bing.com/bingbot.htm) Chrome/116.0.1938.76 Safari/537.36"
66.29.132.124 - - [25/Dec/2024:15:14:34 -0500] "POST /wp-cron.php?doing_wp_cron=1735157674.7605240345001220703125 HTTP/1.1" 200 0 "-" "WordPress/6.7.1; https://blog.diixadigital.com"
85.208.96.194 - - [25/Dec/2024:15:14:34 -0500] "GET /?b=83688866 HTTP/1.1" 200 21076 "-" "Mozilla/5.0 (compatible; SemrushBot/7~bl; +http://www.semrush.com/bot.html)"
40.77.167.7 - - [25/Dec/2024:15:14:38 -0500] "GET /vxvgn/i201446.html HTTP/1.1" 200 81080 "-" "Mozilla/5.0 AppleWebKit/537.36 (KHTML, like Gecko; compatible; bingbot/2.0; +http://www.bing.com/bingbot.htm) Chrome/116.0.1938.76 Safari/537.36"
66.29.132.124 - - [25/Dec/2024:15:15:01 -0500] "POST /wp-cron.php?doing_wp_cron=1735157701.2649838924407958984375 HTTP/1.1" 200 0 "-" "WordPress/6.7.1; https://blog.diixadigital.com"
185.191.171.5 - - [25/Dec/2024:15:15:01 -0500] "GET /?b=143549466 HTTP/1.1" 200 21076 "-" "Mozilla/5.0 (compatible; SemrushBot/7~bl; +http://www.semrush.com/bot.html)"
66.29.132.124 - - [25/Dec/2024:15:15:01 -0500] "POST /wp-admin/admin-ajax.php?action=async_litespeed&nonce=299b0ba356&litespeed_type=imgoptm HTTP/1.1" 200 21 "-" "WordPress/6.7.1; https://blog.diixadigital.com"
85.208.96.210 - - [25/Dec/2024:15:15:10 -0500] "GET /?b=68530766 HTTP/1.1" 200 21070 "-" "Mozilla/5.0 (compatible; SemrushBot/7~bl; +http://www.semrush.com/bot.html)"
66.29.132.124 - - [25/Dec/2024:15:15:45 -0500] "POST /wp-cron.php?doing_wp_cron=1735157745.7904169559478759765625 HTTP/1.1" 200 0 "-" "WordPress/6.7.1; https://blog.diixadigital.com"
185.191.171.11 - - [25/Dec/2024:15:15:45 -0500] "GET /?b=15138466 HTTP/1.1" 200 21072 "-" "Mozilla/5.0 (compatible; SemrushBot/7~bl; +http://www.semrush.com/bot.html)"
66.29.132.124 - - [25/Dec/2024:15:15:57 -0500] "POST /wp-cron.php?doing_wp_cron=1735157757.3492360115051269531250 HTTP/1.1" 200 0 "-" "WordPress/6.7.1; https://blog.diixadigital.com"
85.208.96.193 - - [25/Dec/2024:15:15:57 -0500] "GET /?b=43679566 HTTP/1.1" 200 21058 "-" "Mozilla/5.0 (compatible; SemrushBot/7~bl; +http://www.semrush.com/bot.html)"
66.29.132.124 - - [25/Dec/2024:15:15:57 -0500] "POST /wp-admin/admin-ajax.php?action=async_litespeed&nonce=299b0ba356&litespeed_type=imgoptm HTTP/1.1" 200 21 "-" "WordPress/6.7.1; https://blog.diixadigital.com"
85.208.96.209 - - [25/Dec/2024:15:16:13 -0500] "GET /?b=191502566 HTTP/1.1" 200 21070 "-" "Mozilla/5.0 (compatible; SemrushBot/7~bl; +http://www.semrush.com/bot.html)"
185.191.171.9 - - [25/Dec/2024:15:16:18 -0500] "GET /?b=209388266 HTTP/1.1" 200 21068 "-" "Mozilla/5.0 (compatible; SemrushBot/7~bl; +http://www.semrush.com/bot.html)"
66.29.132.124 - - [25/Dec/2024:15:16:24 -0500] "POST /wp-cron.php?doing_wp_cron=1735157784.8676741123199462890625 HTTP/1.1" 200 0 "-" "WordPress/6.7.1; https://blog.diixadigital.com"
185.191.171.11 - - [25/Dec/2024:15:16:24 -0500] "GET /?b=65886366 HTTP/1.1" 200 21069 "-" "Mozilla/5.0 (compatible; SemrushBot/7~bl; +http://www.semrush.com/bot.html)"
185.191.171.2 - - [25/Dec/2024:15:16:34 -0500] "GET /?b=236789266 HTTP/1.1" 200 21065 "-" "Mozilla/5.0 (compatible; SemrushBot/7~bl; +http://www.semrush.com/bot.html)"
185.191.171.19 - - [25/Dec/2024:15:16:40 -0500] "GET /?b=334854166 HTTP/1.1" 200 21062 "-" "Mozilla/5.0 (compatible; SemrushBot/7~bl; +http://www.semrush.com/bot.html)"
185.191.171.15 - - [25/Dec/2024:15:16:44 -0500] "GET /?b=191424766 HTTP/1.1" 200 21065 "-" "Mozilla/5.0 (compatible; SemrushBot/7~bl; +http://www.semrush.com/bot.html)"
66.29.132.124 - - [25/Dec/2024:15:16:57 -0500] "POST /wp-cron.php?doing_wp_cron=1735157817.1296420097351074218750 HTTP/1.1" 200 0 "-" "WordPress/6.7.1; https://blog.diixadigital.com"
185.191.171.19 - - [25/Dec/2024:15:16:56 -0500] "GET /?b=123163366 HTTP/1.1" 200 21062 "-" "Mozilla/5.0 (compatible; SemrushBot/7~bl; +http://www.semrush.com/bot.html)"
66.29.132.124 - - [25/Dec/2024:15:16:57 -0500] "POST /wp-admin/admin-ajax.php?action=async_litespeed&nonce=299b0ba356&litespeed_type=imgoptm HTTP/1.1" 200 21 "-" "WordPress/6.7.1; https://blog.diixadigital.com"
40.77.167.7 - - [25/Dec/2024:15:16:58 -0500] "GET /kptwn/k2370576.html HTTP/1.1" 200 80340 "-" "Mozilla/5.0 AppleWebKit/537.36 (KHTML, like Gecko; compatible; bingbot/2.0; +http://www.bing.com/bingbot.htm) Chrome/116.0.1938.76 Safari/537.36"
85.208.96.199 - - [25/Dec/2024:15:17:02 -0500] "GET /?b=147359966 HTTP/1.1" 200 21078 "-" "Mozilla/5.0 (compatible; SemrushBot/7~bl; +http://www.semrush.com/bot.html)"
185.191.171.10 - - [25/Dec/2024:15:17:12 -0500] "GET /?b=154683266 HTTP/1.1" 200 21065 "-" "Mozilla/5.0 (compatible; SemrushBot/7~bl; +http://www.semrush.com/bot.html)"
66.29.132.124 - - [25/Dec/2024:15:17:36 -0500] "POST /wp-cron.php?doing_wp_cron=1735157856.6900079250335693359375 HTTP/1.1" 200 0 "-" "WordPress/6.7.1; https://blog.diixadigital.com"
185.191.171.11 - - [25/Dec/2024:15:17:36 -0500] "GET /?b=80815566 HTTP/1.1" 200 21073 "-" "Mozilla/5.0 (compatible; SemrushBot/7~bl; +http://www.semrush.com/bot.html)"
52.167.144.229 - - [25/Dec/2024:15:17:43 -0500] "GET /lldlg/b1684453.html HTTP/1.1" 200 81443 "-" "Mozilla/5.0 AppleWebKit/537.36 (KHTML, like Gecko; compatible; bingbot/2.0; +http://www.bing.com/bingbot.htm) Chrome/116.0.1938.76 Safari/537.36"
66.29.132.124 - - [25/Dec/2024:15:17:49 -0500] "POST /wp-cron.php?doing_wp_cron=1735157869.4753069877624511718750 HTTP/1.1" 200 0 "-" "WordPress/6.7.1; https://blog.diixadigital.com"
85.208.96.193 - - [25/Dec/2024:15:17:49 -0500] "GET /?b=258730766 HTTP/1.1" 200 21072 "-" "Mozilla/5.0 (compatible; SemrushBot/7~bl; +http://www.semrush.com/bot.html)"
66.29.132.124 - - [25/Dec/2024:15:17:49 -0500] "POST /wp-admin/admin-ajax.php?action=async_litespeed&nonce=299b0ba356&litespeed_type=imgoptm HTTP/1.1" 200 21 "-" "WordPress/6.7.1; https://blog.diixadigital.com"
85.208.96.197 - - [25/Dec/2024:15:17:54 -0500] "GET /?b=131412766 HTTP/1.1" 200 21067 "-" "Mozilla/5.0 (compatible; SemrushBot/7~bl; +http://www.semrush.com/bot.html)"
85.208.96.201 - - [25/Dec/2024:15:18:02 -0500] "GET /?b=66847966 HTTP/1.1" 200 21071 "-" "Mozilla/5.0 (compatible; SemrushBot/7~bl; +http://www.semrush.com/bot.html)"
85.208.96.197 - - [25/Dec/2024:15:18:04 -0500] "GET /?b=319368866 HTTP/1.1" 200 21072 "-" "Mozilla/5.0 (compatible; SemrushBot/7~bl; +http://www.semrush.com/bot.html)"
66.29.132.124 - - [25/Dec/2024:15:18:29 -0500] "POST /wp-cron.php?doing_wp_cron=1735157909.4335079193115234375000 HTTP/1.1" 200 0 "-" "WordPress/6.7.1; https://blog.diixadigital.com"
185.191.171.8 - - [25/Dec/2024:15:18:29 -0500] "GET /?b=278155966 HTTP/1.1" 200 21061 "-" "Mozilla/5.0 (compatible; SemrushBot/7~bl; +http://www.semrush.com/bot.html)"
85.208.96.210 - - [25/Dec/2024:15:18:38 -0500] "GET /?b=291339366 HTTP/1.1" 200 21067 "-" "Mozilla/5.0 (compatible; SemrushBot/7~bl; +http://www.semrush.com/bot.html)"
66.29.132.124 - - [25/Dec/2024:15:19:08 -0500] "POST /wp-cron.php?doing_wp_cron=1735157948.6917181015014648437500 HTTP/1.1" 200 0 "-" "WordPress/6.7.1; https://blog.diixadigital.com"
185.191.171.19 - - [25/Dec/2024:15:19:08 -0500] "GET /?b=37660466 HTTP/1.1" 200 21078 "-" "Mozilla/5.0 (compatible; SemrushBot/7~bl; +http://www.semrush.com/bot.html)"
66.29.132.124 - - [25/Dec/2024:15:19:08 -0500] "POST /wp-admin/admin-ajax.php?action=async_litespeed&nonce=299b0ba356&litespeed_type=imgoptm HTTP/1.1" 200 21 "-" "WordPress/6.7.1; https://blog.diixadigital.com"
66.29.132.124 - - [25/Dec/2024:15:19:31 -0500] "POST /wp-cron.php?doing_wp_cron=1735157971.4167270660400390625000 HTTP/1.1" 200 0 "-" "WordPress/6.7.1; https://blog.diixadigital.com"
85.208.96.203 - - [25/Dec/2024:15:19:31 -0500] "GET /?b=154393466 HTTP/1.1" 200 21076 "-" "Mozilla/5.0 (compatible; SemrushBot/7~bl; +http://www.semrush.com/bot.html)"
40.77.167.15 - - [25/Dec/2024:15:19:42 -0500] "GET /tbbub/s2038876.html HTTP/1.1" 200 81056 "-" "Mozilla/5.0 AppleWebKit/537.36 (KHTML, like Gecko; compatible; bingbot/2.0; +http://www.bing.com/bingbot.htm) Chrome/116.0.1938.76 Safari/537.36"
85.208.96.194 - - [25/Dec/2024:15:19:45 -0500] "GET /?b=220143666 HTTP/1.1" 200 21082 "-" "Mozilla/5.0 (compatible; SemrushBot/7~bl; +http://www.semrush.com/bot.html)"
66.29.132.124 - - [25/Dec/2024:15:19:51 -0500] "POST /wp-cron.php?doing_wp_cron=1735157991.0547358989715576171875 HTTP/1.1" 200 0 "-" "WordPress/6.7.1; https://blog.diixadigital.com"
85.208.96.206 - - [25/Dec/2024:15:19:50 -0500] "GET /?b=202261766 HTTP/1.1" 200 21073 "-" "Mozilla/5.0 (compatible; SemrushBot/7~bl; +http://www.semrush.com/bot.html)"
66.29.132.124 - - [25/Dec/2024:15:19:51 -0500] "POST /wp-admin/admin-ajax.php?action=async_litespeed&nonce=299b0ba356&litespeed_type=imgoptm HTTP/1.1" 200 21 "-" "WordPress/6.7.1; https://blog.diixadigital.com"
185.191.171.10 - - [25/Dec/2024:15:19:51 -0500] "GET /robots.txt HTTP/1.1" 200 139 "-" "Mozilla/5.0 (compatible; SemrushBot/7~bl; +http://www.semrush.com/bot.html)"
66.249.74.132 - - [25/Dec/2024:15:19:51 -0500] "GET /?b=156812266 HTTP/1.1" 200 82144 "-" "Mozilla/5.0 (Linux; Android 6.0.1; Nexus 5X Build/MMB29P) AppleWebKit/537.36 (KHTML, like Gecko) Chrome/131.0.6778.139 Mobile Safari/537.36 (compatible; GoogleOther)"
85.208.96.209 - - [25/Dec/2024:15:19:53 -0500] "GET /?b=275446666 HTTP/1.1" 200 21078 "-" "Mozilla/5.0 (compatible; SemrushBot/7~bl; +http://www.semrush.com/bot.html)"
85.208.96.194 - - [25/Dec/2024:15:19:55 -0500] "GET /?b=170455166 HTTP/1.1" 200 21069 "-" "Mozilla/5.0 (compatible; SemrushBot/7~bl; +http://www.semrush.com/bot.html)"
185.191.171.19 - - [25/Dec/2024:15:20:02 -0500] "GET /?b=87582966 HTTP/1.1" 200 21067 "-" "Mozilla/5.0 (compatible; SemrushBot/7~bl; +http://www.semrush.com/bot.html)"
66.29.132.124 - - [25/Dec/2024:15:20:26 -0500] "POST /wp-cron.php?doing_wp_cron=1735158026.7145841121673583984375 HTTP/1.1" 200 0 "-" "WordPress/6.7.1; https://blog.diixadigital.com"
85.208.96.193 - - [25/Dec/2024:15:20:26 -0500] "GET /?b=136809266 HTTP/1.1" 200 21073 "-" "Mozilla/5.0 (compatible; SemrushBot/7~bl; +http://www.semrush.com/bot.html)"
185.191.171.17 - - [25/Dec/2024:15:20:44 -0500] "GET /?b=357298866 HTTP/1.1" 200 21067 "-" "Mozilla/5.0 (compatible; SemrushBot/7~bl; +http://www.semrush.com/bot.html)"
66.29.132.124 - - [25/Dec/2024:15:21:06 -0500] "POST /wp-cron.php?doing_wp_cron=1735158066.8559238910675048828125 HTTP/1.1" 200 0 "-" "WordPress/6.7.1; https://blog.diixadigital.com"
85.208.96.193 - - [25/Dec/2024:15:21:06 -0500] "GET /?b=65096166 HTTP/1.1" 200 21058 "-" "Mozilla/5.0 (compatible; SemrushBot/7~bl; +http://www.semrush.com/bot.html)"
66.29.132.124 - - [25/Dec/2024:15:21:07 -0500] "POST /wp-admin/admin-ajax.php?action=async_litespeed&nonce=299b0ba356&litespeed_type=imgoptm HTTP/1.1" 200 21 "-" "WordPress/6.7.1; https://blog.diixadigital.com"
85.208.96.194 - - [25/Dec/2024:15:21:08 -0500] "GET /?b=335668466 HTTP/1.1" 200 21072 "-" "Mozilla/5.0 (compatible; SemrushBot/7~bl; +http://www.semrush.com/bot.html)"
185.191.171.13 - - [25/Dec/2024:15:21:17 -0500] "GET /?b=32903666 HTTP/1.1" 200 21063 "-" "Mozilla/5.0 (compatible; SemrushBot/7~bl; +http://www.semrush.com/bot.html)"
40.77.167.56 - - [25/Dec/2024:15:21:20 -0500] "GET /hhjpi/i190214.html HTTP/1.1" 200 80189 "-" "Mozilla/5.0 AppleWebKit/537.36 (KHTML, like Gecko; compatible; bingbot/2.0; +http://www.bing.com/bingbot.htm) Chrome/116.0.1938.76 Safari/537.36"
40.77.167.56 - - [25/Dec/2024:15:21:23 -0500] "GET /uachw/g2762782.html HTTP/1.1" 200 79710 "-" "Mozilla/5.0 AppleWebKit/537.36 (KHTML, like Gecko; compatible; bingbot/2.0; +http://www.bing.com/bingbot.htm) Chrome/116.0.1938.76 Safari/537.36"
66.29.132.124 - - [25/Dec/2024:15:21:27 -0500] "POST /wp-cron.php?doing_wp_cron=1735158087.8578200340270996093750 HTTP/1.1" 200 0 "-" "WordPress/6.7.1; https://blog.diixadigital.com"
85.208.96.194 - - [25/Dec/2024:15:21:27 -0500] "GET /?b=28841066 HTTP/1.1" 200 21068 "-" "Mozilla/5.0 (compatible; SemrushBot/7~bl; +http://www.semrush.com/bot.html)"
185.191.171.15 - - [25/Dec/2024:15:21:31 -0500] "GET /?b=172609966 HTTP/1.1" 200 21075 "-" "Mozilla/5.0 (compatible; SemrushBot/7~bl; +http://www.semrush.com/bot.html)"
52.167.144.229 - - [25/Dec/2024:15:22:03 -0500] "GET /hunwr/v1021525.html HTTP/1.1" 200 80382 "-" "Mozilla/5.0 AppleWebKit/537.36 (KHTML, like Gecko; compatible; bingbot/2.0; +http://www.bing.com/bingbot.htm) Chrome/116.0.1938.76 Safari/537.36"
66.29.132.124 - - [25/Dec/2024:15:22:09 -0500] "POST /wp-cron.php?doing_wp_cron=1735158129.0018351078033447265625 HTTP/1.1" 200 0 "-" "WordPress/6.7.1; https://blog.diixadigital.com"
85.208.96.196 - - [25/Dec/2024:15:22:08 -0500] "GET /?b=120498566 HTTP/1.1" 200 21065 "-" "Mozilla/5.0 (compatible; SemrushBot/7~bl; +http://www.semrush.com/bot.html)"
66.29.132.124 - - [25/Dec/2024:15:22:09 -0500] "POST /wp-admin/admin-ajax.php?action=async_litespeed&nonce=299b0ba356&litespeed_type=imgoptm HTTP/1.1" 200 21 "-" "WordPress/6.7.1; https://blog.diixadigital.com"
185.191.171.18 - - [25/Dec/2024:15:22:15 -0500] "GET /?b=82018566 HTTP/1.1" 200 21077 "-" "Mozilla/5.0 (compatible; SemrushBot/7~bl; +http://www.semrush.com/bot.html)"
185.191.171.5 - - [25/Dec/2024:15:22:18 -0500] "GET /?b=261259466 HTTP/1.1" 200 21069 "-" "Mozilla/5.0 (compatible; SemrushBot/7~bl; +http://www.semrush.com/bot.html)"
52.167.144.17 - - [25/Dec/2024:15:22:19 -0500] "GET /lvvaw/n2125295.html HTTP/1.1" 200 80456 "-" "Mozilla/5.0 AppleWebKit/537.36 (KHTML, like Gecko; compatible; bingbot/2.0; +http://www.bing.com/bingbot.htm) Chrome/116.0.1938.76 Safari/537.36"
85.208.96.202 - - [25/Dec/2024:15:22:21 -0500] "GET /?b=238369766 HTTP/1.1" 200 21069 "-" "Mozilla/5.0 (compatible; SemrushBot/7~bl; +http://www.semrush.com/bot.html)"
52.167.144.17 - - [25/Dec/2024:15:22:21 -0500] "GET /hytmq/o2569896.html HTTP/1.1" 200 81412 "-" "Mozilla/5.0 AppleWebKit/537.36 (KHTML, like Gecko; compatible; bingbot/2.0; +http://www.bing.com/bingbot.htm) Chrome/116.0.1938.76 Safari/537.36"
66.29.132.124 - - [25/Dec/2024:15:22:25 -0500] "POST /wp-cron.php?doing_wp_cron=1735158145.7965009212493896484375 HTTP/1.1" 200 0 "-" "WordPress/6.7.1; https://blog.diixadigital.com"
85.208.96.202 - - [25/Dec/2024:15:22:25 -0500] "GET /?b=349704766 HTTP/1.1" 200 21072 "-" "Mozilla/5.0 (compatible; SemrushBot/7~bl; +http://www.semrush.com/bot.html)"
185.191.171.2 - - [25/Dec/2024:15:22:37 -0500] "GET /?b=87903266 HTTP/1.1" 200 21080 "-" "Mozilla/5.0 (compatible; SemrushBot/7~bl; +http://www.semrush.com/bot.html)"
52.167.144.213 - - [25/Dec/2024:15:23:16 -0500] "GET /sufdj/i2585542.html HTTP/1.1" 200 80335 "-" "Mozilla/5.0 AppleWebKit/537.36 (KHTML, like Gecko; compatible; bingbot/2.0; +http://www.bing.com/bingbot.htm) Chrome/116.0.1938.76 Safari/537.36"
66.29.132.124 - - [25/Dec/2024:15:23:20 -0500] "POST /wp-cron.php?doing_wp_cron=1735158200.0899980068206787109375 HTTP/1.1" 200 0 "-" "WordPress/6.7.1; https://blog.diixadigital.com"
85.208.96.197 - - [25/Dec/2024:15:23:19 -0500] "GET /?b=309429566 HTTP/1.1" 200 21056 "-" "Mozilla/5.0 (compatible; SemrushBot/7~bl; +http://www.semrush.com/bot.html)"
66.29.132.124 - - [25/Dec/2024:15:23:20 -0500] "POST /wp-admin/admin-ajax.php?action=async_litespeed&nonce=299b0ba356&litespeed_type=imgoptm HTTP/1.1" 200 21 "-" "WordPress/6.7.1; https://blog.diixadigital.com"
66.29.132.124 - - [25/Dec/2024:15:23:30 -0500] "POST /wp-cron.php?doing_wp_cron=1735158210.6399650573730468750000 HTTP/1.1" 200 0 "-" "WordPress/6.7.1; https://blog.diixadigital.com"
185.191.171.9 - - [25/Dec/2024:15:23:30 -0500] "GET /?b=311392466 HTTP/1.1" 200 21078 "-" "Mozilla/5.0 (compatible; SemrushBot/7~bl; +http://www.semrush.com/bot.html)"
66.29.132.124 - - [25/Dec/2024:15:23:50 -0500] "POST /wp-cron.php?doing_wp_cron=1735158230.0327250957489013671875 HTTP/1.1" 200 0 "-" "WordPress/6.7.1; https://blog.diixadigital.com"
85.208.96.202 - - [25/Dec/2024:15:23:49 -0500] "GET /?b=252740266 HTTP/1.1" 200 21062 "-" "Mozilla/5.0 (compatible; SemrushBot/7~bl; +http://www.semrush.com/bot.html)"
66.29.132.124 - - [25/Dec/2024:15:23:50 -0500] "POST /wp-admin/admin-ajax.php?action=async_litespeed&nonce=299b0ba356&litespeed_type=imgoptm HTTP/1.1" 200 21 "-" "WordPress/6.7.1; https://blog.diixadigital.com"
85.208.96.209 - - [25/Dec/2024:15:24:05 -0500] "GET /?b=155949766 HTTP/1.1" 200 21052 "-" "Mozilla/5.0 (compatible; SemrushBot/7~bl; +http://www.semrush.com/bot.html)"
185.191.171.6 - - [25/Dec/2024:15:24:12 -0500] "GET /?b=121533966 HTTP/1.1" 200 21064 "-" "Mozilla/5.0 (compatible; SemrushBot/7~bl; +http://www.semrush.com/bot.html)"
185.191.171.4 - - [25/Dec/2024:15:24:15 -0500] "GET /?b=251223866 HTTP/1.1" 200 21060 "-" "Mozilla/5.0 (compatible; SemrushBot/7~bl; +http://www.semrush.com/bot.html)"
40.77.167.56 - - [25/Dec/2024:15:24:21 -0500] "GET /didlb/f1668181.html HTTP/1.1" 200 81524 "-" "Mozilla/5.0 AppleWebKit/537.36 (KHTML, like Gecko; compatible; bingbot/2.0; +http://www.bing.com/bingbot.htm) Chrome/116.0.1938.76 Safari/537.36"
66.29.132.124 - - [25/Dec/2024:15:24:24 -0500] "POST /wp-cron.php?doing_wp_cron=1735158264.3622710704803466796875 HTTP/1.1" 200 0 "-" "WordPress/6.7.1; https://blog.diixadigital.com"
85.208.96.198 - - [25/Dec/2024:15:24:24 -0500] "GET /?b=107500166 HTTP/1.1" 200 21063 "-" "Mozilla/5.0 (compatible; SemrushBot/7~bl; +http://www.semrush.com/bot.html)"
185.191.171.15 - - [25/Dec/2024:15:24:27 -0500] "GET /?b=1099966 HTTP/1.1" 200 21064 "-" "Mozilla/5.0 (compatible; SemrushBot/7~bl; +http://www.semrush.com/bot.html)"
66.29.132.124 - - [25/Dec/2024:15:24:53 -0500] "POST /wp-cron.php?doing_wp_cron=1735158293.3380560874938964843750 HTTP/1.1" 200 0 "-" "WordPress/6.7.1; https://blog.diixadigital.com"
185.191.171.16 - - [25/Dec/2024:15:24:53 -0500] "GET /?b=190435266 HTTP/1.1" 200 21065 "-" "Mozilla/5.0 (compatible; SemrushBot/7~bl; +http://www.semrush.com/bot.html)"
66.29.132.124 - - [25/Dec/2024:15:24:53 -0500] "POST /wp-admin/admin-ajax.php?action=async_litespeed&nonce=299b0ba356&litespeed_type=imgoptm HTTP/1.1" 200 21 "-" "WordPress/6.7.1; https://blog.diixadigital.com"
185.191.171.16 - - [25/Dec/2024:15:24:56 -0500] "GET /?b=173966466 HTTP/1.1" 200 21055 "-" "Mozilla/5.0 (compatible; SemrushBot/7~bl; +http://www.semrush.com/bot.html)"
185.191.171.8 - - [25/Dec/2024:15:25:15 -0500] "GET /?b=174657966 HTTP/1.1" 200 21066 "-" "Mozilla/5.0 (compatible; SemrushBot/7~bl; +http://www.semrush.com/bot.html)"
185.191.171.15 - - [25/Dec/2024:15:25:19 -0500] "GET /?b=17971866 HTTP/1.1" 200 21072 "-" "Mozilla/5.0 (compatible; SemrushBot/7~bl; +http://www.semrush.com/bot.html)"
66.29.132.124 - - [25/Dec/2024:15:25:23 -0500] "POST /wp-cron.php?doing_wp_cron=1735158323.6199378967285156250000 HTTP/1.1" 200 0 "-" "WordPress/6.7.1; https://blog.diixadigital.com"
185.191.171.16 - - [25/Dec/2024:15:25:23 -0500] "GET /?b=7766066 HTTP/1.1" 200 21071 "-" "Mozilla/5.0 (compatible; SemrushBot/7~bl; +http://www.semrush.com/bot.html)"
40.77.167.56 - - [25/Dec/2024:15:25:22 -0500] "GET /dyqir/k1222572.html HTTP/1.1" 200 80636 "-" "Mozilla/5.0 AppleWebKit/537.36 (KHTML, like Gecko; compatible; bingbot/2.0; +http://www.bing.com/bingbot.htm) Chrome/116.0.1938.76 Safari/537.36"
40.77.167.56 - - [25/Dec/2024:15:25:24 -0500] "GET /ktdcu/n661885.html HTTP/1.1" 200 80788 "-" "Mozilla/5.0 AppleWebKit/537.36 (KHTML, like Gecko; compatible; bingbot/2.0; +http://www.bing.com/bingbot.htm) Chrome/116.0.1938.76 Safari/537.36"
185.191.171.11 - - [25/Dec/2024:15:25:38 -0500] "GET /?b=98906766 HTTP/1.1" 200 21070 "-" "Mozilla/5.0 (compatible; SemrushBot/7~bl; +http://www.semrush.com/bot.html)"
66.29.132.124 - - [25/Dec/2024:15:25:53 -0500] "POST /wp-cron.php?doing_wp_cron=1735158353.8337640762329101562500 HTTP/1.1" 200 0 "-" "WordPress/6.7.1; https://blog.diixadigital.com"
185.191.171.12 - - [25/Dec/2024:15:25:53 -0500] "GET /?b=157140066 HTTP/1.1" 200 21069 "-" "Mozilla/5.0 (compatible; SemrushBot/7~bl; +http://www.semrush.com/bot.html)"
66.29.132.124 - - [25/Dec/2024:15:25:54 -0500] "POST /wp-admin/admin-ajax.php?action=async_litespeed&nonce=299b0ba356&litespeed_type=imgoptm HTTP/1.1" 200 21 "-" "WordPress/6.7.1; https://blog.diixadigital.com"
185.191.171.16 - - [25/Dec/2024:15:26:18 -0500] "GET /?b=261609766 HTTP/1.1" 200 21068 "-" "Mozilla/5.0 (compatible; SemrushBot/7~bl; +http://www.semrush.com/bot.html)"
66.29.132.124 - - [25/Dec/2024:15:26:23 -0500] "POST /wp-cron.php?doing_wp_cron=1735158383.7822771072387695312500 HTTP/1.1" 200 0 "-" "WordPress/6.7.1; https://blog.diixadigital.com"
185.191.171.16 - - [25/Dec/2024:15:26:23 -0500] "GET /?b=106853666 HTTP/1.1" 200 21063 "-" "Mozilla/5.0 (compatible; SemrushBot/7~bl; +http://www.semrush.com/bot.html)"
185.191.171.14 - - [25/Dec/2024:15:26:33 -0500] "GET /?b=175979966 HTTP/1.1" 200 21060 "-" "Mozilla/5.0 (compatible; SemrushBot/7~bl; +http://www.semrush.com/bot.html)"
185.191.171.13 - - [25/Dec/2024:15:26:36 -0500] "GET /?b=336705766 HTTP/1.1" 200 21065 "-" "Mozilla/5.0 (compatible; SemrushBot/7~bl; +http://www.semrush.com/bot.html)"
85.208.96.207 - - [25/Dec/2024:15:26:39 -0500] "GET /?b=287971966 HTTP/1.1" 200 21074 "-" "Mozilla/5.0 (compatible; SemrushBot/7~bl; +http://www.semrush.com/bot.html)"
40.77.167.56 - - [25/Dec/2024:15:26:42 -0500] "GET /fjvow/g1230420.html HTTP/1.1" 200 82283 "-" "Mozilla/5.0 AppleWebKit/537.36 (KHTML, like Gecko; compatible; bingbot/2.0; +http://www.bing.com/bingbot.htm) Chrome/116.0.1938.76 Safari/537.36"
