66.29.132.124 - - [25/Dec/2024:19:01:07 -0500] "POST /wp-admin/admin-ajax.php?action=async_litespeed&nonce=8de31fc24c&litespeed_type=imgoptm HTTP/1.1" 200 21 "-" "WordPress/6.7.1; https://blog.diixadigital.com"
85.208.96.210 - - [25/Dec/2024:19:01:17 -0500] "GET /?b=310359966 HTTP/1.1" 200 21064 "-" "Mozilla/5.0 (compatible; SemrushBot/7~bl; +http://www.semrush.com/bot.html)"
66.29.132.124 - - [25/Dec/2024:19:01:35 -0500] "POST /wp-cron.php?doing_wp_cron=1735171295.9870190620422363281250 HTTP/1.1" 200 0 "-" "WordPress/6.7.1; https://blog.diixadigital.com"
85.208.96.210 - - [25/Dec/2024:19:01:35 -0500] "GET /?b=243050566 HTTP/1.1" 200 21062 "-" "Mozilla/5.0 (compatible; SemrushBot/7~bl; +http://www.semrush.com/bot.html)"
85.208.96.195 - - [25/Dec/2024:19:01:37 -0500] "GET /?b=355042066 HTTP/1.1" 200 21073 "-" "Mozilla/5.0 (compatible; SemrushBot/7~bl; +http://www.semrush.com/bot.html)"
52.167.144.196 - - [25/Dec/2024:19:01:40 -0500] "GET /lwfii/i193022.html HTTP/1.1" 200 79569 "-" "Mozilla/5.0 AppleWebKit/537.36 (KHTML, like Gecko; compatible; bingbot/2.0; +http://www.bing.com/bingbot.htm) Chrome/116.0.1938.76 Safari/537.36"
66.29.132.124 - - [25/Dec/2024:19:02:05 -0500] "POST /wp-cron.php?doing_wp_cron=1735171325.0700459480285644531250 HTTP/1.1" 200 0 "-" "WordPress/6.7.1; https://blog.diixadigital.com"
185.191.171.2 - - [25/Dec/2024:19:02:04 -0500] "GET /?b=56649066 HTTP/1.1" 200 21071 "-" "Mozilla/5.0 (compatible; SemrushBot/7~bl; +http://www.semrush.com/bot.html)"
66.29.132.124 - - [25/Dec/2024:19:02:05 -0500] "POST /wp-admin/admin-ajax.php?action=async_litespeed&nonce=8de31fc24c&litespeed_type=imgoptm HTTP/1.1" 200 21 "-" "WordPress/6.7.1; https://blog.diixadigital.com"
85.208.96.193 - - [25/Dec/2024:19:02:14 -0500] "GET /?b=338853566 HTTP/1.1" 200 21069 "-" "Mozilla/5.0 (compatible; SemrushBot/7~bl; +http://www.semrush.com/bot.html)"
40.77.167.20 - - [25/Dec/2024:19:02:15 -0500] "GET /causj/g1007808.html HTTP/1.1" 200 80169 "-" "Mozilla/5.0 AppleWebKit/537.36 (KHTML, like Gecko; compatible; bingbot/2.0; +http://www.bing.com/bingbot.htm) Chrome/116.0.1938.76 Safari/537.36"
185.191.171.3 - - [25/Dec/2024:19:02:19 -0500] "GET /?b=302798466 HTTP/1.1" 200 21064 "-" "Mozilla/5.0 (compatible; SemrushBot/7~bl; +http://www.semrush.com/bot.html)"
66.29.132.124 - - [25/Dec/2024:19:02:22 -0500] "POST /wp-cron.php?doing_wp_cron=1735171342.4713609218597412109375 HTTP/1.1" 200 0 "-" "WordPress/6.7.1; https://blog.diixadigital.com"
185.191.171.6 - - [25/Dec/2024:19:02:22 -0500] "GET /?b=294087666 HTTP/1.1" 200 21068 "-" "Mozilla/5.0 (compatible; SemrushBot/7~bl; +http://www.semrush.com/bot.html)"
85.208.96.197 - - [25/Dec/2024:19:02:24 -0500] "GET /?b=20424666 HTTP/1.1" 200 21059 "-" "Mozilla/5.0 (compatible; SemrushBot/7~bl; +http://www.semrush.com/bot.html)"
66.29.132.124 - - [25/Dec/2024:19:02:53 -0500] "POST /wp-cron.php?doing_wp_cron=1735171373.1810159683227539062500 HTTP/1.1" 200 0 "-" "WordPress/6.7.1; https://blog.diixadigital.com"
185.191.171.14 - - [25/Dec/2024:19:02:52 -0500] "GET /?b=132528666 HTTP/1.1" 200 21066 "-" "Mozilla/5.0 (compatible; SemrushBot/7~bl; +http://www.semrush.com/bot.html)"
66.29.132.124 - - [25/Dec/2024:19:02:53 -0500] "POST /wp-admin/admin-ajax.php?action=async_litespeed&nonce=8de31fc24c&litespeed_type=imgoptm HTTP/1.1" 200 21 "-" "WordPress/6.7.1; https://blog.diixadigital.com"
185.191.171.11 - - [25/Dec/2024:19:02:56 -0500] "GET /?b=101581066 HTTP/1.1" 200 21080 "-" "Mozilla/5.0 (compatible; SemrushBot/7~bl; +http://www.semrush.com/bot.html)"
185.191.171.16 - - [25/Dec/2024:19:03:16 -0500] "GET /?b=122378666 HTTP/1.1" 200 21064 "-" "Mozilla/5.0 (compatible; SemrushBot/7~bl; +http://www.semrush.com/bot.html)"
85.208.96.193 - - [25/Dec/2024:19:03:18 -0500] "GET /?b=344283566 HTTP/1.1" 200 21067 "-" "Mozilla/5.0 (compatible; SemrushBot/7~bl; +http://www.semrush.com/bot.html)"
185.191.171.16 - - [25/Dec/2024:19:03:20 -0500] "GET /?b=82027166 HTTP/1.1" 200 21064 "-" "Mozilla/5.0 (compatible; SemrushBot/7~bl; +http://www.semrush.com/bot.html)"
66.29.132.124 - - [25/Dec/2024:19:03:38 -0500] "POST /wp-cron.php?doing_wp_cron=1735171418.7050480842590332031250 HTTP/1.1" 200 0 "-" "WordPress/6.7.1; https://blog.diixadigital.com"
185.191.171.9 - - [25/Dec/2024:19:03:38 -0500] "GET /?b=89768366 HTTP/1.1" 200 21065 "-" "Mozilla/5.0 (compatible; SemrushBot/7~bl; +http://www.semrush.com/bot.html)"
66.29.132.124 - - [25/Dec/2024:19:03:55 -0500] "POST /wp-cron.php?doing_wp_cron=1735171435.0298180580139160156250 HTTP/1.1" 200 0 "-" "WordPress/6.7.1; https://blog.diixadigital.com"
185.191.171.16 - - [25/Dec/2024:19:03:54 -0500] "GET /?b=126818266 HTTP/1.1" 200 21071 "-" "Mozilla/5.0 (compatible; SemrushBot/7~bl; +http://www.semrush.com/bot.html)"
66.29.132.124 - - [25/Dec/2024:19:03:55 -0500] "POST /wp-admin/admin-ajax.php?action=async_litespeed&nonce=8de31fc24c&litespeed_type=imgoptm HTTP/1.1" 200 21 "-" "WordPress/6.7.1; https://blog.diixadigital.com"
85.208.96.199 - - [25/Dec/2024:19:04:04 -0500] "GET /?b=117710966 HTTP/1.1" 200 21070 "-" "Mozilla/5.0 (compatible; SemrushBot/7~bl; +http://www.semrush.com/bot.html)"
85.208.96.198 - - [25/Dec/2024:19:04:16 -0500] "GET /?b=256716866 HTTP/1.1" 200 21064 "-" "Mozilla/5.0 (compatible; SemrushBot/7~bl; +http://www.semrush.com/bot.html)"
66.29.132.124 - - [25/Dec/2024:19:04:37 -0500] "POST /wp-cron.php?doing_wp_cron=1735171477.5521080493927001953125 HTTP/1.1" 200 0 "-" "WordPress/6.7.1; https://blog.diixadigital.com"
185.191.171.9 - - [25/Dec/2024:19:04:37 -0500] "GET /?b=18872466 HTTP/1.1" 200 21073 "-" "Mozilla/5.0 (compatible; SemrushBot/7~bl; +http://www.semrush.com/bot.html)"
185.191.171.9 - - [25/Dec/2024:19:04:40 -0500] "GET /?b=178854566 HTTP/1.1" 200 21051 "-" "Mozilla/5.0 (compatible; SemrushBot/7~bl; +http://www.semrush.com/bot.html)"
66.29.132.124 - - [25/Dec/2024:19:05:14 -0500] "POST /wp-cron.php?doing_wp_cron=1735171514.8671400547027587890625 HTTP/1.1" 200 0 "-" "WordPress/6.7.1; https://blog.diixadigital.com"
185.191.171.15 - - [25/Dec/2024:19:05:14 -0500] "GET /?b=236025166 HTTP/1.1" 200 21074 "-" "Mozilla/5.0 (compatible; SemrushBot/7~bl; +http://www.semrush.com/bot.html)"
66.29.132.124 - - [25/Dec/2024:19:05:15 -0500] "POST /wp-admin/admin-ajax.php?action=async_litespeed&nonce=8de31fc24c&litespeed_type=imgoptm HTTP/1.1" 200 21 "-" "WordPress/6.7.1; https://blog.diixadigital.com"
40.77.167.20 - - [25/Dec/2024:19:05:18 -0500] "GET /mwyfg/k175058.html HTTP/1.1" 200 79476 "-" "Mozilla/5.0 AppleWebKit/537.36 (KHTML, like Gecko; compatible; bingbot/2.0; +http://www.bing.com/bingbot.htm) Chrome/116.0.1938.76 Safari/537.36"
66.29.132.124 - - [25/Dec/2024:19:05:29 -0500] "POST /wp-cron.php?doing_wp_cron=1735171529.6121869087219238281250 HTTP/1.1" 200 0 "-" "WordPress/6.7.1; https://blog.diixadigital.com"
85.208.96.197 - - [25/Dec/2024:19:05:29 -0500] "GET /?b=157192366 HTTP/1.1" 200 21064 "-" "Mozilla/5.0 (compatible; SemrushBot/7~bl; +http://www.semrush.com/bot.html)"
185.191.171.12 - - [25/Dec/2024:19:05:38 -0500] "GET /?b=338577566 HTTP/1.1" 200 21064 "-" "Mozilla/5.0 (compatible; SemrushBot/7~bl; +http://www.semrush.com/bot.html)"
185.191.171.5 - - [25/Dec/2024:19:05:41 -0500] "GET /?b=200788466 HTTP/1.1" 200 21060 "-" "Mozilla/5.0 (compatible; SemrushBot/7~bl; +http://www.semrush.com/bot.html)"
66.29.132.124 - - [25/Dec/2024:19:05:56 -0500] "POST /wp-cron.php?doing_wp_cron=1735171556.8940589427947998046875 HTTP/1.1" 200 0 "-" "WordPress/6.7.1; https://blog.diixadigital.com"
85.208.96.212 - - [25/Dec/2024:19:05:56 -0500] "GET /?b=324723966 HTTP/1.1" 200 21069 "-" "Mozilla/5.0 (compatible; SemrushBot/7~bl; +http://www.semrush.com/bot.html)"
66.29.132.124 - - [25/Dec/2024:19:05:57 -0500] "POST /wp-admin/admin-ajax.php?action=async_litespeed&nonce=8de31fc24c&litespeed_type=imgoptm HTTP/1.1" 200 21 "-" "WordPress/6.7.1; https://blog.diixadigital.com"
185.191.171.9 - - [25/Dec/2024:19:05:59 -0500] "GET /?b=3452866 HTTP/1.1" 200 21075 "-" "Mozilla/5.0 (compatible; SemrushBot/7~bl; +http://www.semrush.com/bot.html)"
52.167.144.145 - - [25/Dec/2024:19:05:59 -0500] "GET /gljti/y1385580.html HTTP/1.1" 200 79565 "-" "Mozilla/5.0 AppleWebKit/537.36 (KHTML, like Gecko; compatible; bingbot/2.0; +http://www.bing.com/bingbot.htm) Chrome/116.0.1938.76 Safari/537.36"
185.191.171.12 - - [25/Dec/2024:19:06:02 -0500] "GET /?b=206348266 HTTP/1.1" 200 21060 "-" "Mozilla/5.0 (compatible; SemrushBot/7~bl; +http://www.semrush.com/bot.html)"
85.208.96.196 - - [25/Dec/2024:19:06:05 -0500] "GET /?b=339774066 HTTP/1.1" 200 21064 "-" "Mozilla/5.0 (compatible; SemrushBot/7~bl; +http://www.semrush.com/bot.html)"
40.77.167.20 - - [25/Dec/2024:19:06:36 -0500] "GET /sktue/c593364.html HTTP/1.1" 200 83922 "-" "Mozilla/5.0 AppleWebKit/537.36 (KHTML, like Gecko; compatible; bingbot/2.0; +http://www.bing.com/bingbot.htm) Chrome/116.0.1938.76 Safari/537.36"
66.29.132.124 - - [25/Dec/2024:19:06:39 -0500] "POST /wp-cron.php?doing_wp_cron=1735171599.8893489837646484375000 HTTP/1.1" 200 0 "-" "WordPress/6.7.1; https://blog.diixadigital.com"
185.191.171.9 - - [25/Dec/2024:19:06:39 -0500] "GET /?b=85955166 HTTP/1.1" 200 21068 "-" "Mozilla/5.0 (compatible; SemrushBot/7~bl; +http://www.semrush.com/bot.html)"
40.77.167.20 - - [25/Dec/2024:19:06:54 -0500] "GET /sqfdc/a1838476.html HTTP/1.1" 200 81591 "-" "Mozilla/5.0 AppleWebKit/537.36 (KHTML, like Gecko; compatible; bingbot/2.0; +http://www.bing.com/bingbot.htm) Chrome/116.0.1938.76 Safari/537.36"
66.29.132.124 - - [25/Dec/2024:19:07:00 -0500] "POST /wp-cron.php?doing_wp_cron=1735171620.0786390304565429687500 HTTP/1.1" 200 0 "-" "WordPress/6.7.1; https://blog.diixadigital.com"
185.191.171.11 - - [25/Dec/2024:19:06:59 -0500] "GET /?b=139797966 HTTP/1.1" 200 21066 "-" "Mozilla/5.0 (compatible; SemrushBot/7~bl; +http://www.semrush.com/bot.html)"
66.29.132.124 - - [25/Dec/2024:19:07:00 -0500] "POST /wp-admin/admin-ajax.php?action=async_litespeed&nonce=8de31fc24c&litespeed_type=imgoptm HTTP/1.1" 200 21 "-" "WordPress/6.7.1; https://blog.diixadigital.com"
40.77.167.65 - - [25/Dec/2024:19:07:02 -0500] "GET /jibtb/g190316.html HTTP/1.1" 200 79566 "-" "Mozilla/5.0 AppleWebKit/537.36 (KHTML, like Gecko; compatible; bingbot/2.0; +http://www.bing.com/bingbot.htm) Chrome/116.0.1938.76 Safari/537.36"
85.208.96.210 - - [25/Dec/2024:19:07:15 -0500] "GET /?b=239400866 HTTP/1.1" 200 21078 "-" "Mozilla/5.0 (compatible; SemrushBot/7~bl; +http://www.semrush.com/bot.html)"
185.191.171.15 - - [25/Dec/2024:19:07:17 -0500] "GET /?b=349672066 HTTP/1.1" 200 21065 "-" "Mozilla/5.0 (compatible; SemrushBot/7~bl; +http://www.semrush.com/bot.html)"
85.208.96.206 - - [25/Dec/2024:19:07:20 -0500] "GET /?b=249750466 HTTP/1.1" 200 21068 "-" "Mozilla/5.0 (compatible; SemrushBot/7~bl; +http://www.semrush.com/bot.html)"
66.29.132.124 - - [25/Dec/2024:19:07:39 -0500] "POST /wp-cron.php?doing_wp_cron=1735171659.7738449573516845703125 HTTP/1.1" 200 0 "-" "WordPress/6.7.1; https://blog.diixadigital.com"
85.208.96.206 - - [25/Dec/2024:19:07:39 -0500] "GET /?b=7249166 HTTP/1.1" 200 21073 "-" "Mozilla/5.0 (compatible; SemrushBot/7~bl; +http://www.semrush.com/bot.html)"
185.191.171.12 - - [25/Dec/2024:19:07:44 -0500] "GET /?b=122844166 HTTP/1.1" 200 21069 "-" "Mozilla/5.0 (compatible; SemrushBot/7~bl; +http://www.semrush.com/bot.html)"
66.29.132.124 - - [25/Dec/2024:19:07:54 -0500] "POST /wp-cron.php?doing_wp_cron=1735171674.0291430950164794921875 HTTP/1.1" 200 0 "-" "WordPress/6.7.1; https://blog.diixadigital.com"
85.208.96.199 - - [25/Dec/2024:19:07:53 -0500] "GET /?b=352900666 HTTP/1.1" 200 21058 "-" "Mozilla/5.0 (compatible; SemrushBot/7~bl; +http://www.semrush.com/bot.html)"
66.29.132.124 - - [25/Dec/2024:19:07:54 -0500] "POST /wp-admin/admin-ajax.php?action=async_litespeed&nonce=8de31fc24c&litespeed_type=imgoptm HTTP/1.1" 200 21 "-" "WordPress/6.7.1; https://blog.diixadigital.com"
185.191.171.16 - - [25/Dec/2024:19:08:06 -0500] "GET /?b=44977666 HTTP/1.1" 200 21087 "-" "Mozilla/5.0 (compatible; SemrushBot/7~bl; +http://www.semrush.com/bot.html)"
185.191.171.10 - - [25/Dec/2024:19:08:12 -0500] "GET /?b=323233066 HTTP/1.1" 200 21063 "-" "Mozilla/5.0 (compatible; SemrushBot/7~bl; +http://www.semrush.com/bot.html)"
185.191.171.11 - - [25/Dec/2024:19:08:15 -0500] "GET /?b=266773966 HTTP/1.1" 200 21064 "-" "Mozilla/5.0 (compatible; SemrushBot/7~bl; +http://www.semrush.com/bot.html)"
66.29.132.124 - - [25/Dec/2024:19:08:41 -0500] "POST /wp-cron.php?doing_wp_cron=1735171721.3927791118621826171875 HTTP/1.1" 200 0 "-" "WordPress/6.7.1; https://blog.diixadigital.com"
185.191.171.9 - - [25/Dec/2024:19:08:40 -0500] "GET /?b=320436166 HTTP/1.1" 200 21067 "-" "Mozilla/5.0 (compatible; SemrushBot/7~bl; +http://www.semrush.com/bot.html)"
66.29.132.124 - - [25/Dec/2024:19:09:12 -0500] "POST /wp-cron.php?doing_wp_cron=1735171752.8436269760131835937500 HTTP/1.1" 200 0 "-" "WordPress/6.7.1; https://blog.diixadigital.com"
185.191.171.14 - - [25/Dec/2024:19:09:12 -0500] "GET /?b=233273966 HTTP/1.1" 200 21079 "-" "Mozilla/5.0 (compatible; SemrushBot/7~bl; +http://www.semrush.com/bot.html)"
66.29.132.124 - - [25/Dec/2024:19:09:13 -0500] "POST /wp-admin/admin-ajax.php?action=async_litespeed&nonce=8de31fc24c&litespeed_type=imgoptm HTTP/1.1" 200 21 "-" "WordPress/6.7.1; https://blog.diixadigital.com"
40.77.167.65 - - [25/Dec/2024:19:09:12 -0500] "GET /tdybw/b2388611.html HTTP/1.1" 200 79394 "-" "Mozilla/5.0 AppleWebKit/537.36 (KHTML, like Gecko; compatible; bingbot/2.0; +http://www.bing.com/bingbot.htm) Chrome/116.0.1938.76 Safari/537.36"
40.77.167.65 - - [25/Dec/2024:19:09:15 -0500] "GET /srpep/g1235100.html HTTP/1.1" 200 81860 "-" "Mozilla/5.0 AppleWebKit/537.36 (KHTML, like Gecko; compatible; bingbot/2.0; +http://www.bing.com/bingbot.htm) Chrome/116.0.1938.76 Safari/537.36"
40.77.167.65 - - [25/Dec/2024:19:09:41 -0500] "GET /qksly/i2627038.html HTTP/1.1" 200 79828 "-" "Mozilla/5.0 AppleWebKit/537.36 (KHTML, like Gecko; compatible; bingbot/2.0; +http://www.bing.com/bingbot.htm) Chrome/116.0.1938.76 Safari/537.36"
66.29.132.124 - - [25/Dec/2024:19:09:44 -0500] "POST /wp-cron.php?doing_wp_cron=1735171784.1547811031341552734375 HTTP/1.1" 200 0 "-" "WordPress/6.7.1; https://blog.diixadigital.com"
185.191.171.11 - - [25/Dec/2024:19:09:43 -0500] "GET /?b=291017866 HTTP/1.1" 200 21075 "-" "Mozilla/5.0 (compatible; SemrushBot/7~bl; +http://www.semrush.com/bot.html)"
66.29.132.124 - - [25/Dec/2024:19:09:53 -0500] "POST /wp-cron.php?doing_wp_cron=1735171793.5465149879455566406250 HTTP/1.1" 200 0 "-" "WordPress/6.7.1; https://blog.diixadigital.com"
185.191.171.11 - - [25/Dec/2024:19:09:53 -0500] "GET /?b=63448366 HTTP/1.1" 200 21061 "-" "Mozilla/5.0 (compatible; SemrushBot/7~bl; +http://www.semrush.com/bot.html)"
66.29.132.124 - - [25/Dec/2024:19:09:53 -0500] "POST /wp-admin/admin-ajax.php?action=async_litespeed&nonce=8de31fc24c&litespeed_type=imgoptm HTTP/1.1" 200 21 "-" "WordPress/6.7.1; https://blog.diixadigital.com"
185.191.171.3 - - [25/Dec/2024:19:09:57 -0500] "GET /?b=199005366 HTTP/1.1" 200 21081 "-" "Mozilla/5.0 (compatible; SemrushBot/7~bl; +http://www.semrush.com/bot.html)"
185.191.171.7 - - [25/Dec/2024:19:09:58 -0500] "GET /robots.txt HTTP/1.1" 200 139 "-" "Mozilla/5.0 (compatible; SemrushBot/7~bl; +http://www.semrush.com/bot.html)"
85.208.96.212 - - [25/Dec/2024:19:09:59 -0500] "GET /?b=145283466 HTTP/1.1" 200 21063 "-" "Mozilla/5.0 (compatible; SemrushBot/7~bl; +http://www.semrush.com/bot.html)"
185.191.171.5 - - [25/Dec/2024:19:10:19 -0500] "GET /?b=77930466 HTTP/1.1" 200 21065 "-" "Mozilla/5.0 (compatible; SemrushBot/7~bl; +http://www.semrush.com/bot.html)"
185.191.171.1 - - [25/Dec/2024:19:10:21 -0500] "GET /?b=281387966 HTTP/1.1" 200 21074 "-" "Mozilla/5.0 (compatible; SemrushBot/7~bl; +http://www.semrush.com/bot.html)"
66.29.132.124 - - [25/Dec/2024:19:10:24 -0500] "POST /wp-cron.php?doing_wp_cron=1735171824.9805619716644287109375 HTTP/1.1" 200 0 "-" "WordPress/6.7.1; https://blog.diixadigital.com"
185.191.171.15 - - [25/Dec/2024:19:10:24 -0500] "GET /?b=197724666 HTTP/1.1" 200 21061 "-" "Mozilla/5.0 (compatible; SemrushBot/7~bl; +http://www.semrush.com/bot.html)"
52.167.144.145 - - [25/Dec/2024:19:10:31 -0500] "GET /otdmy/o2616202.html HTTP/1.1" 200 79690 "-" "Mozilla/5.0 AppleWebKit/537.36 (KHTML, like Gecko; compatible; bingbot/2.0; +http://www.bing.com/bingbot.htm) Chrome/116.0.1938.76 Safari/537.36"
40.77.167.65 - - [25/Dec/2024:19:10:42 -0500] "GET /vboad/v1669289.html HTTP/1.1" 200 79625 "-" "Mozilla/5.0 AppleWebKit/537.36 (KHTML, like Gecko; compatible; bingbot/2.0; +http://www.bing.com/bingbot.htm) Chrome/116.0.1938.76 Safari/537.36"
66.29.132.124 - - [25/Dec/2024:19:10:54 -0500] "POST /wp-cron.php?doing_wp_cron=1735171854.9561510086059570312500 HTTP/1.1" 200 0 "-" "WordPress/6.7.1; https://blog.diixadigital.com"
85.208.96.209 - - [25/Dec/2024:19:10:54 -0500] "GET /?b=306296266 HTTP/1.1" 200 21056 "-" "Mozilla/5.0 (compatible; SemrushBot/7~bl; +http://www.semrush.com/bot.html)"
66.29.132.124 - - [25/Dec/2024:19:10:55 -0500] "POST /wp-admin/admin-ajax.php?action=async_litespeed&nonce=8de31fc24c&litespeed_type=imgoptm HTTP/1.1" 200 21 "-" "WordPress/6.7.1; https://blog.diixadigital.com"
185.191.171.15 - - [25/Dec/2024:19:10:57 -0500] "GET /?b=145222866 HTTP/1.1" 200 21063 "-" "Mozilla/5.0 (compatible; SemrushBot/7~bl; +http://www.semrush.com/bot.html)"
85.208.96.194 - - [25/Dec/2024:19:11:02 -0500] "GET /?b=101417466 HTTP/1.1" 200 21056 "-" "Mozilla/5.0 (compatible; SemrushBot/7~bl; +http://www.semrush.com/bot.html)"
185.191.171.4 - - [25/Dec/2024:19:11:20 -0500] "GET /?b=338064866 HTTP/1.1" 200 21074 "-" "Mozilla/5.0 (compatible; SemrushBot/7~bl; +http://www.semrush.com/bot.html)"
66.29.132.124 - - [25/Dec/2024:19:11:35 -0500] "POST /wp-cron.php?doing_wp_cron=1735171895.8654398918151855468750 HTTP/1.1" 200 0 "-" "WordPress/6.7.1; https://blog.diixadigital.com"
185.191.171.16 - - [25/Dec/2024:19:11:35 -0500] "GET /?b=318744866 HTTP/1.1" 200 21072 "-" "Mozilla/5.0 (compatible; SemrushBot/7~bl; +http://www.semrush.com/bot.html)"
85.208.96.208 - - [25/Dec/2024:19:11:46 -0500] "GET /?b=3685966 HTTP/1.1" 200 21068 "-" "Mozilla/5.0 (compatible; SemrushBot/7~bl; +http://www.semrush.com/bot.html)"
66.29.132.124 - - [25/Dec/2024:19:11:59 -0500] "POST /wp-cron.php?doing_wp_cron=1735171919.9487190246582031250000 HTTP/1.1" 200 0 "-" "WordPress/6.7.1; https://blog.diixadigital.com"
85.208.96.203 - - [25/Dec/2024:19:11:59 -0500] "GET /?b=182381866 HTTP/1.1" 200 21072 "-" "Mozilla/5.0 (compatible; SemrushBot/7~bl; +http://www.semrush.com/bot.html)"
66.29.132.124 - - [25/Dec/2024:19:12:00 -0500] "POST /wp-admin/admin-ajax.php?action=async_litespeed&nonce=8de31fc24c&litespeed_type=imgoptm HTTP/1.1" 200 21 "-" "WordPress/6.7.1; https://blog.diixadigital.com"
185.191.171.2 - - [25/Dec/2024:19:12:02 -0500] "GET /?b=217770466 HTTP/1.1" 200 21073 "-" "Mozilla/5.0 (compatible; SemrushBot/7~bl; +http://www.semrush.com/bot.html)"
66.29.132.124 - - [25/Dec/2024:19:12:24 -0500] "POST /wp-cron.php?doing_wp_cron=1735171944.8385789394378662109375 HTTP/1.1" 200 0 "-" "WordPress/6.7.1; https://blog.diixadigital.com"
185.191.171.11 - - [25/Dec/2024:19:12:24 -0500] "GET /?b=257320566 HTTP/1.1" 200 21073 "-" "Mozilla/5.0 (compatible; SemrushBot/7~bl; +http://www.semrush.com/bot.html)"
85.208.96.200 - - [25/Dec/2024:19:12:41 -0500] "GET /?b=6962066 HTTP/1.1" 200 21076 "-" "Mozilla/5.0 (compatible; SemrushBot/7~bl; +http://www.semrush.com/bot.html)"
185.191.171.6 - - [25/Dec/2024:19:12:45 -0500] "GET /?b=40992666 HTTP/1.1" 200 21066 "-" "Mozilla/5.0 (compatible; SemrushBot/7~bl; +http://www.semrush.com/bot.html)"
66.29.132.124 - - [25/Dec/2024:19:12:56 -0500] "POST /wp-cron.php?doing_wp_cron=1735171976.4099230766296386718750 HTTP/1.1" 200 0 "-" "WordPress/6.7.1; https://blog.diixadigital.com"
85.208.96.203 - - [25/Dec/2024:19:12:56 -0500] "GET /?b=46638866 HTTP/1.1" 200 21057 "-" "Mozilla/5.0 (compatible; SemrushBot/7~bl; +http://www.semrush.com/bot.html)"
66.29.132.124 - - [25/Dec/2024:19:12:56 -0500] "POST /wp-admin/admin-ajax.php?action=async_litespeed&nonce=8de31fc24c&litespeed_type=imgoptm HTTP/1.1" 200 21 "-" "WordPress/6.7.1; https://blog.diixadigital.com"
185.191.171.14 - - [25/Dec/2024:19:13:18 -0500] "GET /?b=90082066 HTTP/1.1" 200 21063 "-" "Mozilla/5.0 (compatible; SemrushBot/7~bl; +http://www.semrush.com/bot.html)"
66.29.132.124 - - [25/Dec/2024:19:13:39 -0500] "POST /wp-cron.php?doing_wp_cron=1735172019.9462709426879882812500 HTTP/1.1" 200 0 "-" "WordPress/6.7.1; https://blog.diixadigital.com"
185.191.171.15 - - [25/Dec/2024:19:13:39 -0500] "GET /?b=107205566 HTTP/1.1" 200 21057 "-" "Mozilla/5.0 (compatible; SemrushBot/7~bl; +http://www.semrush.com/bot.html)"
85.208.96.209 - - [25/Dec/2024:19:13:43 -0500] "GET /?b=185449166 HTTP/1.1" 200 21057 "-" "Mozilla/5.0 (compatible; SemrushBot/7~bl; +http://www.semrush.com/bot.html)"
66.29.132.124 - - [25/Dec/2024:19:13:57 -0500] "POST /wp-cron.php?doing_wp_cron=1735172037.0472300052642822265625 HTTP/1.1" 200 0 "-" "WordPress/6.7.1; https://blog.diixadigital.com"
185.191.171.14 - - [25/Dec/2024:19:13:56 -0500] "GET /?b=255487766 HTTP/1.1" 200 21075 "-" "Mozilla/5.0 (compatible; SemrushBot/7~bl; +http://www.semrush.com/bot.html)"
66.29.132.124 - - [25/Dec/2024:19:13:57 -0500] "POST /wp-admin/admin-ajax.php?action=async_litespeed&nonce=8de31fc24c&litespeed_type=imgoptm HTTP/1.1" 200 21 "-" "WordPress/6.7.1; https://blog.diixadigital.com"
85.208.96.209 - - [25/Dec/2024:19:14:07 -0500] "GET /?b=74383866 HTTP/1.1" 200 21062 "-" "Mozilla/5.0 (compatible; SemrushBot/7~bl; +http://www.semrush.com/bot.html)"
185.191.171.9 - - [25/Dec/2024:19:14:13 -0500] "GET /?b=273039666 HTTP/1.1" 200 21068 "-" "Mozilla/5.0 (compatible; SemrushBot/7~bl; +http://www.semrush.com/bot.html)"
85.208.96.196 - - [25/Dec/2024:19:14:21 -0500] "GET /?b=329893866 HTTP/1.1" 200 21048 "-" "Mozilla/5.0 (compatible; SemrushBot/7~bl; +http://www.semrush.com/bot.html)"
52.167.144.219 - - [25/Dec/2024:19:14:36 -0500] "GET /chemq/r2350537.html HTTP/1.1" 200 79673 "-" "Mozilla/5.0 AppleWebKit/537.36 (KHTML, like Gecko; compatible; bingbot/2.0; +http://www.bing.com/bingbot.htm) Chrome/116.0.1938.76 Safari/537.36"
66.29.132.124 - - [25/Dec/2024:19:14:38 -0500] "POST /wp-cron.php?doing_wp_cron=1735172078.6544070243835449218750 HTTP/1.1" 200 0 "-" "WordPress/6.7.1; https://blog.diixadigital.com"
85.208.96.194 - - [25/Dec/2024:19:14:38 -0500] "GET /?b=181874666 HTTP/1.1" 200 21071 "-" "Mozilla/5.0 (compatible; SemrushBot/7~bl; +http://www.semrush.com/bot.html)"
185.191.171.10 - - [25/Dec/2024:19:14:40 -0500] "GET /?b=52558366 HTTP/1.1" 200 21075 "-" "Mozilla/5.0 (compatible; SemrushBot/7~bl; +http://www.semrush.com/bot.html)"
66.29.132.124 - - [25/Dec/2024:19:14:55 -0500] "POST /wp-cron.php?doing_wp_cron=1735172095.3241119384765625000000 HTTP/1.1" 200 0 "-" "WordPress/6.7.1; https://blog.diixadigital.com"
185.191.171.5 - - [25/Dec/2024:19:14:55 -0500] "GET /?b=332899266 HTTP/1.1" 200 21066 "-" "Mozilla/5.0 (compatible; SemrushBot/7~bl; +http://www.semrush.com/bot.html)"
66.29.132.124 - - [25/Dec/2024:19:14:55 -0500] "POST /wp-admin/admin-ajax.php?action=async_litespeed&nonce=8de31fc24c&litespeed_type=imgoptm HTTP/1.1" 200 21 "-" "WordPress/6.7.1; https://blog.diixadigital.com"
185.191.171.10 - - [25/Dec/2024:19:15:04 -0500] "GET /?b=305634366 HTTP/1.1" 200 21066 "-" "Mozilla/5.0 (compatible; SemrushBot/7~bl; +http://www.semrush.com/bot.html)"
66.29.132.124 - - [25/Dec/2024:19:15:38 -0500] "POST /wp-cron.php?doing_wp_cron=1735172138.1983189582824707031250 HTTP/1.1" 200 0 "-" "WordPress/6.7.1; https://blog.diixadigital.com"
185.191.171.9 - - [25/Dec/2024:19:15:37 -0500] "GET /?b=129161266 HTTP/1.1" 200 21058 "-" "Mozilla/5.0 (compatible; SemrushBot/7~bl; +http://www.semrush.com/bot.html)"
40.77.167.14 - - [25/Dec/2024:19:15:43 -0500] "GET /bbyty/u529630.html HTTP/1.1" 200 80276 "-" "Mozilla/5.0 AppleWebKit/537.36 (KHTML, like Gecko; compatible; bingbot/2.0; +http://www.bing.com/bingbot.htm) Chrome/116.0.1938.76 Safari/537.36"
85.208.96.211 - - [25/Dec/2024:19:15:45 -0500] "GET /?b=279884966 HTTP/1.1" 200 21071 "-" "Mozilla/5.0 (compatible; SemrushBot/7~bl; +http://www.semrush.com/bot.html)"
66.29.132.124 - - [25/Dec/2024:19:15:54 -0500] "POST /wp-cron.php?doing_wp_cron=1735172154.0195930004119873046875 HTTP/1.1" 200 0 "-" "WordPress/6.7.1; https://blog.diixadigital.com"
85.208.96.211 - - [25/Dec/2024:19:15:53 -0500] "GET /?b=123577666 HTTP/1.1" 200 21076 "-" "Mozilla/5.0 (compatible; SemrushBot/7~bl; +http://www.semrush.com/bot.html)"
66.29.132.124 - - [25/Dec/2024:19:15:54 -0500] "POST /wp-admin/admin-ajax.php?action=async_litespeed&nonce=8de31fc24c&litespeed_type=imgoptm HTTP/1.1" 200 21 "-" "WordPress/6.7.1; https://blog.diixadigital.com"
185.191.171.5 - - [25/Dec/2024:19:15:59 -0500] "GET /?b=93047066 HTTP/1.1" 200 21079 "-" "Mozilla/5.0 (compatible; SemrushBot/7~bl; +http://www.semrush.com/bot.html)"
185.191.171.4 - - [25/Dec/2024:19:16:16 -0500] "GET /?b=128743666 HTTP/1.1" 200 21066 "-" "Mozilla/5.0 (compatible; SemrushBot/7~bl; +http://www.semrush.com/bot.html)"
66.29.132.124 - - [25/Dec/2024:19:16:45 -0500] "POST /wp-cron.php?doing_wp_cron=1735172205.5024499893188476562500 HTTP/1.1" 200 0 "-" "WordPress/6.7.1; https://blog.diixadigital.com"
185.191.171.10 - - [25/Dec/2024:19:16:45 -0500] "GET /?b=327397066 HTTP/1.1" 200 21068 "-" "Mozilla/5.0 (compatible; SemrushBot/7~bl; +http://www.semrush.com/bot.html)"
185.191.171.10 - - [25/Dec/2024:19:16:48 -0500] "GET /?b=275070666 HTTP/1.1" 200 21061 "-" "Mozilla/5.0 (compatible; SemrushBot/7~bl; +http://www.semrush.com/bot.html)"
66.29.132.124 - - [25/Dec/2024:19:16:51 -0500] "POST /wp-cron.php?doing_wp_cron=1735172211.3255209922790527343750 HTTP/1.1" 200 0 "-" "WordPress/6.7.1; https://blog.diixadigital.com"
185.191.171.10 - - [25/Dec/2024:19:16:51 -0500] "GET /?b=288152866 HTTP/1.1" 200 21075 "-" "Mozilla/5.0 (compatible; SemrushBot/7~bl; +http://www.semrush.com/bot.html)"
66.29.132.124 - - [25/Dec/2024:19:16:51 -0500] "POST /wp-admin/admin-ajax.php?action=async_litespeed&nonce=8de31fc24c&litespeed_type=imgoptm HTTP/1.1" 200 21 "-" "WordPress/6.7.1; https://blog.diixadigital.com"
85.208.96.212 - - [25/Dec/2024:19:16:53 -0500] "GET /?b=301326166 HTTP/1.1" 200 21072 "-" "Mozilla/5.0 (compatible; SemrushBot/7~bl; +http://www.semrush.com/bot.html)"
185.191.171.15 - - [25/Dec/2024:19:17:17 -0500] "GET /?b=130721266 HTTP/1.1" 200 21072 "-" "Mozilla/5.0 (compatible; SemrushBot/7~bl; +http://www.semrush.com/bot.html)"
40.77.167.14 - - [25/Dec/2024:19:17:34 -0500] "GET /kwmxe/d1266245.html HTTP/1.1" 200 80071 "-" "Mozilla/5.0 AppleWebKit/537.36 (KHTML, like Gecko; compatible; bingbot/2.0; +http://www.bing.com/bingbot.htm) Chrome/116.0.1938.76 Safari/537.36"
66.29.132.124 - - [25/Dec/2024:19:17:38 -0500] "POST /wp-cron.php?doing_wp_cron=1735172258.2871139049530029296875 HTTP/1.1" 200 0 "-" "WordPress/6.7.1; https://blog.diixadigital.com"
85.208.96.196 - - [25/Dec/2024:19:17:38 -0500] "GET /?b=63058066 HTTP/1.1" 200 21068 "-" "Mozilla/5.0 (compatible; SemrushBot/7~bl; +http://www.semrush.com/bot.html)"
185.191.171.17 - - [25/Dec/2024:19:17:43 -0500] "GET /?b=10334066 HTTP/1.1" 200 21069 "-" "Mozilla/5.0 (compatible; SemrushBot/7~bl; +http://www.semrush.com/bot.html)"
66.29.132.124 - - [25/Dec/2024:19:17:56 -0500] "POST /wp-cron.php?doing_wp_cron=1735172276.6677260398864746093750 HTTP/1.1" 200 0 "-" "WordPress/6.7.1; https://blog.diixadigital.com"
85.208.96.198 - - [25/Dec/2024:19:17:56 -0500] "GET /?b=221542766 HTTP/1.1" 200 21073 "-" "Mozilla/5.0 (compatible; SemrushBot/7~bl; +http://www.semrush.com/bot.html)"
66.29.132.124 - - [25/Dec/2024:19:17:56 -0500] "POST /wp-admin/admin-ajax.php?action=async_litespeed&nonce=8de31fc24c&litespeed_type=imgoptm HTTP/1.1" 200 21 "-" "WordPress/6.7.1; https://blog.diixadigital.com"
185.191.171.2 - - [25/Dec/2024:19:18:04 -0500] "GET /?b=268852566 HTTP/1.1" 200 21075 "-" "Mozilla/5.0 (compatible; SemrushBot/7~bl; +http://www.semrush.com/bot.html)"
52.167.144.219 - - [25/Dec/2024:19:18:07 -0500] "GET /ecpxh/b2393473.html HTTP/1.1" 200 79683 "-" "Mozilla/5.0 AppleWebKit/537.36 (KHTML, like Gecko; compatible; bingbot/2.0; +http://www.bing.com/bingbot.htm) Chrome/116.0.1938.76 Safari/537.36"
85.208.96.199 - - [25/Dec/2024:19:18:10 -0500] "GET /?b=94313466 HTTP/1.1" 200 21071 "-" "Mozilla/5.0 (compatible; SemrushBot/7~bl; +http://www.semrush.com/bot.html)"
40.77.167.14 - - [25/Dec/2024:19:18:12 -0500] "GET /whczl/z229205.html HTTP/1.1" 200 81105 "-" "Mozilla/5.0 AppleWebKit/537.36 (KHTML, like Gecko; compatible; bingbot/2.0; +http://www.bing.com/bingbot.htm) Chrome/116.0.1938.76 Safari/537.36"
185.191.171.12 - - [25/Dec/2024:19:18:17 -0500] "GET /?b=242285466 HTTP/1.1" 200 21071 "-" "Mozilla/5.0 (compatible; SemrushBot/7~bl; +http://www.semrush.com/bot.html)"
40.77.167.14 - - [25/Dec/2024:19:18:35 -0500] "GET /lffij/t1302219.html HTTP/1.1" 200 82274 "-" "Mozilla/5.0 AppleWebKit/537.36 (KHTML, like Gecko; compatible; bingbot/2.0; +http://www.bing.com/bingbot.htm) Chrome/116.0.1938.76 Safari/537.36"
40.77.167.14 - - [25/Dec/2024:19:18:36 -0500] "GET /mcwkp/a1953864.html HTTP/1.1" 200 79467 "-" "Mozilla/5.0 AppleWebKit/537.36 (KHTML, like Gecko; compatible; bingbot/2.0; +http://www.bing.com/bingbot.htm) Chrome/116.0.1938.76 Safari/537.36"
40.77.167.14 - - [25/Dec/2024:19:18:38 -0500] "GET /ivmvr/v2763031.html HTTP/1.1" 200 79422 "-" "Mozilla/5.0 AppleWebKit/537.36 (KHTML, like Gecko; compatible; bingbot/2.0; +http://www.bing.com/bingbot.htm) Chrome/116.0.1938.76 Safari/537.36"
66.29.132.124 - - [25/Dec/2024:19:18:58 -0500] "POST /wp-cron.php?doing_wp_cron=1735172338.8737189769744873046875 HTTP/1.1" 200 0 "-" "WordPress/6.7.1; https://blog.diixadigital.com"
185.191.171.10 - - [25/Dec/2024:19:18:58 -0500] "GET /?b=123360366 HTTP/1.1" 200 21070 "-" "Mozilla/5.0 (compatible; SemrushBot/7~bl; +http://www.semrush.com/bot.html)"
66.29.132.124 - - [25/Dec/2024:19:18:59 -0500] "POST /wp-admin/admin-ajax.php?action=async_litespeed&nonce=8de31fc24c&litespeed_type=imgoptm HTTP/1.1" 200 21 "-" "WordPress/6.7.1; https://blog.diixadigital.com"
85.208.96.205 - - [25/Dec/2024:19:19:01 -0500] "GET /?b=4557366 HTTP/1.1" 200 21075 "-" "Mozilla/5.0 (compatible; SemrushBot/7~bl; +http://www.semrush.com/bot.html)"
85.208.96.198 - - [25/Dec/2024:19:19:04 -0500] "GET /?b=96661066 HTTP/1.1" 200 21072 "-" "Mozilla/5.0 (compatible; SemrushBot/7~bl; +http://www.semrush.com/bot.html)"
85.208.96.211 - - [25/Dec/2024:19:19:09 -0500] "GET /?b=292677066 HTTP/1.1" 200 21069 "-" "Mozilla/5.0 (compatible; SemrushBot/7~bl; +http://www.semrush.com/bot.html)"
85.208.96.198 - - [25/Dec/2024:19:19:16 -0500] "GET /?b=198381566 HTTP/1.1" 200 21071 "-" "Mozilla/5.0 (compatible; SemrushBot/7~bl; +http://www.semrush.com/bot.html)"
40.77.167.25 - - [25/Dec/2024:19:19:21 -0500] "GET /nyarw/g2136754.html HTTP/1.1" 200 79609 "-" "Mozilla/5.0 AppleWebKit/537.36 (KHTML, like Gecko; compatible; bingbot/2.0; +http://www.bing.com/bingbot.htm) Chrome/116.0.1938.76 Safari/537.36"
66.29.132.124 - - [25/Dec/2024:19:19:23 -0500] "POST /wp-cron.php?doing_wp_cron=1735172363.1080319881439208984375 HTTP/1.1" 200 0 "-" "WordPress/6.7.1; https://blog.diixadigital.com"
185.191.171.10 - - [25/Dec/2024:19:19:22 -0500] "GET /?b=176145366 HTTP/1.1" 200 21067 "-" "Mozilla/5.0 (compatible; SemrushBot/7~bl; +http://www.semrush.com/bot.html)"
40.77.167.25 - - [25/Dec/2024:19:19:24 -0500] "GET /jaaym/w1421562.html HTTP/1.1" 200 81431 "-" "Mozilla/5.0 AppleWebKit/537.36 (KHTML, like Gecko; compatible; bingbot/2.0; +http://www.bing.com/bingbot.htm) Chrome/116.0.1938.76 Safari/537.36"
40.77.167.14 - - [25/Dec/2024:19:19:34 -0500] "GET /pharv/c2507198.html HTTP/1.1" 200 79803 "-" "Mozilla/5.0 AppleWebKit/537.36 (KHTML, like Gecko; compatible; bingbot/2.0; +http://www.bing.com/bingbot.htm) Chrome/116.0.1938.76 Safari/537.36"
85.208.96.199 - - [25/Dec/2024:19:19:42 -0500] "GET /?b=138890466 HTTP/1.1" 200 21062 "-" "Mozilla/5.0 (compatible; SemrushBot/7~bl; +http://www.semrush.com/bot.html)"
66.29.132.124 - - [25/Dec/2024:19:19:58 -0500] "POST /wp-cron.php?doing_wp_cron=1735172398.0812330245971679687500 HTTP/1.1" 200 0 "-" "WordPress/6.7.1; https://blog.diixadigital.com"
85.208.96.198 - - [25/Dec/2024:19:19:57 -0500] "GET /?b=157703466 HTTP/1.1" 200 21061 "-" "Mozilla/5.0 (compatible; SemrushBot/7~bl; +http://www.semrush.com/bot.html)"
66.29.132.124 - - [25/Dec/2024:19:19:58 -0500] "POST /wp-admin/admin-ajax.php?action=async_litespeed&nonce=8de31fc24c&litespeed_type=imgoptm HTTP/1.1" 200 21 "-" "WordPress/6.7.1; https://blog.diixadigital.com"
40.77.167.14 - - [25/Dec/2024:19:20:14 -0500] "GET /haena/h2045755.html HTTP/1.1" 200 81973 "-" "Mozilla/5.0 AppleWebKit/537.36 (KHTML, like Gecko; compatible; bingbot/2.0; +http://www.bing.com/bingbot.htm) Chrome/116.0.1938.76 Safari/537.36"
185.191.171.14 - - [25/Dec/2024:19:20:41 -0500] "GET /robots.txt HTTP/1.1" 200 139 "-" "Mozilla/5.0 (compatible; SemrushBot/7~bl; +http://www.semrush.com/bot.html)"
66.29.132.124 - - [25/Dec/2024:19:20:43 -0500] "POST /wp-cron.php?doing_wp_cron=1735172443.3277869224548339843750 HTTP/1.1" 200 0 "-" "WordPress/6.7.1; https://blog.diixadigital.com"
85.208.96.198 - - [25/Dec/2024:19:20:43 -0500] "GET /?b=61699666 HTTP/1.1" 200 21065 "-" "Mozilla/5.0 (compatible; SemrushBot/7~bl; +http://www.semrush.com/bot.html)"
85.208.96.209 - - [25/Dec/2024:19:20:45 -0500] "GET /?b=311630366 HTTP/1.1" 200 21066 "-" "Mozilla/5.0 (compatible; SemrushBot/7~bl; +http://www.semrush.com/bot.html)"
185.191.171.15 - - [25/Dec/2024:19:20:47 -0500] "GET /?b=190380666 HTTP/1.1" 200 21065 "-" "Mozilla/5.0 (compatible; SemrushBot/7~bl; +http://www.semrush.com/bot.html)"
66.29.132.124 - - [25/Dec/2024:19:21:03 -0500] "POST /wp-cron.php?doing_wp_cron=1735172463.5442891120910644531250 HTTP/1.1" 200 0 "-" "WordPress/6.7.1; https://blog.diixadigital.com"
85.208.96.205 - - [25/Dec/2024:19:21:03 -0500] "GET /?b=301327266 HTTP/1.1" 200 21068 "-" "Mozilla/5.0 (compatible; SemrushBot/7~bl; +http://www.semrush.com/bot.html)"
66.29.132.124 - - [25/Dec/2024:19:21:03 -0500] "POST /wp-admin/admin-ajax.php?action=async_litespeed&nonce=8de31fc24c&litespeed_type=imgoptm HTTP/1.1" 200 21 "-" "WordPress/6.7.1; https://blog.diixadigital.com"
85.208.96.210 - - [25/Dec/2024:19:21:17 -0500] "GET /?b=146473166 HTTP/1.1" 200 21058 "-" "Mozilla/5.0 (compatible; SemrushBot/7~bl; +http://www.semrush.com/bot.html)"
85.208.96.206 - - [25/Dec/2024:19:21:20 -0500] "GET /?b=144202666 HTTP/1.1" 200 21069 "-" "Mozilla/5.0 (compatible; SemrushBot/7~bl; +http://www.semrush.com/bot.html)"
66.29.132.124 - - [25/Dec/2024:19:21:39 -0500] "POST /wp-cron.php?doing_wp_cron=1735172499.7835350036621093750000 HTTP/1.1" 200 0 "-" "WordPress/6.7.1; https://blog.diixadigital.com"
185.191.171.9 - - [25/Dec/2024:19:21:39 -0500] "GET /?b=237446566 HTTP/1.1" 200 21054 "-" "Mozilla/5.0 (compatible; SemrushBot/7~bl; +http://www.semrush.com/bot.html)"
185.191.171.13 - - [25/Dec/2024:19:21:45 -0500] "GET /?b=153648666 HTTP/1.1" 200 21068 "-" "Mozilla/5.0 (compatible; SemrushBot/7~bl; +http://www.semrush.com/bot.html)"
66.29.132.124 - - [25/Dec/2024:19:22:03 -0500] "POST /wp-cron.php?doing_wp_cron=1735172523.9092080593109130859375 HTTP/1.1" 200 0 "-" "WordPress/6.7.1; https://blog.diixadigital.com"
185.191.171.16 - - [25/Dec/2024:19:22:03 -0500] "GET /?b=240449366 HTTP/1.1" 200 21068 "-" "Mozilla/5.0 (compatible; SemrushBot/7~bl; +http://www.semrush.com/bot.html)"
66.29.132.124 - - [25/Dec/2024:19:22:04 -0500] "POST /wp-admin/admin-ajax.php?action=async_litespeed&nonce=8de31fc24c&litespeed_type=imgoptm HTTP/1.1" 200 21 "-" "WordPress/6.7.1; https://blog.diixadigital.com"
66.29.132.124 - - [25/Dec/2024:19:22:24 -0500] "POST /wp-cron.php?doing_wp_cron=1735172544.4699530601501464843750 HTTP/1.1" 200 0 "-" "WordPress/6.7.1; https://blog.diixadigital.com"
185.191.171.10 - - [25/Dec/2024:19:22:24 -0500] "GET /?b=336632866 HTTP/1.1" 200 21062 "-" "Mozilla/5.0 (compatible; SemrushBot/7~bl; +http://www.semrush.com/bot.html)"
185.191.171.9 - - [25/Dec/2024:19:22:38 -0500] "GET /?b=221664466 HTTP/1.1" 200 21069 "-" "Mozilla/5.0 (compatible; SemrushBot/7~bl; +http://www.semrush.com/bot.html)"
85.208.96.206 - - [25/Dec/2024:19:22:46 -0500] "GET /?b=287455666 HTTP/1.1" 200 21060 "-" "Mozilla/5.0 (compatible; SemrushBot/7~bl; +http://www.semrush.com/bot.html)"
66.29.132.124 - - [25/Dec/2024:19:22:49 -0500] "POST /wp-cron.php?doing_wp_cron=1735172569.1288650035858154296875 HTTP/1.1" 200 0 "-" "WordPress/6.7.1; https://blog.diixadigital.com"
185.191.171.9 - - [25/Dec/2024:19:22:48 -0500] "GET /?b=178493866 HTTP/1.1" 200 21071 "-" "Mozilla/5.0 (compatible; SemrushBot/7~bl; +http://www.semrush.com/bot.html)"
66.29.132.124 - - [25/Dec/2024:19:22:49 -0500] "POST /wp-admin/admin-ajax.php?action=async_litespeed&nonce=8de31fc24c&litespeed_type=imgoptm HTTP/1.1" 200 21 "-" "WordPress/6.7.1; https://blog.diixadigital.com"
185.191.171.13 - - [25/Dec/2024:19:22:52 -0500] "GET /?b=212825066 HTTP/1.1" 200 21075 "-" "Mozilla/5.0 (compatible; SemrushBot/7~bl; +http://www.semrush.com/bot.html)"
185.191.171.4 - - [25/Dec/2024:19:23:04 -0500] "GET /?b=323488466 HTTP/1.1" 200 21070 "-" "Mozilla/5.0 (compatible; SemrushBot/7~bl; +http://www.semrush.com/bot.html)"
85.208.96.195 - - [25/Dec/2024:19:23:16 -0500] "GET /?b=344698366 HTTP/1.1" 200 21069 "-" "Mozilla/5.0 (compatible; SemrushBot/7~bl; +http://www.semrush.com/bot.html)"
66.29.132.124 - - [25/Dec/2024:19:23:25 -0500] "POST /wp-cron.php?doing_wp_cron=1735172605.9096970558166503906250 HTTP/1.1" 200 0 "-" "WordPress/6.7.1; https://blog.diixadigital.com"
185.191.171.5 - - [25/Dec/2024:19:23:25 -0500] "GET /?b=35932566 HTTP/1.1" 200 21064 "-" "Mozilla/5.0 (compatible; SemrushBot/7~bl; +http://www.semrush.com/bot.html)"
85.208.96.209 - - [25/Dec/2024:19:23:39 -0500] "GET /?b=146791866 HTTP/1.1" 200 21072 "-" "Mozilla/5.0 (compatible; SemrushBot/7~bl; +http://www.semrush.com/bot.html)"
66.29.132.124 - - [25/Dec/2024:19:24:03 -0500] "POST /wp-cron.php?doing_wp_cron=1735172643.7680699825286865234375 HTTP/1.1" 200 0 "-" "WordPress/6.7.1; https://blog.diixadigital.com"
185.191.171.5 - - [25/Dec/2024:19:24:03 -0500] "GET /?b=285283666 HTTP/1.1" 200 21066 "-" "Mozilla/5.0 (compatible; SemrushBot/7~bl; +http://www.semrush.com/bot.html)"
66.29.132.124 - - [25/Dec/2024:19:24:04 -0500] "POST /wp-admin/admin-ajax.php?action=async_litespeed&nonce=8de31fc24c&litespeed_type=imgoptm HTTP/1.1" 200 21 "-" "WordPress/6.7.1; https://blog.diixadigital.com"
185.191.171.3 - - [25/Dec/2024:19:24:17 -0500] "GET /?b=204791666 HTTP/1.1" 200 21067 "-" "Mozilla/5.0 (compatible; SemrushBot/7~bl; +http://www.semrush.com/bot.html)"
66.29.132.124 - - [25/Dec/2024:19:24:39 -0500] "POST /wp-cron.php?doing_wp_cron=1735172679.4082660675048828125000 HTTP/1.1" 200 0 "-" "WordPress/6.7.1; https://blog.diixadigital.com"
85.208.96.198 - - [25/Dec/2024:19:24:39 -0500] "GET /?b=134421366 HTTP/1.1" 200 21062 "-" "Mozilla/5.0 (compatible; SemrushBot/7~bl; +http://www.semrush.com/bot.html)"
185.191.171.1 - - [25/Dec/2024:19:24:46 -0500] "GET /?b=183075366 HTTP/1.1" 200 21062 "-" "Mozilla/5.0 (compatible; SemrushBot/7~bl; +http://www.semrush.com/bot.html)"
66.29.132.124 - - [25/Dec/2024:19:24:56 -0500] "POST /wp-cron.php?doing_wp_cron=1735172696.6057729721069335937500 HTTP/1.1" 200 0 "-" "WordPress/6.7.1; https://blog.diixadigital.com"
185.191.171.2 - - [25/Dec/2024:19:24:56 -0500] "GET /?b=350273366 HTTP/1.1" 200 21069 "-" "Mozilla/5.0 (compatible; SemrushBot/7~bl; +http://www.semrush.com/bot.html)"
66.29.132.124 - - [25/Dec/2024:19:24:56 -0500] "POST /wp-admin/admin-ajax.php?action=async_litespeed&nonce=8de31fc24c&litespeed_type=imgoptm HTTP/1.1" 200 21 "-" "WordPress/6.7.1; https://blog.diixadigital.com"
66.29.132.124 - - [25/Dec/2024:19:25:23 -0500] "POST /wp-cron.php?doing_wp_cron=1735172723.4073901176452636718750 HTTP/1.1" 200 0 "-" "WordPress/6.7.1; https://blog.diixadigital.com"
185.191.171.12 - - [25/Dec/2024:19:25:23 -0500] "GET /?b=216974766 HTTP/1.1" 200 21075 "-" "Mozilla/5.0 (compatible; SemrushBot/7~bl; +http://www.semrush.com/bot.html)"
185.191.171.7 - - [25/Dec/2024:19:25:26 -0500] "GET /?b=355891366 HTTP/1.1" 200 21068 "-" "Mozilla/5.0 (compatible; SemrushBot/7~bl; +http://www.semrush.com/bot.html)"
85.208.96.204 - - [25/Dec/2024:19:25:38 -0500] "GET /?b=315104966 HTTP/1.1" 200 21068 "-" "Mozilla/5.0 (compatible; SemrushBot/7~bl; +http://www.semrush.com/bot.html)"
185.191.171.11 - - [25/Dec/2024:19:25:43 -0500] "GET /?b=270642166 HTTP/1.1" 200 21079 "-" "Mozilla/5.0 (compatible; SemrushBot/7~bl; +http://www.semrush.com/bot.html)"
66.29.132.124 - - [25/Dec/2024:19:26:01 -0500] "POST /wp-cron.php?doing_wp_cron=1735172761.2138950824737548828125 HTTP/1.1" 200 0 "-" "WordPress/6.7.1; https://blog.diixadigital.com"
185.191.171.14 - - [25/Dec/2024:19:26:00 -0500] "GET /?b=273824866 HTTP/1.1" 200 21070 "-" "Mozilla/5.0 (compatible; SemrushBot/7~bl; +http://www.semrush.com/bot.html)"
66.29.132.124 - - [25/Dec/2024:19:26:01 -0500] "POST /wp-admin/admin-ajax.php?action=async_litespeed&nonce=8de31fc24c&litespeed_type=imgoptm HTTP/1.1" 200 21 "-" "WordPress/6.7.1; https://blog.diixadigital.com"
85.208.96.209 - - [25/Dec/2024:19:26:05 -0500] "GET /?b=15728666 HTTP/1.1" 200 21054 "-" "Mozilla/5.0 (compatible; SemrushBot/7~bl; +http://www.semrush.com/bot.html)"
85.208.96.205 - - [25/Dec/2024:19:26:07 -0500] "GET /?b=208848266 HTTP/1.1" 200 21066 "-" "Mozilla/5.0 (compatible; SemrushBot/7~bl; +http://www.semrush.com/bot.html)"
185.191.171.14 - - [25/Dec/2024:19:26:21 -0500] "GET /?b=287202066 HTTP/1.1" 200 21069 "-" "Mozilla/5.0 (compatible; SemrushBot/7~bl; +http://www.semrush.com/bot.html)"
66.29.132.124 - - [25/Dec/2024:19:26:25 -0500] "POST /wp-cron.php?doing_wp_cron=1735172785.2295439243316650390625 HTTP/1.1" 200 0 "-" "WordPress/6.7.1; https://blog.diixadigital.com"
185.191.171.3 - - [25/Dec/2024:19:26:24 -0500] "GET /?b=230736666 HTTP/1.1" 200 21071 "-" "Mozilla/5.0 (compatible; SemrushBot/7~bl; +http://www.semrush.com/bot.html)"
185.191.171.5 - - [25/Dec/2024:19:26:27 -0500] "GET /?b=144510766 HTTP/1.1" 200 21072 "-" "Mozilla/5.0 (compatible; SemrushBot/7~bl; +http://www.semrush.com/bot.html)"
66.29.132.124 - - [25/Dec/2024:19:27:00 -0500] "POST /wp-cron.php?doing_wp_cron=1735172820.6226611137390136718750 HTTP/1.1" 200 0 "-" "WordPress/6.7.1; https://blog.diixadigital.com"
185.191.171.11 - - [25/Dec/2024:19:27:00 -0500] "GET /?b=277834566 HTTP/1.1" 200 21065 "-" "Mozilla/5.0 (compatible; SemrushBot/7~bl; +http://www.semrush.com/bot.html)"
66.29.132.124 - - [25/Dec/2024:19:27:00 -0500] "POST /wp-admin/admin-ajax.php?action=async_litespeed&nonce=8de31fc24c&litespeed_type=imgoptm HTTP/1.1" 200 21 "-" "WordPress/6.7.1; https://blog.diixadigital.com"
185.191.171.14 - - [25/Dec/2024:19:27:08 -0500] "GET /?b=337552966 HTTP/1.1" 200 21062 "-" "Mozilla/5.0 (compatible; SemrushBot/7~bl; +http://www.semrush.com/bot.html)"
66.29.132.124 - - [25/Dec/2024:19:27:34 -0500] "POST /wp-cron.php?doing_wp_cron=1735172854.7682158946990966796875 HTTP/1.1" 200 0 "-" "WordPress/6.7.1; https://blog.diixadigital.com"
85.208.96.203 - - [25/Dec/2024:19:27:34 -0500] "GET /?b=211885066 HTTP/1.1" 200 21068 "-" "Mozilla/5.0 (compatible; SemrushBot/7~bl; +http://www.semrush.com/bot.html)"
85.208.96.211 - - [25/Dec/2024:19:27:36 -0500] "GET /?b=289760966 HTTP/1.1" 200 21066 "-" "Mozilla/5.0 (compatible; SemrushBot/7~bl; +http://www.semrush.com/bot.html)"
185.191.171.10 - - [25/Dec/2024:19:27:40 -0500] "GET /?b=92183966 HTTP/1.1" 200 21068 "-" "Mozilla/5.0 (compatible; SemrushBot/7~bl; +http://www.semrush.com/bot.html)"
66.29.132.124 - - [25/Dec/2024:19:27:53 -0500] "POST /wp-cron.php?doing_wp_cron=1735172873.1111230850219726562500 HTTP/1.1" 200 0 "-" "WordPress/6.7.1; https://blog.diixadigital.com"
85.208.96.205 - - [25/Dec/2024:19:27:52 -0500] "GET /?b=295242366 HTTP/1.1" 200 21064 "-" "Mozilla/5.0 (compatible; SemrushBot/7~bl; +http://www.semrush.com/bot.html)"
66.29.132.124 - - [25/Dec/2024:19:27:53 -0500] "POST /wp-admin/admin-ajax.php?action=async_litespeed&nonce=8de31fc24c&litespeed_type=imgoptm HTTP/1.1" 200 21 "-" "WordPress/6.7.1; https://blog.diixadigital.com"
185.191.171.4 - - [25/Dec/2024:19:28:08 -0500] "GET /?b=160223366 HTTP/1.1" 200 21074 "-" "Mozilla/5.0 (compatible; SemrushBot/7~bl; +http://www.semrush.com/bot.html)"
66.29.132.124 - - [25/Dec/2024:19:28:37 -0500] "POST /wp-cron.php?doing_wp_cron=1735172917.7783730030059814453125 HTTP/1.1" 200 0 "-" "WordPress/6.7.1; https://blog.diixadigital.com"
85.208.96.207 - - [25/Dec/2024:19:28:37 -0500] "GET /?b=79210866 HTTP/1.1" 200 21062 "-" "Mozilla/5.0 (compatible; SemrushBot/7~bl; +http://www.semrush.com/bot.html)"
66.29.132.124 - - [25/Dec/2024:19:28:56 -0500] "POST /wp-cron.php?doing_wp_cron=1735172936.6669619083404541015625 HTTP/1.1" 200 0 "-" "WordPress/6.7.1; https://blog.diixadigital.com"
85.208.96.209 - - [25/Dec/2024:19:28:56 -0500] "GET /?b=51006466 HTTP/1.1" 200 21072 "-" "Mozilla/5.0 (compatible; SemrushBot/7~bl; +http://www.semrush.com/bot.html)"
66.29.132.124 - - [25/Dec/2024:19:28:56 -0500] "POST /wp-admin/admin-ajax.php?action=async_litespeed&nonce=8de31fc24c&litespeed_type=imgoptm HTTP/1.1" 200 21 "-" "WordPress/6.7.1; https://blog.diixadigital.com"
185.191.171.14 - - [25/Dec/2024:19:29:19 -0500] "GET /?b=296601466 HTTP/1.1" 200 21053 "-" "Mozilla/5.0 (compatible; SemrushBot/7~bl; +http://www.semrush.com/bot.html)"
66.29.132.124 - - [25/Dec/2024:19:29:24 -0500] "POST /wp-cron.php?doing_wp_cron=1735172964.1996810436248779296875 HTTP/1.1" 200 0 "-" "WordPress/6.7.1; https://blog.diixadigital.com"
185.191.171.13 - - [25/Dec/2024:19:29:24 -0500] "GET /?b=286784066 HTTP/1.1" 200 21068 "-" "Mozilla/5.0 (compatible; SemrushBot/7~bl; +http://www.semrush.com/bot.html)"
185.191.171.16 - - [25/Dec/2024:19:29:27 -0500] "GET /?b=265261866 HTTP/1.1" 200 21063 "-" "Mozilla/5.0 (compatible; SemrushBot/7~bl; +http://www.semrush.com/bot.html)"
66.29.132.124 - - [25/Dec/2024:19:29:53 -0500] "POST /wp-cron.php?doing_wp_cron=1735172993.0486350059509277343750 HTTP/1.1" 200 0 "-" "WordPress/6.7.1; https://blog.diixadigital.com"
85.208.96.196 - - [25/Dec/2024:19:29:52 -0500] "GET /?b=60707566 HTTP/1.1" 200 21074 "-" "Mozilla/5.0 (compatible; SemrushBot/7~bl; +http://www.semrush.com/bot.html)"
66.29.132.124 - - [25/Dec/2024:19:29:53 -0500] "POST /wp-admin/admin-ajax.php?action=async_litespeed&nonce=8de31fc24c&litespeed_type=imgoptm HTTP/1.1" 200 21 "-" "WordPress/6.7.1; https://blog.diixadigital.com"
185.191.171.2 - - [25/Dec/2024:19:29:55 -0500] "GET /?b=342636266 HTTP/1.1" 200 21081 "-" "Mozilla/5.0 (compatible; SemrushBot/7~bl; +http://www.semrush.com/bot.html)"
185.191.171.11 - - [25/Dec/2024:19:30:04 -0500] "GET /?b=157858766 HTTP/1.1" 200 21067 "-" "Mozilla/5.0 (compatible; SemrushBot/7~bl; +http://www.semrush.com/bot.html)"
185.191.171.11 - - [25/Dec/2024:19:30:10 -0500] "GET /?b=50341066 HTTP/1.1" 200 21056 "-" "Mozilla/5.0 (compatible; SemrushBot/7~bl; +http://www.semrush.com/bot.html)"
85.208.96.202 - - [25/Dec/2024:19:30:15 -0500] "GET /?b=356887166 HTTP/1.1" 200 21060 "-" "Mozilla/5.0 (compatible; SemrushBot/7~bl; +http://www.semrush.com/bot.html)"
66.29.132.124 - - [25/Dec/2024:19:30:27 -0500] "POST /wp-cron.php?doing_wp_cron=1735173027.6516580581665039062500 HTTP/1.1" 200 0 "-" "WordPress/6.7.1; https://blog.diixadigital.com"
85.208.96.207 - - [25/Dec/2024:19:30:27 -0500] "GET /?b=11558266 HTTP/1.1" 200 21066 "-" "Mozilla/5.0 (compatible; SemrushBot/7~bl; +http://www.semrush.com/bot.html)"
185.191.171.10 - - [25/Dec/2024:19:30:30 -0500] "GET /?b=331956066 HTTP/1.1" 200 21061 "-" "Mozilla/5.0 (compatible; SemrushBot/7~bl; +http://www.semrush.com/bot.html)"
85.208.96.200 - - [25/Dec/2024:19:30:51 -0500] "GET /robots.txt HTTP/1.1" 200 139 "-" "Mozilla/5.0 (compatible; SemrushBot/7~bl; +http://www.semrush.com/bot.html)"
66.29.132.124 - - [25/Dec/2024:19:30:52 -0500] "POST /wp-cron.php?doing_wp_cron=1735173052.1898748874664306640625 HTTP/1.1" 200 0 "-" "WordPress/6.7.1; https://blog.diixadigital.com"
85.208.96.207 - - [25/Dec/2024:19:30:51 -0500] "GET /?b=138629366 HTTP/1.1" 200 21063 "-" "Mozilla/5.0 (compatible; SemrushBot/7~bl; +http://www.semrush.com/bot.html)"
66.29.132.124 - - [25/Dec/2024:19:30:52 -0500] "POST /wp-admin/admin-ajax.php?action=async_litespeed&nonce=8de31fc24c&litespeed_type=imgoptm HTTP/1.1" 200 21 "-" "WordPress/6.7.1; https://blog.diixadigital.com"
185.191.171.12 - - [25/Dec/2024:19:31:09 -0500] "GET /?b=221538666 HTTP/1.1" 200 21063 "-" "Mozilla/5.0 (compatible; SemrushBot/7~bl; +http://www.semrush.com/bot.html)"
66.29.132.124 - - [25/Dec/2024:19:31:31 -0500] "POST /wp-cron.php?doing_wp_cron=1735173091.2069470882415771484375 HTTP/1.1" 200 0 "-" "WordPress/6.7.1; https://blog.diixadigital.com"
185.191.171.2 - - [25/Dec/2024:19:31:30 -0500] "GET /?b=214029966 HTTP/1.1" 200 21080 "-" "Mozilla/5.0 (compatible; SemrushBot/7~bl; +http://www.semrush.com/bot.html)"
85.208.96.211 - - [25/Dec/2024:19:31:37 -0500] "GET /?b=314631966 HTTP/1.1" 200 21072 "-" "Mozilla/5.0 (compatible; SemrushBot/7~bl; +http://www.semrush.com/bot.html)"
185.191.171.14 - - [25/Dec/2024:19:31:41 -0500] "GET /?b=70862466 HTTP/1.1" 200 21067 "-" "Mozilla/5.0 (compatible; SemrushBot/7~bl; +http://www.semrush.com/bot.html)"
185.191.171.14 - - [25/Dec/2024:19:31:44 -0500] "GET /?b=115737266 HTTP/1.1" 200 21076 "-" "Mozilla/5.0 (compatible; SemrushBot/7~bl; +http://www.semrush.com/bot.html)"
66.29.132.124 - - [25/Dec/2024:19:32:03 -0500] "POST /wp-cron.php?doing_wp_cron=1735173123.2320680618286132812500 HTTP/1.1" 200 0 "-" "WordPress/6.7.1; https://blog.diixadigital.com"
185.191.171.15 - - [25/Dec/2024:19:32:02 -0500] "GET /?b=11983766 HTTP/1.1" 200 21076 "-" "Mozilla/5.0 (compatible; SemrushBot/7~bl; +http://www.semrush.com/bot.html)"
66.29.132.124 - - [25/Dec/2024:19:32:03 -0500] "POST /wp-admin/admin-ajax.php?action=async_litespeed&nonce=8de31fc24c&litespeed_type=imgoptm HTTP/1.1" 200 21 "-" "WordPress/6.7.1; https://blog.diixadigital.com"
