18.119.115.40 - - [15/Jan/2025:20:50:18 -0500] "GET /public/index.php/login?lokasie=%2Fproc%2Fthread-self%2Froot%2Flib%2Fnode_modules%2Fnpm%2Fman%2Fman3%2Fidna_to_unicode_44i.3.gz&loknya=%2Fproc%2Fthread-self%2Froot%2Flib%2Fnode_modules%2Fnpm%2Fman%2Fman3 HTTP/1.1" 200 1817 "-" "Mozilla/5.0 AppleWebKit/537.36 (KHTML, like Gecko; compatible; ClaudeBot/1.0; +claudebot@anthropic.com)"
3.139.235.59 - - [15/Jan/2025:20:50:18 -0500] "GET /public/index.php/login?lokasie=%2Fproc%2Fthread-self%2Froot%2Flib%2Fnode_modules%2Fnpm%2Fman%2Fman3%2FX509_STORE_set_cleanup.3ssl.gz&loknya=%2Fproc%2Fthread-self%2Froot%2Flib%2Fnode_modules%2Fnpm%2Fman%2Fman3 HTTP/1.1" 200 1823 "-" "Mozilla/5.0 AppleWebKit/537.36 (KHTML, like Gecko; compatible; ClaudeBot/1.0; +claudebot@anthropic.com)"
3.139.86.74 - - [15/Jan/2025:20:50:19 -0500] "GET /public/index.php/login?lokasie=%2Fproc%2Fthread-self%2Froot%2Flib%2Fnode_modules%2Fnpm%2Fman%2Fman3%2FHMAC_CTX_get_md.3ssl.gz&loknya=%2Fproc%2Fthread-self%2Froot%2Flib%2Fnode_modules%2Fnpm%2Fman%2Fman3 HTTP/1.1" 200 1823 "-" "Mozilla/5.0 AppleWebKit/537.36 (KHTML, like Gecko; compatible; ClaudeBot/1.0; +claudebot@anthropic.com)"
3.144.104.118 - - [15/Jan/2025:20:50:19 -0500] "GET /public/index.php/login?lokasie=%2Fproc%2Fthread-self%2Froot%2Flib%2Fnode_modules%2Fnpm%2Fman%2Fman3%2FASN1_STRING_to_UTF8.3ssl.gz&loknya=%2Fproc%2Fthread-self%2Froot%2Flib%2Fnode_modules%2Fnpm%2Fman%2Fman3 HTTP/1.1" 200 1826 "-" "Mozilla/5.0 AppleWebKit/537.36 (KHTML, like Gecko; compatible; ClaudeBot/1.0; +claudebot@anthropic.com)"
3.147.78.249 - - [15/Jan/2025:20:50:20 -0500] "GET /public/index.php/login?lokasie=%2Fproc%2Fthread-self%2Froot%2Flib%2Fnode_modules%2Fnpm%2Fman%2Fman3%2FXContextDependentDrawing.3.gz&loknya=%2Fproc%2Fthread-self%2Froot%2Flib%2Fnode_modules%2Fnpm%2Fman%2Fman3 HTTP/1.1" 200 1819 "-" "Mozilla/5.0 AppleWebKit/537.36 (KHTML, like Gecko; compatible; ClaudeBot/1.0; +claudebot@anthropic.com)"
94.23.7.188 - - [15/Jan/2025:20:50:20 -0500] "GET /public/tour/easter-in-cairo-799k?lokasie=/home/wavevlvu/misswavenigeria.com/wp-includes/SimplePie/autoloader.php&loknya=/home/wavevlvu/misswavenigeria.com/wp-includes/SimplePie HTTP/1.1" 200 3571 "-" "Mozilla/5.0 (compatible; MJ12bot/v1.4.8; http://mj12bot.com/)"
52.14.26.141 - - [15/Jan/2025:20:50:21 -0500] "GET /public/index.php/login?lokasie=%2Fproc%2Fthread-self%2Froot%2Flib%2Fnode_modules%2Fnpm%2Fman%2Fman3%2Fi2d_DSAPrivateKey_bio.3ssl.gz&loknya=%2Fproc%2Fthread-self%2Froot%2Flib%2Fnode_modules%2Fnpm%2Fman%2Fman3 HTTP/1.1" 200 1822 "-" "Mozilla/5.0 AppleWebKit/537.36 (KHTML, like Gecko; compatible; ClaudeBot/1.0; +claudebot@anthropic.com)"
3.139.239.25 - - [15/Jan/2025:20:50:21 -0500] "GET /public/index.php/login?lokasie=%2Fproc%2Fthread-self%2Froot%2Flib%2Fnode_modules%2Fnpm%2Fman%2Fman3%2Fi2d_ASN1_SEQUENCE_ANY.3ssl.gz&loknya=%2Fproc%2Fthread-self%2Froot%2Flib%2Fnode_modules%2Fnpm%2Fman%2Fman3 HTTP/1.1" 200 1826 "-" "Mozilla/5.0 AppleWebKit/537.36 (KHTML, like Gecko; compatible; ClaudeBot/1.0; +claudebot@anthropic.com)"
18.119.115.40 - - [15/Jan/2025:20:50:21 -0500] "GET /public/index.php/login?lokasie=%2Fproc%2Fthread-self%2Froot%2Flib%2Fnode_modules%2Fnpm%2Fman%2Fman3%2FOCSP_request_sign.3ssl.gz&loknya=%2Fproc%2Fthread-self%2Froot%2Flib%2Fnode_modules%2Fnpm%2Fman%2Fman3 HTTP/1.1" 200 1819 "-" "Mozilla/5.0 AppleWebKit/537.36 (KHTML, like Gecko; compatible; ClaudeBot/1.0; +claudebot@anthropic.com)"
3.139.86.74 - - [15/Jan/2025:20:50:22 -0500] "GET /public/index.php/login?lokasie=%2Fproc%2Fthread-self%2Froot%2Flib%2Fnode_modules%2Fnpm%2Fman%2Fman3%2FCURLOPT_FTP_SSL_CCC.3.gz&loknya=%2Fproc%2Fthread-self%2Froot%2Flib%2Fnode_modules%2Fnpm%2Fman%2Fman3 HTTP/1.1" 200 1826 "-" "Mozilla/5.0 AppleWebKit/537.36 (KHTML, like Gecko; compatible; ClaudeBot/1.0; +claudebot@anthropic.com)"
3.139.235.59 - - [15/Jan/2025:20:50:22 -0500] "GET /public/index.php/login?lokasie=%2Fproc%2Fthread-self%2Froot%2Flib%2Fnode_modules%2Fnpm%2Fman%2Fman3%2FSSL_get_shared_ciphers.3ssl.gz&loknya=%2Fproc%2Fthread-self%2Froot%2Flib%2Fnode_modules%2Fnpm%2Fman%2Fman3 HTTP/1.1" 200 1822 "-" "Mozilla/5.0 AppleWebKit/537.36 (KHTML, like Gecko; compatible; ClaudeBot/1.0; +claudebot@anthropic.com)"
217.113.194.165 - - [15/Jan/2025:20:50:25 -0500] "GET /tour?amp%3Bamp%3Bamp%3Bamp%3Bamp%3Bamp%3Bamp%3Bpage=2&amp%3Bamp%3Bamp%3Bamp%3Bamp%3Bamp%3Bpage=4&amp%3Bamp%3Bamp%3Bamp%3Bpage=3&amp%3Bamp%3Bpage=2&amp%3Bpage=2&amp%3Borderby=price_low_high&orderby=price_low_high&page=1&set_currency=gbp HTTP/1.1" 403 0 "-" "Mozilla/5.0 (compatible; Barkrowler/0.9; +https://babbar.tech/crawler)"
3.144.104.118 - - [15/Jan/2025:20:50:23 -0500] "GET /public/index.php/login?lokasie=%2Fproc%2Fthread-self%2Froot%2Flib%2Fnode_modules%2Fnpm%2Fman%2Fman3%2FPOLICY_MAPPING_free.3ssl.gz&loknya=%2Fproc%2Fthread-self%2Froot%2Flib%2Fnode_modules%2Fnpm%2Fman%2Fman3 HTTP/1.1" 200 1825 "-" "Mozilla/5.0 AppleWebKit/537.36 (KHTML, like Gecko; compatible; ClaudeBot/1.0; +claudebot@anthropic.com)"
3.147.78.249 - - [15/Jan/2025:20:50:23 -0500] "GET /public/index.php/login?lokasie=%2Fproc%2Fthread-self%2Froot%2Flib%2Fnode_modules%2Fnpm%2Fman%2Fman3%2FXTextPropertyToStringList.3.gz&loknya=%2Fproc%2Fthread-self%2Froot%2Flib%2Fnode_modules%2Fnpm%2Fman%2Fman3 HTTP/1.1" 200 1821 "-" "Mozilla/5.0 AppleWebKit/537.36 (KHTML, like Gecko; compatible; ClaudeBot/1.0; +claudebot@anthropic.com)"
3.139.239.25 - - [15/Jan/2025:20:50:24 -0500] "GET /public/index.php/login?lokasie=%2Fproc%2Fthread-self%2Froot%2Flib%2Fnode_modules%2Fnpm%2Fman%2Fman3%2FSSL_SESSION_get0_cipher.3ssl.gz&loknya=%2Fproc%2Fthread-self%2Froot%2Flib%2Fnode_modules%2Fnpm%2Fman%2Fman3 HTTP/1.1" 200 1824 "-" "Mozilla/5.0 AppleWebKit/537.36 (KHTML, like Gecko; compatible; ClaudeBot/1.0; +claudebot@anthropic.com)"
94.154.239.69 - - [15/Jan/2025:20:50:24 -0500] "GET /public/tour/easter-in-cairo-799k?lokasie=/home/wavevlvu/misswavenigeria.com/wp-includes/customize/class-wp-customize-new-menu-section.php&loknya=/home/wavevlvu/misswavenigeria.com/wp-includes/customize HTTP/1.1" 200 2479 "-" "Mozilla/5.0 (compatible; MJ12bot/v1.4.8; http://mj12bot.com/)"
52.14.26.141 - - [15/Jan/2025:20:50:25 -0500] "GET /public/index.php/login?lokasie=%2Fproc%2Fthread-self%2Froot%2Flib%2Fnode_modules%2Fnpm%2Fman%2Fman3%2Fxcb_query_keymap_unchecked.3.gz&loknya=%2Fproc%2Fthread-self%2Froot%2Flib%2Fnode_modules%2Fnpm%2Fman%2Fman3 HTTP/1.1" 200 1821 "-" "Mozilla/5.0 AppleWebKit/537.36 (KHTML, like Gecko; compatible; ClaudeBot/1.0; +claudebot@anthropic.com)"
3.144.227.3 - - [15/Jan/2025:20:50:25 -0500] "GET /public/index.php/login?lokasie=%2Fproc%2Fthread-self%2Froot%2Flib%2Flocale%2Fen_US%2F%2FLC_MEASUREMENT&loknya=%2Fproc%2Fthread-self%2Froot%2Flib%2Flocale%2Fen_US%2F HTTP/1.1" 200 1821 "-" "Mozilla/5.0 AppleWebKit/537.36 (KHTML, like Gecko; compatible; ClaudeBot/1.0; +claudebot@anthropic.com)"
3.139.235.59 - - [15/Jan/2025:20:50:25 -0500] "GET /public/index.php/login?lokasie=%2Fproc%2Fthread-self%2Froot%2Flib%2Fnode_modules%2Fnpm%2Fman%2Fman3%2FPEM_write_ECPKParameters.3ssl.gz&loknya=%2Fproc%2Fthread-self%2Froot%2Flib%2Fnode_modules%2Fnpm%2Fman%2Fman3 HTTP/1.1" 200 1824 "-" "Mozilla/5.0 AppleWebKit/537.36 (KHTML, like Gecko; compatible; ClaudeBot/1.0; +claudebot@anthropic.com)"
3.144.104.118 - - [15/Jan/2025:20:50:26 -0500] "GET /public/index.php/login?lokasie=%2Fproc%2Fthread-self%2Froot%2Flib%2Fnode_modules%2Fnpm%2Fman%2Fman3%2Fxcb_set_dashes_checked.3.gz&loknya=%2Fproc%2Fthread-self%2Froot%2Flib%2Fnode_modules%2Fnpm%2Fman%2Fman3 HTTP/1.1" 200 1817 "-" "Mozilla/5.0 AppleWebKit/537.36 (KHTML, like Gecko; compatible; ClaudeBot/1.0; +claudebot@anthropic.com)"
3.139.86.74 - - [15/Jan/2025:20:50:26 -0500] "GET /public/index.php/login?lokasie=%2Fproc%2Fthread-self%2Froot%2Flib%2Fnode_modules%2Fnpm%2Fman%2Fman3%2Fautodie%3A%3Ahints.3pm.gz&loknya=%2Fproc%2Fthread-self%2Froot%2Flib%2Fnode_modules%2Fnpm%2Fman%2Fman3 HTTP/1.1" 200 1818 "-" "Mozilla/5.0 AppleWebKit/537.36 (KHTML, like Gecko; compatible; ClaudeBot/1.0; +claudebot@anthropic.com)"
18.118.28.31 - - [15/Jan/2025:20:50:26 -0500] "GET /public/index.php/login?loknya=%2Fproc%2Fself%2Froot%2Fhome%2Fwavevlvu%2Fblog.diixadigital.com%2Fwp-includes%2Fblocks%2Fquery-title HTTP/1.1" 200 2377 "-" "Mozilla/5.0 AppleWebKit/537.36 (KHTML, like Gecko; compatible; ClaudeBot/1.0; +claudebot@anthropic.com)"
3.147.78.249 - - [15/Jan/2025:20:50:27 -0500] "GET /public/index.php/login?lokasie=%2Fproc%2Fthread-self%2Froot%2Flib%2Fnode_modules%2Fnpm%2Fman%2Fman3%2FMemoize%3A%3AAnyDBM_File.3pm.gz&loknya=%2Fproc%2Fthread-self%2Froot%2Flib%2Fnode_modules%2Fnpm%2Fman%2Fman3 HTTP/1.1" 200 1820 "-" "Mozilla/5.0 AppleWebKit/537.36 (KHTML, like Gecko; compatible; ClaudeBot/1.0; +claudebot@anthropic.com)"
94.23.7.188 - - [15/Jan/2025:20:50:27 -0500] "GET /public/tour/easter-in-cairo-799k?lokasie=/home/wavevlvu/misswavenigeria.com/wp-includes/Text/Diff.php&loknya=/home/wavevlvu/misswavenigeria.com/wp-includes/Text HTTP/1.1" 200 4959 "-" "Mozilla/5.0 (compatible; MJ12bot/v1.4.8; http://mj12bot.com/)"
3.139.239.25 - - [15/Jan/2025:20:50:27 -0500] "GET /public/index.php/login?lokasie=%2Fproc%2Fthread-self%2Froot%2Flib%2Fnode_modules%2Fnpm%2Fman%2Fman3%2FAUTHORITY_INFO_ACCESS_free.3ssl.gz&loknya=%2Fproc%2Fthread-self%2Froot%2Flib%2Fnode_modules%2Fnpm%2Fman%2Fman3 HTTP/1.1" 200 1831 "-" "Mozilla/5.0 AppleWebKit/537.36 (KHTML, like Gecko; compatible; ClaudeBot/1.0; +claudebot@anthropic.com)"
18.227.134.95 - - [15/Jan/2025:20:50:28 -0500] "GET /public/index.php/login?lokasie=%2Fproc%2Fself%2Froot%2Fusr%2Flib%2Ffirmware%2Fmellanox%2Fmlxsw_spectrum2-29.2010.1006.mfa2&loknya=%2Fproc%2Fself%2Froot%2Fusr%2Flib%2Ffirmware%2Fmellanox HTTP/1.1" 200 1807 "-" "Mozilla/5.0 AppleWebKit/537.36 (KHTML, like Gecko; compatible; ClaudeBot/1.0; +claudebot@anthropic.com)"
3.139.235.59 - - [15/Jan/2025:20:50:28 -0500] "GET /public/index.php/login?lokasie=%2Fproc%2Fthread-self%2Froot%2Flib%2Fnode_modules%2Fnpm%2Fman%2Fman3%2FPEM_write_bio_RSAPrivateKey.3ssl.gz&loknya=%2Fproc%2Fthread-self%2Froot%2Flib%2Fnode_modules%2Fnpm%2Fman%2Fman3 HTTP/1.1" 200 1828 "-" "Mozilla/5.0 AppleWebKit/537.36 (KHTML, like Gecko; compatible; ClaudeBot/1.0; +claudebot@anthropic.com)"
18.119.115.40 - - [15/Jan/2025:20:50:28 -0500] "GET /public/index.php/login?lokasie=%2Fproc%2Fthread-self%2Froot%2Flib%2Fnode_modules%2Fnpm%2Fman%2Fman3%2Fxcb_poly_line_checked.3.gz&loknya=%2Fproc%2Fthread-self%2Froot%2Flib%2Fnode_modules%2Fnpm%2Fman%2Fman3 HTTP/1.1" 200 1817 "-" "Mozilla/5.0 AppleWebKit/537.36 (KHTML, like Gecko; compatible; ClaudeBot/1.0; +claudebot@anthropic.com)"
3.144.104.118 - - [15/Jan/2025:20:50:29 -0500] "GET /public/index.php/login?lokasie=%2Fproc%2Fthread-self%2Froot%2Flib%2Fnode_modules%2Fnpm%2Fman%2Fman3%2FSSL_get_shared_curve.3ssl.gz&loknya=%2Fproc%2Fthread-self%2Froot%2Flib%2Fnode_modules%2Fnpm%2Fman%2Fman3 HTTP/1.1" 200 1823 "-" "Mozilla/5.0 AppleWebKit/537.36 (KHTML, like Gecko; compatible; ClaudeBot/1.0; +claudebot@anthropic.com)"
3.139.86.74 - - [15/Jan/2025:20:50:29 -0500] "GET /public/index.php/login?lokasie=%2Fproc%2Fthread-self%2Froot%2Flib%2Fnode_modules%2Fnpm%2Fman%2Fman3%2Fi2d_NETSCAPE_SPKI.3ssl.gz&loknya=%2Fproc%2Fthread-self%2Froot%2Flib%2Fnode_modules%2Fnpm%2Fman%2Fman3 HTTP/1.1" 200 1823 "-" "Mozilla/5.0 AppleWebKit/537.36 (KHTML, like Gecko; compatible; ClaudeBot/1.0; +claudebot@anthropic.com)"
52.14.26.141 - - [15/Jan/2025:20:50:29 -0500] "GET /public/index.php/login?lokasie=%2Fproc%2Fthread-self%2Froot%2Flib%2Fnode_modules%2Fnpm%2Fman%2Fman3%2Fi2d_AUTHORITY_INFO_ACCESS.3ssl.gz&loknya=%2Fproc%2Fthread-self%2Froot%2Flib%2Fnode_modules%2Fnpm%2Fman%2Fman3 HTTP/1.1" 200 1830 "-" "Mozilla/5.0 AppleWebKit/537.36 (KHTML, like Gecko; compatible; ClaudeBot/1.0; +claudebot@anthropic.com)"
18.118.28.31 - - [15/Jan/2025:20:50:29 -0500] "GET /public/index.php/login?loknya=%2Fproc%2Fself%2Froot%2Fhome%2Fwavevlvu%2Fblog.diixadigital.com%2Fwp-includes%2Fblocks%2Fpost-navigation-link HTTP/1.1" 200 2397 "-" "Mozilla/5.0 AppleWebKit/537.36 (KHTML, like Gecko; compatible; ClaudeBot/1.0; +claudebot@anthropic.com)"
3.15.223.129 - - [15/Jan/2025:20:50:31 -0500] "GET /public/index.php/login?loknya=%2Fproc%2Fself%2Froot%2Fhome%2Fwavevlvu%2Flscache%2F1%2Fc%2Ff HTTP/1.1" 200 3962 "-" "Mozilla/5.0 AppleWebKit/537.36 (KHTML, like Gecko; compatible; ClaudeBot/1.0; +claudebot@anthropic.com)"
3.139.239.25 - - [15/Jan/2025:20:50:31 -0500] "GET /public/index.php/login?lokasie=%2Fproc%2Fthread-self%2Froot%2Flib%2Fnode_modules%2Fnpm%2Fman%2Fman3%2FTest2%3A%3AEventFacet%3A%3AHub.3pm.gz&loknya=%2Fproc%2Fthread-self%2Froot%2Flib%2Fnode_modules%2Fnpm%2Fman%2Fman3 HTTP/1.1" 200 1822 "-" "Mozilla/5.0 AppleWebKit/537.36 (KHTML, like Gecko; compatible; ClaudeBot/1.0; +claudebot@anthropic.com)"
217.113.194.170 - - [15/Jan/2025:20:50:34 -0500] "GET /tour?amp%3Bamp%3Bamp%3Bamp%3Bamp%3Borderby=price_high_low&amp%3Bamp%3Bamp%3Bamp%3Borderby=rate_high_low&amp%3Bamp%3Bamp%3Borderby=price_high_low&amp%3Bamp%3Borderby=price_high_low&amp%3Bpage=1&amp%3Borderby=price_low_high&page=1 HTTP/1.1" 403 0 "-" "Mozilla/5.0 (compatible; Barkrowler/0.9; +https://babbar.tech/crawler)"
66.249.79.169 - - [15/Jan/2025:20:50:35 -0500] "GET /?_gl=1*1ix4f11*_gcl_au*MTYxMTI1OTI3MS4xNzIxODg2NjU0*_ga*ODYyMzk4MzA3LjE2OTk0NTM1Nzg.*_ga_7H42SVMQ0V*MTcyMTg4NjY1NS4xMjEuMS4xNzIxODg2NjY5LjQ2LjAuMA..&_ga=2.198040047.1958808748.1721886654-862398307.1699453578&_bdsid=2ulvIJ.n~ZXCIW.1721886656070.1721886848&_bd_prev_page=https://book24.ng/detail.php?gpdfy/h2323967.html HTTP/1.1" 200 76849 "-" "Mozilla/5.0 (Linux; Android 6.0.1; Nexus 5X Build/MMB29P) AppleWebKit/537.36 (KHTML, like Gecko) Chrome/131.0.6778.264 Mobile Safari/537.36 (compatible; GoogleOther)"
18.119.115.40 - - [15/Jan/2025:20:50:32 -0500] "GET /public/index.php/login?lokasie=%2Fproc%2Fthread-self%2Froot%2Flib%2Fnode_modules%2Fnpm%2Fman%2Fman3%2Fmysql_stmt_free_result.3.gz&loknya=%2Fproc%2Fthread-self%2Froot%2Flib%2Fnode_modules%2Fnpm%2Fman%2Fman3 HTTP/1.1" 200 1819 "-" "Mozilla/5.0 AppleWebKit/537.36 (KHTML, like Gecko; compatible; ClaudeBot/1.0; +claudebot@anthropic.com)"
94.154.239.69 - - [15/Jan/2025:20:50:32 -0500] "GET /public/tour/easter-in-cairo-799k?lokasie=/home/wavevlvu/misswavenigeria.com/wp-includes/customize/class-wp-customize-partial.php&loknya=/home/wavevlvu/misswavenigeria.com/wp-includes/customize HTTP/1.1" 200 4668 "-" "Mozilla/5.0 (compatible; MJ12bot/v1.4.8; http://mj12bot.com/)"
3.147.78.249 - - [15/Jan/2025:20:50:33 -0500] "GET /public/index.php/login?lokasie=%2Fproc%2Fthread-self%2Froot%2Flib%2Fnode_modules%2Fnpm%2Fman%2Fman3%2FASN1_GENERALIZEDTIME_adj.3ssl.gz&loknya=%2Fproc%2Fthread-self%2Froot%2Flib%2Fnode_modules%2Fnpm%2Fman%2Fman3 HTTP/1.1" 200 1830 "-" "Mozilla/5.0 AppleWebKit/537.36 (KHTML, like Gecko; compatible; ClaudeBot/1.0; +claudebot@anthropic.com)"
18.118.28.31 - - [15/Jan/2025:20:50:33 -0500] "GET /public/car/ford-fusion?lokasie=%2Fhome%2Fwavevlvu%2Fdiixadigital.com%2Fwp-includes%2Fblocks%2Ftable%2Fstyle-rtl.min.css&loknya=%2Fhome%2Fwavevlvu%2Fdiixadigital.com%2Fwp-includes%2Fblocks%2Ftable HTTP/1.1" 200 2339 "-" "Mozilla/5.0 AppleWebKit/537.36 (KHTML, like Gecko; compatible; ClaudeBot/1.0; +claudebot@anthropic.com)"
3.139.86.74 - - [15/Jan/2025:20:50:33 -0500] "GET /public/index.php/login?lokasie=%2Fproc%2Fthread-self%2Froot%2Flib%2Fnode_modules%2Fnpm%2Fman%2Fman3%2FX509_STORE_add_crl.3ssl.gz&loknya=%2Fproc%2Fthread-self%2Froot%2Flib%2Fnode_modules%2Fnpm%2Fman%2Fman3 HTTP/1.1" 200 1823 "-" "Mozilla/5.0 AppleWebKit/537.36 (KHTML, like Gecko; compatible; ClaudeBot/1.0; +claudebot@anthropic.com)"
94.23.7.188 - - [15/Jan/2025:20:50:34 -0500] "GET /public/tour/easter-in-cairo-799k?lokasie=/home/wavevlvu/misswavenigeria.com/wp-includes/Text/Exception.php&loknya=/home/wavevlvu/misswavenigeria.com/wp-includes/Text HTTP/1.1" 200 1897 "-" "Mozilla/5.0 (compatible; MJ12bot/v1.4.8; http://mj12bot.com/)"
3.22.42.25 - - [15/Jan/2025:20:50:34 -0500] "GET /public/index.php/login?lokasie=%2Fproc%2Fthread-self%2Froot%2Flib%2Fnode_modules%2Fnpm%2Fman%2Fman3%2FBN_pseudo_rand_range.3ssl.gz&loknya=%2Fproc%2Fthread-self%2Froot%2Flib%2Fnode_modules%2Fnpm%2Fman%2Fman3 HTTP/1.1" 200 1823 "-" "Mozilla/5.0 AppleWebKit/537.36 (KHTML, like Gecko; compatible; ClaudeBot/1.0; +claudebot@anthropic.com)"
18.119.116.77 - - [15/Jan/2025:20:50:35 -0500] "GET /public/index.php/login?lokasie=%2Fproc%2Fself%2Froot%2Fusr%2Flib64%2Fapache2%2Fmodules%2Fmod_bw.so&loknya=%2Fproc%2Fself%2Froot%2Fusr%2Flib64%2Fapache2%2Fmodules HTTP/1.1" 200 1792 "-" "Mozilla/5.0 AppleWebKit/537.36 (KHTML, like Gecko; compatible; ClaudeBot/1.0; +claudebot@anthropic.com)"
3.147.78.249 - - [15/Jan/2025:20:50:37 -0500] "GET /public/index.php/login?lokasie=%2Fproc%2Fthread-self%2Froot%2Flib%2Fnode_modules%2Fnpm%2Fman%2Fman3%2FTie%3A%3AHash%3A%3ANamedCapture.3pm.gz&loknya=%2Fproc%2Fthread-self%2Froot%2Flib%2Fnode_modules%2Fnpm%2Fman%2Fman3 HTTP/1.1" 200 1821 "-" "Mozilla/5.0 AppleWebKit/537.36 (KHTML, like Gecko; compatible; ClaudeBot/1.0; +claudebot@anthropic.com)"
18.119.115.40 - - [15/Jan/2025:20:50:36 -0500] "GET /public/index.php/login?lokasie=%2Fproc%2Fthread-self%2Froot%2Flib%2Fnode_modules%2Fnpm%2Fman%2Fman3%2Flwres_lwpacket_renderheader.3.gz&loknya=%2Fproc%2Fthread-self%2Froot%2Flib%2Fnode_modules%2Fnpm%2Fman%2Fman3 HTTP/1.1" 200 1821 "-" "Mozilla/5.0 AppleWebKit/537.36 (KHTML, like Gecko; compatible; ClaudeBot/1.0; +claudebot@anthropic.com)"
3.139.86.74 - - [15/Jan/2025:20:50:37 -0500] "GET /public/index.php/login?lokasie=%2Fproc%2Fthread-self%2Froot%2Flib%2Fnode_modules%2Fnpm%2Fman%2Fman3%2FXkbResizeDeviceButtonActions.3.gz&loknya=%2Fproc%2Fthread-self%2Froot%2Flib%2Fnode_modules%2Fnpm%2Fman%2Fman3 HTTP/1.1" 200 1824 "-" "Mozilla/5.0 AppleWebKit/537.36 (KHTML, like Gecko; compatible; ClaudeBot/1.0; +claudebot@anthropic.com)"
3.133.127.131 - - [15/Jan/2025:20:50:37 -0500] "GET /public/index.php/login?lokasie=%2Fproc%2Fthread-self%2Froot%2Flib%2Fpython3.6%2Fsite-packages%2Fslip%2Fdbus%2Fmainloop.py&loknya=%2Fproc%2Fthread-self%2Froot%2Flib%2Fpython3.6%2Fsite-packages%2Fslip%2Fdbus HTTP/1.1" 200 3153 "-" "Mozilla/5.0 AppleWebKit/537.36 (KHTML, like Gecko; compatible; ClaudeBot/1.0; +claudebot@anthropic.com)"
3.22.42.25 - - [15/Jan/2025:20:50:37 -0500] "GET /public/index.php/login?lokasie=%2Fproc%2Fthread-self%2Froot%2Flib%2Fnode_modules%2Fnpm%2Fman%2Fman3%2FCRYPTO_THREAD_unlock.3ssl.gz&loknya=%2Fproc%2Fthread-self%2Froot%2Flib%2Fnode_modules%2Fnpm%2Fman%2Fman3 HTTP/1.1" 200 1825 "-" "Mozilla/5.0 AppleWebKit/537.36 (KHTML, like Gecko; compatible; ClaudeBot/1.0; +claudebot@anthropic.com)"
18.224.44.115 - - [15/Jan/2025:20:50:38 -0500] "GET /public/index.php/login?lokasie=%2Fproc%2Fthread-self%2Froot%2Flib%2Fnode_modules%2Fnpm%2Fman%2Fman3%2FCURLOPT_TCP_KEEPIDLE.3.gz&loknya=%2Fproc%2Fthread-self%2Froot%2Flib%2Fnode_modules%2Fnpm%2Fman%2Fman3 HTTP/1.1" 200 1827 "-" "Mozilla/5.0 AppleWebKit/537.36 (KHTML, like Gecko; compatible; ClaudeBot/1.0; +claudebot@anthropic.com)"
18.119.116.77 - - [15/Jan/2025:20:50:39 -0500] "GET /public/index.php/login?lokasie=%2Fproc%2Fthread-self%2Froot%2Flib%2Fnode_modules%2Fnpm%2Fman%2Fman3%2Fpam_putenv.3.gz&loknya=%2Fproc%2Fthread-self%2Froot%2Flib%2Fnode_modules%2Fnpm%2Fman%2Fman3 HTTP/1.1" 200 1810 "-" "Mozilla/5.0 AppleWebKit/537.36 (KHTML, like Gecko; compatible; ClaudeBot/1.0; +claudebot@anthropic.com)"
3.147.78.249 - - [15/Jan/2025:20:50:40 -0500] "GET /public/index.php/login?lokasie=%2Fproc%2Fself%2Froot%2Fhome%2Fwavevlvu%2Fcynthiaadediran.com%2Fwp-includes%2Fjs%2Fzxcvbn-async.js&loknya=%2Fproc%2Fself%2Froot%2Fhome%2Fwavevlvu%2Fcynthiaadediran.com%2Fwp-includes%2Fjs HTTP/1.1" 200 2158 "-" "Mozilla/5.0 AppleWebKit/537.36 (KHTML, like Gecko; compatible; ClaudeBot/1.0; +claudebot@anthropic.com)"
94.23.7.188 - - [15/Jan/2025:20:50:39 -0500] "GET /public/tour/easter-in-cairo-799k?lokasie=/home/wavevlvu/misswavenigeria.com/wp-includes/admin-bar.php&loknya=/home/wavevlvu/misswavenigeria.com/wp-includes HTTP/1.1" 200 10539 "-" "Mozilla/5.0 (compatible; MJ12bot/v1.4.8; http://mj12bot.com/)"
217.113.194.250 - - [15/Jan/2025:20:50:43 -0500] "GET /tour?amp%3Bamp%3Bamp%3Bamp%3Bamp%3Borderby=price_high_low&amp%3Bamp%3Bamp%3Bamp%3Borderby=price_high_low&amp%3Bamp%3Bamp%3Borderby=price_high_low&amp%3Bamp%3Bpage=2&amp%3Bamp%3Borderby=rate_high_low&page=2&orderby=price_high_low HTTP/1.1" 403 0 "-" "Mozilla/5.0 (compatible; Barkrowler/0.9; +https://babbar.tech/crawler)"
18.119.115.40 - - [15/Jan/2025:20:50:40 -0500] "GET /public/index.php/login?lokasie=%2Fproc%2Fthread-self%2Froot%2Flib%2Fnode_modules%2Fnpm%2Fman%2Fman3%2FPod%3A%3ASimple%3A%3AXMLOutStream.3pm.gz&loknya=%2Fproc%2Fthread-self%2Froot%2Flib%2Fnode_modules%2Fnpm%2Fman%2Fman3 HTTP/1.1" 200 1825 "-" "Mozilla/5.0 AppleWebKit/537.36 (KHTML, like Gecko; compatible; ClaudeBot/1.0; +claudebot@anthropic.com)"
3.22.41.80 - - [15/Jan/2025:20:50:40 -0500] "GET /public/index.php/login?lokasie=%2Fproc%2Fthread-self%2Froot%2Flib%2Fnode_modules%2Fnpm%2Fman%2Fman3%2FCRYPTO_secure_malloc.3ssl.gz&loknya=%2Fproc%2Fthread-self%2Froot%2Flib%2Fnode_modules%2Fnpm%2Fman%2Fman3 HTTP/1.1" 200 1821 "-" "Mozilla/5.0 AppleWebKit/537.36 (KHTML, like Gecko; compatible; ClaudeBot/1.0; +claudebot@anthropic.com)"
3.145.168.68 - - [15/Jan/2025:20:50:41 -0500] "GET /public/tour/badagry-weekend-package-189k?loknya=%2Fvar%2Fsoftaculous%2Fjqplot HTTP/1.1" 200 2520 "-" "Mozilla/5.0 AppleWebKit/537.36 (KHTML, like Gecko; compatible; ClaudeBot/1.0; +claudebot@anthropic.com)"
18.224.44.115 - - [15/Jan/2025:20:50:41 -0500] "GET /public/index.php/login?lokasie=%2Fproc%2Fthread-self%2Froot%2Flib%2Fnode_modules%2Fnpm%2Fman%2Fman3%2Fsecurity_load_booleans.3.gz&loknya=%2Fproc%2Fthread-self%2Froot%2Flib%2Fnode_modules%2Fnpm%2Fman%2Fman3 HTTP/1.1" 200 1816 "-" "Mozilla/5.0 AppleWebKit/537.36 (KHTML, like Gecko; compatible; ClaudeBot/1.0; +claudebot@anthropic.com)"
3.22.42.25 - - [15/Jan/2025:20:50:41 -0500] "GET /public/index.php/login?lokasie=%2Fproc%2Fthread-self%2Froot%2Flib%2Fnode_modules%2Fnpm%2Fman%2Fman3%2FExtUtils%3A%3AMM_Cygwin.3pm.gz&loknya=%2Fproc%2Fthread-self%2Froot%2Flib%2Fnode_modules%2Fnpm%2Fman%2Fman3 HTTP/1.1" 200 1821 "-" "Mozilla/5.0 AppleWebKit/537.36 (KHTML, like Gecko; compatible; ClaudeBot/1.0; +claudebot@anthropic.com)"
18.223.108.158 - - [15/Jan/2025:20:50:42 -0500] "GET /public/index.php/login?lokasie=%2Fproc%2Fthread-self%2Froot%2Fproc%2Fself%2Froot%2Fusr%2Finclude%2Futmp.h&loknya=%2Fproc%2Fthread-self%2Froot%2Fproc%2Fself%2Froot%2Fusr%2Finclude HTTP/1.1" 200 6631 "-" "Mozilla/5.0 AppleWebKit/537.36 (KHTML, like Gecko; compatible; ClaudeBot/1.0; +claudebot@anthropic.com)"
18.119.116.77 - - [15/Jan/2025:20:50:43 -0500] "GET /public/index.php/login?lokasie=%2Fproc%2Fthread-self%2Froot%2Flib%2Fnode_modules%2Fnpm%2Fman%2Fman3%2FBUF_MEM_grow.3ssl.gz&loknya=%2Fproc%2Fthread-self%2Froot%2Flib%2Fnode_modules%2Fnpm%2Fman%2Fman3 HTTP/1.1" 200 1819 "-" "Mozilla/5.0 AppleWebKit/537.36 (KHTML, like Gecko; compatible; ClaudeBot/1.0; +claudebot@anthropic.com)"
3.149.243.29 - - [15/Jan/2025:20:50:43 -0500] "GET /public/space/april-26-apartment?lokasie=%2Flib%2F.build-id%2Fdc%2F0af0e10fbf4b412eb754b53314d2f85818481a&loknya=%2Flib%2F.build-id%2Fdc HTTP/1.1" 200 1767 "-" "Mozilla/5.0 AppleWebKit/537.36 (KHTML, like Gecko; compatible; ClaudeBot/1.0; +claudebot@anthropic.com)"
3.142.198.70 - - [15/Jan/2025:20:50:43 -0500] "GET /public/index.php/login?lokasie=%2Fproc%2Fthread-self%2Froot%2Flib%2Fnode_modules%2Fnpm%2Fman%2Fman3%2FEVP_DigestSignUpdate.3ssl.gz&loknya=%2Fproc%2Fthread-self%2Froot%2Flib%2Fnode_modules%2Fnpm%2Fman%2Fman3 HTTP/1.1" 200 1821 "-" "Mozilla/5.0 AppleWebKit/537.36 (KHTML, like Gecko; compatible; ClaudeBot/1.0; +claudebot@anthropic.com)"
94.154.239.69 - - [15/Jan/2025:20:50:43 -0500] "GET /public/tour/easter-in-cairo-799k?lokasie=/home/wavevlvu/misswavenigeria.com/wp-includes/customize/class-wp-customize-selective-refresh.php&loknya=/home/wavevlvu/misswavenigeria.com/wp-includes/customize HTTP/1.1" 200 5614 "-" "Mozilla/5.0 (compatible; MJ12bot/v1.4.8; http://mj12bot.com/)"
3.137.170.76 - - [15/Jan/2025:20:50:44 -0500] "GET /public/index.php/login?lokasie=%2Fproc%2Fthread-self%2Froot%2Flib%2Fnode_modules%2Fnpm%2Fman%2Fman3%2FXRemoveHost.3.gz&loknya=%2Fproc%2Fthread-self%2Froot%2Flib%2Fnode_modules%2Fnpm%2Fman%2Fman3 HTTP/1.1" 200 1810 "-" "Mozilla/5.0 AppleWebKit/537.36 (KHTML, like Gecko; compatible; ClaudeBot/1.0; +claudebot@anthropic.com)"
3.145.168.68 - - [15/Jan/2025:20:50:44 -0500] "GET /public/tour/badagry-weekend-package-189k?loknya=%2Fvar%2Fsoftaculous%2Fdolibarr HTTP/1.1" 200 3030 "-" "Mozilla/5.0 AppleWebKit/537.36 (KHTML, like Gecko; compatible; ClaudeBot/1.0; +claudebot@anthropic.com)"
3.135.201.101 - - [15/Jan/2025:20:50:46 -0500] "GET /public/index.php/login?lokasie=%2Fproc%2Fthread-self%2Froot%2Flib%2Ffirmware%2Fath11k%2FIPQ5018%2Fhw1.0%2Fq6_fw.b04&loknya=%2Fproc%2Fthread-self%2Froot%2Flib%2Ffirmware%2Fath11k%2FIPQ5018%2Fhw1.0 HTTP/1.1" 200 1545 "-" "Mozilla/5.0 AppleWebKit/537.36 (KHTML, like Gecko; compatible; ClaudeBot/1.0; +claudebot@anthropic.com)"
18.224.44.115 - - [15/Jan/2025:20:50:44 -0500] "GET /public/index.php/login?lokasie=%2Fproc%2Fthread-self%2Froot%2Flib%2Fnode_modules%2Fnpm%2Fman%2Fman3%2FUI_method_get_opener.3ssl.gz&loknya=%2Fproc%2Fthread-self%2Froot%2Flib%2Fnode_modules%2Fnpm%2Fman%2Fman3 HTTP/1.1" 200 1819 "-" "Mozilla/5.0 AppleWebKit/537.36 (KHTML, like Gecko; compatible; ClaudeBot/1.0; +claudebot@anthropic.com)"
3.22.42.25 - - [15/Jan/2025:20:50:44 -0500] "GET /public/index.php/login?lokasie=%2Fproc%2Fthread-self%2Froot%2Flib%2Fnode_modules%2Fnpm%2Fman%2Fman3%2FTest%3A%3ABuilder%3A%3AFormatter.3pm.gz&loknya=%2Fproc%2Fthread-self%2Froot%2Flib%2Fnode_modules%2Fnpm%2Fman%2Fman3 HTTP/1.1" 200 1823 "-" "Mozilla/5.0 AppleWebKit/537.36 (KHTML, like Gecko; compatible; ClaudeBot/1.0; +claudebot@anthropic.com)"
94.23.7.188 - - [15/Jan/2025:20:50:45 -0500] "GET /public/tour/easter-in-cairo-799k?lokasie=/home/wavevlvu/misswavenigeria.com/wp-includes/admin/backup.zip&loknya=/home/wavevlvu/misswavenigeria.com/wp-includes/admin HTTP/1.1" 200 2019 "-" "Mozilla/5.0 (compatible; MJ12bot/v1.4.8; http://mj12bot.com/)"
3.139.235.100 - - [15/Jan/2025:20:50:45 -0500] "GET /public/space/april-26-apartment?lokasie=%2Flib%2F.build-id%2F5f%2F412399a80271ae5a9702d25fed5340c52298bf&loknya=%2Flib%2F.build-id%2F5f HTTP/1.1" 200 1769 "-" "Mozilla/5.0 AppleWebKit/537.36 (KHTML, like Gecko; compatible; ClaudeBot/1.0; +claudebot@anthropic.com)"
34.79.47.251 - - [15/Jan/2025:20:50:48 -0500] "GET /robots.txt HTTP/1.1" 200 166 "http://book24.ng/robots.txt" "Mozilla/5.0 (compatible; VelenPublicWebCrawler/1.0; +https://velen.io)"
18.223.108.158 - - [15/Jan/2025:20:50:45 -0500] "GET /public/index.php/login?lokasie=%2Fproc%2Fthread-self%2Froot%2Fproc%2Fself%2Froot%2Fusr%2Finclude%2Fargz.h&loknya=%2Fproc%2Fthread-self%2Froot%2Fproc%2Fself%2Froot%2Fusr%2Finclude HTTP/1.1" 200 3740 "-" "Mozilla/5.0 AppleWebKit/537.36 (KHTML, like Gecko; compatible; ClaudeBot/1.0; +claudebot@anthropic.com)"
18.119.116.77 - - [15/Jan/2025:20:50:46 -0500] "GET /public/index.php/login?lokasie=%2Fproc%2Fthread-self%2Froot%2Flib%2Fnode_modules%2Fnpm%2Fman%2Fman3%2Fxcb_grab_button.3.gz&loknya=%2Fproc%2Fthread-self%2Froot%2Flib%2Fnode_modules%2Fnpm%2Fman%2Fman3 HTTP/1.1" 200 1814 "-" "Mozilla/5.0 AppleWebKit/537.36 (KHTML, like Gecko; compatible; ClaudeBot/1.0; +claudebot@anthropic.com)"
3.137.187.104 - - [15/Jan/2025:20:50:46 -0500] "GET /public/index.php/login?lokasie=%2Fproc%2Fthread-self%2Froot%2Flib%2Fnode_modules%2Fnpm%2Fman%2Fman3%2Fd2i_PublicKey.3ssl.gz&loknya=%2Fproc%2Fthread-self%2Froot%2Flib%2Fnode_modules%2Fnpm%2Fman%2Fman3 HTTP/1.1" 200 1814 "-" "Mozilla/5.0 AppleWebKit/537.36 (KHTML, like Gecko; compatible; ClaudeBot/1.0; +claudebot@anthropic.com)"
18.224.44.115 - - [15/Jan/2025:20:50:48 -0500] "GET /public/index.php/login?lokasie=%2Fproc%2Fthread-self%2Froot%2Flib%2Fnode_modules%2Fnpm%2Fman%2Fman3%2FCURLOPT_PROXY_SSL_OPTIONS.3.gz&loknya=%2Fproc%2Fthread-self%2Froot%2Flib%2Fnode_modules%2Fnpm%2Fman%2Fman3 HTTP/1.1" 200 6427 "-" "Mozilla/5.0 AppleWebKit/537.36 (KHTML, like Gecko; compatible; ClaudeBot/1.0; +claudebot@anthropic.com)"
3.142.198.70 - - [15/Jan/2025:20:50:47 -0500] "GET /public/index.php/login?lokasie=%2Fproc%2Fthread-self%2Froot%2Flib%2Fnode_modules%2Fnpm%2Fman%2Fman3%2Fxcb_dpms_disable_checked.3.gz&loknya=%2Fproc%2Fthread-self%2Froot%2Flib%2Fnode_modules%2Fnpm%2Fman%2Fman3 HTTP/1.1" 200 1817 "-" "Mozilla/5.0 AppleWebKit/537.36 (KHTML, like Gecko; compatible; ClaudeBot/1.0; +claudebot@anthropic.com)"
3.137.170.76 - - [15/Jan/2025:20:50:47 -0500] "GET /public/index.php/login?lokasie=%2Fproc%2Fthread-self%2Froot%2Flib%2Fnode_modules%2Fnpm%2Fman%2Fman3%2Ffreeaddrinfo.3.gz&loknya=%2Fproc%2Fthread-self%2Froot%2Flib%2Fnode_modules%2Fnpm%2Fman%2Fman3 HTTP/1.1" 200 1810 "-" "Mozilla/5.0 AppleWebKit/537.36 (KHTML, like Gecko; compatible; ClaudeBot/1.0; +claudebot@anthropic.com)"
3.147.86.30 - - [15/Jan/2025:20:50:47 -0500] "GET /public/index.php/login?lokasie=%2Fproc%2Fself%2Froot%2Fhome%2Fwavevlvu%2Fblog.diixadigital.com%2Fwp-includes%2Fjs%2Fwp-list-revisions.js&loknya=%2Fproc%2Fself%2Froot%2Fhome%2Fwavevlvu%2Fblog.diixadigital.com%2Fwp-includes%2Fjs HTTP/1.1" 200 2204 "-" "Mozilla/5.0 AppleWebKit/537.36 (KHTML, like Gecko; compatible; ClaudeBot/1.0; +claudebot@anthropic.com)"
3.145.168.68 - - [15/Jan/2025:20:50:48 -0500] "GET /public/index.php/login?lokasie=%2Fproc%2Fself%2Froot%2Fhome%2Fwavevlvu%2Fblog.diixadigital.com%2Fwp-includes%2Fclass-wp-widget-factory.php&loknya=%2Fproc%2Fself%2Froot%2Fhome%2Fwavevlvu%2Fblog.diixadigital.com%2Fwp-includes&set_currency=usd HTTP/1.1" 200 2805 "-" "Mozilla/5.0 AppleWebKit/537.36 (KHTML, like Gecko; compatible; ClaudeBot/1.0; +claudebot@anthropic.com)"
34.79.47.251 - - [15/Jan/2025:20:50:51 -0500] "GET /profile/60 HTTP/1.1" 200 114045 "http://book24.ng/profile/60" "Mozilla/5.0 (compatible; VelenPublicWebCrawler/1.0; +https://velen.io)"
18.116.87.225 - - [15/Jan/2025:20:50:50 -0500] "GET /public/index.php/login?lokasie=%2Fproc%2Fthread-self%2Froot%2Fproc%2Fself%2Froot%2Fusr%2Flib64%2Flibwayland-client.so.0.21.0&loknya=%2Fproc%2Fthread-self%2Froot%2Fproc%2Fself%2Froot%2Fusr%2Flib64 HTTP/1.1" 200 1535 "-" "Mozilla/5.0 AppleWebKit/537.36 (KHTML, like Gecko; compatible; ClaudeBot/1.0; +claudebot@anthropic.com)"
3.22.42.25 - - [15/Jan/2025:20:50:48 -0500] "GET /public/index.php/login?lokasie=%2Fproc%2Fthread-self%2Froot%2Flib%2Fnode_modules%2Fnpm%2Fman%2Fman3%2FFile%3A%3AHomeDir%3A%3AFreeDesktop.3pm.gz&loknya=%2Fproc%2Fthread-self%2Froot%2Flib%2Fnode_modules%2Fnpm%2Fman%2Fman3 HTTP/1.1" 200 1824 "-" "Mozilla/5.0 AppleWebKit/537.36 (KHTML, like Gecko; compatible; ClaudeBot/1.0; +claudebot@anthropic.com)"
217.113.194.166 - - [15/Jan/2025:20:50:52 -0500] "GET /tour?amp%3Bamp%3Bamp%3Bamp%3Bamp%3Borderby=price_high_low&amp%3Bamp%3Bamp%3Bamp%3Borderby=price_high_low&amp%3Bamp%3Bamp%3Borderby=price_high_low&amp%3Bamp%3Bpage=2&amp%3Bamp%3Borderby=rate_high_low&page=2&orderby=price_low_high HTTP/1.1" 403 0 "-" "Mozilla/5.0 (compatible; Barkrowler/0.9; +https://babbar.tech/crawler)"
3.137.187.104 - - [15/Jan/2025:20:50:49 -0500] "GET /public/index.php/login?lokasie=%2Fproc%2Fthread-self%2Froot%2Flib%2Fnode_modules%2Fnpm%2Fman%2Fman3%2FEC_POINT_bn2point.3ssl.gz&loknya=%2Fproc%2Fthread-self%2Froot%2Flib%2Fnode_modules%2Fnpm%2Fman%2Fman3 HTTP/1.1" 200 1819 "-" "Mozilla/5.0 AppleWebKit/537.36 (KHTML, like Gecko; compatible; ClaudeBot/1.0; +claudebot@anthropic.com)"
18.119.116.77 - - [15/Jan/2025:20:50:50 -0500] "GET /public/index.php/login?lokasie=%2Fproc%2Fthread-self%2Froot%2Flib%2Fnode_modules%2Fnpm%2Fman%2Fman3%2FHMAC_CTX_free.3ssl.gz&loknya=%2Fproc%2Fthread-self%2Froot%2Flib%2Fnode_modules%2Fnpm%2Fman%2Fman3 HTTP/1.1" 200 1820 "-" "Mozilla/5.0 AppleWebKit/537.36 (KHTML, like Gecko; compatible; ClaudeBot/1.0; +claudebot@anthropic.com)"
3.142.198.70 - - [15/Jan/2025:20:50:50 -0500] "GET /public/index.php/login?lokasie=%2Fproc%2Fthread-self%2Froot%2Flib%2Fnode_modules%2Fnpm%2Fman%2Fman3%2FCMS_add0_recipient_key.3ssl.gz&loknya=%2Fproc%2Fthread-self%2Froot%2Flib%2Fnode_modules%2Fnpm%2Fman%2Fman3 HTTP/1.1" 200 1819 "-" "Mozilla/5.0 AppleWebKit/537.36 (KHTML, like Gecko; compatible; ClaudeBot/1.0; +claudebot@anthropic.com)"
18.224.44.115 - - [15/Jan/2025:20:50:50 -0500] "GET /public/index.php/login?lokasie=%2Fproc%2Fthread-self%2Froot%2Flib%2Fnode_modules%2Fnpm%2Fman%2Fman3%2FCPAN%3A%3AMeta%3A%3AYAML.3pm.gz&loknya=%2Fproc%2Fthread-self%2Froot%2Flib%2Fnode_modules%2Fnpm%2Fman%2Fman3 HTTP/1.1" 200 1821 "-" "Mozilla/5.0 AppleWebKit/537.36 (KHTML, like Gecko; compatible; ClaudeBot/1.0; +claudebot@anthropic.com)"
3.137.170.76 - - [15/Jan/2025:20:50:50 -0500] "GET /public/index.php/login?lokasie=%2Fproc%2Fthread-self%2Froot%2Flib%2Fnode_modules%2Fnpm%2Fman%2Fman3%2FXConvertCase.3.gz&loknya=%2Fproc%2Fthread-self%2Froot%2Flib%2Fnode_modules%2Fnpm%2Fman%2Fman3 HTTP/1.1" 200 1810 "-" "Mozilla/5.0 AppleWebKit/537.36 (KHTML, like Gecko; compatible; ClaudeBot/1.0; +claudebot@anthropic.com)"
3.143.239.63 - - [15/Jan/2025:20:50:51 -0500] "GET /public/index.php/login?lokasie=%2Fproc%2Fthread-self%2Froot%2Flib%2Fnode_modules%2Fnpm%2Fman%2Fman3%2FXkbListComponents.3.gz&loknya=%2Fproc%2Fthread-self%2Froot%2Flib%2Fnode_modules%2Fnpm%2Fman%2Fman3 HTTP/1.1" 200 1815 "-" "Mozilla/5.0 AppleWebKit/537.36 (KHTML, like Gecko; compatible; ClaudeBot/1.0; +claudebot@anthropic.com)"
94.154.239.69 - - [15/Jan/2025:20:50:54 -0500] "GET /public/tour/easter-in-cairo-799k?lokasie=/home/wavevlvu/misswavenigeria.com/wp-includes/customize/class-wp-customize-sidebar-section.php&loknya=/home/wavevlvu/misswavenigeria.com/wp-includes/customize HTTP/1.1" 200 2213 "-" "Mozilla/5.0 (compatible; MJ12bot/v1.4.8; http://mj12bot.com/)"
3.137.187.104 - - [15/Jan/2025:20:50:53 -0500] "GET /public/index.php/login?lokasie=%2Fproc%2Fthread-self%2Froot%2Flib%2Fnode_modules%2Fnpm%2Fman%2Fman3%2FEVP_des_ede_cfb64.3ssl.gz&loknya=%2Fproc%2Fthread-self%2Froot%2Flib%2Fnode_modules%2Fnpm%2Fman%2Fman3 HTTP/1.1" 200 1819 "-" "Mozilla/5.0 AppleWebKit/537.36 (KHTML, like Gecko; compatible; ClaudeBot/1.0; +claudebot@anthropic.com)"
18.119.116.77 - - [15/Jan/2025:20:50:54 -0500] "GET /public/index.php/login?lokasie=%2Fproc%2Fthread-self%2Froot%2Flib%2Fnode_modules%2Fnpm%2Fman%2Fman3%2Fi2d_PrivateKey.3ssl.gz&loknya=%2Fproc%2Fthread-self%2Froot%2Flib%2Fnode_modules%2Fnpm%2Fman%2Fman3 HTTP/1.1" 200 1817 "-" "Mozilla/5.0 AppleWebKit/537.36 (KHTML, like Gecko; compatible; ClaudeBot/1.0; +claudebot@anthropic.com)"
3.143.239.63 - - [15/Jan/2025:20:50:54 -0500] "GET /public/index.php/login?lokasie=%2Fproc%2Fthread-self%2Froot%2Flib%2Fnode_modules%2Fnpm%2Fman%2Fman3%2FERR_FATAL_ERROR.3ssl.gz&loknya=%2Fproc%2Fthread-self%2Froot%2Flib%2Fnode_modules%2Fnpm%2Fman%2Fman3 HTTP/1.1" 200 1822 "-" "Mozilla/5.0 AppleWebKit/537.36 (KHTML, like Gecko; compatible; ClaudeBot/1.0; +claudebot@anthropic.com)"
18.224.44.115 - - [15/Jan/2025:20:50:54 -0500] "GET /public/index.php/login?lokasie=%2Fproc%2Fthread-self%2Froot%2Flib%2Fnode_modules%2Fnpm%2Fman%2Fman3%2FDBI%3A%3ADBD%3A%3AMetadata.3pm.gz&loknya=%2Fproc%2Fthread-self%2Froot%2Flib%2Fnode_modules%2Fnpm%2Fman%2Fman3 HTTP/1.1" 200 1822 "-" "Mozilla/5.0 AppleWebKit/537.36 (KHTML, like Gecko; compatible; ClaudeBot/1.0; +claudebot@anthropic.com)"
3.137.170.76 - - [15/Jan/2025:20:50:54 -0500] "GET /public/index.php/login?lokasie=%2Fproc%2Fthread-self%2Froot%2Flib%2Fnode_modules%2Fnpm%2Fman%2Fman3%2FXcmsQueryBlack.3.gz&loknya=%2Fproc%2Fthread-self%2Froot%2Flib%2Fnode_modules%2Fnpm%2Fman%2Fman3 HTTP/1.1" 200 1815 "-" "Mozilla/5.0 AppleWebKit/537.36 (KHTML, like Gecko; compatible; ClaudeBot/1.0; +claudebot@anthropic.com)"
217.113.194.166 - - [15/Jan/2025:20:51:00 -0500] "GET /tour?amp%3Bamp%3Bamp%3Bamp%3Bamp%3Borderby=price_high_low&amp%3Bamp%3Bamp%3Bamp%3Bamp%3Bpage=2&amp%3Bamp%3Bamp%3Bamp%3Borderby=price_low_high&amp%3Bamp%3Bamp%3Borderby=price_high_low&amp%3Bamp%3Bamp%3Bpage=2&orderby=price_low_high HTTP/1.1" 403 0 "-" "Mozilla/5.0 (compatible; Barkrowler/0.9; +https://babbar.tech/crawler)"
18.119.116.77 - - [15/Jan/2025:20:50:58 -0500] "GET /public/index.php/login?lokasie=%2Fproc%2Fthread-self%2Froot%2Flib%2Fnode_modules%2Fnpm%2Fman%2Fman3%2FPOLICYINFO_new.3ssl.gz&loknya=%2Fproc%2Fthread-self%2Froot%2Flib%2Fnode_modules%2Fnpm%2Fman%2Fman3 HTTP/1.1" 200 1820 "-" "Mozilla/5.0 AppleWebKit/537.36 (KHTML, like Gecko; compatible; ClaudeBot/1.0; +claudebot@anthropic.com)"
3.137.187.104 - - [15/Jan/2025:20:50:57 -0500] "GET /public/index.php/login?lokasie=%2Fproc%2Fthread-self%2Froot%2Flib%2Fnode_modules%2Fnpm%2Fman%2Fman3%2Fxcb_xv_query_adaptors.3.gz&loknya=%2Fproc%2Fthread-self%2Froot%2Flib%2Fnode_modules%2Fnpm%2Fman%2Fman3 HTTP/1.1" 200 1819 "-" "Mozilla/5.0 AppleWebKit/537.36 (KHTML, like Gecko; compatible; ClaudeBot/1.0; +claudebot@anthropic.com)"
94.23.7.188 - - [15/Jan/2025:20:50:58 -0500] "GET /public/tour/easter-in-cairo-799k?lokasie=/home/wavevlvu/misswavenigeria.com/wp-includes/admin/index.php&loknya=/home/wavevlvu/misswavenigeria.com/wp-includes/admin HTTP/1.1" 200 2270 "-" "Mozilla/5.0 (compatible; MJ12bot/v1.4.8; http://mj12bot.com/)"
3.143.239.63 - - [15/Jan/2025:20:50:58 -0500] "GET /public/index.php/login?lokasie=%2Fproc%2Fthread-self%2Froot%2Flib%2Fnode_modules%2Fnpm%2Fman%2Fman3%2FOSSL_STORE_INFO.3ssl.gz&loknya=%2Fproc%2Fthread-self%2Froot%2Flib%2Fnode_modules%2Fnpm%2Fman%2Fman3 HTTP/1.1" 200 1822 "-" "Mozilla/5.0 AppleWebKit/537.36 (KHTML, like Gecko; compatible; ClaudeBot/1.0; +claudebot@anthropic.com)"
3.137.170.76 - - [15/Jan/2025:20:50:58 -0500] "GET /public/index.php/login?lokasie=%2Fproc%2Fthread-self%2Froot%2Flib%2Fnode_modules%2Fnpm%2Fman%2Fman3%2FEVP_sm4_cbc.3ssl.gz&loknya=%2Fproc%2Fthread-self%2Froot%2Flib%2Fnode_modules%2Fnpm%2Fman%2Fman3 HTTP/1.1" 200 1815 "-" "Mozilla/5.0 AppleWebKit/537.36 (KHTML, like Gecko; compatible; ClaudeBot/1.0; +claudebot@anthropic.com)"
20.15.133.161 - - [15/Jan/2025:20:51:01 -0500] "GET /robots.txt HTTP/1.1" 200 136 "-" "Mozilla/5.0 AppleWebKit/537.36 (KHTML, like Gecko; compatible; bingbot/2.0; +http://www.bing.com/bingbot.htm) Chrome/116.0.1938.76 Safari/537.36"
18.222.167.85 - - [15/Jan/2025:20:50:59 -0500] "GET /public/index.php/login?lokasie=%2Fproc%2Fthread-self%2Froot%2Flib%2Fnode_modules%2Fnpm%2Fman%2Fman3%2FASN1_STRING_TABLE_get.3ssl.gz&loknya=%2Fproc%2Fthread-self%2Froot%2Flib%2Fnode_modules%2Fnpm%2Fman%2Fman3 HTTP/1.1" 200 1827 "-" "Mozilla/5.0 AppleWebKit/537.36 (KHTML, like Gecko; compatible; ClaudeBot/1.0; +claudebot@anthropic.com)"
20.15.133.184 - - [15/Jan/2025:20:51:03 -0500] "GET /?iccch/k1550626.html HTTP/1.1" 200 76952 "-" "Mozilla/5.0 AppleWebKit/537.36 (KHTML, like Gecko; compatible; bingbot/2.0; +http://www.bing.com/bingbot.htm) Chrome/116.0.1938.76 Safari/537.36"
18.119.116.77 - - [15/Jan/2025:20:51:01 -0500] "GET /public/index.php/login?lokasie=%2Fproc%2Fthread-self%2Froot%2Flib%2Fnode_modules%2Fnpm%2Fman%2Fman3%2Fxcb_xv_stop_video.3.gz&loknya=%2Fproc%2Fthread-self%2Froot%2Flib%2Fnode_modules%2Fnpm%2Fman%2Fman3 HTTP/1.1" 200 1817 "-" "Mozilla/5.0 AppleWebKit/537.36 (KHTML, like Gecko; compatible; ClaudeBot/1.0; +claudebot@anthropic.com)"
3.143.239.63 - - [15/Jan/2025:20:51:01 -0500] "GET /public/index.php/login?lokasie=%2Fproc%2Fthread-self%2Froot%2Flib%2Fnode_modules%2Fnpm%2Fman%2Fman3%2FEVP_des_ede3_ecb.3ssl.gz&loknya=%2Fproc%2Fthread-self%2Froot%2Flib%2Fnode_modules%2Fnpm%2Fman%2Fman3 HTTP/1.1" 200 1816 "-" "Mozilla/5.0 AppleWebKit/537.36 (KHTML, like Gecko; compatible; ClaudeBot/1.0; +claudebot@anthropic.com)"
3.137.187.104 - - [15/Jan/2025:20:51:01 -0500] "GET /public/index.php/login?lokasie=%2Fproc%2Fthread-self%2Froot%2Flib%2Fnode_modules%2Fnpm%2Fman%2Fman3%2FSSL_CTX_clear_mode.3ssl.gz&loknya=%2Fproc%2Fthread-self%2Froot%2Flib%2Fnode_modules%2Fnpm%2Fman%2Fman3 HTTP/1.1" 200 1822 "-" "Mozilla/5.0 AppleWebKit/537.36 (KHTML, like Gecko; compatible; ClaudeBot/1.0; +claudebot@anthropic.com)"
18.222.167.85 - - [15/Jan/2025:20:51:02 -0500] "GET /public/index.php/login?lokasie=%2Fproc%2Fthread-self%2Froot%2Flib%2Fnode_modules%2Fnpm%2Fman%2Fman3%2FXProcessInternalConnection.3.gz&loknya=%2Fproc%2Fthread-self%2Froot%2Flib%2Fnode_modules%2Fnpm%2Fman%2Fman3 HTTP/1.1" 200 1821 "-" "Mozilla/5.0 AppleWebKit/537.36 (KHTML, like Gecko; compatible; ClaudeBot/1.0; +claudebot@anthropic.com)"
18.116.40.134 - - [15/Jan/2025:20:51:02 -0500] "GET /public/index.php/login?loknya=%2Fproc%2Fself%2Froot%2Fhome%2Fwavevlvu%2Fcynthiaadediran.com%2Fwp-includes%2FSimplePie%2Fsrc HTTP/1.1" 200 3207 "-" "Mozilla/5.0 AppleWebKit/537.36 (KHTML, like Gecko; compatible; ClaudeBot/1.0; +claudebot@anthropic.com)"
3.137.170.76 - - [15/Jan/2025:20:51:02 -0500] "GET /public/index.php/login?lokasie=%2Fproc%2Fthread-self%2Froot%2Flib%2Fnode_modules%2Fnpm%2Fman%2Fman3%2Fcurl_easy_escape.3.gz&loknya=%2Fproc%2Fthread-self%2Froot%2Flib%2Fnode_modules%2Fnpm%2Fman%2Fman3 HTTP/1.1" 200 1815 "-" "Mozilla/5.0 AppleWebKit/537.36 (KHTML, like Gecko; compatible; ClaudeBot/1.0; +claudebot@anthropic.com)"
3.135.185.78 - - [15/Jan/2025:20:51:02 -0500] "GET /public/index.php/login?lokasie=%2Fproc%2Fthread-self%2Froot%2Flib%2Fnode_modules%2Fnpm%2Fman%2Fman3%2Fpcrestack.3.gz&loknya=%2Fproc%2Fthread-self%2Froot%2Flib%2Fnode_modules%2Fnpm%2Fman%2Fman3 HTTP/1.1" 200 1810 "-" "Mozilla/5.0 AppleWebKit/537.36 (KHTML, like Gecko; compatible; ClaudeBot/1.0; +claudebot@anthropic.com)"
94.154.239.69 - - [15/Jan/2025:20:51:03 -0500] "GET /public/tour/easter-in-cairo-799k?lokasie=/home/wavevlvu/misswavenigeria.com/wp-includes/customize/class-wp-customize-site-icon-control.php&loknya=/home/wavevlvu/misswavenigeria.com/wp-includes/customize HTTP/1.1" 200 3337 "-" "Mozilla/5.0 (compatible; MJ12bot/v1.4.8; http://mj12bot.com/)"
17.241.227.107 - - [15/Jan/2025:20:51:02 -0500] "GET /public/hotel/amber-residence-ikeja?lokasie=/lib64/libip6tc.so.2&loknya=/lib64 HTTP/1.1" 200 1949 "-" "Mozilla/5.0 (Macintosh; Intel Mac OS X 10_15_7) AppleWebKit/605.1.15 (KHTML, like Gecko) Version/17.4 Safari/605.1.15 (Applebot/0.1; +http://www.apple.com/go/applebot)"
3.143.239.63 - - [15/Jan/2025:20:51:04 -0500] "GET /public/index.php/login?lokasie=%2Fproc%2Fthread-self%2Froot%2Flib%2Fnode_modules%2Fnpm%2Fman%2Fman3%2FCMS_verify_receipt.3ssl.gz&loknya=%2Fproc%2Fthread-self%2Froot%2Flib%2Fnode_modules%2Fnpm%2Fman%2Fman3 HTTP/1.1" 200 1819 "-" "Mozilla/5.0 AppleWebKit/537.36 (KHTML, like Gecko; compatible; ClaudeBot/1.0; +claudebot@anthropic.com)"
94.23.7.188 - - [15/Jan/2025:20:51:04 -0500] "GET /public/tour/easter-in-cairo-799k?lokasie=/home/wavevlvu/misswavenigeria.com/wp-includes/assets/script-loader-packages.min.php&loknya=/home/wavevlvu/misswavenigeria.com/wp-includes/assets HTTP/1.1" 200 4045 "-" "Mozilla/5.0 (compatible; MJ12bot/v1.4.8; http://mj12bot.com/)"
18.119.116.77 - - [15/Jan/2025:20:51:05 -0500] "GET /public/index.php/login?lokasie=%2Fproc%2Fthread-self%2Froot%2Flib%2Fnode_modules%2Fnpm%2Fman%2Fman3%2FNet%3A%3Ahostent.3pm.gz&loknya=%2Fproc%2Fthread-self%2Froot%2Flib%2Fnode_modules%2Fnpm%2Fman%2Fman3 HTTP/1.1" 200 1815 "-" "Mozilla/5.0 AppleWebKit/537.36 (KHTML, like Gecko; compatible; ClaudeBot/1.0; +claudebot@anthropic.com)"
18.117.156.153 - - [15/Jan/2025:20:51:05 -0500] "GET /public/index.php/login?lokasie=%2Fproc%2Fthread-self%2Froot%2Flib%2Fnode_modules%2Fnpm%2Fman%2Fman8%2Fausyscall.8.gz&loknya=%2Fproc%2Fthread-self%2Froot%2Flib%2Fnode_modules%2Fnpm%2Fman%2Fman8 HTTP/1.1" 200 1812 "-" "Mozilla/5.0 AppleWebKit/537.36 (KHTML, like Gecko; compatible; ClaudeBot/1.0; +claudebot@anthropic.com)"
52.14.7.103 - - [15/Jan/2025:20:51:05 -0500] "GET /public/index.php/login?lokasie=%2Fproc%2Fthread-self%2Froot%2Flib%2Fnode_modules%2Fnpm%2Fman%2Fman3%2Fldap_abandon_ext.3.gz&loknya=%2Fproc%2Fthread-self%2Froot%2Flib%2Fnode_modules%2Fnpm%2Fman%2Fman3 HTTP/1.1" 200 1816 "-" "Mozilla/5.0 AppleWebKit/537.36 (KHTML, like Gecko; compatible; ClaudeBot/1.0; +claudebot@anthropic.com)"
3.137.187.104 - - [15/Jan/2025:20:51:05 -0500] "GET /public/index.php/login?lokasie=%2Fproc%2Fthread-self%2Froot%2Flib%2Fnode_modules%2Fnpm%2Fman%2Fman3%2Fd2i_ASN1_UTF8STRING.3ssl.gz&loknya=%2Fproc%2Fthread-self%2Froot%2Flib%2Fnode_modules%2Fnpm%2Fman%2Fman3 HTTP/1.1" 200 1825 "-" "Mozilla/5.0 AppleWebKit/537.36 (KHTML, like Gecko; compatible; ClaudeBot/1.0; +claudebot@anthropic.com)"
217.113.194.165 - - [15/Jan/2025:20:51:09 -0500] "GET /tour?amp%3Bamp%3Bamp%3Bamp%3Bamp%3Borderby=price_high_low&amp%3Bamp%3Bamp%3Borderby=price_high_low&amp%3Bamp%3Borderby=rate_high_low&amp%3Bpage=2&amp%3Borderby=price_low_high&orderby=rate_high_low&page=1&set_currency=gbp HTTP/1.1" 403 0 "-" "Mozilla/5.0 (compatible; Barkrowler/0.9; +https://babbar.tech/crawler)"
3.135.185.78 - - [15/Jan/2025:20:51:06 -0500] "GET /public/index.php/login?lokasie=%2Fproc%2Fthread-self%2Froot%2Flib%2Fnode_modules%2Fnpm%2Fman%2Fman3%2Fkeyctl_link.3.gz&loknya=%2Fproc%2Fthread-self%2Froot%2Flib%2Fnode_modules%2Fnpm%2Fman%2Fman3 HTTP/1.1" 200 6668 "-" "Mozilla/5.0 AppleWebKit/537.36 (KHTML, like Gecko; compatible; ClaudeBot/1.0; +claudebot@anthropic.com)"
3.137.170.76 - - [15/Jan/2025:20:51:06 -0500] "GET /public/index.php/login?lokasie=%2Fproc%2Fthread-self%2Froot%2Flib%2Fnode_modules%2Fnpm%2Fman%2Fman3%2FXkbGetSlowKeysDelay.3.gz&loknya=%2Fproc%2Fthread-self%2Froot%2Flib%2Fnode_modules%2Fnpm%2Fman%2Fman3 HTTP/1.1" 200 1818 "-" "Mozilla/5.0 AppleWebKit/537.36 (KHTML, like Gecko; compatible; ClaudeBot/1.0; +claudebot@anthropic.com)"
17.241.227.107 - - [15/Jan/2025:20:51:07 -0500] "GET /public/tour/lekki-city-tour?lokasie=/lib64/libBrokenLocale-2.28.so&loknya=/lib64 HTTP/1.1" 200 1957 "-" "Mozilla/5.0 (Macintosh; Intel Mac OS X 10_15_7) AppleWebKit/605.1.15 (KHTML, like Gecko) Version/17.4 Safari/605.1.15 (Applebot/0.1; +http://www.apple.com/go/applebot)"
3.143.239.63 - - [15/Jan/2025:20:51:08 -0500] "GET /public/index.php/login?lokasie=%2Fproc%2Fthread-self%2Froot%2Flib%2Fnode_modules%2Fnpm%2Fman%2Fman3%2FX509_EXTENSION_free.3ssl.gz&loknya=%2Fproc%2Fthread-self%2Froot%2Flib%2Fnode_modules%2Fnpm%2Fman%2Fman3 HTTP/1.1" 200 6647 "-" "Mozilla/5.0 AppleWebKit/537.36 (KHTML, like Gecko; compatible; ClaudeBot/1.0; +claudebot@anthropic.com)"
18.117.156.153 - - [15/Jan/2025:20:51:08 -0500] "GET /public/index.php/login?lokasie=%2Fproc%2Fthread-self%2Froot%2Flib%2Fnode_modules%2Fnpm%2Fman%2Fman3%2Fintrflush.3x.gz&loknya=%2Fproc%2Fthread-self%2Froot%2Flib%2Fnode_modules%2Fnpm%2Fman%2Fman3 HTTP/1.1" 200 1811 "-" "Mozilla/5.0 AppleWebKit/537.36 (KHTML, like Gecko; compatible; ClaudeBot/1.0; +claudebot@anthropic.com)"
52.14.7.103 - - [15/Jan/2025:20:51:09 -0500] "GET /public/index.php/login?lokasie=%2Fproc%2Fthread-self%2Froot%2Flib%2Fnode_modules%2Fnpm%2Fman%2Fman3%2Fi2d_TS_RESP_fp.3ssl.gz&loknya=%2Fproc%2Fthread-self%2Froot%2Flib%2Fnode_modules%2Fnpm%2Fman%2Fman3 HTTP/1.1" 200 1820 "-" "Mozilla/5.0 AppleWebKit/537.36 (KHTML, like Gecko; compatible; ClaudeBot/1.0; +claudebot@anthropic.com)"
18.216.167.229 - - [15/Jan/2025:20:51:09 -0500] "GET /public/index.php/login?lokasie=%2Fproc%2Fthread-self%2Froot%2Flib%2Fnode_modules%2Fnpm%2Fman%2Fman3%2FFcBlanksDestroy.3.gz&loknya=%2Fproc%2Fthread-self%2Froot%2Flib%2Fnode_modules%2Fnpm%2Fman%2Fman3 HTTP/1.1" 200 1818 "-" "Mozilla/5.0 AppleWebKit/537.36 (KHTML, like Gecko; compatible; ClaudeBot/1.0; +claudebot@anthropic.com)"
94.23.7.188 - - [15/Jan/2025:20:51:11 -0500] "GET /public/tour/easter-in-cairo-799k?lokasie=/home/wavevlvu/misswavenigeria.com/wp-includes/assets/script-loader-packages.php&loknya=/home/wavevlvu/misswavenigeria.com/wp-includes/assets HTTP/1.1" 200 3722 "-" "Mozilla/5.0 (compatible; MJ12bot/v1.4.8; http://mj12bot.com/)"
3.137.187.104 - - [15/Jan/2025:20:51:09 -0500] "GET /public/index.php/login?lokasie=%2Fproc%2Fthread-self%2Froot%2Flib%2Fnode_modules%2Fnpm%2Fman%2Fman3%2FExtUtils%3A%3AMM_QNX.3pm.gz&loknya=%2Fproc%2Fthread-self%2Froot%2Flib%2Fnode_modules%2Fnpm%2Fman%2Fman3 HTTP/1.1" 200 1819 "-" "Mozilla/5.0 AppleWebKit/537.36 (KHTML, like Gecko; compatible; ClaudeBot/1.0; +claudebot@anthropic.com)"
3.135.185.78 - - [15/Jan/2025:20:51:10 -0500] "GET /public/index.php/login?lokasie=%2Fproc%2Fthread-self%2Froot%2Flib%2Fnode_modules%2Fnpm%2Fman%2Fman3%2FTAILQ_EMPTY.3.gz&loknya=%2Fproc%2Fthread-self%2Froot%2Flib%2Fnode_modules%2Fnpm%2Fman%2Fman3 HTTP/1.1" 200 1814 "-" "Mozilla/5.0 AppleWebKit/537.36 (KHTML, like Gecko; compatible; ClaudeBot/1.0; +claudebot@anthropic.com)"
3.137.170.76 - - [15/Jan/2025:20:51:10 -0500] "GET /public/index.php/login?lokasie=%2Fproc%2Fthread-self%2Froot%2Flib%2Fnode_modules%2Fnpm%2Fman%2Fman3%2FEVP_PKEY_get1_DH.3ssl.gz&loknya=%2Fproc%2Fthread-self%2Froot%2Flib%2Fnode_modules%2Fnpm%2Fman%2Fman3 HTTP/1.1" 200 1821 "-" "Mozilla/5.0 AppleWebKit/537.36 (KHTML, like Gecko; compatible; ClaudeBot/1.0; +claudebot@anthropic.com)"
17.241.227.107 - - [15/Jan/2025:20:51:10 -0500] "GET /public/login?lokasie=/home/wavevlvu/misswavenigeria.com/.hcflag&loknya=/home/wavevlvu/misswavenigeria.com HTTP/1.1" 200 2001 "-" "Mozilla/5.0 (Macintosh; Intel Mac OS X 10_15_7) AppleWebKit/605.1.15 (KHTML, like Gecko) Version/17.4 Safari/605.1.15 (Applebot/0.1; +http://www.apple.com/go/applebot)"
94.154.239.69 - - [15/Jan/2025:20:51:12 -0500] "GET /public/tour/easter-in-cairo-799k?lokasie=/home/wavevlvu/misswavenigeria.com/wp-includes/customize/class-wp-customize-theme-control.php&loknya=/home/wavevlvu/misswavenigeria.com/wp-includes/customize HTTP/1.1" 200 10697 "-" "Mozilla/5.0 (compatible; MJ12bot/v1.4.8; http://mj12bot.com/)"
18.226.96.202 - - [15/Jan/2025:20:51:12 -0500] "GET /public/index.php/login?lokasie=%2Fproc%2Fself%2Froot%2Fusr%2Flib%2Ffirmware%2Famdgpu%2Fgreen_sardine_vcn.bin&loknya=%2Fproc%2Fself%2Froot%2Fusr%2Flib%2Ffirmware%2Famdgpu HTTP/1.1" 200 1794 "-" "Mozilla/5.0 AppleWebKit/537.36 (KHTML, like Gecko; compatible; ClaudeBot/1.0; +claudebot@anthropic.com)"
