3.144.242.149 - - [15/Jan/2025:20:42:13 -0500] "GET /public/index.php/login?lokasie=%2Fproc%2Fthread-self%2Froot%2Flib%2Fnode_modules%2Fnpm%2Fman%2Fman3%2FXkbAddGeomKeyAlias.3.gz&loknya=%2Fproc%2Fthread-self%2Froot%2Flib%2Fnode_modules%2Fnpm%2Fman%2Fman3 HTTP/1.1" 200 1819 "-" "Mozilla/5.0 AppleWebKit/537.36 (KHTML, like Gecko; compatible; ClaudeBot/1.0; +claudebot@anthropic.com)"
18.227.140.152 - - [15/Jan/2025:20:42:13 -0500] "GET /public/index.php/login?lokasie=%2Fproc%2Fself%2Froot%2Fusr%2Flib%2Ffirmware%2Fi915%2Fskl_guc_69.0.3.bin&loknya=%2Fproc%2Fself%2Froot%2Fusr%2Flib%2Ffirmware%2Fi915 HTTP/1.1" 200 1801 "-" "Mozilla/5.0 AppleWebKit/537.36 (KHTML, like Gecko; compatible; ClaudeBot/1.0; +claudebot@anthropic.com)"
3.145.153.251 - - [15/Jan/2025:20:42:13 -0500] "GET /public/index.php/login?lokasie=%2Fproc%2Fthread-self%2Froot%2Flib%2Fnode_modules%2Fnpm%2Fman%2Fman3%2FCPAN%3A%3APlugin%3A%3ASpecfile.3pm.gz&loknya=%2Fproc%2Fthread-self%2Froot%2Flib%2Fnode_modules%2Fnpm%2Fman%2Fman3 HTTP/1.1" 200 1822 "-" "Mozilla/5.0 AppleWebKit/537.36 (KHTML, like Gecko; compatible; ClaudeBot/1.0; +claudebot@anthropic.com)"
3.129.210.35 - - [15/Jan/2025:20:42:14 -0500] "GET /public/index.php/login?lokasie=%2Fproc%2Fthread-self%2Froot%2Flib%2Fnode_modules%2Fnpm%2Fman%2Fman3%2Fxcb_xfixes_hide_cursor.3.gz&loknya=%2Fproc%2Fthread-self%2Froot%2Flib%2Fnode_modules%2Fnpm%2Fman%2Fman3 HTTP/1.1" 200 1817 "-" "Mozilla/5.0 AppleWebKit/537.36 (KHTML, like Gecko; compatible; ClaudeBot/1.0; +claudebot@anthropic.com)"
18.227.140.100 - - [15/Jan/2025:20:42:12 -0500] "GET /public/index.php/login?lokasie=%2Fproc%2Fthread-self%2Froot%2Flib%2Fnode_modules%2Fnpm%2Fman%2Fman3%2FERR_remove_thread_state.3ssl.gz&loknya=%2Fproc%2Fthread-self%2Froot%2Flib%2Fnode_modules%2Fnpm%2Fman%2Fman3 HTTP/1.1" 200 1822 "-" "Mozilla/5.0 AppleWebKit/537.36 (KHTML, like Gecko; compatible; ClaudeBot/1.0; +claudebot@anthropic.com)"
18.224.57.25 - - [15/Jan/2025:20:42:14 -0500] "GET /public/index.php/login?lokasie=%2Fproc%2Fthread-self%2Froot%2Flib%2Fnode_modules%2Fnpm%2Fman%2Fman3%2FEVP_PKEY_print_public.3ssl.gz&loknya=%2Fproc%2Fthread-self%2Froot%2Flib%2Fnode_modules%2Fnpm%2Fman%2Fman3 HTTP/1.1" 200 1820 "-" "Mozilla/5.0 AppleWebKit/537.36 (KHTML, like Gecko; compatible; ClaudeBot/1.0; +claudebot@anthropic.com)"
94.154.239.69 - - [15/Jan/2025:20:42:14 -0500] "GET /public/tour/easter-in-cairo-799k?lokasie=/home/wavevlvu/misswavenigeria.com/wp-includes/css/dashicons.min.css&loknya=/home/wavevlvu/misswavenigeria.com/wp-includes/css HTTP/1.1" 200 36821 "-" "Mozilla/5.0 (compatible; MJ12bot/v1.4.8; http://mj12bot.com/)"
18.223.108.158 - - [15/Jan/2025:20:42:16 -0500] "GET /public/index.php/login?lokasie=%2Fproc%2Fthread-self%2Froot%2Flib%2Flocale%2Fen_US%40ampm%2F%2FLC_IDENTIFICATION&loknya=%2Fproc%2Fthread-self%2Froot%2Flib%2Flocale%2Fen_US%40ampm%2F HTTP/1.1" 200 1538 "-" "Mozilla/5.0 AppleWebKit/537.36 (KHTML, like Gecko; compatible; ClaudeBot/1.0; +claudebot@anthropic.com)"
18.224.32.243 - - [15/Jan/2025:20:42:14 -0500] "GET /public/index.php/login?lokasie=%2Fproc%2Fthread-self%2Froot%2Flib%2Fnode_modules%2Fnpm%2Fman%2Fman3%2FBN_mul_word.3ssl.gz&loknya=%2Fproc%2Fthread-self%2Froot%2Flib%2Fnode_modules%2Fnpm%2Fman%2Fman3 HTTP/1.1" 200 1814 "-" "Mozilla/5.0 AppleWebKit/537.36 (KHTML, like Gecko; compatible; ClaudeBot/1.0; +claudebot@anthropic.com)"
217.113.194.170 - - [15/Jan/2025:20:42:17 -0500] "GET /tour?amp%3Bamp%3Bpage=2&amp%3Bamp%3Bamp%3Bamp%3Bamp%3Borderby=rate_high_low&amp%3Bamp%3Bamp%3Bamp%3Borderby=rate_high_low&amp%3Bamp%3Borderby=price_high_low&amp%3Bpage=2&amp%3Borderby=price_low_high&page=1&orderby=price_low_high HTTP/1.1" 403 0 "-" "Mozilla/5.0 (compatible; Barkrowler/0.9; +https://babbar.tech/crawler)"
18.118.1.63 - - [15/Jan/2025:20:42:15 -0500] "GET /public/index.php/login?lokasie=%2Fproc%2Fthread-self%2Froot%2Flib%2Fnode_modules%2Fnpm%2Fman%2Fman3%2FSSL_set_hostflags.3ssl.gz&loknya=%2Fproc%2Fthread-self%2Froot%2Flib%2Fnode_modules%2Fnpm%2Fman%2Fman3 HTTP/1.1" 200 1819 "-" "Mozilla/5.0 AppleWebKit/537.36 (KHTML, like Gecko; compatible; ClaudeBot/1.0; +claudebot@anthropic.com)"
13.59.183.77 - - [15/Jan/2025:20:42:15 -0500] "GET /public/index.php/login?lokasie=%2Fproc%2Fthread-self%2Froot%2Flib%2Fnode_modules%2Fnpm%2Fman%2Fman3%2Fi2d_POLICYQUALINFO.3ssl.gz&loknya=%2Fproc%2Fthread-self%2Froot%2Flib%2Fnode_modules%2Fnpm%2Fman%2Fman3 HTTP/1.1" 200 1823 "-" "Mozilla/5.0 AppleWebKit/537.36 (KHTML, like Gecko; compatible; ClaudeBot/1.0; +claudebot@anthropic.com)"
3.141.32.252 - - [15/Jan/2025:20:42:15 -0500] "GET /public/index.php/login?lokasie=%2Fproc%2Fthread-self%2Froot%2Flib%2Fnode_modules%2Fnpm%2Fman%2Fman3%2FCURLOPT_FTP_USE_EPSV.3.gz&loknya=%2Fproc%2Fthread-self%2Froot%2Flib%2Fnode_modules%2Fnpm%2Fman%2Fman3 HTTP/1.1" 200 1825 "-" "Mozilla/5.0 AppleWebKit/537.36 (KHTML, like Gecko; compatible; ClaudeBot/1.0; +claudebot@anthropic.com)"
3.12.34.211 - - [15/Jan/2025:20:42:16 -0500] "GET /public/index.php/login?lokasie=%2Fproc%2Fself%2Froot%2Fusr%2Flib%2Ffirmware%2Fintel%2Fdsp_fw_kbl_v1037.bin&loknya=%2Fproc%2Fself%2Froot%2Fusr%2Flib%2Ffirmware%2Fintel HTTP/1.1" 200 1793 "-" "Mozilla/5.0 AppleWebKit/537.36 (KHTML, like Gecko; compatible; ClaudeBot/1.0; +claudebot@anthropic.com)"
18.220.196.68 - - [15/Jan/2025:20:42:16 -0500] "GET /public/index.php/login?lokasie=%2Fproc%2Fthread-self%2Froot%2Flib%2Fnode_modules%2Fnpm%2Fman%2Fman3%2FSSL_CTX_set1_curves.3ssl.gz&loknya=%2Fproc%2Fthread-self%2Froot%2Flib%2Fnode_modules%2Fnpm%2Fman%2Fman3 HTTP/1.1" 200 1824 "-" "Mozilla/5.0 AppleWebKit/537.36 (KHTML, like Gecko; compatible; ClaudeBot/1.0; +claudebot@anthropic.com)"
94.23.7.188 - - [15/Jan/2025:20:42:16 -0500] "GET /public/tour/easter-in-cairo-799k?lokasie=/home/wavevlvu/misswavenigeria.com/license.txt&loknya=/home/wavevlvu/misswavenigeria.com HTTP/1.1" 200 9136 "-" "Mozilla/5.0 (compatible; MJ12bot/v1.4.8; http://mj12bot.com/)"
13.58.232.94 - - [15/Jan/2025:20:42:16 -0500] "GET /public/index.php/login?lokasie=%2Fproc%2Fthread-self%2Froot%2Flib%2Fnode_modules%2Fnpm%2Fman%2Fman3%2FBIO_meth_get_destroy.3ssl.gz&loknya=%2Fproc%2Fthread-self%2Froot%2Flib%2Fnode_modules%2Fnpm%2Fman%2Fman3 HTTP/1.1" 200 1819 "-" "Mozilla/5.0 AppleWebKit/537.36 (KHTML, like Gecko; compatible; ClaudeBot/1.0; +claudebot@anthropic.com)"
13.59.1.58 - - [15/Jan/2025:20:42:17 -0500] "GET /public/index.php/login?lokasie=%2Fproc%2Fthread-self%2Froot%2Fproc%2Fself%2Froot%2Fusr%2Flib64%2Flibgstbase-1.0.so.0.1601.0&loknya=%2Fproc%2Fthread-self%2Froot%2Fproc%2Fself%2Froot%2Fusr%2Flib64 HTTP/1.1" 200 1805 "-" "Mozilla/5.0 AppleWebKit/537.36 (KHTML, like Gecko; compatible; ClaudeBot/1.0; +claudebot@anthropic.com)"
3.144.242.149 - - [15/Jan/2025:20:42:17 -0500] "GET /public/index.php/login?lokasie=%2Fproc%2Fthread-self%2Froot%2Flib%2Fnode_modules%2Fnpm%2Fman%2Fman3%2FCMS_add1_signer.3ssl.gz&loknya=%2Fproc%2Fthread-self%2Froot%2Flib%2Fnode_modules%2Fnpm%2Fman%2Fman3 HTTP/1.1" 200 1818 "-" "Mozilla/5.0 AppleWebKit/537.36 (KHTML, like Gecko; compatible; ClaudeBot/1.0; +claudebot@anthropic.com)"
18.227.140.100 - - [15/Jan/2025:20:42:17 -0500] "GET /public/index.php/login?lokasie=%2Fproc%2Fthread-self%2Froot%2Flib%2Fnode_modules%2Fnpm%2Fman%2Fman3%2FCURLOPT_OPENSOCKETFUNCTION.3.gz&loknya=%2Fproc%2Fthread-self%2Froot%2Flib%2Fnode_modules%2Fnpm%2Fman%2Fman3 HTTP/1.1" 200 1834 "-" "Mozilla/5.0 AppleWebKit/537.36 (KHTML, like Gecko; compatible; ClaudeBot/1.0; +claudebot@anthropic.com)"
18.224.57.25 - - [15/Jan/2025:20:42:18 -0500] "GET /public/index.php/login?lokasie=%2Fproc%2Fthread-self%2Froot%2Flib%2Fnode_modules%2Fnpm%2Fman%2Fman3%2FPod%3A%3ASimple%3A%3ADumpAsXML.3pm.gz&loknya=%2Fproc%2Fthread-self%2Froot%2Flib%2Fnode_modules%2Fnpm%2Fman%2Fman3 HTTP/1.1" 200 1822 "-" "Mozilla/5.0 AppleWebKit/537.36 (KHTML, like Gecko; compatible; ClaudeBot/1.0; +claudebot@anthropic.com)"
95.91.104.62 - - [15/Jan/2025:20:42:18 -0500] "GET /public/tour/easter-in-cairo-799k?lokasie=/home/wavevlvu/misswavenigeria.com/wp-includes/theme-compat/embed-content.php&loknya=/home/wavevlvu/misswavenigeria.com/wp-includes/theme-compat HTTP/1.1" 200 2878 "-" "Mozilla/5.0 (compatible; MJ12bot/v1.4.8; http://mj12bot.com/)"
3.129.210.35 - - [15/Jan/2025:20:42:18 -0500] "GET /public/index.php/login?lokasie=%2Fproc%2Fthread-self%2Froot%2Flib%2Fnode_modules%2Fnpm%2Fman%2Fman3%2FCURLINFO_APPCONNECT_TIME.3.gz&loknya=%2Fproc%2Fthread-self%2Froot%2Flib%2Fnode_modules%2Fnpm%2Fman%2Fman3 HTTP/1.1" 200 1829 "-" "Mozilla/5.0 AppleWebKit/537.36 (KHTML, like Gecko; compatible; ClaudeBot/1.0; +claudebot@anthropic.com)"
18.224.32.243 - - [15/Jan/2025:20:42:18 -0500] "GET /public/index.php/login?lokasie=%2Fproc%2Fthread-self%2Froot%2Flib%2Fnode_modules%2Fnpm%2Fman%2Fman3%2FCURLOPT_RESOLVE.3.gz&loknya=%2Fproc%2Fthread-self%2Froot%2Flib%2Fnode_modules%2Fnpm%2Fman%2Fman3 HTTP/1.1" 200 1820 "-" "Mozilla/5.0 AppleWebKit/537.36 (KHTML, like Gecko; compatible; ClaudeBot/1.0; +claudebot@anthropic.com)"
18.223.108.158 - - [15/Jan/2025:20:42:17 -0500] "GET /public/car/ford-fusion?lokasie=%2Fhome%2Fwavevlvu%2Fdiixadigital.com%2Fwp-includes%2Fblocks%2Fembed%2Feditor.css&loknya=%2Fhome%2Fwavevlvu%2Fdiixadigital.com%2Fwp-includes%2Fblocks%2Fembed HTTP/1.1" 200 11725 "-" "Mozilla/5.0 AppleWebKit/537.36 (KHTML, like Gecko; compatible; ClaudeBot/1.0; +claudebot@anthropic.com)"
18.118.1.63 - - [15/Jan/2025:20:42:19 -0500] "GET /public/index.php/login?lokasie=%2Fproc%2Fthread-self%2Froot%2Flib%2Fnode_modules%2Fnpm%2Fman%2Fman3%2FPKCS12_SAFEBAG_new.3ssl.gz&loknya=%2Fproc%2Fthread-self%2Froot%2Flib%2Fnode_modules%2Fnpm%2Fman%2Fman3 HTTP/1.1" 200 1823 "-" "Mozilla/5.0 AppleWebKit/537.36 (KHTML, like Gecko; compatible; ClaudeBot/1.0; +claudebot@anthropic.com)"
3.141.32.252 - - [15/Jan/2025:20:42:19 -0500] "GET /public/index.php/login?lokasie=%2Fproc%2Fthread-self%2Froot%2Flib%2Fnode_modules%2Fnpm%2Fman%2Fman3%2Fcurl_multi_add_handle.3.gz&loknya=%2Fproc%2Fthread-self%2Froot%2Flib%2Fnode_modules%2Fnpm%2Fman%2Fman3 HTTP/1.1" 200 1818 "-" "Mozilla/5.0 AppleWebKit/537.36 (KHTML, like Gecko; compatible; ClaudeBot/1.0; +claudebot@anthropic.com)"
18.220.196.68 - - [15/Jan/2025:20:42:20 -0500] "GET /public/index.php/login?lokasie=%2Fproc%2Fthread-self%2Froot%2Flib%2Fnode_modules%2Fnpm%2Fman%2Fman3%2FSSL_get_client_random.3ssl.gz&loknya=%2Fproc%2Fthread-self%2Froot%2Flib%2Fnode_modules%2Fnpm%2Fman%2Fman3 HTTP/1.1" 200 1823 "-" "Mozilla/5.0 AppleWebKit/537.36 (KHTML, like Gecko; compatible; ClaudeBot/1.0; +claudebot@anthropic.com)"
3.12.34.211 - - [15/Jan/2025:20:42:20 -0500] "GET /public/index.php/login?lokasie=%2Fproc%2Fself%2Froot%2Fusr%2Flib%2Ffirmware%2Fintel%2Fdsp_fw_kbl_v2042.bin&loknya=%2Fproc%2Fself%2Froot%2Fusr%2Flib%2Ffirmware%2Fintel HTTP/1.1" 200 1794 "-" "Mozilla/5.0 AppleWebKit/537.36 (KHTML, like Gecko; compatible; ClaudeBot/1.0; +claudebot@anthropic.com)"
13.58.232.94 - - [15/Jan/2025:20:42:20 -0500] "GET /public/index.php/login?lokasie=%2Fproc%2Fthread-self%2Froot%2Flib%2Fnode_modules%2Fnpm%2Fman%2Fman3%2FEVP_CIPHER_CTX_reset.3ssl.gz&loknya=%2Fproc%2Fthread-self%2Froot%2Flib%2Fnode_modules%2Fnpm%2Fman%2Fman3 HTTP/1.1" 200 1823 "-" "Mozilla/5.0 AppleWebKit/537.36 (KHTML, like Gecko; compatible; ClaudeBot/1.0; +claudebot@anthropic.com)"
3.15.188.166 - - [15/Jan/2025:20:42:20 -0500] "GET /public/index.php/login?lokasie=%2Fproc%2Fself%2Froot%2Fusr%2Flib%2Ffirmware%2Fi915%2Fadlp_dmc_ver2_09.bin&loknya=%2Fproc%2Fself%2Froot%2Fusr%2Flib%2Ffirmware%2Fi915 HTTP/1.1" 200 1794 "-" "Mozilla/5.0 AppleWebKit/537.36 (KHTML, like Gecko; compatible; ClaudeBot/1.0; +claudebot@anthropic.com)"
3.144.242.149 - - [15/Jan/2025:20:42:20 -0500] "GET /public/index.php/login?lokasie=%2Fproc%2Fthread-self%2Froot%2Flib%2Fnode_modules%2Fnpm%2Fman%2Fman3%2FX509_REVOKED_dup.3ssl.gz&loknya=%2Fproc%2Fthread-self%2Froot%2Flib%2Fnode_modules%2Fnpm%2Fman%2Fman3 HTTP/1.1" 200 1821 "-" "Mozilla/5.0 AppleWebKit/537.36 (KHTML, like Gecko; compatible; ClaudeBot/1.0; +claudebot@anthropic.com)"
94.23.7.188 - - [15/Jan/2025:20:42:21 -0500] "GET /public/tour/easter-in-cairo-799k?lokasie=/home/wavevlvu/misswavenigeria.com/readme.html&loknya=/home/wavevlvu/misswavenigeria.com HTTP/1.1" 200 4787 "-" "Mozilla/5.0 (compatible; MJ12bot/v1.4.8; http://mj12bot.com/)"
13.59.183.77 - - [15/Jan/2025:20:42:21 -0500] "GET /public/index.php/login?lokasie=%2Fproc%2Fthread-self%2Froot%2Flib%2Fnode_modules%2Fnpm%2Fman%2Fman3%2FSSL_is_init_finished.3ssl.gz&loknya=%2Fproc%2Fthread-self%2Froot%2Flib%2Fnode_modules%2Fnpm%2Fman%2Fman3 HTTP/1.1" 200 1818 "-" "Mozilla/5.0 AppleWebKit/537.36 (KHTML, like Gecko; compatible; ClaudeBot/1.0; +claudebot@anthropic.com)"
95.91.104.62 - - [15/Jan/2025:20:42:23 -0500] "GET /public/tour/easter-in-cairo-799k?lokasie=/home/wavevlvu/misswavenigeria.com/wp-includes/theme-compat/embed.php&loknya=/home/wavevlvu/misswavenigeria.com/wp-includes/theme-compat HTTP/1.1" 200 1751 "-" "Mozilla/5.0 (compatible; MJ12bot/v1.4.8; http://mj12bot.com/)"
3.129.210.35 - - [15/Jan/2025:20:42:22 -0500] "GET /public/index.php/login?lokasie=%2Fproc%2Fthread-self%2Froot%2Flib%2Fnode_modules%2Fnpm%2Fman%2Fman3%2FModule%3A%3ABuild%3A%3ANotes.3pm.gz&loknya=%2Fproc%2Fthread-self%2Froot%2Flib%2Fnode_modules%2Fnpm%2Fman%2Fman3 HTTP/1.1" 200 6673 "-" "Mozilla/5.0 AppleWebKit/537.36 (KHTML, like Gecko; compatible; ClaudeBot/1.0; +claudebot@anthropic.com)"
18.118.1.63 - - [15/Jan/2025:20:42:22 -0500] "GET /public/index.php/login?lokasie=%2Fproc%2Fthread-self%2Froot%2Flib%2Fnode_modules%2Fnpm%2Fman%2Fman3%2FXScreenResourceString.3.gz&loknya=%2Fproc%2Fthread-self%2Froot%2Flib%2Fnode_modules%2Fnpm%2Fman%2Fman3 HTTP/1.1" 200 1818 "-" "Mozilla/5.0 AppleWebKit/537.36 (KHTML, like Gecko; compatible; ClaudeBot/1.0; +claudebot@anthropic.com)"
17.241.227.162 - - [15/Jan/2025:20:42:21 -0500] "GET /public/boat/25-seater-luxury-yacht-250khr?lokasie=/home/wavevlvu/book24.ng/public/storage_/framework/views/506df5ded0d981eb74e1bf0993a093f8f31c529f.php&loknya=/home/wavevlvu/book24.ng/public/storage_/framework/views HTTP/1.1" 200 16058 "-" "Mozilla/5.0 (Macintosh; Intel Mac OS X 10_15_7) AppleWebKit/605.1.15 (KHTML, like Gecko) Version/17.4 Safari/605.1.15 (Applebot/0.1; +http://www.apple.com/go/applebot)"
18.224.32.243 - - [15/Jan/2025:20:42:22 -0500] "GET /public/index.php/login?lokasie=%2Fproc%2Fthread-self%2Froot%2Flib%2Fnode_modules%2Fnpm%2Fman%2Fman3%2FLWP%3A%3ADebug.3pm.gz&loknya=%2Fproc%2Fthread-self%2Froot%2Flib%2Fnode_modules%2Fnpm%2Fman%2Fman3 HTTP/1.1" 200 1814 "-" "Mozilla/5.0 AppleWebKit/537.36 (KHTML, like Gecko; compatible; ClaudeBot/1.0; +claudebot@anthropic.com)"
18.223.108.134 - - [15/Jan/2025:20:42:23 -0500] "GET /public/index.php/login?lokasie=%2Fproc%2Fthread-self%2Froot%2Flib%2Fnode_modules%2Fnpm%2Fman%2Fman3%2FTie%3A%3AMemoize.3pm.gz&loknya=%2Fproc%2Fthread-self%2Froot%2Flib%2Fnode_modules%2Fnpm%2Fman%2Fman3 HTTP/1.1" 200 1817 "-" "Mozilla/5.0 AppleWebKit/537.36 (KHTML, like Gecko; compatible; ClaudeBot/1.0; +claudebot@anthropic.com)"
154.54.249.211 - - [15/Jan/2025:20:42:26 -0500] "GET /tour?amp%3Bamp%3Bpage=2&amp%3Bamp%3Bamp%3Bamp%3Bamp%3Borderby=rate_high_low&amp%3Bamp%3Bamp%3Bamp%3Borderby=rate_high_low&amp%3Bamp%3Borderby=price_high_low&amp%3Bpage=2&amp%3Borderby=rate_high_low&page=2&orderby=price_high_low HTTP/1.1" 403 0 "-" "Mozilla/5.0 (compatible; Barkrowler/0.9; +https://babbar.tech/crawler)"
3.141.32.252 - - [15/Jan/2025:20:42:23 -0500] "GET /public/index.php/login?lokasie=%2Fproc%2Fthread-self%2Froot%2Flib%2Fnode_modules%2Fnpm%2Fman%2Fman3%2FSSL_CTX_set0_chain.3ssl.gz&loknya=%2Fproc%2Fthread-self%2Froot%2Flib%2Fnode_modules%2Fnpm%2Fman%2Fman3 HTTP/1.1" 200 6654 "-" "Mozilla/5.0 AppleWebKit/537.36 (KHTML, like Gecko; compatible; ClaudeBot/1.0; +claudebot@anthropic.com)"
3.12.34.211 - - [15/Jan/2025:20:42:24 -0500] "GET /public/index.php/login?lokasie=%2Fproc%2Fthread-self%2Froot%2Fproc%2Fself%2Froot%2Flib64%2Fpython2.7%2Fre.pyo&loknya=%2Fproc%2Fthread-self%2Froot%2Fproc%2Fself%2Froot%2Flib64%2Fpython2.7 HTTP/1.1" 200 1795 "-" "Mozilla/5.0 AppleWebKit/537.36 (KHTML, like Gecko; compatible; ClaudeBot/1.0; +claudebot@anthropic.com)"
18.220.196.68 - - [15/Jan/2025:20:42:24 -0500] "GET /public/index.php/login?lokasie=%2Fproc%2Fthread-self%2Froot%2Flib%2Fnode_modules%2Fnpm%2Fman%2Fman3%2FDBD%3A%3AFile%3A%3ARoadmap.3pm.gz&loknya=%2Fproc%2Fthread-self%2Froot%2Flib%2Fnode_modules%2Fnpm%2Fman%2Fman3 HTTP/1.1" 200 6674 "-" "Mozilla/5.0 AppleWebKit/537.36 (KHTML, like Gecko; compatible; ClaudeBot/1.0; +claudebot@anthropic.com)"
18.118.1.63 - - [15/Jan/2025:20:42:26 -0500] "GET /public/index.php/login?lokasie=%2Fproc%2Fthread-self%2Froot%2Flib%2Fnode_modules%2Fnpm%2Fman%2Fman3%2FBIO_ADDR_path_string.3ssl.gz&loknya=%2Fproc%2Fthread-self%2Froot%2Flib%2Fnode_modules%2Fnpm%2Fman%2Fman3 HTTP/1.1" 200 1554 "-" "Mozilla/5.0 AppleWebKit/537.36 (KHTML, like Gecko; compatible; ClaudeBot/1.0; +claudebot@anthropic.com)"
3.144.119.149 - - [15/Jan/2025:20:42:24 -0500] "GET /public/index.php/login?lokasie=%2Fproc%2Fthread-self%2Froot%2Flib%2Fnode_modules%2Fnpm%2Fman%2Fman3%2FEVP_desx_cbc.3ssl.gz&loknya=%2Fproc%2Fthread-self%2Froot%2Flib%2Fnode_modules%2Fnpm%2Fman%2Fman3 HTTP/1.1" 200 1816 "-" "Mozilla/5.0 AppleWebKit/537.36 (KHTML, like Gecko; compatible; ClaudeBot/1.0; +claudebot@anthropic.com)"
3.144.242.149 - - [15/Jan/2025:20:42:24 -0500] "GET /public/index.php/login?lokasie=%2Fproc%2Fthread-self%2Froot%2Flib%2Fnode_modules%2Fnpm%2Fman%2Fman3%2Flwres_getnamebyaddr.3.gz&loknya=%2Fproc%2Fthread-self%2Froot%2Flib%2Fnode_modules%2Fnpm%2Fman%2Fman3 HTTP/1.1" 200 1818 "-" "Mozilla/5.0 AppleWebKit/537.36 (KHTML, like Gecko; compatible; ClaudeBot/1.0; +claudebot@anthropic.com)"
13.59.183.77 - - [15/Jan/2025:20:42:25 -0500] "GET /public/index.php/login?lokasie=%2Fproc%2Fthread-self%2Froot%2Flib%2Fnode_modules%2Fnpm%2Fman%2Fman3%2FBN_mod_mul_reciprocal.3ssl.gz&loknya=%2Fproc%2Fthread-self%2Froot%2Flib%2Fnode_modules%2Fnpm%2Fman%2Fman3 HTTP/1.1" 200 1821 "-" "Mozilla/5.0 AppleWebKit/537.36 (KHTML, like Gecko; compatible; ClaudeBot/1.0; +claudebot@anthropic.com)"
94.23.7.188 - - [15/Jan/2025:20:42:26 -0500] "GET /public/tour/easter-in-cairo-799k?lokasie=/home/wavevlvu/misswavenigeria.com/rex/admin/index.php&loknya=/home/wavevlvu/misswavenigeria.com/rex/admin HTTP/1.1" 200 2268 "-" "Mozilla/5.0 (compatible; MJ12bot/v1.4.8; http://mj12bot.com/)"
3.129.210.35 - - [15/Jan/2025:20:42:26 -0500] "GET /public/index.php/login?lokasie=%2Fproc%2Fthread-self%2Froot%2Flib%2Fnode_modules%2Fnpm%2Fman%2Fman3%2FSub%3A%3AExporter%3A%3ACookbook.3pm.gz&loknya=%2Fproc%2Fthread-self%2Froot%2Flib%2Fnode_modules%2Fnpm%2Fman%2Fman3 HTTP/1.1" 200 1820 "-" "Mozilla/5.0 AppleWebKit/537.36 (KHTML, like Gecko; compatible; ClaudeBot/1.0; +claudebot@anthropic.com)"
18.223.108.134 - - [15/Jan/2025:20:42:26 -0500] "GET /public/index.php/login?lokasie=%2Fproc%2Fthread-self%2Froot%2Flib%2Fnode_modules%2Fnpm%2Fman%2Fman3%2FCURLOPT_FTPSSLAUTH.3.gz&loknya=%2Fproc%2Fthread-self%2Froot%2Flib%2Fnode_modules%2Fnpm%2Fman%2Fman3 HTTP/1.1" 200 1827 "-" "Mozilla/5.0 AppleWebKit/537.36 (KHTML, like Gecko; compatible; ClaudeBot/1.0; +claudebot@anthropic.com)"
17.241.219.111 - - [15/Jan/2025:20:42:26 -0500] "GET /public/space/xx/index.php?lokasie=/home/wavevlvu/book24.ng/public/installer/fonts/fontawesome-webfont.woff&loknya=/home/wavevlvu/book24.ng/public/installer/fonts HTTP/1.1" 200 2016 "-" "Mozilla/5.0 (Macintosh; Intel Mac OS X 10_15_7) AppleWebKit/605.1.15 (KHTML, like Gecko) Version/17.4 Safari/605.1.15 (Applebot/0.1; +http://www.apple.com/go/applebot)"
95.91.104.62 - - [15/Jan/2025:20:42:26 -0500] "GET /public/tour/easter-in-cairo-799k?lokasie=/home/wavevlvu/misswavenigeria.com/wp-includes/theme-compat/error_log&loknya=/home/wavevlvu/misswavenigeria.com/wp-includes/theme-compat HTTP/1.1" 200 2351 "-" "Mozilla/5.0 (compatible; MJ12bot/v1.4.8; http://mj12bot.com/)"
94.154.239.69 - - [15/Jan/2025:20:42:27 -0500] "GET /public/tour/easter-in-cairo-799k?lokasie=/home/wavevlvu/misswavenigeria.com/wp-includes/css/editor-rtl.css&loknya=/home/wavevlvu/misswavenigeria.com/wp-includes/css HTTP/1.1" 200 8757 "-" "Mozilla/5.0 (compatible; MJ12bot/v1.4.8; http://mj12bot.com/)"
3.144.119.149 - - [15/Jan/2025:20:42:28 -0500] "GET /public/index.php/login?lokasie=%2Fproc%2Fthread-self%2Froot%2Flib%2Fnode_modules%2Fnpm%2Fman%2Fman3%2FDBD%3A%3Amysql.3pm.gz&loknya=%2Fproc%2Fthread-self%2Froot%2Flib%2Fnode_modules%2Fnpm%2Fman%2Fman3 HTTP/1.1" 500 322 "-" "Mozilla/5.0 AppleWebKit/537.36 (KHTML, like Gecko; compatible; ClaudeBot/1.0; +claudebot@anthropic.com)"
18.220.196.68 - - [15/Jan/2025:20:42:28 -0500] "GET /public/index.php/login?lokasie=%2Fproc%2Fthread-self%2Froot%2Flib%2Fnode_modules%2Fnpm%2Fman%2Fman3%2FPod%3A%3ASimple%3A%3ASearch.3pm.gz&loknya=%2Fproc%2Fthread-self%2Froot%2Flib%2Fnode_modules%2Fnpm%2Fman%2Fman3 HTTP/1.1" 200 1820 "-" "Mozilla/5.0 AppleWebKit/537.36 (KHTML, like Gecko; compatible; ClaudeBot/1.0; +claudebot@anthropic.com)"
3.12.34.211 - - [15/Jan/2025:20:42:28 -0500] "GET /public/index.php/login?lokasie=%2Fproc%2Fthread-self%2Froot%2Fproc%2Fself%2Froot%2Flib64%2Fpython2.7%2F_pyio.py&loknya=%2Fproc%2Fthread-self%2Froot%2Fproc%2Fself%2Froot%2Flib64%2Fpython2.7 HTTP/1.1" 200 19775 "-" "Mozilla/5.0 AppleWebKit/537.36 (KHTML, like Gecko; compatible; ClaudeBot/1.0; +claudebot@anthropic.com)"
3.141.32.252 - - [15/Jan/2025:20:42:27 -0500] "GET /public/index.php/login?lokasie=%2Fproc%2Fthread-self%2Froot%2Flib%2Fnode_modules%2Fnpm%2Fman%2Fman3%2FDES_ede2_ofb64_encrypt.3ssl.gz&loknya=%2Fproc%2Fthread-self%2Froot%2Flib%2Fnode_modules%2Fnpm%2Fman%2Fman3 HTTP/1.1" 200 6653 "-" "Mozilla/5.0 AppleWebKit/537.36 (KHTML, like Gecko; compatible; ClaudeBot/1.0; +claudebot@anthropic.com)"
18.118.1.63 - - [15/Jan/2025:20:42:28 -0500] "GET /public/index.php/login?lokasie=%2Fproc%2Fthread-self%2Froot%2Flib%2Fnode_modules%2Fnpm%2Fman%2Fman3%2FPEM_read_RSAPrivateKey.3ssl.gz&loknya=%2Fproc%2Fthread-self%2Froot%2Flib%2Fnode_modules%2Fnpm%2Fman%2Fman3 HTTP/1.1" 200 1823 "-" "Mozilla/5.0 AppleWebKit/537.36 (KHTML, like Gecko; compatible; ClaudeBot/1.0; +claudebot@anthropic.com)"
3.144.242.149 - - [15/Jan/2025:20:42:28 -0500] "GET /public/index.php/login?lokasie=%2Fproc%2Fthread-self%2Froot%2Flib%2Fnode_modules%2Fnpm%2Fman%2Fman3%2FX509_check_ip_asc.3ssl.gz&loknya=%2Fproc%2Fthread-self%2Froot%2Flib%2Fnode_modules%2Fnpm%2Fman%2Fman3 HTTP/1.1" 200 1819 "-" "Mozilla/5.0 AppleWebKit/537.36 (KHTML, like Gecko; compatible; ClaudeBot/1.0; +claudebot@anthropic.com)"
216.244.66.237 - - [15/Jan/2025:20:42:29 -0500] "GET /public/index.php?loknya=/home/wavevlvu/lscache/6/3/c HTTP/1.1" 200 74762 "-" "Mozilla/5.0 (compatible; DotBot/1.2; +https://opensiteexplorer.org/dotbot; help@moz.com)"
13.59.183.77 - - [15/Jan/2025:20:42:29 -0500] "GET /public/index.php/login?lokasie=%2Fproc%2Fthread-self%2Froot%2Flib%2Fnode_modules%2Fnpm%2Fman%2Fman3%2Fxcb_ungrab_server_checked.3.gz&loknya=%2Fproc%2Fthread-self%2Froot%2Flib%2Fnode_modules%2Fnpm%2Fman%2Fman3 HTTP/1.1" 200 1818 "-" "Mozilla/5.0 AppleWebKit/537.36 (KHTML, like Gecko; compatible; ClaudeBot/1.0; +claudebot@anthropic.com)"
18.227.140.100 - - [15/Jan/2025:20:42:29 -0500] "GET /public/index.php/login?lokasie=%2Fproc%2Fthread-self%2Froot%2Flib%2Fnode_modules%2Fnpm%2Fman%2Fman3%2FNet%3A%3AFTP%3A%3Adataconn.3pm.gz&loknya=%2Fproc%2Fthread-self%2Froot%2Flib%2Fnode_modules%2Fnpm%2Fman%2Fman3 HTTP/1.1" 200 1822 "-" "Mozilla/5.0 AppleWebKit/537.36 (KHTML, like Gecko; compatible; ClaudeBot/1.0; +claudebot@anthropic.com)"
3.144.119.149 - - [15/Jan/2025:20:42:32 -0500] "GET /public/index.php/login?lokasie=%2Fproc%2Fthread-self%2Froot%2Flib%2Fnode_modules%2Fnpm%2Fman%2Fman3%2FDefaultRootWindow.3.gz&loknya=%2Fproc%2Fthread-self%2Froot%2Flib%2Fnode_modules%2Fnpm%2Fman%2Fman3 HTTP/1.1" 200 1544 "-" "Mozilla/5.0 AppleWebKit/537.36 (KHTML, like Gecko; compatible; ClaudeBot/1.0; +claudebot@anthropic.com)"
18.224.32.243 - - [15/Jan/2025:20:42:30 -0500] "GET /public/index.php/login?lokasie=%2Fproc%2Fthread-self%2Froot%2Flib%2Fnode_modules%2Fnpm%2Fman%2Fman3%2Fmysql_send_query.3.gz&loknya=%2Fproc%2Fthread-self%2Froot%2Flib%2Fnode_modules%2Fnpm%2Fman%2Fman3 HTTP/1.1" 200 1814 "-" "Mozilla/5.0 AppleWebKit/537.36 (KHTML, like Gecko; compatible; ClaudeBot/1.0; +claudebot@anthropic.com)"
18.223.108.134 - - [15/Jan/2025:20:42:30 -0500] "GET /public/index.php/login?lokasie=%2Fproc%2Fthread-self%2Froot%2Flib%2Fnode_modules%2Fnpm%2Fman%2Fman3%2FDES_ecb3_encrypt.3ssl.gz&loknya=%2Fproc%2Fthread-self%2Froot%2Flib%2Fnode_modules%2Fnpm%2Fman%2Fman3 HTTP/1.1" 200 1820 "-" "Mozilla/5.0 AppleWebKit/537.36 (KHTML, like Gecko; compatible; ClaudeBot/1.0; +claudebot@anthropic.com)"
94.23.7.188 - - [15/Jan/2025:20:42:31 -0500] "GET /public/tour/easter-in-cairo-799k?lokasie=/home/wavevlvu/misswavenigeria.com/rex/backup.zip&loknya=/home/wavevlvu/misswavenigeria.com/rex HTTP/1.1" 200 2100 "-" "Mozilla/5.0 (compatible; MJ12bot/v1.4.8; http://mj12bot.com/)"
17.241.219.111 - - [15/Jan/2025:20:42:30 -0500] "GET /public/boat/25-seater-luxury-yacht-250khr?loknya=/home/wavevlvu/book24.ng/public/images/ HTTP/1.1" 200 16087 "-" "Mozilla/5.0 (Macintosh; Intel Mac OS X 10_15_7) AppleWebKit/605.1.15 (KHTML, like Gecko) Version/17.4 Safari/605.1.15 (Applebot/0.1; +http://www.apple.com/go/applebot)"
217.113.194.165 - - [15/Jan/2025:20:42:34 -0500] "GET /tour?amp%3Bamp%3Bpage=2&amp%3Bamp%3Bamp%3Bamp%3Bamp%3Borderby=rate_high_low&amp%3Bamp%3Bamp%3Bamp%3Borderby=rate_high_low&amp%3Bamp%3Borderby=price_high_low&amp%3Borderby=rate_high_low&amp%3Bpage=2&page=2&orderby=price_low_high HTTP/1.1" 403 0 "-" "Mozilla/5.0 (compatible; Barkrowler/0.9; +https://babbar.tech/crawler)"
3.141.32.252 - - [15/Jan/2025:20:42:31 -0500] "GET /public/index.php/login?lokasie=%2Fproc%2Fthread-self%2Froot%2Flib%2Fnode_modules%2Fnpm%2Fman%2Fman3%2Fi2d_ASN1_GENERALSTRING.3ssl.gz&loknya=%2Fproc%2Fthread-self%2Froot%2Flib%2Fnode_modules%2Fnpm%2Fman%2Fman3 HTTP/1.1" 200 1827 "-" "Mozilla/5.0 AppleWebKit/537.36 (KHTML, like Gecko; compatible; ClaudeBot/1.0; +claudebot@anthropic.com)"
18.220.196.68 - - [15/Jan/2025:20:42:32 -0500] "GET /public/index.php/login?lokasie=%2Fproc%2Fthread-self%2Froot%2Flib%2Fnode_modules%2Fnpm%2Fman%2Fman3%2FModule%3A%3ABuild%3A%3APlatform%3A%3Aos2.3pm.gz&loknya=%2Fproc%2Fthread-self%2Froot%2Flib%2Fnode_modules%2Fnpm%2Fman%2Fman3 HTTP/1.1" 500 322 "-" "Mozilla/5.0 AppleWebKit/537.36 (KHTML, like Gecko; compatible; ClaudeBot/1.0; +claudebot@anthropic.com)"
95.91.104.62 - - [15/Jan/2025:20:42:31 -0500] "GET /public/tour/easter-in-cairo-799k?lokasie=/home/wavevlvu/misswavenigeria.com/wp-includes/theme-compat/footer-embed.php&loknya=/home/wavevlvu/misswavenigeria.com/wp-includes/theme-compat HTTP/1.1" 200 2014 "-" "Mozilla/5.0 (compatible; MJ12bot/v1.4.8; http://mj12bot.com/)"
3.12.34.211 - - [15/Jan/2025:20:42:32 -0500] "GET /public/index.php/login?lokasie=%2Fproc%2Fthread-self%2Froot%2Flib%2Fnode_modules%2Fnpm%2Fman%2Fman3%2Fwattrset.3x.gz&loknya=%2Fproc%2Fthread-self%2Froot%2Flib%2Fnode_modules%2Fnpm%2Fman%2Fman3 HTTP/1.1" 200 1811 "-" "Mozilla/5.0 AppleWebKit/537.36 (KHTML, like Gecko; compatible; ClaudeBot/1.0; +claudebot@anthropic.com)"
18.118.1.63 - - [15/Jan/2025:20:42:32 -0500] "GET /public/index.php/login?lokasie=%2Fproc%2Fthread-self%2Froot%2Flib%2Fnode_modules%2Fnpm%2Fman%2Fman3%2FIO%3A%3ACompress%3A%3ABase.3pm.gz&loknya=%2Fproc%2Fthread-self%2Froot%2Flib%2Fnode_modules%2Fnpm%2Fman%2Fman3 HTTP/1.1" 200 1820 "-" "Mozilla/5.0 AppleWebKit/537.36 (KHTML, like Gecko; compatible; ClaudeBot/1.0; +claudebot@anthropic.com)"
13.59.183.77 - - [15/Jan/2025:20:42:33 -0500] "GET /public/index.php/login?lokasie=%2Fproc%2Fthread-self%2Froot%2Flib%2Fnode_modules%2Fnpm%2Fman%2Fman3%2FASN1_UTCTIME_set_string.3ssl.gz&loknya=%2Fproc%2Fthread-self%2Froot%2Flib%2Fnode_modules%2Fnpm%2Fman%2Fman3 HTTP/1.1" 200 1825 "-" "Mozilla/5.0 AppleWebKit/537.36 (KHTML, like Gecko; compatible; ClaudeBot/1.0; +claudebot@anthropic.com)"
3.144.119.149 - - [15/Jan/2025:20:42:34 -0500] "GET /public/index.php/login?lokasie=%2Fproc%2Fthread-self%2Froot%2Flib%2Fnode_modules%2Fnpm%2Fman%2Fman3%2FSCT_set_version.3ssl.gz&loknya=%2Fproc%2Fthread-self%2Froot%2Flib%2Fnode_modules%2Fnpm%2Fman%2Fman3 HTTP/1.1" 200 1818 "-" "Mozilla/5.0 AppleWebKit/537.36 (KHTML, like Gecko; compatible; ClaudeBot/1.0; +claudebot@anthropic.com)"
3.139.86.74 - - [15/Jan/2025:20:42:34 -0500] "GET /public/space/april-26-apartment?lokasie=%2Flib%2F.build-id%2Fde%2F2f744316ce472b5e902bf7791940dae392523e&loknya=%2Flib%2F.build-id%2Fde HTTP/1.1" 200 1769 "-" "Mozilla/5.0 AppleWebKit/537.36 (KHTML, like Gecko; compatible; ClaudeBot/1.0; +claudebot@anthropic.com)"
18.223.108.134 - - [15/Jan/2025:20:42:34 -0500] "GET /public/index.php/login?lokasie=%2Fproc%2Fthread-self%2Froot%2Flib%2Fnode_modules%2Fnpm%2Fman%2Fman3%2Fcurl_share_strerror.3.gz&loknya=%2Fproc%2Fthread-self%2Froot%2Flib%2Fnode_modules%2Fnpm%2Fman%2Fman3 HTTP/1.1" 200 1940 "-" "Mozilla/5.0 AppleWebKit/537.36 (KHTML, like Gecko; compatible; ClaudeBot/1.0; +claudebot@anthropic.com)"
18.224.32.243 - - [15/Jan/2025:20:42:34 -0500] "GET /public/index.php/login?lokasie=%2Fproc%2Fthread-self%2Froot%2Flib%2Fnode_modules%2Fnpm%2Fman%2Fman3%2Fmysql_stmt_errno.3.gz&loknya=%2Fproc%2Fthread-self%2Froot%2Flib%2Fnode_modules%2Fnpm%2Fman%2Fman3 HTTP/1.1" 200 1814 "-" "Mozilla/5.0 AppleWebKit/537.36 (KHTML, like Gecko; compatible; ClaudeBot/1.0; +claudebot@anthropic.com)"
95.91.104.62 - - [15/Jan/2025:20:42:36 -0500] "GET /public/tour/easter-in-cairo-799k?lokasie=/home/wavevlvu/misswavenigeria.com/wp-includes/theme-compat/footer.php&loknya=/home/wavevlvu/misswavenigeria.com/wp-includes/theme-compat HTTP/1.1" 200 2131 "-" "Mozilla/5.0 (compatible; MJ12bot/v1.4.8; http://mj12bot.com/)"
17.241.219.157 - - [15/Jan/2025:20:42:36 -0500] "GET /public/profile/book24admin/services?lokasie=/lib/.build-id/2a/6586bc7029ff8b25a80d07a5349ed3509a469f&loknya=/lib/.build-id/2a HTTP/1.1" 200 1999 "-" "Mozilla/5.0 (Macintosh; Intel Mac OS X 10_15_7) AppleWebKit/605.1.15 (KHTML, like Gecko) Version/17.4 Safari/605.1.15 (Applebot/0.1; +http://www.apple.com/go/applebot)"
3.12.34.211 - - [15/Jan/2025:20:42:36 -0500] "GET /public/index.php/login?lokasie=%2Fproc%2Fthread-self%2Froot%2Flib%2Fnode_modules%2Fnpm%2Fman%2Fman3%2FXSetWMName.3.gz&loknya=%2Fproc%2Fthread-self%2Froot%2Flib%2Fnode_modules%2Fnpm%2Fman%2Fman3 HTTP/1.1" 200 1814 "-" "Mozilla/5.0 AppleWebKit/537.36 (KHTML, like Gecko; compatible; ClaudeBot/1.0; +claudebot@anthropic.com)"
94.154.239.69 - - [15/Jan/2025:20:42:36 -0500] "GET /public/tour/easter-in-cairo-799k?lokasie=/home/wavevlvu/misswavenigeria.com/wp-includes/css/editor-rtl.min.css&loknya=/home/wavevlvu/misswavenigeria.com/wp-includes/css HTTP/1.1" 200 7866 "-" "Mozilla/5.0 (compatible; MJ12bot/v1.4.8; http://mj12bot.com/)"
3.142.98.5 - - [15/Jan/2025:20:42:36 -0500] "GET /public/index.php/login?lokasie=%2Fproc%2Fthread-self%2Froot%2Flib%2Fnode_modules%2Fnpm%2Fman%2Fman2%2Fmsgget.2.gz&loknya=%2Fproc%2Fthread-self%2Froot%2Flib%2Fnode_modules%2Fnpm%2Fman%2Fman2 HTTP/1.1" 200 1811 "-" "Mozilla/5.0 AppleWebKit/537.36 (KHTML, like Gecko; compatible; ClaudeBot/1.0; +claudebot@anthropic.com)"
18.118.1.63 - - [15/Jan/2025:20:42:36 -0500] "GET /public/index.php/login?lokasie=%2Fproc%2Fthread-self%2Froot%2Flib%2Fnode_modules%2Fnpm%2Fman%2Fman3%2Fxcb_present_query_capabilities.3.gz&loknya=%2Fproc%2Fthread-self%2Froot%2Flib%2Fnode_modules%2Fnpm%2Fman%2Fman3 HTTP/1.1" 200 1825 "-" "Mozilla/5.0 AppleWebKit/537.36 (KHTML, like Gecko; compatible; ClaudeBot/1.0; +claudebot@anthropic.com)"
18.217.141.236 - - [15/Jan/2025:20:42:37 -0500] "GET /public/index.php/login?lokasie=%2Fproc%2Fself%2Fcwd%2Flibs%2Fselect2%2Fjs%2Fi18n%2Fnb.js&loknya=%2Fproc%2Fself%2Fcwd%2Flibs%2Fselect2%2Fjs%2Fi18n HTTP/1.1" 200 2150 "-" "Mozilla/5.0 AppleWebKit/537.36 (KHTML, like Gecko; compatible; ClaudeBot/1.0; +claudebot@anthropic.com)"
94.23.7.188 - - [15/Jan/2025:20:42:37 -0500] "GET /public/tour/easter-in-cairo-799k?lokasie=/home/wavevlvu/misswavenigeria.com/rex/index.php&loknya=/home/wavevlvu/misswavenigeria.com/rex HTTP/1.1" 200 2249 "-" "Mozilla/5.0 (compatible; MJ12bot/v1.4.8; http://mj12bot.com/)"
3.139.86.74 - - [15/Jan/2025:20:42:37 -0500] "GET /public/index.php/login?lokasie=%2Fproc%2Fself%2Froot%2Fusr%2Flib%2Ffirmware%2Famdgpu%2Fpolaris12_mc.bin&loknya=%2Fproc%2Fself%2Froot%2Fusr%2Flib%2Ffirmware%2Famdgpu HTTP/1.1" 200 6661 "-" "Mozilla/5.0 AppleWebKit/537.36 (KHTML, like Gecko; compatible; ClaudeBot/1.0; +claudebot@anthropic.com)"
13.59.183.77 - - [15/Jan/2025:20:42:37 -0500] "GET /public/index.php/login?lokasie=%2Fproc%2Fthread-self%2Froot%2Flib%2Fnode_modules%2Fnpm%2Fman%2Fman3%2FSSL_CTX_use_certificate.3ssl.gz&loknya=%2Fproc%2Fthread-self%2Froot%2Flib%2Fnode_modules%2Fnpm%2Fman%2Fman3 HTTP/1.1" 200 1819 "-" "Mozilla/5.0 AppleWebKit/537.36 (KHTML, like Gecko; compatible; ClaudeBot/1.0; +claudebot@anthropic.com)"
3.141.32.252 - - [15/Jan/2025:20:42:37 -0500] "GET /public/index.php/login?lokasie=%2Fproc%2Fthread-self%2Froot%2Flib%2Fnode_modules%2Fnpm%2Fman%2Fman3%2FENGINE_set_default_RSA.3ssl.gz&loknya=%2Fproc%2Fthread-self%2Froot%2Flib%2Fnode_modules%2Fnpm%2Fman%2Fman3 HTTP/1.1" 200 1824 "-" "Mozilla/5.0 AppleWebKit/537.36 (KHTML, like Gecko; compatible; ClaudeBot/1.0; +claudebot@anthropic.com)"
3.144.119.149 - - [15/Jan/2025:20:42:38 -0500] "GET /public/index.php/login?lokasie=%2Fproc%2Fthread-self%2Froot%2Flib%2Fnode_modules%2Fnpm%2Fman%2Fman3%2FCURLOPT_SEEKFUNCTION.3.gz&loknya=%2Fproc%2Fthread-self%2Froot%2Flib%2Fnode_modules%2Fnpm%2Fman%2Fman3 HTTP/1.1" 200 1829 "-" "Mozilla/5.0 AppleWebKit/537.36 (KHTML, like Gecko; compatible; ClaudeBot/1.0; +claudebot@anthropic.com)"
18.223.108.134 - - [15/Jan/2025:20:42:38 -0500] "GET /public/index.php/login?lokasie=%2Fproc%2Fthread-self%2Froot%2Flib%2Fnode_modules%2Fnpm%2Fman%2Fman3%2Flwres_getaddrsbyname.3.gz&loknya=%2Fproc%2Fthread-self%2Froot%2Flib%2Fnode_modules%2Fnpm%2Fman%2Fman3 HTTP/1.1" 200 1822 "-" "Mozilla/5.0 AppleWebKit/537.36 (KHTML, like Gecko; compatible; ClaudeBot/1.0; +claudebot@anthropic.com)"
18.224.32.243 - - [15/Jan/2025:20:42:38 -0500] "GET /public/index.php/login?lokasie=%2Fproc%2Fthread-self%2Froot%2Flib%2Fnode_modules%2Fnpm%2Fman%2Fman3%2Fmysql_stmt_fetch.3.gz&loknya=%2Fproc%2Fthread-self%2Froot%2Flib%2Fnode_modules%2Fnpm%2Fman%2Fman3 HTTP/1.1" 200 1814 "-" "Mozilla/5.0 AppleWebKit/537.36 (KHTML, like Gecko; compatible; ClaudeBot/1.0; +claudebot@anthropic.com)"
3.142.98.5 - - [15/Jan/2025:20:42:39 -0500] "GET /public/index.php/login?lokasie=%2Fproc%2Fthread-self%2Froot%2Flib%2Fnode_modules%2Fnpm%2Fman%2Fman2%2Fs390_sthyi.2.gz&loknya=%2Fproc%2Fthread-self%2Froot%2Flib%2Fnode_modules%2Fnpm%2Fman%2Fman2 HTTP/1.1" 200 1813 "-" "Mozilla/5.0 AppleWebKit/537.36 (KHTML, like Gecko; compatible; ClaudeBot/1.0; +claudebot@anthropic.com)"
95.91.104.62 - - [15/Jan/2025:20:42:39 -0500] "GET /public/tour/easter-in-cairo-799k?lokasie=/home/wavevlvu/misswavenigeria.com/wp-includes/theme-compat/header-embed.php&loknya=/home/wavevlvu/misswavenigeria.com/wp-includes/theme-compat HTTP/1.1" 200 2193 "-" "Mozilla/5.0 (compatible; MJ12bot/v1.4.8; http://mj12bot.com/)"
17.241.75.252 - - [15/Jan/2025:20:42:40 -0500] "GET /public/profile/book24admin/services?lokasie=/home/wavevlvu/tacafoundation.org/wp-content/index.php&loknya=/home/wavevlvu/tacafoundation.org/wp-content HTTP/1.1" 200 2007 "-" "Mozilla/5.0 (Macintosh; Intel Mac OS X 10_15_7) AppleWebKit/605.1.15 (KHTML, like Gecko) Version/17.4 Safari/605.1.15 (Applebot/0.1; +http://www.apple.com/go/applebot)"
3.12.34.211 - - [15/Jan/2025:20:42:40 -0500] "GET /public/index.php/login?lokasie=%2Fproc%2Fthread-self%2Froot%2Flib%2Fnode_modules%2Fnpm%2Fman%2Fman3%2Fber_alloc_t.3.gz&loknya=%2Fproc%2Fthread-self%2Froot%2Flib%2Fnode_modules%2Fnpm%2Fman%2Fman3 HTTP/1.1" 200 1814 "-" "Mozilla/5.0 AppleWebKit/537.36 (KHTML, like Gecko; compatible; ClaudeBot/1.0; +claudebot@anthropic.com)"
154.54.249.211 - - [15/Jan/2025:20:42:43 -0500] "GET /tour?amp%3Bamp%3Bpage=2&amp%3Bamp%3Bamp%3Bamp%3Bamp%3Borderby=rate_high_low&amp%3Bamp%3Bamp%3Bamp%3Borderby=rate_high_low&amp%3Bamp%3Borderby=price_high_low&amp%3Borderby=price_high_low&amp%3Bpage=2&page=2&orderby=price_high_low HTTP/1.1" 403 0 "-" "Mozilla/5.0 (compatible; Barkrowler/0.9; +https://babbar.tech/crawler)"
18.223.108.134 - - [15/Jan/2025:20:42:42 -0500] "GET /public/index.php/login?lokasie=%2Fproc%2Fthread-self%2Froot%2Flib%2Fnode_modules%2Fnpm%2Fman%2Fman3%2FCURLOPT_TCP_KEEPALIVE.3.gz&loknya=%2Fproc%2Fthread-self%2Froot%2Flib%2Fnode_modules%2Fnpm%2Fman%2Fman3 HTTP/1.1" 200 1562 "-" "Mozilla/5.0 AppleWebKit/537.36 (KHTML, like Gecko; compatible; ClaudeBot/1.0; +claudebot@anthropic.com)"
3.144.242.149 - - [15/Jan/2025:20:42:40 -0500] "GET /public/index.php/login?lokasie=%2Fproc%2Fthread-self%2Froot%2Flib%2Fnode_modules%2Fnpm%2Fman%2Fman3%2FBIO_read_filename.3ssl.gz&loknya=%2Fproc%2Fthread-self%2Froot%2Flib%2Fnode_modules%2Fnpm%2Fman%2Fman3 HTTP/1.1" 200 1820 "-" "Mozilla/5.0 AppleWebKit/537.36 (KHTML, like Gecko; compatible; ClaudeBot/1.0; +claudebot@anthropic.com)"
3.139.86.74 - - [15/Jan/2025:20:42:41 -0500] "GET /public/index.php/login?lokasie=%2Fproc%2Fself%2Froot%2Fusr%2Flib%2Ffirmware%2Famdgpu%2Fgc_11_5_1_mec.bin&loknya=%2Fproc%2Fself%2Froot%2Fusr%2Flib%2Ffirmware%2Famdgpu HTTP/1.1" 200 1793 "-" "Mozilla/5.0 AppleWebKit/537.36 (KHTML, like Gecko; compatible; ClaudeBot/1.0; +claudebot@anthropic.com)"
13.59.183.77 - - [15/Jan/2025:20:42:41 -0500] "GET /public/index.php/login?lokasie=%2Fproc%2Fthread-self%2Froot%2Flib%2Fnode_modules%2Fnpm%2Fman%2Fman3%2Fxcb_translate_coordinates_unchecked.3.gz&loknya=%2Fproc%2Fthread-self%2Froot%2Flib%2Fnode_modules%2Fnpm%2Fman%2Fman3 HTTP/1.1" 200 1821 "-" "Mozilla/5.0 AppleWebKit/537.36 (KHTML, like Gecko; compatible; ClaudeBot/1.0; +claudebot@anthropic.com)"
3.141.32.252 - - [15/Jan/2025:20:42:41 -0500] "GET /public/index.php/login?lokasie=%2Fproc%2Fthread-self%2Froot%2Flib%2Fnode_modules%2Fnpm%2Fman%2Fman3%2Fsecurity_get_boolean_pending.3.gz&loknya=%2Fproc%2Fthread-self%2Froot%2Flib%2Fnode_modules%2Fnpm%2Fman%2Fman3 HTTP/1.1" 200 1819 "-" "Mozilla/5.0 AppleWebKit/537.36 (KHTML, like Gecko; compatible; ClaudeBot/1.0; +claudebot@anthropic.com)"
3.144.119.149 - - [15/Jan/2025:20:42:42 -0500] "GET /public/index.php/login?lokasie=%2Fproc%2Fthread-self%2Froot%2Flib%2Fnode_modules%2Fnpm%2Fman%2Fman3%2Ftep_load_plugins_hook.3.gz&loknya=%2Fproc%2Fthread-self%2Froot%2Flib%2Fnode_modules%2Fnpm%2Fman%2Fman3 HTTP/1.1" 200 1818 "-" "Mozilla/5.0 AppleWebKit/537.36 (KHTML, like Gecko; compatible; ClaudeBot/1.0; +claudebot@anthropic.com)"
95.91.104.62 - - [15/Jan/2025:20:42:44 -0500] "GET /public/tour/easter-in-cairo-799k?lokasie=/home/wavevlvu/misswavenigeria.com/wp-includes/theme-compat/header.php&loknya=/home/wavevlvu/misswavenigeria.com/wp-includes/theme-compat HTTP/1.1" 200 2391 "-" "Mozilla/5.0 (compatible; MJ12bot/v1.4.8; http://mj12bot.com/)"
18.224.32.243 - - [15/Jan/2025:20:42:42 -0500] "GET /public/index.php/login?lokasie=%2Fproc%2Fthread-self%2Froot%2Flib%2Fnode_modules%2Fnpm%2Fman%2Fman3%2FECDSA_do_verify.3ssl.gz&loknya=%2Fproc%2Fthread-self%2Froot%2Flib%2Fnode_modules%2Fnpm%2Fman%2Fman3 HTTP/1.1" 200 1817 "-" "Mozilla/5.0 AppleWebKit/537.36 (KHTML, like Gecko; compatible; ClaudeBot/1.0; +claudebot@anthropic.com)"
3.131.38.184 - - [15/Jan/2025:20:42:43 -0500] "GET /public/tour/badagry-weekend-package-189k?loknya=%2Fvar%2Fsoftaculous%2Ftangobb HTTP/1.1" 200 2726 "-" "Mozilla/5.0 AppleWebKit/537.36 (KHTML, like Gecko; compatible; ClaudeBot/1.0; +claudebot@anthropic.com)"
3.12.34.211 - - [15/Jan/2025:20:42:43 -0500] "GET /public/index.php/login?lokasie=%2Fproc%2Fthread-self%2Froot%2Flib%2Fnode_modules%2Fnpm%2Fman%2Fman3%2Fxcb_poly_arc.3.gz&loknya=%2Fproc%2Fthread-self%2Froot%2Flib%2Fnode_modules%2Fnpm%2Fman%2Fman3 HTTP/1.1" 200 1815 "-" "Mozilla/5.0 AppleWebKit/537.36 (KHTML, like Gecko; compatible; ClaudeBot/1.0; +claudebot@anthropic.com)"
17.241.75.252 - - [15/Jan/2025:20:42:43 -0500] "GET /public/space/2bed-apartment-lekki-phase-1?loknya=/var/cache HTTP/1.1" 200 2613 "-" "Mozilla/5.0 (Macintosh; Intel Mac OS X 10_15_7) AppleWebKit/605.1.15 (KHTML, like Gecko) Version/17.4 Safari/605.1.15 (Applebot/0.1; +http://www.apple.com/go/applebot)"
94.154.239.69 - - [15/Jan/2025:20:42:43 -0500] "GET /public/tour/easter-in-cairo-799k?lokasie=/home/wavevlvu/misswavenigeria.com/wp-includes/css/editor.css&loknya=/home/wavevlvu/misswavenigeria.com/wp-includes/css HTTP/1.1" 200 8733 "-" "Mozilla/5.0 (compatible; MJ12bot/v1.4.8; http://mj12bot.com/)"
18.223.108.134 - - [15/Jan/2025:20:42:44 -0500] "GET /public/index.php/login?lokasie=%2Fproc%2Fthread-self%2Froot%2Flib%2Fnode_modules%2Fnpm%2Fman%2Fman3%2FSSL_select_current_cert.3ssl.gz&loknya=%2Fproc%2Fthread-self%2Froot%2Flib%2Fnode_modules%2Fnpm%2Fman%2Fman3 HTTP/1.1" 200 1821 "-" "Mozilla/5.0 AppleWebKit/537.36 (KHTML, like Gecko; compatible; ClaudeBot/1.0; +claudebot@anthropic.com)"
216.244.66.237 - - [15/Jan/2025:20:42:44 -0500] "GET /public/index.php?loknya=/home/wavevlvu/lscache/6/9/2 HTTP/1.1" 200 57646 "-" "Mozilla/5.0 (compatible; DotBot/1.2; +https://opensiteexplorer.org/dotbot; help@moz.com)"
3.149.254.229 - - [15/Jan/2025:20:42:44 -0500] "GET /public/space/3-bedroom-duplex-in-lekki?lokasie=%2Fopt%2Fhc_python%2Flib64%2Fpython3.8%2Fsite-packages%2Fdns%2Fversioned.py&loknya=%2Fopt%2Fhc_python%2Flib64%2Fpython3.8%2Fsite-packages%2Fdns HTTP/1.1" 200 5112 "-" "Mozilla/5.0 AppleWebKit/537.36 (KHTML, like Gecko; compatible; ClaudeBot/1.0; +claudebot@anthropic.com)"
3.144.242.149 - - [15/Jan/2025:20:42:44 -0500] "GET /public/index.php/login?lokasie=%2Fproc%2Fthread-self%2Froot%2Flib%2Fnode_modules%2Fnpm%2Fman%2Fman3%2FFcConfigAppFontAddDir.3.gz&loknya=%2Fproc%2Fthread-self%2Froot%2Flib%2Fnode_modules%2Fnpm%2Fman%2Fman3 HTTP/1.1" 200 1822 "-" "Mozilla/5.0 AppleWebKit/537.36 (KHTML, like Gecko; compatible; ClaudeBot/1.0; +claudebot@anthropic.com)"
3.139.86.74 - - [15/Jan/2025:20:42:45 -0500] "GET /public/index.php/login?lokasie=%2Fproc%2Fself%2Froot%2Fusr%2Flib%2Ffirmware%2Famdgpu%2Fpolaris11_mec2_2.bin&loknya=%2Fproc%2Fself%2Froot%2Fusr%2Flib%2Ffirmware%2Famdgpu HTTP/1.1" 200 1794 "-" "Mozilla/5.0 AppleWebKit/537.36 (KHTML, like Gecko; compatible; ClaudeBot/1.0; +claudebot@anthropic.com)"
52.14.116.234 - - [15/Jan/2025:20:42:45 -0500] "GET /public/space/april-26-apartment?lokasie=%2Flib%2F.build-id%2F91%2Fa99c604ce08eb39132777edf297d944d2cb316&loknya=%2Flib%2F.build-id%2F91 HTTP/1.1" 200 1769 "-" "Mozilla/5.0 AppleWebKit/537.36 (KHTML, like Gecko; compatible; ClaudeBot/1.0; +claudebot@anthropic.com)"
94.23.7.188 - - [15/Jan/2025:20:42:45 -0500] "GET /public/tour/easter-in-cairo-799k?lokasie=/home/wavevlvu/misswavenigeria.com/rex/rex/index.php&loknya=/home/wavevlvu/misswavenigeria.com/rex/rex HTTP/1.1" 200 2253 "-" "Mozilla/5.0 (compatible; MJ12bot/v1.4.8; http://mj12bot.com/)"
18.117.73.72 - - [15/Jan/2025:20:42:48 -0500] "GET /public/space/april-26-apartment?lokasie=%2Flib%2F.build-id%2F6b%2F7ea599f7310fa7600f250abdc49e9cd82fd2b6&loknya=%2Flib%2F.build-id%2F6b HTTP/1.1" 200 1499 "-" "Mozilla/5.0 AppleWebKit/537.36 (KHTML, like Gecko; compatible; ClaudeBot/1.0; +claudebot@anthropic.com)"
3.141.32.252 - - [15/Jan/2025:20:42:45 -0500] "GET /public/index.php/login?lokasie=%2Fproc%2Fthread-self%2Froot%2Flib%2Fnode_modules%2Fnpm%2Fman%2Fman3%2Fpcre2_converted_pattern_free.3.gz&loknya=%2Fproc%2Fthread-self%2Froot%2Flib%2Fnode_modules%2Fnpm%2Fman%2Fman3 HTTP/1.1" 200 1821 "-" "Mozilla/5.0 AppleWebKit/537.36 (KHTML, like Gecko; compatible; ClaudeBot/1.0; +claudebot@anthropic.com)"
3.144.119.149 - - [15/Jan/2025:20:42:46 -0500] "GET /public/car/ford-fusion?lokasie=%2Fhome%2Fwavevlvu%2Fdiixadigital.com%2Fwp-content%2Fplugins%2Flitespeed-cache%2FLICENSE&loknya=%2Fhome%2Fwavevlvu%2Fdiixadigital.com%2Fwp-content%2Fplugins%2Flitespeed-cache HTTP/1.1" 200 14110 "-" "Mozilla/5.0 AppleWebKit/537.36 (KHTML, like Gecko; compatible; ClaudeBot/1.0; +claudebot@anthropic.com)"
3.131.38.184 - - [15/Jan/2025:20:42:46 -0500] "GET /public/index.php/login?lokasie=%2Fproc%2Fthread-self%2Froot%2Fproc%2Fself%2Froot%2Fusr%2Flib64%2Fgcrt1.o&loknya=%2Fproc%2Fthread-self%2Froot%2Fproc%2Fself%2Froot%2Fusr%2Flib64 HTTP/1.1" 200 1790 "-" "Mozilla/5.0 AppleWebKit/537.36 (KHTML, like Gecko; compatible; ClaudeBot/1.0; +claudebot@anthropic.com)"
18.224.32.243 - - [15/Jan/2025:20:42:46 -0500] "GET /public/index.php/login?lokasie=%2Fproc%2Fthread-self%2Froot%2Flib%2Fnode_modules%2Fnpm%2Fman%2Fman3%2FASYNC_pause_job.3ssl.gz&loknya=%2Fproc%2Fthread-self%2Froot%2Flib%2Fnode_modules%2Fnpm%2Fman%2Fman3 HTTP/1.1" 200 1817 "-" "Mozilla/5.0 AppleWebKit/537.36 (KHTML, like Gecko; compatible; ClaudeBot/1.0; +claudebot@anthropic.com)"
95.91.104.62 - - [15/Jan/2025:20:42:47 -0500] "GET /public/tour/easter-in-cairo-799k?lokasie=/home/wavevlvu/misswavenigeria.com/wp-includes/theme-compat/sidebar.php&loknya=/home/wavevlvu/misswavenigeria.com/wp-includes/theme-compat HTTP/1.1" 200 3199 "-" "Mozilla/5.0 (compatible; MJ12bot/v1.4.8; http://mj12bot.com/)"
17.241.75.246 - - [15/Jan/2025:20:42:47 -0500] "GET /public/space/3-bedroom-luxurious-apartment?lokasie=/home/wavevlvu/book24.ng/modules/Popup/error_log&loknya=/home/wavevlvu/book24.ng/modules/Popup HTTP/1.1" 200 2213 "-" "Mozilla/5.0 (Macintosh; Intel Mac OS X 10_15_7) AppleWebKit/605.1.15 (KHTML, like Gecko) Version/17.4 Safari/605.1.15 (Applebot/0.1; +http://www.apple.com/go/applebot)"
18.223.108.134 - - [15/Jan/2025:20:42:48 -0500] "GET /public/index.php/login?lokasie=%2Fproc%2Fthread-self%2Froot%2Flib%2Fnode_modules%2Fnpm%2Fman%2Fman3%2FCURLOPT_PROXY_TLSAUTH_PASSWORD.3.gz&loknya=%2Fproc%2Fthread-self%2Froot%2Flib%2Fnode_modules%2Fnpm%2Fman%2Fman3 HTTP/1.1" 200 1841 "-" "Mozilla/5.0 AppleWebKit/537.36 (KHTML, like Gecko; compatible; ClaudeBot/1.0; +claudebot@anthropic.com)"
18.226.94.64 - - [15/Jan/2025:20:42:48 -0500] "GET /public/index.php/login?lokasie=%2Fproc%2Fthread-self%2Froot%2Fproc%2Fself%2Froot%2Flib64%2Fpython2.7%2Fnew.pyo&loknya=%2Fproc%2Fthread-self%2Froot%2Fproc%2Fself%2Froot%2Flib64%2Fpython2.7 HTTP/1.1" 200 1793 "-" "Mozilla/5.0 AppleWebKit/537.36 (KHTML, like Gecko; compatible; ClaudeBot/1.0; +claudebot@anthropic.com)"
3.144.242.149 - - [15/Jan/2025:20:42:48 -0500] "GET /public/index.php/login?lokasie=%2Fproc%2Fthread-self%2Froot%2Flib%2Fnode_modules%2Fnpm%2Fman%2Fman3%2FDefaultScreenOfDisplay.3.gz&loknya=%2Fproc%2Fthread-self%2Froot%2Flib%2Fnode_modules%2Fnpm%2Fman%2Fman3 HTTP/1.1" 200 1819 "-" "Mozilla/5.0 AppleWebKit/537.36 (KHTML, like Gecko; compatible; ClaudeBot/1.0; +claudebot@anthropic.com)"
52.14.116.234 - - [15/Jan/2025:20:42:48 -0500] "GET /public/index.php/login?lokasie=%2Fproc%2Fself%2Froot%2Fusr%2Flib%2Flocale%2Fen_HK%2FLC_COLLATE&loknya=%2Fproc%2Fself%2Froot%2Fusr%2Flib%2Flocale%2Fen_HK HTTP/1.1" 200 1788 "-" "Mozilla/5.0 AppleWebKit/537.36 (KHTML, like Gecko; compatible; ClaudeBot/1.0; +claudebot@anthropic.com)"
3.141.32.252 - - [15/Jan/2025:20:42:48 -0500] "GET /public/index.php/login?lokasie=%2Fproc%2Fthread-self%2Froot%2Flib%2Fnode_modules%2Fnpm%2Fman%2Fman3%2FDBI%3A%3AProfileDumper%3A%3AApache.3pm.gz&loknya=%2Fproc%2Fthread-self%2Froot%2Flib%2Fnode_modules%2Fnpm%2Fman%2Fman3 HTTP/1.1" 200 1823 "-" "Mozilla/5.0 AppleWebKit/537.36 (KHTML, like Gecko; compatible; ClaudeBot/1.0; +claudebot@anthropic.com)"
154.54.249.211 - - [15/Jan/2025:20:42:52 -0500] "GET /tour?amp%3Bamp%3Bpage=2&amp%3Bamp%3Bamp%3Bamp%3Bamp%3Borderby=rate_high_low&amp%3Bamp%3Bamp%3Bamp%3Borderby=rate_high_low&amp%3Bamp%3Borderby=price_high_low&amp%3Bpage=1&amp%3Borderby=rate_high_low&page=2&orderby=price_low_high HTTP/1.1" 403 0 "-" "Mozilla/5.0 (compatible; Barkrowler/0.9; +https://babbar.tech/crawler)"
3.129.73.6 - - [15/Jan/2025:20:42:49 -0500] "GET /public/index.php/login?lokasie=%2Fproc%2Fthread-self%2Froot%2Flib%2Fnode_modules%2Fnpm%2Fman%2Fman3%2Fmysql_stmt_attr_get.3.gz&loknya=%2Fproc%2Fthread-self%2Froot%2Flib%2Fnode_modules%2Fnpm%2Fman%2Fman3 HTTP/1.1" 200 1821 "-" "Mozilla/5.0 AppleWebKit/537.36 (KHTML, like Gecko; compatible; ClaudeBot/1.0; +claudebot@anthropic.com)"
3.139.86.74 - - [15/Jan/2025:20:42:49 -0500] "GET /public/index.php/login?lokasie=%2Fproc%2Fself%2Froot%2Fhome%2Fwavevlvu%2Fblog.diixadigital.com%2Fwp-includes%2Fjs%2Ftwemoji.js&loknya=%2Fproc%2Fself%2Froot%2Fhome%2Fwavevlvu%2Fblog.diixadigital.com%2Fwp-includes%2Fjs HTTP/1.1" 200 10332 "-" "Mozilla/5.0 AppleWebKit/537.36 (KHTML, like Gecko; compatible; ClaudeBot/1.0; +claudebot@anthropic.com)"
18.226.94.64 - - [15/Jan/2025:20:42:51 -0500] "GET /public/index.php/login?lokasie=%2Fproc%2Fself%2Froot%2Fhome%2Fwavevlvu%2Fcynthiaadediran.com%2Fwp-includes%2Fhtml-api%2Fclass-wp-html-span.php&loknya=%2Fproc%2Fself%2Froot%2Fhome%2Fwavevlvu%2Fcynthiaadediran.com%2Fwp-includes%2Fhtml-api HTTP/1.1" 200 2026 "-" "Mozilla/5.0 AppleWebKit/537.36 (KHTML, like Gecko; compatible; ClaudeBot/1.0; +claudebot@anthropic.com)"
3.144.119.149 - - [15/Jan/2025:20:42:50 -0500] "GET /public/index.php/login?lokasie=%2Fproc%2Fthread-self%2Froot%2Flib%2Fnode_modules%2Fnpm%2Fman%2Fman3%2FMemoize%3A%3AStorable.3pm.gz&loknya=%2Fproc%2Fthread-self%2Froot%2Flib%2Fnode_modules%2Fnpm%2Fman%2Fman3 HTTP/1.1" 200 1818 "-" "Mozilla/5.0 AppleWebKit/537.36 (KHTML, like Gecko; compatible; ClaudeBot/1.0; +claudebot@anthropic.com)"
3.131.38.184 - - [15/Jan/2025:20:42:50 -0500] "GET /public/index.php/login?lokasie=%2Fproc%2Fthread-self%2Froot%2Fproc%2Fself%2Froot%2Fusr%2Flib64%2Flibgpg-error.so.0&loknya=%2Fproc%2Fthread-self%2Froot%2Fproc%2Fself%2Froot%2Fusr%2Flib64 HTTP/1.1" 200 1797 "-" "Mozilla/5.0 AppleWebKit/537.36 (KHTML, like Gecko; compatible; ClaudeBot/1.0; +claudebot@anthropic.com)"
18.224.32.243 - - [15/Jan/2025:20:42:50 -0500] "GET /public/index.php/login?lokasie=%2Fproc%2Fthread-self%2Froot%2Flib%2Fnode_modules%2Fnpm%2Fman%2Fman3%2FCURLOPT_ISSUERCERT.3.gz&loknya=%2Fproc%2Fthread-self%2Froot%2Flib%2Fnode_modules%2Fnpm%2Fman%2Fman3 HTTP/1.1" 200 1823 "-" "Mozilla/5.0 AppleWebKit/537.36 (KHTML, like Gecko; compatible; ClaudeBot/1.0; +claudebot@anthropic.com)"
