47.76.99.127 - - [03/Jan/2025:19:40:11 -0500] "HEAD /register HTTP/1.1" 301 0 "-" "Mozilla/5.0 (Windows NT 6.2; Win64; x64) AppleWebKit/537.36 (KHTML, like Gecko) Chrome/79.0.2686.12 Safari/537.36"
47.76.99.127 - - [03/Jan/2025:19:40:11 -0500] "HEAD /register/ HTTP/1.1" 200 0 "-" "Mozilla/5.0 (Windows NT 6.2; Win64; x64) AppleWebKit/537.36 (KHTML, like Gecko) Chrome/79.0.2686.12 Safari/537.36"
47.76.209.138 - - [03/Jan/2025:19:40:11 -0500] "HEAD /contestants HTTP/1.1" 301 0 "-" "Mozilla/5.0 (Windows NT 6.2; Win64; x64) AppleWebKit/537.36 (KHTML, like Gecko) Chrome/62.0.2232.197 Safari/537.36"
47.76.99.127 - - [03/Jan/2025:19:40:12 -0500] "GET /register HTTP/1.1" 301 0 "-" "Mozilla/5.0 (Windows NT 6.2; Win64; x64) AppleWebKit/537.36 (KHTML, like Gecko) Chrome/79.0.2686.12 Safari/537.36"
47.76.99.127 - - [03/Jan/2025:19:40:12 -0500] "GET /register/ HTTP/1.1" 200 20215 "-" "Mozilla/5.0 (Windows NT 6.2; Win64; x64) AppleWebKit/537.36 (KHTML, like Gecko) Chrome/79.0.2686.12 Safari/537.36"
47.76.209.138 - - [03/Jan/2025:19:40:12 -0500] "HEAD /contestants/ HTTP/1.1" 200 0 "-" "Mozilla/5.0 (Windows NT 6.2; Win64; x64) AppleWebKit/537.36 (KHTML, like Gecko) Chrome/62.0.2232.197 Safari/537.36"
47.76.209.138 - - [03/Jan/2025:19:40:12 -0500] "GET /contestants HTTP/1.1" 301 0 "-" "Mozilla/5.0 (Windows NT 6.2; Win64; x64) AppleWebKit/537.36 (KHTML, like Gecko) Chrome/62.0.2232.197 Safari/537.36"
47.76.209.138 - - [03/Jan/2025:19:40:13 -0500] "GET /contestants/ HTTP/1.1" 200 20457 "-" "Mozilla/5.0 (Windows NT 6.2; Win64; x64) AppleWebKit/537.36 (KHTML, like Gecko) Chrome/62.0.2232.197 Safari/537.36"
47.76.99.127 - - [03/Jan/2025:19:41:24 -0500] "HEAD /contestants HTTP/1.1" 301 0 "-" "Mozilla/5.0 (Windows NT 6.1; Win64; x64) AppleWebKit/537.36 (KHTML, like Gecko) Chrome/73.0.3602.10 Safari/537.36"
47.76.99.127 - - [03/Jan/2025:19:41:24 -0500] "HEAD /contestants/ HTTP/1.1" 200 0 "-" "Mozilla/5.0 (Windows NT 6.1; Win64; x64) AppleWebKit/537.36 (KHTML, like Gecko) Chrome/73.0.3602.10 Safari/537.36"
47.76.99.127 - - [03/Jan/2025:19:41:24 -0500] "GET /contestants HTTP/1.1" 301 0 "-" "Mozilla/5.0 (Windows NT 6.1; Win64; x64) AppleWebKit/537.36 (KHTML, like Gecko) Chrome/73.0.3602.10 Safari/537.36"
47.76.99.127 - - [03/Jan/2025:19:41:25 -0500] "GET /contestants/ HTTP/1.1" 200 20457 "-" "Mozilla/5.0 (Windows NT 6.1; Win64; x64) AppleWebKit/537.36 (KHTML, like Gecko) Chrome/73.0.3602.10 Safari/537.36"
165.231.182.10 - - [03/Jan/2025:19:39:52 -0500] "POST /register/ HTTP/1.0" 200 76048 "https://misswavenigeria.com/register/" "Mozilla/5.0 (Windows NT 10.0; Win64; x64) AppleWebKit/537.36 (KHTML, like Gecko) Chrome/103.0.5060.114 Safari/537.36"
66.29.132.124 - - [03/Jan/2025:19:41:44 -0500] "POST /wp-cron.php?doing_wp_cron=1735951304.4082870483398437500000 HTTP/1.1" 200 0 "-" "WordPress/6.7.1; https://misswavenigeria.com"
165.231.182.10 - - [03/Jan/2025:19:41:44 -0500] "GET /register/ HTTP/1.0" 200 75922 "https://misswavenigeria.com/" "Mozilla/5.0 (Windows NT 10.0; Win64; x64) AppleWebKit/537.36 (KHTML, like Gecko) Chrome/103.0.5060.114 Safari/537.36"
66.29.132.124 - - [03/Jan/2025:19:41:44 -0500] "POST /wp-admin/admin-ajax.php?action=async_litespeed&nonce=mhTCW90um3dw7GSNCmMZaXHo1sHVIird&litespeed_type=imgoptm HTTP/1.1" 200 21 "-" "WordPress/6.7.1; https://misswavenigeria.com"
52.167.144.67 - - [03/Jan/2025:19:41:45 -0500] "GET /robots.txt HTTP/1.1" 200 99 "-" "Mozilla/5.0 AppleWebKit/537.36 (KHTML, like Gecko; compatible; bingbot/2.0; +http://www.bing.com/bingbot.htm) Chrome/116.0.1938.76 Safari/537.36"
52.167.144.67 - - [03/Jan/2025:19:41:45 -0500] "GET /robots.txt HTTP/1.1" 200 99 "-" "Mozilla/5.0 AppleWebKit/537.36 (KHTML, like Gecko; compatible; bingbot/2.0; +http://www.bing.com/bingbot.htm) Chrome/116.0.1938.76 Safari/537.36"
157.55.39.51 - - [03/Jan/2025:19:41:48 -0500] "GET /wp-sitemap.xml HTTP/1.1" 200 240 "-" "Mozilla/5.0 AppleWebKit/537.36 (KHTML, like Gecko; compatible; bingbot/2.0; +http://www.bing.com/bingbot.htm) Chrome/116.0.1938.76 Safari/537.36"
66.29.132.124 - - [03/Jan/2025:19:42:54 -0500] "POST /wp-cron.php?doing_wp_cron=1735951374.3965380191802978515625 HTTP/1.1" 200 0 "-" "WordPress/6.7.1; https://misswavenigeria.com"
47.76.99.127 - - [03/Jan/2025:19:42:54 -0500] "HEAD /contact-us HTTP/1.1" 301 0 "-" "Mozilla/5.0 (Windows NT 6.0; Win64; x64) AppleWebKit/537.36 (KHTML, like Gecko) Chrome/76.0.3852.21 Safari/537.36"
47.76.99.127 - - [03/Jan/2025:19:42:54 -0500] "HEAD /contact-us/ HTTP/1.1" 200 0 "-" "Mozilla/5.0 (Windows NT 6.0; Win64; x64) AppleWebKit/537.36 (KHTML, like Gecko) Chrome/76.0.3852.21 Safari/537.36"
66.29.132.124 - - [03/Jan/2025:19:42:54 -0500] "POST /wp-admin/admin-ajax.php?action=async_litespeed&nonce=DmFEI8rKrH8KI0tsj9xnnAryFLZxTYQG&litespeed_type=imgoptm HTTP/1.1" 200 21 "-" "WordPress/6.7.1; https://misswavenigeria.com"
47.76.99.127 - - [03/Jan/2025:19:42:54 -0500] "GET /contact-us HTTP/1.1" 301 0 "-" "Mozilla/5.0 (Windows NT 6.0; Win64; x64) AppleWebKit/537.36 (KHTML, like Gecko) Chrome/76.0.3852.21 Safari/537.36"
47.76.99.127 - - [03/Jan/2025:19:42:55 -0500] "GET /contact-us/ HTTP/1.1" 200 20620 "-" "Mozilla/5.0 (Windows NT 6.0; Win64; x64) AppleWebKit/537.36 (KHTML, like Gecko) Chrome/76.0.3852.21 Safari/537.36"
66.29.132.124 - - [03/Jan/2025:19:43:47 -0500] "POST /wp-cron.php?doing_wp_cron=1735951427.2007520198822021484375 HTTP/1.1" 200 0 "-" "WordPress/6.7.1; https://misswavenigeria.com"
165.231.182.10 - - [03/Jan/2025:19:43:47 -0500] "GET / HTTP/1.0" 200 109055 "https://misswavenigeria.com/" "Mozilla/5.0 (Windows NT 10.0; Win64; x64) AppleWebKit/537.36 (KHTML, like Gecko) Chrome/103.0.0.0 Safari/537.36 OpenWave/97.4.2043.44"
66.29.132.124 - - [03/Jan/2025:19:43:47 -0500] "POST /wp-admin/admin-ajax.php?action=async_litespeed&nonce=GR4zmd4D7CCTRxQqdbAAMzVTtnU55D6v&litespeed_type=imgoptm HTTP/1.1" 200 21 "-" "WordPress/6.7.1; https://misswavenigeria.com"
165.231.182.10 - - [03/Jan/2025:19:43:49 -0500] "GET /register/ HTTP/1.0" 200 75922 "https://misswavenigeria.com/register/" "Mozilla/5.0 (Windows NT 10.0; Win64; x64) AppleWebKit/537.36 (KHTML, like Gecko) Chrome/103.0.0.0 Safari/537.36 OpenWave/97.4.2043.44"
165.231.182.10 - - [03/Jan/2025:19:43:50 -0500] "POST /register/ HTTP/1.0" 200 76048 "https://misswavenigeria.com/register/" "Mozilla/5.0 (Windows NT 10.0; Win64; x64) AppleWebKit/537.36 (KHTML, like Gecko) Chrome/103.0.0.0 Safari/537.36 OpenWave/97.4.2043.44"
66.29.132.124 - - [03/Jan/2025:19:45:18 -0500] "POST /wp-cron.php?doing_wp_cron=1735951518.6252980232238769531250 HTTP/1.1" 200 0 "-" "WordPress/6.7.1; https://misswavenigeria.com"
47.76.209.138 - - [03/Jan/2025:19:45:18 -0500] "HEAD /contact-us HTTP/1.1" 301 0 "-" "Mozilla/5.0 (Windows NT 6.1; Win64; x64) AppleWebKit/537.36 (KHTML, like Gecko) Chrome/62.0.2271.94 Safari/537.36"
66.29.132.124 - - [03/Jan/2025:19:45:18 -0500] "POST /wp-admin/admin-ajax.php?action=async_litespeed&nonce=GFJVwgAOXKzgdtvWa1oxvjCIyQYJNUg3&litespeed_type=imgoptm HTTP/1.1" 200 21 "-" "WordPress/6.7.1; https://misswavenigeria.com"
47.76.209.138 - - [03/Jan/2025:19:45:18 -0500] "HEAD /contact-us/ HTTP/1.1" 200 0 "-" "Mozilla/5.0 (Windows NT 6.1; Win64; x64) AppleWebKit/537.36 (KHTML, like Gecko) Chrome/62.0.2271.94 Safari/537.36"
47.76.209.138 - - [03/Jan/2025:19:45:19 -0500] "GET /contact-us HTTP/1.1" 301 0 "-" "Mozilla/5.0 (Windows NT 6.1; Win64; x64) AppleWebKit/537.36 (KHTML, like Gecko) Chrome/62.0.2271.94 Safari/537.36"
47.76.209.138 - - [03/Jan/2025:19:45:19 -0500] "GET /contact-us/ HTTP/1.1" 200 20621 "-" "Mozilla/5.0 (Windows NT 6.1; Win64; x64) AppleWebKit/537.36 (KHTML, like Gecko) Chrome/62.0.2271.94 Safari/537.36"
165.231.182.10 - - [03/Jan/2025:19:45:20 -0500] "GET /register/ HTTP/1.0" 200 75922 "https://misswavenigeria.com/" "Mozilla/5.0 (Windows NT 10.0; Win64; x64) AppleWebKit/537.36 (KHTML, like Gecko) Chrome/103.0.0.0 Safari/537.36 OpenWave/97.4.2043.44"
47.76.209.138 - - [03/Jan/2025:19:47:41 -0500] "HEAD /contact-us HTTP/1.1" 301 0 "-" "Mozilla/5.0 (Windows NT 6.1; Win64; x64) AppleWebKit/537.36 (KHTML, like Gecko) Chrome/65.0.2748.21 Safari/537.36"
47.76.209.138 - - [03/Jan/2025:19:47:41 -0500] "HEAD /contact-us/ HTTP/1.1" 200 0 "-" "Mozilla/5.0 (Windows NT 6.1; Win64; x64) AppleWebKit/537.36 (KHTML, like Gecko) Chrome/65.0.2748.21 Safari/537.36"
47.76.209.138 - - [03/Jan/2025:19:47:41 -0500] "GET /contact-us HTTP/1.1" 301 0 "-" "Mozilla/5.0 (Windows NT 6.1; Win64; x64) AppleWebKit/537.36 (KHTML, like Gecko) Chrome/65.0.2748.21 Safari/537.36"
47.76.209.138 - - [03/Jan/2025:19:47:42 -0500] "GET /contact-us/ HTTP/1.1" 200 20621 "-" "Mozilla/5.0 (Windows NT 6.1; Win64; x64) AppleWebKit/537.36 (KHTML, like Gecko) Chrome/65.0.2748.21 Safari/537.36"
66.29.132.124 - - [03/Jan/2025:19:47:43 -0500] "POST /wp-cron.php?doing_wp_cron=1735951663.4257988929748535156250 HTTP/1.1" 200 0 "-" "WordPress/6.7.1; https://misswavenigeria.com"
47.76.209.138 - - [03/Jan/2025:19:47:41 -0500] "HEAD /register HTTP/1.1" 301 0 "-" "Mozilla/5.0 (Windows NT 6.0; Win64; x64) AppleWebKit/537.36 (KHTML, like Gecko) Chrome/65.0.2927.137 Safari/537.36"
47.76.209.138 - - [03/Jan/2025:19:47:43 -0500] "HEAD /register/ HTTP/1.1" 200 0 "-" "Mozilla/5.0 (Windows NT 6.0; Win64; x64) AppleWebKit/537.36 (KHTML, like Gecko) Chrome/65.0.2927.137 Safari/537.36"
66.29.132.124 - - [03/Jan/2025:19:47:43 -0500] "POST /wp-admin/admin-ajax.php?action=async_litespeed&nonce=O2hOUIKyji5hSujKxEnTKp9a6QhPGTyI&litespeed_type=imgoptm HTTP/1.1" 200 21 "-" "WordPress/6.7.1; https://misswavenigeria.com"
47.76.209.138 - - [03/Jan/2025:19:47:43 -0500] "GET /register HTTP/1.1" 301 0 "-" "Mozilla/5.0 (Windows NT 6.0; Win64; x64) AppleWebKit/537.36 (KHTML, like Gecko) Chrome/65.0.2927.137 Safari/537.36"
47.76.209.138 - - [03/Jan/2025:19:47:44 -0500] "GET /register/ HTTP/1.1" 200 20214 "-" "Mozilla/5.0 (Windows NT 6.0; Win64; x64) AppleWebKit/537.36 (KHTML, like Gecko) Chrome/65.0.2927.137 Safari/537.36"
165.231.182.10 - - [03/Jan/2025:19:47:49 -0500] "GET / HTTP/1.0" 200 109055 "https://misswavenigeria.com/" "Mozilla/5.0 (Windows NT 6.1) AppleWebKit/537.36 (KHTML, like Gecko) Chrome/103.0.5060.114 Safari/537.36"
165.231.182.10 - - [03/Jan/2025:19:47:52 -0500] "GET /register/ HTTP/1.0" 200 75922 "https://misswavenigeria.com/register/" "Mozilla/5.0 (Windows NT 6.1) AppleWebKit/537.36 (KHTML, like Gecko) Chrome/103.0.5060.114 Safari/537.36"
165.231.182.10 - - [03/Jan/2025:19:47:54 -0500] "POST /register/ HTTP/1.0" 200 76048 "https://misswavenigeria.com/register/" "Mozilla/5.0 (Windows NT 6.1) AppleWebKit/537.36 (KHTML, like Gecko) Chrome/103.0.5060.114 Safari/537.36"
66.29.132.124 - - [03/Jan/2025:19:49:19 -0500] "POST /wp-cron.php?doing_wp_cron=1735951759.3670248985290527343750 HTTP/1.1" 200 0 "-" "WordPress/6.7.1; https://misswavenigeria.com"
165.231.182.10 - - [03/Jan/2025:19:49:19 -0500] "GET /register/ HTTP/1.0" 200 75922 "https://misswavenigeria.com/" "Mozilla/5.0 (Windows NT 6.1) AppleWebKit/537.36 (KHTML, like Gecko) Chrome/103.0.5060.114 Safari/537.36"
66.29.132.124 - - [03/Jan/2025:19:49:19 -0500] "POST /wp-admin/admin-ajax.php?action=async_litespeed&nonce=66nSeOmPT2cZJs4Mk4TyeglqNlBIgzlv&litespeed_type=imgoptm HTTP/1.1" 200 21 "-" "WordPress/6.7.1; https://misswavenigeria.com"
66.29.132.124 - - [03/Jan/2025:19:50:55 -0500] "POST /wp-cron.php?doing_wp_cron=1735951855.6879000663757324218750 HTTP/1.1" 200 0 "-" "WordPress/6.7.1; https://misswavenigeria.com"
47.76.209.138 - - [03/Jan/2025:19:50:53 -0500] "HEAD /contestants HTTP/1.1" 301 0 "-" "Mozilla/5.0 (Windows NT 6.3; Win64; x64) AppleWebKit/537.36 (KHTML, like Gecko) Chrome/72.0.3018.26 Safari/537.36"
47.76.209.138 - - [03/Jan/2025:19:50:55 -0500] "HEAD /contestants/ HTTP/1.1" 200 0 "-" "Mozilla/5.0 (Windows NT 6.3; Win64; x64) AppleWebKit/537.36 (KHTML, like Gecko) Chrome/72.0.3018.26 Safari/537.36"
66.29.132.124 - - [03/Jan/2025:19:50:55 -0500] "POST /wp-admin/admin-ajax.php?action=async_litespeed&nonce=Eie5QeJLLUrXn3UwoNa8kiK3qLIITyKm&litespeed_type=imgoptm HTTP/1.1" 200 21 "-" "WordPress/6.7.1; https://misswavenigeria.com"
47.76.209.138 - - [03/Jan/2025:19:50:56 -0500] "GET /contestants HTTP/1.1" 301 0 "-" "Mozilla/5.0 (Windows NT 6.3; Win64; x64) AppleWebKit/537.36 (KHTML, like Gecko) Chrome/72.0.3018.26 Safari/537.36"
47.76.209.138 - - [03/Jan/2025:19:50:56 -0500] "GET /contestants/ HTTP/1.1" 200 20454 "-" "Mozilla/5.0 (Windows NT 6.3; Win64; x64) AppleWebKit/537.36 (KHTML, like Gecko) Chrome/72.0.3018.26 Safari/537.36"
66.29.132.124 - - [03/Jan/2025:19:51:47 -0500] "POST /wp-cron.php?doing_wp_cron=1735951907.9110078811645507812500 HTTP/1.1" 200 0 "-" "WordPress/6.7.1; https://misswavenigeria.com"
165.231.182.10 - - [03/Jan/2025:19:51:47 -0500] "GET / HTTP/1.0" 200 109055 "https://misswavenigeria.com/" "Mozilla/5.0 (Windows NT 6.3; Win64; x64) AppleWebKit/537.36 (KHTML, like Gecko) Chrome/103.0.5060.53 Safari/537.36"
66.29.132.124 - - [03/Jan/2025:19:51:48 -0500] "POST /wp-admin/admin-ajax.php?action=async_litespeed&nonce=ZkPoYl1CPaJFr2gvL38beM7ZZV6rBbwG&litespeed_type=imgoptm HTTP/1.1" 200 21 "-" "WordPress/6.7.1; https://misswavenigeria.com"
165.231.182.10 - - [03/Jan/2025:19:51:50 -0500] "GET /register/ HTTP/1.0" 200 75922 "https://misswavenigeria.com/register/" "Mozilla/5.0 (Windows NT 6.3; Win64; x64) AppleWebKit/537.36 (KHTML, like Gecko) Chrome/103.0.5060.53 Safari/537.36"
47.76.99.127 - - [03/Jan/2025:19:52:10 -0500] "HEAD /contact-us HTTP/1.1" 301 0 "-" "Mozilla/5.0 (Windows NT 6.3; Win64; x64) AppleWebKit/537.36 (KHTML, like Gecko) Chrome/66.0.2536.137 Safari/537.36"
47.76.99.127 - - [03/Jan/2025:19:52:10 -0500] "HEAD /contact-us/ HTTP/1.1" 200 0 "-" "Mozilla/5.0 (Windows NT 6.3; Win64; x64) AppleWebKit/537.36 (KHTML, like Gecko) Chrome/66.0.2536.137 Safari/537.36"
47.76.99.127 - - [03/Jan/2025:19:52:11 -0500] "GET /contact-us HTTP/1.1" 301 0 "-" "Mozilla/5.0 (Windows NT 6.3; Win64; x64) AppleWebKit/537.36 (KHTML, like Gecko) Chrome/66.0.2536.137 Safari/537.36"
47.76.99.127 - - [03/Jan/2025:19:52:11 -0500] "GET /contact-us/ HTTP/1.1" 200 20618 "-" "Mozilla/5.0 (Windows NT 6.3; Win64; x64) AppleWebKit/537.36 (KHTML, like Gecko) Chrome/66.0.2536.137 Safari/537.36"
165.231.182.10 - - [03/Jan/2025:19:51:51 -0500] "POST /register/ HTTP/1.0" 200 76048 "https://misswavenigeria.com/register/" "Mozilla/5.0 (Windows NT 6.3; Win64; x64) AppleWebKit/537.36 (KHTML, like Gecko) Chrome/103.0.5060.53 Safari/537.36"
66.29.132.124 - - [03/Jan/2025:19:53:30 -0500] "POST /wp-cron.php?doing_wp_cron=1735952010.2464749813079833984375 HTTP/1.1" 200 0 "-" "WordPress/6.7.1; https://misswavenigeria.com"
165.231.182.10 - - [03/Jan/2025:19:53:30 -0500] "GET /register/ HTTP/1.0" 200 75922 "https://misswavenigeria.com/" "Mozilla/5.0 (Windows NT 6.3; Win64; x64) AppleWebKit/537.36 (KHTML, like Gecko) Chrome/103.0.5060.53 Safari/537.36"
66.29.132.124 - - [03/Jan/2025:19:53:30 -0500] "POST /wp-admin/admin-ajax.php?action=async_litespeed&nonce=bfBL01aPkaKiYuzrqqKU4gs7gj9AdisR&litespeed_type=imgoptm HTTP/1.1" 200 21 "-" "WordPress/6.7.1; https://misswavenigeria.com"
66.29.132.124 - - [03/Jan/2025:19:54:29 -0500] "POST /wp-cron.php?doing_wp_cron=1735952069.7934250831604003906250 HTTP/1.1" 200 0 "-" "WordPress/6.7.1; https://misswavenigeria.com"
47.76.209.138 - - [03/Jan/2025:19:54:29 -0500] "HEAD /contact-us HTTP/1.1" 301 0 "-" "Mozilla/5.0 (Windows NT 6.2; Win64; x64) AppleWebKit/537.36 (KHTML, like Gecko) Chrome/71.0.3262.115 Safari/537.36"
47.76.209.138 - - [03/Jan/2025:19:54:30 -0500] "HEAD /contact-us/ HTTP/1.1" 200 0 "-" "Mozilla/5.0 (Windows NT 6.2; Win64; x64) AppleWebKit/537.36 (KHTML, like Gecko) Chrome/71.0.3262.115 Safari/537.36"
66.29.132.124 - - [03/Jan/2025:19:54:30 -0500] "POST /wp-admin/admin-ajax.php?action=async_litespeed&nonce=eqige8gfc09ZSQia3qdAdSSV4UC68Tey&litespeed_type=imgoptm HTTP/1.1" 200 21 "-" "WordPress/6.7.1; https://misswavenigeria.com"
47.76.209.138 - - [03/Jan/2025:19:54:30 -0500] "GET /contact-us HTTP/1.1" 301 0 "-" "Mozilla/5.0 (Windows NT 6.2; Win64; x64) AppleWebKit/537.36 (KHTML, like Gecko) Chrome/71.0.3262.115 Safari/537.36"
47.76.209.138 - - [03/Jan/2025:19:54:30 -0500] "GET /contact-us/ HTTP/1.1" 200 20620 "-" "Mozilla/5.0 (Windows NT 6.2; Win64; x64) AppleWebKit/537.36 (KHTML, like Gecko) Chrome/71.0.3262.115 Safari/537.36"
66.29.132.124 - - [03/Jan/2025:19:55:44 -0500] "POST /wp-cron.php?doing_wp_cron=1735952144.4392209053039550781250 HTTP/1.1" 200 0 "-" "WordPress/6.7.1; https://misswavenigeria.com"
165.231.182.10 - - [03/Jan/2025:19:55:44 -0500] "GET / HTTP/1.0" 200 109055 "https://misswavenigeria.com/" "Mozilla/5.0 (Windows NT 10.0; Win64; x64) AppleWebKit/537.36 (KHTML, like Gecko) Chrome/103.0.5060.53 Safari/537.36"
66.29.132.124 - - [03/Jan/2025:19:55:44 -0500] "POST /wp-admin/admin-ajax.php?action=async_litespeed&nonce=ZdEBn7DC9xklo4QTje98uQapiLGK6C6w&litespeed_type=imgoptm HTTP/1.1" 200 21 "-" "WordPress/6.7.1; https://misswavenigeria.com"
165.231.182.10 - - [03/Jan/2025:19:55:46 -0500] "GET /register/ HTTP/1.0" 200 75922 "https://misswavenigeria.com/register/" "Mozilla/5.0 (Windows NT 10.0; Win64; x64) AppleWebKit/537.36 (KHTML, like Gecko) Chrome/103.0.5060.53 Safari/537.36"
47.76.99.127 - - [03/Jan/2025:19:55:59 -0500] "HEAD /register HTTP/1.1" 301 0 "-" "Mozilla/5.0 (Windows NT 6.2; Win64; x64) AppleWebKit/537.36 (KHTML, like Gecko) Chrome/67.0.3646.104 Safari/537.36"
47.76.99.127 - - [03/Jan/2025:19:56:00 -0500] "HEAD /register/ HTTP/1.1" 200 0 "-" "Mozilla/5.0 (Windows NT 6.2; Win64; x64) AppleWebKit/537.36 (KHTML, like Gecko) Chrome/67.0.3646.104 Safari/537.36"
47.76.99.127 - - [03/Jan/2025:19:56:00 -0500] "GET /register HTTP/1.1" 301 0 "-" "Mozilla/5.0 (Windows NT 6.2; Win64; x64) AppleWebKit/537.36 (KHTML, like Gecko) Chrome/67.0.3646.104 Safari/537.36"
47.76.99.127 - - [03/Jan/2025:19:56:01 -0500] "GET /register/ HTTP/1.1" 200 20216 "-" "Mozilla/5.0 (Windows NT 6.2; Win64; x64) AppleWebKit/537.36 (KHTML, like Gecko) Chrome/67.0.3646.104 Safari/537.36"
165.231.182.10 - - [03/Jan/2025:19:55:48 -0500] "POST /register/ HTTP/1.0" 200 76048 "https://misswavenigeria.com/register/" "Mozilla/5.0 (Windows NT 10.0; Win64; x64) AppleWebKit/537.36 (KHTML, like Gecko) Chrome/103.0.5060.53 Safari/537.36"
66.29.132.124 - - [03/Jan/2025:19:57:07 -0500] "POST /wp-cron.php?doing_wp_cron=1735952227.3764278888702392578125 HTTP/1.1" 200 0 "-" "WordPress/6.7.1; https://misswavenigeria.com"
165.231.182.10 - - [03/Jan/2025:19:57:07 -0500] "GET /register/ HTTP/1.0" 200 75922 "https://misswavenigeria.com/" "Mozilla/5.0 (Windows NT 10.0; Win64; x64) AppleWebKit/537.36 (KHTML, like Gecko) Chrome/103.0.5060.53 Safari/537.36"
66.29.132.124 - - [03/Jan/2025:19:57:07 -0500] "POST /wp-admin/admin-ajax.php?action=async_litespeed&nonce=2fxNPszVwqeJLBblLErOOr3pBiSH7TlC&litespeed_type=imgoptm HTTP/1.1" 200 21 "-" "WordPress/6.7.1; https://misswavenigeria.com"
66.29.132.124 - - [03/Jan/2025:19:58:05 -0500] "POST /wp-cron.php?doing_wp_cron=1735952285.2291989326477050781250 HTTP/1.1" 200 0 "-" "WordPress/6.7.1; https://misswavenigeria.com"
47.76.99.127 - - [03/Jan/2025:19:58:05 -0500] "HEAD /contestants HTTP/1.1" 301 0 "-" "Mozilla/5.0 (Windows NT 6.3; Win64; x64) AppleWebKit/537.36 (KHTML, like Gecko) Chrome/70.0.3227.12 Safari/537.36"
66.29.132.124 - - [03/Jan/2025:19:58:05 -0500] "POST /wp-admin/admin-ajax.php?action=async_litespeed&nonce=tlIYbb0wePrPJPlUm7CoCOHi6kEGRk0Y&litespeed_type=imgoptm HTTP/1.1" 200 21 "-" "WordPress/6.7.1; https://misswavenigeria.com"
47.76.99.127 - - [03/Jan/2025:19:58:05 -0500] "HEAD /contestants/ HTTP/1.1" 200 0 "-" "Mozilla/5.0 (Windows NT 6.3; Win64; x64) AppleWebKit/537.36 (KHTML, like Gecko) Chrome/70.0.3227.12 Safari/537.36"
47.76.99.127 - - [03/Jan/2025:19:58:05 -0500] "GET /contestants HTTP/1.1" 301 0 "-" "Mozilla/5.0 (Windows NT 6.3; Win64; x64) AppleWebKit/537.36 (KHTML, like Gecko) Chrome/70.0.3227.12 Safari/537.36"
47.76.99.127 - - [03/Jan/2025:19:58:06 -0500] "GET /contestants/ HTTP/1.1" 200 20456 "-" "Mozilla/5.0 (Windows NT 6.3; Win64; x64) AppleWebKit/537.36 (KHTML, like Gecko) Chrome/70.0.3227.12 Safari/537.36"
47.76.209.138 - - [03/Jan/2025:19:59:14 -0500] "HEAD /contestants HTTP/1.1" 301 0 "-" "Mozilla/5.0 (Windows NT 6.2; Win64; x64) AppleWebKit/537.36 (KHTML, like Gecko) Chrome/68.0.3249.189 Safari/537.36"
47.76.209.138 - - [03/Jan/2025:19:59:14 -0500] "HEAD /contestants/ HTTP/1.1" 200 0 "-" "Mozilla/5.0 (Windows NT 6.2; Win64; x64) AppleWebKit/537.36 (KHTML, like Gecko) Chrome/68.0.3249.189 Safari/537.36"
47.76.209.138 - - [03/Jan/2025:19:59:14 -0500] "GET /contestants HTTP/1.1" 301 0 "-" "Mozilla/5.0 (Windows NT 6.2; Win64; x64) AppleWebKit/537.36 (KHTML, like Gecko) Chrome/68.0.3249.189 Safari/537.36"
47.76.209.138 - - [03/Jan/2025:19:59:15 -0500] "GET /contestants/ HTTP/1.1" 200 20456 "-" "Mozilla/5.0 (Windows NT 6.2; Win64; x64) AppleWebKit/537.36 (KHTML, like Gecko) Chrome/68.0.3249.189 Safari/537.36"
66.29.132.124 - - [03/Jan/2025:19:59:40 -0500] "POST /wp-cron.php?doing_wp_cron=1735952380.8097100257873535156250 HTTP/1.1" 200 0 "-" "WordPress/6.7.1; https://misswavenigeria.com"
165.231.182.10 - - [03/Jan/2025:19:59:39 -0500] "GET / HTTP/1.0" 200 109055 "https://misswavenigeria.com/" "Mozilla/5.0 (Windows NT 6.3; Win64; x64) AppleWebKit/537.36 (KHTML, like Gecko) Chrome/103.0.5060.53 Safari/537.36"
66.29.132.124 - - [03/Jan/2025:19:59:41 -0500] "POST /wp-admin/admin-ajax.php?action=async_litespeed&nonce=4Ltzt73q8WqHYKUEa4tCG5Q00spUISuW&litespeed_type=imgoptm HTTP/1.1" 200 21 "-" "WordPress/6.7.1; https://misswavenigeria.com"
165.231.182.10 - - [03/Jan/2025:19:59:42 -0500] "GET /register/ HTTP/1.0" 200 75922 "https://misswavenigeria.com/register/" "Mozilla/5.0 (Windows NT 6.3; Win64; x64) AppleWebKit/537.36 (KHTML, like Gecko) Chrome/103.0.5060.53 Safari/537.36"
47.76.209.138 - - [03/Jan/2025:20:00:34 -0500] "HEAD /contestants HTTP/1.1" 301 0 "-" "Mozilla/5.0 (Windows NT 6.0; Win64; x64) AppleWebKit/537.36 (KHTML, like Gecko) Chrome/77.0.3856.20 Safari/537.36"
47.76.209.138 - - [03/Jan/2025:20:00:34 -0500] "HEAD /contestants/ HTTP/1.1" 200 0 "-" "Mozilla/5.0 (Windows NT 6.0; Win64; x64) AppleWebKit/537.36 (KHTML, like Gecko) Chrome/77.0.3856.20 Safari/537.36"
66.29.132.124 - - [03/Jan/2025:20:00:34 -0500] "POST /wp-cron.php?doing_wp_cron=1735952434.2962250709533691406250 HTTP/1.1" 200 0 "-" "WordPress/6.7.1; https://misswavenigeria.com"
47.76.99.127 - - [03/Jan/2025:20:00:34 -0500] "HEAD /register HTTP/1.1" 301 0 "-" "Mozilla/5.0 (Windows NT 6.1; Win64; x64) AppleWebKit/537.36 (KHTML, like Gecko) Chrome/79.0.2525.113 Safari/537.36"
47.76.209.138 - - [03/Jan/2025:20:00:34 -0500] "HEAD /contact-us HTTP/1.1" 301 0 "-" "Mozilla/5.0 (Windows NT 10.0; Win64; x64) AppleWebKit/537.36 (KHTML, like Gecko) Chrome/61.0.2903.72 Safari/537.36"
47.76.99.127 - - [03/Jan/2025:20:00:34 -0500] "HEAD /register/ HTTP/1.1" 200 0 "-" "Mozilla/5.0 (Windows NT 6.1; Win64; x64) AppleWebKit/537.36 (KHTML, like Gecko) Chrome/79.0.2525.113 Safari/537.36"
47.76.209.138 - - [03/Jan/2025:20:00:35 -0500] "GET /contestants HTTP/1.1" 301 0 "-" "Mozilla/5.0 (Windows NT 6.0; Win64; x64) AppleWebKit/537.36 (KHTML, like Gecko) Chrome/77.0.3856.20 Safari/537.36"
47.76.99.127 - - [03/Jan/2025:20:00:34 -0500] "GET /register HTTP/1.1" 301 0 "-" "Mozilla/5.0 (Windows NT 6.1; Win64; x64) AppleWebKit/537.36 (KHTML, like Gecko) Chrome/79.0.2525.113 Safari/537.36"
47.76.209.138 - - [03/Jan/2025:20:00:34 -0500] "HEAD /contact-us/ HTTP/1.1" 200 0 "-" "Mozilla/5.0 (Windows NT 10.0; Win64; x64) AppleWebKit/537.36 (KHTML, like Gecko) Chrome/61.0.2903.72 Safari/537.36"
66.29.132.124 - - [03/Jan/2025:20:00:34 -0500] "POST /wp-admin/admin-ajax.php?action=async_litespeed&nonce=6lYuANyhXWIYV1y1HQvkr35E5JGxMqRC&litespeed_type=imgoptm HTTP/1.1" 200 21 "-" "WordPress/6.7.1; https://misswavenigeria.com"
47.76.99.127 - - [03/Jan/2025:20:00:35 -0500] "GET /register/ HTTP/1.1" 200 20216 "-" "Mozilla/5.0 (Windows NT 6.1; Win64; x64) AppleWebKit/537.36 (KHTML, like Gecko) Chrome/79.0.2525.113 Safari/537.36"
47.76.209.138 - - [03/Jan/2025:20:00:35 -0500] "GET /contact-us HTTP/1.1" 301 0 "-" "Mozilla/5.0 (Windows NT 10.0; Win64; x64) AppleWebKit/537.36 (KHTML, like Gecko) Chrome/61.0.2903.72 Safari/537.36"
47.76.209.138 - - [03/Jan/2025:20:00:35 -0500] "GET /contestants/ HTTP/1.1" 200 20456 "-" "Mozilla/5.0 (Windows NT 6.0; Win64; x64) AppleWebKit/537.36 (KHTML, like Gecko) Chrome/77.0.3856.20 Safari/537.36"
47.76.209.138 - - [03/Jan/2025:20:00:35 -0500] "GET /contact-us/ HTTP/1.1" 200 20620 "-" "Mozilla/5.0 (Windows NT 10.0; Win64; x64) AppleWebKit/537.36 (KHTML, like Gecko) Chrome/61.0.2903.72 Safari/537.36"
165.231.182.10 - - [03/Jan/2025:19:59:44 -0500] "POST /register/ HTTP/1.0" 200 76048 "https://misswavenigeria.com/register/" "Mozilla/5.0 (Windows NT 6.3; Win64; x64) AppleWebKit/537.36 (KHTML, like Gecko) Chrome/103.0.5060.53 Safari/537.36"
165.231.182.10 - - [03/Jan/2025:20:01:21 -0500] "GET /register/ HTTP/1.0" 200 75922 "https://misswavenigeria.com/" "Mozilla/5.0 (Windows NT 6.3; Win64; x64) AppleWebKit/537.36 (KHTML, like Gecko) Chrome/103.0.5060.53 Safari/537.36"
66.29.132.124 - - [03/Jan/2025:20:01:40 -0500] "POST /wp-cron.php?doing_wp_cron=1735952500.6600420475006103515625 HTTP/1.1" 200 0 "-" "WordPress/6.7.1; https://misswavenigeria.com"
47.76.209.138 - - [03/Jan/2025:20:01:40 -0500] "HEAD /contact-us HTTP/1.1" 301 0 "-" "Mozilla/5.0 (Windows NT 6.3; Win64; x64) AppleWebKit/537.36 (KHTML, like Gecko) Chrome/68.0.3157.46 Safari/537.36"
66.29.132.124 - - [03/Jan/2025:20:01:40 -0500] "POST /wp-admin/admin-ajax.php?action=async_litespeed&nonce=EOddJMAPpOTWPHcbBf1zVNKmIi0YjRJB&litespeed_type=imgoptm HTTP/1.1" 200 21 "-" "WordPress/6.7.1; https://misswavenigeria.com"
47.76.209.138 - - [03/Jan/2025:20:01:40 -0500] "HEAD /contact-us/ HTTP/1.1" 200 0 "-" "Mozilla/5.0 (Windows NT 6.3; Win64; x64) AppleWebKit/537.36 (KHTML, like Gecko) Chrome/68.0.3157.46 Safari/537.36"
47.76.209.138 - - [03/Jan/2025:20:01:41 -0500] "GET /contact-us HTTP/1.1" 301 0 "-" "Mozilla/5.0 (Windows NT 6.3; Win64; x64) AppleWebKit/537.36 (KHTML, like Gecko) Chrome/68.0.3157.46 Safari/537.36"
47.76.209.138 - - [03/Jan/2025:20:01:41 -0500] "GET /contact-us/ HTTP/1.1" 200 20614 "-" "Mozilla/5.0 (Windows NT 6.3; Win64; x64) AppleWebKit/537.36 (KHTML, like Gecko) Chrome/68.0.3157.46 Safari/537.36"
66.29.132.124 - - [03/Jan/2025:20:03:47 -0500] "POST /wp-cron.php?doing_wp_cron=1735952627.4542450904846191406250 HTTP/1.1" 200 0 "-" "WordPress/6.7.1; https://misswavenigeria.com"
165.231.182.10 - - [03/Jan/2025:20:03:45 -0500] "GET / HTTP/1.0" 200 109053 "https://misswavenigeria.com/" "Mozilla/5.0 (Windows NT 6.1; WOW64) AppleWebKit/537.36 (KHTML, like Gecko) Chrome/103.0.0.0 Safari/537.36"
66.29.132.124 - - [03/Jan/2025:20:03:47 -0500] "POST /wp-admin/admin-ajax.php?action=async_litespeed&nonce=SZGcdU6yQ077Axzp4UUcqNfJe54jEvun&litespeed_type=imgoptm HTTP/1.1" 200 21 "-" "WordPress/6.7.1; https://misswavenigeria.com"
165.231.182.10 - - [03/Jan/2025:20:03:49 -0500] "GET /register/ HTTP/1.0" 200 75922 "https://misswavenigeria.com/register/" "Mozilla/5.0 (Windows NT 6.1; WOW64) AppleWebKit/537.36 (KHTML, like Gecko) Chrome/103.0.0.0 Safari/537.36"
47.76.209.138 - - [03/Jan/2025:20:03:52 -0500] "HEAD /contact-us HTTP/1.1" 301 0 "-" "Mozilla/5.0 (Windows NT 6.3; Win64; x64) AppleWebKit/537.36 (KHTML, like Gecko) Chrome/78.0.2557.16 Safari/537.36"
47.76.209.138 - - [03/Jan/2025:20:03:52 -0500] "HEAD /contact-us/ HTTP/1.1" 200 0 "-" "Mozilla/5.0 (Windows NT 6.3; Win64; x64) AppleWebKit/537.36 (KHTML, like Gecko) Chrome/78.0.2557.16 Safari/537.36"
47.76.209.138 - - [03/Jan/2025:20:03:52 -0500] "GET /contact-us HTTP/1.1" 301 0 "-" "Mozilla/5.0 (Windows NT 6.3; Win64; x64) AppleWebKit/537.36 (KHTML, like Gecko) Chrome/78.0.2557.16 Safari/537.36"
47.76.209.138 - - [03/Jan/2025:20:03:52 -0500] "GET /contact-us/ HTTP/1.1" 200 20614 "-" "Mozilla/5.0 (Windows NT 6.3; Win64; x64) AppleWebKit/537.36 (KHTML, like Gecko) Chrome/78.0.2557.16 Safari/537.36"
165.231.182.10 - - [03/Jan/2025:20:03:51 -0500] "POST /register/ HTTP/1.0" 200 76048 "https://misswavenigeria.com/register/" "Mozilla/5.0 (Windows NT 6.1; WOW64) AppleWebKit/537.36 (KHTML, like Gecko) Chrome/103.0.0.0 Safari/537.36"
66.29.132.124 - - [03/Jan/2025:20:05:46 -0500] "POST /wp-cron.php?doing_wp_cron=1735952746.5552039146423339843750 HTTP/1.1" 200 0 "-" "WordPress/6.7.1; https://misswavenigeria.com"
165.231.182.10 - - [03/Jan/2025:20:05:46 -0500] "GET /register/ HTTP/1.0" 200 75922 "https://misswavenigeria.com/" "Mozilla/5.0 (Windows NT 6.1; WOW64) AppleWebKit/537.36 (KHTML, like Gecko) Chrome/103.0.0.0 Safari/537.36"
66.29.132.124 - - [03/Jan/2025:20:05:46 -0500] "POST /wp-admin/admin-ajax.php?action=async_litespeed&nonce=XRnYsQj89uWRSfyPTy6zEoopKWAVpB6O&litespeed_type=imgoptm HTTP/1.1" 200 21 "-" "WordPress/6.7.1; https://misswavenigeria.com"
66.29.132.124 - - [03/Jan/2025:20:07:52 -0500] "POST /wp-cron.php?doing_wp_cron=1735952872.2580490112304687500000 HTTP/1.1" 200 0 "-" "WordPress/6.7.1; https://misswavenigeria.com"
165.231.182.10 - - [03/Jan/2025:20:07:50 -0500] "GET / HTTP/1.0" 200 109053 "https://misswavenigeria.com/" "Mozilla/5.0 (Windows NT 10.0; Win64; x64) AppleWebKit/537.36 (KHTML, like Gecko) Chrome/103.0.0.0 Safari/537.36 Herring/95.1.8810.11"
66.29.132.124 - - [03/Jan/2025:20:07:52 -0500] "POST /wp-admin/admin-ajax.php?action=async_litespeed&nonce=KF7GYhwoBKlE3VrvigOTkz6VRXBJkhIE&litespeed_type=imgoptm HTTP/1.1" 200 21 "-" "WordPress/6.7.1; https://misswavenigeria.com"
165.231.182.10 - - [03/Jan/2025:20:07:54 -0500] "GET /register/ HTTP/1.0" 200 75922 "https://misswavenigeria.com/register/" "Mozilla/5.0 (Windows NT 10.0; Win64; x64) AppleWebKit/537.36 (KHTML, like Gecko) Chrome/103.0.0.0 Safari/537.36 Herring/95.1.8810.11"
165.231.182.10 - - [03/Jan/2025:20:07:56 -0500] "POST /register/ HTTP/1.0" 200 76048 "https://misswavenigeria.com/register/" "Mozilla/5.0 (Windows NT 10.0; Win64; x64) AppleWebKit/537.36 (KHTML, like Gecko) Chrome/103.0.0.0 Safari/537.36 Herring/95.1.8810.11"
66.29.132.124 - - [03/Jan/2025:20:09:35 -0500] "POST /wp-cron.php?doing_wp_cron=1735952975.2493579387664794921875 HTTP/1.1" 200 0 "-" "WordPress/6.7.1; https://misswavenigeria.com"
165.231.182.10 - - [03/Jan/2025:20:09:35 -0500] "GET /register/ HTTP/1.0" 200 75922 "https://misswavenigeria.com/" "Mozilla/5.0 (Windows NT 10.0; Win64; x64) AppleWebKit/537.36 (KHTML, like Gecko) Chrome/103.0.0.0 Safari/537.36 Herring/95.1.8810.11"
66.29.132.124 - - [03/Jan/2025:20:09:35 -0500] "POST /wp-admin/admin-ajax.php?action=async_litespeed&nonce=WBTvWPoRTPwjPndCXS1jJZMFL9OJ2otO&litespeed_type=imgoptm HTTP/1.1" 200 21 "-" "WordPress/6.7.1; https://misswavenigeria.com"
66.29.132.124 - - [03/Jan/2025:20:11:16 -0500] "POST /wp-cron.php?doing_wp_cron=1735953076.3315260410308837890625 HTTP/1.1" 200 0 "-" "WordPress/6.7.1; https://misswavenigeria.com"
47.76.99.127 - - [03/Jan/2025:20:11:14 -0500] "HEAD /contact-us HTTP/1.1" 301 0 "-" "Mozilla/5.0 (Windows NT 6.0; Win64; x64) AppleWebKit/537.36 (KHTML, like Gecko) Chrome/71.0.2553.194 Safari/537.36"
47.76.99.127 - - [03/Jan/2025:20:11:16 -0500] "HEAD /contact-us/ HTTP/1.1" 200 0 "-" "Mozilla/5.0 (Windows NT 6.0; Win64; x64) AppleWebKit/537.36 (KHTML, like Gecko) Chrome/71.0.2553.194 Safari/537.36"
66.29.132.124 - - [03/Jan/2025:20:11:16 -0500] "POST /wp-admin/admin-ajax.php?action=async_litespeed&nonce=wKJINN36mqjDl2hBi1plmjiAMDNVVEbE&litespeed_type=imgoptm HTTP/1.1" 200 21 "-" "WordPress/6.7.1; https://misswavenigeria.com"
47.76.99.127 - - [03/Jan/2025:20:11:17 -0500] "GET /contact-us HTTP/1.1" 301 0 "-" "Mozilla/5.0 (Windows NT 6.0; Win64; x64) AppleWebKit/537.36 (KHTML, like Gecko) Chrome/71.0.2553.194 Safari/537.36"
47.76.99.127 - - [03/Jan/2025:20:11:17 -0500] "GET /contact-us/ HTTP/1.1" 200 20621 "-" "Mozilla/5.0 (Windows NT 6.0; Win64; x64) AppleWebKit/537.36 (KHTML, like Gecko) Chrome/71.0.2553.194 Safari/537.36"
66.29.132.124 - - [03/Jan/2025:20:11:54 -0500] "POST /wp-cron.php?doing_wp_cron=1735953114.2976560592651367187500 HTTP/1.1" 200 0 "-" "WordPress/6.7.1; https://misswavenigeria.com"
165.231.182.10 - - [03/Jan/2025:20:11:54 -0500] "GET / HTTP/1.0" 200 109053 "https://misswavenigeria.com/" "Mozilla/5.0 (Windows NT 6.1) AppleWebKit/537.36 (KHTML, like Gecko) Chrome/103.0.0.0 Safari/537.36"
66.29.132.124 - - [03/Jan/2025:20:11:54 -0500] "POST /wp-admin/admin-ajax.php?action=async_litespeed&nonce=JuseYSj0rHliv4RsOyLTkPrQlbx81IEv&litespeed_type=imgoptm HTTP/1.1" 200 21 "-" "WordPress/6.7.1; https://misswavenigeria.com"
165.231.182.10 - - [03/Jan/2025:20:11:56 -0500] "GET /register/ HTTP/1.0" 200 75922 "https://misswavenigeria.com/register/" "Mozilla/5.0 (Windows NT 6.1) AppleWebKit/537.36 (KHTML, like Gecko) Chrome/103.0.0.0 Safari/537.36"
47.76.209.138 - - [03/Jan/2025:20:12:27 -0500] "HEAD /contact-us HTTP/1.1" 301 0 "-" "Mozilla/5.0 (Windows NT 10.0; Win64; x64) AppleWebKit/537.36 (KHTML, like Gecko) Chrome/75.0.3357.16 Safari/537.36"
47.76.209.138 - - [03/Jan/2025:20:12:28 -0500] "HEAD /contact-us/ HTTP/1.1" 200 0 "-" "Mozilla/5.0 (Windows NT 10.0; Win64; x64) AppleWebKit/537.36 (KHTML, like Gecko) Chrome/75.0.3357.16 Safari/537.36"
47.76.99.127 - - [03/Jan/2025:20:12:27 -0500] "HEAD /contestants HTTP/1.1" 301 0 "-" "Mozilla/5.0 (Windows NT 10.0; Win64; x64) AppleWebKit/537.36 (KHTML, like Gecko) Chrome/68.0.3133.161 Safari/537.36"
66.29.132.124 - - [03/Jan/2025:20:12:28 -0500] "POST /wp-cron.php?doing_wp_cron=1735953148.1797928810119628906250 HTTP/1.1" 200 0 "-" "WordPress/6.7.1; https://misswavenigeria.com"
47.76.209.138 - - [03/Jan/2025:20:12:27 -0500] "HEAD /register HTTP/1.1" 301 0 "-" "Mozilla/5.0 (Windows NT 6.0; Win64; x64) AppleWebKit/537.36 (KHTML, like Gecko) Chrome/77.0.2033.91 Safari/537.36"
47.76.209.138 - - [03/Jan/2025:20:12:28 -0500] "GET /contact-us HTTP/1.1" 301 0 "-" "Mozilla/5.0 (Windows NT 10.0; Win64; x64) AppleWebKit/537.36 (KHTML, like Gecko) Chrome/75.0.3357.16 Safari/537.36"
47.76.209.138 - - [03/Jan/2025:20:12:28 -0500] "HEAD /register/ HTTP/1.1" 200 0 "-" "Mozilla/5.0 (Windows NT 6.0; Win64; x64) AppleWebKit/537.36 (KHTML, like Gecko) Chrome/77.0.2033.91 Safari/537.36"
47.76.209.138 - - [03/Jan/2025:20:12:28 -0500] "GET /contact-us/ HTTP/1.1" 200 20621 "-" "Mozilla/5.0 (Windows NT 10.0; Win64; x64) AppleWebKit/537.36 (KHTML, like Gecko) Chrome/75.0.3357.16 Safari/537.36"
47.76.99.127 - - [03/Jan/2025:20:12:28 -0500] "HEAD /contestants/ HTTP/1.1" 200 0 "-" "Mozilla/5.0 (Windows NT 10.0; Win64; x64) AppleWebKit/537.36 (KHTML, like Gecko) Chrome/68.0.3133.161 Safari/537.36"
66.29.132.124 - - [03/Jan/2025:20:12:28 -0500] "POST /wp-admin/admin-ajax.php?action=async_litespeed&nonce=NlSX31YgBHYNG7ZBiN1qWWvnNBR4SY9Y&litespeed_type=imgoptm HTTP/1.1" 200 21 "-" "WordPress/6.7.1; https://misswavenigeria.com"
47.76.209.138 - - [03/Jan/2025:20:12:28 -0500] "GET /register HTTP/1.1" 301 0 "-" "Mozilla/5.0 (Windows NT 6.0; Win64; x64) AppleWebKit/537.36 (KHTML, like Gecko) Chrome/77.0.2033.91 Safari/537.36"
47.76.209.138 - - [03/Jan/2025:20:12:28 -0500] "GET /register/ HTTP/1.1" 200 20215 "-" "Mozilla/5.0 (Windows NT 6.0; Win64; x64) AppleWebKit/537.36 (KHTML, like Gecko) Chrome/77.0.2033.91 Safari/537.36"
47.76.99.127 - - [03/Jan/2025:20:12:28 -0500] "GET /contestants HTTP/1.1" 301 0 "-" "Mozilla/5.0 (Windows NT 10.0; Win64; x64) AppleWebKit/537.36 (KHTML, like Gecko) Chrome/68.0.3133.161 Safari/537.36"
47.76.99.127 - - [03/Jan/2025:20:12:29 -0500] "GET /contestants/ HTTP/1.1" 200 20455 "-" "Mozilla/5.0 (Windows NT 10.0; Win64; x64) AppleWebKit/537.36 (KHTML, like Gecko) Chrome/68.0.3133.161 Safari/537.36"
165.231.182.10 - - [03/Jan/2025:20:11:58 -0500] "POST /register/ HTTP/1.0" 200 76048 "https://misswavenigeria.com/register/" "Mozilla/5.0 (Windows NT 6.1) AppleWebKit/537.36 (KHTML, like Gecko) Chrome/103.0.0.0 Safari/537.36"
66.29.132.124 - - [03/Jan/2025:20:13:31 -0500] "POST /wp-cron.php?doing_wp_cron=1735953211.0143249034881591796875 HTTP/1.1" 200 0 "-" "WordPress/6.7.1; https://misswavenigeria.com"
165.231.182.10 - - [03/Jan/2025:20:13:30 -0500] "GET /register/ HTTP/1.0" 200 75922 "https://misswavenigeria.com/" "Mozilla/5.0 (Windows NT 6.1) AppleWebKit/537.36 (KHTML, like Gecko) Chrome/103.0.0.0 Safari/537.36"
66.29.132.124 - - [03/Jan/2025:20:13:31 -0500] "POST /wp-admin/admin-ajax.php?action=async_litespeed&nonce=cQ7KstT2PpnDJ4dSVBBuZQWXRFNXCrGk&litespeed_type=imgoptm HTTP/1.1" 200 21 "-" "WordPress/6.7.1; https://misswavenigeria.com"
66.29.132.124 - - [03/Jan/2025:20:15:46 -0500] "POST /wp-cron.php?doing_wp_cron=1735953346.3280220031738281250000 HTTP/1.1" 200 0 "-" "WordPress/6.7.1; https://misswavenigeria.com"
47.76.209.138 - - [03/Jan/2025:20:15:44 -0500] "HEAD /register HTTP/1.1" 301 0 "-" "Mozilla/5.0 (Windows NT 6.3; Win64; x64) AppleWebKit/537.36 (KHTML, like Gecko) Chrome/76.0.2804.29 Safari/537.36"
47.76.209.138 - - [03/Jan/2025:20:15:46 -0500] "HEAD /register/ HTTP/1.1" 200 0 "-" "Mozilla/5.0 (Windows NT 6.3; Win64; x64) AppleWebKit/537.36 (KHTML, like Gecko) Chrome/76.0.2804.29 Safari/537.36"
66.29.132.124 - - [03/Jan/2025:20:15:46 -0500] "POST /wp-admin/admin-ajax.php?action=async_litespeed&nonce=AQwFlBrFmPUuGv6c0oa09MdqW6T1Ico8&litespeed_type=imgoptm HTTP/1.1" 200 21 "-" "WordPress/6.7.1; https://misswavenigeria.com"
47.76.209.138 - - [03/Jan/2025:20:15:46 -0500] "GET /register HTTP/1.1" 301 0 "-" "Mozilla/5.0 (Windows NT 6.3; Win64; x64) AppleWebKit/537.36 (KHTML, like Gecko) Chrome/76.0.2804.29 Safari/537.36"
47.76.209.138 - - [03/Jan/2025:20:15:47 -0500] "GET /register/ HTTP/1.1" 200 20214 "-" "Mozilla/5.0 (Windows NT 6.3; Win64; x64) AppleWebKit/537.36 (KHTML, like Gecko) Chrome/76.0.2804.29 Safari/537.36"
165.231.182.10 - - [03/Jan/2025:20:15:55 -0500] "GET / HTTP/1.0" 200 109053 "https://misswavenigeria.com/" "Mozilla/5.0 (Windows NT 6.1) AppleWebKit/537.36 (KHTML, like Gecko) Chrome/103.0.5060.114 Safari/537.36"
165.231.182.10 - - [03/Jan/2025:20:15:58 -0500] "GET /register/ HTTP/1.0" 200 75922 "https://misswavenigeria.com/register/" "Mozilla/5.0 (Windows NT 6.1) AppleWebKit/537.36 (KHTML, like Gecko) Chrome/103.0.5060.114 Safari/537.36"
66.29.132.124 - - [03/Jan/2025:20:16:52 -0500] "POST /wp-cron.php?doing_wp_cron=1735953412.4704799652099609375000 HTTP/1.1" 200 0 "-" "WordPress/6.7.1; https://misswavenigeria.com"
47.76.99.127 - - [03/Jan/2025:20:16:52 -0500] "HEAD /contestants HTTP/1.1" 301 0 "-" "Mozilla/5.0 (Windows NT 6.0; Win64; x64) AppleWebKit/537.36 (KHTML, like Gecko) Chrome/72.0.3333.35 Safari/537.36"
47.76.99.127 - - [03/Jan/2025:20:16:52 -0500] "HEAD /contestants/ HTTP/1.1" 200 0 "-" "Mozilla/5.0 (Windows NT 6.0; Win64; x64) AppleWebKit/537.36 (KHTML, like Gecko) Chrome/72.0.3333.35 Safari/537.36"
66.29.132.124 - - [03/Jan/2025:20:16:52 -0500] "POST /wp-admin/admin-ajax.php?action=async_litespeed&nonce=0gqZEwq9SgxAiLDYxOpIKmhJZMJC9tLJ&litespeed_type=imgoptm HTTP/1.1" 200 21 "-" "WordPress/6.7.1; https://misswavenigeria.com"
47.76.99.127 - - [03/Jan/2025:20:16:53 -0500] "GET /contestants HTTP/1.1" 301 0 "-" "Mozilla/5.0 (Windows NT 6.0; Win64; x64) AppleWebKit/537.36 (KHTML, like Gecko) Chrome/72.0.3333.35 Safari/537.36"
47.76.99.127 - - [03/Jan/2025:20:16:53 -0500] "GET /contestants/ HTTP/1.1" 200 20456 "-" "Mozilla/5.0 (Windows NT 6.0; Win64; x64) AppleWebKit/537.36 (KHTML, like Gecko) Chrome/72.0.3333.35 Safari/537.36"
165.231.182.10 - - [03/Jan/2025:20:15:59 -0500] "POST /register/ HTTP/1.0" 200 76048 "https://misswavenigeria.com/register/" "Mozilla/5.0 (Windows NT 6.1) AppleWebKit/537.36 (KHTML, like Gecko) Chrome/103.0.5060.114 Safari/537.36"
165.231.182.10 - - [03/Jan/2025:20:17:16 -0500] "GET /register/ HTTP/1.0" 200 75922 "https://misswavenigeria.com/" "Mozilla/5.0 (Windows NT 6.1) AppleWebKit/537.36 (KHTML, like Gecko) Chrome/103.0.5060.114 Safari/537.36"
66.29.132.124 - - [03/Jan/2025:20:18:18 -0500] "POST /wp-cron.php?doing_wp_cron=1735953498.0305249691009521484375 HTTP/1.1" 200 0 "-" "WordPress/6.7.1; https://misswavenigeria.com"
47.76.99.127 - - [03/Jan/2025:20:18:17 -0500] "HEAD /register HTTP/1.1" 301 0 "-" "Mozilla/5.0 (Windows NT 6.2; Win64; x64) AppleWebKit/537.36 (KHTML, like Gecko) Chrome/77.0.3128.125 Safari/537.36"
47.76.99.127 - - [03/Jan/2025:20:18:18 -0500] "HEAD /register/ HTTP/1.1" 200 0 "-" "Mozilla/5.0 (Windows NT 6.2; Win64; x64) AppleWebKit/537.36 (KHTML, like Gecko) Chrome/77.0.3128.125 Safari/537.36"
66.29.132.124 - - [03/Jan/2025:20:18:18 -0500] "POST /wp-admin/admin-ajax.php?action=async_litespeed&nonce=738SDPDYGvWpKEWwCWVrWSk2yHSUjRRZ&litespeed_type=imgoptm HTTP/1.1" 200 21 "-" "WordPress/6.7.1; https://misswavenigeria.com"
47.76.99.127 - - [03/Jan/2025:20:18:18 -0500] "GET /register HTTP/1.1" 301 0 "-" "Mozilla/5.0 (Windows NT 6.2; Win64; x64) AppleWebKit/537.36 (KHTML, like Gecko) Chrome/77.0.3128.125 Safari/537.36"
47.76.99.127 - - [03/Jan/2025:20:18:18 -0500] "GET /register/ HTTP/1.1" 200 20214 "-" "Mozilla/5.0 (Windows NT 6.2; Win64; x64) AppleWebKit/537.36 (KHTML, like Gecko) Chrome/77.0.3128.125 Safari/537.36"
66.29.132.124 - - [03/Jan/2025:20:19:55 -0500] "POST /wp-cron.php?doing_wp_cron=1735953595.2150070667266845703125 HTTP/1.1" 200 0 "-" "WordPress/6.7.1; https://misswavenigeria.com"
165.231.182.10 - - [03/Jan/2025:20:19:53 -0500] "GET / HTTP/1.0" 200 109053 "https://misswavenigeria.com/" "Mozilla/5.0 (Windows NT 6.3; Win64; x64) AppleWebKit/537.36 (KHTML, like Gecko) Chrome/103.0.5060.114 Safari/537.36"
66.29.132.124 - - [03/Jan/2025:20:19:55 -0500] "POST /wp-admin/admin-ajax.php?action=async_litespeed&nonce=8PlvvyvVuPaPG7pchOWv2cfLhTuvN7N2&litespeed_type=imgoptm HTTP/1.1" 200 21 "-" "WordPress/6.7.1; https://misswavenigeria.com"
165.231.182.10 - - [03/Jan/2025:20:19:57 -0500] "GET /register/ HTTP/1.0" 200 75922 "https://misswavenigeria.com/register/" "Mozilla/5.0 (Windows NT 6.3; Win64; x64) AppleWebKit/537.36 (KHTML, like Gecko) Chrome/103.0.5060.114 Safari/537.36"
165.231.182.10 - - [03/Jan/2025:20:19:59 -0500] "POST /register/ HTTP/1.0" 200 76048 "https://misswavenigeria.com/register/" "Mozilla/5.0 (Windows NT 6.3; Win64; x64) AppleWebKit/537.36 (KHTML, like Gecko) Chrome/103.0.5060.114 Safari/537.36"
66.29.132.124 - - [03/Jan/2025:20:21:25 -0500] "POST /wp-cron.php?doing_wp_cron=1735953685.1129240989685058593750 HTTP/1.1" 200 0 "-" "WordPress/6.7.1; https://misswavenigeria.com"
165.231.182.10 - - [03/Jan/2025:20:21:24 -0500] "GET /register/ HTTP/1.0" 200 75922 "https://misswavenigeria.com/" "Mozilla/5.0 (Windows NT 6.3; Win64; x64) AppleWebKit/537.36 (KHTML, like Gecko) Chrome/103.0.5060.114 Safari/537.36"
66.29.132.124 - - [03/Jan/2025:20:21:25 -0500] "POST /wp-admin/admin-ajax.php?action=async_litespeed&nonce=ZXwceSQyRQA2h4zgGzLZQbaJ8X72Q0Wn&litespeed_type=imgoptm HTTP/1.1" 200 21 "-" "WordPress/6.7.1; https://misswavenigeria.com"
47.76.99.127 - - [03/Jan/2025:20:21:35 -0500] "HEAD /contestants HTTP/1.1" 301 0 "-" "Mozilla/5.0 (Windows NT 6.0; Win64; x64) AppleWebKit/537.36 (KHTML, like Gecko) Chrome/79.0.2554.168 Safari/537.36"
47.76.99.127 - - [03/Jan/2025:20:21:35 -0500] "HEAD /register HTTP/1.1" 301 0 "-" "Mozilla/5.0 (Windows NT 6.1; Win64; x64) AppleWebKit/537.36 (KHTML, like Gecko) Chrome/72.0.3830.122 Safari/537.36"
47.76.99.127 - - [03/Jan/2025:20:21:35 -0500] "HEAD /register/ HTTP/1.1" 200 0 "-" "Mozilla/5.0 (Windows NT 6.1; Win64; x64) AppleWebKit/537.36 (KHTML, like Gecko) Chrome/72.0.3830.122 Safari/537.36"
47.76.99.127 - - [03/Jan/2025:20:21:35 -0500] "HEAD /contestants/ HTTP/1.1" 200 0 "-" "Mozilla/5.0 (Windows NT 6.0; Win64; x64) AppleWebKit/537.36 (KHTML, like Gecko) Chrome/79.0.2554.168 Safari/537.36"
47.76.99.127 - - [03/Jan/2025:20:21:36 -0500] "GET /register HTTP/1.1" 301 0 "-" "Mozilla/5.0 (Windows NT 6.1; Win64; x64) AppleWebKit/537.36 (KHTML, like Gecko) Chrome/72.0.3830.122 Safari/537.36"
47.76.99.127 - - [03/Jan/2025:20:21:36 -0500] "GET /contestants HTTP/1.1" 301 0 "-" "Mozilla/5.0 (Windows NT 6.0; Win64; x64) AppleWebKit/537.36 (KHTML, like Gecko) Chrome/79.0.2554.168 Safari/537.36"
47.76.99.127 - - [03/Jan/2025:20:21:36 -0500] "GET /register/ HTTP/1.1" 200 20215 "-" "Mozilla/5.0 (Windows NT 6.1; Win64; x64) AppleWebKit/537.36 (KHTML, like Gecko) Chrome/72.0.3830.122 Safari/537.36"
47.76.99.127 - - [03/Jan/2025:20:21:36 -0500] "GET /contestants/ HTTP/1.1" 200 20458 "-" "Mozilla/5.0 (Windows NT 6.0; Win64; x64) AppleWebKit/537.36 (KHTML, like Gecko) Chrome/79.0.2554.168 Safari/537.36"
66.29.132.124 - - [03/Jan/2025:20:23:55 -0500] "POST /wp-cron.php?doing_wp_cron=1735953835.8945839405059814453125 HTTP/1.1" 200 0 "-" "WordPress/6.7.1; https://misswavenigeria.com"
165.231.182.10 - - [03/Jan/2025:20:23:53 -0500] "GET / HTTP/1.0" 200 109055 "https://misswavenigeria.com/" "Mozilla/5.0 (Windows NT 10.0; Win64; x64) AppleWebKit/537.36 (KHTML, like Gecko) Chrome/103.0.5060.53 Safari/537.36"
66.29.132.124 - - [03/Jan/2025:20:23:56 -0500] "POST /wp-admin/admin-ajax.php?action=async_litespeed&nonce=t9wPlCqWd45RU5rmcqD7kLGhSq2CCdDH&litespeed_type=imgoptm HTTP/1.1" 200 21 "-" "WordPress/6.7.1; https://misswavenigeria.com"
165.231.182.10 - - [03/Jan/2025:20:23:58 -0500] "GET /register/ HTTP/1.0" 200 75922 "https://misswavenigeria.com/register/" "Mozilla/5.0 (Windows NT 10.0; Win64; x64) AppleWebKit/537.36 (KHTML, like Gecko) Chrome/103.0.5060.53 Safari/537.36"
47.76.99.127 - - [03/Jan/2025:20:24:57 -0500] "HEAD /register HTTP/1.1" 301 0 "-" "Mozilla/5.0 (Windows NT 6.1; Win64; x64) AppleWebKit/537.36 (KHTML, like Gecko) Chrome/63.0.2589.51 Safari/537.36"
47.76.99.127 - - [03/Jan/2025:20:24:57 -0500] "HEAD /register/ HTTP/1.1" 200 0 "-" "Mozilla/5.0 (Windows NT 6.1; Win64; x64) AppleWebKit/537.36 (KHTML, like Gecko) Chrome/63.0.2589.51 Safari/537.36"
66.29.132.124 - - [03/Jan/2025:20:24:57 -0500] "POST /wp-cron.php?doing_wp_cron=1735953897.3970019817352294921875 HTTP/1.1" 200 0 "-" "WordPress/6.7.1; https://misswavenigeria.com"
47.76.99.127 - - [03/Jan/2025:20:24:57 -0500] "HEAD /contact-us HTTP/1.1" 301 0 "-" "Mozilla/5.0 (Windows NT 6.1; Win64; x64) AppleWebKit/537.36 (KHTML, like Gecko) Chrome/72.0.3280.117 Safari/537.36"
47.76.99.127 - - [03/Jan/2025:20:24:57 -0500] "GET /register HTTP/1.1" 301 0 "-" "Mozilla/5.0 (Windows NT 6.1; Win64; x64) AppleWebKit/537.36 (KHTML, like Gecko) Chrome/63.0.2589.51 Safari/537.36"
47.76.99.127 - - [03/Jan/2025:20:24:57 -0500] "GET /register/ HTTP/1.1" 200 20215 "-" "Mozilla/5.0 (Windows NT 6.1; Win64; x64) AppleWebKit/537.36 (KHTML, like Gecko) Chrome/63.0.2589.51 Safari/537.36"
47.76.99.127 - - [03/Jan/2025:20:24:57 -0500] "HEAD /contact-us/ HTTP/1.1" 200 0 "-" "Mozilla/5.0 (Windows NT 6.1; Win64; x64) AppleWebKit/537.36 (KHTML, like Gecko) Chrome/72.0.3280.117 Safari/537.36"
66.29.132.124 - - [03/Jan/2025:20:24:57 -0500] "POST /wp-admin/admin-ajax.php?action=async_litespeed&nonce=HKLfXxOx8agNUXVku1QWqWritvKLphrM&litespeed_type=imgoptm HTTP/1.1" 200 21 "-" "WordPress/6.7.1; https://misswavenigeria.com"
47.76.99.127 - - [03/Jan/2025:20:24:58 -0500] "GET /contact-us HTTP/1.1" 301 0 "-" "Mozilla/5.0 (Windows NT 6.1; Win64; x64) AppleWebKit/537.36 (KHTML, like Gecko) Chrome/72.0.3280.117 Safari/537.36"
47.76.99.127 - - [03/Jan/2025:20:24:58 -0500] "GET /contact-us/ HTTP/1.1" 200 20622 "-" "Mozilla/5.0 (Windows NT 6.1; Win64; x64) AppleWebKit/537.36 (KHTML, like Gecko) Chrome/72.0.3280.117 Safari/537.36"
47.76.99.127 - - [03/Jan/2025:20:25:55 -0500] "HEAD /contestants HTTP/1.1" 301 0 "-" "Mozilla/5.0 (Windows NT 6.0; Win64; x64) AppleWebKit/537.36 (KHTML, like Gecko) Chrome/63.0.2595.95 Safari/537.36"
47.76.99.127 - - [03/Jan/2025:20:25:55 -0500] "HEAD /contestants/ HTTP/1.1" 200 0 "-" "Mozilla/5.0 (Windows NT 6.0; Win64; x64) AppleWebKit/537.36 (KHTML, like Gecko) Chrome/63.0.2595.95 Safari/537.36"
47.76.99.127 - - [03/Jan/2025:20:25:55 -0500] "GET /contestants HTTP/1.1" 301 0 "-" "Mozilla/5.0 (Windows NT 6.0; Win64; x64) AppleWebKit/537.36 (KHTML, like Gecko) Chrome/63.0.2595.95 Safari/537.36"
47.76.99.127 - - [03/Jan/2025:20:25:55 -0500] "GET /contestants/ HTTP/1.1" 200 20458 "-" "Mozilla/5.0 (Windows NT 6.0; Win64; x64) AppleWebKit/537.36 (KHTML, like Gecko) Chrome/63.0.2595.95 Safari/537.36"
165.231.182.10 - - [03/Jan/2025:20:24:00 -0500] "POST /register/ HTTP/1.0" 200 76048 "https://misswavenigeria.com/register/" "Mozilla/5.0 (Windows NT 10.0; Win64; x64) AppleWebKit/537.36 (KHTML, like Gecko) Chrome/103.0.5060.53 Safari/537.36"
66.29.132.124 - - [03/Jan/2025:20:26:20 -0500] "POST /wp-cron.php?doing_wp_cron=1735953980.4131228923797607421875 HTTP/1.1" 200 0 "-" "WordPress/6.7.1; https://misswavenigeria.com"
165.231.182.10 - - [03/Jan/2025:20:26:20 -0500] "GET /register/ HTTP/1.0" 200 75922 "https://misswavenigeria.com/" "Mozilla/5.0 (Windows NT 10.0; Win64; x64) AppleWebKit/537.36 (KHTML, like Gecko) Chrome/103.0.5060.53 Safari/537.36"
66.29.132.124 - - [03/Jan/2025:20:26:20 -0500] "POST /wp-admin/admin-ajax.php?action=async_litespeed&nonce=wtpokrwW6PBjsyPLSDcw6FA76tpJpp4X&litespeed_type=imgoptm HTTP/1.1" 200 21 "-" "WordPress/6.7.1; https://misswavenigeria.com"
66.29.132.124 - - [03/Jan/2025:20:27:24 -0500] "POST /wp-cron.php?doing_wp_cron=1735954044.7974350452423095703125 HTTP/1.1" 200 0 "-" "WordPress/6.7.1; https://misswavenigeria.com"
47.76.209.138 - - [03/Jan/2025:20:27:24 -0500] "HEAD /contact-us HTTP/1.1" 301 0 "-" "Mozilla/5.0 (Windows NT 10.0; Win64; x64) AppleWebKit/537.36 (KHTML, like Gecko) Chrome/75.0.2743.88 Safari/537.36"
47.76.99.127 - - [03/Jan/2025:20:27:24 -0500] "HEAD /register HTTP/1.1" 301 0 "-" "Mozilla/5.0 (Windows NT 6.3; Win64; x64) AppleWebKit/537.36 (KHTML, like Gecko) Chrome/70.0.3513.185 Safari/537.36"
47.76.99.127 - - [03/Jan/2025:20:27:25 -0500] "HEAD /register/ HTTP/1.1" 200 0 "-" "Mozilla/5.0 (Windows NT 6.3; Win64; x64) AppleWebKit/537.36 (KHTML, like Gecko) Chrome/70.0.3513.185 Safari/537.36"
66.29.132.124 - - [03/Jan/2025:20:27:24 -0500] "POST /wp-admin/admin-ajax.php?action=async_litespeed&nonce=MUdlqW3FUjoci9AuRtXFUvkj89Bf8j1O&litespeed_type=imgoptm HTTP/1.1" 200 21 "-" "WordPress/6.7.1; https://misswavenigeria.com"
