47.76.209.138 - - [03/Jan/2025:19:03:11 -0500] "GET /contestants HTTP/1.1" 301 0 "-" "Mozilla/5.0 (Windows NT 6.3; Win64; x64) AppleWebKit/537.36 (KHTML, like Gecko) Chrome/69.0.3293.168 Safari/537.36"
47.76.209.138 - - [03/Jan/2025:19:03:12 -0500] "GET /contestants/ HTTP/1.1" 200 20458 "-" "Mozilla/5.0 (Windows NT 6.3; Win64; x64) AppleWebKit/537.36 (KHTML, like Gecko) Chrome/69.0.3293.168 Safari/537.36"
47.76.99.127 - - [03/Jan/2025:19:03:12 -0500] "GET /contact-us/ HTTP/1.1" 200 20625 "-" "Mozilla/5.0 (Windows NT 6.2; Win64; x64) AppleWebKit/537.36 (KHTML, like Gecko) Chrome/63.0.2557.112 Safari/537.36"
66.29.132.124 - - [03/Jan/2025:19:03:35 -0500] "POST /wp-cron.php?doing_wp_cron=1735949015.9834818840026855468750 HTTP/1.1" 200 0 "-" "WordPress/6.7.1; https://misswavenigeria.com"
165.231.182.10 - - [03/Jan/2025:19:03:35 -0500] "GET / HTTP/1.0" 200 109055 "https://misswavenigeria.com/" "Mozilla/5.0 (Windows NT 6.1; WOW64) AppleWebKit/537.36 (KHTML, like Gecko) Chrome/103.0.0.0 Safari/537.36"
66.29.132.124 - - [03/Jan/2025:19:03:36 -0500] "POST /wp-admin/admin-ajax.php?action=async_litespeed&nonce=i4noDCRfkUs8Jjk3nc4wZPxyQ8vklRwE&litespeed_type=imgoptm HTTP/1.1" 200 21 "-" "WordPress/6.7.1; https://misswavenigeria.com"
165.231.182.10 - - [03/Jan/2025:19:03:38 -0500] "GET /register/ HTTP/1.0" 200 75922 "https://misswavenigeria.com/register/" "Mozilla/5.0 (Windows NT 6.1; WOW64) AppleWebKit/537.36 (KHTML, like Gecko) Chrome/103.0.0.0 Safari/537.36"
47.76.209.138 - - [03/Jan/2025:19:04:14 -0500] "HEAD /contact-us HTTP/1.1" 301 0 "-" "Mozilla/5.0 (Windows NT 6.2; Win64; x64) AppleWebKit/537.36 (KHTML, like Gecko) Chrome/78.0.3076.101 Safari/537.36"
47.76.209.138 - - [03/Jan/2025:19:04:14 -0500] "HEAD /contact-us/ HTTP/1.1" 200 0 "-" "Mozilla/5.0 (Windows NT 6.2; Win64; x64) AppleWebKit/537.36 (KHTML, like Gecko) Chrome/78.0.3076.101 Safari/537.36"
47.76.209.138 - - [03/Jan/2025:19:04:15 -0500] "GET /contact-us HTTP/1.1" 301 0 "-" "Mozilla/5.0 (Windows NT 6.2; Win64; x64) AppleWebKit/537.36 (KHTML, like Gecko) Chrome/78.0.3076.101 Safari/537.36"
47.76.209.138 - - [03/Jan/2025:19:04:15 -0500] "GET /contact-us/ HTTP/1.1" 200 20625 "-" "Mozilla/5.0 (Windows NT 6.2; Win64; x64) AppleWebKit/537.36 (KHTML, like Gecko) Chrome/78.0.3076.101 Safari/537.36"
165.231.182.10 - - [03/Jan/2025:19:03:39 -0500] "POST /register/ HTTP/1.0" 200 76048 "https://misswavenigeria.com/register/" "Mozilla/5.0 (Windows NT 6.1; WOW64) AppleWebKit/537.36 (KHTML, like Gecko) Chrome/103.0.0.0 Safari/537.36"
66.29.132.124 - - [03/Jan/2025:19:05:17 -0500] "POST /wp-cron.php?doing_wp_cron=1735949117.8169629573822021484375 HTTP/1.1" 200 0 "-" "WordPress/6.7.1; https://misswavenigeria.com"
165.231.182.10 - - [03/Jan/2025:19:05:17 -0500] "GET /register/ HTTP/1.0" 200 75922 "https://misswavenigeria.com/" "Mozilla/5.0 (Windows NT 6.1; WOW64) AppleWebKit/537.36 (KHTML, like Gecko) Chrome/103.0.0.0 Safari/537.36"
66.29.132.124 - - [03/Jan/2025:19:05:18 -0500] "POST /wp-admin/admin-ajax.php?action=async_litespeed&nonce=Xckms49ez1TJDh7OmbFC6Kf6iyt4t1hU&litespeed_type=imgoptm HTTP/1.1" 200 21 "-" "WordPress/6.7.1; https://misswavenigeria.com"
47.76.209.138 - - [03/Jan/2025:19:05:20 -0500] "HEAD /register HTTP/1.1" 301 0 "-" "Mozilla/5.0 (Windows NT 6.3; Win64; x64) AppleWebKit/537.36 (KHTML, like Gecko) Chrome/67.0.2639.56 Safari/537.36"
47.76.99.127 - - [03/Jan/2025:19:05:20 -0500] "HEAD /contestants HTTP/1.1" 301 0 "-" "Mozilla/5.0 (Windows NT 6.1; Win64; x64) AppleWebKit/537.36 (KHTML, like Gecko) Chrome/79.0.2523.21 Safari/537.36"
47.76.99.127 - - [03/Jan/2025:19:05:20 -0500] "HEAD /contact-us HTTP/1.1" 301 0 "-" "Mozilla/5.0 (Windows NT 10.0; Win64; x64) AppleWebKit/537.36 (KHTML, like Gecko) Chrome/71.0.3077.172 Safari/537.36"
47.76.209.138 - - [03/Jan/2025:19:05:20 -0500] "HEAD /register/ HTTP/1.1" 200 0 "-" "Mozilla/5.0 (Windows NT 6.3; Win64; x64) AppleWebKit/537.36 (KHTML, like Gecko) Chrome/67.0.2639.56 Safari/537.36"
47.76.99.127 - - [03/Jan/2025:19:05:20 -0500] "HEAD /contestants/ HTTP/1.1" 200 0 "-" "Mozilla/5.0 (Windows NT 6.1; Win64; x64) AppleWebKit/537.36 (KHTML, like Gecko) Chrome/79.0.2523.21 Safari/537.36"
47.76.99.127 - - [03/Jan/2025:19:05:20 -0500] "HEAD /contact-us/ HTTP/1.1" 200 0 "-" "Mozilla/5.0 (Windows NT 10.0; Win64; x64) AppleWebKit/537.36 (KHTML, like Gecko) Chrome/71.0.3077.172 Safari/537.36"
47.76.209.138 - - [03/Jan/2025:19:05:20 -0500] "GET /register HTTP/1.1" 301 0 "-" "Mozilla/5.0 (Windows NT 6.3; Win64; x64) AppleWebKit/537.36 (KHTML, like Gecko) Chrome/67.0.2639.56 Safari/537.36"
47.76.209.138 - - [03/Jan/2025:19:05:20 -0500] "GET /register/ HTTP/1.1" 200 20225 "-" "Mozilla/5.0 (Windows NT 6.3; Win64; x64) AppleWebKit/537.36 (KHTML, like Gecko) Chrome/67.0.2639.56 Safari/537.36"
47.76.99.127 - - [03/Jan/2025:19:05:20 -0500] "GET /contestants HTTP/1.1" 301 0 "-" "Mozilla/5.0 (Windows NT 6.1; Win64; x64) AppleWebKit/537.36 (KHTML, like Gecko) Chrome/79.0.2523.21 Safari/537.36"
47.76.99.127 - - [03/Jan/2025:19:05:20 -0500] "GET /contact-us HTTP/1.1" 301 0 "-" "Mozilla/5.0 (Windows NT 10.0; Win64; x64) AppleWebKit/537.36 (KHTML, like Gecko) Chrome/71.0.3077.172 Safari/537.36"
67.227.112.127 - - [03/Jan/2025:19:05:20 -0500] "HEAD /contact HTTP/1.1" 301 0 "-" "Mozilla/5.0 (Windows NT 6.3; Win64; x64) AppleWebKit/537.36 (KHTML, like Gecko) Chrome/79.0.3649.89 Safari/537.36"
47.76.99.127 - - [03/Jan/2025:19:05:21 -0500] "GET /contestants/ HTTP/1.1" 200 20456 "-" "Mozilla/5.0 (Windows NT 6.1; Win64; x64) AppleWebKit/537.36 (KHTML, like Gecko) Chrome/79.0.2523.21 Safari/537.36"
67.227.112.127 - - [03/Jan/2025:19:05:21 -0500] "HEAD /contact/ HTTP/1.1" 200 0 "-" "Mozilla/5.0 (Windows NT 6.3; Win64; x64) AppleWebKit/537.36 (KHTML, like Gecko) Chrome/79.0.3649.89 Safari/537.36"
47.76.99.127 - - [03/Jan/2025:19:05:21 -0500] "GET /contact-us/ HTTP/1.1" 200 20627 "-" "Mozilla/5.0 (Windows NT 10.0; Win64; x64) AppleWebKit/537.36 (KHTML, like Gecko) Chrome/71.0.3077.172 Safari/537.36"
67.227.112.127 - - [03/Jan/2025:19:05:21 -0500] "GET /contact HTTP/1.1" 301 0 "-" "Mozilla/5.0 (Windows NT 6.3; Win64; x64) AppleWebKit/537.36 (KHTML, like Gecko) Chrome/79.0.3649.89 Safari/537.36"
67.227.112.127 - - [03/Jan/2025:19:05:21 -0500] "GET /contact/ HTTP/1.1" 200 20494 "-" "Mozilla/5.0 (Windows NT 6.3; Win64; x64) AppleWebKit/537.36 (KHTML, like Gecko) Chrome/79.0.3649.89 Safari/537.36"
47.76.209.138 - - [03/Jan/2025:19:06:32 -0500] "HEAD /contestants HTTP/1.1" 301 0 "-" "Mozilla/5.0 (Windows NT 10.0; Win64; x64) AppleWebKit/537.36 (KHTML, like Gecko) Chrome/71.0.2139.121 Safari/537.36"
47.76.99.127 - - [03/Jan/2025:19:06:32 -0500] "HEAD /register HTTP/1.1" 301 0 "-" "Mozilla/5.0 (Windows NT 6.3; Win64; x64) AppleWebKit/537.36 (KHTML, like Gecko) Chrome/75.0.2784.122 Safari/537.36"
47.76.99.127 - - [03/Jan/2025:19:06:32 -0500] "HEAD /register/ HTTP/1.1" 200 0 "-" "Mozilla/5.0 (Windows NT 6.3; Win64; x64) AppleWebKit/537.36 (KHTML, like Gecko) Chrome/75.0.2784.122 Safari/537.36"
47.76.209.138 - - [03/Jan/2025:19:06:32 -0500] "HEAD /contestants/ HTTP/1.1" 200 0 "-" "Mozilla/5.0 (Windows NT 10.0; Win64; x64) AppleWebKit/537.36 (KHTML, like Gecko) Chrome/71.0.2139.121 Safari/537.36"
66.29.132.124 - - [03/Jan/2025:19:06:32 -0500] "POST /wp-cron.php?doing_wp_cron=1735949192.6678609848022460937500 HTTP/1.1" 200 0 "-" "WordPress/6.7.1; https://misswavenigeria.com"
47.76.99.127 - - [03/Jan/2025:19:06:32 -0500] "HEAD /about-mwn HTTP/1.1" 301 0 "-" "Mozilla/5.0 (Windows NT 6.2; Win64; x64) AppleWebKit/537.36 (KHTML, like Gecko) Chrome/75.0.3912.70 Safari/537.36"
47.76.99.127 - - [03/Jan/2025:19:06:32 -0500] "GET /register HTTP/1.1" 301 0 "-" "Mozilla/5.0 (Windows NT 6.3; Win64; x64) AppleWebKit/537.36 (KHTML, like Gecko) Chrome/75.0.2784.122 Safari/537.36"
47.76.209.138 - - [03/Jan/2025:19:06:32 -0500] "GET /contestants HTTP/1.1" 301 0 "-" "Mozilla/5.0 (Windows NT 10.0; Win64; x64) AppleWebKit/537.36 (KHTML, like Gecko) Chrome/71.0.2139.121 Safari/537.36"
47.76.99.127 - - [03/Jan/2025:19:06:33 -0500] "GET /register/ HTTP/1.1" 200 20225 "-" "Mozilla/5.0 (Windows NT 6.3; Win64; x64) AppleWebKit/537.36 (KHTML, like Gecko) Chrome/75.0.2784.122 Safari/537.36"
66.29.132.124 - - [03/Jan/2025:19:06:32 -0500] "POST /wp-admin/admin-ajax.php?action=async_litespeed&nonce=nFJrT5dMSZJOLcUIZ3P49aEviJZkYHro&litespeed_type=imgoptm HTTP/1.1" 200 21 "-" "WordPress/6.7.1; https://misswavenigeria.com"
47.76.209.138 - - [03/Jan/2025:19:06:33 -0500] "GET /contestants/ HTTP/1.1" 200 20456 "-" "Mozilla/5.0 (Windows NT 10.0; Win64; x64) AppleWebKit/537.36 (KHTML, like Gecko) Chrome/71.0.2139.121 Safari/537.36"
47.76.99.127 - - [03/Jan/2025:19:06:32 -0500] "HEAD /about-mwn/ HTTP/1.1" 200 0 "-" "Mozilla/5.0 (Windows NT 6.2; Win64; x64) AppleWebKit/537.36 (KHTML, like Gecko) Chrome/75.0.3912.70 Safari/537.36"
47.76.99.127 - - [03/Jan/2025:19:06:33 -0500] "GET /about-mwn HTTP/1.1" 301 0 "-" "Mozilla/5.0 (Windows NT 6.2; Win64; x64) AppleWebKit/537.36 (KHTML, like Gecko) Chrome/75.0.3912.70 Safari/537.36"
47.76.99.127 - - [03/Jan/2025:19:06:33 -0500] "GET /about-mwn/ HTTP/1.1" 200 24717 "-" "Mozilla/5.0 (Windows NT 6.2; Win64; x64) AppleWebKit/537.36 (KHTML, like Gecko) Chrome/75.0.3912.70 Safari/537.36"
66.29.132.124 - - [03/Jan/2025:19:07:41 -0500] "POST /wp-cron.php?doing_wp_cron=1735949261.0405910015106201171875 HTTP/1.1" 200 0 "-" "WordPress/6.7.1; https://misswavenigeria.com"
165.231.182.10 - - [03/Jan/2025:19:07:40 -0500] "GET / HTTP/1.0" 200 109053 "https://misswavenigeria.com/" "Mozilla/5.0 (Windows NT 6.1; Win64; x64) AppleWebKit/537.36 (KHTML, like Gecko) Chrome/103.0.0.0 Safari/537.36"
66.29.132.124 - - [03/Jan/2025:19:07:41 -0500] "POST /wp-admin/admin-ajax.php?action=async_litespeed&nonce=TjeJFUrxCV7ECZff5vc5RjFhpapHmsY3&litespeed_type=imgoptm HTTP/1.1" 200 21 "-" "WordPress/6.7.1; https://misswavenigeria.com"
165.231.182.10 - - [03/Jan/2025:19:07:43 -0500] "GET /register/ HTTP/1.0" 200 75922 "https://misswavenigeria.com/register/" "Mozilla/5.0 (Windows NT 6.1; Win64; x64) AppleWebKit/537.36 (KHTML, like Gecko) Chrome/103.0.0.0 Safari/537.36"
47.76.99.127 - - [03/Jan/2025:19:07:50 -0500] "HEAD /contact-us HTTP/1.1" 301 0 "-" "Mozilla/5.0 (Windows NT 6.0; Win64; x64) AppleWebKit/537.36 (KHTML, like Gecko) Chrome/70.0.3206.129 Safari/537.36"
47.76.209.138 - - [03/Jan/2025:19:07:50 -0500] "HEAD /about-mwn HTTP/1.1" 301 0 "-" "Mozilla/5.0 (Windows NT 6.1; Win64; x64) AppleWebKit/537.36 (KHTML, like Gecko) Chrome/78.0.3963.35 Safari/537.36"
47.76.99.127 - - [03/Jan/2025:19:07:50 -0500] "HEAD /register HTTP/1.1" 301 0 "-" "Mozilla/5.0 (Windows NT 10.0; Win64; x64) AppleWebKit/537.36 (KHTML, like Gecko) Chrome/72.0.2801.21 Safari/537.36"
47.76.99.127 - - [03/Jan/2025:19:07:50 -0500] "HEAD /contact-us/ HTTP/1.1" 200 0 "-" "Mozilla/5.0 (Windows NT 6.0; Win64; x64) AppleWebKit/537.36 (KHTML, like Gecko) Chrome/70.0.3206.129 Safari/537.36"
47.76.209.138 - - [03/Jan/2025:19:07:50 -0500] "HEAD /about-mwn/ HTTP/1.1" 200 0 "-" "Mozilla/5.0 (Windows NT 6.1; Win64; x64) AppleWebKit/537.36 (KHTML, like Gecko) Chrome/78.0.3963.35 Safari/537.36"
47.76.99.127 - - [03/Jan/2025:19:07:50 -0500] "HEAD /register/ HTTP/1.1" 200 0 "-" "Mozilla/5.0 (Windows NT 10.0; Win64; x64) AppleWebKit/537.36 (KHTML, like Gecko) Chrome/72.0.2801.21 Safari/537.36"
47.76.99.127 - - [03/Jan/2025:19:07:50 -0500] "GET /contact-us HTTP/1.1" 301 0 "-" "Mozilla/5.0 (Windows NT 6.0; Win64; x64) AppleWebKit/537.36 (KHTML, like Gecko) Chrome/70.0.3206.129 Safari/537.36"
47.76.209.138 - - [03/Jan/2025:19:07:50 -0500] "GET /about-mwn HTTP/1.1" 301 0 "-" "Mozilla/5.0 (Windows NT 6.1; Win64; x64) AppleWebKit/537.36 (KHTML, like Gecko) Chrome/78.0.3963.35 Safari/537.36"
47.76.99.127 - - [03/Jan/2025:19:07:50 -0500] "GET /register HTTP/1.1" 301 0 "-" "Mozilla/5.0 (Windows NT 10.0; Win64; x64) AppleWebKit/537.36 (KHTML, like Gecko) Chrome/72.0.2801.21 Safari/537.36"
47.76.99.127 - - [03/Jan/2025:19:07:51 -0500] "GET /contact-us/ HTTP/1.1" 200 20627 "-" "Mozilla/5.0 (Windows NT 6.0; Win64; x64) AppleWebKit/537.36 (KHTML, like Gecko) Chrome/70.0.3206.129 Safari/537.36"
47.76.209.138 - - [03/Jan/2025:19:07:51 -0500] "GET /about-mwn/ HTTP/1.1" 200 24717 "-" "Mozilla/5.0 (Windows NT 6.1; Win64; x64) AppleWebKit/537.36 (KHTML, like Gecko) Chrome/78.0.3963.35 Safari/537.36"
47.76.99.127 - - [03/Jan/2025:19:07:51 -0500] "GET /register/ HTTP/1.1" 200 20225 "-" "Mozilla/5.0 (Windows NT 10.0; Win64; x64) AppleWebKit/537.36 (KHTML, like Gecko) Chrome/72.0.2801.21 Safari/537.36"
47.76.99.127 - - [03/Jan/2025:19:08:57 -0500] "HEAD /robots.txt HTTP/1.1" 200 0 "-" "Mozilla/5.0 (Windows NT 6.2; Win64; x64) AppleWebKit/537.36 (KHTML, like Gecko) Chrome/69.0.3681.160 Safari/537.36"
47.76.99.127 - - [03/Jan/2025:19:08:58 -0500] "GET /robots.txt HTTP/1.1" 200 115 "-" "Mozilla/5.0 (Windows NT 6.2; Win64; x64) AppleWebKit/537.36 (KHTML, like Gecko) Chrome/69.0.3681.160 Safari/537.36"
165.231.182.10 - - [03/Jan/2025:19:07:44 -0500] "POST /register/ HTTP/1.0" 200 76048 "https://misswavenigeria.com/register/" "Mozilla/5.0 (Windows NT 6.1; Win64; x64) AppleWebKit/537.36 (KHTML, like Gecko) Chrome/103.0.0.0 Safari/537.36"
66.29.132.124 - - [03/Jan/2025:19:09:08 -0500] "POST /wp-cron.php?doing_wp_cron=1735949348.4020290374755859375000 HTTP/1.1" 200 0 "-" "WordPress/6.7.1; https://misswavenigeria.com"
165.231.182.10 - - [03/Jan/2025:19:09:08 -0500] "GET /register/ HTTP/1.0" 200 75922 "https://misswavenigeria.com/" "Mozilla/5.0 (Windows NT 6.1; Win64; x64) AppleWebKit/537.36 (KHTML, like Gecko) Chrome/103.0.0.0 Safari/537.36"
66.29.132.124 - - [03/Jan/2025:19:09:08 -0500] "POST /wp-admin/admin-ajax.php?action=async_litespeed&nonce=kGeufcttRhJwR2QrF2oNTywRwfkikSv1&litespeed_type=imgoptm HTTP/1.1" 200 21 "-" "WordPress/6.7.1; https://misswavenigeria.com"
47.76.209.138 - - [03/Jan/2025:19:10:15 -0500] "HEAD /contact-us HTTP/1.1" 301 0 "-" "Mozilla/5.0 (Windows NT 6.0; Win64; x64) AppleWebKit/537.36 (KHTML, like Gecko) Chrome/68.0.2634.192 Safari/537.36"
47.76.209.138 - - [03/Jan/2025:19:10:15 -0500] "HEAD /contact HTTP/1.1" 301 0 "-" "Mozilla/5.0 (Windows NT 6.3; Win64; x64) AppleWebKit/537.36 (KHTML, like Gecko) Chrome/74.0.2124.22 Safari/537.36"
66.29.132.124 - - [03/Jan/2025:19:10:15 -0500] "POST /wp-cron.php?doing_wp_cron=1735949415.9660089015960693359375 HTTP/1.1" 200 0 "-" "WordPress/6.7.1; https://misswavenigeria.com"
47.76.99.127 - - [03/Jan/2025:19:10:15 -0500] "HEAD /contestants HTTP/1.1" 301 0 "-" "Mozilla/5.0 (Windows NT 10.0; Win64; x64) AppleWebKit/537.36 (KHTML, like Gecko) Chrome/65.0.3967.84 Safari/537.36"
47.76.209.138 - - [03/Jan/2025:19:10:16 -0500] "HEAD /contact-us/ HTTP/1.1" 200 0 "-" "Mozilla/5.0 (Windows NT 6.0; Win64; x64) AppleWebKit/537.36 (KHTML, like Gecko) Chrome/68.0.2634.192 Safari/537.36"
47.76.209.138 - - [03/Jan/2025:19:10:16 -0500] "HEAD /contact/ HTTP/1.1" 200 0 "-" "Mozilla/5.0 (Windows NT 6.3; Win64; x64) AppleWebKit/537.36 (KHTML, like Gecko) Chrome/74.0.2124.22 Safari/537.36"
66.29.132.124 - - [03/Jan/2025:19:10:16 -0500] "POST /wp-admin/admin-ajax.php?action=async_litespeed&nonce=hZbTD5zF6OeQbPCSL17kynCDSD2EMGQ0&litespeed_type=imgoptm HTTP/1.1" 200 21 "-" "WordPress/6.7.1; https://misswavenigeria.com"
47.76.99.127 - - [03/Jan/2025:19:10:16 -0500] "HEAD /contestants/ HTTP/1.1" 200 0 "-" "Mozilla/5.0 (Windows NT 10.0; Win64; x64) AppleWebKit/537.36 (KHTML, like Gecko) Chrome/65.0.3967.84 Safari/537.36"
47.76.209.138 - - [03/Jan/2025:19:10:16 -0500] "GET /contact HTTP/1.1" 301 0 "-" "Mozilla/5.0 (Windows NT 6.3; Win64; x64) AppleWebKit/537.36 (KHTML, like Gecko) Chrome/74.0.2124.22 Safari/537.36"
47.76.209.138 - - [03/Jan/2025:19:10:16 -0500] "GET /contact-us HTTP/1.1" 301 0 "-" "Mozilla/5.0 (Windows NT 6.0; Win64; x64) AppleWebKit/537.36 (KHTML, like Gecko) Chrome/68.0.2634.192 Safari/537.36"
47.76.99.127 - - [03/Jan/2025:19:10:16 -0500] "GET /contestants HTTP/1.1" 301 0 "-" "Mozilla/5.0 (Windows NT 10.0; Win64; x64) AppleWebKit/537.36 (KHTML, like Gecko) Chrome/65.0.3967.84 Safari/537.36"
47.76.209.138 - - [03/Jan/2025:19:10:17 -0500] "GET /contact/ HTTP/1.1" 200 20490 "-" "Mozilla/5.0 (Windows NT 6.3; Win64; x64) AppleWebKit/537.36 (KHTML, like Gecko) Chrome/74.0.2124.22 Safari/537.36"
47.76.209.138 - - [03/Jan/2025:19:10:17 -0500] "GET /contact-us/ HTTP/1.1" 200 20619 "-" "Mozilla/5.0 (Windows NT 6.0; Win64; x64) AppleWebKit/537.36 (KHTML, like Gecko) Chrome/68.0.2634.192 Safari/537.36"
47.76.99.127 - - [03/Jan/2025:19:10:17 -0500] "GET /contestants/ HTTP/1.1" 200 20455 "-" "Mozilla/5.0 (Windows NT 10.0; Win64; x64) AppleWebKit/537.36 (KHTML, like Gecko) Chrome/65.0.3967.84 Safari/537.36"
47.76.99.127 - - [03/Jan/2025:19:11:19 -0500] "HEAD /contestants HTTP/1.1" 301 0 "-" "Mozilla/5.0 (Windows NT 6.1; Win64; x64) AppleWebKit/537.36 (KHTML, like Gecko) Chrome/75.0.2163.146 Safari/537.36"
47.76.99.127 - - [03/Jan/2025:19:11:19 -0500] "HEAD /contestants/ HTTP/1.1" 200 0 "-" "Mozilla/5.0 (Windows NT 6.1; Win64; x64) AppleWebKit/537.36 (KHTML, like Gecko) Chrome/75.0.2163.146 Safari/537.36"
66.29.132.124 - - [03/Jan/2025:19:11:19 -0500] "POST /wp-cron.php?doing_wp_cron=1735949479.3873929977416992187500 HTTP/1.1" 200 0 "-" "WordPress/6.7.1; https://misswavenigeria.com"
47.76.209.138 - - [03/Jan/2025:19:11:19 -0500] "HEAD /about-mwn HTTP/1.1" 301 0 "-" "Mozilla/5.0 (Windows NT 6.1; Win64; x64) AppleWebKit/537.36 (KHTML, like Gecko) Chrome/75.0.3941.133 Safari/537.36"
47.76.99.127 - - [03/Jan/2025:19:11:19 -0500] "GET /contestants HTTP/1.1" 301 0 "-" "Mozilla/5.0 (Windows NT 6.1; Win64; x64) AppleWebKit/537.36 (KHTML, like Gecko) Chrome/75.0.2163.146 Safari/537.36"
66.29.132.124 - - [03/Jan/2025:19:11:19 -0500] "POST /wp-admin/admin-ajax.php?action=async_litespeed&nonce=uIG2tOGbXTqRPHkFy77YHVoSEcXSVpRn&litespeed_type=imgoptm HTTP/1.1" 200 21 "-" "WordPress/6.7.1; https://misswavenigeria.com"
47.76.99.127 - - [03/Jan/2025:19:11:19 -0500] "GET /contestants/ HTTP/1.1" 200 20455 "-" "Mozilla/5.0 (Windows NT 6.1; Win64; x64) AppleWebKit/537.36 (KHTML, like Gecko) Chrome/75.0.2163.146 Safari/537.36"
47.76.209.138 - - [03/Jan/2025:19:11:19 -0500] "HEAD /about-mwn/ HTTP/1.1" 200 0 "-" "Mozilla/5.0 (Windows NT 6.1; Win64; x64) AppleWebKit/537.36 (KHTML, like Gecko) Chrome/75.0.3941.133 Safari/537.36"
47.76.209.138 - - [03/Jan/2025:19:11:19 -0500] "GET /about-mwn HTTP/1.1" 301 0 "-" "Mozilla/5.0 (Windows NT 6.1; Win64; x64) AppleWebKit/537.36 (KHTML, like Gecko) Chrome/75.0.3941.133 Safari/537.36"
47.76.209.138 - - [03/Jan/2025:19:11:20 -0500] "GET /about-mwn/ HTTP/1.1" 200 24728 "-" "Mozilla/5.0 (Windows NT 6.1; Win64; x64) AppleWebKit/537.36 (KHTML, like Gecko) Chrome/75.0.3941.133 Safari/537.36"
66.29.132.124 - - [03/Jan/2025:19:11:41 -0500] "POST /wp-cron.php?doing_wp_cron=1735949501.7210659980773925781250 HTTP/1.1" 200 0 "-" "WordPress/6.7.1; https://misswavenigeria.com"
165.231.182.10 - - [03/Jan/2025:19:11:41 -0500] "GET / HTTP/1.0" 200 109051 "https://misswavenigeria.com/" "Mozilla/5.0 (Windows NT 6.3; Win64; x64) AppleWebKit/537.36 (KHTML, like Gecko) Chrome/103.0.5060.53 Safari/537.36"
66.29.132.124 - - [03/Jan/2025:19:11:41 -0500] "POST /wp-admin/admin-ajax.php?action=async_litespeed&nonce=nRUCBYzSWzADmDgCgwOfFTTPfJ0JYk7r&litespeed_type=imgoptm HTTP/1.1" 200 21 "-" "WordPress/6.7.1; https://misswavenigeria.com"
165.231.182.10 - - [03/Jan/2025:19:11:43 -0500] "GET /register/ HTTP/1.0" 200 75922 "https://misswavenigeria.com/register/" "Mozilla/5.0 (Windows NT 6.3; Win64; x64) AppleWebKit/537.36 (KHTML, like Gecko) Chrome/103.0.5060.53 Safari/537.36"
47.76.209.138 - - [03/Jan/2025:19:12:21 -0500] "HEAD /about-mwn HTTP/1.1" 301 0 "-" "Mozilla/5.0 (Windows NT 10.0; Win64; x64) AppleWebKit/537.36 (KHTML, like Gecko) Chrome/76.0.3672.155 Safari/537.36"
47.76.99.127 - - [03/Jan/2025:19:12:21 -0500] "HEAD /contact HTTP/1.1" 301 0 "-" "Mozilla/5.0 (Windows NT 6.3; Win64; x64) AppleWebKit/537.36 (KHTML, like Gecko) Chrome/70.0.3258.36 Safari/537.36"
47.76.209.138 - - [03/Jan/2025:19:12:21 -0500] "HEAD /about-mwn/ HTTP/1.1" 200 0 "-" "Mozilla/5.0 (Windows NT 10.0; Win64; x64) AppleWebKit/537.36 (KHTML, like Gecko) Chrome/76.0.3672.155 Safari/537.36"
47.76.99.127 - - [03/Jan/2025:19:12:21 -0500] "HEAD /contact/ HTTP/1.1" 200 0 "-" "Mozilla/5.0 (Windows NT 6.3; Win64; x64) AppleWebKit/537.36 (KHTML, like Gecko) Chrome/70.0.3258.36 Safari/537.36"
47.76.209.138 - - [03/Jan/2025:19:12:21 -0500] "GET /about-mwn HTTP/1.1" 301 0 "-" "Mozilla/5.0 (Windows NT 10.0; Win64; x64) AppleWebKit/537.36 (KHTML, like Gecko) Chrome/76.0.3672.155 Safari/537.36"
47.76.99.127 - - [03/Jan/2025:19:12:21 -0500] "GET /contact HTTP/1.1" 301 0 "-" "Mozilla/5.0 (Windows NT 6.3; Win64; x64) AppleWebKit/537.36 (KHTML, like Gecko) Chrome/70.0.3258.36 Safari/537.36"
47.76.209.138 - - [03/Jan/2025:19:12:22 -0500] "GET /about-mwn/ HTTP/1.1" 200 24728 "-" "Mozilla/5.0 (Windows NT 10.0; Win64; x64) AppleWebKit/537.36 (KHTML, like Gecko) Chrome/76.0.3672.155 Safari/537.36"
47.76.99.127 - - [03/Jan/2025:19:12:22 -0500] "GET /contact/ HTTP/1.1" 200 20490 "-" "Mozilla/5.0 (Windows NT 6.3; Win64; x64) AppleWebKit/537.36 (KHTML, like Gecko) Chrome/70.0.3258.36 Safari/537.36"
165.231.182.10 - - [03/Jan/2025:19:11:45 -0500] "POST /register/ HTTP/1.0" 200 76048 "https://misswavenigeria.com/register/" "Mozilla/5.0 (Windows NT 6.3; Win64; x64) AppleWebKit/537.36 (KHTML, like Gecko) Chrome/103.0.5060.53 Safari/537.36"
66.29.132.124 - - [03/Jan/2025:19:13:11 -0500] "POST /wp-cron.php?doing_wp_cron=1735949591.7143940925598144531250 HTTP/1.1" 200 0 "-" "WordPress/6.7.1; https://misswavenigeria.com"
165.231.182.10 - - [03/Jan/2025:19:13:11 -0500] "GET /register/ HTTP/1.0" 200 75922 "https://misswavenigeria.com/" "Mozilla/5.0 (Windows NT 6.3; Win64; x64) AppleWebKit/537.36 (KHTML, like Gecko) Chrome/103.0.5060.53 Safari/537.36"
66.29.132.124 - - [03/Jan/2025:19:13:12 -0500] "POST /wp-admin/admin-ajax.php?action=async_litespeed&nonce=LBqMlMJUSLBcKfQy2yklTHnkrhOydOED&litespeed_type=imgoptm HTTP/1.1" 200 21 "-" "WordPress/6.7.1; https://misswavenigeria.com"
66.29.132.124 - - [03/Jan/2025:19:15:10 -0500] "POST /wp-cron.php?doing_wp_cron=1735949710.0074310302734375000000 HTTP/1.1" 200 0 "-" "WordPress/6.7.1; https://misswavenigeria.com"
47.76.99.127 - - [03/Jan/2025:19:15:07 -0500] "HEAD /register HTTP/1.1" 301 0 "-" "Mozilla/5.0 (Windows NT 6.0; Win64; x64) AppleWebKit/537.36 (KHTML, like Gecko) Chrome/62.0.2897.158 Safari/537.36"
47.76.99.127 - - [03/Jan/2025:19:15:10 -0500] "HEAD /register/ HTTP/1.1" 200 0 "-" "Mozilla/5.0 (Windows NT 6.0; Win64; x64) AppleWebKit/537.36 (KHTML, like Gecko) Chrome/62.0.2897.158 Safari/537.36"
66.29.132.124 - - [03/Jan/2025:19:15:10 -0500] "POST /wp-admin/admin-ajax.php?action=async_litespeed&nonce=9RnFIQxNPjpMF4BcsIaELA7z0FPeoYqE&litespeed_type=imgoptm HTTP/1.1" 200 21 "-" "WordPress/6.7.1; https://misswavenigeria.com"
47.76.99.127 - - [03/Jan/2025:19:15:10 -0500] "GET /register HTTP/1.1" 301 0 "-" "Mozilla/5.0 (Windows NT 6.0; Win64; x64) AppleWebKit/537.36 (KHTML, like Gecko) Chrome/62.0.2897.158 Safari/537.36"
47.76.99.127 - - [03/Jan/2025:19:15:10 -0500] "GET /register/ HTTP/1.1" 200 20217 "-" "Mozilla/5.0 (Windows NT 6.0; Win64; x64) AppleWebKit/537.36 (KHTML, like Gecko) Chrome/62.0.2897.158 Safari/537.36"
66.29.132.124 - - [03/Jan/2025:19:15:45 -0500] "POST /wp-cron.php?doing_wp_cron=1735949745.3397159576416015625000 HTTP/1.1" 200 0 "-" "WordPress/6.7.1; https://misswavenigeria.com"
165.231.182.10 - - [03/Jan/2025:19:15:45 -0500] "GET / HTTP/1.0" 200 109053 "https://misswavenigeria.com/" "Mozilla/5.0 (Windows NT 10.0; Win64; x64) AppleWebKit/537.36 (KHTML, like Gecko) Chrome/103.0.0.0 Safari/537.36 Herring/95.1.8810.11"
66.29.132.124 - - [03/Jan/2025:19:15:45 -0500] "POST /wp-admin/admin-ajax.php?action=async_litespeed&nonce=lGmXRhJ6xbbEWmw01aggNrTRwbiWB8xz&litespeed_type=imgoptm HTTP/1.1" 200 21 "-" "WordPress/6.7.1; https://misswavenigeria.com"
165.231.182.10 - - [03/Jan/2025:19:15:47 -0500] "GET /register/ HTTP/1.0" 200 75922 "https://misswavenigeria.com/register/" "Mozilla/5.0 (Windows NT 10.0; Win64; x64) AppleWebKit/537.36 (KHTML, like Gecko) Chrome/103.0.0.0 Safari/537.36 Herring/95.1.8810.11"
165.231.182.10 - - [03/Jan/2025:19:15:49 -0500] "POST /register/ HTTP/1.0" 200 76048 "https://misswavenigeria.com/register/" "Mozilla/5.0 (Windows NT 10.0; Win64; x64) AppleWebKit/537.36 (KHTML, like Gecko) Chrome/103.0.0.0 Safari/537.36 Herring/95.1.8810.11"
66.29.132.124 - - [03/Jan/2025:19:16:57 -0500] "POST /wp-cron.php?doing_wp_cron=1735949817.4133110046386718750000 HTTP/1.1" 200 0 "-" "WordPress/6.7.1; https://misswavenigeria.com"
165.231.182.10 - - [03/Jan/2025:19:16:57 -0500] "GET /register/ HTTP/1.0" 200 75922 "https://misswavenigeria.com/" "Mozilla/5.0 (Windows NT 10.0; Win64; x64) AppleWebKit/537.36 (KHTML, like Gecko) Chrome/103.0.0.0 Safari/537.36 Herring/95.1.8810.11"
66.29.132.124 - - [03/Jan/2025:19:16:57 -0500] "POST /wp-admin/admin-ajax.php?action=async_litespeed&nonce=qE5HJI9Po1uiqowFO4vOJhlk7E7GgEVL&litespeed_type=imgoptm HTTP/1.1" 200 21 "-" "WordPress/6.7.1; https://misswavenigeria.com"
66.29.132.124 - - [03/Jan/2025:19:17:34 -0500] "POST /wp-cron.php?doing_wp_cron=1735949854.9735839366912841796875 HTTP/1.1" 200 0 "-" "WordPress/6.7.1; https://misswavenigeria.com"
47.76.209.138 - - [03/Jan/2025:19:17:34 -0500] "HEAD /contestants HTTP/1.1" 301 0 "-" "Mozilla/5.0 (Windows NT 6.1; Win64; x64) AppleWebKit/537.36 (KHTML, like Gecko) Chrome/60.0.3435.83 Safari/537.36"
66.29.132.124 - - [03/Jan/2025:19:17:35 -0500] "POST /wp-admin/admin-ajax.php?action=async_litespeed&nonce=a47uiwLP5GzCKT5QByd1HeCER4HHUzdy&litespeed_type=imgoptm HTTP/1.1" 200 21 "-" "WordPress/6.7.1; https://misswavenigeria.com"
47.76.209.138 - - [03/Jan/2025:19:17:35 -0500] "HEAD /contestants/ HTTP/1.1" 200 0 "-" "Mozilla/5.0 (Windows NT 6.1; Win64; x64) AppleWebKit/537.36 (KHTML, like Gecko) Chrome/60.0.3435.83 Safari/537.36"
47.76.209.138 - - [03/Jan/2025:19:17:35 -0500] "GET /contestants HTTP/1.1" 301 0 "-" "Mozilla/5.0 (Windows NT 6.1; Win64; x64) AppleWebKit/537.36 (KHTML, like Gecko) Chrome/60.0.3435.83 Safari/537.36"
47.76.209.138 - - [03/Jan/2025:19:17:35 -0500] "GET /contestants/ HTTP/1.1" 200 20455 "-" "Mozilla/5.0 (Windows NT 6.1; Win64; x64) AppleWebKit/537.36 (KHTML, like Gecko) Chrome/60.0.3435.83 Safari/537.36"
66.29.132.124 - - [03/Jan/2025:19:18:32 -0500] "POST /wp-cron.php?doing_wp_cron=1735949912.6089830398559570312500 HTTP/1.1" 200 0 "-" "WordPress/6.7.1; https://misswavenigeria.com"
47.76.209.138 - - [03/Jan/2025:19:18:32 -0500] "HEAD /contact-us HTTP/1.1" 301 0 "-" "Mozilla/5.0 (Windows NT 6.2; Win64; x64) AppleWebKit/537.36 (KHTML, like Gecko) Chrome/67.0.3591.89 Safari/537.36"
66.29.132.124 - - [03/Jan/2025:19:18:32 -0500] "POST /wp-admin/admin-ajax.php?action=async_litespeed&nonce=KkGLDDsfTRluQwnAEOd68M4nSrJpGYfT&litespeed_type=imgoptm HTTP/1.1" 200 21 "-" "WordPress/6.7.1; https://misswavenigeria.com"
47.76.209.138 - - [03/Jan/2025:19:18:32 -0500] "HEAD /contact-us/ HTTP/1.1" 200 0 "-" "Mozilla/5.0 (Windows NT 6.2; Win64; x64) AppleWebKit/537.36 (KHTML, like Gecko) Chrome/67.0.3591.89 Safari/537.36"
47.76.209.138 - - [03/Jan/2025:19:18:33 -0500] "GET /contact-us HTTP/1.1" 301 0 "-" "Mozilla/5.0 (Windows NT 6.2; Win64; x64) AppleWebKit/537.36 (KHTML, like Gecko) Chrome/67.0.3591.89 Safari/537.36"
47.76.209.138 - - [03/Jan/2025:19:18:33 -0500] "GET /contact-us/ HTTP/1.1" 200 20616 "-" "Mozilla/5.0 (Windows NT 6.2; Win64; x64) AppleWebKit/537.36 (KHTML, like Gecko) Chrome/67.0.3591.89 Safari/537.36"
66.29.132.124 - - [03/Jan/2025:19:19:46 -0500] "POST /wp-cron.php?doing_wp_cron=1735949986.8554279804229736328125 HTTP/1.1" 200 0 "-" "WordPress/6.7.1; https://misswavenigeria.com"
165.231.182.10 - - [03/Jan/2025:19:19:46 -0500] "GET / HTTP/1.0" 200 109055 "https://misswavenigeria.com/" "Mozilla/5.0 (Windows NT 6.1; Win64; x64) AppleWebKit/537.36 (KHTML, like Gecko) Chrome/103.0.0.0 Safari/537.36"
66.29.132.124 - - [03/Jan/2025:19:19:47 -0500] "POST /wp-admin/admin-ajax.php?action=async_litespeed&nonce=2L1ULY34Kp9gVtNuJX8TJvEWydkFzyfM&litespeed_type=imgoptm HTTP/1.1" 200 21 "-" "WordPress/6.7.1; https://misswavenigeria.com"
165.231.182.10 - - [03/Jan/2025:19:19:49 -0500] "GET /register/ HTTP/1.0" 200 75922 "https://misswavenigeria.com/register/" "Mozilla/5.0 (Windows NT 6.1; Win64; x64) AppleWebKit/537.36 (KHTML, like Gecko) Chrome/103.0.0.0 Safari/537.36"
165.231.182.10 - - [03/Jan/2025:19:19:50 -0500] "POST /register/ HTTP/1.0" 200 76048 "https://misswavenigeria.com/register/" "Mozilla/5.0 (Windows NT 6.1; Win64; x64) AppleWebKit/537.36 (KHTML, like Gecko) Chrome/103.0.0.0 Safari/537.36"
66.29.132.124 - - [03/Jan/2025:19:21:24 -0500] "POST /wp-cron.php?doing_wp_cron=1735950084.6801190376281738281250 HTTP/1.1" 200 0 "-" "WordPress/6.7.1; https://misswavenigeria.com"
165.231.182.10 - - [03/Jan/2025:19:21:24 -0500] "GET /register/ HTTP/1.0" 200 75922 "https://misswavenigeria.com/" "Mozilla/5.0 (Windows NT 6.1; Win64; x64) AppleWebKit/537.36 (KHTML, like Gecko) Chrome/103.0.0.0 Safari/537.36"
66.29.132.124 - - [03/Jan/2025:19:21:24 -0500] "POST /wp-admin/admin-ajax.php?action=async_litespeed&nonce=aX8QrCnfvLCTGcFzW0uCUxRygcbV7UzH&litespeed_type=imgoptm HTTP/1.1" 200 21 "-" "WordPress/6.7.1; https://misswavenigeria.com"
66.29.132.124 - - [03/Jan/2025:19:22:19 -0500] "POST /wp-cron.php?doing_wp_cron=1735950139.6596610546112060546875 HTTP/1.1" 200 0 "-" "WordPress/6.7.1; https://misswavenigeria.com"
47.76.99.127 - - [03/Jan/2025:19:22:19 -0500] "HEAD /contestants HTTP/1.1" 301 0 "-" "Mozilla/5.0 (Windows NT 6.1; Win64; x64) AppleWebKit/537.36 (KHTML, like Gecko) Chrome/74.0.3701.80 Safari/537.36"
47.76.99.127 - - [03/Jan/2025:19:22:19 -0500] "HEAD /contestants/ HTTP/1.1" 200 0 "-" "Mozilla/5.0 (Windows NT 6.1; Win64; x64) AppleWebKit/537.36 (KHTML, like Gecko) Chrome/74.0.3701.80 Safari/537.36"
47.76.99.127 - - [03/Jan/2025:19:22:20 -0500] "GET /contestants HTTP/1.1" 301 0 "-" "Mozilla/5.0 (Windows NT 6.1; Win64; x64) AppleWebKit/537.36 (KHTML, like Gecko) Chrome/74.0.3701.80 Safari/537.36"
47.76.99.127 - - [03/Jan/2025:19:22:20 -0500] "GET /contestants/ HTTP/1.1" 200 20458 "-" "Mozilla/5.0 (Windows NT 6.1; Win64; x64) AppleWebKit/537.36 (KHTML, like Gecko) Chrome/74.0.3701.80 Safari/537.36"
66.29.132.124 - - [03/Jan/2025:19:23:32 -0500] "POST /wp-cron.php?doing_wp_cron=1735950212.7378320693969726562500 HTTP/1.1" 200 0 "-" "WordPress/6.7.1; https://misswavenigeria.com"
47.76.99.127 - - [03/Jan/2025:19:23:32 -0500] "HEAD /register HTTP/1.1" 301 0 "-" "Mozilla/5.0 (Windows NT 6.1; Win64; x64) AppleWebKit/537.36 (KHTML, like Gecko) Chrome/70.0.3575.109 Safari/537.36"
47.76.99.127 - - [03/Jan/2025:19:23:33 -0500] "HEAD /register/ HTTP/1.1" 200 0 "-" "Mozilla/5.0 (Windows NT 6.1; Win64; x64) AppleWebKit/537.36 (KHTML, like Gecko) Chrome/70.0.3575.109 Safari/537.36"
66.29.132.124 - - [03/Jan/2025:19:23:33 -0500] "POST /wp-admin/admin-ajax.php?action=async_litespeed&nonce=ZBONpEzHQ1c1r108laUDs7cXHh2jVkxm&litespeed_type=imgoptm HTTP/1.1" 200 21 "-" "WordPress/6.7.1; https://misswavenigeria.com"
47.76.99.127 - - [03/Jan/2025:19:23:33 -0500] "GET /register HTTP/1.1" 301 0 "-" "Mozilla/5.0 (Windows NT 6.1; Win64; x64) AppleWebKit/537.36 (KHTML, like Gecko) Chrome/70.0.3575.109 Safari/537.36"
47.76.99.127 - - [03/Jan/2025:19:23:33 -0500] "GET /register/ HTTP/1.1" 200 20214 "-" "Mozilla/5.0 (Windows NT 6.1; Win64; x64) AppleWebKit/537.36 (KHTML, like Gecko) Chrome/70.0.3575.109 Safari/537.36"
165.231.182.10 - - [03/Jan/2025:19:23:52 -0500] "GET / HTTP/1.0" 200 109053 "https://misswavenigeria.com/" "Mozilla/5.0 (Windows NT 10.0) AppleWebKit/537.36 (KHTML, like Gecko) Chrome/103.0.0.0 Safari/537.36"
165.231.182.10 - - [03/Jan/2025:19:23:54 -0500] "GET /register/ HTTP/1.0" 200 75922 "https://misswavenigeria.com/register/" "Mozilla/5.0 (Windows NT 10.0) AppleWebKit/537.36 (KHTML, like Gecko) Chrome/103.0.0.0 Safari/537.36"
66.29.132.124 - - [03/Jan/2025:19:23:57 -0500] "POST /wp-cron.php?doing_wp_cron=1735950237.2831540107727050781250 HTTP/1.1" 200 0 "-" "WordPress/6.7.1; https://misswavenigeria.com"
47.76.99.127 - - [03/Jan/2025:19:25:12 -0500] "HEAD /register HTTP/1.1" 301 0 "-" "Mozilla/5.0 (Windows NT 6.0; Win64; x64) AppleWebKit/537.36 (KHTML, like Gecko) Chrome/78.0.2022.28 Safari/537.36"
47.76.99.127 - - [03/Jan/2025:19:25:12 -0500] "HEAD /register/ HTTP/1.1" 200 0 "-" "Mozilla/5.0 (Windows NT 6.0; Win64; x64) AppleWebKit/537.36 (KHTML, like Gecko) Chrome/78.0.2022.28 Safari/537.36"
47.76.99.127 - - [03/Jan/2025:19:25:12 -0500] "GET /register HTTP/1.1" 301 0 "-" "Mozilla/5.0 (Windows NT 6.0; Win64; x64) AppleWebKit/537.36 (KHTML, like Gecko) Chrome/78.0.2022.28 Safari/537.36"
47.76.99.127 - - [03/Jan/2025:19:25:13 -0500] "GET /register/ HTTP/1.1" 200 20214 "-" "Mozilla/5.0 (Windows NT 6.0; Win64; x64) AppleWebKit/537.36 (KHTML, like Gecko) Chrome/78.0.2022.28 Safari/537.36"
165.231.182.10 - - [03/Jan/2025:19:23:57 -0500] "POST /register/ HTTP/1.0" 200 76048 "https://misswavenigeria.com/register/" "Mozilla/5.0 (Windows NT 10.0) AppleWebKit/537.36 (KHTML, like Gecko) Chrome/103.0.0.0 Safari/537.36"
66.29.132.124 - - [03/Jan/2025:19:26:16 -0500] "POST /wp-cron.php?doing_wp_cron=1735950376.8820929527282714843750 HTTP/1.1" 200 0 "-" "WordPress/6.7.1; https://misswavenigeria.com"
47.76.99.127 - - [03/Jan/2025:19:26:16 -0500] "HEAD /contestants HTTP/1.1" 301 0 "-" "Mozilla/5.0 (Windows NT 10.0; Win64; x64) AppleWebKit/537.36 (KHTML, like Gecko) Chrome/60.0.3642.139 Safari/537.36"
165.231.182.10 - - [03/Jan/2025:19:26:16 -0500] "GET /register/ HTTP/1.0" 200 75922 "https://misswavenigeria.com/" "Mozilla/5.0 (Windows NT 10.0) AppleWebKit/537.36 (KHTML, like Gecko) Chrome/103.0.0.0 Safari/537.36"
66.29.132.124 - - [03/Jan/2025:19:26:17 -0500] "POST /wp-admin/admin-ajax.php?action=async_litespeed&nonce=yu67mdYBDKBpnkuH6vGah458zH3kfUzR&litespeed_type=imgoptm HTTP/1.1" 200 21 "-" "WordPress/6.7.1; https://misswavenigeria.com"
47.76.99.127 - - [03/Jan/2025:19:26:17 -0500] "HEAD /contestants/ HTTP/1.1" 200 0 "-" "Mozilla/5.0 (Windows NT 10.0; Win64; x64) AppleWebKit/537.36 (KHTML, like Gecko) Chrome/60.0.3642.139 Safari/537.36"
47.76.99.127 - - [03/Jan/2025:19:26:17 -0500] "GET /contestants HTTP/1.1" 301 0 "-" "Mozilla/5.0 (Windows NT 10.0; Win64; x64) AppleWebKit/537.36 (KHTML, like Gecko) Chrome/60.0.3642.139 Safari/537.36"
47.76.99.127 - - [03/Jan/2025:19:26:18 -0500] "GET /contestants/ HTTP/1.1" 200 20457 "-" "Mozilla/5.0 (Windows NT 10.0; Win64; x64) AppleWebKit/537.36 (KHTML, like Gecko) Chrome/60.0.3642.139 Safari/537.36"
66.29.132.124 - - [03/Jan/2025:19:27:54 -0500] "POST /wp-cron.php?doing_wp_cron=1735950474.1628251075744628906250 HTTP/1.1" 200 0 "-" "WordPress/6.7.1; https://misswavenigeria.com"
165.231.182.10 - - [03/Jan/2025:19:27:51 -0500] "GET / HTTP/1.0" 200 109055 "https://misswavenigeria.com/" "Mozilla/5.0 (Windows NT 6.3; Win64; x64) AppleWebKit/537.36 (KHTML, like Gecko) Chrome/103.0.5060.53 Safari/537.36"
66.29.132.124 - - [03/Jan/2025:19:27:54 -0500] "POST /wp-admin/admin-ajax.php?action=async_litespeed&nonce=3e9s7MxVbrhfHFWBVvRUpW0XRULsamOY&litespeed_type=imgoptm HTTP/1.1" 200 21 "-" "WordPress/6.7.1; https://misswavenigeria.com"
165.231.182.10 - - [03/Jan/2025:19:27:56 -0500] "GET /register/ HTTP/1.0" 200 75922 "https://misswavenigeria.com/register/" "Mozilla/5.0 (Windows NT 6.3; Win64; x64) AppleWebKit/537.36 (KHTML, like Gecko) Chrome/103.0.5060.53 Safari/537.36"
165.231.182.10 - - [03/Jan/2025:19:27:58 -0500] "POST /register/ HTTP/1.0" 200 76048 "https://misswavenigeria.com/register/" "Mozilla/5.0 (Windows NT 6.3; Win64; x64) AppleWebKit/537.36 (KHTML, like Gecko) Chrome/103.0.5060.53 Safari/537.36"
66.29.132.124 - - [03/Jan/2025:19:29:12 -0500] "POST /wp-cron.php?doing_wp_cron=1735950552.7845249176025390625000 HTTP/1.1" 200 0 "-" "WordPress/6.7.1; https://misswavenigeria.com"
165.231.182.10 - - [03/Jan/2025:19:29:12 -0500] "GET /register/ HTTP/1.0" 200 75922 "https://misswavenigeria.com/" "Mozilla/5.0 (Windows NT 6.3; Win64; x64) AppleWebKit/537.36 (KHTML, like Gecko) Chrome/103.0.5060.53 Safari/537.36"
66.29.132.124 - - [03/Jan/2025:19:29:12 -0500] "POST /wp-admin/admin-ajax.php?action=async_litespeed&nonce=30gRwAf9GTtLAKG4sCetsyrsztK51GBb&litespeed_type=imgoptm HTTP/1.1" 200 21 "-" "WordPress/6.7.1; https://misswavenigeria.com"
66.29.132.124 - - [03/Jan/2025:19:30:09 -0500] "POST /wp-cron.php?doing_wp_cron=1735950609.0858769416809082031250 HTTP/1.1" 200 0 "-" "WordPress/6.7.1; https://misswavenigeria.com"
47.76.99.127 - - [03/Jan/2025:19:30:08 -0500] "HEAD /contact-us HTTP/1.1" 301 0 "-" "Mozilla/5.0 (Windows NT 6.2; Win64; x64) AppleWebKit/537.36 (KHTML, like Gecko) Chrome/60.0.3145.98 Safari/537.36"
47.76.99.127 - - [03/Jan/2025:19:30:09 -0500] "HEAD /contact-us/ HTTP/1.1" 200 0 "-" "Mozilla/5.0 (Windows NT 6.2; Win64; x64) AppleWebKit/537.36 (KHTML, like Gecko) Chrome/60.0.3145.98 Safari/537.36"
66.29.132.124 - - [03/Jan/2025:19:30:09 -0500] "POST /wp-admin/admin-ajax.php?action=async_litespeed&nonce=Y2zIpACQvBqi01BysgKhH4N00VMpZZkH&litespeed_type=imgoptm HTTP/1.1" 200 21 "-" "WordPress/6.7.1; https://misswavenigeria.com"
47.76.99.127 - - [03/Jan/2025:19:30:09 -0500] "GET /contact-us HTTP/1.1" 301 0 "-" "Mozilla/5.0 (Windows NT 6.2; Win64; x64) AppleWebKit/537.36 (KHTML, like Gecko) Chrome/60.0.3145.98 Safari/537.36"
47.76.99.127 - - [03/Jan/2025:19:30:10 -0500] "GET /contact-us/ HTTP/1.1" 200 20620 "-" "Mozilla/5.0 (Windows NT 6.2; Win64; x64) AppleWebKit/537.36 (KHTML, like Gecko) Chrome/60.0.3145.98 Safari/537.36"
47.76.99.127 - - [03/Jan/2025:19:31:22 -0500] "HEAD /contact-us HTTP/1.1" 301 0 "-" "Mozilla/5.0 (Windows NT 6.3; Win64; x64) AppleWebKit/537.36 (KHTML, like Gecko) Chrome/67.0.2099.59 Safari/537.36"
47.76.99.127 - - [03/Jan/2025:19:31:22 -0500] "HEAD /contact-us/ HTTP/1.1" 200 0 "-" "Mozilla/5.0 (Windows NT 6.3; Win64; x64) AppleWebKit/537.36 (KHTML, like Gecko) Chrome/67.0.2099.59 Safari/537.36"
47.76.99.127 - - [03/Jan/2025:19:31:23 -0500] "GET /contact-us HTTP/1.1" 301 0 "-" "Mozilla/5.0 (Windows NT 6.3; Win64; x64) AppleWebKit/537.36 (KHTML, like Gecko) Chrome/67.0.2099.59 Safari/537.36"
47.76.99.127 - - [03/Jan/2025:19:31:23 -0500] "GET /contact-us/ HTTP/1.1" 200 20620 "-" "Mozilla/5.0 (Windows NT 6.3; Win64; x64) AppleWebKit/537.36 (KHTML, like Gecko) Chrome/67.0.2099.59 Safari/537.36"
66.29.132.124 - - [03/Jan/2025:19:31:54 -0500] "POST /wp-cron.php?doing_wp_cron=1735950714.4966759681701660156250 HTTP/1.1" 200 0 "-" "WordPress/6.7.1; https://misswavenigeria.com"
165.231.182.10 - - [03/Jan/2025:19:31:52 -0500] "GET / HTTP/1.0" 200 109053 "https://misswavenigeria.com/" "Mozilla/5.0 (Windows NT 6.1; WOW64) AppleWebKit/537.36 (KHTML, like Gecko) Chrome/103.0.0.0 Safari/537.36"
66.29.132.124 - - [03/Jan/2025:19:31:54 -0500] "POST /wp-admin/admin-ajax.php?action=async_litespeed&nonce=R5zM6nl8cM9oGkv3CXnOpCC5bpPyc6Sf&litespeed_type=imgoptm HTTP/1.1" 200 21 "-" "WordPress/6.7.1; https://misswavenigeria.com"
165.231.182.10 - - [03/Jan/2025:19:31:56 -0500] "GET /register/ HTTP/1.0" 200 75922 "https://misswavenigeria.com/register/" "Mozilla/5.0 (Windows NT 6.1; WOW64) AppleWebKit/537.36 (KHTML, like Gecko) Chrome/103.0.0.0 Safari/537.36"
165.231.182.10 - - [03/Jan/2025:19:31:58 -0500] "POST /register/ HTTP/1.0" 200 76048 "https://misswavenigeria.com/register/" "Mozilla/5.0 (Windows NT 6.1; WOW64) AppleWebKit/537.36 (KHTML, like Gecko) Chrome/103.0.0.0 Safari/537.36"
66.29.132.124 - - [03/Jan/2025:19:33:11 -0500] "POST /wp-cron.php?doing_wp_cron=1735950791.7959630489349365234375 HTTP/1.1" 200 0 "-" "WordPress/6.7.1; https://misswavenigeria.com"
165.231.182.10 - - [03/Jan/2025:19:33:11 -0500] "GET /register/ HTTP/1.0" 200 75922 "https://misswavenigeria.com/" "Mozilla/5.0 (Windows NT 6.1; WOW64) AppleWebKit/537.36 (KHTML, like Gecko) Chrome/103.0.0.0 Safari/537.36"
66.29.132.124 - - [03/Jan/2025:19:33:11 -0500] "POST /wp-admin/admin-ajax.php?action=async_litespeed&nonce=wC7H0xFKkFOQDRxE5uFQgJL04i4EFrd4&litespeed_type=imgoptm HTTP/1.1" 200 21 "-" "WordPress/6.7.1; https://misswavenigeria.com"
66.29.132.124 - - [03/Jan/2025:19:33:44 -0500] "POST /wp-cron.php?doing_wp_cron=1735950824.1533401012420654296875 HTTP/1.1" 200 0 "-" "WordPress/6.7.1; https://misswavenigeria.com"
47.76.99.127 - - [03/Jan/2025:19:33:43 -0500] "HEAD /contestants HTTP/1.1" 301 0 "-" "Mozilla/5.0 (Windows NT 6.0; Win64; x64) AppleWebKit/537.36 (KHTML, like Gecko) Chrome/73.0.3926.55 Safari/537.36"
66.29.132.124 - - [03/Jan/2025:19:33:44 -0500] "POST /wp-admin/admin-ajax.php?action=async_litespeed&nonce=VVlnGZecp2B21TLYtk5Y0iyKXn7SeIpu&litespeed_type=imgoptm HTTP/1.1" 200 21 "-" "WordPress/6.7.1; https://misswavenigeria.com"
47.76.99.127 - - [03/Jan/2025:19:33:44 -0500] "HEAD /contestants/ HTTP/1.1" 200 0 "-" "Mozilla/5.0 (Windows NT 6.0; Win64; x64) AppleWebKit/537.36 (KHTML, like Gecko) Chrome/73.0.3926.55 Safari/537.36"
47.76.99.127 - - [03/Jan/2025:19:33:44 -0500] "GET /contestants HTTP/1.1" 301 0 "-" "Mozilla/5.0 (Windows NT 6.0; Win64; x64) AppleWebKit/537.36 (KHTML, like Gecko) Chrome/73.0.3926.55 Safari/537.36"
47.76.99.127 - - [03/Jan/2025:19:33:44 -0500] "GET /contestants/ HTTP/1.1" 200 20456 "-" "Mozilla/5.0 (Windows NT 6.0; Win64; x64) AppleWebKit/537.36 (KHTML, like Gecko) Chrome/73.0.3926.55 Safari/537.36"
47.76.99.127 - - [03/Jan/2025:19:34:48 -0500] "HEAD /contestants HTTP/1.1" 301 0 "-" "Mozilla/5.0 (Windows NT 6.3; Win64; x64) AppleWebKit/537.36 (KHTML, like Gecko) Chrome/66.0.2096.71 Safari/537.36"
47.76.99.127 - - [03/Jan/2025:19:34:49 -0500] "HEAD /contestants/ HTTP/1.1" 200 0 "-" "Mozilla/5.0 (Windows NT 6.3; Win64; x64) AppleWebKit/537.36 (KHTML, like Gecko) Chrome/66.0.2096.71 Safari/537.36"
66.29.132.124 - - [03/Jan/2025:19:34:49 -0500] "POST /wp-cron.php?doing_wp_cron=1735950888.9943370819091796875000 HTTP/1.1" 200 0 "-" "WordPress/6.7.1; https://misswavenigeria.com"
47.76.209.138 - - [03/Jan/2025:19:34:48 -0500] "HEAD /contact-us HTTP/1.1" 301 0 "-" "Mozilla/5.0 (Windows NT 6.2; Win64; x64) AppleWebKit/537.36 (KHTML, like Gecko) Chrome/72.0.3721.163 Safari/537.36"
47.76.99.127 - - [03/Jan/2025:19:34:48 -0500] "HEAD /register HTTP/1.1" 301 0 "-" "Mozilla/5.0 (Windows NT 10.0; Win64; x64) AppleWebKit/537.36 (KHTML, like Gecko) Chrome/74.0.2157.15 Safari/537.36"
47.76.99.127 - - [03/Jan/2025:19:34:49 -0500] "GET /contestants HTTP/1.1" 301 0 "-" "Mozilla/5.0 (Windows NT 6.3; Win64; x64) AppleWebKit/537.36 (KHTML, like Gecko) Chrome/66.0.2096.71 Safari/537.36"
47.76.99.127 - - [03/Jan/2025:19:34:49 -0500] "HEAD /register/ HTTP/1.1" 200 0 "-" "Mozilla/5.0 (Windows NT 10.0; Win64; x64) AppleWebKit/537.36 (KHTML, like Gecko) Chrome/74.0.2157.15 Safari/537.36"
66.29.132.124 - - [03/Jan/2025:19:34:49 -0500] "POST /wp-admin/admin-ajax.php?action=async_litespeed&nonce=1cU9IM6kYCMoMzgBJ0SbBg79QrDl2wUR&litespeed_type=imgoptm HTTP/1.1" 200 21 "-" "WordPress/6.7.1; https://misswavenigeria.com"
47.76.99.127 - - [03/Jan/2025:19:34:49 -0500] "GET /contestants/ HTTP/1.1" 200 20456 "-" "Mozilla/5.0 (Windows NT 6.3; Win64; x64) AppleWebKit/537.36 (KHTML, like Gecko) Chrome/66.0.2096.71 Safari/537.36"
47.76.209.138 - - [03/Jan/2025:19:34:49 -0500] "HEAD /contact-us/ HTTP/1.1" 200 0 "-" "Mozilla/5.0 (Windows NT 6.2; Win64; x64) AppleWebKit/537.36 (KHTML, like Gecko) Chrome/72.0.3721.163 Safari/537.36"
47.76.99.127 - - [03/Jan/2025:19:34:49 -0500] "GET /register HTTP/1.1" 301 0 "-" "Mozilla/5.0 (Windows NT 10.0; Win64; x64) AppleWebKit/537.36 (KHTML, like Gecko) Chrome/74.0.2157.15 Safari/537.36"
47.76.99.127 - - [03/Jan/2025:19:34:49 -0500] "GET /register/ HTTP/1.1" 200 20214 "-" "Mozilla/5.0 (Windows NT 10.0; Win64; x64) AppleWebKit/537.36 (KHTML, like Gecko) Chrome/74.0.2157.15 Safari/537.36"
47.76.209.138 - - [03/Jan/2025:19:34:49 -0500] "GET /contact-us HTTP/1.1" 301 0 "-" "Mozilla/5.0 (Windows NT 6.2; Win64; x64) AppleWebKit/537.36 (KHTML, like Gecko) Chrome/72.0.3721.163 Safari/537.36"
47.76.209.138 - - [03/Jan/2025:19:34:49 -0500] "GET /contact-us/ HTTP/1.1" 200 20618 "-" "Mozilla/5.0 (Windows NT 6.2; Win64; x64) AppleWebKit/537.36 (KHTML, like Gecko) Chrome/72.0.3721.163 Safari/537.36"
66.29.132.124 - - [03/Jan/2025:19:35:52 -0500] "POST /wp-cron.php?doing_wp_cron=1735950952.1349050998687744140625 HTTP/1.1" 200 0 "-" "WordPress/6.7.1; https://misswavenigeria.com"
165.231.182.10 - - [03/Jan/2025:19:35:51 -0500] "GET / HTTP/1.0" 200 109055 "https://misswavenigeria.com/" "Mozilla/5.0 (Windows NT 10.0; Win64; x64) AppleWebKit/537.36 (KHTML, like Gecko) Chrome/103.0.5042.0 Safari/537.36"
66.29.132.124 - - [03/Jan/2025:19:35:52 -0500] "POST /wp-admin/admin-ajax.php?action=async_litespeed&nonce=TSFv1FVPTv51pDOj8YIt1pp9t4h6U3lT&litespeed_type=imgoptm HTTP/1.1" 200 21 "-" "WordPress/6.7.1; https://misswavenigeria.com"
165.231.182.10 - - [03/Jan/2025:19:35:54 -0500] "GET /register/ HTTP/1.0" 200 75922 "https://misswavenigeria.com/register/" "Mozilla/5.0 (Windows NT 10.0; Win64; x64) AppleWebKit/537.36 (KHTML, like Gecko) Chrome/103.0.5042.0 Safari/537.36"
47.76.209.138 - - [03/Jan/2025:19:35:54 -0500] "HEAD /register HTTP/1.1" 301 0 "-" "Mozilla/5.0 (Windows NT 10.0; Win64; x64) AppleWebKit/537.36 (KHTML, like Gecko) Chrome/68.0.2941.64 Safari/537.36"
47.76.209.138 - - [03/Jan/2025:19:35:55 -0500] "HEAD /register/ HTTP/1.1" 200 0 "-" "Mozilla/5.0 (Windows NT 10.0; Win64; x64) AppleWebKit/537.36 (KHTML, like Gecko) Chrome/68.0.2941.64 Safari/537.36"
47.76.209.138 - - [03/Jan/2025:19:35:55 -0500] "GET /register HTTP/1.1" 301 0 "-" "Mozilla/5.0 (Windows NT 10.0; Win64; x64) AppleWebKit/537.36 (KHTML, like Gecko) Chrome/68.0.2941.64 Safari/537.36"
47.76.209.138 - - [03/Jan/2025:19:35:55 -0500] "GET /register/ HTTP/1.1" 200 20214 "-" "Mozilla/5.0 (Windows NT 10.0; Win64; x64) AppleWebKit/537.36 (KHTML, like Gecko) Chrome/68.0.2941.64 Safari/537.36"
165.231.182.10 - - [03/Jan/2025:19:35:55 -0500] "POST /register/ HTTP/1.0" 200 76048 "https://misswavenigeria.com/register/" "Mozilla/5.0 (Windows NT 10.0; Win64; x64) AppleWebKit/537.36 (KHTML, like Gecko) Chrome/103.0.5042.0 Safari/537.36"
66.29.132.124 - - [03/Jan/2025:19:37:22 -0500] "POST /wp-cron.php?doing_wp_cron=1735951042.4952580928802490234375 HTTP/1.1" 200 0 "-" "WordPress/6.7.1; https://misswavenigeria.com"
165.231.182.10 - - [03/Jan/2025:19:37:22 -0500] "GET /register/ HTTP/1.0" 200 75922 "https://misswavenigeria.com/" "Mozilla/5.0 (Windows NT 10.0; Win64; x64) AppleWebKit/537.36 (KHTML, like Gecko) Chrome/103.0.5042.0 Safari/537.36"
66.29.132.124 - - [03/Jan/2025:19:37:22 -0500] "POST /wp-admin/admin-ajax.php?action=async_litespeed&nonce=QoUEIkNijR9lDbZoDGnqhR5s1cja6mtj&litespeed_type=imgoptm HTTP/1.1" 200 21 "-" "WordPress/6.7.1; https://misswavenigeria.com"
66.29.132.124 - - [03/Jan/2025:19:37:35 -0500] "POST /wp-cron.php?doing_wp_cron=1735951055.2582340240478515625000 HTTP/1.1" 200 0 "-" "WordPress/6.7.1; https://misswavenigeria.com"
47.76.209.138 - - [03/Jan/2025:19:37:35 -0500] "HEAD /register HTTP/1.1" 301 0 "-" "Mozilla/5.0 (Windows NT 6.1; Win64; x64) AppleWebKit/537.36 (KHTML, like Gecko) Chrome/79.0.2221.127 Safari/537.36"
47.76.209.138 - - [03/Jan/2025:19:37:35 -0500] "HEAD /register/ HTTP/1.1" 200 0 "-" "Mozilla/5.0 (Windows NT 6.1; Win64; x64) AppleWebKit/537.36 (KHTML, like Gecko) Chrome/79.0.2221.127 Safari/537.36"
66.29.132.124 - - [03/Jan/2025:19:37:35 -0500] "POST /wp-admin/admin-ajax.php?action=async_litespeed&nonce=tOdWAWeuZxxWpTahjFCaJWtfGT5g8sxn&litespeed_type=imgoptm HTTP/1.1" 200 21 "-" "WordPress/6.7.1; https://misswavenigeria.com"
47.76.209.138 - - [03/Jan/2025:19:37:35 -0500] "GET /register HTTP/1.1" 301 0 "-" "Mozilla/5.0 (Windows NT 6.1; Win64; x64) AppleWebKit/537.36 (KHTML, like Gecko) Chrome/79.0.2221.127 Safari/537.36"
47.76.209.138 - - [03/Jan/2025:19:37:35 -0500] "GET /register/ HTTP/1.1" 200 20215 "-" "Mozilla/5.0 (Windows NT 6.1; Win64; x64) AppleWebKit/537.36 (KHTML, like Gecko) Chrome/79.0.2221.127 Safari/537.36"
66.29.132.124 - - [03/Jan/2025:19:38:41 -0500] "POST /wp-cron.php?doing_wp_cron=1735951120.9630949497222900390625 HTTP/1.1" 200 0 "-" "WordPress/6.7.1; https://misswavenigeria.com"
47.76.209.138 - - [03/Jan/2025:19:38:40 -0500] "HEAD /contact-us HTTP/1.1" 301 0 "-" "Mozilla/5.0 (Windows NT 6.2; Win64; x64) AppleWebKit/537.36 (KHTML, like Gecko) Chrome/66.0.2366.191 Safari/537.36"
66.29.132.124 - - [03/Jan/2025:19:38:41 -0500] "POST /wp-admin/admin-ajax.php?action=async_litespeed&nonce=arKVRhA1BWoBAAJwgYFPyOUuU8yjwjO8&litespeed_type=imgoptm HTTP/1.1" 200 21 "-" "WordPress/6.7.1; https://misswavenigeria.com"
47.76.209.138 - - [03/Jan/2025:19:38:41 -0500] "HEAD /contact-us/ HTTP/1.1" 200 0 "-" "Mozilla/5.0 (Windows NT 6.2; Win64; x64) AppleWebKit/537.36 (KHTML, like Gecko) Chrome/66.0.2366.191 Safari/537.36"
47.76.209.138 - - [03/Jan/2025:19:38:41 -0500] "GET /contact-us HTTP/1.1" 301 0 "-" "Mozilla/5.0 (Windows NT 6.2; Win64; x64) AppleWebKit/537.36 (KHTML, like Gecko) Chrome/66.0.2366.191 Safari/537.36"
47.76.209.138 - - [03/Jan/2025:19:38:42 -0500] "GET /contact-us/ HTTP/1.1" 200 20626 "-" "Mozilla/5.0 (Windows NT 6.2; Win64; x64) AppleWebKit/537.36 (KHTML, like Gecko) Chrome/66.0.2366.191 Safari/537.36"
66.29.132.124 - - [03/Jan/2025:19:39:48 -0500] "POST /wp-cron.php?doing_wp_cron=1735951188.8705620765686035156250 HTTP/1.1" 200 0 "-" "WordPress/6.7.1; https://misswavenigeria.com"
165.231.182.10 - - [03/Jan/2025:19:39:48 -0500] "GET / HTTP/1.0" 200 109055 "https://misswavenigeria.com/" "Mozilla/5.0 (Windows NT 10.0; Win64; x64) AppleWebKit/537.36 (KHTML, like Gecko) Chrome/103.0.5060.114 Safari/537.36"
66.29.132.124 - - [03/Jan/2025:19:39:49 -0500] "POST /wp-admin/admin-ajax.php?action=async_litespeed&nonce=ZzYoA1CiTCYSeftZhQA0FMpQNkM2vItp&litespeed_type=imgoptm HTTP/1.1" 200 21 "-" "WordPress/6.7.1; https://misswavenigeria.com"
165.231.182.10 - - [03/Jan/2025:19:39:51 -0500] "GET /register/ HTTP/1.0" 200 75922 "https://misswavenigeria.com/register/" "Mozilla/5.0 (Windows NT 10.0; Win64; x64) AppleWebKit/537.36 (KHTML, like Gecko) Chrome/103.0.5060.114 Safari/537.36"
