47.76.99.127 - - [04/Jan/2025:01:45:23 -0500] "HEAD /contact-us/ HTTP/1.1" 200 0 "-" "Mozilla/5.0 (Windows NT 6.1; Win64; x64) AppleWebKit/537.36 (KHTML, like Gecko) Chrome/71.0.2927.70 Safari/537.36"
47.76.99.127 - - [04/Jan/2025:01:45:25 -0500] "GET /contact-us HTTP/1.1" 301 0 "-" "Mozilla/5.0 (Windows NT 6.1; Win64; x64) AppleWebKit/537.36 (KHTML, like Gecko) Chrome/71.0.2927.70 Safari/537.36"
47.76.99.127 - - [04/Jan/2025:01:45:27 -0500] "GET /contact-us/ HTTP/1.1" 200 20623 "-" "Mozilla/5.0 (Windows NT 6.1; Win64; x64) AppleWebKit/537.36 (KHTML, like Gecko) Chrome/71.0.2927.70 Safari/537.36"
165.231.182.10 - - [04/Jan/2025:01:44:04 -0500] "POST /register/ HTTP/1.0" 200 0 "https://misswavenigeria.com/register/" "Mozilla/5.0 (Windows NT 6.2; Win64; x64) AppleWebKit/537.36 (KHTML, like Gecko) Chrome/103.0.0.0 Safari/537.36"
165.231.182.10 - - [04/Jan/2025:01:46:35 -0500] "GET /register/ HTTP/1.0" 200 75922 "https://misswavenigeria.com/" "Mozilla/5.0 (Windows NT 6.2; Win64; x64) AppleWebKit/537.36 (KHTML, like Gecko) Chrome/103.0.0.0 Safari/537.36"
47.76.209.138 - - [04/Jan/2025:01:47:57 -0500] "HEAD /contact-us HTTP/1.1" 301 0 "-" "Mozilla/5.0 (Windows NT 6.1; Win64; x64) AppleWebKit/537.36 (KHTML, like Gecko) Chrome/69.0.3536.166 Safari/537.36"
47.76.209.138 - - [04/Jan/2025:01:47:57 -0500] "HEAD /contact-us/ HTTP/1.1" 200 0 "-" "Mozilla/5.0 (Windows NT 6.1; Win64; x64) AppleWebKit/537.36 (KHTML, like Gecko) Chrome/69.0.3536.166 Safari/537.36"
47.76.209.138 - - [04/Jan/2025:01:47:57 -0500] "GET /contact-us HTTP/1.1" 301 0 "-" "Mozilla/5.0 (Windows NT 6.1; Win64; x64) AppleWebKit/537.36 (KHTML, like Gecko) Chrome/69.0.3536.166 Safari/537.36"
47.76.209.138 - - [04/Jan/2025:01:47:57 -0500] "GET /contact-us/ HTTP/1.1" 200 20623 "-" "Mozilla/5.0 (Windows NT 6.1; Win64; x64) AppleWebKit/537.36 (KHTML, like Gecko) Chrome/69.0.3536.166 Safari/537.36"
165.231.182.10 - - [04/Jan/2025:01:48:02 -0500] "GET / HTTP/1.0" 200 109055 "https://misswavenigeria.com/" "Mozilla/5.0 (Windows NT 6.1; WOW64) AppleWebKit/537.36 (KHTML, like Gecko) Chrome/103.0.0.0 Safari/537.36"
165.231.182.10 - - [04/Jan/2025:01:48:04 -0500] "GET /register/ HTTP/1.0" 200 75922 "https://misswavenigeria.com/register/" "Mozilla/5.0 (Windows NT 6.1; WOW64) AppleWebKit/537.36 (KHTML, like Gecko) Chrome/103.0.0.0 Safari/537.36"
66.29.132.124 - - [04/Jan/2025:01:48:06 -0500] "POST /wp-cron.php?doing_wp_cron=1735973286.8496229648590087890625 HTTP/1.1" 200 0 "-" "WordPress/6.7.1; https://misswavenigeria.com"
66.29.132.124 - - [04/Jan/2025:01:48:07 -0500] "POST /wp-admin/admin-ajax.php?action=async_litespeed&nonce=B9rfD75r6fWhVy1ODpxBK9azuFWLGGjh&litespeed_type=imgoptm HTTP/1.1" 200 21 "-" "WordPress/6.7.1; https://misswavenigeria.com"
165.231.182.10 - - [04/Jan/2025:01:48:06 -0500] "POST /register/ HTTP/1.0" 200 0 "https://misswavenigeria.com/register/" "Mozilla/5.0 (Windows NT 6.1; WOW64) AppleWebKit/537.36 (KHTML, like Gecko) Chrome/103.0.0.0 Safari/537.36"
165.231.182.10 - - [04/Jan/2025:01:50:36 -0500] "GET /register/ HTTP/1.0" 200 75922 "https://misswavenigeria.com/" "Mozilla/5.0 (Windows NT 6.1; WOW64) AppleWebKit/537.36 (KHTML, like Gecko) Chrome/103.0.0.0 Safari/537.36"
165.231.182.10 - - [04/Jan/2025:01:52:11 -0500] "GET / HTTP/1.0" 200 109055 "https://misswavenigeria.com/" "Mozilla/5.0 (Windows NT 6.3) AppleWebKit/537.36 (KHTML, like Gecko) Chrome/103.0.0.0 Safari/537.36"
165.231.182.10 - - [04/Jan/2025:01:52:14 -0500] "GET /register/ HTTP/1.0" 200 75922 "https://misswavenigeria.com/register/" "Mozilla/5.0 (Windows NT 6.3) AppleWebKit/537.36 (KHTML, like Gecko) Chrome/103.0.0.0 Safari/537.36"
66.29.132.124 - - [04/Jan/2025:01:52:16 -0500] "POST /wp-cron.php?doing_wp_cron=1735973536.5873589515686035156250 HTTP/1.1" 200 0 "-" "WordPress/6.7.1; https://misswavenigeria.com"
66.29.132.124 - - [04/Jan/2025:01:52:17 -0500] "POST /wp-admin/admin-ajax.php?action=async_litespeed&nonce=GF5NawiVGaPRvbmVzcSEZAJy3T3XPkDN&litespeed_type=imgoptm HTTP/1.1" 200 0 "-" "WordPress/6.7.1; https://misswavenigeria.com"
47.76.209.138 - - [04/Jan/2025:01:52:30 -0500] "HEAD /contact-us HTTP/1.1" 301 0 "-" "Mozilla/5.0 (Windows NT 6.2; Win64; x64) AppleWebKit/537.36 (KHTML, like Gecko) Chrome/67.0.2600.41 Safari/537.36"
47.76.209.138 - - [04/Jan/2025:01:52:30 -0500] "HEAD /contact-us/ HTTP/1.1" 200 0 "-" "Mozilla/5.0 (Windows NT 6.2; Win64; x64) AppleWebKit/537.36 (KHTML, like Gecko) Chrome/67.0.2600.41 Safari/537.36"
47.76.209.138 - - [04/Jan/2025:01:52:31 -0500] "GET /contact-us HTTP/1.1" 301 0 "-" "Mozilla/5.0 (Windows NT 6.2; Win64; x64) AppleWebKit/537.36 (KHTML, like Gecko) Chrome/67.0.2600.41 Safari/537.36"
47.76.209.138 - - [04/Jan/2025:01:52:31 -0500] "GET /contact-us/ HTTP/1.1" 200 20623 "-" "Mozilla/5.0 (Windows NT 6.2; Win64; x64) AppleWebKit/537.36 (KHTML, like Gecko) Chrome/67.0.2600.41 Safari/537.36"
47.76.99.127 - - [04/Jan/2025:01:53:58 -0500] "HEAD /contact-us HTTP/1.1" 301 0 "-" "Mozilla/5.0 (Windows NT 6.2; Win64; x64) AppleWebKit/537.36 (KHTML, like Gecko) Chrome/60.0.2466.153 Safari/537.36"
47.76.99.127 - - [04/Jan/2025:01:53:59 -0500] "HEAD /contact-us/ HTTP/1.1" 200 0 "-" "Mozilla/5.0 (Windows NT 6.2; Win64; x64) AppleWebKit/537.36 (KHTML, like Gecko) Chrome/60.0.2466.153 Safari/537.36"
47.76.99.127 - - [04/Jan/2025:01:53:59 -0500] "GET /contact-us HTTP/1.1" 301 0 "-" "Mozilla/5.0 (Windows NT 6.2; Win64; x64) AppleWebKit/537.36 (KHTML, like Gecko) Chrome/60.0.2466.153 Safari/537.36"
47.76.99.127 - - [04/Jan/2025:01:53:59 -0500] "GET /contact-us/ HTTP/1.1" 200 20623 "-" "Mozilla/5.0 (Windows NT 6.2; Win64; x64) AppleWebKit/537.36 (KHTML, like Gecko) Chrome/60.0.2466.153 Safari/537.36"
165.231.182.10 - - [04/Jan/2025:01:52:15 -0500] "POST /register/ HTTP/1.0" 200 0 "https://misswavenigeria.com/register/" "Mozilla/5.0 (Windows NT 6.3) AppleWebKit/537.36 (KHTML, like Gecko) Chrome/103.0.0.0 Safari/537.36"
165.231.182.10 - - [04/Jan/2025:01:54:46 -0500] "GET /register/ HTTP/1.0" 200 75922 "https://misswavenigeria.com/" "Mozilla/5.0 (Windows NT 6.3) AppleWebKit/537.36 (KHTML, like Gecko) Chrome/103.0.0.0 Safari/537.36"
165.231.182.10 - - [04/Jan/2025:01:56:23 -0500] "GET / HTTP/1.0" 200 109055 "https://misswavenigeria.com/" "Mozilla/5.0 (Windows NT 6.1) AppleWebKit/537.36 (KHTML, like Gecko) Chrome/103.0.0.0 Safari/537.36"
165.231.182.10 - - [04/Jan/2025:01:56:25 -0500] "GET /register/ HTTP/1.0" 200 75922 "https://misswavenigeria.com/register/" "Mozilla/5.0 (Windows NT 6.1) AppleWebKit/537.36 (KHTML, like Gecko) Chrome/103.0.0.0 Safari/537.36"
66.29.132.124 - - [04/Jan/2025:01:56:27 -0500] "POST /wp-cron.php?doing_wp_cron=1735973787.5082459449768066406250 HTTP/1.1" 200 0 "-" "WordPress/6.7.1; https://misswavenigeria.com"
66.29.132.124 - - [04/Jan/2025:01:56:28 -0500] "POST /wp-admin/admin-ajax.php?action=async_litespeed&nonce=yeX89UWu1uOd63Jw8UWN3ShQYqYP1NOD&litespeed_type=imgoptm HTTP/1.1" 200 21 "-" "WordPress/6.7.1; https://misswavenigeria.com"
47.76.209.138 - - [04/Jan/2025:01:57:45 -0500] "HEAD /contact-us HTTP/1.1" 301 0 "-" "Mozilla/5.0 (Windows NT 10.0; Win64; x64) AppleWebKit/537.36 (KHTML, like Gecko) Chrome/65.0.3029.79 Safari/537.36"
47.76.209.138 - - [04/Jan/2025:01:57:46 -0500] "HEAD /contact-us/ HTTP/1.1" 200 0 "-" "Mozilla/5.0 (Windows NT 10.0; Win64; x64) AppleWebKit/537.36 (KHTML, like Gecko) Chrome/65.0.3029.79 Safari/537.36"
47.76.209.138 - - [04/Jan/2025:01:57:46 -0500] "GET /contact-us HTTP/1.1" 301 0 "-" "Mozilla/5.0 (Windows NT 10.0; Win64; x64) AppleWebKit/537.36 (KHTML, like Gecko) Chrome/65.0.3029.79 Safari/537.36"
47.76.209.138 - - [04/Jan/2025:01:57:47 -0500] "GET /contact-us/ HTTP/1.1" 200 20623 "-" "Mozilla/5.0 (Windows NT 10.0; Win64; x64) AppleWebKit/537.36 (KHTML, like Gecko) Chrome/65.0.3029.79 Safari/537.36"
165.231.182.10 - - [04/Jan/2025:01:56:26 -0500] "POST /register/ HTTP/1.0" 200 0 "https://misswavenigeria.com/register/" "Mozilla/5.0 (Windows NT 6.1) AppleWebKit/537.36 (KHTML, like Gecko) Chrome/103.0.0.0 Safari/537.36"
165.231.182.10 - - [04/Jan/2025:01:58:57 -0500] "GET /register/ HTTP/1.0" 200 75922 "https://misswavenigeria.com/" "Mozilla/5.0 (Windows NT 6.1) AppleWebKit/537.36 (KHTML, like Gecko) Chrome/103.0.0.0 Safari/537.36"
165.231.182.10 - - [04/Jan/2025:02:00:28 -0500] "GET / HTTP/1.0" 200 109055 "https://misswavenigeria.com/" "Mozilla/5.0 (Windows NT 10.0; Win64; x64) AppleWebKit/537.36 (KHTML, like Gecko) Chrome/103.0.5060.66 Safari/537.36"
165.231.182.10 - - [04/Jan/2025:02:00:30 -0500] "GET /register/ HTTP/1.0" 200 75922 "https://misswavenigeria.com/register/" "Mozilla/5.0 (Windows NT 10.0; Win64; x64) AppleWebKit/537.36 (KHTML, like Gecko) Chrome/103.0.5060.66 Safari/537.36"
66.29.132.124 - - [04/Jan/2025:02:00:32 -0500] "POST /wp-cron.php?doing_wp_cron=1735974032.6468069553375244140625 HTTP/1.1" 200 0 "-" "WordPress/6.7.1; https://misswavenigeria.com"
66.29.132.124 - - [04/Jan/2025:02:00:33 -0500] "POST /wp-admin/admin-ajax.php?action=async_litespeed&nonce=OmqaLhADw2BfaMWkVxwXESNafSdo6LT0&litespeed_type=imgoptm HTTP/1.1" 200 21 "-" "WordPress/6.7.1; https://misswavenigeria.com"
47.76.99.127 - - [04/Jan/2025:02:02:57 -0500] "HEAD /contact-us HTTP/1.1" 301 0 "-" "Mozilla/5.0 (Windows NT 6.0; Win64; x64) AppleWebKit/537.36 (KHTML, like Gecko) Chrome/69.0.2472.123 Safari/537.36"
47.76.99.127 - - [04/Jan/2025:02:02:58 -0500] "HEAD /contact-us/ HTTP/1.1" 200 0 "-" "Mozilla/5.0 (Windows NT 6.0; Win64; x64) AppleWebKit/537.36 (KHTML, like Gecko) Chrome/69.0.2472.123 Safari/537.36"
47.76.99.127 - - [04/Jan/2025:02:02:58 -0500] "GET /contact-us HTTP/1.1" 301 0 "-" "Mozilla/5.0 (Windows NT 6.0; Win64; x64) AppleWebKit/537.36 (KHTML, like Gecko) Chrome/69.0.2472.123 Safari/537.36"
47.76.99.127 - - [04/Jan/2025:02:02:58 -0500] "GET /contact-us/ HTTP/1.1" 200 20623 "-" "Mozilla/5.0 (Windows NT 6.0; Win64; x64) AppleWebKit/537.36 (KHTML, like Gecko) Chrome/69.0.2472.123 Safari/537.36"
165.231.182.10 - - [04/Jan/2025:02:00:31 -0500] "POST /register/ HTTP/1.0" 200 0 "https://misswavenigeria.com/register/" "Mozilla/5.0 (Windows NT 10.0; Win64; x64) AppleWebKit/537.36 (KHTML, like Gecko) Chrome/103.0.5060.66 Safari/537.36"
165.231.182.10 - - [04/Jan/2025:02:03:02 -0500] "GET /register/ HTTP/1.0" 200 75922 "https://misswavenigeria.com/" "Mozilla/5.0 (Windows NT 10.0; Win64; x64) AppleWebKit/537.36 (KHTML, like Gecko) Chrome/103.0.5060.66 Safari/537.36"
47.76.99.127 - - [04/Jan/2025:02:04:21 -0500] "HEAD /contact-us HTTP/1.1" 301 0 "-" "Mozilla/5.0 (Windows NT 6.1; Win64; x64) AppleWebKit/537.36 (KHTML, like Gecko) Chrome/77.0.3546.171 Safari/537.36"
47.76.99.127 - - [04/Jan/2025:02:04:22 -0500] "HEAD /contact-us/ HTTP/1.1" 200 0 "-" "Mozilla/5.0 (Windows NT 6.1; Win64; x64) AppleWebKit/537.36 (KHTML, like Gecko) Chrome/77.0.3546.171 Safari/537.36"
47.76.99.127 - - [04/Jan/2025:02:04:22 -0500] "GET /contact-us HTTP/1.1" 301 0 "-" "Mozilla/5.0 (Windows NT 6.1; Win64; x64) AppleWebKit/537.36 (KHTML, like Gecko) Chrome/77.0.3546.171 Safari/537.36"
47.76.99.127 - - [04/Jan/2025:02:04:22 -0500] "GET /contact-us/ HTTP/1.1" 200 20623 "-" "Mozilla/5.0 (Windows NT 6.1; Win64; x64) AppleWebKit/537.36 (KHTML, like Gecko) Chrome/77.0.3546.171 Safari/537.36"
165.231.182.10 - - [04/Jan/2025:02:04:43 -0500] "GET / HTTP/1.0" 200 109055 "https://misswavenigeria.com/" "Mozilla/5.0 (Windows NT 10.0) AppleWebKit/537.36 (KHTML, like Gecko) Chrome/103.0.0.0 Safari/537.36"
165.231.182.10 - - [04/Jan/2025:02:04:45 -0500] "GET /register/ HTTP/1.0" 200 75922 "https://misswavenigeria.com/register/" "Mozilla/5.0 (Windows NT 10.0) AppleWebKit/537.36 (KHTML, like Gecko) Chrome/103.0.0.0 Safari/537.36"
66.29.132.124 - - [04/Jan/2025:02:04:48 -0500] "POST /wp-cron.php?doing_wp_cron=1735974288.4862129688262939453125 HTTP/1.1" 200 0 "-" "WordPress/6.7.1; https://misswavenigeria.com"
66.29.132.124 - - [04/Jan/2025:02:04:49 -0500] "POST /wp-admin/admin-ajax.php?action=async_litespeed&nonce=Q6Wgpw439rZlYLQsN2uJRDPj4MfrJRUd&litespeed_type=imgoptm HTTP/1.1" 200 0 "-" "WordPress/6.7.1; https://misswavenigeria.com"
165.231.182.10 - - [04/Jan/2025:02:04:47 -0500] "POST /register/ HTTP/1.0" 200 0 "https://misswavenigeria.com/register/" "Mozilla/5.0 (Windows NT 10.0) AppleWebKit/537.36 (KHTML, like Gecko) Chrome/103.0.0.0 Safari/537.36"
165.231.182.10 - - [04/Jan/2025:02:07:19 -0500] "GET /register/ HTTP/1.0" 200 75922 "https://misswavenigeria.com/" "Mozilla/5.0 (Windows NT 10.0) AppleWebKit/537.36 (KHTML, like Gecko) Chrome/103.0.0.0 Safari/537.36"
47.76.209.138 - - [04/Jan/2025:02:08:50 -0500] "HEAD /contact-us HTTP/1.1" 301 0 "-" "Mozilla/5.0 (Windows NT 10.0; Win64; x64) AppleWebKit/537.36 (KHTML, like Gecko) Chrome/75.0.3086.31 Safari/537.36"
47.76.209.138 - - [04/Jan/2025:02:08:51 -0500] "HEAD /contact-us/ HTTP/1.1" 200 0 "-" "Mozilla/5.0 (Windows NT 10.0; Win64; x64) AppleWebKit/537.36 (KHTML, like Gecko) Chrome/75.0.3086.31 Safari/537.36"
47.76.209.138 - - [04/Jan/2025:02:08:52 -0500] "GET /contact-us HTTP/1.1" 301 0 "-" "Mozilla/5.0 (Windows NT 10.0; Win64; x64) AppleWebKit/537.36 (KHTML, like Gecko) Chrome/75.0.3086.31 Safari/537.36"
47.76.209.138 - - [04/Jan/2025:02:08:53 -0500] "GET /contact-us/ HTTP/1.1" 200 20623 "-" "Mozilla/5.0 (Windows NT 10.0; Win64; x64) AppleWebKit/537.36 (KHTML, like Gecko) Chrome/75.0.3086.31 Safari/537.36"
165.231.182.10 - - [04/Jan/2025:02:08:57 -0500] "GET / HTTP/1.0" 200 109055 "https://misswavenigeria.com/" "Mozilla/5.0 (Windows NT 10.0; Win64; x64) AppleWebKit/537.36 (KHTML, like Gecko) Chrome/103.0.5060.66 Safari/537.36"
165.231.182.10 - - [04/Jan/2025:02:08:59 -0500] "GET /register/ HTTP/1.0" 200 75922 "https://misswavenigeria.com/register/" "Mozilla/5.0 (Windows NT 10.0; Win64; x64) AppleWebKit/537.36 (KHTML, like Gecko) Chrome/103.0.5060.66 Safari/537.36"
66.29.132.124 - - [04/Jan/2025:02:09:02 -0500] "POST /wp-cron.php?doing_wp_cron=1735974542.4373610019683837890625 HTTP/1.1" 200 0 "-" "WordPress/6.7.1; https://misswavenigeria.com"
66.29.132.124 - - [04/Jan/2025:02:09:03 -0500] "POST /wp-admin/admin-ajax.php?action=async_litespeed&nonce=Hn3DvGPkgtReMkTAE6bu11TA4AryCweD&litespeed_type=imgoptm HTTP/1.1" 200 0 "-" "WordPress/6.7.1; https://misswavenigeria.com"
47.76.99.127 - - [04/Jan/2025:02:10:20 -0500] "HEAD /contact-us HTTP/1.1" 301 0 "-" "Mozilla/5.0 (Windows NT 6.2; Win64; x64) AppleWebKit/537.36 (KHTML, like Gecko) Chrome/73.0.3926.4 Safari/537.36"
47.76.99.127 - - [04/Jan/2025:02:10:21 -0500] "HEAD /contact-us/ HTTP/1.1" 200 0 "-" "Mozilla/5.0 (Windows NT 6.2; Win64; x64) AppleWebKit/537.36 (KHTML, like Gecko) Chrome/73.0.3926.4 Safari/537.36"
47.76.99.127 - - [04/Jan/2025:02:10:23 -0500] "GET /contact-us HTTP/1.1" 301 0 "-" "Mozilla/5.0 (Windows NT 6.2; Win64; x64) AppleWebKit/537.36 (KHTML, like Gecko) Chrome/73.0.3926.4 Safari/537.36"
47.76.99.127 - - [04/Jan/2025:02:10:24 -0500] "GET /contact-us/ HTTP/1.1" 200 20623 "-" "Mozilla/5.0 (Windows NT 6.2; Win64; x64) AppleWebKit/537.36 (KHTML, like Gecko) Chrome/73.0.3926.4 Safari/537.36"
66.29.132.124 - - [04/Jan/2025:02:10:37 -0500] "POST /wp-cron.php?doing_wp_cron=1735974637.0591459274291992187500 HTTP/1.1" 200 0 "-" "WordPress/6.7.1; https://misswavenigeria.com"
66.249.79.4 - - [04/Jan/2025:02:10:36 -0500] "GET /goods/H964971?k=product HTTP/1.1" 301 0 "-" "Mozilla/5.0 (Linux; Android 6.0.1; Nexus 5X Build/MMB29P) AppleWebKit/537.36 (KHTML, like Gecko) Chrome/131.0.6778.139 Mobile Safari/537.36 (compatible; Googlebot/2.1; +http://www.google.com/bot.html)"
66.29.132.124 - - [04/Jan/2025:02:10:38 -0500] "POST /wp-admin/admin-ajax.php?action=async_litespeed&nonce=vjgyy86pisM8GCaScZ33rHH265hPnH5X&litespeed_type=imgoptm HTTP/1.1" 200 0 "-" "WordPress/6.7.1; https://misswavenigeria.com"
66.249.68.68 - - [04/Jan/2025:02:10:43 -0500] "GET /goods/H964971?k=product HTTP/1.1" 404 15610 "-" "Mozilla/5.0 (Linux; Android 6.0.1; Nexus 5X Build/MMB29P) AppleWebKit/537.36 (KHTML, like Gecko) Chrome/131.0.6778.139 Mobile Safari/537.36 (compatible; Googlebot/2.1; +http://www.google.com/bot.html)"
47.76.99.127 - - [04/Jan/2025:02:11:19 -0500] "HEAD /contact-us HTTP/1.1" 301 0 "-" "Mozilla/5.0 (Windows NT 6.0; Win64; x64) AppleWebKit/537.36 (KHTML, like Gecko) Chrome/70.0.3872.30 Safari/537.36"
47.76.99.127 - - [04/Jan/2025:02:11:19 -0500] "HEAD /contact-us/ HTTP/1.1" 200 0 "-" "Mozilla/5.0 (Windows NT 6.0; Win64; x64) AppleWebKit/537.36 (KHTML, like Gecko) Chrome/70.0.3872.30 Safari/537.36"
47.76.99.127 - - [04/Jan/2025:02:11:19 -0500] "GET /contact-us HTTP/1.1" 301 0 "-" "Mozilla/5.0 (Windows NT 6.0; Win64; x64) AppleWebKit/537.36 (KHTML, like Gecko) Chrome/70.0.3872.30 Safari/537.36"
47.76.99.127 - - [04/Jan/2025:02:11:19 -0500] "GET /contact-us/ HTTP/1.1" 200 20623 "-" "Mozilla/5.0 (Windows NT 6.0; Win64; x64) AppleWebKit/537.36 (KHTML, like Gecko) Chrome/70.0.3872.30 Safari/537.36"
165.231.182.10 - - [04/Jan/2025:02:09:01 -0500] "POST /register/ HTTP/1.0" 200 0 "https://misswavenigeria.com/register/" "Mozilla/5.0 (Windows NT 10.0; Win64; x64) AppleWebKit/537.36 (KHTML, like Gecko) Chrome/103.0.5060.66 Safari/537.36"
165.231.182.10 - - [04/Jan/2025:02:11:32 -0500] "GET /register/ HTTP/1.0" 200 75922 "https://misswavenigeria.com/" "Mozilla/5.0 (Windows NT 10.0; Win64; x64) AppleWebKit/537.36 (KHTML, like Gecko) Chrome/103.0.5060.66 Safari/537.36"
165.231.182.10 - - [04/Jan/2025:02:13:08 -0500] "GET / HTTP/1.0" 200 109055 "https://misswavenigeria.com/" "Mozilla/5.0 (Windows NT 6.3; Win64; x64) AppleWebKit/537.36 (KHTML, like Gecko) Chrome/103.0.5060.53 Safari/537.36"
165.231.182.10 - - [04/Jan/2025:02:13:10 -0500] "GET /register/ HTTP/1.0" 200 75922 "https://misswavenigeria.com/register/" "Mozilla/5.0 (Windows NT 6.3; Win64; x64) AppleWebKit/537.36 (KHTML, like Gecko) Chrome/103.0.5060.53 Safari/537.36"
66.29.132.124 - - [04/Jan/2025:02:13:14 -0500] "POST /wp-cron.php?doing_wp_cron=1735974793.7445900440216064453125 HTTP/1.1" 200 0 "-" "WordPress/6.7.1; https://misswavenigeria.com"
66.29.132.124 - - [04/Jan/2025:02:13:16 -0500] "POST /wp-admin/admin-ajax.php?action=async_litespeed&nonce=sWzO2mkPTD4IoNMSRn8J7gfJhHMu2cpt&litespeed_type=imgoptm HTTP/1.1" 200 0 "-" "WordPress/6.7.1; https://misswavenigeria.com"
165.231.182.10 - - [04/Jan/2025:02:13:12 -0500] "POST /register/ HTTP/1.0" 200 0 "https://misswavenigeria.com/register/" "Mozilla/5.0 (Windows NT 6.3; Win64; x64) AppleWebKit/537.36 (KHTML, like Gecko) Chrome/103.0.5060.53 Safari/537.36"
165.231.182.10 - - [04/Jan/2025:02:15:45 -0500] "GET /register/ HTTP/1.0" 200 75922 "https://misswavenigeria.com/" "Mozilla/5.0 (Windows NT 6.3; Win64; x64) AppleWebKit/537.36 (KHTML, like Gecko) Chrome/103.0.5060.53 Safari/537.36"
165.231.182.10 - - [04/Jan/2025:02:17:14 -0500] "GET / HTTP/1.0" 200 109055 "https://misswavenigeria.com/" "Mozilla/5.0 (Windows NT 6.3; Win64; x64) AppleWebKit/537.36 (KHTML, like Gecko) Chrome/103.0.5060.114 Safari/537.36"
165.231.182.10 - - [04/Jan/2025:02:17:17 -0500] "GET /register/ HTTP/1.0" 200 75922 "https://misswavenigeria.com/register/" "Mozilla/5.0 (Windows NT 6.3; Win64; x64) AppleWebKit/537.36 (KHTML, like Gecko) Chrome/103.0.5060.114 Safari/537.36"
66.29.132.124 - - [04/Jan/2025:02:17:30 -0500] "POST /wp-cron.php?doing_wp_cron=1735975049.6084721088409423828125 HTTP/1.1" 200 0 "-" "WordPress/6.7.1; https://misswavenigeria.com"
66.29.132.124 - - [04/Jan/2025:02:17:31 -0500] "POST /wp-admin/admin-ajax.php?action=async_litespeed&nonce=ifAsZXdjH8robWWUsoScWsq28A2eB5O5&litespeed_type=imgoptm HTTP/1.1" 200 0 "-" "WordPress/6.7.1; https://misswavenigeria.com"
47.76.209.138 - - [04/Jan/2025:02:17:37 -0500] "HEAD /contact-us HTTP/1.1" 301 0 "-" "Mozilla/5.0 (Windows NT 6.0; Win64; x64) AppleWebKit/537.36 (KHTML, like Gecko) Chrome/73.0.3710.11 Safari/537.36"
47.76.209.138 - - [04/Jan/2025:02:17:38 -0500] "HEAD /contact-us/ HTTP/1.1" 200 0 "-" "Mozilla/5.0 (Windows NT 6.0; Win64; x64) AppleWebKit/537.36 (KHTML, like Gecko) Chrome/73.0.3710.11 Safari/537.36"
47.76.209.138 - - [04/Jan/2025:02:17:39 -0500] "GET /contact-us HTTP/1.1" 301 0 "-" "Mozilla/5.0 (Windows NT 6.0; Win64; x64) AppleWebKit/537.36 (KHTML, like Gecko) Chrome/73.0.3710.11 Safari/537.36"
47.76.209.138 - - [04/Jan/2025:02:17:40 -0500] "GET /contact-us/ HTTP/1.1" 200 20623 "-" "Mozilla/5.0 (Windows NT 6.0; Win64; x64) AppleWebKit/537.36 (KHTML, like Gecko) Chrome/73.0.3710.11 Safari/537.36"
47.76.209.138 - - [04/Jan/2025:02:19:11 -0500] "HEAD /contact-us HTTP/1.1" 301 0 "-" "Mozilla/5.0 (Windows NT 6.1; Win64; x64) AppleWebKit/537.36 (KHTML, like Gecko) Chrome/72.0.2930.32 Safari/537.36"
47.76.209.138 - - [04/Jan/2025:02:19:13 -0500] "HEAD /contact-us/ HTTP/1.1" 200 0 "-" "Mozilla/5.0 (Windows NT 6.1; Win64; x64) AppleWebKit/537.36 (KHTML, like Gecko) Chrome/72.0.2930.32 Safari/537.36"
47.76.209.138 - - [04/Jan/2025:02:19:14 -0500] "GET /contact-us HTTP/1.1" 301 0 "-" "Mozilla/5.0 (Windows NT 6.1; Win64; x64) AppleWebKit/537.36 (KHTML, like Gecko) Chrome/72.0.2930.32 Safari/537.36"
47.76.209.138 - - [04/Jan/2025:02:19:14 -0500] "GET /contact-us/ HTTP/1.1" 200 20623 "-" "Mozilla/5.0 (Windows NT 6.1; Win64; x64) AppleWebKit/537.36 (KHTML, like Gecko) Chrome/72.0.2930.32 Safari/537.36"
165.231.182.10 - - [04/Jan/2025:02:17:19 -0500] "POST /register/ HTTP/1.0" 200 0 "https://misswavenigeria.com/register/" "Mozilla/5.0 (Windows NT 6.3; Win64; x64) AppleWebKit/537.36 (KHTML, like Gecko) Chrome/103.0.5060.114 Safari/537.36"
165.231.182.10 - - [04/Jan/2025:02:19:50 -0500] "GET /register/ HTTP/1.0" 200 75922 "https://misswavenigeria.com/" "Mozilla/5.0 (Windows NT 6.3; Win64; x64) AppleWebKit/537.36 (KHTML, like Gecko) Chrome/103.0.5060.114 Safari/537.36"
165.231.182.10 - - [04/Jan/2025:02:21:22 -0500] "GET / HTTP/1.0" 200 109055 "https://misswavenigeria.com/" "Mozilla/5.0 (Windows NT 10.0; Win64; x64) AppleWebKit/537.36 (KHTML, like Gecko) Chrome/103.0.5060.114 Safari/537.36"
165.231.182.10 - - [04/Jan/2025:02:21:25 -0500] "GET /register/ HTTP/1.0" 200 75922 "https://misswavenigeria.com/register/" "Mozilla/5.0 (Windows NT 10.0; Win64; x64) AppleWebKit/537.36 (KHTML, like Gecko) Chrome/103.0.5060.114 Safari/537.36"
66.29.132.124 - - [04/Jan/2025:02:21:30 -0500] "POST /wp-cron.php?doing_wp_cron=1735975289.0768439769744873046875 HTTP/1.1" 200 0 "-" "WordPress/6.7.1; https://misswavenigeria.com"
165.231.182.10 - - [04/Jan/2025:02:21:28 -0500] "POST /register/ HTTP/1.0" 200 0 "https://misswavenigeria.com/register/" "Mozilla/5.0 (Windows NT 10.0; Win64; x64) AppleWebKit/537.36 (KHTML, like Gecko) Chrome/103.0.5060.114 Safari/537.36"
165.231.182.10 - - [04/Jan/2025:02:23:57 -0500] "GET /register/ HTTP/1.0" 200 75922 "https://misswavenigeria.com/" "Mozilla/5.0 (Windows NT 10.0; Win64; x64) AppleWebKit/537.36 (KHTML, like Gecko) Chrome/103.0.5060.114 Safari/537.36"
47.76.209.138 - - [04/Jan/2025:02:24:03 -0500] "HEAD /contact-us HTTP/1.1" 301 0 "-" "Mozilla/5.0 (Windows NT 6.0; Win64; x64) AppleWebKit/537.36 (KHTML, like Gecko) Chrome/71.0.3145.182 Safari/537.36"
47.76.209.138 - - [04/Jan/2025:02:24:04 -0500] "HEAD /contact-us/ HTTP/1.1" 200 0 "-" "Mozilla/5.0 (Windows NT 6.0; Win64; x64) AppleWebKit/537.36 (KHTML, like Gecko) Chrome/71.0.3145.182 Safari/537.36"
47.76.209.138 - - [04/Jan/2025:02:24:04 -0500] "GET /contact-us HTTP/1.1" 301 0 "-" "Mozilla/5.0 (Windows NT 6.0; Win64; x64) AppleWebKit/537.36 (KHTML, like Gecko) Chrome/71.0.3145.182 Safari/537.36"
47.76.209.138 - - [04/Jan/2025:02:24:05 -0500] "GET /contact-us/ HTTP/1.1" 200 20623 "-" "Mozilla/5.0 (Windows NT 6.0; Win64; x64) AppleWebKit/537.36 (KHTML, like Gecko) Chrome/71.0.3145.182 Safari/537.36"
165.231.182.10 - - [04/Jan/2025:02:25:30 -0500] "GET / HTTP/1.0" 200 109055 "https://misswavenigeria.com/" "Mozilla/5.0 (Windows NT 10.0; Win64; x64) AppleWebKit/537.36 (KHTML, like Gecko) Chrome/103.0.0.0 Safari/537.36"
165.231.182.10 - - [04/Jan/2025:02:25:33 -0500] "GET /register/ HTTP/1.0" 200 75922 "https://misswavenigeria.com/register/" "Mozilla/5.0 (Windows NT 10.0; Win64; x64) AppleWebKit/537.36 (KHTML, like Gecko) Chrome/103.0.0.0 Safari/537.36"
66.29.132.124 - - [04/Jan/2025:02:25:35 -0500] "POST /wp-cron.php?doing_wp_cron=1735975535.5015530586242675781250 HTTP/1.1" 200 0 "-" "WordPress/6.7.1; https://misswavenigeria.com"
66.29.132.124 - - [04/Jan/2025:02:25:36 -0500] "POST /wp-admin/admin-ajax.php?action=async_litespeed&nonce=tmu64h1GiBZBOXne2Vx07p3KJqxtU2Ps&litespeed_type=imgoptm HTTP/1.1" 200 21 "-" "WordPress/6.7.1; https://misswavenigeria.com"
165.231.182.10 - - [04/Jan/2025:02:25:35 -0500] "POST /register/ HTTP/1.0" 200 0 "https://misswavenigeria.com/register/" "Mozilla/5.0 (Windows NT 10.0; Win64; x64) AppleWebKit/537.36 (KHTML, like Gecko) Chrome/103.0.0.0 Safari/537.36"
165.231.182.10 - - [04/Jan/2025:02:28:05 -0500] "GET /register/ HTTP/1.0" 200 75922 "https://misswavenigeria.com/" "Mozilla/5.0 (Windows NT 10.0; Win64; x64) AppleWebKit/537.36 (KHTML, like Gecko) Chrome/103.0.0.0 Safari/537.36"
47.76.99.127 - - [04/Jan/2025:02:29:15 -0500] "HEAD /contact-us HTTP/1.1" 301 0 "-" "Mozilla/5.0 (Windows NT 6.3; Win64; x64) AppleWebKit/537.36 (KHTML, like Gecko) Chrome/73.0.2998.140 Safari/537.36"
47.76.99.127 - - [04/Jan/2025:02:29:15 -0500] "HEAD /contact-us/ HTTP/1.1" 200 0 "-" "Mozilla/5.0 (Windows NT 6.3; Win64; x64) AppleWebKit/537.36 (KHTML, like Gecko) Chrome/73.0.2998.140 Safari/537.36"
47.76.99.127 - - [04/Jan/2025:02:29:15 -0500] "GET /contact-us HTTP/1.1" 301 0 "-" "Mozilla/5.0 (Windows NT 6.3; Win64; x64) AppleWebKit/537.36 (KHTML, like Gecko) Chrome/73.0.2998.140 Safari/537.36"
47.76.99.127 - - [04/Jan/2025:02:29:16 -0500] "GET /contact-us/ HTTP/1.1" 200 20623 "-" "Mozilla/5.0 (Windows NT 6.3; Win64; x64) AppleWebKit/537.36 (KHTML, like Gecko) Chrome/73.0.2998.140 Safari/537.36"
165.231.182.10 - - [04/Jan/2025:02:29:42 -0500] "GET / HTTP/1.0" 200 109055 "https://misswavenigeria.com/" "Mozilla/5.0 (Windows NT 6.1) AppleWebKit/537.36 (KHTML, like Gecko) Chrome/103.0.0.0 Safari/537.36"
165.231.182.10 - - [04/Jan/2025:02:29:44 -0500] "GET /register/ HTTP/1.0" 200 75922 "https://misswavenigeria.com/register/" "Mozilla/5.0 (Windows NT 6.1) AppleWebKit/537.36 (KHTML, like Gecko) Chrome/103.0.0.0 Safari/537.36"
66.29.132.124 - - [04/Jan/2025:02:29:47 -0500] "POST /wp-cron.php?doing_wp_cron=1735975786.9439210891723632812500 HTTP/1.1" 200 0 "-" "WordPress/6.7.1; https://misswavenigeria.com"
66.29.132.124 - - [04/Jan/2025:02:29:47 -0500] "POST /wp-admin/admin-ajax.php?action=async_litespeed&nonce=w7gyOcyrWCVDozzT9vjgnGWMsiMEo3ep&litespeed_type=imgoptm HTTP/1.1" 200 21 "-" "WordPress/6.7.1; https://misswavenigeria.com"
47.76.209.138 - - [04/Jan/2025:02:31:07 -0500] "HEAD /contact-us HTTP/1.1" 301 0 "-" "Mozilla/5.0 (Windows NT 10.0; Win64; x64) AppleWebKit/537.36 (KHTML, like Gecko) Chrome/60.0.2351.129 Safari/537.36"
47.76.209.138 - - [04/Jan/2025:02:31:07 -0500] "HEAD /contact-us/ HTTP/1.1" 200 0 "-" "Mozilla/5.0 (Windows NT 10.0; Win64; x64) AppleWebKit/537.36 (KHTML, like Gecko) Chrome/60.0.2351.129 Safari/537.36"
47.76.209.138 - - [04/Jan/2025:02:31:07 -0500] "GET /contact-us HTTP/1.1" 301 0 "-" "Mozilla/5.0 (Windows NT 10.0; Win64; x64) AppleWebKit/537.36 (KHTML, like Gecko) Chrome/60.0.2351.129 Safari/537.36"
47.76.209.138 - - [04/Jan/2025:02:31:08 -0500] "GET /contact-us/ HTTP/1.1" 200 20623 "-" "Mozilla/5.0 (Windows NT 10.0; Win64; x64) AppleWebKit/537.36 (KHTML, like Gecko) Chrome/60.0.2351.129 Safari/537.36"
206.124.111.198 - - [04/Jan/2025:02:31:32 -0500] "GET /admin/xx/index.php?watchx=true HTTP/1.1" 200 189 "http://misswavenigeria.com/admin/xx/index.php?watchx=true" "Mozilla/5.0 (Windows NT 10.0; Win64; x64) AppleWebKit/537.36 (KHTML, like Gecko) Chrome/119.0.0.0 Safari/537.36"
165.231.182.10 - - [04/Jan/2025:02:29:46 -0500] "POST /register/ HTTP/1.0" 200 0 "https://misswavenigeria.com/register/" "Mozilla/5.0 (Windows NT 6.1) AppleWebKit/537.36 (KHTML, like Gecko) Chrome/103.0.0.0 Safari/537.36"
165.231.182.10 - - [04/Jan/2025:02:32:17 -0500] "GET /register/ HTTP/1.0" 200 75922 "https://misswavenigeria.com/" "Mozilla/5.0 (Windows NT 6.1) AppleWebKit/537.36 (KHTML, like Gecko) Chrome/103.0.0.0 Safari/537.36"
165.231.182.10 - - [04/Jan/2025:02:33:53 -0500] "GET / HTTP/1.0" 200 109055 "https://misswavenigeria.com/" "Mozilla/5.0 (Windows NT 10.0; WOW64) AppleWebKit/537.36 (KHTML, like Gecko) Chrome/103.0.0.0 Safari/537.36"
47.76.99.127 - - [04/Jan/2025:02:33:54 -0500] "HEAD /contact-us HTTP/1.1" 301 0 "-" "Mozilla/5.0 (Windows NT 6.3; Win64; x64) AppleWebKit/537.36 (KHTML, like Gecko) Chrome/74.0.2157.163 Safari/537.36"
47.76.99.127 - - [04/Jan/2025:02:33:55 -0500] "HEAD /contact-us/ HTTP/1.1" 200 0 "-" "Mozilla/5.0 (Windows NT 6.3; Win64; x64) AppleWebKit/537.36 (KHTML, like Gecko) Chrome/74.0.2157.163 Safari/537.36"
47.76.99.127 - - [04/Jan/2025:02:33:55 -0500] "GET /contact-us HTTP/1.1" 301 0 "-" "Mozilla/5.0 (Windows NT 6.3; Win64; x64) AppleWebKit/537.36 (KHTML, like Gecko) Chrome/74.0.2157.163 Safari/537.36"
165.231.182.10 - - [04/Jan/2025:02:33:55 -0500] "GET /register/ HTTP/1.0" 200 75922 "https://misswavenigeria.com/register/" "Mozilla/5.0 (Windows NT 10.0; WOW64) AppleWebKit/537.36 (KHTML, like Gecko) Chrome/103.0.0.0 Safari/537.36"
47.76.99.127 - - [04/Jan/2025:02:33:55 -0500] "GET /contact-us/ HTTP/1.1" 200 20623 "-" "Mozilla/5.0 (Windows NT 6.3; Win64; x64) AppleWebKit/537.36 (KHTML, like Gecko) Chrome/74.0.2157.163 Safari/537.36"
66.29.132.124 - - [04/Jan/2025:02:34:03 -0500] "POST /wp-cron.php?doing_wp_cron=1735976043.8424000740051269531250 HTTP/1.1" 200 0 "-" "WordPress/6.7.1; https://misswavenigeria.com"
66.29.132.124 - - [04/Jan/2025:02:34:04 -0500] "POST /wp-admin/admin-ajax.php?action=async_litespeed&nonce=D4vpvQtW3xsH283O5Fh52h0IKyt0uNJC&litespeed_type=imgoptm HTTP/1.1" 200 21 "-" "WordPress/6.7.1; https://misswavenigeria.com"
165.231.182.10 - - [04/Jan/2025:02:33:57 -0500] "POST /register/ HTTP/1.0" 200 0 "https://misswavenigeria.com/register/" "Mozilla/5.0 (Windows NT 10.0; WOW64) AppleWebKit/537.36 (KHTML, like Gecko) Chrome/103.0.0.0 Safari/537.36"
165.231.182.10 - - [04/Jan/2025:02:36:27 -0500] "GET /register/ HTTP/1.0" 200 75922 "https://misswavenigeria.com/" "Mozilla/5.0 (Windows NT 10.0; WOW64) AppleWebKit/537.36 (KHTML, like Gecko) Chrome/103.0.0.0 Safari/537.36"
165.231.182.10 - - [04/Jan/2025:02:38:04 -0500] "GET / HTTP/1.0" 200 109055 "https://misswavenigeria.com/" "Mozilla/5.0 (Windows NT 6.3) AppleWebKit/537.36 (KHTML, like Gecko) Chrome/103.0.0.0 Safari/537.36"
165.231.182.10 - - [04/Jan/2025:02:38:06 -0500] "GET /register/ HTTP/1.0" 200 75922 "https://misswavenigeria.com/register/" "Mozilla/5.0 (Windows NT 6.3) AppleWebKit/537.36 (KHTML, like Gecko) Chrome/103.0.0.0 Safari/537.36"
66.29.132.124 - - [04/Jan/2025:02:38:12 -0500] "POST /wp-cron.php?doing_wp_cron=1735976292.1842401027679443359375 HTTP/1.1" 200 0 "-" "WordPress/6.7.1; https://misswavenigeria.com"
66.29.132.124 - - [04/Jan/2025:02:38:12 -0500] "POST /wp-admin/admin-ajax.php?action=async_litespeed&nonce=NB2rGcGeZmk6IBhKxWe1sQHVHjOO1bEF&litespeed_type=imgoptm HTTP/1.1" 200 0 "-" "WordPress/6.7.1; https://misswavenigeria.com"
51.222.253.16 - - [04/Jan/2025:02:40:36 -0500] "GET /o_models/boluwatife-miss-osun/ HTTP/1.1" 200 15673 "-" "Mozilla/5.0 (compatible; AhrefsBot/7.0; +http://ahrefs.com/robot/)"
165.231.182.10 - - [04/Jan/2025:02:38:07 -0500] "POST /register/ HTTP/1.0" 200 0 "https://misswavenigeria.com/register/" "Mozilla/5.0 (Windows NT 6.3) AppleWebKit/537.36 (KHTML, like Gecko) Chrome/103.0.0.0 Safari/537.36"
165.231.182.10 - - [04/Jan/2025:02:40:39 -0500] "GET /register/ HTTP/1.0" 200 75922 "https://misswavenigeria.com/" "Mozilla/5.0 (Windows NT 6.3) AppleWebKit/537.36 (KHTML, like Gecko) Chrome/103.0.0.0 Safari/537.36"
66.29.132.124 - - [04/Jan/2025:02:41:31 -0500] "POST /wp-cron.php?doing_wp_cron=1735976490.9499440193176269531250 HTTP/1.1" 200 0 "-" "WordPress/6.7.1; https://misswavenigeria.com"
66.249.68.67 - - [04/Jan/2025:02:41:30 -0500] "GET /goods/254613.html HTTP/1.1" 404 15610 "-" "Mozilla/5.0 (Linux; Android 6.0.1; Nexus 5X Build/MMB29P) AppleWebKit/537.36 (KHTML, like Gecko) Chrome/131.0.6778.139 Mobile Safari/537.36 (compatible; Googlebot/2.1; +http://www.google.com/bot.html)"
66.29.132.124 - - [04/Jan/2025:02:41:31 -0500] "POST /wp-admin/admin-ajax.php?action=async_litespeed&nonce=6uL7N6GuZoDFyGFK0okGmiYZ0owAdsuz&litespeed_type=imgoptm HTTP/1.1" 200 21 "-" "WordPress/6.7.1; https://misswavenigeria.com"
165.231.182.10 - - [04/Jan/2025:02:42:07 -0500] "GET / HTTP/1.0" 200 109055 "https://misswavenigeria.com/" "Mozilla/5.0 (Windows NT 6.3; WOW64) AppleWebKit/537.36 (KHTML, like Gecko) Chrome/103.0.5060.114 Safari/537.36"
165.231.182.10 - - [04/Jan/2025:02:42:09 -0500] "GET /register/ HTTP/1.0" 200 75922 "https://misswavenigeria.com/register/" "Mozilla/5.0 (Windows NT 6.3; WOW64) AppleWebKit/537.36 (KHTML, like Gecko) Chrome/103.0.5060.114 Safari/537.36"
165.231.182.10 - - [04/Jan/2025:02:42:11 -0500] "POST /register/ HTTP/1.0" 200 0 "https://misswavenigeria.com/register/" "Mozilla/5.0 (Windows NT 6.3; WOW64) AppleWebKit/537.36 (KHTML, like Gecko) Chrome/103.0.5060.114 Safari/537.36"
165.231.182.10 - - [04/Jan/2025:02:44:42 -0500] "GET /register/ HTTP/1.0" 200 75922 "https://misswavenigeria.com/" "Mozilla/5.0 (Windows NT 6.3; WOW64) AppleWebKit/537.36 (KHTML, like Gecko) Chrome/103.0.5060.114 Safari/537.36"
165.231.182.10 - - [04/Jan/2025:02:46:14 -0500] "GET / HTTP/1.0" 200 109055 "https://misswavenigeria.com/" "Mozilla/5.0 (Windows NT 6.1; WOW64) AppleWebKit/537.36 (KHTML, like Gecko) Chrome/103.0.0.0 Safari/537.36"
165.231.182.10 - - [04/Jan/2025:02:46:17 -0500] "GET /register/ HTTP/1.0" 200 75922 "https://misswavenigeria.com/register/" "Mozilla/5.0 (Windows NT 6.1; WOW64) AppleWebKit/537.36 (KHTML, like Gecko) Chrome/103.0.0.0 Safari/537.36"
66.29.132.124 - - [04/Jan/2025:02:46:19 -0500] "POST /wp-cron.php?doing_wp_cron=1735976779.2418580055236816406250 HTTP/1.1" 200 0 "-" "WordPress/6.7.1; https://misswavenigeria.com"
66.29.132.124 - - [04/Jan/2025:02:46:19 -0500] "POST /wp-admin/admin-ajax.php?action=async_litespeed&nonce=g61VG3jbiXgPUkRLjqvcxD8j2zpCrKe8&litespeed_type=imgoptm HTTP/1.1" 200 21 "-" "WordPress/6.7.1; https://misswavenigeria.com"
51.8.102.103 - - [04/Jan/2025:02:47:02 -0500] "GET /robots.txt HTTP/1.1" 200 99 "-" "Mozilla/5.0 AppleWebKit/537.36 (KHTML, like Gecko); compatible; OAI-SearchBot/1.0; +https://openai.com/searchbot"
165.231.182.10 - - [04/Jan/2025:02:46:18 -0500] "POST /register/ HTTP/1.0" 200 0 "https://misswavenigeria.com/register/" "Mozilla/5.0 (Windows NT 6.1; WOW64) AppleWebKit/537.36 (KHTML, like Gecko) Chrome/103.0.0.0 Safari/537.36"
165.231.182.10 - - [04/Jan/2025:02:48:49 -0500] "GET /register/ HTTP/1.0" 200 75922 "https://misswavenigeria.com/" "Mozilla/5.0 (Windows NT 6.1; WOW64) AppleWebKit/537.36 (KHTML, like Gecko) Chrome/103.0.0.0 Safari/537.36"
66.249.79.4 - - [04/Jan/2025:02:50:01 -0500] "GET /guide/Midas HTTP/1.1" 301 0 "-" "Mozilla/5.0 (Linux; Android 6.0.1; Nexus 5X Build/MMB29P) AppleWebKit/537.36 (KHTML, like Gecko) Chrome/131.0.6778.139 Mobile Safari/537.36 (compatible; Googlebot/2.1; +http://www.google.com/bot.html)"
66.29.132.124 - - [04/Jan/2025:02:50:04 -0500] "POST /wp-cron.php?doing_wp_cron=1735977002.8904340267181396484375 HTTP/1.1" 200 0 "-" "WordPress/6.7.1; https://misswavenigeria.com"
66.249.68.66 - - [04/Jan/2025:02:50:08 -0500] "GET /guide/Midas HTTP/1.1" 404 15610 "-" "Mozilla/5.0 (Linux; Android 6.0.1; Nexus 5X Build/MMB29P) AppleWebKit/537.36 (KHTML, like Gecko) Chrome/131.0.6778.139 Mobile Safari/537.36 (compatible; Googlebot/2.1; +http://www.google.com/bot.html)"
165.231.182.10 - - [04/Jan/2025:02:50:26 -0500] "GET / HTTP/1.0" 200 109055 "https://misswavenigeria.com/" "Mozilla/5.0 (Windows NT 10.0; Win64; x64) AppleWebKit/537.36 (KHTML, like Gecko) Chrome/103.0.0.0 Safari/537.36 OpenWave/97.4.2043.44"
165.231.182.10 - - [04/Jan/2025:02:50:29 -0500] "GET /register/ HTTP/1.0" 200 75922 "https://misswavenigeria.com/register/" "Mozilla/5.0 (Windows NT 10.0; Win64; x64) AppleWebKit/537.36 (KHTML, like Gecko) Chrome/103.0.0.0 Safari/537.36 OpenWave/97.4.2043.44"
47.76.209.138 - - [04/Jan/2025:02:51:05 -0500] "HEAD /contact-us HTTP/1.1" 301 0 "-" "Mozilla/5.0 (Windows NT 6.1; Win64; x64) AppleWebKit/537.36 (KHTML, like Gecko) Chrome/67.0.3590.6 Safari/537.36"
47.76.209.138 - - [04/Jan/2025:02:51:06 -0500] "HEAD /contact-us/ HTTP/1.1" 200 0 "-" "Mozilla/5.0 (Windows NT 6.1; Win64; x64) AppleWebKit/537.36 (KHTML, like Gecko) Chrome/67.0.3590.6 Safari/537.36"
47.76.209.138 - - [04/Jan/2025:02:51:06 -0500] "GET /contact-us HTTP/1.1" 301 0 "-" "Mozilla/5.0 (Windows NT 6.1; Win64; x64) AppleWebKit/537.36 (KHTML, like Gecko) Chrome/67.0.3590.6 Safari/537.36"
47.76.209.138 - - [04/Jan/2025:02:51:07 -0500] "GET /contact-us/ HTTP/1.1" 200 20623 "-" "Mozilla/5.0 (Windows NT 6.1; Win64; x64) AppleWebKit/537.36 (KHTML, like Gecko) Chrome/67.0.3590.6 Safari/537.36"
165.231.182.10 - - [04/Jan/2025:02:50:32 -0500] "POST /register/ HTTP/1.0" 200 0 "https://misswavenigeria.com/register/" "Mozilla/5.0 (Windows NT 10.0; Win64; x64) AppleWebKit/537.36 (KHTML, like Gecko) Chrome/103.0.0.0 Safari/537.36 OpenWave/97.4.2043.44"
165.231.182.10 - - [04/Jan/2025:02:53:02 -0500] "GET /register/ HTTP/1.0" 200 75922 "https://misswavenigeria.com/" "Mozilla/5.0 (Windows NT 10.0; Win64; x64) AppleWebKit/537.36 (KHTML, like Gecko) Chrome/103.0.0.0 Safari/537.36 OpenWave/97.4.2043.44"
165.231.182.10 - - [04/Jan/2025:02:54:27 -0500] "GET / HTTP/1.0" 200 109055 "https://misswavenigeria.com/" "Mozilla/5.0 (Windows NT 6.3) AppleWebKit/537.36 (KHTML, like Gecko) Chrome/103.0.0.0 Safari/537.36"
165.231.182.10 - - [04/Jan/2025:02:54:29 -0500] "GET /register/ HTTP/1.0" 200 75922 "https://misswavenigeria.com/register/" "Mozilla/5.0 (Windows NT 6.3) AppleWebKit/537.36 (KHTML, like Gecko) Chrome/103.0.0.0 Safari/537.36"
66.29.132.124 - - [04/Jan/2025:02:54:32 -0500] "POST /wp-cron.php?doing_wp_cron=1735977272.1904499530792236328125 HTTP/1.1" 200 0 "-" "WordPress/6.7.1; https://misswavenigeria.com"
66.29.132.124 - - [04/Jan/2025:02:54:33 -0500] "POST /wp-admin/admin-ajax.php?action=async_litespeed&nonce=NYROs3iFZNgTOUi67mrqvXr5NQQwEA5B&litespeed_type=imgoptm HTTP/1.1" 200 21 "-" "WordPress/6.7.1; https://misswavenigeria.com"
165.231.182.10 - - [04/Jan/2025:02:54:31 -0500] "POST /register/ HTTP/1.0" 200 0 "https://misswavenigeria.com/register/" "Mozilla/5.0 (Windows NT 6.3) AppleWebKit/537.36 (KHTML, like Gecko) Chrome/103.0.0.0 Safari/537.36"
165.231.182.10 - - [04/Jan/2025:02:57:02 -0500] "GET /register/ HTTP/1.0" 200 75922 "https://misswavenigeria.com/" "Mozilla/5.0 (Windows NT 6.3) AppleWebKit/537.36 (KHTML, like Gecko) Chrome/103.0.0.0 Safari/537.36"
165.231.182.10 - - [04/Jan/2025:02:58:36 -0500] "GET / HTTP/1.0" 200 109055 "https://misswavenigeria.com/" "Mozilla/5.0 (Windows NT 6.1; WOW64) AppleWebKit/537.36 (KHTML, like Gecko) Chrome/103.0.0.0 Safari/537.36"
165.231.182.10 - - [04/Jan/2025:02:58:38 -0500] "GET /register/ HTTP/1.0" 200 75922 "https://misswavenigeria.com/register/" "Mozilla/5.0 (Windows NT 6.1; WOW64) AppleWebKit/537.36 (KHTML, like Gecko) Chrome/103.0.0.0 Safari/537.36"
47.76.99.127 - - [04/Jan/2025:02:58:40 -0500] "HEAD /contact-us HTTP/1.1" 301 0 "-" "Mozilla/5.0 (Windows NT 6.1; Win64; x64) AppleWebKit/537.36 (KHTML, like Gecko) Chrome/76.0.2231.146 Safari/537.36"
47.76.99.127 - - [04/Jan/2025:02:58:40 -0500] "HEAD /contact-us/ HTTP/1.1" 200 0 "-" "Mozilla/5.0 (Windows NT 6.1; Win64; x64) AppleWebKit/537.36 (KHTML, like Gecko) Chrome/76.0.2231.146 Safari/537.36"
47.76.99.127 - - [04/Jan/2025:02:58:40 -0500] "GET /contact-us HTTP/1.1" 301 0 "-" "Mozilla/5.0 (Windows NT 6.1; Win64; x64) AppleWebKit/537.36 (KHTML, like Gecko) Chrome/76.0.2231.146 Safari/537.36"
47.76.99.127 - - [04/Jan/2025:02:58:40 -0500] "GET /contact-us/ HTTP/1.1" 200 20623 "-" "Mozilla/5.0 (Windows NT 6.1; Win64; x64) AppleWebKit/537.36 (KHTML, like Gecko) Chrome/76.0.2231.146 Safari/537.36"
66.29.132.124 - - [04/Jan/2025:02:58:40 -0500] "POST /wp-cron.php?doing_wp_cron=1735977520.9050559997558593750000 HTTP/1.1" 200 0 "-" "WordPress/6.7.1; https://misswavenigeria.com"
66.29.132.124 - - [04/Jan/2025:02:58:41 -0500] "POST /wp-admin/admin-ajax.php?action=async_litespeed&nonce=qamhUpcds9MAz2gf1cS7ighTNHkkIBzS&litespeed_type=imgoptm HTTP/1.1" 200 21 "-" "WordPress/6.7.1; https://misswavenigeria.com"
47.76.99.127 - - [04/Jan/2025:02:59:41 -0500] "HEAD /contact-us HTTP/1.1" 301 0 "-" "Mozilla/5.0 (Windows NT 6.0; Win64; x64) AppleWebKit/537.36 (KHTML, like Gecko) Chrome/64.0.2381.195 Safari/537.36"
47.76.99.127 - - [04/Jan/2025:02:59:41 -0500] "HEAD /contact-us/ HTTP/1.1" 200 0 "-" "Mozilla/5.0 (Windows NT 6.0; Win64; x64) AppleWebKit/537.36 (KHTML, like Gecko) Chrome/64.0.2381.195 Safari/537.36"
47.76.99.127 - - [04/Jan/2025:02:59:41 -0500] "GET /contact-us HTTP/1.1" 301 0 "-" "Mozilla/5.0 (Windows NT 6.0; Win64; x64) AppleWebKit/537.36 (KHTML, like Gecko) Chrome/64.0.2381.195 Safari/537.36"
47.76.99.127 - - [04/Jan/2025:02:59:41 -0500] "GET /contact-us/ HTTP/1.1" 200 20623 "-" "Mozilla/5.0 (Windows NT 6.0; Win64; x64) AppleWebKit/537.36 (KHTML, like Gecko) Chrome/64.0.2381.195 Safari/537.36"
165.231.182.10 - - [04/Jan/2025:02:58:40 -0500] "POST /register/ HTTP/1.0" 200 0 "https://misswavenigeria.com/register/" "Mozilla/5.0 (Windows NT 6.1; WOW64) AppleWebKit/537.36 (KHTML, like Gecko) Chrome/103.0.0.0 Safari/537.36"
165.231.182.10 - - [04/Jan/2025:03:01:11 -0500] "GET /register/ HTTP/1.0" 200 75922 "https://misswavenigeria.com/" "Mozilla/5.0 (Windows NT 6.1; WOW64) AppleWebKit/537.36 (KHTML, like Gecko) Chrome/103.0.0.0 Safari/537.36"
47.76.99.127 - - [04/Jan/2025:03:01:43 -0500] "HEAD /contact-us HTTP/1.1" 301 0 "-" "Mozilla/5.0 (Windows NT 10.0; Win64; x64) AppleWebKit/537.36 (KHTML, like Gecko) Chrome/60.0.3108.109 Safari/537.36"
47.76.99.127 - - [04/Jan/2025:03:01:43 -0500] "HEAD /contact-us/ HTTP/1.1" 200 0 "-" "Mozilla/5.0 (Windows NT 10.0; Win64; x64) AppleWebKit/537.36 (KHTML, like Gecko) Chrome/60.0.3108.109 Safari/537.36"
47.76.99.127 - - [04/Jan/2025:03:01:43 -0500] "GET /contact-us HTTP/1.1" 301 0 "-" "Mozilla/5.0 (Windows NT 10.0; Win64; x64) AppleWebKit/537.36 (KHTML, like Gecko) Chrome/60.0.3108.109 Safari/537.36"
47.76.99.127 - - [04/Jan/2025:03:01:44 -0500] "GET /contact-us/ HTTP/1.1" 200 20623 "-" "Mozilla/5.0 (Windows NT 10.0; Win64; x64) AppleWebKit/537.36 (KHTML, like Gecko) Chrome/60.0.3108.109 Safari/537.36"
165.231.182.10 - - [04/Jan/2025:03:02:47 -0500] "GET / HTTP/1.0" 200 109055 "https://misswavenigeria.com/" "Mozilla/5.0 (Windows NT 6.3; Win64; x64) AppleWebKit/537.36 (KHTML, like Gecko) Chrome/103.0.5060.53 Safari/537.36"
165.231.182.10 - - [04/Jan/2025:03:02:49 -0500] "GET /register/ HTTP/1.0" 200 75922 "https://misswavenigeria.com/register/" "Mozilla/5.0 (Windows NT 6.3; Win64; x64) AppleWebKit/537.36 (KHTML, like Gecko) Chrome/103.0.5060.53 Safari/537.36"
66.29.132.124 - - [04/Jan/2025:03:02:52 -0500] "POST /wp-cron.php?doing_wp_cron=1735977771.9926419258117675781250 HTTP/1.1" 200 0 "-" "WordPress/6.7.1; https://misswavenigeria.com"
66.29.132.124 - - [04/Jan/2025:03:02:53 -0500] "POST /wp-admin/admin-ajax.php?action=async_litespeed&nonce=krRtVmIJjN06dkeMvdgRxuJncMBRbqS5&litespeed_type=imgoptm HTTP/1.1" 200 0 "-" "WordPress/6.7.1; https://misswavenigeria.com"
47.76.99.127 - - [04/Jan/2025:03:03:37 -0500] "HEAD /contact-us HTTP/1.1" 301 0 "-" "Mozilla/5.0 (Windows NT 6.2; Win64; x64) AppleWebKit/537.36 (KHTML, like Gecko) Chrome/71.0.3539.66 Safari/537.36"
47.76.99.127 - - [04/Jan/2025:03:03:37 -0500] "HEAD /contact-us/ HTTP/1.1" 200 0 "-" "Mozilla/5.0 (Windows NT 6.2; Win64; x64) AppleWebKit/537.36 (KHTML, like Gecko) Chrome/71.0.3539.66 Safari/537.36"
47.76.99.127 - - [04/Jan/2025:03:03:37 -0500] "GET /contact-us HTTP/1.1" 301 0 "-" "Mozilla/5.0 (Windows NT 6.2; Win64; x64) AppleWebKit/537.36 (KHTML, like Gecko) Chrome/71.0.3539.66 Safari/537.36"
47.76.99.127 - - [04/Jan/2025:03:03:38 -0500] "GET /contact-us/ HTTP/1.1" 200 20623 "-" "Mozilla/5.0 (Windows NT 6.2; Win64; x64) AppleWebKit/537.36 (KHTML, like Gecko) Chrome/71.0.3539.66 Safari/537.36"
165.231.182.10 - - [04/Jan/2025:03:02:51 -0500] "POST /register/ HTTP/1.0" 200 0 "https://misswavenigeria.com/register/" "Mozilla/5.0 (Windows NT 6.3; Win64; x64) AppleWebKit/537.36 (KHTML, like Gecko) Chrome/103.0.5060.53 Safari/537.36"
165.231.182.10 - - [04/Jan/2025:03:05:22 -0500] "GET /register/ HTTP/1.0" 200 75922 "https://misswavenigeria.com/" "Mozilla/5.0 (Windows NT 6.3; Win64; x64) AppleWebKit/537.36 (KHTML, like Gecko) Chrome/103.0.5060.53 Safari/537.36"
66.29.132.124 - - [04/Jan/2025:03:06:17 -0500] "POST /wp-cron.php?doing_wp_cron=1735977977.8442170619964599609375 HTTP/1.1" 200 0 "-" "WordPress/6.7.1; https://misswavenigeria.com"
104.168.133.238 - - [04/Jan/2025:03:06:17 -0500] "GET /contact/ HTTP/1.1" 200 17557 "-" "Mozilla/5.0 (Windows NT 10.0; Win64; x64) AppleWebKit/537.36 (KHTML, like Gecko) Chrome/114.0.0.0 Safari/537.36 Vivaldi/5.3.2679.68"
66.29.132.124 - - [04/Jan/2025:03:06:18 -0500] "POST /wp-admin/admin-ajax.php?action=async_litespeed&nonce=uXFEx1otdG4VPjm507kXtygGrSgNGAxN&litespeed_type=imgoptm HTTP/1.1" 200 21 "-" "WordPress/6.7.1; https://misswavenigeria.com"
104.168.133.238 - - [04/Jan/2025:03:06:19 -0500] "GET /wp-content/plugins/contact-form-7/includes/js/index.js?ver=6.0.2 HTTP/1.1" 200 4008 "https://misswavenigeria.com/contact/" "Mozilla/5.0 (Windows NT 10.0; Win64; x64) AppleWebKit/537.36 (KHTML, like Gecko) Chrome/114.0.0.0 Safari/537.36 Vivaldi/5.3.2679.68"
104.168.133.238 - - [04/Jan/2025:03:06:19 -0500] "POST /wp-json/contact-form-7/v1/contact-forms/249/feedback HTTP/1.1" 200 220 "https://misswavenigeria.com/contact/" "Mozilla/5.0 (Windows NT 10.0; Win64; x64) AppleWebKit/537.36 (KHTML, like Gecko) Chrome/114.0.0.0 Safari/537.36 Vivaldi/5.3.2679.68"
165.231.182.10 - - [04/Jan/2025:03:06:46 -0500] "GET / HTTP/1.0" 200 109055 "https://misswavenigeria.com/" "Mozilla/5.0 (Windows NT 10.0; Win64; x64) AppleWebKit/537.36 (KHTML, like Gecko) Chrome/103.0.5060.66 Safari/537.36"
165.231.182.10 - - [04/Jan/2025:03:06:48 -0500] "GET /register/ HTTP/1.0" 200 75922 "https://misswavenigeria.com/register/" "Mozilla/5.0 (Windows NT 10.0; Win64; x64) AppleWebKit/537.36 (KHTML, like Gecko) Chrome/103.0.5060.66 Safari/537.36"
66.29.132.124 - - [04/Jan/2025:03:06:50 -0500] "POST /wp-cron.php?doing_wp_cron=1735978010.7843849658966064453125 HTTP/1.1" 200 0 "-" "WordPress/6.7.1; https://misswavenigeria.com"
66.29.132.124 - - [04/Jan/2025:03:06:51 -0500] "POST /wp-admin/admin-ajax.php?action=async_litespeed&nonce=hdBrFHbXEHPbA3Wuw4RYmRpIJ0ua3EsD&litespeed_type=imgoptm HTTP/1.1" 200 21 "-" "WordPress/6.7.1; https://misswavenigeria.com"
165.231.182.10 - - [04/Jan/2025:03:06:50 -0500] "POST /register/ HTTP/1.0" 200 76048 "https://misswavenigeria.com/register/" "Mozilla/5.0 (Windows NT 10.0; Win64; x64) AppleWebKit/537.36 (KHTML, like Gecko) Chrome/103.0.5060.66 Safari/537.36"
66.29.132.124 - - [04/Jan/2025:03:09:12 -0500] "POST /wp-cron.php?doing_wp_cron=1735978152.3751959800720214843750 HTTP/1.1" 200 0 "-" "WordPress/6.7.1; https://misswavenigeria.com"
165.231.182.10 - - [04/Jan/2025:03:09:12 -0500] "GET /register/ HTTP/1.0" 200 75922 "https://misswavenigeria.com/" "Mozilla/5.0 (Windows NT 10.0; Win64; x64) AppleWebKit/537.36 (KHTML, like Gecko) Chrome/103.0.5060.66 Safari/537.36"
66.29.132.124 - - [04/Jan/2025:03:09:12 -0500] "POST /wp-admin/admin-ajax.php?action=async_litespeed&nonce=pkuZLN4NWIUaM3TAta6VxewfOn2LlYXg&litespeed_type=imgoptm HTTP/1.1" 200 21 "-" "WordPress/6.7.1; https://misswavenigeria.com"
66.29.132.124 - - [04/Jan/2025:03:09:30 -0500] "POST /wp-cron.php?doing_wp_cron=1735978170.8852291107177734375000 HTTP/1.1" 200 0 "-" "WordPress/6.7.1; https://misswavenigeria.com"
47.76.209.138 - - [04/Jan/2025:03:09:30 -0500] "HEAD /contact-us HTTP/1.1" 301 0 "-" "Mozilla/5.0 (Windows NT 6.1; Win64; x64) AppleWebKit/537.36 (KHTML, like Gecko) Chrome/63.0.2098.194 Safari/537.36"
47.76.209.138 - - [04/Jan/2025:03:09:31 -0500] "HEAD /contact-us/ HTTP/1.1" 200 0 "-" "Mozilla/5.0 (Windows NT 6.1; Win64; x64) AppleWebKit/537.36 (KHTML, like Gecko) Chrome/63.0.2098.194 Safari/537.36"
66.29.132.124 - - [04/Jan/2025:03:09:31 -0500] "POST /wp-admin/admin-ajax.php?action=async_litespeed&nonce=SR30qlCuemiKAZFVqFn7bACPN8mMobZg&litespeed_type=imgoptm HTTP/1.1" 200 21 "-" "WordPress/6.7.1; https://misswavenigeria.com"
47.76.209.138 - - [04/Jan/2025:03:09:31 -0500] "GET /contact-us HTTP/1.1" 301 0 "-" "Mozilla/5.0 (Windows NT 6.1; Win64; x64) AppleWebKit/537.36 (KHTML, like Gecko) Chrome/63.0.2098.194 Safari/537.36"
47.76.209.138 - - [04/Jan/2025:03:09:32 -0500] "GET /contact-us/ HTTP/1.1" 200 20617 "-" "Mozilla/5.0 (Windows NT 6.1; Win64; x64) AppleWebKit/537.36 (KHTML, like Gecko) Chrome/63.0.2098.194 Safari/537.36"
66.29.132.124 - - [04/Jan/2025:03:10:48 -0500] "POST /wp-cron.php?doing_wp_cron=1735978248.6127629280090332031250 HTTP/1.1" 200 0 "-" "WordPress/6.7.1; https://misswavenigeria.com"
165.231.182.10 - - [04/Jan/2025:03:10:48 -0500] "GET / HTTP/1.0" 200 109053 "https://misswavenigeria.com/" "Mozilla/5.0 (Windows NT 10.0; Win64; x64) AppleWebKit/537.36 (KHTML, like Gecko) Chrome/103.0.5042.0 Safari/537.36"
66.29.132.124 - - [04/Jan/2025:03:10:48 -0500] "POST /wp-admin/admin-ajax.php?action=async_litespeed&nonce=f1VXS65K5iYrZxA0jTUHOuTGQ6GOUma3&litespeed_type=imgoptm HTTP/1.1" 200 21 "-" "WordPress/6.7.1; https://misswavenigeria.com"
165.231.182.10 - - [04/Jan/2025:03:10:51 -0500] "GET /register/ HTTP/1.0" 200 75922 "https://misswavenigeria.com/register/" "Mozilla/5.0 (Windows NT 10.0; Win64; x64) AppleWebKit/537.36 (KHTML, like Gecko) Chrome/103.0.5042.0 Safari/537.36"
165.231.182.10 - - [04/Jan/2025:03:10:52 -0500] "POST /register/ HTTP/1.0" 200 0 "https://misswavenigeria.com/register/" "Mozilla/5.0 (Windows NT 10.0; Win64; x64) AppleWebKit/537.36 (KHTML, like Gecko) Chrome/103.0.5042.0 Safari/537.36"
