66.249.79.2 - - [03/Jan/2025:14:08:55 -0500] "GET /goods/V90527?k=product HTTP/1.1" 301 0 "-" "Mozilla/5.0 (Linux; Android 6.0.1; Nexus 5X Build/MMB29P) AppleWebKit/537.36 (KHTML, like Gecko) Chrome/131.0.6778.139 Mobile Safari/537.36 (compatible; Googlebot/2.1; +http://www.google.com/bot.html)"
66.249.68.66 - - [03/Jan/2025:14:08:55 -0500] "GET /goods/V90527?k=product HTTP/1.1" 404 15610 "-" "Mozilla/5.0 (Linux; Android 6.0.1; Nexus 5X Build/MMB29P) AppleWebKit/537.36 (KHTML, like Gecko) Chrome/131.0.6778.139 Mobile Safari/537.36 (compatible; Googlebot/2.1; +http://www.google.com/bot.html)"
66.249.68.66 - - [03/Jan/2025:14:09:02 -0500] "GET /goods/186092.html HTTP/1.1" 404 15610 "-" "Mozilla/5.0 (Linux; Android 6.0.1; Nexus 5X Build/MMB29P) AppleWebKit/537.36 (KHTML, like Gecko) Chrome/131.0.6778.139 Mobile Safari/537.36 (compatible; Googlebot/2.1; +http://www.google.com/bot.html)"
66.249.79.2 - - [03/Jan/2025:14:09:03 -0500] "GET /goods/V716269?k=product HTTP/1.1" 301 0 "-" "Mozilla/5.0 (Linux; Android 6.0.1; Nexus 5X Build/MMB29P) AppleWebKit/537.36 (KHTML, like Gecko) Chrome/131.0.6778.139 Mobile Safari/537.36 (compatible; Googlebot/2.1; +http://www.google.com/bot.html)"
66.249.68.66 - - [03/Jan/2025:14:09:04 -0500] "GET /goods/V716269?k=product HTTP/1.1" 404 15610 "-" "Mozilla/5.0 (Linux; Android 6.0.1; Nexus 5X Build/MMB29P) AppleWebKit/537.36 (KHTML, like Gecko) Chrome/131.0.6778.139 Mobile Safari/537.36 (compatible; Googlebot/2.1; +http://www.google.com/bot.html)"
66.249.68.66 - - [03/Jan/2025:14:09:09 -0500] "GET /guide/%EF%BF%A5167200 HTTP/1.1" 404 15610 "-" "Mozilla/5.0 (Linux; Android 6.0.1; Nexus 5X Build/MMB29P) AppleWebKit/537.36 (KHTML, like Gecko) Chrome/131.0.6778.139 Mobile Safari/537.36 (compatible; Googlebot/2.1; +http://www.google.com/bot.html)"
66.249.79.2 - - [03/Jan/2025:14:09:10 -0500] "GET /goods/N455221?k=product HTTP/1.1" 301 0 "-" "Mozilla/5.0 (Linux; Android 6.0.1; Nexus 5X Build/MMB29P) AppleWebKit/537.36 (KHTML, like Gecko) Chrome/131.0.6778.139 Mobile Safari/537.36 (compatible; Googlebot/2.1; +http://www.google.com/bot.html)"
66.249.68.66 - - [03/Jan/2025:14:09:10 -0500] "GET /goods/N455221?k=product HTTP/1.1" 404 15610 "-" "Mozilla/5.0 (Linux; Android 6.0.1; Nexus 5X Build/MMB29P) AppleWebKit/537.36 (KHTML, like Gecko) Chrome/131.0.6778.139 Mobile Safari/537.36 (compatible; Googlebot/2.1; +http://www.google.com/bot.html)"
66.249.68.66 - - [03/Jan/2025:14:09:12 -0500] "GET /goods/777062.html HTTP/1.1" 404 15610 "-" "Mozilla/5.0 (Linux; Android 6.0.1; Nexus 5X Build/MMB29P) AppleWebKit/537.36 (KHTML, like Gecko) Chrome/131.0.6778.139 Mobile Safari/537.36 (compatible; Googlebot/2.1; +http://www.google.com/bot.html)"
66.249.79.2 - - [03/Jan/2025:14:09:14 -0500] "GET /goods/P408423?k=product HTTP/1.1" 301 0 "-" "Mozilla/5.0 (Linux; Android 6.0.1; Nexus 5X Build/MMB29P) AppleWebKit/537.36 (KHTML, like Gecko) Chrome/131.0.6778.139 Mobile Safari/537.36 (compatible; Googlebot/2.1; +http://www.google.com/bot.html)"
66.249.79.2 - - [03/Jan/2025:14:09:15 -0500] "GET /goods/F959327?k=product HTTP/1.1" 301 0 "-" "Mozilla/5.0 (Linux; Android 6.0.1; Nexus 5X Build/MMB29P) AppleWebKit/537.36 (KHTML, like Gecko) Chrome/131.0.6778.139 Mobile Safari/537.36 (compatible; Googlebot/2.1; +http://www.google.com/bot.html)"
66.249.68.66 - - [03/Jan/2025:14:09:15 -0500] "GET /goods/P408423?k=product HTTP/1.1" 404 15610 "-" "Mozilla/5.0 (Linux; Android 6.0.1; Nexus 5X Build/MMB29P) AppleWebKit/537.36 (KHTML, like Gecko) Chrome/131.0.6778.139 Mobile Safari/537.36 (compatible; Googlebot/2.1; +http://www.google.com/bot.html)"
66.249.68.66 - - [03/Jan/2025:14:09:16 -0500] "GET /goods/F959327?k=product HTTP/1.1" 404 15610 "-" "Mozilla/5.0 (Linux; Android 6.0.1; Nexus 5X Build/MMB29P) AppleWebKit/537.36 (KHTML, like Gecko) Chrome/131.0.6778.139 Mobile Safari/537.36 (compatible; Googlebot/2.1; +http://www.google.com/bot.html)"
66.249.79.2 - - [03/Jan/2025:14:09:18 -0500] "GET /goods/A46696?k=product HTTP/1.1" 301 0 "-" "Mozilla/5.0 (Linux; Android 6.0.1; Nexus 5X Build/MMB29P) AppleWebKit/537.36 (KHTML, like Gecko) Chrome/131.0.6778.139 Mobile Safari/537.36 (compatible; Googlebot/2.1; +http://www.google.com/bot.html)"
66.249.68.66 - - [03/Jan/2025:14:09:18 -0500] "GET /goods/A46696?k=product HTTP/1.1" 404 15610 "-" "Mozilla/5.0 (Linux; Android 6.0.1; Nexus 5X Build/MMB29P) AppleWebKit/537.36 (KHTML, like Gecko) Chrome/131.0.6778.139 Mobile Safari/537.36 (compatible; Googlebot/2.1; +http://www.google.com/bot.html)"
66.249.79.2 - - [03/Jan/2025:14:09:19 -0500] "GET /goods/C821342?k=product HTTP/1.1" 301 0 "-" "Mozilla/5.0 (Linux; Android 6.0.1; Nexus 5X Build/MMB29P) AppleWebKit/537.36 (KHTML, like Gecko) Chrome/131.0.6778.139 Mobile Safari/537.36 (compatible; Googlebot/2.1; +http://www.google.com/bot.html)"
66.249.68.66 - - [03/Jan/2025:14:09:19 -0500] "GET /goods/C821342?k=product HTTP/1.1" 404 15610 "-" "Mozilla/5.0 (Linux; Android 6.0.1; Nexus 5X Build/MMB29P) AppleWebKit/537.36 (KHTML, like Gecko) Chrome/131.0.6778.139 Mobile Safari/537.36 (compatible; Googlebot/2.1; +http://www.google.com/bot.html)"
66.29.132.124 - - [03/Jan/2025:14:09:23 -0500] "POST /wp-cron.php?doing_wp_cron=1735931363.3434491157531738281250 HTTP/1.1" 200 0 "-" "WordPress/6.7.1; https://misswavenigeria.com"
66.249.79.2 - - [03/Jan/2025:14:09:23 -0500] "GET /goods/K277404?k=product HTTP/1.1" 301 0 "-" "Mozilla/5.0 (Linux; Android 6.0.1; Nexus 5X Build/MMB29P) AppleWebKit/537.36 (KHTML, like Gecko) Chrome/131.0.6778.139 Mobile Safari/537.36 (compatible; Googlebot/2.1; +http://www.google.com/bot.html)"
66.249.68.66 - - [03/Jan/2025:14:09:23 -0500] "GET /goods/K277404?k=product HTTP/1.1" 404 15610 "-" "Mozilla/5.0 (Linux; Android 6.0.1; Nexus 5X Build/MMB29P) AppleWebKit/537.36 (KHTML, like Gecko) Chrome/131.0.6778.139 Mobile Safari/537.36 (compatible; Googlebot/2.1; +http://www.google.com/bot.html)"
66.29.132.124 - - [03/Jan/2025:14:09:23 -0500] "POST /wp-admin/admin-ajax.php?action=async_litespeed&nonce=ncBTuIU7F37l3QDf39mXtl2K8YNkGYHq&litespeed_type=imgoptm HTTP/1.1" 200 21 "-" "WordPress/6.7.1; https://misswavenigeria.com"
66.29.132.124 - - [03/Jan/2025:14:09:25 -0500] "POST /wp-cron.php?doing_wp_cron=1735931365.4466099739074707031250 HTTP/1.1" 200 0 "-" "WordPress/6.7.1; https://misswavenigeria.com"
66.249.79.2 - - [03/Jan/2025:14:09:25 -0500] "GET /goods/W945564?k=product HTTP/1.1" 301 0 "-" "Mozilla/5.0 (Linux; Android 6.0.1; Nexus 5X Build/MMB29P) AppleWebKit/537.36 (KHTML, like Gecko) Chrome/131.0.6778.139 Mobile Safari/537.36 (compatible; Googlebot/2.1; +http://www.google.com/bot.html)"
66.249.68.66 - - [03/Jan/2025:14:09:25 -0500] "GET /goods/W945564?k=product HTTP/1.1" 404 15610 "-" "Mozilla/5.0 (Linux; Android 6.0.1; Nexus 5X Build/MMB29P) AppleWebKit/537.36 (KHTML, like Gecko) Chrome/131.0.6778.139 Mobile Safari/537.36 (compatible; Googlebot/2.1; +http://www.google.com/bot.html)"
165.231.182.10 - - [03/Jan/2025:14:10:07 -0500] "GET / HTTP/1.0" 200 109055 "https://misswavenigeria.com/" "Mozilla/5.0 (Windows NT 6.1) AppleWebKit/537.36 (KHTML, like Gecko) Chrome/103.0.5060.114 Safari/537.36"
165.231.182.10 - - [03/Jan/2025:14:10:11 -0500] "GET /register/ HTTP/1.0" 200 75922 "https://misswavenigeria.com/register/" "Mozilla/5.0 (Windows NT 6.1) AppleWebKit/537.36 (KHTML, like Gecko) Chrome/103.0.5060.114 Safari/537.36"
165.231.182.10 - - [03/Jan/2025:14:10:13 -0500] "POST /register/ HTTP/1.0" 200 0 "https://misswavenigeria.com/register/" "Mozilla/5.0 (Windows NT 6.1) AppleWebKit/537.36 (KHTML, like Gecko) Chrome/103.0.5060.114 Safari/537.36"
165.231.182.10 - - [03/Jan/2025:14:12:44 -0500] "GET /register/ HTTP/1.0" 200 75922 "https://misswavenigeria.com/" "Mozilla/5.0 (Windows NT 6.1) AppleWebKit/537.36 (KHTML, like Gecko) Chrome/103.0.5060.114 Safari/537.36"
165.231.182.10 - - [03/Jan/2025:14:14:06 -0500] "GET / HTTP/1.0" 200 109055 "https://misswavenigeria.com/" "Mozilla/5.0 (Windows NT 6.3; Win64; x64) AppleWebKit/537.36 (KHTML, like Gecko) Chrome/103.0.5060.66 Safari/537.36"
165.231.182.10 - - [03/Jan/2025:14:14:08 -0500] "GET /register/ HTTP/1.0" 200 75922 "https://misswavenigeria.com/register/" "Mozilla/5.0 (Windows NT 6.3; Win64; x64) AppleWebKit/537.36 (KHTML, like Gecko) Chrome/103.0.5060.66 Safari/537.36"
66.29.132.124 - - [03/Jan/2025:14:14:11 -0500] "POST /wp-cron.php?doing_wp_cron=1735931651.7386569976806640625000 HTTP/1.1" 200 0 "-" "WordPress/6.7.1; https://misswavenigeria.com"
66.29.132.124 - - [03/Jan/2025:14:14:12 -0500] "POST /wp-admin/admin-ajax.php?action=async_litespeed&nonce=UIo7Bj0HRo3gsq8mr281jMXcFR4N4ezn&litespeed_type=imgoptm HTTP/1.1" 200 21 "-" "WordPress/6.7.1; https://misswavenigeria.com"
66.249.79.4 - - [03/Jan/2025:14:14:53 -0500] "GET /goods/R777339?k=product HTTP/1.1" 301 0 "-" "Mozilla/5.0 (Linux; Android 6.0.1; Nexus 5X Build/MMB29P) AppleWebKit/537.36 (KHTML, like Gecko) Chrome/131.0.6778.139 Mobile Safari/537.36 (compatible; Googlebot/2.1; +http://www.google.com/bot.html)"
66.29.132.124 - - [03/Jan/2025:14:14:53 -0500] "POST /wp-cron.php?doing_wp_cron=1735931692.8278470039367675781250 HTTP/1.1" 200 0 "-" "WordPress/6.7.1; https://misswavenigeria.com"
66.249.79.3 - - [03/Jan/2025:14:14:52 -0500] "GET /goods/M740102?k=product HTTP/1.1" 301 0 "-" "Mozilla/5.0 (Linux; Android 6.0.1; Nexus 5X Build/MMB29P) AppleWebKit/537.36 (KHTML, like Gecko) Chrome/131.0.6778.139 Mobile Safari/537.36 (compatible; Googlebot/2.1; +http://www.google.com/bot.html)"
66.29.132.124 - - [03/Jan/2025:14:14:55 -0500] "POST /wp-admin/admin-ajax.php?action=async_litespeed&nonce=46qG1tTgb1qw6nzNErrhSLBpN0NOeIdk&litespeed_type=imgoptm HTTP/1.1" 200 0 "-" "WordPress/6.7.1; https://misswavenigeria.com"
66.249.79.4 - - [03/Jan/2025:14:14:54 -0500] "GET /goods/Y392052?k=product HTTP/1.1" 301 0 "-" "Mozilla/5.0 (Linux; Android 6.0.1; Nexus 5X Build/MMB29P) AppleWebKit/537.36 (KHTML, like Gecko) Chrome/131.0.6778.139 Mobile Safari/537.36 (compatible; Googlebot/2.1; +http://www.google.com/bot.html)"
66.249.79.3 - - [03/Jan/2025:14:14:54 -0500] "GET /goods/H520605?k=product HTTP/1.1" 301 0 "-" "Mozilla/5.0 (Linux; Android 6.0.1; Nexus 5X Build/MMB29P) AppleWebKit/537.36 (KHTML, like Gecko) Chrome/131.0.6778.139 Mobile Safari/537.36 (compatible; Googlebot/2.1; +http://www.google.com/bot.html)"
66.249.68.68 - - [03/Jan/2025:14:14:58 -0500] "GET /goods/M740102?k=product HTTP/1.1" 404 15610 "-" "Mozilla/5.0 (Linux; Android 6.0.1; Nexus 5X Build/MMB29P) AppleWebKit/537.36 (KHTML, like Gecko) Chrome/131.0.6778.139 Mobile Safari/537.36 (compatible; Googlebot/2.1; +http://www.google.com/bot.html)"
66.249.64.45 - - [03/Jan/2025:14:14:58 -0500] "GET /goods/R777339?k=product HTTP/1.1" 404 15610 "-" "Mozilla/5.0 (Linux; Android 6.0.1; Nexus 5X Build/MMB29P) AppleWebKit/537.36 (KHTML, like Gecko) Chrome/131.0.6778.139 Mobile Safari/537.36 (compatible; Googlebot/2.1; +http://www.google.com/bot.html)"
66.249.68.68 - - [03/Jan/2025:14:15:00 -0500] "GET /goods/H520605?k=product HTTP/1.1" 404 15610 "-" "Mozilla/5.0 (Linux; Android 6.0.1; Nexus 5X Build/MMB29P) AppleWebKit/537.36 (KHTML, like Gecko) Chrome/131.0.6778.139 Mobile Safari/537.36 (compatible; Googlebot/2.1; +http://www.google.com/bot.html)"
66.249.68.68 - - [03/Jan/2025:14:15:00 -0500] "GET /goods/Y392052?k=product HTTP/1.1" 404 15610 "-" "Mozilla/5.0 (Linux; Android 6.0.1; Nexus 5X Build/MMB29P) AppleWebKit/537.36 (KHTML, like Gecko) Chrome/131.0.6778.139 Mobile Safari/537.36 (compatible; Googlebot/2.1; +http://www.google.com/bot.html)"
165.231.182.10 - - [03/Jan/2025:14:14:10 -0500] "POST /register/ HTTP/1.0" 200 0 "https://misswavenigeria.com/register/" "Mozilla/5.0 (Windows NT 6.3; Win64; x64) AppleWebKit/537.36 (KHTML, like Gecko) Chrome/103.0.5060.66 Safari/537.36"
165.231.182.10 - - [03/Jan/2025:14:16:41 -0500] "GET /register/ HTTP/1.0" 200 75922 "https://misswavenigeria.com/" "Mozilla/5.0 (Windows NT 6.3; Win64; x64) AppleWebKit/537.36 (KHTML, like Gecko) Chrome/103.0.5060.66 Safari/537.36"
165.231.182.10 - - [03/Jan/2025:14:18:09 -0500] "GET / HTTP/1.0" 200 109055 "https://misswavenigeria.com/" "Mozilla/5.0 (Windows NT 10.0; Win64; x64) AppleWebKit/537.36 (KHTML, like Gecko) Chrome/103.0.0.0 Safari/537.36 OpenWave/97.4.2043.44"
165.231.182.10 - - [03/Jan/2025:14:18:12 -0500] "GET /register/ HTTP/1.0" 200 75922 "https://misswavenigeria.com/register/" "Mozilla/5.0 (Windows NT 10.0; Win64; x64) AppleWebKit/537.36 (KHTML, like Gecko) Chrome/103.0.0.0 Safari/537.36 OpenWave/97.4.2043.44"
66.29.132.124 - - [03/Jan/2025:14:18:14 -0500] "POST /wp-cron.php?doing_wp_cron=1735931894.5831871032714843750000 HTTP/1.1" 200 0 "-" "WordPress/6.7.1; https://misswavenigeria.com"
66.29.132.124 - - [03/Jan/2025:14:18:15 -0500] "POST /wp-admin/admin-ajax.php?action=async_litespeed&nonce=RuRF7qVv4RYXMZkKtiCejbGjR9zv7I3N&litespeed_type=imgoptm HTTP/1.1" 200 21 "-" "WordPress/6.7.1; https://misswavenigeria.com"
165.231.182.10 - - [03/Jan/2025:14:18:14 -0500] "POST /register/ HTTP/1.0" 200 0 "https://misswavenigeria.com/register/" "Mozilla/5.0 (Windows NT 10.0; Win64; x64) AppleWebKit/537.36 (KHTML, like Gecko) Chrome/103.0.0.0 Safari/537.36 OpenWave/97.4.2043.44"
165.231.182.10 - - [03/Jan/2025:14:20:47 -0500] "GET /register/ HTTP/1.0" 200 75922 "https://misswavenigeria.com/" "Mozilla/5.0 (Windows NT 10.0; Win64; x64) AppleWebKit/537.36 (KHTML, like Gecko) Chrome/103.0.0.0 Safari/537.36 OpenWave/97.4.2043.44"
165.231.182.10 - - [03/Jan/2025:14:22:03 -0500] "GET / HTTP/1.0" 200 109055 "https://misswavenigeria.com/" "Mozilla/5.0 (Windows NT 10.0; Win64; x64) AppleWebKit/537.36 (KHTML, like Gecko) Chrome/103.0.5060.53 Safari/537.36"
165.231.182.10 - - [03/Jan/2025:14:22:05 -0500] "GET /register/ HTTP/1.0" 200 75922 "https://misswavenigeria.com/register/" "Mozilla/5.0 (Windows NT 10.0; Win64; x64) AppleWebKit/537.36 (KHTML, like Gecko) Chrome/103.0.5060.53 Safari/537.36"
66.29.132.124 - - [03/Jan/2025:14:22:10 -0500] "POST /wp-cron.php?doing_wp_cron=1735932130.7547659873962402343750 HTTP/1.1" 200 0 "-" "WordPress/6.7.1; https://misswavenigeria.com"
66.29.132.124 - - [03/Jan/2025:14:22:11 -0500] "POST /wp-admin/admin-ajax.php?action=async_litespeed&nonce=w9jC4HA1y4i5UmTqbcyNHJvC8mdOJQW7&litespeed_type=imgoptm HTTP/1.1" 200 21 "-" "WordPress/6.7.1; https://misswavenigeria.com"
165.231.182.10 - - [03/Jan/2025:14:22:07 -0500] "POST /register/ HTTP/1.0" 200 0 "https://misswavenigeria.com/register/" "Mozilla/5.0 (Windows NT 10.0; Win64; x64) AppleWebKit/537.36 (KHTML, like Gecko) Chrome/103.0.5060.53 Safari/537.36"
165.231.182.10 - - [03/Jan/2025:14:24:43 -0500] "GET /register/ HTTP/1.0" 200 75922 "https://misswavenigeria.com/" "Mozilla/5.0 (Windows NT 10.0; Win64; x64) AppleWebKit/537.36 (KHTML, like Gecko) Chrome/103.0.5060.53 Safari/537.36"
165.231.182.10 - - [03/Jan/2025:14:26:10 -0500] "GET / HTTP/1.0" 200 109055 "https://misswavenigeria.com/" "Mozilla/5.0 (Windows NT 6.3; Win64; x64) AppleWebKit/537.36 (KHTML, like Gecko) Chrome/103.0.0.0 Safari/537.36"
165.231.182.10 - - [03/Jan/2025:14:26:17 -0500] "GET /register/ HTTP/1.0" 200 75922 "https://misswavenigeria.com/register/" "Mozilla/5.0 (Windows NT 6.3; Win64; x64) AppleWebKit/537.36 (KHTML, like Gecko) Chrome/103.0.0.0 Safari/537.36"
66.29.132.124 - - [03/Jan/2025:14:26:29 -0500] "POST /wp-cron.php?doing_wp_cron=1735932385.5213119983673095703125 HTTP/1.1" 200 0 "-" "WordPress/6.7.1; https://misswavenigeria.com"
66.249.68.66 - - [03/Jan/2025:14:27:09 -0500] "GET /goods/515912.html HTTP/1.1" 404 15610 "-" "Mozilla/5.0 (Linux; Android 6.0.1; Nexus 5X Build/MMB29P) AppleWebKit/537.36 (KHTML, like Gecko) Chrome/131.0.6778.139 Mobile Safari/537.36 (compatible; Googlebot/2.1; +http://www.google.com/bot.html)"
165.231.182.10 - - [03/Jan/2025:14:26:24 -0500] "POST /register/ HTTP/1.0" 200 0 "https://misswavenigeria.com/register/" "Mozilla/5.0 (Windows NT 6.3; Win64; x64) AppleWebKit/537.36 (KHTML, like Gecko) Chrome/103.0.0.0 Safari/537.36"
165.231.182.10 - - [03/Jan/2025:14:28:49 -0500] "GET /register/ HTTP/1.0" 200 75922 "https://misswavenigeria.com/" "Mozilla/5.0 (Windows NT 6.3; Win64; x64) AppleWebKit/537.36 (KHTML, like Gecko) Chrome/103.0.0.0 Safari/537.36"
165.231.182.10 - - [03/Jan/2025:14:30:11 -0500] "GET / HTTP/1.0" 200 109055 "https://misswavenigeria.com/" "Mozilla/5.0 (Windows NT 6.1; Win64; x64) AppleWebKit/537.36 (KHTML, like Gecko) Chrome/103.0.5060.66 Safari/537.36"
165.231.182.10 - - [03/Jan/2025:14:30:18 -0500] "GET /register/ HTTP/1.0" 200 75922 "https://misswavenigeria.com/register/" "Mozilla/5.0 (Windows NT 6.1; Win64; x64) AppleWebKit/537.36 (KHTML, like Gecko) Chrome/103.0.5060.66 Safari/537.36"
66.29.132.124 - - [03/Jan/2025:14:30:33 -0500] "POST /wp-cron.php?doing_wp_cron=1735932628.5214650630950927734375 HTTP/1.1" 200 0 "-" "WordPress/6.7.1; https://misswavenigeria.com"
66.29.132.124 - - [03/Jan/2025:14:32:20 -0500] "POST /wp-cron.php?doing_wp_cron=1735932740.3380520343780517578125 HTTP/1.1" 200 0 "-" "WordPress/6.7.1; https://misswavenigeria.com"
66.249.79.2 - - [03/Jan/2025:14:32:19 -0500] "GET /buy/3623206.shtm?product_id=796 HTTP/1.1" 301 0 "-" "Mozilla/5.0 (Linux; Android 6.0.1; Nexus 5X Build/MMB29P) AppleWebKit/537.36 (KHTML, like Gecko) Chrome/131.0.6778.139 Mobile Safari/537.36 (compatible; Googlebot/2.1; +http://www.google.com/bot.html)"
66.29.132.124 - - [03/Jan/2025:14:32:20 -0500] "POST /wp-admin/admin-ajax.php?action=async_litespeed&nonce=VvgNiJUQwYBdYFSSLXxp4DYG5WG0hzn6&litespeed_type=imgoptm HTTP/1.1" 200 0 "-" "WordPress/6.7.1; https://misswavenigeria.com"
66.29.132.124 - - [03/Jan/2025:14:32:36 -0500] "POST /wp-cron.php?doing_wp_cron=1735932756.4228420257568359375000 HTTP/1.1" 200 0 "-" "WordPress/6.7.1; https://misswavenigeria.com"
66.249.68.68 - - [03/Jan/2025:14:32:36 -0500] "GET /buy/3623206.shtm?product_id=796 HTTP/1.1" 404 15610 "-" "Mozilla/5.0 (Linux; Android 6.0.1; Nexus 5X Build/MMB29P) AppleWebKit/537.36 (KHTML, like Gecko) Chrome/131.0.6778.139 Mobile Safari/537.36 (compatible; Googlebot/2.1; +http://www.google.com/bot.html)"
66.29.132.124 - - [03/Jan/2025:14:32:36 -0500] "POST /wp-admin/admin-ajax.php?action=async_litespeed&nonce=hsMxe84frnY9chPHV3N8duUkP5bQmzqh&litespeed_type=imgoptm HTTP/1.1" 200 21 "-" "WordPress/6.7.1; https://misswavenigeria.com"
165.231.182.10 - - [03/Jan/2025:14:30:25 -0500] "POST /register/ HTTP/1.0" 200 0 "https://misswavenigeria.com/register/" "Mozilla/5.0 (Windows NT 6.1; Win64; x64) AppleWebKit/537.36 (KHTML, like Gecko) Chrome/103.0.5060.66 Safari/537.36"
165.231.182.10 - - [03/Jan/2025:14:32:50 -0500] "GET /register/ HTTP/1.0" 200 75922 "https://misswavenigeria.com/" "Mozilla/5.0 (Windows NT 6.1; Win64; x64) AppleWebKit/537.36 (KHTML, like Gecko) Chrome/103.0.5060.66 Safari/537.36"
165.231.182.10 - - [03/Jan/2025:14:34:00 -0500] "GET / HTTP/1.0" 200 109055 "https://misswavenigeria.com/" "Mozilla/5.0 (Windows NT 6.1; Win64; x64) AppleWebKit/537.36 (KHTML, like Gecko) Chrome/103.0.5060.66 Safari/537.36"
165.231.182.10 - - [03/Jan/2025:14:34:02 -0500] "GET /register/ HTTP/1.0" 200 75922 "https://misswavenigeria.com/register/" "Mozilla/5.0 (Windows NT 6.1; Win64; x64) AppleWebKit/537.36 (KHTML, like Gecko) Chrome/103.0.5060.66 Safari/537.36"
66.29.132.124 - - [03/Jan/2025:14:34:04 -0500] "POST /wp-cron.php?doing_wp_cron=1735932844.3087990283966064453125 HTTP/1.1" 200 0 "-" "WordPress/6.7.1; https://misswavenigeria.com"
66.29.132.124 - - [03/Jan/2025:14:34:04 -0500] "POST /wp-admin/admin-ajax.php?action=async_litespeed&nonce=ED8LgBVegH5wBE9CK0a1VSjAicz34VRO&litespeed_type=imgoptm HTTP/1.1" 200 21 "-" "WordPress/6.7.1; https://misswavenigeria.com"
165.231.182.10 - - [03/Jan/2025:14:34:03 -0500] "POST /register/ HTTP/1.0" 200 0 "https://misswavenigeria.com/register/" "Mozilla/5.0 (Windows NT 6.1; Win64; x64) AppleWebKit/537.36 (KHTML, like Gecko) Chrome/103.0.5060.66 Safari/537.36"
165.231.182.10 - - [03/Jan/2025:14:36:34 -0500] "GET /register/ HTTP/1.0" 200 75922 "https://misswavenigeria.com/" "Mozilla/5.0 (Windows NT 6.1; Win64; x64) AppleWebKit/537.36 (KHTML, like Gecko) Chrome/103.0.5060.66 Safari/537.36"
165.231.182.10 - - [03/Jan/2025:14:37:56 -0500] "GET / HTTP/1.0" 200 109055 "https://misswavenigeria.com/" "Mozilla/5.0 (Windows NT 6.1; Win64; x64) AppleWebKit/537.36 (KHTML, like Gecko) Chrome/103.0.0.0 Safari/537.36"
165.231.182.10 - - [03/Jan/2025:14:37:58 -0500] "GET /register/ HTTP/1.0" 200 75922 "https://misswavenigeria.com/register/" "Mozilla/5.0 (Windows NT 6.1; Win64; x64) AppleWebKit/537.36 (KHTML, like Gecko) Chrome/103.0.0.0 Safari/537.36"
66.29.132.124 - - [03/Jan/2025:14:38:00 -0500] "POST /wp-cron.php?doing_wp_cron=1735933080.1400260925292968750000 HTTP/1.1" 200 0 "-" "WordPress/6.7.1; https://misswavenigeria.com"
66.29.132.124 - - [03/Jan/2025:14:38:00 -0500] "POST /wp-admin/admin-ajax.php?action=async_litespeed&nonce=pR5ilDQjpTkN9TmwGS9XdBL3IgZeE6Mx&litespeed_type=imgoptm HTTP/1.1" 200 21 "-" "WordPress/6.7.1; https://misswavenigeria.com"
66.29.132.124 - - [03/Jan/2025:14:39:38 -0500] "POST /wp-cron.php?doing_wp_cron=1735933178.0879280567169189453125 HTTP/1.1" 200 0 "-" "WordPress/6.7.1; https://misswavenigeria.com"
66.249.79.3 - - [03/Jan/2025:14:39:37 -0500] "GET /goods/U283342?k=product HTTP/1.1" 301 0 "-" "Mozilla/5.0 (Linux; Android 6.0.1; Nexus 5X Build/MMB29P) AppleWebKit/537.36 (KHTML, like Gecko) Chrome/131.0.6778.139 Mobile Safari/537.36 (compatible; Googlebot/2.1; +http://www.google.com/bot.html)"
66.29.132.124 - - [03/Jan/2025:14:39:39 -0500] "POST /wp-admin/admin-ajax.php?action=async_litespeed&nonce=RMLzz42r91wyE7v4ftKngnKIVuK9h2gq&litespeed_type=imgoptm HTTP/1.1" 200 21 "-" "WordPress/6.7.1; https://misswavenigeria.com"
66.249.68.68 - - [03/Jan/2025:14:39:39 -0500] "GET /goods/U283342?k=product HTTP/1.1" 404 15610 "-" "Mozilla/5.0 (Linux; Android 6.0.1; Nexus 5X Build/MMB29P) AppleWebKit/537.36 (KHTML, like Gecko) Chrome/131.0.6778.139 Mobile Safari/537.36 (compatible; Googlebot/2.1; +http://www.google.com/bot.html)"
66.249.68.67 - - [03/Jan/2025:14:40:19 -0500] "GET /goods/235168.html HTTP/1.1" 404 15610 "-" "Mozilla/5.0 (Linux; Android 6.0.1; Nexus 5X Build/MMB29P) AppleWebKit/537.36 (KHTML, like Gecko) Chrome/131.0.6778.139 Mobile Safari/537.36 (compatible; Googlebot/2.1; +http://www.google.com/bot.html)"
165.231.182.10 - - [03/Jan/2025:14:37:59 -0500] "POST /register/ HTTP/1.0" 200 0 "https://misswavenigeria.com/register/" "Mozilla/5.0 (Windows NT 6.1; Win64; x64) AppleWebKit/537.36 (KHTML, like Gecko) Chrome/103.0.0.0 Safari/537.36"
165.231.182.10 - - [03/Jan/2025:14:40:30 -0500] "GET /register/ HTTP/1.0" 200 75922 "https://misswavenigeria.com/" "Mozilla/5.0 (Windows NT 6.1; Win64; x64) AppleWebKit/537.36 (KHTML, like Gecko) Chrome/103.0.0.0 Safari/537.36"
165.231.182.10 - - [03/Jan/2025:14:41:55 -0500] "GET / HTTP/1.0" 200 109055 "https://misswavenigeria.com/" "Mozilla/5.0 (Windows NT 6.3; Win64; x64) AppleWebKit/537.36 (KHTML, like Gecko) Chrome/103.0.5060.114 Safari/537.36"
165.231.182.10 - - [03/Jan/2025:14:41:57 -0500] "GET /register/ HTTP/1.0" 200 75922 "https://misswavenigeria.com/register/" "Mozilla/5.0 (Windows NT 6.3; Win64; x64) AppleWebKit/537.36 (KHTML, like Gecko) Chrome/103.0.5060.114 Safari/537.36"
66.29.132.124 - - [03/Jan/2025:14:41:59 -0500] "POST /wp-cron.php?doing_wp_cron=1735933319.2536060810089111328125 HTTP/1.1" 200 0 "-" "WordPress/6.7.1; https://misswavenigeria.com"
66.29.132.124 - - [03/Jan/2025:14:41:59 -0500] "POST /wp-admin/admin-ajax.php?action=async_litespeed&nonce=LQZckGPgiiaETIlG52BUV1oNCwjbwUKd&litespeed_type=imgoptm HTTP/1.1" 200 21 "-" "WordPress/6.7.1; https://misswavenigeria.com"
165.231.182.10 - - [03/Jan/2025:14:41:58 -0500] "POST /register/ HTTP/1.0" 200 0 "https://misswavenigeria.com/register/" "Mozilla/5.0 (Windows NT 6.3; Win64; x64) AppleWebKit/537.36 (KHTML, like Gecko) Chrome/103.0.5060.114 Safari/537.36"
165.231.182.10 - - [03/Jan/2025:14:44:29 -0500] "GET /register/ HTTP/1.0" 200 75922 "https://misswavenigeria.com/" "Mozilla/5.0 (Windows NT 6.3; Win64; x64) AppleWebKit/537.36 (KHTML, like Gecko) Chrome/103.0.5060.114 Safari/537.36"
165.231.182.10 - - [03/Jan/2025:14:45:55 -0500] "GET / HTTP/1.0" 200 109055 "https://misswavenigeria.com/" "Mozilla/5.0 (Windows NT 6.3; WOW64) AppleWebKit/537.36 (KHTML, like Gecko) Chrome/103.0.0.0 Safari/537.36"
165.231.182.10 - - [03/Jan/2025:14:45:57 -0500] "GET /register/ HTTP/1.0" 200 75922 "https://misswavenigeria.com/register/" "Mozilla/5.0 (Windows NT 6.3; WOW64) AppleWebKit/537.36 (KHTML, like Gecko) Chrome/103.0.0.0 Safari/537.36"
66.29.132.124 - - [03/Jan/2025:14:45:59 -0500] "POST /wp-cron.php?doing_wp_cron=1735933559.7835929393768310546875 HTTP/1.1" 200 0 "-" "WordPress/6.7.1; https://misswavenigeria.com"
66.29.132.124 - - [03/Jan/2025:14:46:00 -0500] "POST /wp-admin/admin-ajax.php?action=async_litespeed&nonce=9ZSND3fSFNNZSwiV0HLFls28O3ssttox&litespeed_type=imgoptm HTTP/1.1" 200 21 "-" "WordPress/6.7.1; https://misswavenigeria.com"
165.231.182.10 - - [03/Jan/2025:14:45:59 -0500] "POST /register/ HTTP/1.0" 200 76048 "https://misswavenigeria.com/register/" "Mozilla/5.0 (Windows NT 6.3; WOW64) AppleWebKit/537.36 (KHTML, like Gecko) Chrome/103.0.0.0 Safari/537.36"
66.29.132.124 - - [03/Jan/2025:14:48:23 -0500] "POST /wp-cron.php?doing_wp_cron=1735933703.9565479755401611328125 HTTP/1.1" 200 0 "-" "WordPress/6.7.1; https://misswavenigeria.com"
165.231.182.10 - - [03/Jan/2025:14:48:23 -0500] "GET /register/ HTTP/1.0" 200 75922 "https://misswavenigeria.com/" "Mozilla/5.0 (Windows NT 6.3; WOW64) AppleWebKit/537.36 (KHTML, like Gecko) Chrome/103.0.0.0 Safari/537.36"
66.29.132.124 - - [03/Jan/2025:14:48:24 -0500] "POST /wp-admin/admin-ajax.php?action=async_litespeed&nonce=bCavUZkiR7eA8k3gsH82aRkwAZ90foFj&litespeed_type=imgoptm HTTP/1.1" 200 21 "-" "WordPress/6.7.1; https://misswavenigeria.com"
66.29.132.124 - - [03/Jan/2025:14:49:56 -0500] "POST /wp-cron.php?doing_wp_cron=1735933796.1009409427642822265625 HTTP/1.1" 200 0 "-" "WordPress/6.7.1; https://misswavenigeria.com"
165.231.182.10 - - [03/Jan/2025:14:49:51 -0500] "GET / HTTP/1.0" 200 109053 "https://misswavenigeria.com/" "Mozilla/5.0 (Windows NT 10.0; Win64; x64) AppleWebKit/537.36 (KHTML, like Gecko) Chrome/103.0.5042.0 Safari/537.36"
66.29.132.124 - - [03/Jan/2025:14:49:56 -0500] "POST /wp-admin/admin-ajax.php?action=async_litespeed&nonce=CohaCs0FJp5QgHUY6KRSi5PDXkD8KDYf&litespeed_type=imgoptm HTTP/1.1" 200 21 "-" "WordPress/6.7.1; https://misswavenigeria.com"
165.231.182.10 - - [03/Jan/2025:14:49:58 -0500] "GET /register/ HTTP/1.0" 200 75922 "https://misswavenigeria.com/register/" "Mozilla/5.0 (Windows NT 10.0; Win64; x64) AppleWebKit/537.36 (KHTML, like Gecko) Chrome/103.0.5042.0 Safari/537.36"
165.231.182.10 - - [03/Jan/2025:14:50:00 -0500] "POST /register/ HTTP/1.0" 200 0 "https://misswavenigeria.com/register/" "Mozilla/5.0 (Windows NT 10.0; Win64; x64) AppleWebKit/537.36 (KHTML, like Gecko) Chrome/103.0.5042.0 Safari/537.36"
165.231.182.10 - - [03/Jan/2025:14:52:30 -0500] "GET /register/ HTTP/1.0" 200 75922 "https://misswavenigeria.com/" "Mozilla/5.0 (Windows NT 10.0; Win64; x64) AppleWebKit/537.36 (KHTML, like Gecko) Chrome/103.0.5042.0 Safari/537.36"
165.231.182.10 - - [03/Jan/2025:14:53:52 -0500] "GET / HTTP/1.0" 200 109053 "https://misswavenigeria.com/" "Mozilla/5.0 (Windows NT 6.1; Win64; x64) AppleWebKit/537.36 (KHTML, like Gecko) Chrome/103.0.5060.114 Safari/537.36"
165.231.182.10 - - [03/Jan/2025:14:53:56 -0500] "GET /register/ HTTP/1.0" 200 75922 "https://misswavenigeria.com/register/" "Mozilla/5.0 (Windows NT 6.1; Win64; x64) AppleWebKit/537.36 (KHTML, like Gecko) Chrome/103.0.5060.114 Safari/537.36"
66.29.132.124 - - [03/Jan/2025:14:53:58 -0500] "POST /wp-cron.php?doing_wp_cron=1735934038.7682590484619140625000 HTTP/1.1" 200 0 "-" "WordPress/6.7.1; https://misswavenigeria.com"
66.29.132.124 - - [03/Jan/2025:14:53:59 -0500] "POST /wp-admin/admin-ajax.php?action=async_litespeed&nonce=CvCXXgxPh7OnlzyHCBeyltV0YEhQ3XnD&litespeed_type=imgoptm HTTP/1.1" 200 0 "-" "WordPress/6.7.1; https://misswavenigeria.com"
165.231.182.10 - - [03/Jan/2025:14:53:58 -0500] "POST /register/ HTTP/1.0" 200 0 "https://misswavenigeria.com/register/" "Mozilla/5.0 (Windows NT 6.1; Win64; x64) AppleWebKit/537.36 (KHTML, like Gecko) Chrome/103.0.5060.114 Safari/537.36"
165.231.182.10 - - [03/Jan/2025:14:56:28 -0500] "GET /register/ HTTP/1.0" 200 75922 "https://misswavenigeria.com/" "Mozilla/5.0 (Windows NT 6.1; Win64; x64) AppleWebKit/537.36 (KHTML, like Gecko) Chrome/103.0.5060.114 Safari/537.36"
165.231.182.10 - - [03/Jan/2025:14:57:51 -0500] "GET / HTTP/1.0" 200 109053 "https://misswavenigeria.com/" "Mozilla/5.0 (Windows NT 6.2; Win64; x64) AppleWebKit/537.36 (KHTML, like Gecko) Chrome/103.0.0.0 Safari/537.36"
165.231.182.10 - - [03/Jan/2025:14:57:53 -0500] "GET /register/ HTTP/1.0" 200 75922 "https://misswavenigeria.com/register/" "Mozilla/5.0 (Windows NT 6.2; Win64; x64) AppleWebKit/537.36 (KHTML, like Gecko) Chrome/103.0.0.0 Safari/537.36"
66.29.132.124 - - [03/Jan/2025:14:57:55 -0500] "POST /wp-cron.php?doing_wp_cron=1735934275.7970190048217773437500 HTTP/1.1" 200 0 "-" "WordPress/6.7.1; https://misswavenigeria.com"
66.29.132.124 - - [03/Jan/2025:14:57:56 -0500] "POST /wp-admin/admin-ajax.php?action=async_litespeed&nonce=HMEOzyssbt6imQ3ssIPatdYtaaG44VN9&litespeed_type=imgoptm HTTP/1.1" 200 21 "-" "WordPress/6.7.1; https://misswavenigeria.com"
165.231.182.10 - - [03/Jan/2025:14:57:55 -0500] "POST /register/ HTTP/1.0" 200 0 "https://misswavenigeria.com/register/" "Mozilla/5.0 (Windows NT 6.2; Win64; x64) AppleWebKit/537.36 (KHTML, like Gecko) Chrome/103.0.0.0 Safari/537.36"
165.231.182.10 - - [03/Jan/2025:15:00:26 -0500] "GET /register/ HTTP/1.0" 200 75922 "https://misswavenigeria.com/" "Mozilla/5.0 (Windows NT 6.2; Win64; x64) AppleWebKit/537.36 (KHTML, like Gecko) Chrome/103.0.0.0 Safari/537.36"
165.231.182.10 - - [03/Jan/2025:15:01:51 -0500] "GET / HTTP/1.0" 200 109053 "https://misswavenigeria.com/" "Mozilla/5.0 (Windows NT 10.0; Win64; x64) AppleWebKit/537.36 (KHTML, like Gecko) Chrome/103.0.0.0 Safari/537.36"
165.231.182.10 - - [03/Jan/2025:15:01:53 -0500] "GET /register/ HTTP/1.0" 200 75922 "https://misswavenigeria.com/register/" "Mozilla/5.0 (Windows NT 10.0; Win64; x64) AppleWebKit/537.36 (KHTML, like Gecko) Chrome/103.0.0.0 Safari/537.36"
66.29.132.124 - - [03/Jan/2025:15:01:57 -0500] "POST /wp-cron.php?doing_wp_cron=1735934516.8686220645904541015625 HTTP/1.1" 200 0 "-" "WordPress/6.7.1; https://misswavenigeria.com"
66.29.132.124 - - [03/Jan/2025:15:01:57 -0500] "POST /wp-admin/admin-ajax.php?action=async_litespeed&nonce=S4weJoxGF8pfdzvfKcLLUfbF2LiuEH3N&litespeed_type=imgoptm HTTP/1.1" 200 21 "-" "WordPress/6.7.1; https://misswavenigeria.com"
165.231.182.10 - - [03/Jan/2025:15:01:55 -0500] "POST /register/ HTTP/1.0" 200 0 "https://misswavenigeria.com/register/" "Mozilla/5.0 (Windows NT 10.0; Win64; x64) AppleWebKit/537.36 (KHTML, like Gecko) Chrome/103.0.0.0 Safari/537.36"
165.231.182.10 - - [03/Jan/2025:15:04:27 -0500] "GET /register/ HTTP/1.0" 200 75922 "https://misswavenigeria.com/" "Mozilla/5.0 (Windows NT 10.0; Win64; x64) AppleWebKit/537.36 (KHTML, like Gecko) Chrome/103.0.0.0 Safari/537.36"
165.231.182.10 - - [03/Jan/2025:15:05:57 -0500] "GET / HTTP/1.0" 200 109053 "https://misswavenigeria.com/" "Mozilla/5.0 (Windows NT 10.0) AppleWebKit/537.36 (KHTML, like Gecko) Chrome/103.0.0.0 Safari/537.36"
165.231.182.10 - - [03/Jan/2025:15:06:01 -0500] "GET /register/ HTTP/1.0" 200 75922 "https://misswavenigeria.com/register/" "Mozilla/5.0 (Windows NT 10.0) AppleWebKit/537.36 (KHTML, like Gecko) Chrome/103.0.0.0 Safari/537.36"
66.29.132.124 - - [03/Jan/2025:15:06:07 -0500] "POST /wp-cron.php?doing_wp_cron=1735934765.8180780410766601562500 HTTP/1.1" 200 0 "-" "WordPress/6.7.1; https://misswavenigeria.com"
165.231.182.10 - - [03/Jan/2025:15:06:04 -0500] "POST /register/ HTTP/1.0" 200 0 "https://misswavenigeria.com/register/" "Mozilla/5.0 (Windows NT 10.0) AppleWebKit/537.36 (KHTML, like Gecko) Chrome/103.0.0.0 Safari/537.36"
165.231.182.10 - - [03/Jan/2025:15:08:33 -0500] "GET /register/ HTTP/1.0" 200 75922 "https://misswavenigeria.com/" "Mozilla/5.0 (Windows NT 10.0) AppleWebKit/537.36 (KHTML, like Gecko) Chrome/103.0.0.0 Safari/537.36"
165.231.182.10 - - [03/Jan/2025:15:09:59 -0500] "GET / HTTP/1.0" 200 109053 "https://misswavenigeria.com/" "Mozilla/5.0 (Windows NT 6.1; Win64; x64) AppleWebKit/537.36 (KHTML, like Gecko) Chrome/103.0.5060.66 Safari/537.36"
165.231.182.10 - - [03/Jan/2025:15:10:09 -0500] "GET /register/ HTTP/1.0" 200 75922 "https://misswavenigeria.com/register/" "Mozilla/5.0 (Windows NT 6.1; Win64; x64) AppleWebKit/537.36 (KHTML, like Gecko) Chrome/103.0.5060.66 Safari/537.36"
66.29.132.124 - - [03/Jan/2025:15:10:26 -0500] "POST /wp-cron.php?doing_wp_cron=1735935020.1739439964294433593750 HTTP/1.1" 200 0 "-" "WordPress/6.7.1; https://misswavenigeria.com"
165.231.182.10 - - [03/Jan/2025:15:10:16 -0500] "POST /register/ HTTP/1.0" 200 0 "https://misswavenigeria.com/register/" "Mozilla/5.0 (Windows NT 6.1; Win64; x64) AppleWebKit/537.36 (KHTML, like Gecko) Chrome/103.0.5060.66 Safari/537.36"
165.231.182.10 - - [03/Jan/2025:15:12:43 -0500] "GET /register/ HTTP/1.0" 200 75922 "https://misswavenigeria.com/" "Mozilla/5.0 (Windows NT 6.1; Win64; x64) AppleWebKit/537.36 (KHTML, like Gecko) Chrome/103.0.5060.66 Safari/537.36"
165.231.182.10 - - [03/Jan/2025:15:13:53 -0500] "GET / HTTP/1.0" 200 109053 "https://misswavenigeria.com/" "Mozilla/5.0 (Windows NT 6.1; WOW64) AppleWebKit/537.36 (KHTML, like Gecko) Chrome/103.0.0.0 Safari/537.36"
165.231.182.10 - - [03/Jan/2025:15:13:56 -0500] "GET /register/ HTTP/1.0" 200 75922 "https://misswavenigeria.com/register/" "Mozilla/5.0 (Windows NT 6.1; WOW64) AppleWebKit/537.36 (KHTML, like Gecko) Chrome/103.0.0.0 Safari/537.36"
66.29.132.124 - - [03/Jan/2025:15:13:58 -0500] "POST /wp-cron.php?doing_wp_cron=1735935238.7026159763336181640625 HTTP/1.1" 200 0 "-" "WordPress/6.7.1; https://misswavenigeria.com"
66.29.132.124 - - [03/Jan/2025:15:13:59 -0500] "POST /wp-admin/admin-ajax.php?action=async_litespeed&nonce=MFezi0FBHAaycW819yXivRWXq1jxT6B6&litespeed_type=imgoptm HTTP/1.1" 200 0 "-" "WordPress/6.7.1; https://misswavenigeria.com"
66.29.132.124 - - [03/Jan/2025:15:15:28 -0500] "POST /wp-cron.php?doing_wp_cron=1735935328.6560130119323730468750 HTTP/1.1" 200 0 "-" "WordPress/6.7.1; https://misswavenigeria.com"
66.249.68.67 - - [03/Jan/2025:15:15:28 -0500] "GET /item/T11619627?c=815&keyword=message HTTP/1.1" 404 15610 "-" "Mozilla/5.0 (Linux; Android 6.0.1; Nexus 5X Build/MMB29P) AppleWebKit/537.36 (KHTML, like Gecko) Chrome/131.0.6778.139 Mobile Safari/537.36 (compatible; Googlebot/2.1; +http://www.google.com/bot.html)"
66.29.132.124 - - [03/Jan/2025:15:15:29 -0500] "POST /wp-admin/admin-ajax.php?action=async_litespeed&nonce=0ALGJaXrSrK2I2j02790JsuuZw9wPaXP&litespeed_type=imgoptm HTTP/1.1" 200 21 "-" "WordPress/6.7.1; https://misswavenigeria.com"
165.231.182.10 - - [03/Jan/2025:15:13:58 -0500] "POST /register/ HTTP/1.0" 200 0 "https://misswavenigeria.com/register/" "Mozilla/5.0 (Windows NT 6.1; WOW64) AppleWebKit/537.36 (KHTML, like Gecko) Chrome/103.0.0.0 Safari/537.36"
165.231.182.10 - - [03/Jan/2025:15:16:28 -0500] "GET /register/ HTTP/1.0" 200 75922 "https://misswavenigeria.com/" "Mozilla/5.0 (Windows NT 6.1; WOW64) AppleWebKit/537.36 (KHTML, like Gecko) Chrome/103.0.0.0 Safari/537.36"
165.231.182.10 - - [03/Jan/2025:15:17:52 -0500] "GET / HTTP/1.0" 200 109053 "https://misswavenigeria.com/" "Mozilla/5.0 (Windows NT 6.3; WOW64) AppleWebKit/537.36 (KHTML, like Gecko) Chrome/103.0.5060.114 Safari/537.36"
165.231.182.10 - - [03/Jan/2025:15:17:54 -0500] "GET /register/ HTTP/1.0" 200 75922 "https://misswavenigeria.com/register/" "Mozilla/5.0 (Windows NT 6.3; WOW64) AppleWebKit/537.36 (KHTML, like Gecko) Chrome/103.0.5060.114 Safari/537.36"
66.29.132.124 - - [03/Jan/2025:15:17:56 -0500] "POST /wp-cron.php?doing_wp_cron=1735935476.5302739143371582031250 HTTP/1.1" 200 0 "-" "WordPress/6.7.1; https://misswavenigeria.com"
66.29.132.124 - - [03/Jan/2025:15:17:56 -0500] "POST /wp-admin/admin-ajax.php?action=async_litespeed&nonce=yCLvioeUHSsRl7y4GvuHxNzGi70erhzN&litespeed_type=imgoptm HTTP/1.1" 200 21 "-" "WordPress/6.7.1; https://misswavenigeria.com"
165.231.182.10 - - [03/Jan/2025:15:17:56 -0500] "POST /register/ HTTP/1.0" 200 76048 "https://misswavenigeria.com/register/" "Mozilla/5.0 (Windows NT 6.3; WOW64) AppleWebKit/537.36 (KHTML, like Gecko) Chrome/103.0.5060.114 Safari/537.36"
66.29.132.124 - - [03/Jan/2025:15:19:44 -0500] "POST /wp-cron.php?doing_wp_cron=1735935584.6873409748077392578125 HTTP/1.1" 200 0 "-" "WordPress/6.7.1; https://misswavenigeria.com"
165.231.182.10 - - [03/Jan/2025:15:19:44 -0500] "GET /register/ HTTP/1.0" 200 75922 "https://misswavenigeria.com/" "Mozilla/5.0 (Windows NT 6.3; WOW64) AppleWebKit/537.36 (KHTML, like Gecko) Chrome/103.0.5060.114 Safari/537.36"
66.29.132.124 - - [03/Jan/2025:15:19:44 -0500] "POST /wp-admin/admin-ajax.php?action=async_litespeed&nonce=GOhXHVeYTBXgCahEI9kmSCSS4sIcdOAa&litespeed_type=imgoptm HTTP/1.1" 200 21 "-" "WordPress/6.7.1; https://misswavenigeria.com"
66.29.132.124 - - [03/Jan/2025:15:21:53 -0500] "POST /wp-cron.php?doing_wp_cron=1735935713.8090109825134277343750 HTTP/1.1" 200 0 "-" "WordPress/6.7.1; https://misswavenigeria.com"
165.231.182.10 - - [03/Jan/2025:15:21:51 -0500] "GET / HTTP/1.0" 200 109055 "https://misswavenigeria.com/" "Mozilla/5.0 (Windows NT 6.1; Win64; x64) AppleWebKit/537.36 (KHTML, like Gecko) Chrome/103.0.5060.66 Safari/537.36"
66.29.132.124 - - [03/Jan/2025:15:21:54 -0500] "POST /wp-admin/admin-ajax.php?action=async_litespeed&nonce=QHiXMWsSlasOw8I6NINzfEF4HMryfoQu&litespeed_type=imgoptm HTTP/1.1" 200 21 "-" "WordPress/6.7.1; https://misswavenigeria.com"
165.231.182.10 - - [03/Jan/2025:15:21:56 -0500] "GET /register/ HTTP/1.0" 200 75922 "https://misswavenigeria.com/register/" "Mozilla/5.0 (Windows NT 6.1; Win64; x64) AppleWebKit/537.36 (KHTML, like Gecko) Chrome/103.0.5060.66 Safari/537.36"
165.231.182.10 - - [03/Jan/2025:15:21:57 -0500] "POST /register/ HTTP/1.0" 200 76048 "https://misswavenigeria.com/register/" "Mozilla/5.0 (Windows NT 6.1; Win64; x64) AppleWebKit/537.36 (KHTML, like Gecko) Chrome/103.0.5060.66 Safari/537.36"
66.29.132.124 - - [03/Jan/2025:15:23:54 -0500] "POST /wp-cron.php?doing_wp_cron=1735935834.1728401184082031250000 HTTP/1.1" 200 0 "-" "WordPress/6.7.1; https://misswavenigeria.com"
165.231.182.10 - - [03/Jan/2025:15:23:53 -0500] "GET /register/ HTTP/1.0" 200 75922 "https://misswavenigeria.com/" "Mozilla/5.0 (Windows NT 6.1; Win64; x64) AppleWebKit/537.36 (KHTML, like Gecko) Chrome/103.0.5060.66 Safari/537.36"
66.29.132.124 - - [03/Jan/2025:15:23:54 -0500] "POST /wp-admin/admin-ajax.php?action=async_litespeed&nonce=1FL2dnQw5QK9N2aBnNXlyLuyJOEKPLRC&litespeed_type=imgoptm HTTP/1.1" 200 21 "-" "WordPress/6.7.1; https://misswavenigeria.com"
66.29.132.124 - - [03/Jan/2025:15:25:51 -0500] "POST /wp-cron.php?doing_wp_cron=1735935951.8257799148559570312500 HTTP/1.1" 200 0 "-" "WordPress/6.7.1; https://misswavenigeria.com"
165.231.182.10 - - [03/Jan/2025:15:25:49 -0500] "GET / HTTP/1.0" 200 109055 "https://misswavenigeria.com/" "Mozilla/5.0 (Windows NT 6.3; Win64; x64) AppleWebKit/537.36 (KHTML, like Gecko) Chrome/103.0.5060.53 Safari/537.36"
66.29.132.124 - - [03/Jan/2025:15:25:52 -0500] "POST /wp-admin/admin-ajax.php?action=async_litespeed&nonce=YzJXMYuLVFrdb0dKc1rtTnyXW0ASd9OA&litespeed_type=imgoptm HTTP/1.1" 200 21 "-" "WordPress/6.7.1; https://misswavenigeria.com"
165.231.182.10 - - [03/Jan/2025:15:25:54 -0500] "GET /register/ HTTP/1.0" 200 75922 "https://misswavenigeria.com/register/" "Mozilla/5.0 (Windows NT 6.3; Win64; x64) AppleWebKit/537.36 (KHTML, like Gecko) Chrome/103.0.5060.53 Safari/537.36"
165.231.182.10 - - [03/Jan/2025:15:25:55 -0500] "POST /register/ HTTP/1.0" 200 76048 "https://misswavenigeria.com/register/" "Mozilla/5.0 (Windows NT 6.3; Win64; x64) AppleWebKit/537.36 (KHTML, like Gecko) Chrome/103.0.5060.53 Safari/537.36"
66.29.132.124 - - [03/Jan/2025:15:27:38 -0500] "POST /wp-cron.php?doing_wp_cron=1735936058.3436629772186279296875 HTTP/1.1" 200 0 "-" "WordPress/6.7.1; https://misswavenigeria.com"
165.231.182.10 - - [03/Jan/2025:15:27:38 -0500] "GET /register/ HTTP/1.0" 200 75922 "https://misswavenigeria.com/" "Mozilla/5.0 (Windows NT 6.3; Win64; x64) AppleWebKit/537.36 (KHTML, like Gecko) Chrome/103.0.5060.53 Safari/537.36"
66.29.132.124 - - [03/Jan/2025:15:27:38 -0500] "POST /wp-admin/admin-ajax.php?action=async_litespeed&nonce=Lb1BgUzcWRpZoVUvAd6mWbm2DqE06MJP&litespeed_type=imgoptm HTTP/1.1" 200 21 "-" "WordPress/6.7.1; https://misswavenigeria.com"
66.29.132.124 - - [03/Jan/2025:15:29:52 -0500] "POST /wp-cron.php?doing_wp_cron=1735936192.7357409000396728515625 HTTP/1.1" 200 0 "-" "WordPress/6.7.1; https://misswavenigeria.com"
165.231.182.10 - - [03/Jan/2025:15:29:51 -0500] "GET / HTTP/1.0" 200 109055 "https://misswavenigeria.com/" "Mozilla/5.0 (Windows NT 6.2; Win64; x64) AppleWebKit/537.36 (KHTML, like Gecko) Chrome/103.0.0.0 Safari/537.36"
66.29.132.124 - - [03/Jan/2025:15:29:53 -0500] "POST /wp-admin/admin-ajax.php?action=async_litespeed&nonce=V3nnRoQq3KZzVp55nl92NguuK9r0a5Vb&litespeed_type=imgoptm HTTP/1.1" 200 21 "-" "WordPress/6.7.1; https://misswavenigeria.com"
165.231.182.10 - - [03/Jan/2025:15:29:55 -0500] "GET /register/ HTTP/1.0" 200 75922 "https://misswavenigeria.com/register/" "Mozilla/5.0 (Windows NT 6.2; Win64; x64) AppleWebKit/537.36 (KHTML, like Gecko) Chrome/103.0.0.0 Safari/537.36"
165.231.182.10 - - [03/Jan/2025:15:29:56 -0500] "POST /register/ HTTP/1.0" 200 76048 "https://misswavenigeria.com/register/" "Mozilla/5.0 (Windows NT 6.2; Win64; x64) AppleWebKit/537.36 (KHTML, like Gecko) Chrome/103.0.0.0 Safari/537.36"
66.29.132.124 - - [03/Jan/2025:15:31:36 -0500] "POST /wp-cron.php?doing_wp_cron=1735936296.1950099468231201171875 HTTP/1.1" 200 0 "-" "WordPress/6.7.1; https://misswavenigeria.com"
165.231.182.10 - - [03/Jan/2025:15:31:35 -0500] "GET /register/ HTTP/1.0" 200 75922 "https://misswavenigeria.com/" "Mozilla/5.0 (Windows NT 6.2; Win64; x64) AppleWebKit/537.36 (KHTML, like Gecko) Chrome/103.0.0.0 Safari/537.36"
66.29.132.124 - - [03/Jan/2025:15:31:36 -0500] "POST /wp-admin/admin-ajax.php?action=async_litespeed&nonce=xBXc9IXU5RQcTw4opgbHgG1BYNSTizcF&litespeed_type=imgoptm HTTP/1.1" 200 21 "-" "WordPress/6.7.1; https://misswavenigeria.com"
66.29.132.124 - - [03/Jan/2025:15:33:54 -0500] "POST /wp-cron.php?doing_wp_cron=1735936434.6490271091461181640625 HTTP/1.1" 200 0 "-" "WordPress/6.7.1; https://misswavenigeria.com"
165.231.182.10 - - [03/Jan/2025:15:33:53 -0500] "GET / HTTP/1.0" 200 109055 "https://misswavenigeria.com/" "Mozilla/5.0 (Windows NT 6.3) AppleWebKit/537.36 (KHTML, like Gecko) Chrome/103.0.0.0 Safari/537.36"
66.29.132.124 - - [03/Jan/2025:15:33:54 -0500] "POST /wp-admin/admin-ajax.php?action=async_litespeed&nonce=OGeOs31Fulq5jbxBgb0KEIV2gTPEkUrz&litespeed_type=imgoptm HTTP/1.1" 200 21 "-" "WordPress/6.7.1; https://misswavenigeria.com"
165.231.182.10 - - [03/Jan/2025:15:33:56 -0500] "GET /register/ HTTP/1.0" 200 75922 "https://misswavenigeria.com/register/" "Mozilla/5.0 (Windows NT 6.3) AppleWebKit/537.36 (KHTML, like Gecko) Chrome/103.0.0.0 Safari/537.36"
165.231.182.10 - - [03/Jan/2025:15:33:58 -0500] "POST /register/ HTTP/1.0" 200 76048 "https://misswavenigeria.com/register/" "Mozilla/5.0 (Windows NT 6.3) AppleWebKit/537.36 (KHTML, like Gecko) Chrome/103.0.0.0 Safari/537.36"
66.29.132.124 - - [03/Jan/2025:15:35:40 -0500] "POST /wp-cron.php?doing_wp_cron=1735936540.6113970279693603515625 HTTP/1.1" 200 0 "-" "WordPress/6.7.1; https://misswavenigeria.com"
165.231.182.10 - - [03/Jan/2025:15:35:40 -0500] "GET /register/ HTTP/1.0" 200 75922 "https://misswavenigeria.com/" "Mozilla/5.0 (Windows NT 6.3) AppleWebKit/537.36 (KHTML, like Gecko) Chrome/103.0.0.0 Safari/537.36"
66.29.132.124 - - [03/Jan/2025:15:35:41 -0500] "POST /wp-admin/admin-ajax.php?action=async_litespeed&nonce=arq54MWGiHEgywUgOBvHPTQG9ynWn37m&litespeed_type=imgoptm HTTP/1.1" 200 21 "-" "WordPress/6.7.1; https://misswavenigeria.com"
66.29.132.124 - - [03/Jan/2025:15:37:54 -0500] "POST /wp-cron.php?doing_wp_cron=1735936674.7915439605712890625000 HTTP/1.1" 200 0 "-" "WordPress/6.7.1; https://misswavenigeria.com"
165.231.182.10 - - [03/Jan/2025:15:37:52 -0500] "GET / HTTP/1.0" 200 109053 "https://misswavenigeria.com/" "Mozilla/5.0 (Windows NT 6.3; WOW64) AppleWebKit/537.36 (KHTML, like Gecko) Chrome/103.0.5060.114 Safari/537.36"
66.29.132.124 - - [03/Jan/2025:15:37:55 -0500] "POST /wp-admin/admin-ajax.php?action=async_litespeed&nonce=PLmwhhAk2kKjy0IMUkEyOdm7O9KzXSsD&litespeed_type=imgoptm HTTP/1.1" 200 21 "-" "WordPress/6.7.1; https://misswavenigeria.com"
165.231.182.10 - - [03/Jan/2025:15:37:57 -0500] "GET /register/ HTTP/1.0" 200 75922 "https://misswavenigeria.com/register/" "Mozilla/5.0 (Windows NT 6.3; WOW64) AppleWebKit/537.36 (KHTML, like Gecko) Chrome/103.0.5060.114 Safari/537.36"
165.231.182.10 - - [03/Jan/2025:15:37:58 -0500] "POST /register/ HTTP/1.0" 200 76048 "https://misswavenigeria.com/register/" "Mozilla/5.0 (Windows NT 6.3; WOW64) AppleWebKit/537.36 (KHTML, like Gecko) Chrome/103.0.5060.114 Safari/537.36"
66.29.132.124 - - [03/Jan/2025:15:40:18 -0500] "POST /wp-cron.php?doing_wp_cron=1735936818.6825289726257324218750 HTTP/1.1" 200 0 "-" "WordPress/6.7.1; https://misswavenigeria.com"
165.231.182.10 - - [03/Jan/2025:15:40:18 -0500] "GET /register/ HTTP/1.0" 200 75922 "https://misswavenigeria.com/" "Mozilla/5.0 (Windows NT 6.3; WOW64) AppleWebKit/537.36 (KHTML, like Gecko) Chrome/103.0.5060.114 Safari/537.36"
66.29.132.124 - - [03/Jan/2025:15:40:19 -0500] "POST /wp-admin/admin-ajax.php?action=async_litespeed&nonce=EL0SdOlVXX4tPUhvoL5JdpvUgBp0mDhf&litespeed_type=imgoptm HTTP/1.1" 200 21 "-" "WordPress/6.7.1; https://misswavenigeria.com"
66.29.132.124 - - [03/Jan/2025:15:41:53 -0500] "POST /wp-cron.php?doing_wp_cron=1735936913.0882880687713623046875 HTTP/1.1" 200 0 "-" "WordPress/6.7.1; https://misswavenigeria.com"
165.231.182.10 - - [03/Jan/2025:15:41:50 -0500] "GET / HTTP/1.0" 200 109055 "https://misswavenigeria.com/" "Mozilla/5.0 (Windows NT 6.1; Win64; x64) AppleWebKit/537.36 (KHTML, like Gecko) Chrome/103.0.5060.114 Safari/537.36"
66.29.132.124 - - [03/Jan/2025:15:41:53 -0500] "POST /wp-admin/admin-ajax.php?action=async_litespeed&nonce=uo4CuvoMKbvr1PTY8kenPZsb11DnKFj4&litespeed_type=imgoptm HTTP/1.1" 200 21 "-" "WordPress/6.7.1; https://misswavenigeria.com"
165.231.182.10 - - [03/Jan/2025:15:41:55 -0500] "GET /register/ HTTP/1.0" 200 75922 "https://misswavenigeria.com/register/" "Mozilla/5.0 (Windows NT 6.1; Win64; x64) AppleWebKit/537.36 (KHTML, like Gecko) Chrome/103.0.5060.114 Safari/537.36"
165.231.182.10 - - [03/Jan/2025:15:41:57 -0500] "POST /register/ HTTP/1.0" 200 76048 "https://misswavenigeria.com/register/" "Mozilla/5.0 (Windows NT 6.1; Win64; x64) AppleWebKit/537.36 (KHTML, like Gecko) Chrome/103.0.5060.114 Safari/537.36"
66.29.132.124 - - [03/Jan/2025:15:43:56 -0500] "POST /wp-cron.php?doing_wp_cron=1735937036.7743079662322998046875 HTTP/1.1" 200 0 "-" "WordPress/6.7.1; https://misswavenigeria.com"
165.231.182.10 - - [03/Jan/2025:15:43:56 -0500] "GET /register/ HTTP/1.0" 200 75922 "https://misswavenigeria.com/" "Mozilla/5.0 (Windows NT 6.1; Win64; x64) AppleWebKit/537.36 (KHTML, like Gecko) Chrome/103.0.5060.114 Safari/537.36"
66.29.132.124 - - [03/Jan/2025:15:43:57 -0500] "POST /wp-admin/admin-ajax.php?action=async_litespeed&nonce=9MqkKQbE3b3MArcTd8jc6dp0IFBm5B3o&litespeed_type=imgoptm HTTP/1.1" 200 21 "-" "WordPress/6.7.1; https://misswavenigeria.com"
66.29.132.124 - - [03/Jan/2025:15:45:53 -0500] "POST /wp-cron.php?doing_wp_cron=1735937153.7677669525146484375000 HTTP/1.1" 200 0 "-" "WordPress/6.7.1; https://misswavenigeria.com"
165.231.182.10 - - [03/Jan/2025:15:45:51 -0500] "GET / HTTP/1.0" 200 109053 "https://misswavenigeria.com/" "Mozilla/5.0 (Windows NT 6.2; Win64; x64) AppleWebKit/537.36 (KHTML, like Gecko) Chrome/103.0.0.0 Safari/537.36"
66.29.132.124 - - [03/Jan/2025:15:45:54 -0500] "POST /wp-admin/admin-ajax.php?action=async_litespeed&nonce=Uq4wczTAisqsSuYnRV0oFLggm5Hb18sy&litespeed_type=imgoptm HTTP/1.1" 200 21 "-" "WordPress/6.7.1; https://misswavenigeria.com"
165.231.182.10 - - [03/Jan/2025:15:45:56 -0500] "GET /register/ HTTP/1.0" 200 75922 "https://misswavenigeria.com/register/" "Mozilla/5.0 (Windows NT 6.2; Win64; x64) AppleWebKit/537.36 (KHTML, like Gecko) Chrome/103.0.0.0 Safari/537.36"
165.231.182.10 - - [03/Jan/2025:15:45:57 -0500] "POST /register/ HTTP/1.0" 200 76048 "https://misswavenigeria.com/register/" "Mozilla/5.0 (Windows NT 6.2; Win64; x64) AppleWebKit/537.36 (KHTML, like Gecko) Chrome/103.0.0.0 Safari/537.36"
66.29.132.124 - - [03/Jan/2025:15:47:26 -0500] "POST /wp-cron.php?doing_wp_cron=1735937246.2879729270935058593750 HTTP/1.1" 200 0 "-" "WordPress/6.7.1; https://misswavenigeria.com"
165.231.182.10 - - [03/Jan/2025:15:47:26 -0500] "GET /register/ HTTP/1.0" 200 75922 "https://misswavenigeria.com/" "Mozilla/5.0 (Windows NT 6.2; Win64; x64) AppleWebKit/537.36 (KHTML, like Gecko) Chrome/103.0.0.0 Safari/537.36"
66.29.132.124 - - [03/Jan/2025:15:47:26 -0500] "POST /wp-admin/admin-ajax.php?action=async_litespeed&nonce=kZA3uHL1U4LAjvqUPITZTY4ZdGj2nqmf&litespeed_type=imgoptm HTTP/1.1" 200 21 "-" "WordPress/6.7.1; https://misswavenigeria.com"
66.29.132.124 - - [03/Jan/2025:15:49:55 -0500] "POST /wp-cron.php?doing_wp_cron=1735937395.8728029727935791015625 HTTP/1.1" 200 0 "-" "WordPress/6.7.1; https://misswavenigeria.com"
165.231.182.10 - - [03/Jan/2025:15:49:54 -0500] "GET / HTTP/1.0" 200 109055 "https://misswavenigeria.com/" "Mozilla/5.0 (Windows NT 6.3; WOW64) AppleWebKit/537.36 (KHTML, like Gecko) Chrome/103.0.5060.114 Safari/537.36"
66.29.132.124 - - [03/Jan/2025:15:49:56 -0500] "POST /wp-admin/admin-ajax.php?action=async_litespeed&nonce=19sJbAAIdxngZOOEBckTX3i2rwUwa313&litespeed_type=imgoptm HTTP/1.1" 200 21 "-" "WordPress/6.7.1; https://misswavenigeria.com"
