47.76.209.138 - - [04/Jan/2025:00:09:09 -0500] "HEAD /contact-us HTTP/1.1" 301 0 "-" "Mozilla/5.0 (Windows NT 6.1; Win64; x64) AppleWebKit/537.36 (KHTML, like Gecko) Chrome/65.0.3134.26 Safari/537.36"
47.76.209.138 - - [04/Jan/2025:00:09:10 -0500] "HEAD /contact-us/ HTTP/1.1" 200 0 "-" "Mozilla/5.0 (Windows NT 6.1; Win64; x64) AppleWebKit/537.36 (KHTML, like Gecko) Chrome/65.0.3134.26 Safari/537.36"
47.76.209.138 - - [04/Jan/2025:00:09:12 -0500] "GET /contact-us HTTP/1.1" 301 0 "-" "Mozilla/5.0 (Windows NT 6.1; Win64; x64) AppleWebKit/537.36 (KHTML, like Gecko) Chrome/65.0.3134.26 Safari/537.36"
47.76.209.138 - - [04/Jan/2025:00:09:13 -0500] "GET /contact-us/ HTTP/1.1" 200 20623 "-" "Mozilla/5.0 (Windows NT 6.1; Win64; x64) AppleWebKit/537.36 (KHTML, like Gecko) Chrome/65.0.3134.26 Safari/537.36"
165.231.182.10 - - [04/Jan/2025:00:08:31 -0500] "POST /register/ HTTP/1.0" 200 0 "https://misswavenigeria.com/register/" "Mozilla/5.0 (Windows NT 6.3; Win64; x64) AppleWebKit/537.36 (KHTML, like Gecko) Chrome/103.0.5060.53 Safari/537.36"
165.231.182.10 - - [04/Jan/2025:00:11:04 -0500] "GET /register/ HTTP/1.0" 200 75922 "https://misswavenigeria.com/" "Mozilla/5.0 (Windows NT 6.3; Win64; x64) AppleWebKit/537.36 (KHTML, like Gecko) Chrome/103.0.5060.53 Safari/537.36"
66.29.132.124 - - [04/Jan/2025:00:11:28 -0500] "POST /wp-cron.php?doing_wp_cron=1735967487.4957020282745361328125 HTTP/1.1" 200 0 "-" "WordPress/6.7.1; https://misswavenigeria.com"
66.249.79.2 - - [04/Jan/2025:00:11:27 -0500] "GET /goods/M549626?k=product HTTP/1.1" 301 0 "-" "Mozilla/5.0 (Linux; Android 6.0.1; Nexus 5X Build/MMB29P) AppleWebKit/537.36 (KHTML, like Gecko) Chrome/131.0.6778.139 Mobile Safari/537.36 (compatible; Googlebot/2.1; +http://www.google.com/bot.html)"
66.29.132.124 - - [04/Jan/2025:00:11:29 -0500] "POST /wp-admin/admin-ajax.php?action=async_litespeed&nonce=fpfE5bitmSkEg8J1mxS16kJwTkOniTb3&litespeed_type=imgoptm HTTP/1.1" 200 0 "-" "WordPress/6.7.1; https://misswavenigeria.com"
66.249.79.3 - - [04/Jan/2025:00:11:37 -0500] "GET /goods/Y59174?k=product HTTP/1.1" 301 0 "-" "Mozilla/5.0 (Linux; Android 6.0.1; Nexus 5X Build/MMB29P) AppleWebKit/537.36 (KHTML, like Gecko) Chrome/131.0.6778.139 Mobile Safari/537.36 (compatible; Googlebot/2.1; +http://www.google.com/bot.html)"
66.249.79.2 - - [04/Jan/2025:00:11:40 -0500] "GET /goods/K970174?k=product HTTP/1.1" 301 0 "-" "Mozilla/5.0 (Linux; Android 6.0.1; Nexus 5X Build/MMB29P) AppleWebKit/537.36 (KHTML, like Gecko) Chrome/131.0.6778.139 Mobile Safari/537.36 (compatible; Googlebot/2.1; +http://www.google.com/bot.html)"
66.249.79.3 - - [04/Jan/2025:00:12:11 -0500] "GET /goods/G746284?k=product HTTP/1.1" 301 0 "-" "Mozilla/5.0 (Linux; Android 6.0.1; Nexus 5X Build/MMB29P) AppleWebKit/537.36 (KHTML, like Gecko) Chrome/131.0.6778.139 Mobile Safari/537.36 (compatible; Googlebot/2.1; +http://www.google.com/bot.html)"
66.249.68.67 - - [04/Jan/2025:00:12:30 -0500] "GET /goods/M549626?k=product HTTP/1.1" 404 15610 "-" "Mozilla/5.0 (Linux; Android 6.0.1; Nexus 5X Build/MMB29P) AppleWebKit/537.36 (KHTML, like Gecko) Chrome/131.0.6778.139 Mobile Safari/537.36 (compatible; Googlebot/2.1; +http://www.google.com/bot.html)"
66.29.132.124 - - [04/Jan/2025:00:12:32 -0500] "POST /wp-cron.php?doing_wp_cron=1735967550.9007380008697509765625 HTTP/1.1" 200 0 "-" "WordPress/6.7.1; https://misswavenigeria.com"
165.231.182.10 - - [04/Jan/2025:00:12:33 -0500] "GET / HTTP/1.0" 200 109055 "https://misswavenigeria.com/" "Mozilla/5.0 (Windows NT 6.3; Win64; x64) AppleWebKit/537.36 (KHTML, like Gecko) Chrome/103.0.5060.53 Safari/537.36"
165.231.182.10 - - [04/Jan/2025:00:12:36 -0500] "GET /register/ HTTP/1.0" 200 75922 "https://misswavenigeria.com/register/" "Mozilla/5.0 (Windows NT 6.3; Win64; x64) AppleWebKit/537.36 (KHTML, like Gecko) Chrome/103.0.5060.53 Safari/537.36"
66.249.68.66 - - [04/Jan/2025:00:12:37 -0500] "GET /goods/Y59174?k=product HTTP/1.1" 404 15610 "-" "Mozilla/5.0 (Linux; Android 6.0.1; Nexus 5X Build/MMB29P) AppleWebKit/537.36 (KHTML, like Gecko) Chrome/131.0.6778.139 Mobile Safari/537.36 (compatible; Googlebot/2.1; +http://www.google.com/bot.html)"
66.249.68.66 - - [04/Jan/2025:00:12:39 -0500] "GET /goods/K970174?k=product HTTP/1.1" 404 15610 "-" "Mozilla/5.0 (Linux; Android 6.0.1; Nexus 5X Build/MMB29P) AppleWebKit/537.36 (KHTML, like Gecko) Chrome/131.0.6778.139 Mobile Safari/537.36 (compatible; Googlebot/2.1; +http://www.google.com/bot.html)"
165.231.182.10 - - [04/Jan/2025:00:12:38 -0500] "POST /register/ HTTP/1.0" 200 0 "https://misswavenigeria.com/register/" "Mozilla/5.0 (Windows NT 6.3; Win64; x64) AppleWebKit/537.36 (KHTML, like Gecko) Chrome/103.0.5060.53 Safari/537.36"
66.249.68.67 - - [04/Jan/2025:00:13:09 -0500] "GET /goods/G746284?k=product HTTP/1.1" 404 15610 "-" "Mozilla/5.0 (Linux; Android 6.0.1; Nexus 5X Build/MMB29P) AppleWebKit/537.36 (KHTML, like Gecko) Chrome/131.0.6778.139 Mobile Safari/537.36 (compatible; Googlebot/2.1; +http://www.google.com/bot.html)"
165.231.182.10 - - [04/Jan/2025:00:15:10 -0500] "GET /register/ HTTP/1.0" 200 75922 "https://misswavenigeria.com/" "Mozilla/5.0 (Windows NT 6.3; Win64; x64) AppleWebKit/537.36 (KHTML, like Gecko) Chrome/103.0.5060.53 Safari/537.36"
66.29.132.124 - - [04/Jan/2025:00:15:35 -0500] "POST /wp-cron.php?doing_wp_cron=1735967734.7775900363922119140625 HTTP/1.1" 200 0 "-" "WordPress/6.7.1; https://misswavenigeria.com"
66.249.79.3 - - [04/Jan/2025:00:15:34 -0500] "GET /goods/I367882?k=product HTTP/1.1" 301 0 "-" "Mozilla/5.0 (Linux; Android 6.0.1; Nexus 5X Build/MMB29P) AppleWebKit/537.36 (KHTML, like Gecko) Chrome/131.0.6778.139 Mobile Safari/537.36 (compatible; Googlebot/2.1; +http://www.google.com/bot.html)"
66.29.132.124 - - [04/Jan/2025:00:15:36 -0500] "POST /wp-admin/admin-ajax.php?action=async_litespeed&nonce=BX3J8s0htC26Ppr2Fp1okbfNpaV4dJc7&litespeed_type=imgoptm HTTP/1.1" 200 21 "-" "WordPress/6.7.1; https://misswavenigeria.com"
66.249.68.66 - - [04/Jan/2025:00:16:13 -0500] "GET /goods/I367882?k=product HTTP/1.1" 404 15610 "-" "Mozilla/5.0 (Linux; Android 6.0.1; Nexus 5X Build/MMB29P) AppleWebKit/537.36 (KHTML, like Gecko) Chrome/131.0.6778.139 Mobile Safari/537.36 (compatible; Googlebot/2.1; +http://www.google.com/bot.html)"
165.231.182.10 - - [04/Jan/2025:00:16:43 -0500] "GET / HTTP/1.0" 200 109055 "https://misswavenigeria.com/" "Mozilla/5.0 (Windows NT 10.0; Win64; x64) AppleWebKit/537.36 (KHTML, like Gecko) Chrome/103.0.5060.134 Safari/537.36"
165.231.182.10 - - [04/Jan/2025:00:16:46 -0500] "GET /register/ HTTP/1.0" 200 75922 "https://misswavenigeria.com/register/" "Mozilla/5.0 (Windows NT 10.0; Win64; x64) AppleWebKit/537.36 (KHTML, like Gecko) Chrome/103.0.5060.134 Safari/537.36"
66.29.132.124 - - [04/Jan/2025:00:16:50 -0500] "POST /wp-cron.php?doing_wp_cron=1735967809.4882459640502929687500 HTTP/1.1" 200 0 "-" "WordPress/6.7.1; https://misswavenigeria.com"
165.231.182.10 - - [04/Jan/2025:00:16:48 -0500] "POST /register/ HTTP/1.0" 200 0 "https://misswavenigeria.com/register/" "Mozilla/5.0 (Windows NT 10.0; Win64; x64) AppleWebKit/537.36 (KHTML, like Gecko) Chrome/103.0.5060.134 Safari/537.36"
165.231.182.10 - - [04/Jan/2025:00:19:18 -0500] "GET /register/ HTTP/1.0" 200 75922 "https://misswavenigeria.com/" "Mozilla/5.0 (Windows NT 10.0; Win64; x64) AppleWebKit/537.36 (KHTML, like Gecko) Chrome/103.0.5060.134 Safari/537.36"
165.231.182.10 - - [04/Jan/2025:00:20:44 -0500] "GET / HTTP/1.0" 200 109055 "https://misswavenigeria.com/" "Mozilla/5.0 (Windows NT 10.0) AppleWebKit/537.36 (KHTML, like Gecko) Chrome/103.0.0.0 Safari/537.36"
165.231.182.10 - - [04/Jan/2025:00:20:47 -0500] "GET /register/ HTTP/1.0" 200 75922 "https://misswavenigeria.com/register/" "Mozilla/5.0 (Windows NT 10.0) AppleWebKit/537.36 (KHTML, like Gecko) Chrome/103.0.0.0 Safari/537.36"
66.29.132.124 - - [04/Jan/2025:00:20:53 -0500] "POST /wp-cron.php?doing_wp_cron=1735968052.8171269893646240234375 HTTP/1.1" 200 0 "-" "WordPress/6.7.1; https://misswavenigeria.com"
66.29.132.124 - - [04/Jan/2025:00:20:54 -0500] "POST /wp-admin/admin-ajax.php?action=async_litespeed&nonce=vqKnuU3iHaZUfln6dFCW7IFm0ZUpja7s&litespeed_type=imgoptm HTTP/1.1" 200 0 "-" "WordPress/6.7.1; https://misswavenigeria.com"
165.231.182.10 - - [04/Jan/2025:00:20:50 -0500] "POST /register/ HTTP/1.0" 200 0 "https://misswavenigeria.com/register/" "Mozilla/5.0 (Windows NT 10.0) AppleWebKit/537.36 (KHTML, like Gecko) Chrome/103.0.0.0 Safari/537.36"
165.231.182.10 - - [04/Jan/2025:00:23:20 -0500] "GET /register/ HTTP/1.0" 200 75922 "https://misswavenigeria.com/" "Mozilla/5.0 (Windows NT 10.0) AppleWebKit/537.36 (KHTML, like Gecko) Chrome/103.0.0.0 Safari/537.36"
47.76.209.138 - - [04/Jan/2025:00:24:42 -0500] "HEAD /contact-us HTTP/1.1" 301 0 "-" "Mozilla/5.0 (Windows NT 6.0; Win64; x64) AppleWebKit/537.36 (KHTML, like Gecko) Chrome/79.0.2613.167 Safari/537.36"
47.76.209.138 - - [04/Jan/2025:00:24:42 -0500] "HEAD /contact-us/ HTTP/1.1" 200 0 "-" "Mozilla/5.0 (Windows NT 6.0; Win64; x64) AppleWebKit/537.36 (KHTML, like Gecko) Chrome/79.0.2613.167 Safari/537.36"
165.231.182.10 - - [04/Jan/2025:00:24:43 -0500] "GET / HTTP/1.0" 200 109055 "https://misswavenigeria.com/" "Mozilla/5.0 (Windows NT 6.1) AppleWebKit/537.36 (KHTML, like Gecko) Chrome/103.0.5060.114 Safari/537.36"
47.76.209.138 - - [04/Jan/2025:00:24:43 -0500] "GET /contact-us HTTP/1.1" 301 0 "-" "Mozilla/5.0 (Windows NT 6.0; Win64; x64) AppleWebKit/537.36 (KHTML, like Gecko) Chrome/79.0.2613.167 Safari/537.36"
47.76.209.138 - - [04/Jan/2025:00:24:43 -0500] "GET /contact-us/ HTTP/1.1" 200 20623 "-" "Mozilla/5.0 (Windows NT 6.0; Win64; x64) AppleWebKit/537.36 (KHTML, like Gecko) Chrome/79.0.2613.167 Safari/537.36"
165.231.182.10 - - [04/Jan/2025:00:24:45 -0500] "GET /register/ HTTP/1.0" 200 75922 "https://misswavenigeria.com/register/" "Mozilla/5.0 (Windows NT 6.1) AppleWebKit/537.36 (KHTML, like Gecko) Chrome/103.0.5060.114 Safari/537.36"
66.29.132.124 - - [04/Jan/2025:00:24:48 -0500] "POST /wp-cron.php?doing_wp_cron=1735968288.2239630222320556640625 HTTP/1.1" 200 0 "-" "WordPress/6.7.1; https://misswavenigeria.com"
66.29.132.124 - - [04/Jan/2025:00:24:49 -0500] "POST /wp-admin/admin-ajax.php?action=async_litespeed&nonce=UafW78XxdHHl0e5MsdL3wSmL7ydRHFgm&litespeed_type=imgoptm HTTP/1.1" 200 0 "-" "WordPress/6.7.1; https://misswavenigeria.com"
165.231.182.10 - - [04/Jan/2025:00:24:47 -0500] "POST /register/ HTTP/1.0" 200 0 "https://misswavenigeria.com/register/" "Mozilla/5.0 (Windows NT 6.1) AppleWebKit/537.36 (KHTML, like Gecko) Chrome/103.0.5060.114 Safari/537.36"
165.231.182.10 - - [04/Jan/2025:00:27:18 -0500] "GET /register/ HTTP/1.0" 200 75922 "https://misswavenigeria.com/" "Mozilla/5.0 (Windows NT 6.1) AppleWebKit/537.36 (KHTML, like Gecko) Chrome/103.0.5060.114 Safari/537.36"
165.231.182.10 - - [04/Jan/2025:00:28:47 -0500] "GET / HTTP/1.0" 200 109055 "https://misswavenigeria.com/" "Mozilla/5.0 (Windows NT 6.1; Win64; x64) AppleWebKit/537.36 (KHTML, like Gecko) Chrome/103.0.0.0 Safari/537.36"
165.231.182.10 - - [04/Jan/2025:00:28:49 -0500] "GET /register/ HTTP/1.0" 200 75922 "https://misswavenigeria.com/register/" "Mozilla/5.0 (Windows NT 6.1; Win64; x64) AppleWebKit/537.36 (KHTML, like Gecko) Chrome/103.0.0.0 Safari/537.36"
66.29.132.124 - - [04/Jan/2025:00:28:52 -0500] "POST /wp-cron.php?doing_wp_cron=1735968532.3431239128112792968750 HTTP/1.1" 200 0 "-" "WordPress/6.7.1; https://misswavenigeria.com"
66.29.132.124 - - [04/Jan/2025:00:28:53 -0500] "POST /wp-admin/admin-ajax.php?action=async_litespeed&nonce=4uZDBEx7pIbxnzABEzFN4iN6LClgE3sS&litespeed_type=imgoptm HTTP/1.1" 200 0 "-" "WordPress/6.7.1; https://misswavenigeria.com"
66.29.132.124 - - [04/Jan/2025:00:29:39 -0500] "POST /wp-cron.php?doing_wp_cron=1735968578.8752648830413818359375 HTTP/1.1" 200 0 "-" "WordPress/6.7.1; https://misswavenigeria.com"
194.38.23.16 - - [04/Jan/2025:00:29:38 -0500] "GET /wp-content/plugins/super-interactive-maps/sim-wp-admin/pages/manage-maps.php HTTP/1.1" 404 67231 "-" "ALittle Client"
66.29.132.124 - - [04/Jan/2025:00:29:41 -0500] "POST /wp-admin/admin-ajax.php?action=async_litespeed&nonce=GYb6IYOJ2vSY4L6c520u3CikDv2QOOdN&litespeed_type=imgoptm HTTP/1.1" 200 0 "-" "WordPress/6.7.1; https://misswavenigeria.com"
165.231.182.10 - - [04/Jan/2025:00:28:51 -0500] "POST /register/ HTTP/1.0" 200 0 "https://misswavenigeria.com/register/" "Mozilla/5.0 (Windows NT 6.1; Win64; x64) AppleWebKit/537.36 (KHTML, like Gecko) Chrome/103.0.0.0 Safari/537.36"
165.231.182.10 - - [04/Jan/2025:00:31:23 -0500] "GET /register/ HTTP/1.0" 200 75922 "https://misswavenigeria.com/" "Mozilla/5.0 (Windows NT 6.1; Win64; x64) AppleWebKit/537.36 (KHTML, like Gecko) Chrome/103.0.0.0 Safari/537.36"
165.231.182.10 - - [04/Jan/2025:00:32:55 -0500] "GET / HTTP/1.0" 200 109055 "https://misswavenigeria.com/" "Mozilla/5.0 (Windows NT 6.2; Win64; x64) AppleWebKit/537.36 (KHTML, like Gecko) Chrome/103.0.0.0 Safari/537.36"
165.231.182.10 - - [04/Jan/2025:00:32:59 -0500] "GET /register/ HTTP/1.0" 200 75922 "https://misswavenigeria.com/register/" "Mozilla/5.0 (Windows NT 6.2; Win64; x64) AppleWebKit/537.36 (KHTML, like Gecko) Chrome/103.0.0.0 Safari/537.36"
66.29.132.124 - - [04/Jan/2025:00:33:04 -0500] "POST /wp-cron.php?doing_wp_cron=1735968783.0976359844207763671875 HTTP/1.1" 200 0 "-" "WordPress/6.7.1; https://misswavenigeria.com"
47.76.99.127 - - [04/Jan/2025:00:34:58 -0500] "HEAD /contact-us HTTP/1.1" 301 0 "-" "Mozilla/5.0 (Windows NT 6.3; Win64; x64) AppleWebKit/537.36 (KHTML, like Gecko) Chrome/63.0.2831.2 Safari/537.36"
47.76.99.127 - - [04/Jan/2025:00:34:59 -0500] "HEAD /contact-us/ HTTP/1.1" 200 0 "-" "Mozilla/5.0 (Windows NT 6.3; Win64; x64) AppleWebKit/537.36 (KHTML, like Gecko) Chrome/63.0.2831.2 Safari/537.36"
47.76.99.127 - - [04/Jan/2025:00:34:59 -0500] "GET /contact-us HTTP/1.1" 301 0 "-" "Mozilla/5.0 (Windows NT 6.3; Win64; x64) AppleWebKit/537.36 (KHTML, like Gecko) Chrome/63.0.2831.2 Safari/537.36"
47.76.99.127 - - [04/Jan/2025:00:34:59 -0500] "GET /contact-us/ HTTP/1.1" 200 20623 "-" "Mozilla/5.0 (Windows NT 6.3; Win64; x64) AppleWebKit/537.36 (KHTML, like Gecko) Chrome/63.0.2831.2 Safari/537.36"
165.231.182.10 - - [04/Jan/2025:00:33:01 -0500] "POST /register/ HTTP/1.0" 200 0 "https://misswavenigeria.com/register/" "Mozilla/5.0 (Windows NT 6.2; Win64; x64) AppleWebKit/537.36 (KHTML, like Gecko) Chrome/103.0.0.0 Safari/537.36"
165.231.182.10 - - [04/Jan/2025:00:35:33 -0500] "GET /register/ HTTP/1.0" 200 75922 "https://misswavenigeria.com/" "Mozilla/5.0 (Windows NT 6.2; Win64; x64) AppleWebKit/537.36 (KHTML, like Gecko) Chrome/103.0.0.0 Safari/537.36"
165.231.182.10 - - [04/Jan/2025:00:37:08 -0500] "GET / HTTP/1.0" 200 109055 "https://misswavenigeria.com/" "Mozilla/5.0 (Windows NT 10.0; WOW64) AppleWebKit/537.36 (KHTML, like Gecko) Chrome/103.0.0.0 Safari/537.36"
165.231.182.10 - - [04/Jan/2025:00:37:11 -0500] "GET /register/ HTTP/1.0" 200 75922 "https://misswavenigeria.com/register/" "Mozilla/5.0 (Windows NT 10.0; WOW64) AppleWebKit/537.36 (KHTML, like Gecko) Chrome/103.0.0.0 Safari/537.36"
66.29.132.124 - - [04/Jan/2025:00:37:14 -0500] "POST /wp-cron.php?doing_wp_cron=1735969034.2081389427185058593750 HTTP/1.1" 200 0 "-" "WordPress/6.7.1; https://misswavenigeria.com"
66.29.132.124 - - [04/Jan/2025:00:37:15 -0500] "POST /wp-admin/admin-ajax.php?action=async_litespeed&nonce=GWla6lAePaB2W9tU8cWuFW2ZmXUkWqm9&litespeed_type=imgoptm HTTP/1.1" 200 0 "-" "WordPress/6.7.1; https://misswavenigeria.com"
165.231.182.10 - - [04/Jan/2025:00:37:13 -0500] "POST /register/ HTTP/1.0" 200 0 "https://misswavenigeria.com/register/" "Mozilla/5.0 (Windows NT 10.0; WOW64) AppleWebKit/537.36 (KHTML, like Gecko) Chrome/103.0.0.0 Safari/537.36"
165.231.182.10 - - [04/Jan/2025:00:39:45 -0500] "GET /register/ HTTP/1.0" 200 75922 "https://misswavenigeria.com/" "Mozilla/5.0 (Windows NT 10.0; WOW64) AppleWebKit/537.36 (KHTML, like Gecko) Chrome/103.0.0.0 Safari/537.36"
47.76.99.127 - - [04/Jan/2025:00:41:13 -0500] "HEAD /contact-us HTTP/1.1" 301 0 "-" "Mozilla/5.0 (Windows NT 6.0; Win64; x64) AppleWebKit/537.36 (KHTML, like Gecko) Chrome/78.0.2680.52 Safari/537.36"
47.76.99.127 - - [04/Jan/2025:00:41:14 -0500] "HEAD /contact-us/ HTTP/1.1" 200 0 "-" "Mozilla/5.0 (Windows NT 6.0; Win64; x64) AppleWebKit/537.36 (KHTML, like Gecko) Chrome/78.0.2680.52 Safari/537.36"
47.76.99.127 - - [04/Jan/2025:00:41:15 -0500] "GET /contact-us HTTP/1.1" 301 0 "-" "Mozilla/5.0 (Windows NT 6.0; Win64; x64) AppleWebKit/537.36 (KHTML, like Gecko) Chrome/78.0.2680.52 Safari/537.36"
47.76.99.127 - - [04/Jan/2025:00:41:17 -0500] "GET /contact-us/ HTTP/1.1" 200 20623 "-" "Mozilla/5.0 (Windows NT 6.0; Win64; x64) AppleWebKit/537.36 (KHTML, like Gecko) Chrome/78.0.2680.52 Safari/537.36"
165.231.182.10 - - [04/Jan/2025:00:41:17 -0500] "GET / HTTP/1.0" 200 109055 "https://misswavenigeria.com/" "Mozilla/5.0 (Windows NT 10.0; Win64; x64) AppleWebKit/537.36 (KHTML, like Gecko) Chrome/103.0.5060.66 Safari/537.36"
165.231.182.10 - - [04/Jan/2025:00:41:20 -0500] "GET /register/ HTTP/1.0" 200 75922 "https://misswavenigeria.com/register/" "Mozilla/5.0 (Windows NT 10.0; Win64; x64) AppleWebKit/537.36 (KHTML, like Gecko) Chrome/103.0.5060.66 Safari/537.36"
66.29.132.124 - - [04/Jan/2025:00:41:25 -0500] "POST /wp-cron.php?doing_wp_cron=1735969284.3373470306396484375000 HTTP/1.1" 200 0 "-" "WordPress/6.7.1; https://misswavenigeria.com"
66.29.132.124 - - [04/Jan/2025:00:41:25 -0500] "POST /wp-admin/admin-ajax.php?action=async_litespeed&nonce=rAkT2IzaqK0GLKn6QJOI2FJR6Qp0ODDy&litespeed_type=imgoptm HTTP/1.1" 200 0 "-" "WordPress/6.7.1; https://misswavenigeria.com"
66.249.68.67 - - [04/Jan/2025:00:41:33 -0500] "GET /goods/P739845?k=product HTTP/1.1" 404 15610 "-" "Mozilla/5.0 (Linux; Android 6.0.1; Nexus 5X Build/MMB29P) AppleWebKit/537.36 (KHTML, like Gecko) Chrome/131.0.6778.139 Mobile Safari/537.36 (compatible; Googlebot/2.1; +http://www.google.com/bot.html)"
165.231.182.10 - - [04/Jan/2025:00:41:23 -0500] "POST /register/ HTTP/1.0" 200 0 "https://misswavenigeria.com/register/" "Mozilla/5.0 (Windows NT 10.0; Win64; x64) AppleWebKit/537.36 (KHTML, like Gecko) Chrome/103.0.5060.66 Safari/537.36"
165.231.182.10 - - [04/Jan/2025:00:43:53 -0500] "GET /register/ HTTP/1.0" 200 75922 "https://misswavenigeria.com/" "Mozilla/5.0 (Windows NT 10.0; Win64; x64) AppleWebKit/537.36 (KHTML, like Gecko) Chrome/103.0.5060.66 Safari/537.36"
66.29.132.124 - - [04/Jan/2025:00:44:54 -0500] "POST /wp-cron.php?doing_wp_cron=1735969493.8139269351959228515625 HTTP/1.1" 200 0 "-" "WordPress/6.7.1; https://misswavenigeria.com"
66.249.79.3 - - [04/Jan/2025:00:44:53 -0500] "GET /goods/R717773?k=product HTTP/1.1" 301 0 "-" "Mozilla/5.0 (Linux; Android 6.0.1; Nexus 5X Build/MMB29P) AppleWebKit/537.36 (KHTML, like Gecko) Chrome/131.0.6778.139 Mobile Safari/537.36 (compatible; Googlebot/2.1; +http://www.google.com/bot.html)"
66.29.132.124 - - [04/Jan/2025:00:44:55 -0500] "POST /wp-admin/admin-ajax.php?action=async_litespeed&nonce=6Ut5cLqNKX8WpD7rNiMWZYDIqxkBAdlx&litespeed_type=imgoptm HTTP/1.1" 200 0 "-" "WordPress/6.7.1; https://misswavenigeria.com"
165.231.182.10 - - [04/Jan/2025:00:45:25 -0500] "GET / HTTP/1.0" 200 109055 "https://misswavenigeria.com/" "Mozilla/5.0 (Windows NT 6.2; Win64; x64) AppleWebKit/537.36 (KHTML, like Gecko) Chrome/103.0.0.0 Safari/537.36"
165.231.182.10 - - [04/Jan/2025:00:45:28 -0500] "GET /register/ HTTP/1.0" 200 75922 "https://misswavenigeria.com/register/" "Mozilla/5.0 (Windows NT 6.2; Win64; x64) AppleWebKit/537.36 (KHTML, like Gecko) Chrome/103.0.0.0 Safari/537.36"
66.29.132.124 - - [04/Jan/2025:00:45:31 -0500] "POST /wp-cron.php?doing_wp_cron=1735969530.4989449977874755859375 HTTP/1.1" 200 0 "-" "WordPress/6.7.1; https://misswavenigeria.com"
66.249.68.66 - - [04/Jan/2025:00:45:29 -0500] "GET /goods/R717773?k=product HTTP/1.1" 404 15610 "-" "Mozilla/5.0 (Linux; Android 6.0.1; Nexus 5X Build/MMB29P) AppleWebKit/537.36 (KHTML, like Gecko) Chrome/131.0.6778.139 Mobile Safari/537.36 (compatible; Googlebot/2.1; +http://www.google.com/bot.html)"
47.76.99.127 - - [04/Jan/2025:00:47:54 -0500] "HEAD /contact-us HTTP/1.1" 301 0 "-" "Mozilla/5.0 (Windows NT 10.0; Win64; x64) AppleWebKit/537.36 (KHTML, like Gecko) Chrome/65.0.2259.24 Safari/537.36"
47.76.99.127 - - [04/Jan/2025:00:47:55 -0500] "HEAD /contact-us/ HTTP/1.1" 200 0 "-" "Mozilla/5.0 (Windows NT 10.0; Win64; x64) AppleWebKit/537.36 (KHTML, like Gecko) Chrome/65.0.2259.24 Safari/537.36"
47.76.99.127 - - [04/Jan/2025:00:47:56 -0500] "GET /contact-us HTTP/1.1" 301 0 "-" "Mozilla/5.0 (Windows NT 10.0; Win64; x64) AppleWebKit/537.36 (KHTML, like Gecko) Chrome/65.0.2259.24 Safari/537.36"
47.76.99.127 - - [04/Jan/2025:00:47:56 -0500] "GET /contact-us/ HTTP/1.1" 200 20623 "-" "Mozilla/5.0 (Windows NT 10.0; Win64; x64) AppleWebKit/537.36 (KHTML, like Gecko) Chrome/65.0.2259.24 Safari/537.36"
165.231.182.10 - - [04/Jan/2025:00:45:31 -0500] "POST /register/ HTTP/1.0" 200 0 "https://misswavenigeria.com/register/" "Mozilla/5.0 (Windows NT 6.2; Win64; x64) AppleWebKit/537.36 (KHTML, like Gecko) Chrome/103.0.0.0 Safari/537.36"
165.231.182.10 - - [04/Jan/2025:00:48:01 -0500] "GET /register/ HTTP/1.0" 200 75922 "https://misswavenigeria.com/" "Mozilla/5.0 (Windows NT 6.2; Win64; x64) AppleWebKit/537.36 (KHTML, like Gecko) Chrome/103.0.0.0 Safari/537.36"
165.231.182.10 - - [04/Jan/2025:00:49:34 -0500] "GET / HTTP/1.0" 200 109055 "https://misswavenigeria.com/" "Mozilla/5.0 (Windows NT 6.3; Win64; x64) AppleWebKit/537.36 (KHTML, like Gecko) Chrome/103.0.5060.66 Safari/537.36"
165.231.182.10 - - [04/Jan/2025:00:49:38 -0500] "GET /register/ HTTP/1.0" 200 75922 "https://misswavenigeria.com/register/" "Mozilla/5.0 (Windows NT 6.3; Win64; x64) AppleWebKit/537.36 (KHTML, like Gecko) Chrome/103.0.5060.66 Safari/537.36"
66.29.132.124 - - [04/Jan/2025:00:49:41 -0500] "POST /wp-cron.php?doing_wp_cron=1735969781.2390999794006347656250 HTTP/1.1" 200 0 "-" "WordPress/6.7.1; https://misswavenigeria.com"
66.29.132.124 - - [04/Jan/2025:00:49:41 -0500] "POST /wp-admin/admin-ajax.php?action=async_litespeed&nonce=DpdiRamv20XFlzgNbsDcxvqnklSbICy4&litespeed_type=imgoptm HTTP/1.1" 200 21 "-" "WordPress/6.7.1; https://misswavenigeria.com"
47.76.99.127 - - [04/Jan/2025:00:51:59 -0500] "HEAD /contact-us HTTP/1.1" 301 0 "-" "Mozilla/5.0 (Windows NT 6.0; Win64; x64) AppleWebKit/537.36 (KHTML, like Gecko) Chrome/73.0.3689.1 Safari/537.36"
47.76.99.127 - - [04/Jan/2025:00:52:01 -0500] "HEAD /contact-us/ HTTP/1.1" 200 0 "-" "Mozilla/5.0 (Windows NT 6.0; Win64; x64) AppleWebKit/537.36 (KHTML, like Gecko) Chrome/73.0.3689.1 Safari/537.36"
47.76.99.127 - - [04/Jan/2025:00:52:04 -0500] "GET /contact-us HTTP/1.1" 301 0 "-" "Mozilla/5.0 (Windows NT 6.0; Win64; x64) AppleWebKit/537.36 (KHTML, like Gecko) Chrome/73.0.3689.1 Safari/537.36"
47.76.99.127 - - [04/Jan/2025:00:52:05 -0500] "GET /contact-us/ HTTP/1.1" 200 20623 "-" "Mozilla/5.0 (Windows NT 6.0; Win64; x64) AppleWebKit/537.36 (KHTML, like Gecko) Chrome/73.0.3689.1 Safari/537.36"
165.231.182.10 - - [04/Jan/2025:00:49:40 -0500] "POST /register/ HTTP/1.0" 200 0 "https://misswavenigeria.com/register/" "Mozilla/5.0 (Windows NT 6.3; Win64; x64) AppleWebKit/537.36 (KHTML, like Gecko) Chrome/103.0.5060.66 Safari/537.36"
165.231.182.10 - - [04/Jan/2025:00:52:11 -0500] "GET /register/ HTTP/1.0" 200 75922 "https://misswavenigeria.com/" "Mozilla/5.0 (Windows NT 6.3; Win64; x64) AppleWebKit/537.36 (KHTML, like Gecko) Chrome/103.0.5060.66 Safari/537.36"
165.231.182.10 - - [04/Jan/2025:00:53:47 -0500] "GET / HTTP/1.0" 200 109055 "https://misswavenigeria.com/" "Mozilla/5.0 (Windows NT 6.3; Win64; x64) AppleWebKit/537.36 (KHTML, like Gecko) Chrome/103.0.5060.114 Safari/537.36"
165.231.182.10 - - [04/Jan/2025:00:53:52 -0500] "GET /register/ HTTP/1.0" 200 75922 "https://misswavenigeria.com/register/" "Mozilla/5.0 (Windows NT 6.3; Win64; x64) AppleWebKit/537.36 (KHTML, like Gecko) Chrome/103.0.5060.114 Safari/537.36"
66.29.132.124 - - [04/Jan/2025:00:53:58 -0500] "POST /wp-cron.php?doing_wp_cron=1735970036.8160250186920166015625 HTTP/1.1" 200 0 "-" "WordPress/6.7.1; https://misswavenigeria.com"
165.231.182.10 - - [04/Jan/2025:00:53:56 -0500] "POST /register/ HTTP/1.0" 200 0 "https://misswavenigeria.com/register/" "Mozilla/5.0 (Windows NT 6.3; Win64; x64) AppleWebKit/537.36 (KHTML, like Gecko) Chrome/103.0.5060.114 Safari/537.36"
47.76.209.138 - - [04/Jan/2025:00:56:13 -0500] "HEAD /contact-us HTTP/1.1" 301 0 "-" "Mozilla/5.0 (Windows NT 6.1; Win64; x64) AppleWebKit/537.36 (KHTML, like Gecko) Chrome/61.0.2650.161 Safari/537.36"
47.76.209.138 - - [04/Jan/2025:00:56:15 -0500] "HEAD /contact-us/ HTTP/1.1" 200 0 "-" "Mozilla/5.0 (Windows NT 6.1; Win64; x64) AppleWebKit/537.36 (KHTML, like Gecko) Chrome/61.0.2650.161 Safari/537.36"
47.76.209.138 - - [04/Jan/2025:00:56:18 -0500] "GET /contact-us HTTP/1.1" 301 0 "-" "Mozilla/5.0 (Windows NT 6.1; Win64; x64) AppleWebKit/537.36 (KHTML, like Gecko) Chrome/61.0.2650.161 Safari/537.36"
47.76.209.138 - - [04/Jan/2025:00:56:20 -0500] "GET /contact-us/ HTTP/1.1" 200 20623 "-" "Mozilla/5.0 (Windows NT 6.1; Win64; x64) AppleWebKit/537.36 (KHTML, like Gecko) Chrome/61.0.2650.161 Safari/537.36"
165.231.182.10 - - [04/Jan/2025:00:56:26 -0500] "GET /register/ HTTP/1.0" 200 75922 "https://misswavenigeria.com/" "Mozilla/5.0 (Windows NT 6.3; Win64; x64) AppleWebKit/537.36 (KHTML, like Gecko) Chrome/103.0.5060.114 Safari/537.36"
165.231.182.10 - - [04/Jan/2025:00:58:00 -0500] "GET / HTTP/1.0" 200 109055 "https://misswavenigeria.com/" "Mozilla/5.0 (Windows NT 10.0; Win64; x64) AppleWebKit/537.36 (KHTML, like Gecko) Chrome/103.0.5060.66 Safari/537.36"
165.231.182.10 - - [04/Jan/2025:00:58:04 -0500] "GET /register/ HTTP/1.0" 200 75922 "https://misswavenigeria.com/register/" "Mozilla/5.0 (Windows NT 10.0; Win64; x64) AppleWebKit/537.36 (KHTML, like Gecko) Chrome/103.0.5060.66 Safari/537.36"
66.29.132.124 - - [04/Jan/2025:00:58:08 -0500] "POST /wp-cron.php?doing_wp_cron=1735970287.6382689476013183593750 HTTP/1.1" 200 0 "-" "WordPress/6.7.1; https://misswavenigeria.com"
66.29.132.124 - - [04/Jan/2025:00:58:10 -0500] "POST /wp-admin/admin-ajax.php?action=async_litespeed&nonce=EoawX2H7rLaxizxjZh9ATJjF17RfXZXo&litespeed_type=imgoptm HTTP/1.1" 200 0 "-" "WordPress/6.7.1; https://misswavenigeria.com"
47.76.209.138 - - [04/Jan/2025:00:58:32 -0500] "HEAD /contact-us HTTP/1.1" 301 0 "-" "Mozilla/5.0 (Windows NT 6.1; Win64; x64) AppleWebKit/537.36 (KHTML, like Gecko) Chrome/60.0.2954.26 Safari/537.36"
47.76.209.138 - - [04/Jan/2025:00:58:34 -0500] "HEAD /contact-us/ HTTP/1.1" 200 0 "-" "Mozilla/5.0 (Windows NT 6.1; Win64; x64) AppleWebKit/537.36 (KHTML, like Gecko) Chrome/60.0.2954.26 Safari/537.36"
47.76.209.138 - - [04/Jan/2025:00:58:37 -0500] "GET /contact-us HTTP/1.1" 301 0 "-" "Mozilla/5.0 (Windows NT 6.1; Win64; x64) AppleWebKit/537.36 (KHTML, like Gecko) Chrome/60.0.2954.26 Safari/537.36"
47.76.209.138 - - [04/Jan/2025:00:58:39 -0500] "GET /contact-us/ HTTP/1.1" 200 20623 "-" "Mozilla/5.0 (Windows NT 6.1; Win64; x64) AppleWebKit/537.36 (KHTML, like Gecko) Chrome/60.0.2954.26 Safari/537.36"
165.231.182.10 - - [04/Jan/2025:00:58:06 -0500] "POST /register/ HTTP/1.0" 200 0 "https://misswavenigeria.com/register/" "Mozilla/5.0 (Windows NT 10.0; Win64; x64) AppleWebKit/537.36 (KHTML, like Gecko) Chrome/103.0.5060.66 Safari/537.36"
165.231.182.10 - - [04/Jan/2025:01:00:42 -0500] "GET /register/ HTTP/1.0" 200 75922 "https://misswavenigeria.com/" "Mozilla/5.0 (Windows NT 10.0; Win64; x64) AppleWebKit/537.36 (KHTML, like Gecko) Chrome/103.0.5060.66 Safari/537.36"
165.231.182.10 - - [04/Jan/2025:01:02:17 -0500] "GET / HTTP/1.0" 200 109055 "https://misswavenigeria.com/" "Mozilla/5.0 (Windows NT 6.1; Win64; x64) AppleWebKit/537.36 (KHTML, like Gecko) Chrome/103.0.5060.66 Safari/537.36"
47.76.209.138 - - [04/Jan/2025:01:02:19 -0500] "HEAD /contact-us HTTP/1.1" 301 0 "-" "Mozilla/5.0 (Windows NT 6.1; Win64; x64) AppleWebKit/537.36 (KHTML, like Gecko) Chrome/60.0.3610.79 Safari/537.36"
165.231.182.10 - - [04/Jan/2025:01:02:21 -0500] "GET /register/ HTTP/1.0" 200 75922 "https://misswavenigeria.com/register/" "Mozilla/5.0 (Windows NT 6.1; Win64; x64) AppleWebKit/537.36 (KHTML, like Gecko) Chrome/103.0.5060.66 Safari/537.36"
47.76.209.138 - - [04/Jan/2025:01:02:21 -0500] "HEAD /contact-us/ HTTP/1.1" 200 0 "-" "Mozilla/5.0 (Windows NT 6.1; Win64; x64) AppleWebKit/537.36 (KHTML, like Gecko) Chrome/60.0.3610.79 Safari/537.36"
47.76.209.138 - - [04/Jan/2025:01:02:24 -0500] "GET /contact-us HTTP/1.1" 301 0 "-" "Mozilla/5.0 (Windows NT 6.1; Win64; x64) AppleWebKit/537.36 (KHTML, like Gecko) Chrome/60.0.3610.79 Safari/537.36"
47.76.209.138 - - [04/Jan/2025:01:02:26 -0500] "GET /contact-us/ HTTP/1.1" 200 20623 "-" "Mozilla/5.0 (Windows NT 6.1; Win64; x64) AppleWebKit/537.36 (KHTML, like Gecko) Chrome/60.0.3610.79 Safari/537.36"
66.29.132.124 - - [04/Jan/2025:01:02:28 -0500] "POST /wp-cron.php?doing_wp_cron=1735970546.3777959346771240234375 HTTP/1.1" 200 0 "-" "WordPress/6.7.1; https://misswavenigeria.com"
165.231.182.10 - - [04/Jan/2025:01:02:25 -0500] "POST /register/ HTTP/1.0" 200 0 "https://misswavenigeria.com/register/" "Mozilla/5.0 (Windows NT 6.1; Win64; x64) AppleWebKit/537.36 (KHTML, like Gecko) Chrome/103.0.5060.66 Safari/537.36"
165.231.182.10 - - [04/Jan/2025:01:04:57 -0500] "GET /register/ HTTP/1.0" 200 75922 "https://misswavenigeria.com/" "Mozilla/5.0 (Windows NT 6.1; Win64; x64) AppleWebKit/537.36 (KHTML, like Gecko) Chrome/103.0.5060.66 Safari/537.36"
165.231.182.10 - - [04/Jan/2025:01:06:30 -0500] "GET / HTTP/1.0" 200 109055 "https://misswavenigeria.com/" "Mozilla/5.0 (Windows NT 6.3; Win64; x64) AppleWebKit/537.36 (KHTML, like Gecko) Chrome/103.0.5060.66 Safari/537.36"
165.231.182.10 - - [04/Jan/2025:01:06:33 -0500] "GET /register/ HTTP/1.0" 200 75922 "https://misswavenigeria.com/register/" "Mozilla/5.0 (Windows NT 6.3; Win64; x64) AppleWebKit/537.36 (KHTML, like Gecko) Chrome/103.0.5060.66 Safari/537.36"
66.29.132.124 - - [04/Jan/2025:01:06:39 -0500] "POST /wp-cron.php?doing_wp_cron=1735970798.2669479846954345703125 HTTP/1.1" 200 0 "-" "WordPress/6.7.1; https://misswavenigeria.com"
47.76.99.127 - - [04/Jan/2025:01:08:18 -0500] "HEAD /contact-us HTTP/1.1" 301 0 "-" "Mozilla/5.0 (Windows NT 6.0; Win64; x64) AppleWebKit/537.36 (KHTML, like Gecko) Chrome/69.0.2549.27 Safari/537.36"
47.76.99.127 - - [04/Jan/2025:01:08:20 -0500] "HEAD /contact-us/ HTTP/1.1" 200 0 "-" "Mozilla/5.0 (Windows NT 6.0; Win64; x64) AppleWebKit/537.36 (KHTML, like Gecko) Chrome/69.0.2549.27 Safari/537.36"
47.76.99.127 - - [04/Jan/2025:01:08:21 -0500] "GET /contact-us HTTP/1.1" 301 0 "-" "Mozilla/5.0 (Windows NT 6.0; Win64; x64) AppleWebKit/537.36 (KHTML, like Gecko) Chrome/69.0.2549.27 Safari/537.36"
47.76.99.127 - - [04/Jan/2025:01:08:23 -0500] "GET /contact-us/ HTTP/1.1" 200 20623 "-" "Mozilla/5.0 (Windows NT 6.0; Win64; x64) AppleWebKit/537.36 (KHTML, like Gecko) Chrome/69.0.2549.27 Safari/537.36"
165.231.182.10 - - [04/Jan/2025:01:06:37 -0500] "POST /register/ HTTP/1.0" 200 0 "https://misswavenigeria.com/register/" "Mozilla/5.0 (Windows NT 6.3; Win64; x64) AppleWebKit/537.36 (KHTML, like Gecko) Chrome/103.0.5060.66 Safari/537.36"
165.231.182.10 - - [04/Jan/2025:01:09:09 -0500] "GET /register/ HTTP/1.0" 200 75922 "https://misswavenigeria.com/" "Mozilla/5.0 (Windows NT 6.3; Win64; x64) AppleWebKit/537.36 (KHTML, like Gecko) Chrome/103.0.5060.66 Safari/537.36"
165.231.182.10 - - [04/Jan/2025:01:10:43 -0500] "GET / HTTP/1.0" 200 109055 "https://misswavenigeria.com/" "Mozilla/5.0 (Windows NT 6.1) AppleWebKit/537.36 (KHTML, like Gecko) Chrome/103.0.0.0 Safari/537.36"
165.231.182.10 - - [04/Jan/2025:01:10:49 -0500] "GET /register/ HTTP/1.0" 200 75922 "https://misswavenigeria.com/register/" "Mozilla/5.0 (Windows NT 6.1) AppleWebKit/537.36 (KHTML, like Gecko) Chrome/103.0.0.0 Safari/537.36"
66.29.132.124 - - [04/Jan/2025:01:10:57 -0500] "POST /wp-cron.php?doing_wp_cron=1735971055.3548870086669921875000 HTTP/1.1" 200 0 "-" "WordPress/6.7.1; https://misswavenigeria.com"
165.231.182.10 - - [04/Jan/2025:01:10:54 -0500] "POST /register/ HTTP/1.0" 200 0 "https://misswavenigeria.com/register/" "Mozilla/5.0 (Windows NT 6.1) AppleWebKit/537.36 (KHTML, like Gecko) Chrome/103.0.0.0 Safari/537.36"
165.231.182.10 - - [04/Jan/2025:01:13:24 -0500] "GET /register/ HTTP/1.0" 200 75922 "https://misswavenigeria.com/" "Mozilla/5.0 (Windows NT 6.1) AppleWebKit/537.36 (KHTML, like Gecko) Chrome/103.0.0.0 Safari/537.36"
165.231.182.10 - - [04/Jan/2025:01:14:54 -0500] "GET / HTTP/1.0" 200 109055 "https://misswavenigeria.com/" "Mozilla/5.0 (Windows NT 10.0; WOW64) AppleWebKit/537.36 (KHTML, like Gecko) Chrome/103.0.0.0 Safari/537.36"
165.231.182.10 - - [04/Jan/2025:01:14:59 -0500] "GET /register/ HTTP/1.0" 200 75922 "https://misswavenigeria.com/register/" "Mozilla/5.0 (Windows NT 10.0; WOW64) AppleWebKit/537.36 (KHTML, like Gecko) Chrome/103.0.0.0 Safari/537.36"
66.249.79.2 - - [04/Jan/2025:01:15:01 -0500] "GET /goods/I818072?k=product HTTP/1.1" 301 0 "-" "Mozilla/5.0 (Linux; Android 6.0.1; Nexus 5X Build/MMB29P) AppleWebKit/537.36 (KHTML, like Gecko) Chrome/131.0.6778.139 Mobile Safari/537.36 (compatible; Googlebot/2.1; +http://www.google.com/bot.html)"
66.29.132.124 - - [04/Jan/2025:01:15:03 -0500] "POST /wp-cron.php?doing_wp_cron=1735971301.9485650062561035156250 HTTP/1.1" 200 0 "-" "WordPress/6.7.1; https://misswavenigeria.com"
66.29.132.124 - - [04/Jan/2025:01:16:06 -0500] "POST /wp-cron.php?doing_wp_cron=1735971364.1460618972778320312500 HTTP/1.1" 200 0 "-" "WordPress/6.7.1; https://misswavenigeria.com"
66.249.68.67 - - [04/Jan/2025:01:16:02 -0500] "GET /goods/I818072?k=product HTTP/1.1" 404 15610 "-" "Mozilla/5.0 (Linux; Android 6.0.1; Nexus 5X Build/MMB29P) AppleWebKit/537.36 (KHTML, like Gecko) Chrome/131.0.6778.139 Mobile Safari/537.36 (compatible; Googlebot/2.1; +http://www.google.com/bot.html)"
165.231.182.10 - - [04/Jan/2025:01:15:01 -0500] "POST /register/ HTTP/1.0" 200 0 "https://misswavenigeria.com/register/" "Mozilla/5.0 (Windows NT 10.0; WOW64) AppleWebKit/537.36 (KHTML, like Gecko) Chrome/103.0.0.0 Safari/537.36"
165.231.182.10 - - [04/Jan/2025:01:17:31 -0500] "GET /register/ HTTP/1.0" 200 75922 "https://misswavenigeria.com/" "Mozilla/5.0 (Windows NT 10.0; WOW64) AppleWebKit/537.36 (KHTML, like Gecko) Chrome/103.0.0.0 Safari/537.36"
47.76.99.127 - - [04/Jan/2025:01:18:10 -0500] "HEAD /contact-us HTTP/1.1" 301 0 "-" "Mozilla/5.0 (Windows NT 6.2; Win64; x64) AppleWebKit/537.36 (KHTML, like Gecko) Chrome/69.0.2675.159 Safari/537.36"
47.76.99.127 - - [04/Jan/2025:01:18:11 -0500] "HEAD /contact-us/ HTTP/1.1" 200 0 "-" "Mozilla/5.0 (Windows NT 6.2; Win64; x64) AppleWebKit/537.36 (KHTML, like Gecko) Chrome/69.0.2675.159 Safari/537.36"
47.76.99.127 - - [04/Jan/2025:01:18:12 -0500] "GET /contact-us HTTP/1.1" 301 0 "-" "Mozilla/5.0 (Windows NT 6.2; Win64; x64) AppleWebKit/537.36 (KHTML, like Gecko) Chrome/69.0.2675.159 Safari/537.36"
47.76.99.127 - - [04/Jan/2025:01:18:13 -0500] "GET /contact-us/ HTTP/1.1" 200 20623 "-" "Mozilla/5.0 (Windows NT 6.2; Win64; x64) AppleWebKit/537.36 (KHTML, like Gecko) Chrome/69.0.2675.159 Safari/537.36"
165.231.182.10 - - [04/Jan/2025:01:19:07 -0500] "GET / HTTP/1.0" 200 109055 "https://misswavenigeria.com/" "Mozilla/5.0 (Windows NT 6.1; Win64; x64) AppleWebKit/537.36 (KHTML, like Gecko) Chrome/103.0.5060.114 Safari/537.36"
165.231.182.10 - - [04/Jan/2025:01:19:11 -0500] "GET /register/ HTTP/1.0" 200 75922 "https://misswavenigeria.com/register/" "Mozilla/5.0 (Windows NT 6.1; Win64; x64) AppleWebKit/537.36 (KHTML, like Gecko) Chrome/103.0.5060.114 Safari/537.36"
66.29.132.124 - - [04/Jan/2025:01:19:16 -0500] "POST /wp-cron.php?doing_wp_cron=1735971554.5959820747375488281250 HTTP/1.1" 200 0 "-" "WordPress/6.7.1; https://misswavenigeria.com"
165.231.182.10 - - [04/Jan/2025:01:19:13 -0500] "POST /register/ HTTP/1.0" 200 0 "https://misswavenigeria.com/register/" "Mozilla/5.0 (Windows NT 6.1; Win64; x64) AppleWebKit/537.36 (KHTML, like Gecko) Chrome/103.0.5060.114 Safari/537.36"
165.231.182.10 - - [04/Jan/2025:01:21:43 -0500] "GET /register/ HTTP/1.0" 200 75922 "https://misswavenigeria.com/" "Mozilla/5.0 (Windows NT 6.1; Win64; x64) AppleWebKit/537.36 (KHTML, like Gecko) Chrome/103.0.5060.114 Safari/537.36"
165.231.182.10 - - [04/Jan/2025:01:23:17 -0500] "GET / HTTP/1.0" 200 109055 "https://misswavenigeria.com/" "Mozilla/5.0 (Windows NT 6.1; WOW64) AppleWebKit/537.36 (KHTML, like Gecko) Chrome/103.0.0.0 Safari/537.36"
165.231.182.10 - - [04/Jan/2025:01:23:20 -0500] "GET /register/ HTTP/1.0" 200 75922 "https://misswavenigeria.com/register/" "Mozilla/5.0 (Windows NT 6.1; WOW64) AppleWebKit/537.36 (KHTML, like Gecko) Chrome/103.0.0.0 Safari/537.36"
66.29.132.124 - - [04/Jan/2025:01:23:25 -0500] "POST /wp-cron.php?doing_wp_cron=1735971804.3544518947601318359375 HTTP/1.1" 200 0 "-" "WordPress/6.7.1; https://misswavenigeria.com"
165.231.182.10 - - [04/Jan/2025:01:23:23 -0500] "POST /register/ HTTP/1.0" 200 0 "https://misswavenigeria.com/register/" "Mozilla/5.0 (Windows NT 6.1; WOW64) AppleWebKit/537.36 (KHTML, like Gecko) Chrome/103.0.0.0 Safari/537.36"
165.231.182.10 - - [04/Jan/2025:01:25:54 -0500] "GET /register/ HTTP/1.0" 200 75922 "https://misswavenigeria.com/" "Mozilla/5.0 (Windows NT 6.1; WOW64) AppleWebKit/537.36 (KHTML, like Gecko) Chrome/103.0.0.0 Safari/537.36"
165.231.182.10 - - [04/Jan/2025:01:27:28 -0500] "GET / HTTP/1.0" 200 109055 "https://misswavenigeria.com/" "Mozilla/5.0 (Windows NT 6.3; Win64; x64) AppleWebKit/537.36 (KHTML, like Gecko) Chrome/103.0.5060.53 Safari/537.36"
165.231.182.10 - - [04/Jan/2025:01:27:31 -0500] "GET /register/ HTTP/1.0" 200 75922 "https://misswavenigeria.com/register/" "Mozilla/5.0 (Windows NT 6.3; Win64; x64) AppleWebKit/537.36 (KHTML, like Gecko) Chrome/103.0.5060.53 Safari/537.36"
66.29.132.124 - - [04/Jan/2025:01:27:36 -0500] "POST /wp-cron.php?doing_wp_cron=1735972056.3845469951629638671875 HTTP/1.1" 200 0 "-" "WordPress/6.7.1; https://misswavenigeria.com"
66.29.132.124 - - [04/Jan/2025:01:27:37 -0500] "POST /wp-admin/admin-ajax.php?action=async_litespeed&nonce=HEHQE4h0xMRpGgxHKkIxB29AO1pBa3Wl&litespeed_type=imgoptm HTTP/1.1" 200 0 "-" "WordPress/6.7.1; https://misswavenigeria.com"
47.76.209.138 - - [04/Jan/2025:01:29:40 -0500] "HEAD /contact-us HTTP/1.1" 301 0 "-" "Mozilla/5.0 (Windows NT 10.0; Win64; x64) AppleWebKit/537.36 (KHTML, like Gecko) Chrome/68.0.2960.177 Safari/537.36"
47.76.209.138 - - [04/Jan/2025:01:29:41 -0500] "HEAD /contact-us/ HTTP/1.1" 200 0 "-" "Mozilla/5.0 (Windows NT 10.0; Win64; x64) AppleWebKit/537.36 (KHTML, like Gecko) Chrome/68.0.2960.177 Safari/537.36"
47.76.209.138 - - [04/Jan/2025:01:29:41 -0500] "GET /contact-us HTTP/1.1" 301 0 "-" "Mozilla/5.0 (Windows NT 10.0; Win64; x64) AppleWebKit/537.36 (KHTML, like Gecko) Chrome/68.0.2960.177 Safari/537.36"
47.76.209.138 - - [04/Jan/2025:01:29:41 -0500] "GET /contact-us/ HTTP/1.1" 200 20623 "-" "Mozilla/5.0 (Windows NT 10.0; Win64; x64) AppleWebKit/537.36 (KHTML, like Gecko) Chrome/68.0.2960.177 Safari/537.36"
165.231.182.10 - - [04/Jan/2025:01:27:34 -0500] "POST /register/ HTTP/1.0" 200 0 "https://misswavenigeria.com/register/" "Mozilla/5.0 (Windows NT 6.3; Win64; x64) AppleWebKit/537.36 (KHTML, like Gecko) Chrome/103.0.5060.53 Safari/537.36"
165.231.182.10 - - [04/Jan/2025:01:30:05 -0500] "GET /register/ HTTP/1.0" 200 75922 "https://misswavenigeria.com/" "Mozilla/5.0 (Windows NT 6.3; Win64; x64) AppleWebKit/537.36 (KHTML, like Gecko) Chrome/103.0.5060.53 Safari/537.36"
138.246.253.24 - - [04/Jan/2025:01:31:01 -0500] "GET /robots.txt HTTP/1.1" 200 120 "-" "Mozilla/5.0 (Windows NT 10.0; Win64; x64) AppleWebKit/537.36 (KHTML, like Gecko) Chrome/103.0.5060.134 Safari/537.36"
165.231.182.10 - - [04/Jan/2025:01:31:33 -0500] "GET / HTTP/1.0" 200 109055 "https://misswavenigeria.com/" "Mozilla/5.0 (Windows NT 10.0; Win64; x64) AppleWebKit/537.36 (KHTML, like Gecko) Chrome/103.0.5042.0 Safari/537.36"
66.29.132.124 - - [04/Jan/2025:01:31:34 -0500] "POST /wp-cron.php?doing_wp_cron=1735972293.7213850021362304687500 HTTP/1.1" 200 0 "-" "WordPress/6.7.1; https://misswavenigeria.com"
40.77.167.6 - - [04/Jan/2025:01:31:33 -0500] "GET /wp-sitemap-posts-ombrepartners-1.xml HTTP/1.1" 200 202 "-" "Mozilla/5.0 AppleWebKit/537.36 (KHTML, like Gecko; compatible; bingbot/2.0; +http://www.bing.com/bingbot.htm) Chrome/116.0.1938.76 Safari/537.36"
40.77.167.6 - - [04/Jan/2025:01:31:35 -0500] "GET /wp-sitemap-posts-ombrepartners-1.xml HTTP/1.1" 200 202 "-" "Mozilla/5.0 AppleWebKit/537.36 (KHTML, like Gecko; compatible; bingbot/2.0; +http://www.bing.com/bingbot.htm) Chrome/116.0.1938.76 Safari/537.36"
165.231.182.10 - - [04/Jan/2025:01:31:35 -0500] "GET /register/ HTTP/1.0" 200 75922 "https://misswavenigeria.com/register/" "Mozilla/5.0 (Windows NT 10.0; Win64; x64) AppleWebKit/537.36 (KHTML, like Gecko) Chrome/103.0.5042.0 Safari/537.36"
66.29.132.124 - - [04/Jan/2025:01:31:34 -0500] "POST /wp-admin/admin-ajax.php?action=async_litespeed&nonce=zppbbYUS7Sz1ftFsu048POJjbjnoiM6X&litespeed_type=imgoptm HTTP/1.1" 200 21 "-" "WordPress/6.7.1; https://misswavenigeria.com"
165.231.182.10 - - [04/Jan/2025:01:31:37 -0500] "POST /register/ HTTP/1.0" 200 0 "https://misswavenigeria.com/register/" "Mozilla/5.0 (Windows NT 10.0; Win64; x64) AppleWebKit/537.36 (KHTML, like Gecko) Chrome/103.0.5042.0 Safari/537.36"
165.231.182.10 - - [04/Jan/2025:01:34:08 -0500] "GET /register/ HTTP/1.0" 200 75922 "https://misswavenigeria.com/" "Mozilla/5.0 (Windows NT 10.0; Win64; x64) AppleWebKit/537.36 (KHTML, like Gecko) Chrome/103.0.5042.0 Safari/537.36"
165.231.182.10 - - [04/Jan/2025:01:35:47 -0500] "GET / HTTP/1.0" 200 109055 "https://misswavenigeria.com/" "Mozilla/5.0 (Windows NT 6.3; Win64; x64) AppleWebKit/537.36 (KHTML, like Gecko) Chrome/103.0.0.0 Safari/537.36"
165.231.182.10 - - [04/Jan/2025:01:35:50 -0500] "GET /register/ HTTP/1.0" 200 75922 "https://misswavenigeria.com/register/" "Mozilla/5.0 (Windows NT 6.3; Win64; x64) AppleWebKit/537.36 (KHTML, like Gecko) Chrome/103.0.0.0 Safari/537.36"
66.29.132.124 - - [04/Jan/2025:01:35:54 -0500] "POST /wp-cron.php?doing_wp_cron=1735972553.3777968883514404296875 HTTP/1.1" 200 0 "-" "WordPress/6.7.1; https://misswavenigeria.com"
66.29.132.124 - - [04/Jan/2025:01:35:56 -0500] "POST /wp-admin/admin-ajax.php?action=async_litespeed&nonce=lV1N0KYkPjGQotENo8uHVs7U7ZWvIIQZ&litespeed_type=imgoptm HTTP/1.1" 200 0 "-" "WordPress/6.7.1; https://misswavenigeria.com"
47.76.99.127 - - [04/Jan/2025:01:36:57 -0500] "HEAD /contact-us HTTP/1.1" 301 0 "-" "Mozilla/5.0 (Windows NT 6.2; Win64; x64) AppleWebKit/537.36 (KHTML, like Gecko) Chrome/61.0.2620.189 Safari/537.36"
47.76.99.127 - - [04/Jan/2025:01:36:58 -0500] "HEAD /contact-us/ HTTP/1.1" 200 0 "-" "Mozilla/5.0 (Windows NT 6.2; Win64; x64) AppleWebKit/537.36 (KHTML, like Gecko) Chrome/61.0.2620.189 Safari/537.36"
47.76.99.127 - - [04/Jan/2025:01:36:58 -0500] "GET /contact-us HTTP/1.1" 301 0 "-" "Mozilla/5.0 (Windows NT 6.2; Win64; x64) AppleWebKit/537.36 (KHTML, like Gecko) Chrome/61.0.2620.189 Safari/537.36"
47.76.99.127 - - [04/Jan/2025:01:36:58 -0500] "GET /contact-us/ HTTP/1.1" 200 20623 "-" "Mozilla/5.0 (Windows NT 6.2; Win64; x64) AppleWebKit/537.36 (KHTML, like Gecko) Chrome/61.0.2620.189 Safari/537.36"
47.76.209.138 - - [04/Jan/2025:01:38:11 -0500] "HEAD /contact-us HTTP/1.1" 301 0 "-" "Mozilla/5.0 (Windows NT 10.0; Win64; x64) AppleWebKit/537.36 (KHTML, like Gecko) Chrome/61.0.2493.182 Safari/537.36"
47.76.209.138 - - [04/Jan/2025:01:38:11 -0500] "HEAD /contact-us/ HTTP/1.1" 200 0 "-" "Mozilla/5.0 (Windows NT 10.0; Win64; x64) AppleWebKit/537.36 (KHTML, like Gecko) Chrome/61.0.2493.182 Safari/537.36"
47.76.209.138 - - [04/Jan/2025:01:38:12 -0500] "GET /contact-us HTTP/1.1" 301 0 "-" "Mozilla/5.0 (Windows NT 10.0; Win64; x64) AppleWebKit/537.36 (KHTML, like Gecko) Chrome/61.0.2493.182 Safari/537.36"
47.76.209.138 - - [04/Jan/2025:01:38:12 -0500] "GET /contact-us/ HTTP/1.1" 200 20623 "-" "Mozilla/5.0 (Windows NT 10.0; Win64; x64) AppleWebKit/537.36 (KHTML, like Gecko) Chrome/61.0.2493.182 Safari/537.36"
165.231.182.10 - - [04/Jan/2025:01:35:52 -0500] "POST /register/ HTTP/1.0" 200 0 "https://misswavenigeria.com/register/" "Mozilla/5.0 (Windows NT 6.3; Win64; x64) AppleWebKit/537.36 (KHTML, like Gecko) Chrome/103.0.0.0 Safari/537.36"
165.231.182.10 - - [04/Jan/2025:01:38:23 -0500] "GET /register/ HTTP/1.0" 200 75922 "https://misswavenigeria.com/" "Mozilla/5.0 (Windows NT 6.3; Win64; x64) AppleWebKit/537.36 (KHTML, like Gecko) Chrome/103.0.0.0 Safari/537.36"
165.231.182.10 - - [04/Jan/2025:01:39:56 -0500] "GET / HTTP/1.0" 200 109055 "https://misswavenigeria.com/" "Mozilla/5.0 (Windows NT 6.3; WOW64) AppleWebKit/537.36 (KHTML, like Gecko) Chrome/103.0.5060.114 Safari/537.36"
165.231.182.10 - - [04/Jan/2025:01:39:59 -0500] "GET /register/ HTTP/1.0" 200 75922 "https://misswavenigeria.com/register/" "Mozilla/5.0 (Windows NT 6.3; WOW64) AppleWebKit/537.36 (KHTML, like Gecko) Chrome/103.0.5060.114 Safari/537.36"
66.29.132.124 - - [04/Jan/2025:01:40:04 -0500] "POST /wp-cron.php?doing_wp_cron=1735972802.1719439029693603515625 HTTP/1.1" 200 0 "-" "WordPress/6.7.1; https://misswavenigeria.com"
47.76.209.138 - - [04/Jan/2025:01:41:18 -0500] "HEAD /contact-us HTTP/1.1" 301 0 "-" "Mozilla/5.0 (Windows NT 6.1; Win64; x64) AppleWebKit/537.36 (KHTML, like Gecko) Chrome/77.0.3838.133 Safari/537.36"
47.76.209.138 - - [04/Jan/2025:01:41:18 -0500] "HEAD /contact-us/ HTTP/1.1" 200 0 "-" "Mozilla/5.0 (Windows NT 6.1; Win64; x64) AppleWebKit/537.36 (KHTML, like Gecko) Chrome/77.0.3838.133 Safari/537.36"
47.76.209.138 - - [04/Jan/2025:01:41:19 -0500] "GET /contact-us HTTP/1.1" 301 0 "-" "Mozilla/5.0 (Windows NT 6.1; Win64; x64) AppleWebKit/537.36 (KHTML, like Gecko) Chrome/77.0.3838.133 Safari/537.36"
47.76.209.138 - - [04/Jan/2025:01:41:19 -0500] "GET /contact-us/ HTTP/1.1" 200 20623 "-" "Mozilla/5.0 (Windows NT 6.1; Win64; x64) AppleWebKit/537.36 (KHTML, like Gecko) Chrome/77.0.3838.133 Safari/537.36"
165.231.182.10 - - [04/Jan/2025:01:40:01 -0500] "POST /register/ HTTP/1.0" 200 0 "https://misswavenigeria.com/register/" "Mozilla/5.0 (Windows NT 6.3; WOW64) AppleWebKit/537.36 (KHTML, like Gecko) Chrome/103.0.5060.114 Safari/537.36"
165.231.182.10 - - [04/Jan/2025:01:42:32 -0500] "GET /register/ HTTP/1.0" 200 75922 "https://misswavenigeria.com/" "Mozilla/5.0 (Windows NT 6.3; WOW64) AppleWebKit/537.36 (KHTML, like Gecko) Chrome/103.0.5060.114 Safari/537.36"
66.29.132.124 - - [04/Jan/2025:01:42:49 -0500] "POST /wp-cron.php?doing_wp_cron=1735972969.4126091003417968750000 HTTP/1.1" 200 0 "-" "WordPress/6.7.1; https://misswavenigeria.com"
66.249.79.4 - - [04/Jan/2025:01:42:48 -0500] "GET /goods/F319389?k=product HTTP/1.1" 301 0 "-" "Mozilla/5.0 (Linux; Android 6.0.1; Nexus 5X Build/MMB29P) AppleWebKit/537.36 (KHTML, like Gecko) Chrome/131.0.6778.139 Mobile Safari/537.36 (compatible; Googlebot/2.1; +http://www.google.com/bot.html)"
66.29.132.124 - - [04/Jan/2025:01:42:50 -0500] "POST /wp-admin/admin-ajax.php?action=async_litespeed&nonce=Q88xJhmC0fMEb9q0M1UWUHJPHHOKuRPz&litespeed_type=imgoptm HTTP/1.1" 200 0 "-" "WordPress/6.7.1; https://misswavenigeria.com"
66.249.68.67 - - [04/Jan/2025:01:42:51 -0500] "GET /goods/F319389?k=product HTTP/1.1" 404 15610 "-" "Mozilla/5.0 (Linux; Android 6.0.1; Nexus 5X Build/MMB29P) AppleWebKit/537.36 (KHTML, like Gecko) Chrome/131.0.6778.139 Mobile Safari/537.36 (compatible; Googlebot/2.1; +http://www.google.com/bot.html)"
66.249.79.4 - - [04/Jan/2025:01:43:11 -0500] "GET /goods/G345364?k=product HTTP/1.1" 301 0 "-" "Mozilla/5.0 (Linux; Android 6.0.1; Nexus 5X Build/MMB29P) AppleWebKit/537.36 (KHTML, like Gecko) Chrome/131.0.6778.139 Mobile Safari/537.36 (compatible; Googlebot/2.1; +http://www.google.com/bot.html)"
66.249.68.66 - - [04/Jan/2025:01:43:12 -0500] "GET /goods/G345364?k=product HTTP/1.1" 404 15610 "-" "Mozilla/5.0 (Linux; Android 6.0.1; Nexus 5X Build/MMB29P) AppleWebKit/537.36 (KHTML, like Gecko) Chrome/131.0.6778.139 Mobile Safari/537.36 (compatible; Googlebot/2.1; +http://www.google.com/bot.html)"
165.231.182.10 - - [04/Jan/2025:01:43:59 -0500] "GET / HTTP/1.0" 200 109055 "https://misswavenigeria.com/" "Mozilla/5.0 (Windows NT 6.2; Win64; x64) AppleWebKit/537.36 (KHTML, like Gecko) Chrome/103.0.0.0 Safari/537.36"
165.231.182.10 - - [04/Jan/2025:01:44:02 -0500] "GET /register/ HTTP/1.0" 200 75922 "https://misswavenigeria.com/register/" "Mozilla/5.0 (Windows NT 6.2; Win64; x64) AppleWebKit/537.36 (KHTML, like Gecko) Chrome/103.0.0.0 Safari/537.36"
66.29.132.124 - - [04/Jan/2025:01:44:04 -0500] "POST /wp-cron.php?doing_wp_cron=1735973044.6207849979400634765625 HTTP/1.1" 200 0 "-" "WordPress/6.7.1; https://misswavenigeria.com"
66.29.132.124 - - [04/Jan/2025:01:44:05 -0500] "POST /wp-admin/admin-ajax.php?action=async_litespeed&nonce=PTfINlRuCbLXy8i4baq09UU1oqLHNqTi&litespeed_type=imgoptm HTTP/1.1" 200 21 "-" "WordPress/6.7.1; https://misswavenigeria.com"
47.76.99.127 - - [04/Jan/2025:01:44:15 -0500] "HEAD /contact-us HTTP/1.1" 301 0 "-" "Mozilla/5.0 (Windows NT 6.3; Win64; x64) AppleWebKit/537.36 (KHTML, like Gecko) Chrome/76.0.3364.122 Safari/537.36"
47.76.99.127 - - [04/Jan/2025:01:44:15 -0500] "HEAD /contact-us/ HTTP/1.1" 200 0 "-" "Mozilla/5.0 (Windows NT 6.3; Win64; x64) AppleWebKit/537.36 (KHTML, like Gecko) Chrome/76.0.3364.122 Safari/537.36"
47.76.99.127 - - [04/Jan/2025:01:44:15 -0500] "GET /contact-us HTTP/1.1" 301 0 "-" "Mozilla/5.0 (Windows NT 6.3; Win64; x64) AppleWebKit/537.36 (KHTML, like Gecko) Chrome/76.0.3364.122 Safari/537.36"
47.76.99.127 - - [04/Jan/2025:01:44:15 -0500] "GET /contact-us/ HTTP/1.1" 200 20623 "-" "Mozilla/5.0 (Windows NT 6.3; Win64; x64) AppleWebKit/537.36 (KHTML, like Gecko) Chrome/76.0.3364.122 Safari/537.36"
47.76.99.127 - - [04/Jan/2025:01:45:21 -0500] "HEAD /contact-us HTTP/1.1" 301 0 "-" "Mozilla/5.0 (Windows NT 6.1; Win64; x64) AppleWebKit/537.36 (KHTML, like Gecko) Chrome/71.0.2927.70 Safari/537.36"
