165.231.182.10 - - [03/Jan/2025:18:21:06 -0500] "GET /register/ HTTP/1.0" 200 75922 "https://misswavenigeria.com/" "Mozilla/5.0 (Windows NT 10.0; Win64; x64) AppleWebKit/537.36 (KHTML, like Gecko) Chrome/103.0.5060.114 Safari/537.36"
47.76.209.138 - - [03/Jan/2025:18:22:05 -0500] "HEAD /contact HTTP/1.1" 301 0 "-" "Mozilla/5.0 (Windows NT 6.3; Win64; x64) AppleWebKit/537.36 (KHTML, like Gecko) Chrome/74.0.2994.51 Safari/537.36"
66.29.132.124 - - [03/Jan/2025:18:22:06 -0500] "POST /wp-cron.php?doing_wp_cron=1735946526.0964910984039306640625 HTTP/1.1" 200 0 "-" "WordPress/6.7.1; https://misswavenigeria.com"
47.76.209.138 - - [03/Jan/2025:18:22:05 -0500] "HEAD /contestants HTTP/1.1" 301 0 "-" "Mozilla/5.0 (Windows NT 6.3; Win64; x64) AppleWebKit/537.36 (KHTML, like Gecko) Chrome/68.0.2777.127 Safari/537.36"
47.76.209.138 - - [03/Jan/2025:18:22:06 -0500] "HEAD /contestants/ HTTP/1.1" 200 0 "-" "Mozilla/5.0 (Windows NT 6.3; Win64; x64) AppleWebKit/537.36 (KHTML, like Gecko) Chrome/68.0.2777.127 Safari/537.36"
47.76.209.138 - - [03/Jan/2025:18:22:06 -0500] "HEAD /contact/ HTTP/1.1" 200 0 "-" "Mozilla/5.0 (Windows NT 6.3; Win64; x64) AppleWebKit/537.36 (KHTML, like Gecko) Chrome/74.0.2994.51 Safari/537.36"
66.29.132.124 - - [03/Jan/2025:18:22:06 -0500] "POST /wp-admin/admin-ajax.php?action=async_litespeed&nonce=v1X03n34k17Mr3nayoDuE5RQtykJeTSp&litespeed_type=imgoptm HTTP/1.1" 200 21 "-" "WordPress/6.7.1; https://misswavenigeria.com"
47.76.209.138 - - [03/Jan/2025:18:22:06 -0500] "GET /contestants HTTP/1.1" 301 0 "-" "Mozilla/5.0 (Windows NT 6.3; Win64; x64) AppleWebKit/537.36 (KHTML, like Gecko) Chrome/68.0.2777.127 Safari/537.36"
47.76.209.138 - - [03/Jan/2025:18:22:07 -0500] "GET /contact HTTP/1.1" 301 0 "-" "Mozilla/5.0 (Windows NT 6.3; Win64; x64) AppleWebKit/537.36 (KHTML, like Gecko) Chrome/74.0.2994.51 Safari/537.36"
47.76.209.138 - - [03/Jan/2025:18:22:07 -0500] "GET /contestants/ HTTP/1.1" 200 20457 "-" "Mozilla/5.0 (Windows NT 6.3; Win64; x64) AppleWebKit/537.36 (KHTML, like Gecko) Chrome/68.0.2777.127 Safari/537.36"
47.76.209.138 - - [03/Jan/2025:18:22:07 -0500] "GET /contact/ HTTP/1.1" 200 20492 "-" "Mozilla/5.0 (Windows NT 6.3; Win64; x64) AppleWebKit/537.36 (KHTML, like Gecko) Chrome/74.0.2994.51 Safari/537.36"
66.29.132.124 - - [03/Jan/2025:18:23:39 -0500] "POST /wp-cron.php?doing_wp_cron=1735946619.2710719108581542968750 HTTP/1.1" 200 0 "-" "WordPress/6.7.1; https://misswavenigeria.com"
165.231.182.10 - - [03/Jan/2025:18:23:32 -0500] "GET / HTTP/1.0" 200 109055 "https://misswavenigeria.com/" "Mozilla/5.0 (Windows NT 6.3; Win64; x64) AppleWebKit/537.36 (KHTML, like Gecko) Chrome/103.0.5060.114 Safari/537.36"
66.29.132.124 - - [03/Jan/2025:18:23:40 -0500] "POST /wp-admin/admin-ajax.php?action=async_litespeed&nonce=E09QW0Ib6vR4uks1VTMZYyXO0lY4FuhY&litespeed_type=imgoptm HTTP/1.1" 200 0 "-" "WordPress/6.7.1; https://misswavenigeria.com"
165.231.182.10 - - [03/Jan/2025:18:23:42 -0500] "GET /register/ HTTP/1.0" 200 75922 "https://misswavenigeria.com/register/" "Mozilla/5.0 (Windows NT 6.3; Win64; x64) AppleWebKit/537.36 (KHTML, like Gecko) Chrome/103.0.5060.114 Safari/537.36"
165.231.182.10 - - [03/Jan/2025:18:23:44 -0500] "POST /register/ HTTP/1.0" 200 76048 "https://misswavenigeria.com/register/" "Mozilla/5.0 (Windows NT 6.3; Win64; x64) AppleWebKit/537.36 (KHTML, like Gecko) Chrome/103.0.5060.114 Safari/537.36"
66.29.132.124 - - [03/Jan/2025:18:25:25 -0500] "POST /wp-cron.php?doing_wp_cron=1735946725.0968949794769287109375 HTTP/1.1" 200 0 "-" "WordPress/6.7.1; https://misswavenigeria.com"
165.231.182.10 - - [03/Jan/2025:18:25:24 -0500] "GET /register/ HTTP/1.0" 200 75922 "https://misswavenigeria.com/" "Mozilla/5.0 (Windows NT 6.3; Win64; x64) AppleWebKit/537.36 (KHTML, like Gecko) Chrome/103.0.5060.114 Safari/537.36"
66.29.132.124 - - [03/Jan/2025:18:25:25 -0500] "POST /wp-admin/admin-ajax.php?action=async_litespeed&nonce=M9HMAdvLsdkpeD6rOqDn38v4qP5mSwZJ&litespeed_type=imgoptm HTTP/1.1" 200 21 "-" "WordPress/6.7.1; https://misswavenigeria.com"
47.76.209.138 - - [03/Jan/2025:18:25:54 -0500] "HEAD /sponsors HTTP/1.1" 404 0 "-" "Mozilla/5.0 (Windows NT 6.0; Win64; x64) AppleWebKit/537.36 (KHTML, like Gecko) Chrome/68.0.3919.115 Safari/537.36"
47.76.209.138 - - [03/Jan/2025:18:25:55 -0500] "GET /sponsors HTTP/1.1" 404 18018 "-" "Mozilla/5.0 (Windows NT 6.0; Win64; x64) AppleWebKit/537.36 (KHTML, like Gecko) Chrome/68.0.3919.115 Safari/537.36"
47.76.99.127 - - [03/Jan/2025:18:25:54 -0500] "HEAD /register HTTP/1.1" 301 0 "-" "Mozilla/5.0 (Windows NT 6.0; Win64; x64) AppleWebKit/537.36 (KHTML, like Gecko) Chrome/64.0.2310.172 Safari/537.36"
47.76.99.127 - - [03/Jan/2025:18:25:55 -0500] "HEAD /register/ HTTP/1.1" 200 0 "-" "Mozilla/5.0 (Windows NT 6.0; Win64; x64) AppleWebKit/537.36 (KHTML, like Gecko) Chrome/64.0.2310.172 Safari/537.36"
47.76.99.127 - - [03/Jan/2025:18:25:55 -0500] "GET /register HTTP/1.1" 301 0 "-" "Mozilla/5.0 (Windows NT 6.0; Win64; x64) AppleWebKit/537.36 (KHTML, like Gecko) Chrome/64.0.2310.172 Safari/537.36"
47.76.99.127 - - [03/Jan/2025:18:25:55 -0500] "GET /register/ HTTP/1.1" 200 20212 "-" "Mozilla/5.0 (Windows NT 6.0; Win64; x64) AppleWebKit/537.36 (KHTML, like Gecko) Chrome/64.0.2310.172 Safari/537.36"
66.29.132.124 - - [03/Jan/2025:18:27:45 -0500] "POST /wp-cron.php?doing_wp_cron=1735946865.9865310192108154296875 HTTP/1.1" 200 0 "-" "WordPress/6.7.1; https://misswavenigeria.com"
165.231.182.10 - - [03/Jan/2025:18:27:34 -0500] "GET / HTTP/1.0" 200 109053 "https://misswavenigeria.com/" "Mozilla/5.0 (Windows NT 10.0; Win64; x64) AppleWebKit/537.36 (KHTML, like Gecko) Chrome/103.0.0.0 Safari/537.36 Herring/95.1.8810.11"
66.29.132.124 - - [03/Jan/2025:18:27:46 -0500] "POST /wp-admin/admin-ajax.php?action=async_litespeed&nonce=he29fJzOZEsu2HKdz7LGvmMj0IlZARt6&litespeed_type=imgoptm HTTP/1.1" 200 21 "-" "WordPress/6.7.1; https://misswavenigeria.com"
165.231.182.10 - - [03/Jan/2025:18:27:48 -0500] "GET /register/ HTTP/1.0" 200 75922 "https://misswavenigeria.com/register/" "Mozilla/5.0 (Windows NT 10.0; Win64; x64) AppleWebKit/537.36 (KHTML, like Gecko) Chrome/103.0.0.0 Safari/537.36 Herring/95.1.8810.11"
165.231.182.10 - - [03/Jan/2025:18:27:50 -0500] "POST /register/ HTTP/1.0" 200 76048 "https://misswavenigeria.com/register/" "Mozilla/5.0 (Windows NT 10.0; Win64; x64) AppleWebKit/537.36 (KHTML, like Gecko) Chrome/103.0.0.0 Safari/537.36 Herring/95.1.8810.11"
66.29.132.124 - - [03/Jan/2025:18:28:58 -0500] "POST /wp-cron.php?doing_wp_cron=1735946938.3950018882751464843750 HTTP/1.1" 200 0 "-" "WordPress/6.7.1; https://misswavenigeria.com"
165.231.182.10 - - [03/Jan/2025:18:28:58 -0500] "GET /register/ HTTP/1.0" 200 75922 "https://misswavenigeria.com/" "Mozilla/5.0 (Windows NT 10.0; Win64; x64) AppleWebKit/537.36 (KHTML, like Gecko) Chrome/103.0.0.0 Safari/537.36 Herring/95.1.8810.11"
66.29.132.124 - - [03/Jan/2025:18:28:59 -0500] "POST /wp-admin/admin-ajax.php?action=async_litespeed&nonce=53cifYZFJpZ8BnNtPJzm7YUDM2LPyQWq&litespeed_type=imgoptm HTTP/1.1" 200 21 "-" "WordPress/6.7.1; https://misswavenigeria.com"
66.29.132.124 - - [03/Jan/2025:18:31:33 -0500] "POST /wp-cron.php?doing_wp_cron=1735947093.1615610122680664062500 HTTP/1.1" 200 0 "-" "WordPress/6.7.1; https://misswavenigeria.com"
165.231.182.10 - - [03/Jan/2025:18:31:31 -0500] "GET / HTTP/1.0" 200 109055 "https://misswavenigeria.com/" "Mozilla/5.0 (Windows NT 10.0; WOW64) AppleWebKit/537.36 (KHTML, like Gecko) Chrome/103.0.5060.114 Safari/537.36"
66.29.132.124 - - [03/Jan/2025:18:31:33 -0500] "POST /wp-admin/admin-ajax.php?action=async_litespeed&nonce=L4nLYI2qfWx8m4FGNn824Fy07mu8dUeZ&litespeed_type=imgoptm HTTP/1.1" 200 21 "-" "WordPress/6.7.1; https://misswavenigeria.com"
165.231.182.10 - - [03/Jan/2025:18:31:35 -0500] "GET /register/ HTTP/1.0" 200 75922 "https://misswavenigeria.com/register/" "Mozilla/5.0 (Windows NT 10.0; WOW64) AppleWebKit/537.36 (KHTML, like Gecko) Chrome/103.0.5060.114 Safari/537.36"
165.231.182.10 - - [03/Jan/2025:18:31:36 -0500] "POST /register/ HTTP/1.0" 200 76048 "https://misswavenigeria.com/register/" "Mozilla/5.0 (Windows NT 10.0; WOW64) AppleWebKit/537.36 (KHTML, like Gecko) Chrome/103.0.5060.114 Safari/537.36"
66.29.132.124 - - [03/Jan/2025:18:32:54 -0500] "POST /wp-cron.php?doing_wp_cron=1735947174.8947129249572753906250 HTTP/1.1" 200 0 "-" "WordPress/6.7.1; https://misswavenigeria.com"
165.231.182.10 - - [03/Jan/2025:18:32:54 -0500] "GET /register/ HTTP/1.0" 200 75922 "https://misswavenigeria.com/" "Mozilla/5.0 (Windows NT 10.0; WOW64) AppleWebKit/537.36 (KHTML, like Gecko) Chrome/103.0.5060.114 Safari/537.36"
66.29.132.124 - - [03/Jan/2025:18:32:55 -0500] "POST /wp-admin/admin-ajax.php?action=async_litespeed&nonce=ojhHG3T4RiFHoWiWyXInwMW9N0nGesT4&litespeed_type=imgoptm HTTP/1.1" 200 21 "-" "WordPress/6.7.1; https://misswavenigeria.com"
66.29.132.124 - - [03/Jan/2025:18:35:39 -0500] "POST /wp-cron.php?doing_wp_cron=1735947339.3950281143188476562500 HTTP/1.1" 200 0 "-" "WordPress/6.7.1; https://misswavenigeria.com"
165.231.182.10 - - [03/Jan/2025:18:35:37 -0500] "GET / HTTP/1.0" 200 109053 "https://misswavenigeria.com/" "Mozilla/5.0 (Windows NT 10.0) AppleWebKit/537.36 (KHTML, like Gecko) Chrome/103.0.0.0 Safari/537.36"
66.29.132.124 - - [03/Jan/2025:18:35:39 -0500] "POST /wp-admin/admin-ajax.php?action=async_litespeed&nonce=3tZNkZPEE4BJ3AeYlXPT6Hk9M0nrSVvX&litespeed_type=imgoptm HTTP/1.1" 200 21 "-" "WordPress/6.7.1; https://misswavenigeria.com"
165.231.182.10 - - [03/Jan/2025:18:35:41 -0500] "GET /register/ HTTP/1.0" 200 75922 "https://misswavenigeria.com/register/" "Mozilla/5.0 (Windows NT 10.0) AppleWebKit/537.36 (KHTML, like Gecko) Chrome/103.0.0.0 Safari/537.36"
165.231.182.10 - - [03/Jan/2025:18:35:43 -0500] "POST /register/ HTTP/1.0" 200 76048 "https://misswavenigeria.com/register/" "Mozilla/5.0 (Windows NT 10.0) AppleWebKit/537.36 (KHTML, like Gecko) Chrome/103.0.0.0 Safari/537.36"
66.29.132.124 - - [03/Jan/2025:18:37:03 -0500] "POST /wp-cron.php?doing_wp_cron=1735947423.3315749168395996093750 HTTP/1.1" 200 0 "-" "WordPress/6.7.1; https://misswavenigeria.com"
165.231.182.10 - - [03/Jan/2025:18:37:03 -0500] "GET /register/ HTTP/1.0" 200 75922 "https://misswavenigeria.com/" "Mozilla/5.0 (Windows NT 10.0) AppleWebKit/537.36 (KHTML, like Gecko) Chrome/103.0.0.0 Safari/537.36"
66.29.132.124 - - [03/Jan/2025:18:37:03 -0500] "POST /wp-admin/admin-ajax.php?action=async_litespeed&nonce=2gOb96rRCsGX2PERgjzMYRmSacaAOBQA&litespeed_type=imgoptm HTTP/1.1" 200 21 "-" "WordPress/6.7.1; https://misswavenigeria.com"
47.76.209.138 - - [03/Jan/2025:18:38:53 -0500] "HEAD /sponsors HTTP/1.1" 404 0 "-" "Mozilla/5.0 (Windows NT 6.0; Win64; x64) AppleWebKit/537.36 (KHTML, like Gecko) Chrome/66.0.3711.99 Safari/537.36"
47.76.209.138 - - [03/Jan/2025:18:38:53 -0500] "GET /sponsors HTTP/1.1" 404 18018 "-" "Mozilla/5.0 (Windows NT 6.0; Win64; x64) AppleWebKit/537.36 (KHTML, like Gecko) Chrome/66.0.3711.99 Safari/537.36"
66.29.132.124 - - [03/Jan/2025:18:39:39 -0500] "POST /wp-cron.php?doing_wp_cron=1735947579.8946800231933593750000 HTTP/1.1" 200 0 "-" "WordPress/6.7.1; https://misswavenigeria.com"
165.231.182.10 - - [03/Jan/2025:18:39:37 -0500] "GET / HTTP/1.0" 200 109053 "https://misswavenigeria.com/" "Mozilla/5.0 (Windows NT 6.1) AppleWebKit/537.36 (KHTML, like Gecko) Chrome/103.0.5060.114 Safari/537.36"
66.29.132.124 - - [03/Jan/2025:18:39:40 -0500] "POST /wp-admin/admin-ajax.php?action=async_litespeed&nonce=6MJtYPmd9bgA5gGfEXfLFIvOqSaP7ZQ0&litespeed_type=imgoptm HTTP/1.1" 200 21 "-" "WordPress/6.7.1; https://misswavenigeria.com"
165.231.182.10 - - [03/Jan/2025:18:39:42 -0500] "GET /register/ HTTP/1.0" 200 75922 "https://misswavenigeria.com/register/" "Mozilla/5.0 (Windows NT 6.1) AppleWebKit/537.36 (KHTML, like Gecko) Chrome/103.0.5060.114 Safari/537.36"
47.76.209.138 - - [03/Jan/2025:18:41:11 -0500] "HEAD /sponsors HTTP/1.1" 404 0 "-" "Mozilla/5.0 (Windows NT 6.3; Win64; x64) AppleWebKit/537.36 (KHTML, like Gecko) Chrome/60.0.2153.5 Safari/537.36"
47.76.209.138 - - [03/Jan/2025:18:41:11 -0500] "GET /sponsors HTTP/1.1" 404 18018 "-" "Mozilla/5.0 (Windows NT 6.3; Win64; x64) AppleWebKit/537.36 (KHTML, like Gecko) Chrome/60.0.2153.5 Safari/537.36"
66.29.132.124 - - [03/Jan/2025:18:42:07 -0500] "POST /wp-cron.php?doing_wp_cron=1735947727.6900200843811035156250 HTTP/1.1" 200 0 "-" "WordPress/6.7.1; https://misswavenigeria.com"
47.76.99.127 - - [03/Jan/2025:18:42:07 -0500] "HEAD /contact HTTP/1.1" 301 0 "-" "Mozilla/5.0 (Windows NT 6.1; Win64; x64) AppleWebKit/537.36 (KHTML, like Gecko) Chrome/77.0.3702.176 Safari/537.36"
66.29.132.124 - - [03/Jan/2025:18:42:07 -0500] "POST /wp-admin/admin-ajax.php?action=async_litespeed&nonce=aoqZMc4Yq0y8spkbAd1KxVro3WBvO5LH&litespeed_type=imgoptm HTTP/1.1" 200 21 "-" "WordPress/6.7.1; https://misswavenigeria.com"
47.76.99.127 - - [03/Jan/2025:18:42:07 -0500] "HEAD /contact/ HTTP/1.1" 200 0 "-" "Mozilla/5.0 (Windows NT 6.1; Win64; x64) AppleWebKit/537.36 (KHTML, like Gecko) Chrome/77.0.3702.176 Safari/537.36"
47.76.99.127 - - [03/Jan/2025:18:42:08 -0500] "GET /contact HTTP/1.1" 301 0 "-" "Mozilla/5.0 (Windows NT 6.1; Win64; x64) AppleWebKit/537.36 (KHTML, like Gecko) Chrome/77.0.3702.176 Safari/537.36"
47.76.99.127 - - [03/Jan/2025:18:42:08 -0500] "GET /contact/ HTTP/1.1" 200 20491 "-" "Mozilla/5.0 (Windows NT 6.1; Win64; x64) AppleWebKit/537.36 (KHTML, like Gecko) Chrome/77.0.3702.176 Safari/537.36"
165.231.182.10 - - [03/Jan/2025:18:39:43 -0500] "POST /register/ HTTP/1.0" 200 0 "https://misswavenigeria.com/register/" "Mozilla/5.0 (Windows NT 6.1) AppleWebKit/537.36 (KHTML, like Gecko) Chrome/103.0.5060.114 Safari/537.36"
165.231.182.10 - - [03/Jan/2025:18:42:14 -0500] "GET /register/ HTTP/1.0" 200 75922 "https://misswavenigeria.com/" "Mozilla/5.0 (Windows NT 6.1) AppleWebKit/537.36 (KHTML, like Gecko) Chrome/103.0.5060.114 Safari/537.36"
66.29.132.124 - - [03/Jan/2025:18:43:08 -0500] "POST /wp-cron.php?doing_wp_cron=1735947788.0587110519409179687500 HTTP/1.1" 200 0 "-" "WordPress/6.7.1; https://misswavenigeria.com"
47.76.209.138 - - [03/Jan/2025:18:43:07 -0500] "HEAD /about-mwn HTTP/1.1" 301 0 "-" "Mozilla/5.0 (Windows NT 6.1; Win64; x64) AppleWebKit/537.36 (KHTML, like Gecko) Chrome/73.0.3042.31 Safari/537.36"
47.76.209.138 - - [03/Jan/2025:18:43:08 -0500] "HEAD /about-mwn/ HTTP/1.1" 200 0 "-" "Mozilla/5.0 (Windows NT 6.1; Win64; x64) AppleWebKit/537.36 (KHTML, like Gecko) Chrome/73.0.3042.31 Safari/537.36"
66.29.132.124 - - [03/Jan/2025:18:43:08 -0500] "POST /wp-admin/admin-ajax.php?action=async_litespeed&nonce=8Hb0K41CrulV2SyfO4Kr1z93njepdvOf&litespeed_type=imgoptm HTTP/1.1" 200 21 "-" "WordPress/6.7.1; https://misswavenigeria.com"
47.76.209.138 - - [03/Jan/2025:18:43:08 -0500] "GET /about-mwn HTTP/1.1" 301 0 "-" "Mozilla/5.0 (Windows NT 6.1; Win64; x64) AppleWebKit/537.36 (KHTML, like Gecko) Chrome/73.0.3042.31 Safari/537.36"
173.211.69.84 - - [03/Jan/2025:18:43:08 -0500] "HEAD /register HTTP/1.1" 301 0 "-" "Mozilla/5.0 (Windows NT 10.0; Win64; x64) AppleWebKit/537.36 (KHTML, like Gecko) Chrome/67.0.3925.6 Safari/537.36"
173.211.69.84 - - [03/Jan/2025:18:43:09 -0500] "HEAD /register/ HTTP/1.1" 200 0 "-" "Mozilla/5.0 (Windows NT 10.0; Win64; x64) AppleWebKit/537.36 (KHTML, like Gecko) Chrome/67.0.3925.6 Safari/537.36"
47.76.209.138 - - [03/Jan/2025:18:43:09 -0500] "GET /about-mwn/ HTTP/1.1" 200 24734 "-" "Mozilla/5.0 (Windows NT 6.1; Win64; x64) AppleWebKit/537.36 (KHTML, like Gecko) Chrome/73.0.3042.31 Safari/537.36"
173.211.69.84 - - [03/Jan/2025:18:43:09 -0500] "GET /register HTTP/1.1" 301 0 "-" "Mozilla/5.0 (Windows NT 10.0; Win64; x64) AppleWebKit/537.36 (KHTML, like Gecko) Chrome/67.0.3925.6 Safari/537.36"
173.211.69.84 - - [03/Jan/2025:18:43:10 -0500] "GET /register/ HTTP/1.1" 200 20215 "-" "Mozilla/5.0 (Windows NT 10.0; Win64; x64) AppleWebKit/537.36 (KHTML, like Gecko) Chrome/67.0.3925.6 Safari/537.36"
165.231.182.10 - - [03/Jan/2025:18:43:38 -0500] "GET / HTTP/1.0" 200 109053 "https://misswavenigeria.com/" "Mozilla/5.0 (Windows NT 6.3; Win64; x64) AppleWebKit/537.36 (KHTML, like Gecko) Chrome/103.0.5060.53 Safari/537.36"
165.231.182.10 - - [03/Jan/2025:18:43:40 -0500] "GET /register/ HTTP/1.0" 200 75922 "https://misswavenigeria.com/register/" "Mozilla/5.0 (Windows NT 6.3; Win64; x64) AppleWebKit/537.36 (KHTML, like Gecko) Chrome/103.0.5060.53 Safari/537.36"
66.29.132.124 - - [03/Jan/2025:18:43:42 -0500] "POST /wp-cron.php?doing_wp_cron=1735947822.4133379459381103515625 HTTP/1.1" 200 0 "-" "WordPress/6.7.1; https://misswavenigeria.com"
66.29.132.124 - - [03/Jan/2025:18:43:42 -0500] "POST /wp-admin/admin-ajax.php?action=async_litespeed&nonce=zr3yzTTkeY5AMzRpTrMjPddCnUD7KozN&litespeed_type=imgoptm HTTP/1.1" 200 21 "-" "WordPress/6.7.1; https://misswavenigeria.com"
66.29.132.124 - - [03/Jan/2025:18:44:24 -0500] "POST /wp-cron.php?doing_wp_cron=1735947864.7018730640411376953125 HTTP/1.1" 200 0 "-" "WordPress/6.7.1; https://misswavenigeria.com"
47.76.99.127 - - [03/Jan/2025:18:44:24 -0500] "HEAD /contestants HTTP/1.1" 301 0 "-" "Mozilla/5.0 (Windows NT 6.0; Win64; x64) AppleWebKit/537.36 (KHTML, like Gecko) Chrome/72.0.2461.52 Safari/537.36"
47.76.99.127 - - [03/Jan/2025:18:44:24 -0500] "HEAD /contestants/ HTTP/1.1" 200 0 "-" "Mozilla/5.0 (Windows NT 6.0; Win64; x64) AppleWebKit/537.36 (KHTML, like Gecko) Chrome/72.0.2461.52 Safari/537.36"
66.29.132.124 - - [03/Jan/2025:18:44:25 -0500] "POST /wp-admin/admin-ajax.php?action=async_litespeed&nonce=PDli37F9rgd2WGJr1YGFlVD8ri2tu0X0&litespeed_type=imgoptm HTTP/1.1" 200 21 "-" "WordPress/6.7.1; https://misswavenigeria.com"
47.76.99.127 - - [03/Jan/2025:18:44:25 -0500] "GET /contestants HTTP/1.1" 301 0 "-" "Mozilla/5.0 (Windows NT 6.0; Win64; x64) AppleWebKit/537.36 (KHTML, like Gecko) Chrome/72.0.2461.52 Safari/537.36"
47.76.99.127 - - [03/Jan/2025:18:44:25 -0500] "GET /contestants/ HTTP/1.1" 200 20454 "-" "Mozilla/5.0 (Windows NT 6.0; Win64; x64) AppleWebKit/537.36 (KHTML, like Gecko) Chrome/72.0.2461.52 Safari/537.36"
47.76.209.138 - - [03/Jan/2025:18:45:33 -0500] "HEAD /about-mwn HTTP/1.1" 301 0 "-" "Mozilla/5.0 (Windows NT 6.3; Win64; x64) AppleWebKit/537.36 (KHTML, like Gecko) Chrome/71.0.3596.5 Safari/537.36"
47.76.209.138 - - [03/Jan/2025:18:45:33 -0500] "HEAD /register HTTP/1.1" 301 0 "-" "Mozilla/5.0 (Windows NT 6.1; Win64; x64) AppleWebKit/537.36 (KHTML, like Gecko) Chrome/68.0.3726.82 Safari/537.36"
47.76.209.138 - - [03/Jan/2025:18:45:33 -0500] "HEAD /about-mwn/ HTTP/1.1" 200 0 "-" "Mozilla/5.0 (Windows NT 6.3; Win64; x64) AppleWebKit/537.36 (KHTML, like Gecko) Chrome/71.0.3596.5 Safari/537.36"
47.76.209.138 - - [03/Jan/2025:18:45:33 -0500] "HEAD /register/ HTTP/1.1" 200 0 "-" "Mozilla/5.0 (Windows NT 6.1; Win64; x64) AppleWebKit/537.36 (KHTML, like Gecko) Chrome/68.0.3726.82 Safari/537.36"
47.76.209.138 - - [03/Jan/2025:18:45:33 -0500] "GET /about-mwn HTTP/1.1" 301 0 "-" "Mozilla/5.0 (Windows NT 6.3; Win64; x64) AppleWebKit/537.36 (KHTML, like Gecko) Chrome/71.0.3596.5 Safari/537.36"
47.76.209.138 - - [03/Jan/2025:18:45:33 -0500] "GET /register HTTP/1.1" 301 0 "-" "Mozilla/5.0 (Windows NT 6.1; Win64; x64) AppleWebKit/537.36 (KHTML, like Gecko) Chrome/68.0.3726.82 Safari/537.36"
47.76.209.138 - - [03/Jan/2025:18:45:33 -0500] "GET /about-mwn/ HTTP/1.1" 200 24734 "-" "Mozilla/5.0 (Windows NT 6.3; Win64; x64) AppleWebKit/537.36 (KHTML, like Gecko) Chrome/71.0.3596.5 Safari/537.36"
47.76.209.138 - - [03/Jan/2025:18:45:33 -0500] "GET /register/ HTTP/1.1" 200 20215 "-" "Mozilla/5.0 (Windows NT 6.1; Win64; x64) AppleWebKit/537.36 (KHTML, like Gecko) Chrome/68.0.3726.82 Safari/537.36"
165.231.182.10 - - [03/Jan/2025:18:43:42 -0500] "POST /register/ HTTP/1.0" 200 76048 "https://misswavenigeria.com/register/" "Mozilla/5.0 (Windows NT 6.3; Win64; x64) AppleWebKit/537.36 (KHTML, like Gecko) Chrome/103.0.5060.53 Safari/537.36"
66.29.132.124 - - [03/Jan/2025:18:45:40 -0500] "POST /wp-cron.php?doing_wp_cron=1735947940.3110299110412597656250 HTTP/1.1" 200 0 "-" "WordPress/6.7.1; https://misswavenigeria.com"
165.231.182.10 - - [03/Jan/2025:18:45:40 -0500] "GET /register/ HTTP/1.0" 200 75922 "https://misswavenigeria.com/" "Mozilla/5.0 (Windows NT 6.3; Win64; x64) AppleWebKit/537.36 (KHTML, like Gecko) Chrome/103.0.5060.53 Safari/537.36"
66.29.132.124 - - [03/Jan/2025:18:45:40 -0500] "POST /wp-admin/admin-ajax.php?action=async_litespeed&nonce=VIqsYzktuMmCIA2CQAveSaIvBNLeZr1E&litespeed_type=imgoptm HTTP/1.1" 200 21 "-" "WordPress/6.7.1; https://misswavenigeria.com"
66.29.132.124 - - [03/Jan/2025:18:47:35 -0500] "POST /wp-cron.php?doing_wp_cron=1735948055.0505509376525878906250 HTTP/1.1" 200 0 "-" "WordPress/6.7.1; https://misswavenigeria.com"
165.231.182.10 - - [03/Jan/2025:18:47:33 -0500] "GET / HTTP/1.0" 200 109055 "https://misswavenigeria.com/" "Mozilla/5.0 (Windows NT 10.0; Win64; x64) AppleWebKit/537.36 (KHTML, like Gecko) Chrome/103.0.5060.53 Safari/537.36"
66.29.132.124 - - [03/Jan/2025:18:47:35 -0500] "POST /wp-admin/admin-ajax.php?action=async_litespeed&nonce=tMM5rVzAYd6oKxqXVq0snDTVgk81mZGr&litespeed_type=imgoptm HTTP/1.1" 200 21 "-" "WordPress/6.7.1; https://misswavenigeria.com"
165.231.182.10 - - [03/Jan/2025:18:47:37 -0500] "GET /register/ HTTP/1.0" 200 75922 "https://misswavenigeria.com/register/" "Mozilla/5.0 (Windows NT 10.0; Win64; x64) AppleWebKit/537.36 (KHTML, like Gecko) Chrome/103.0.5060.53 Safari/537.36"
47.76.99.127 - - [03/Jan/2025:18:47:50 -0500] "HEAD /contestants HTTP/1.1" 301 0 "-" "Mozilla/5.0 (Windows NT 6.2; Win64; x64) AppleWebKit/537.36 (KHTML, like Gecko) Chrome/75.0.3751.8 Safari/537.36"
47.76.99.127 - - [03/Jan/2025:18:47:51 -0500] "HEAD /contestants/ HTTP/1.1" 200 0 "-" "Mozilla/5.0 (Windows NT 6.2; Win64; x64) AppleWebKit/537.36 (KHTML, like Gecko) Chrome/75.0.3751.8 Safari/537.36"
47.76.99.127 - - [03/Jan/2025:18:47:51 -0500] "GET /contestants HTTP/1.1" 301 0 "-" "Mozilla/5.0 (Windows NT 6.2; Win64; x64) AppleWebKit/537.36 (KHTML, like Gecko) Chrome/75.0.3751.8 Safari/537.36"
47.76.99.127 - - [03/Jan/2025:18:47:51 -0500] "GET /contestants/ HTTP/1.1" 200 20458 "-" "Mozilla/5.0 (Windows NT 6.2; Win64; x64) AppleWebKit/537.36 (KHTML, like Gecko) Chrome/75.0.3751.8 Safari/537.36"
165.231.182.10 - - [03/Jan/2025:18:47:38 -0500] "POST /register/ HTTP/1.0" 200 76048 "https://misswavenigeria.com/register/" "Mozilla/5.0 (Windows NT 10.0; Win64; x64) AppleWebKit/537.36 (KHTML, like Gecko) Chrome/103.0.5060.53 Safari/537.36"
66.29.132.124 - - [03/Jan/2025:18:48:58 -0500] "POST /wp-cron.php?doing_wp_cron=1735948137.9914491176605224609375 HTTP/1.1" 200 0 "-" "WordPress/6.7.1; https://misswavenigeria.com"
165.231.182.10 - - [03/Jan/2025:18:48:57 -0500] "GET /register/ HTTP/1.0" 200 75922 "https://misswavenigeria.com/" "Mozilla/5.0 (Windows NT 10.0; Win64; x64) AppleWebKit/537.36 (KHTML, like Gecko) Chrome/103.0.5060.53 Safari/537.36"
66.29.132.124 - - [03/Jan/2025:18:48:58 -0500] "POST /wp-admin/admin-ajax.php?action=async_litespeed&nonce=3q7FRXUAzcAvShlt4RIcszkREXeRLbRK&litespeed_type=imgoptm HTTP/1.1" 200 21 "-" "WordPress/6.7.1; https://misswavenigeria.com"
66.29.132.124 - - [03/Jan/2025:18:49:32 -0500] "POST /wp-cron.php?doing_wp_cron=1735948172.3290588855743408203125 HTTP/1.1" 200 0 "-" "WordPress/6.7.1; https://misswavenigeria.com"
47.76.99.127 - - [03/Jan/2025:18:49:32 -0500] "HEAD /contestants HTTP/1.1" 301 0 "-" "Mozilla/5.0 (Windows NT 10.0; Win64; x64) AppleWebKit/537.36 (KHTML, like Gecko) Chrome/60.0.3588.13 Safari/537.36"
47.76.99.127 - - [03/Jan/2025:18:49:32 -0500] "HEAD /about-mwn HTTP/1.1" 301 0 "-" "Mozilla/5.0 (Windows NT 10.0; Win64; x64) AppleWebKit/537.36 (KHTML, like Gecko) Chrome/71.0.3634.56 Safari/537.36"
66.29.132.124 - - [03/Jan/2025:18:49:32 -0500] "POST /wp-admin/admin-ajax.php?action=async_litespeed&nonce=lIvFjwjyUgiWnQyWaAzMNYep0SiFpGYl&litespeed_type=imgoptm HTTP/1.1" 200 21 "-" "WordPress/6.7.1; https://misswavenigeria.com"
47.76.99.127 - - [03/Jan/2025:18:49:32 -0500] "HEAD /about-mwn/ HTTP/1.1" 200 0 "-" "Mozilla/5.0 (Windows NT 10.0; Win64; x64) AppleWebKit/537.36 (KHTML, like Gecko) Chrome/71.0.3634.56 Safari/537.36"
47.76.99.127 - - [03/Jan/2025:18:49:32 -0500] "HEAD /contestants/ HTTP/1.1" 200 0 "-" "Mozilla/5.0 (Windows NT 10.0; Win64; x64) AppleWebKit/537.36 (KHTML, like Gecko) Chrome/60.0.3588.13 Safari/537.36"
47.76.99.127 - - [03/Jan/2025:18:49:32 -0500] "GET /about-mwn HTTP/1.1" 301 0 "-" "Mozilla/5.0 (Windows NT 10.0; Win64; x64) AppleWebKit/537.36 (KHTML, like Gecko) Chrome/71.0.3634.56 Safari/537.36"
47.76.99.127 - - [03/Jan/2025:18:49:32 -0500] "GET /contestants HTTP/1.1" 301 0 "-" "Mozilla/5.0 (Windows NT 10.0; Win64; x64) AppleWebKit/537.36 (KHTML, like Gecko) Chrome/60.0.3588.13 Safari/537.36"
47.76.99.127 - - [03/Jan/2025:18:49:33 -0500] "GET /contestants/ HTTP/1.1" 200 20455 "-" "Mozilla/5.0 (Windows NT 10.0; Win64; x64) AppleWebKit/537.36 (KHTML, like Gecko) Chrome/60.0.3588.13 Safari/537.36"
47.76.99.127 - - [03/Jan/2025:18:49:33 -0500] "GET /about-mwn/ HTTP/1.1" 200 24734 "-" "Mozilla/5.0 (Windows NT 10.0; Win64; x64) AppleWebKit/537.36 (KHTML, like Gecko) Chrome/71.0.3634.56 Safari/537.36"
47.76.209.138 - - [03/Jan/2025:18:50:43 -0500] "HEAD /contestants HTTP/1.1" 301 0 "-" "Mozilla/5.0 (Windows NT 10.0; Win64; x64) AppleWebKit/537.36 (KHTML, like Gecko) Chrome/76.0.3307.135 Safari/537.36"
47.76.209.138 - - [03/Jan/2025:18:50:44 -0500] "HEAD /contestants/ HTTP/1.1" 200 0 "-" "Mozilla/5.0 (Windows NT 10.0; Win64; x64) AppleWebKit/537.36 (KHTML, like Gecko) Chrome/76.0.3307.135 Safari/537.36"
47.76.209.138 - - [03/Jan/2025:18:50:44 -0500] "GET /contestants HTTP/1.1" 301 0 "-" "Mozilla/5.0 (Windows NT 10.0; Win64; x64) AppleWebKit/537.36 (KHTML, like Gecko) Chrome/76.0.3307.135 Safari/537.36"
47.76.209.138 - - [03/Jan/2025:18:50:44 -0500] "GET /contestants/ HTTP/1.1" 200 20455 "-" "Mozilla/5.0 (Windows NT 10.0; Win64; x64) AppleWebKit/537.36 (KHTML, like Gecko) Chrome/76.0.3307.135 Safari/537.36"
66.29.132.124 - - [03/Jan/2025:18:51:31 -0500] "POST /wp-cron.php?doing_wp_cron=1735948291.3550050258636474609375 HTTP/1.1" 200 0 "-" "WordPress/6.7.1; https://misswavenigeria.com"
165.231.182.10 - - [03/Jan/2025:18:51:29 -0500] "GET / HTTP/1.0" 200 109055 "https://misswavenigeria.com/" "Mozilla/5.0 (Windows NT 6.3; WOW64) AppleWebKit/537.36 (KHTML, like Gecko) Chrome/103.0.0.0 Safari/537.36"
66.29.132.124 - - [03/Jan/2025:18:51:31 -0500] "POST /wp-admin/admin-ajax.php?action=async_litespeed&nonce=ESMUYgPRwTgLRbQq31k2u0jMeHSBUtRb&litespeed_type=imgoptm HTTP/1.1" 200 21 "-" "WordPress/6.7.1; https://misswavenigeria.com"
165.231.182.10 - - [03/Jan/2025:18:51:33 -0500] "GET /register/ HTTP/1.0" 200 75922 "https://misswavenigeria.com/register/" "Mozilla/5.0 (Windows NT 6.3; WOW64) AppleWebKit/537.36 (KHTML, like Gecko) Chrome/103.0.0.0 Safari/537.36"
47.76.99.127 - - [03/Jan/2025:18:51:46 -0500] "HEAD /about-mwn HTTP/1.1" 301 0 "-" "Mozilla/5.0 (Windows NT 6.0; Win64; x64) AppleWebKit/537.36 (KHTML, like Gecko) Chrome/66.0.3903.179 Safari/537.36"
47.76.209.138 - - [03/Jan/2025:18:51:46 -0500] "HEAD /contestants HTTP/1.1" 301 0 "-" "Mozilla/5.0 (Windows NT 10.0; Win64; x64) AppleWebKit/537.36 (KHTML, like Gecko) Chrome/67.0.3267.41 Safari/537.36"
47.76.99.127 - - [03/Jan/2025:18:51:47 -0500] "HEAD /about-mwn/ HTTP/1.1" 200 0 "-" "Mozilla/5.0 (Windows NT 6.0; Win64; x64) AppleWebKit/537.36 (KHTML, like Gecko) Chrome/66.0.3903.179 Safari/537.36"
47.76.209.138 - - [03/Jan/2025:18:51:47 -0500] "HEAD /contestants/ HTTP/1.1" 200 0 "-" "Mozilla/5.0 (Windows NT 10.0; Win64; x64) AppleWebKit/537.36 (KHTML, like Gecko) Chrome/67.0.3267.41 Safari/537.36"
47.76.99.127 - - [03/Jan/2025:18:51:47 -0500] "GET /about-mwn HTTP/1.1" 301 0 "-" "Mozilla/5.0 (Windows NT 6.0; Win64; x64) AppleWebKit/537.36 (KHTML, like Gecko) Chrome/66.0.3903.179 Safari/537.36"
47.76.209.138 - - [03/Jan/2025:18:51:47 -0500] "GET /contestants HTTP/1.1" 301 0 "-" "Mozilla/5.0 (Windows NT 10.0; Win64; x64) AppleWebKit/537.36 (KHTML, like Gecko) Chrome/67.0.3267.41 Safari/537.36"
47.76.99.127 - - [03/Jan/2025:18:51:47 -0500] "GET /about-mwn/ HTTP/1.1" 200 24734 "-" "Mozilla/5.0 (Windows NT 6.0; Win64; x64) AppleWebKit/537.36 (KHTML, like Gecko) Chrome/66.0.3903.179 Safari/537.36"
47.76.209.138 - - [03/Jan/2025:18:51:47 -0500] "GET /contestants/ HTTP/1.1" 200 20455 "-" "Mozilla/5.0 (Windows NT 10.0; Win64; x64) AppleWebKit/537.36 (KHTML, like Gecko) Chrome/67.0.3267.41 Safari/537.36"
31.58.29.76 - - [03/Jan/2025:18:51:47 -0500] "HEAD /contact HTTP/1.1" 301 0 "-" "Mozilla/5.0 (Windows NT 6.0; Win64; x64) AppleWebKit/537.36 (KHTML, like Gecko) Chrome/69.0.3357.147 Safari/537.36"
31.58.29.76 - - [03/Jan/2025:18:51:48 -0500] "HEAD /contact/ HTTP/1.1" 200 0 "-" "Mozilla/5.0 (Windows NT 6.0; Win64; x64) AppleWebKit/537.36 (KHTML, like Gecko) Chrome/69.0.3357.147 Safari/537.36"
31.58.29.76 - - [03/Jan/2025:18:51:48 -0500] "GET /contact HTTP/1.1" 301 0 "-" "Mozilla/5.0 (Windows NT 6.0; Win64; x64) AppleWebKit/537.36 (KHTML, like Gecko) Chrome/69.0.3357.147 Safari/537.36"
31.58.29.76 - - [03/Jan/2025:18:51:48 -0500] "GET /contact/ HTTP/1.1" 200 20490 "-" "Mozilla/5.0 (Windows NT 6.0; Win64; x64) AppleWebKit/537.36 (KHTML, like Gecko) Chrome/69.0.3357.147 Safari/537.36"
66.29.132.124 - - [03/Jan/2025:18:53:05 -0500] "POST /wp-cron.php?doing_wp_cron=1735948385.6090109348297119140625 HTTP/1.1" 200 0 "-" "WordPress/6.7.1; https://misswavenigeria.com"
47.76.209.138 - - [03/Jan/2025:18:53:05 -0500] "HEAD /register HTTP/1.1" 301 0 "-" "Mozilla/5.0 (Windows NT 6.2; Win64; x64) AppleWebKit/537.36 (KHTML, like Gecko) Chrome/70.0.3778.48 Safari/537.36"
47.76.209.138 - - [03/Jan/2025:18:53:05 -0500] "HEAD /register/ HTTP/1.1" 200 0 "-" "Mozilla/5.0 (Windows NT 6.2; Win64; x64) AppleWebKit/537.36 (KHTML, like Gecko) Chrome/70.0.3778.48 Safari/537.36"
66.29.132.124 - - [03/Jan/2025:18:53:05 -0500] "POST /wp-admin/admin-ajax.php?action=async_litespeed&nonce=4V0RH377rh8q0ELASgWRioesfrihT9nY&litespeed_type=imgoptm HTTP/1.1" 200 21 "-" "WordPress/6.7.1; https://misswavenigeria.com"
165.231.182.10 - - [03/Jan/2025:18:51:35 -0500] "POST /register/ HTTP/1.0" 200 76048 "https://misswavenigeria.com/register/" "Mozilla/5.0 (Windows NT 6.3; WOW64) AppleWebKit/537.36 (KHTML, like Gecko) Chrome/103.0.0.0 Safari/537.36"
47.76.209.138 - - [03/Jan/2025:18:53:06 -0500] "GET /register HTTP/1.1" 301 0 "-" "Mozilla/5.0 (Windows NT 6.2; Win64; x64) AppleWebKit/537.36 (KHTML, like Gecko) Chrome/70.0.3778.48 Safari/537.36"
47.76.209.138 - - [03/Jan/2025:18:53:06 -0500] "GET /register/ HTTP/1.1" 200 20222 "-" "Mozilla/5.0 (Windows NT 6.2; Win64; x64) AppleWebKit/537.36 (KHTML, like Gecko) Chrome/70.0.3778.48 Safari/537.36"
165.231.182.10 - - [03/Jan/2025:18:53:07 -0500] "GET /register/ HTTP/1.0" 200 75922 "https://misswavenigeria.com/" "Mozilla/5.0 (Windows NT 6.3; WOW64) AppleWebKit/537.36 (KHTML, like Gecko) Chrome/103.0.0.0 Safari/537.36"
84.33.218.154 - - [03/Jan/2025:18:53:09 -0500] "HEAD /contact HTTP/1.1" 301 0 "-" "Mozilla/5.0 (Windows NT 10.0; Win64; x64) AppleWebKit/537.36 (KHTML, like Gecko) Chrome/74.0.3588.155 Safari/537.36"
84.33.218.154 - - [03/Jan/2025:18:53:10 -0500] "HEAD /contact/ HTTP/1.1" 200 0 "-" "Mozilla/5.0 (Windows NT 10.0; Win64; x64) AppleWebKit/537.36 (KHTML, like Gecko) Chrome/74.0.3588.155 Safari/537.36"
84.33.218.154 - - [03/Jan/2025:18:53:10 -0500] "GET /contact HTTP/1.1" 301 0 "-" "Mozilla/5.0 (Windows NT 10.0; Win64; x64) AppleWebKit/537.36 (KHTML, like Gecko) Chrome/74.0.3588.155 Safari/537.36"
84.33.218.154 - - [03/Jan/2025:18:53:11 -0500] "GET /contact/ HTTP/1.1" 200 20489 "-" "Mozilla/5.0 (Windows NT 10.0; Win64; x64) AppleWebKit/537.36 (KHTML, like Gecko) Chrome/74.0.3588.155 Safari/537.36"
47.76.99.127 - - [03/Jan/2025:18:54:06 -0500] "HEAD /register HTTP/1.1" 301 0 "-" "Mozilla/5.0 (Windows NT 6.1; Win64; x64) AppleWebKit/537.36 (KHTML, like Gecko) Chrome/70.0.2810.182 Safari/537.36"
47.76.99.127 - - [03/Jan/2025:18:54:06 -0500] "HEAD /register/ HTTP/1.1" 200 0 "-" "Mozilla/5.0 (Windows NT 6.1; Win64; x64) AppleWebKit/537.36 (KHTML, like Gecko) Chrome/70.0.2810.182 Safari/537.36"
66.29.132.124 - - [03/Jan/2025:18:54:06 -0500] "POST /wp-cron.php?doing_wp_cron=1735948446.6712989807128906250000 HTTP/1.1" 200 0 "-" "WordPress/6.7.1; https://misswavenigeria.com"
47.76.209.138 - - [03/Jan/2025:18:54:06 -0500] "HEAD /contact-us HTTP/1.1" 301 0 "-" "Mozilla/5.0 (Windows NT 6.1; Win64; x64) AppleWebKit/537.36 (KHTML, like Gecko) Chrome/70.0.3658.92 Safari/537.36"
47.76.99.127 - - [03/Jan/2025:18:54:06 -0500] "GET /register HTTP/1.1" 301 0 "-" "Mozilla/5.0 (Windows NT 6.1; Win64; x64) AppleWebKit/537.36 (KHTML, like Gecko) Chrome/70.0.2810.182 Safari/537.36"
47.76.99.127 - - [03/Jan/2025:18:54:07 -0500] "GET /register/ HTTP/1.1" 200 20222 "-" "Mozilla/5.0 (Windows NT 6.1; Win64; x64) AppleWebKit/537.36 (KHTML, like Gecko) Chrome/70.0.2810.182 Safari/537.36"
66.29.132.124 - - [03/Jan/2025:18:54:06 -0500] "POST /wp-admin/admin-ajax.php?action=async_litespeed&nonce=hwSiqiukyGVXRie3varVLmrA94EZYF3o&litespeed_type=imgoptm HTTP/1.1" 200 21 "-" "WordPress/6.7.1; https://misswavenigeria.com"
47.76.209.138 - - [03/Jan/2025:18:54:06 -0500] "HEAD /contact-us/ HTTP/1.1" 200 0 "-" "Mozilla/5.0 (Windows NT 6.1; Win64; x64) AppleWebKit/537.36 (KHTML, like Gecko) Chrome/70.0.3658.92 Safari/537.36"
47.76.209.138 - - [03/Jan/2025:18:54:07 -0500] "GET /contact-us HTTP/1.1" 301 0 "-" "Mozilla/5.0 (Windows NT 6.1; Win64; x64) AppleWebKit/537.36 (KHTML, like Gecko) Chrome/70.0.3658.92 Safari/537.36"
47.76.209.138 - - [03/Jan/2025:18:54:07 -0500] "GET /contact-us/ HTTP/1.1" 200 20623 "-" "Mozilla/5.0 (Windows NT 6.1; Win64; x64) AppleWebKit/537.36 (KHTML, like Gecko) Chrome/70.0.3658.92 Safari/537.36"
47.76.209.138 - - [03/Jan/2025:18:55:03 -0500] "HEAD /contact HTTP/1.1" 301 0 "-" "Mozilla/5.0 (Windows NT 6.1; Win64; x64) AppleWebKit/537.36 (KHTML, like Gecko) Chrome/72.0.3133.51 Safari/537.36"
47.76.209.138 - - [03/Jan/2025:18:55:04 -0500] "HEAD /contact/ HTTP/1.1" 200 0 "-" "Mozilla/5.0 (Windows NT 6.1; Win64; x64) AppleWebKit/537.36 (KHTML, like Gecko) Chrome/72.0.3133.51 Safari/537.36"
47.76.209.138 - - [03/Jan/2025:18:55:04 -0500] "GET /contact HTTP/1.1" 301 0 "-" "Mozilla/5.0 (Windows NT 6.1; Win64; x64) AppleWebKit/537.36 (KHTML, like Gecko) Chrome/72.0.3133.51 Safari/537.36"
66.29.132.124 - - [03/Jan/2025:18:55:04 -0500] "POST /wp-cron.php?doing_wp_cron=1735948504.4528760910034179687500 HTTP/1.1" 200 0 "-" "WordPress/6.7.1; https://misswavenigeria.com"
47.76.209.138 - - [03/Jan/2025:18:55:04 -0500] "GET /contact/ HTTP/1.1" 200 20489 "-" "Mozilla/5.0 (Windows NT 6.1; Win64; x64) AppleWebKit/537.36 (KHTML, like Gecko) Chrome/72.0.3133.51 Safari/537.36"
47.76.209.138 - - [03/Jan/2025:18:55:03 -0500] "HEAD /contestants HTTP/1.1" 301 0 "-" "Mozilla/5.0 (Windows NT 6.1; Win64; x64) AppleWebKit/537.36 (KHTML, like Gecko) Chrome/64.0.2750.114 Safari/537.36"
66.29.132.124 - - [03/Jan/2025:18:55:04 -0500] "POST /wp-admin/admin-ajax.php?action=async_litespeed&nonce=CADpzLS3SHx55jwZfauKpYP5yLN5tlUk&litespeed_type=imgoptm HTTP/1.1" 200 21 "-" "WordPress/6.7.1; https://misswavenigeria.com"
47.76.209.138 - - [03/Jan/2025:18:55:04 -0500] "HEAD /contestants/ HTTP/1.1" 200 0 "-" "Mozilla/5.0 (Windows NT 6.1; Win64; x64) AppleWebKit/537.36 (KHTML, like Gecko) Chrome/64.0.2750.114 Safari/537.36"
47.76.209.138 - - [03/Jan/2025:18:55:05 -0500] "GET /contestants HTTP/1.1" 301 0 "-" "Mozilla/5.0 (Windows NT 6.1; Win64; x64) AppleWebKit/537.36 (KHTML, like Gecko) Chrome/64.0.2750.114 Safari/537.36"
47.76.209.138 - - [03/Jan/2025:18:55:06 -0500] "GET /contestants/ HTTP/1.1" 200 20458 "-" "Mozilla/5.0 (Windows NT 6.1; Win64; x64) AppleWebKit/537.36 (KHTML, like Gecko) Chrome/64.0.2750.114 Safari/537.36"
66.29.132.124 - - [03/Jan/2025:18:55:34 -0500] "POST /wp-cron.php?doing_wp_cron=1735948534.5055971145629882812500 HTTP/1.1" 200 0 "-" "WordPress/6.7.1; https://misswavenigeria.com"
165.231.182.10 - - [03/Jan/2025:18:55:34 -0500] "GET / HTTP/1.0" 200 109055 "https://misswavenigeria.com/" "Mozilla/5.0 (Windows NT 10.0; WOW64) AppleWebKit/537.36 (KHTML, like Gecko) Chrome/103.0.5060.114 Safari/537.36"
66.29.132.124 - - [03/Jan/2025:18:55:34 -0500] "POST /wp-admin/admin-ajax.php?action=async_litespeed&nonce=4eGuVEqfZr1Hvnz5s6Gxq3uTfeibPtDD&litespeed_type=imgoptm HTTP/1.1" 200 21 "-" "WordPress/6.7.1; https://misswavenigeria.com"
165.231.182.10 - - [03/Jan/2025:18:55:36 -0500] "GET /register/ HTTP/1.0" 200 75922 "https://misswavenigeria.com/register/" "Mozilla/5.0 (Windows NT 10.0; WOW64) AppleWebKit/537.36 (KHTML, like Gecko) Chrome/103.0.5060.114 Safari/537.36"
165.231.182.10 - - [03/Jan/2025:18:55:38 -0500] "POST /register/ HTTP/1.0" 200 76048 "https://misswavenigeria.com/register/" "Mozilla/5.0 (Windows NT 10.0; WOW64) AppleWebKit/537.36 (KHTML, like Gecko) Chrome/103.0.5060.114 Safari/537.36"
66.29.132.124 - - [03/Jan/2025:18:57:00 -0500] "POST /wp-cron.php?doing_wp_cron=1735948620.9199268817901611328125 HTTP/1.1" 200 0 "-" "WordPress/6.7.1; https://misswavenigeria.com"
165.231.182.10 - - [03/Jan/2025:18:57:00 -0500] "GET /register/ HTTP/1.0" 200 75922 "https://misswavenigeria.com/" "Mozilla/5.0 (Windows NT 10.0; WOW64) AppleWebKit/537.36 (KHTML, like Gecko) Chrome/103.0.5060.114 Safari/537.36"
66.29.132.124 - - [03/Jan/2025:18:57:01 -0500] "POST /wp-admin/admin-ajax.php?action=async_litespeed&nonce=LlQVfy4bYMxtnRdRFYOEusaZg6fpJtSE&litespeed_type=imgoptm HTTP/1.1" 200 21 "-" "WordPress/6.7.1; https://misswavenigeria.com"
66.29.132.124 - - [03/Jan/2025:18:57:34 -0500] "POST /wp-cron.php?doing_wp_cron=1735948654.1774420738220214843750 HTTP/1.1" 200 0 "-" "WordPress/6.7.1; https://misswavenigeria.com"
47.76.209.138 - - [03/Jan/2025:18:57:34 -0500] "HEAD /contestants HTTP/1.1" 301 0 "-" "Mozilla/5.0 (Windows NT 6.0; Win64; x64) AppleWebKit/537.36 (KHTML, like Gecko) Chrome/64.0.2664.1 Safari/537.36"
47.76.99.127 - - [03/Jan/2025:18:57:34 -0500] "HEAD /contact-us HTTP/1.1" 301 0 "-" "Mozilla/5.0 (Windows NT 6.0; Win64; x64) AppleWebKit/537.36 (KHTML, like Gecko) Chrome/60.0.2358.145 Safari/537.36"
47.76.99.127 - - [03/Jan/2025:18:57:34 -0500] "HEAD /contact HTTP/1.1" 301 0 "-" "Mozilla/5.0 (Windows NT 6.0; Win64; x64) AppleWebKit/537.36 (KHTML, like Gecko) Chrome/70.0.2504.43 Safari/537.36"
66.29.132.124 - - [03/Jan/2025:18:57:34 -0500] "POST /wp-admin/admin-ajax.php?action=async_litespeed&nonce=dnnjHF7bMrVuXZsst5JnO1uPZTkqbhCW&litespeed_type=imgoptm HTTP/1.1" 200 21 "-" "WordPress/6.7.1; https://misswavenigeria.com"
47.76.99.127 - - [03/Jan/2025:18:57:34 -0500] "HEAD /contact-us/ HTTP/1.1" 200 0 "-" "Mozilla/5.0 (Windows NT 6.0; Win64; x64) AppleWebKit/537.36 (KHTML, like Gecko) Chrome/60.0.2358.145 Safari/537.36"
47.76.99.127 - - [03/Jan/2025:18:57:34 -0500] "HEAD /contact/ HTTP/1.1" 200 0 "-" "Mozilla/5.0 (Windows NT 6.0; Win64; x64) AppleWebKit/537.36 (KHTML, like Gecko) Chrome/70.0.2504.43 Safari/537.36"
47.76.209.138 - - [03/Jan/2025:18:57:34 -0500] "HEAD /contestants/ HTTP/1.1" 200 0 "-" "Mozilla/5.0 (Windows NT 6.0; Win64; x64) AppleWebKit/537.36 (KHTML, like Gecko) Chrome/64.0.2664.1 Safari/537.36"
47.76.99.127 - - [03/Jan/2025:18:57:34 -0500] "GET /contact HTTP/1.1" 301 0 "-" "Mozilla/5.0 (Windows NT 6.0; Win64; x64) AppleWebKit/537.36 (KHTML, like Gecko) Chrome/70.0.2504.43 Safari/537.36"
47.76.99.127 - - [03/Jan/2025:18:57:34 -0500] "GET /contact-us HTTP/1.1" 301 0 "-" "Mozilla/5.0 (Windows NT 6.0; Win64; x64) AppleWebKit/537.36 (KHTML, like Gecko) Chrome/60.0.2358.145 Safari/537.36"
47.76.209.138 - - [03/Jan/2025:18:57:34 -0500] "GET /contestants HTTP/1.1" 301 0 "-" "Mozilla/5.0 (Windows NT 6.0; Win64; x64) AppleWebKit/537.36 (KHTML, like Gecko) Chrome/64.0.2664.1 Safari/537.36"
47.76.209.138 - - [03/Jan/2025:18:57:35 -0500] "GET /contestants/ HTTP/1.1" 200 20457 "-" "Mozilla/5.0 (Windows NT 6.0; Win64; x64) AppleWebKit/537.36 (KHTML, like Gecko) Chrome/64.0.2664.1 Safari/537.36"
47.76.99.127 - - [03/Jan/2025:18:57:35 -0500] "GET /contact/ HTTP/1.1" 200 20492 "-" "Mozilla/5.0 (Windows NT 6.0; Win64; x64) AppleWebKit/537.36 (KHTML, like Gecko) Chrome/70.0.2504.43 Safari/537.36"
47.76.99.127 - - [03/Jan/2025:18:57:35 -0500] "GET /contact-us/ HTTP/1.1" 200 20618 "-" "Mozilla/5.0 (Windows NT 6.0; Win64; x64) AppleWebKit/537.36 (KHTML, like Gecko) Chrome/60.0.2358.145 Safari/537.36"
47.76.209.138 - - [03/Jan/2025:18:58:35 -0500] "HEAD /contact-us HTTP/1.1" 301 0 "-" "Mozilla/5.0 (Windows NT 6.3; Win64; x64) AppleWebKit/537.36 (KHTML, like Gecko) Chrome/70.0.2333.167 Safari/537.36"
47.76.209.138 - - [03/Jan/2025:18:58:35 -0500] "HEAD /contestants HTTP/1.1" 301 0 "-" "Mozilla/5.0 (Windows NT 10.0; Win64; x64) AppleWebKit/537.36 (KHTML, like Gecko) Chrome/76.0.3993.83 Safari/537.36"
47.76.209.138 - - [03/Jan/2025:18:58:35 -0500] "HEAD /contact-us/ HTTP/1.1" 200 0 "-" "Mozilla/5.0 (Windows NT 6.3; Win64; x64) AppleWebKit/537.36 (KHTML, like Gecko) Chrome/70.0.2333.167 Safari/537.36"
47.76.209.138 - - [03/Jan/2025:18:58:35 -0500] "HEAD /contestants/ HTTP/1.1" 200 0 "-" "Mozilla/5.0 (Windows NT 10.0; Win64; x64) AppleWebKit/537.36 (KHTML, like Gecko) Chrome/76.0.3993.83 Safari/537.36"
47.76.209.138 - - [03/Jan/2025:18:58:35 -0500] "GET /contact-us HTTP/1.1" 301 0 "-" "Mozilla/5.0 (Windows NT 6.3; Win64; x64) AppleWebKit/537.36 (KHTML, like Gecko) Chrome/70.0.2333.167 Safari/537.36"
47.76.209.138 - - [03/Jan/2025:18:58:35 -0500] "GET /contestants HTTP/1.1" 301 0 "-" "Mozilla/5.0 (Windows NT 10.0; Win64; x64) AppleWebKit/537.36 (KHTML, like Gecko) Chrome/76.0.3993.83 Safari/537.36"
47.76.209.138 - - [03/Jan/2025:18:58:35 -0500] "GET /contact-us/ HTTP/1.1" 200 20618 "-" "Mozilla/5.0 (Windows NT 6.3; Win64; x64) AppleWebKit/537.36 (KHTML, like Gecko) Chrome/70.0.2333.167 Safari/537.36"
47.76.209.138 - - [03/Jan/2025:18:58:36 -0500] "GET /contestants/ HTTP/1.1" 200 20457 "-" "Mozilla/5.0 (Windows NT 10.0; Win64; x64) AppleWebKit/537.36 (KHTML, like Gecko) Chrome/76.0.3993.83 Safari/537.36"
66.29.132.124 - - [03/Jan/2025:18:58:37 -0500] "POST /wp-cron.php?doing_wp_cron=1735948717.2852220535278320312500 HTTP/1.1" 200 0 "-" "WordPress/6.7.1; https://misswavenigeria.com"
198.105.111.196 - - [03/Jan/2025:18:58:37 -0500] "HEAD /register HTTP/1.1" 301 0 "-" "Mozilla/5.0 (Windows NT 10.0; Win64; x64) AppleWebKit/537.36 (KHTML, like Gecko) Chrome/76.0.2250.194 Safari/537.36"
66.29.132.124 - - [03/Jan/2025:18:58:37 -0500] "POST /wp-admin/admin-ajax.php?action=async_litespeed&nonce=w8Jv2dUibAP1rW5QoSXsNO3xhak37lsp&litespeed_type=imgoptm HTTP/1.1" 200 21 "-" "WordPress/6.7.1; https://misswavenigeria.com"
198.105.111.196 - - [03/Jan/2025:18:58:37 -0500] "HEAD /register/ HTTP/1.1" 200 0 "-" "Mozilla/5.0 (Windows NT 10.0; Win64; x64) AppleWebKit/537.36 (KHTML, like Gecko) Chrome/76.0.2250.194 Safari/537.36"
198.105.111.196 - - [03/Jan/2025:18:58:38 -0500] "GET /register HTTP/1.1" 301 0 "-" "Mozilla/5.0 (Windows NT 10.0; Win64; x64) AppleWebKit/537.36 (KHTML, like Gecko) Chrome/76.0.2250.194 Safari/537.36"
198.105.111.196 - - [03/Jan/2025:18:58:38 -0500] "GET /register/ HTTP/1.1" 200 20223 "-" "Mozilla/5.0 (Windows NT 10.0; Win64; x64) AppleWebKit/537.36 (KHTML, like Gecko) Chrome/76.0.2250.194 Safari/537.36"
66.29.132.124 - - [03/Jan/2025:18:59:31 -0500] "POST /wp-cron.php?doing_wp_cron=1735948771.0110011100769042968750 HTTP/1.1" 200 0 "-" "WordPress/6.7.1; https://misswavenigeria.com"
165.231.182.10 - - [03/Jan/2025:18:59:30 -0500] "GET / HTTP/1.0" 200 109053 "https://misswavenigeria.com/" "Mozilla/5.0 (Windows NT 10.0; Win64; x64) AppleWebKit/537.36 (KHTML, like Gecko) Chrome/103.0.0.0 Safari/537.36 OpenWave/97.4.2043.44"
66.29.132.124 - - [03/Jan/2025:18:59:31 -0500] "POST /wp-admin/admin-ajax.php?action=async_litespeed&nonce=CW0opLUBghGT6XgCkoNtPQ8UtCRpBcIy&litespeed_type=imgoptm HTTP/1.1" 200 21 "-" "WordPress/6.7.1; https://misswavenigeria.com"
165.231.182.10 - - [03/Jan/2025:18:59:33 -0500] "GET /register/ HTTP/1.0" 200 75922 "https://misswavenigeria.com/register/" "Mozilla/5.0 (Windows NT 10.0; Win64; x64) AppleWebKit/537.36 (KHTML, like Gecko) Chrome/103.0.0.0 Safari/537.36 OpenWave/97.4.2043.44"
47.76.99.127 - - [03/Jan/2025:19:00:36 -0500] "HEAD /contestants HTTP/1.1" 301 0 "-" "Mozilla/5.0 (Windows NT 6.1; Win64; x64) AppleWebKit/537.36 (KHTML, like Gecko) Chrome/74.0.2033.127 Safari/537.36"
47.76.209.138 - - [03/Jan/2025:19:00:36 -0500] "HEAD /contact HTTP/1.1" 301 0 "-" "Mozilla/5.0 (Windows NT 6.0; Win64; x64) AppleWebKit/537.36 (KHTML, like Gecko) Chrome/60.0.3579.162 Safari/537.36"
47.76.99.127 - - [03/Jan/2025:19:00:36 -0500] "HEAD /contestants/ HTTP/1.1" 200 0 "-" "Mozilla/5.0 (Windows NT 6.1; Win64; x64) AppleWebKit/537.36 (KHTML, like Gecko) Chrome/74.0.2033.127 Safari/537.36"
47.76.209.138 - - [03/Jan/2025:19:00:36 -0500] "HEAD /contact/ HTTP/1.1" 200 0 "-" "Mozilla/5.0 (Windows NT 6.0; Win64; x64) AppleWebKit/537.36 (KHTML, like Gecko) Chrome/60.0.3579.162 Safari/537.36"
47.76.99.127 - - [03/Jan/2025:19:00:36 -0500] "GET /contestants HTTP/1.1" 301 0 "-" "Mozilla/5.0 (Windows NT 6.1; Win64; x64) AppleWebKit/537.36 (KHTML, like Gecko) Chrome/74.0.2033.127 Safari/537.36"
47.76.209.138 - - [03/Jan/2025:19:00:36 -0500] "GET /contact HTTP/1.1" 301 0 "-" "Mozilla/5.0 (Windows NT 6.0; Win64; x64) AppleWebKit/537.36 (KHTML, like Gecko) Chrome/60.0.3579.162 Safari/537.36"
47.76.99.127 - - [03/Jan/2025:19:00:36 -0500] "GET /contestants/ HTTP/1.1" 200 20457 "-" "Mozilla/5.0 (Windows NT 6.1; Win64; x64) AppleWebKit/537.36 (KHTML, like Gecko) Chrome/74.0.2033.127 Safari/537.36"
47.76.209.138 - - [03/Jan/2025:19:00:36 -0500] "GET /contact/ HTTP/1.1" 200 20492 "-" "Mozilla/5.0 (Windows NT 6.0; Win64; x64) AppleWebKit/537.36 (KHTML, like Gecko) Chrome/60.0.3579.162 Safari/537.36"
191.96.174.162 - - [03/Jan/2025:19:00:36 -0500] "HEAD /contact-us HTTP/1.1" 301 0 "-" "Mozilla/5.0 (Windows NT 6.1; Win64; x64) AppleWebKit/537.36 (KHTML, like Gecko) Chrome/75.0.3659.163 Safari/537.36"
191.96.174.162 - - [03/Jan/2025:19:00:37 -0500] "HEAD /contact-us/ HTTP/1.1" 200 0 "-" "Mozilla/5.0 (Windows NT 6.1; Win64; x64) AppleWebKit/537.36 (KHTML, like Gecko) Chrome/75.0.3659.163 Safari/537.36"
191.96.174.162 - - [03/Jan/2025:19:00:37 -0500] "GET /contact-us HTTP/1.1" 301 0 "-" "Mozilla/5.0 (Windows NT 6.1; Win64; x64) AppleWebKit/537.36 (KHTML, like Gecko) Chrome/75.0.3659.163 Safari/537.36"
191.96.174.162 - - [03/Jan/2025:19:00:37 -0500] "GET /contact-us/ HTTP/1.1" 200 20618 "-" "Mozilla/5.0 (Windows NT 6.1; Win64; x64) AppleWebKit/537.36 (KHTML, like Gecko) Chrome/75.0.3659.163 Safari/537.36"
165.231.182.10 - - [03/Jan/2025:18:59:34 -0500] "POST /register/ HTTP/1.0" 200 76048 "https://misswavenigeria.com/register/" "Mozilla/5.0 (Windows NT 10.0; Win64; x64) AppleWebKit/537.36 (KHTML, like Gecko) Chrome/103.0.0.0 Safari/537.36 OpenWave/97.4.2043.44"
66.29.132.124 - - [03/Jan/2025:19:01:23 -0500] "POST /wp-cron.php?doing_wp_cron=1735948883.8217608928680419921875 HTTP/1.1" 200 0 "-" "WordPress/6.7.1; https://misswavenigeria.com"
165.231.182.10 - - [03/Jan/2025:19:01:23 -0500] "GET /register/ HTTP/1.0" 200 75922 "https://misswavenigeria.com/" "Mozilla/5.0 (Windows NT 10.0; Win64; x64) AppleWebKit/537.36 (KHTML, like Gecko) Chrome/103.0.0.0 Safari/537.36 OpenWave/97.4.2043.44"
66.29.132.124 - - [03/Jan/2025:19:01:24 -0500] "POST /wp-admin/admin-ajax.php?action=async_litespeed&nonce=dqM4HlrmWBpmkht4DmvrXN4wSV7k9kOX&litespeed_type=imgoptm HTTP/1.1" 200 21 "-" "WordPress/6.7.1; https://misswavenigeria.com"
66.29.132.124 - - [03/Jan/2025:19:01:38 -0500] "POST /wp-cron.php?doing_wp_cron=1735948898.1965899467468261718750 HTTP/1.1" 200 0 "-" "WordPress/6.7.1; https://misswavenigeria.com"
47.76.209.138 - - [03/Jan/2025:19:01:37 -0500] "HEAD /contact HTTP/1.1" 301 0 "-" "Mozilla/5.0 (Windows NT 6.0; Win64; x64) AppleWebKit/537.36 (KHTML, like Gecko) Chrome/68.0.2883.21 Safari/537.36"
47.76.209.138 - - [03/Jan/2025:19:01:38 -0500] "HEAD /contact/ HTTP/1.1" 200 0 "-" "Mozilla/5.0 (Windows NT 6.0; Win64; x64) AppleWebKit/537.36 (KHTML, like Gecko) Chrome/68.0.2883.21 Safari/537.36"
47.76.209.138 - - [03/Jan/2025:19:01:38 -0500] "GET /contact HTTP/1.1" 301 0 "-" "Mozilla/5.0 (Windows NT 6.0; Win64; x64) AppleWebKit/537.36 (KHTML, like Gecko) Chrome/68.0.2883.21 Safari/537.36"
47.76.209.138 - - [03/Jan/2025:19:01:39 -0500] "GET /contact/ HTTP/1.1" 200 20491 "-" "Mozilla/5.0 (Windows NT 6.0; Win64; x64) AppleWebKit/537.36 (KHTML, like Gecko) Chrome/68.0.2883.21 Safari/537.36"
66.29.132.124 - - [03/Jan/2025:19:03:11 -0500] "POST /wp-cron.php?doing_wp_cron=1735948991.3878729343414306640625 HTTP/1.1" 200 0 "-" "WordPress/6.7.1; https://misswavenigeria.com"
66.29.132.124 - - [03/Jan/2025:19:03:11 -0500] "POST /wp-cron.php?doing_wp_cron=1735948991.3882040977478027343750 HTTP/1.1" 200 0 "-" "WordPress/6.7.1; https://misswavenigeria.com"
47.76.99.127 - - [03/Jan/2025:19:03:09 -0500] "HEAD /contact-us HTTP/1.1" 301 0 "-" "Mozilla/5.0 (Windows NT 6.2; Win64; x64) AppleWebKit/537.36 (KHTML, like Gecko) Chrome/63.0.2557.112 Safari/537.36"
47.76.209.138 - - [03/Jan/2025:19:03:09 -0500] "HEAD /contestants HTTP/1.1" 301 0 "-" "Mozilla/5.0 (Windows NT 6.3; Win64; x64) AppleWebKit/537.36 (KHTML, like Gecko) Chrome/69.0.3293.168 Safari/537.36"
47.76.99.127 - - [03/Jan/2025:19:03:11 -0500] "HEAD /contact-us/ HTTP/1.1" 200 0 "-" "Mozilla/5.0 (Windows NT 6.2; Win64; x64) AppleWebKit/537.36 (KHTML, like Gecko) Chrome/63.0.2557.112 Safari/537.36"
47.76.209.138 - - [03/Jan/2025:19:03:11 -0500] "HEAD /contestants/ HTTP/1.1" 200 0 "-" "Mozilla/5.0 (Windows NT 6.3; Win64; x64) AppleWebKit/537.36 (KHTML, like Gecko) Chrome/69.0.3293.168 Safari/537.36"
66.29.132.124 - - [03/Jan/2025:19:03:11 -0500] "POST /wp-admin/admin-ajax.php?action=async_litespeed&nonce=wVnsP7cgnRyn1DFAU7JK6lNNj1wmojzz&litespeed_type=imgoptm HTTP/1.1" 200 21 "-" "WordPress/6.7.1; https://misswavenigeria.com"
47.76.99.127 - - [03/Jan/2025:19:03:11 -0500] "GET /contact-us HTTP/1.1" 301 0 "-" "Mozilla/5.0 (Windows NT 6.2; Win64; x64) AppleWebKit/537.36 (KHTML, like Gecko) Chrome/63.0.2557.112 Safari/537.36"
