202.8.43.235 - - [03/Jan/2025:09:28:11 -0500] "GET /?b=69002066 HTTP/1.1" 301 0 "-" "Mozilla/5.0 (Linux; Android 13) AppleWebKit/537.36 (KHTML, like Gecko) Chrome/108.0.5359.128 Mobile Safari/537.36 (compatible; AhrefsSiteAudit/6.1; +http://ahrefs.com/robot/site-audit)"
149.56.150.239 - - [03/Jan/2025:09:28:12 -0500] "GET /category/email-marketing/ HTTP/1.1" 200 86296 "-" "Mozilla/5.0 (compatible; Dataprovider.com)"
149.56.150.239 - - [03/Jan/2025:09:28:13 -0500] "GET /category/seo/ HTTP/1.1" 200 90151 "-" "Mozilla/5.0 (compatible; Dataprovider.com)"
202.8.43.235 - - [03/Jan/2025:09:28:13 -0500] "GET /?b=198782466 HTTP/1.1" 301 0 "-" "Mozilla/5.0 (Linux; Android 13) AppleWebKit/537.36 (KHTML, like Gecko) Chrome/108.0.5359.128 Mobile Safari/537.36 (compatible; AhrefsSiteAudit/6.1; +http://ahrefs.com/robot/site-audit)"
149.56.150.239 - - [03/Jan/2025:09:28:14 -0500] "GET /category/diys/ HTTP/1.1" 200 83826 "-" "Mozilla/5.0 (compatible; Dataprovider.com)"
66.249.68.69 - - [03/Jan/2025:09:28:14 -0500] "GET /?b=294096566 HTTP/1.1" 200 80905 "-" "Mozilla/5.0 (Linux; Android 6.0.1; Nexus 5X Build/MMB29P) AppleWebKit/537.36 (KHTML, like Gecko) Chrome/131.0.6778.139 Mobile Safari/537.36 (compatible; GoogleOther)"
149.56.150.239 - - [03/Jan/2025:09:28:15 -0500] "GET /category/smm/ HTTP/1.1" 200 81679 "-" "Mozilla/5.0 (compatible; Dataprovider.com)"
202.8.43.232 - - [03/Jan/2025:09:28:15 -0500] "GET /?b=33227966 HTTP/1.1" 301 0 "-" "Mozilla/5.0 (Linux; Android 13) AppleWebKit/537.36 (KHTML, like Gecko) Chrome/108.0.5359.128 Mobile Safari/537.36 (compatible; AhrefsSiteAudit/6.1; +http://ahrefs.com/robot/site-audit)"
149.56.150.239 - - [03/Jan/2025:09:28:16 -0500] "GET /category/ai/ HTTP/1.1" 200 83910 "-" "Mozilla/5.0 (compatible; Dataprovider.com)"
149.56.150.239 - - [03/Jan/2025:09:28:17 -0500] "GET /category/ppc/ HTTP/1.1" 200 79003 "-" "Mozilla/5.0 (compatible; Dataprovider.com)"
202.8.43.232 - - [03/Jan/2025:09:28:17 -0500] "GET /?b=342637966 HTTP/1.1" 301 0 "-" "Mozilla/5.0 (Linux; Android 13) AppleWebKit/537.36 (KHTML, like Gecko) Chrome/108.0.5359.128 Mobile Safari/537.36 (compatible; AhrefsSiteAudit/6.1; +http://ahrefs.com/robot/site-audit)"
149.56.150.239 - - [03/Jan/2025:09:28:18 -0500] "GET / HTTP/1.1" 200 109380 "-" "Mozilla/5.0 (Linux; Android 10; SM-G981B) AppleWebKit/537.36 (KHTML, like Gecko) Chrome/80.0.3987.162 Mobile Safari/537.36"
207.46.13.18 - - [03/Jan/2025:09:28:18 -0500] "GET /kipxk/t2769815.html HTTP/1.1" 200 79357 "-" "Mozilla/5.0 AppleWebKit/537.36 (KHTML, like Gecko; compatible; bingbot/2.0; +http://www.bing.com/bingbot.htm) Chrome/116.0.1938.76 Safari/537.36"
149.56.150.239 - - [03/Jan/2025:09:28:19 -0500] "GET /humans.txt HTTP/1.1" 404 80556 "http://blog.diixadigital.com/humans.txt" "Mozilla/5.0 (compatible; Dataprovider.com)"
202.8.43.233 - - [03/Jan/2025:09:28:19 -0500] "GET /?b=345400266 HTTP/1.1" 301 0 "-" "Mozilla/5.0 (Linux; Android 13) AppleWebKit/537.36 (KHTML, like Gecko) Chrome/108.0.5359.128 Mobile Safari/537.36 (compatible; AhrefsSiteAudit/6.1; +http://ahrefs.com/robot/site-audit)"
149.56.150.239 - - [03/Jan/2025:09:28:20 -0500] "GET /ads.txt HTTP/1.1" 404 80556 "http://blog.diixadigital.com/ads.txt" "Mozilla/5.0 (compatible; Dataprovider.com)"
149.56.150.239 - - [03/Jan/2025:09:28:21 -0500] "GET /security.txt HTTP/1.1" 404 80556 "http://blog.diixadigital.com/security.txt" "Mozilla/5.0 (compatible; Dataprovider.com)"
202.8.43.235 - - [03/Jan/2025:09:28:21 -0500] "GET /?b=338164966 HTTP/1.1" 301 0 "-" "Mozilla/5.0 (Linux; Android 13) AppleWebKit/537.36 (KHTML, like Gecko) Chrome/108.0.5359.128 Mobile Safari/537.36 (compatible; AhrefsSiteAudit/6.1; +http://ahrefs.com/robot/site-audit)"
66.29.132.124 - - [03/Jan/2025:09:28:22 -0500] "POST /wp-cron.php?doing_wp_cron=1735914502.1347351074218750000000 HTTP/1.1" 200 0 "-" "WordPress/6.7.1; https://blog.diixadigital.com"
149.56.150.239 - - [03/Jan/2025:09:28:21 -0500] "GET /.well-known/security.txt HTTP/1.1" 404 80556 "http://blog.diixadigital.com/.well-known/security.txt" "Mozilla/5.0 (compatible; Dataprovider.com)"
66.249.68.68 - - [03/Jan/2025:09:28:23 -0500] "GET /?b=133048466 HTTP/1.1" 200 80399 "-" "Mozilla/5.0 (Linux; Android 6.0.1; Nexus 5X Build/MMB29P) AppleWebKit/537.36 (KHTML, like Gecko) Chrome/131.0.6778.139 Mobile Safari/537.36 (compatible; GoogleOther)"
202.8.43.233 - - [03/Jan/2025:09:28:24 -0500] "GET /?b=121480866 HTTP/1.1" 301 0 "-" "Mozilla/5.0 (Linux; Android 13) AppleWebKit/537.36 (KHTML, like Gecko) Chrome/108.0.5359.128 Mobile Safari/537.36 (compatible; AhrefsSiteAudit/6.1; +http://ahrefs.com/robot/site-audit)"
202.8.43.235 - - [03/Jan/2025:09:28:25 -0500] "GET /?b=97319666 HTTP/1.1" 301 0 "-" "Mozilla/5.0 (Linux; Android 13) AppleWebKit/537.36 (KHTML, like Gecko) Chrome/108.0.5359.128 Mobile Safari/537.36 (compatible; AhrefsSiteAudit/6.1; +http://ahrefs.com/robot/site-audit)"
202.8.43.236 - - [03/Jan/2025:09:28:27 -0500] "GET /?b=110620266 HTTP/1.1" 301 0 "-" "Mozilla/5.0 (Linux; Android 13) AppleWebKit/537.36 (KHTML, like Gecko) Chrome/108.0.5359.128 Mobile Safari/537.36 (compatible; AhrefsSiteAudit/6.1; +http://ahrefs.com/robot/site-audit)"
202.8.43.234 - - [03/Jan/2025:09:28:29 -0500] "GET /?b=241410366 HTTP/1.1" 301 0 "-" "Mozilla/5.0 (Linux; Android 13) AppleWebKit/537.36 (KHTML, like Gecko) Chrome/108.0.5359.128 Mobile Safari/537.36 (compatible; AhrefsSiteAudit/6.1; +http://ahrefs.com/robot/site-audit)"
202.8.43.235 - - [03/Jan/2025:09:28:31 -0500] "GET /?b=132313666 HTTP/1.1" 301 0 "-" "Mozilla/5.0 (Linux; Android 13) AppleWebKit/537.36 (KHTML, like Gecko) Chrome/108.0.5359.128 Mobile Safari/537.36 (compatible; AhrefsSiteAudit/6.1; +http://ahrefs.com/robot/site-audit)"
66.249.68.68 - - [03/Jan/2025:09:28:32 -0500] "GET /?b=80563966 HTTP/1.1" 200 80518 "-" "Mozilla/5.0 (Linux; Android 6.0.1; Nexus 5X Build/MMB29P) AppleWebKit/537.36 (KHTML, like Gecko) Chrome/131.0.6778.139 Mobile Safari/537.36 (compatible; GoogleOther)"
202.8.43.233 - - [03/Jan/2025:09:28:34 -0500] "GET /?b=317013266 HTTP/1.1" 301 0 "-" "Mozilla/5.0 (Linux; Android 13) AppleWebKit/537.36 (KHTML, like Gecko) Chrome/108.0.5359.128 Mobile Safari/537.36 (compatible; AhrefsSiteAudit/6.1; +http://ahrefs.com/robot/site-audit)"
202.8.43.236 - - [03/Jan/2025:09:28:35 -0500] "GET /?b=258989966 HTTP/1.1" 301 0 "-" "Mozilla/5.0 (Linux; Android 13) AppleWebKit/537.36 (KHTML, like Gecko) Chrome/108.0.5359.128 Mobile Safari/537.36 (compatible; AhrefsSiteAudit/6.1; +http://ahrefs.com/robot/site-audit)"
202.8.43.232 - - [03/Jan/2025:09:28:37 -0500] "GET /?b=42697766 HTTP/1.1" 301 0 "-" "Mozilla/5.0 (Linux; Android 13) AppleWebKit/537.36 (KHTML, like Gecko) Chrome/108.0.5359.128 Mobile Safari/537.36 (compatible; AhrefsSiteAudit/6.1; +http://ahrefs.com/robot/site-audit)"
149.56.160.170 - - [03/Jan/2025:09:28:39 -0500] "GET / HTTP/1.1" 200 17138 "-" "Mozilla/5.0 (compatible; Dataprovider.com)"
149.56.160.170 - - [03/Jan/2025:09:28:39 -0500] "GET /wp-includes/css/dist/block-library/style.min.css?ver=6.7.1 HTTP/1.1" 200 14225 "https://blog.diixadigital.com/" "Mozilla/5.0 (compatible; Dataprovider.com)"
149.56.160.170 - - [03/Jan/2025:09:28:39 -0500] "GET /wp-content/plugins/redux-framework/redux-core/assets/css/extendify-utilities.css?ver=4.4.15 HTTP/1.1" 200 5382 "https://blog.diixadigital.com/" "Mozilla/5.0 (compatible; Dataprovider.com)"
149.56.160.170 - - [03/Jan/2025:09:28:39 -0500] "GET /wp-content/plugins/contact-form-7/includes/css/styles.css?ver=5.9.3 HTTP/1.1" 200 890 "https://blog.diixadigital.com/" "Mozilla/5.0 (compatible; Dataprovider.com)"
149.56.160.170 - - [03/Jan/2025:09:28:39 -0500] "GET /wp-content/plugins/rubik-shortcode/css/shortcode.css?ver=6.7.1 HTTP/1.1" 200 1613 "https://blog.diixadigital.com/" "Mozilla/5.0 (compatible; Dataprovider.com)"
149.56.160.170 - - [03/Jan/2025:09:28:39 -0500] "GET /wp-content/themes/rubik/css/bkstyle.css?ver=6.7.1 HTTP/1.1" 200 36014 "https://blog.diixadigital.com/" "Mozilla/5.0 (compatible; Dataprovider.com)"
149.56.160.170 - - [03/Jan/2025:09:28:39 -0500] "GET /wp-content/themes/rubik/framework/bootstrap/css/bootstrap.css?ver=6.7.1 HTTP/1.1" 200 5519 "https://blog.diixadigital.com/" "Mozilla/5.0 (compatible; Dataprovider.com)"
149.56.160.170 - - [03/Jan/2025:09:28:39 -0500] "GET /wp-content/themes/rubik/css/fonts/awesome-fonts/css/font-awesome.min.css?ver=6.7.1 HTTP/1.1" 200 6658 "https://blog.diixadigital.com/" "Mozilla/5.0 (compatible; Dataprovider.com)"
149.56.160.170 - - [03/Jan/2025:09:28:39 -0500] "GET /wp-content/themes/rubik/css/external.css?ver=6.7.1 HTTP/1.1" 200 7518 "https://blog.diixadigital.com/" "Mozilla/5.0 (compatible; Dataprovider.com)"
149.56.160.170 - - [03/Jan/2025:09:28:39 -0500] "GET /wp-content/themes/rubik/css/responsive.css?ver=6.7.1 HTTP/1.1" 200 7810 "https://blog.diixadigital.com/" "Mozilla/5.0 (compatible; Dataprovider.com)"
149.56.160.170 - - [03/Jan/2025:09:28:39 -0500] "GET /wp-content/themes/rubik/css/css_w/css_1170.css?ver=6.7.1 HTTP/1.1" 200 276 "https://blog.diixadigital.com/" "Mozilla/5.0 (compatible; Dataprovider.com)"
149.56.160.170 - - [03/Jan/2025:09:28:39 -0500] "GET /wp-includes/js/jquery/jquery-migrate.min.js?ver=3.4.1 HTTP/1.1" 200 4678 "https://blog.diixadigital.com/" "Mozilla/5.0 (compatible; Dataprovider.com)"
149.56.160.170 - - [03/Jan/2025:09:28:39 -0500] "GET /wp-includes/js/jquery/jquery.min.js?ver=3.7.1 HTTP/1.1" 200 29744 "https://blog.diixadigital.com/" "Mozilla/5.0 (compatible; Dataprovider.com)"
149.56.160.170 - - [03/Jan/2025:09:28:39 -0500] "GET /wp-content/uploads/2024/04/safari-730x400.jpeg HTTP/1.1" 200 21717 "https://blog.diixadigital.com/" "Mozilla/5.0 (compatible; Dataprovider.com)"
202.8.43.236 - - [03/Jan/2025:09:28:39 -0500] "GET /?b=91967066 HTTP/1.1" 301 0 "-" "Mozilla/5.0 (Linux; Android 13) AppleWebKit/537.36 (KHTML, like Gecko) Chrome/108.0.5359.128 Mobile Safari/537.36 (compatible; AhrefsSiteAudit/6.1; +http://ahrefs.com/robot/site-audit)"
149.56.160.170 - - [03/Jan/2025:09:28:40 -0500] "GET /wp-content/plugins/contact-form-7/includes/swv/js/index.js?ver=5.9.3 HTTP/1.1" 200 3228 "https://blog.diixadigital.com/" "Mozilla/5.0 (compatible; Dataprovider.com)"
149.56.160.170 - - [03/Jan/2025:09:28:40 -0500] "GET /wp-includes/js/jquery/ui/core.min.js?ver=1.13.3 HTTP/1.1" 200 6811 "https://blog.diixadigital.com/" "Mozilla/5.0 (compatible; Dataprovider.com)"
149.56.160.170 - - [03/Jan/2025:09:28:40 -0500] "GET /wp-content/plugins/contact-form-7/includes/js/index.js?ver=5.9.3 HTTP/1.1" 200 3919 "https://blog.diixadigital.com/" "Mozilla/5.0 (compatible; Dataprovider.com)"
149.56.160.170 - - [03/Jan/2025:09:28:40 -0500] "GET /wp-content/plugins/rubik-shortcode/js/shortcode.js?ver=6.7.1 HTTP/1.1" 200 514 "https://blog.diixadigital.com/" "Mozilla/5.0 (compatible; Dataprovider.com)"
149.56.160.170 - - [03/Jan/2025:09:28:40 -0500] "GET /wp-includes/js/jquery/ui/tabs.min.js?ver=1.13.3 HTTP/1.1" 200 3794 "https://blog.diixadigital.com/" "Mozilla/5.0 (compatible; Dataprovider.com)"
149.56.160.170 - - [03/Jan/2025:09:28:40 -0500] "GET /wp-includes/js/jquery/ui/accordion.min.js?ver=1.13.3 HTTP/1.1" 200 2669 "https://blog.diixadigital.com/" "Mozilla/5.0 (compatible; Dataprovider.com)"
149.56.160.170 - - [03/Jan/2025:09:28:40 -0500] "GET /wp-includes/js/imagesloaded.min.js?ver=5.0.0 HTTP/1.1" 200 1687 "https://blog.diixadigital.com/" "Mozilla/5.0 (compatible; Dataprovider.com)"
149.56.160.170 - - [03/Jan/2025:09:28:40 -0500] "GET /wp-includes/js/jquery/jquery.masonry.min.js?ver=3.1.2b HTTP/1.1" 200 628 "https://blog.diixadigital.com/" "Mozilla/5.0 (compatible; Dataprovider.com)"
149.56.160.170 - - [03/Jan/2025:09:28:40 -0500] "GET /wp-includes/js/masonry.min.js?ver=4.2.2 HTTP/1.1" 200 7117 "https://blog.diixadigital.com/" "Mozilla/5.0 (compatible; Dataprovider.com)"
149.56.160.170 - - [03/Jan/2025:09:28:40 -0500] "GET /wp-content/themes/rubik/js/cookie.min.js?ver=6.7.1 HTTP/1.1" 200 934 "https://blog.diixadigital.com/" "Mozilla/5.0 (compatible; Dataprovider.com)"
149.56.160.170 - - [03/Jan/2025:09:28:40 -0500] "GET /wp-content/themes/rubik/js/jquery.magnific-popup.min.js?ver=6.7.1 HTTP/1.1" 200 7285 "https://blog.diixadigital.com/" "Mozilla/5.0 (compatible; Dataprovider.com)"
149.56.160.170 - - [03/Jan/2025:09:28:40 -0500] "GET /wp-content/themes/rubik/js/froogaloop2.min.js?ver=6.7.1 HTTP/1.1" 200 730 "https://blog.diixadigital.com/" "Mozilla/5.0 (compatible; Dataprovider.com)"
149.56.160.170 - - [03/Jan/2025:09:28:40 -0500] "GET /wp-content/themes/rubik/js/jquery.flexslider.js?ver=6.7.1 HTTP/1.1" 200 11735 "https://blog.diixadigital.com/" "Mozilla/5.0 (compatible; Dataprovider.com)"
149.56.160.170 - - [03/Jan/2025:09:28:40 -0500] "GET /wp-content/themes/rubik/js/jquery.fs.tipper.js?ver=6.7.1 HTTP/1.1" 200 1666 "https://blog.diixadigital.com/" "Mozilla/5.0 (compatible; Dataprovider.com)"
149.56.160.170 - - [03/Jan/2025:09:28:40 -0500] "GET /wp-content/themes/rubik/js/jquery-news-ticker.js?ver=6.7.1 HTTP/1.1" 200 4141 "https://blog.diixadigital.com/" "Mozilla/5.0 (compatible; Dataprovider.com)"
149.56.160.170 - - [03/Jan/2025:09:28:40 -0500] "GET /wp-content/themes/rubik/js/playlist.js?ver=6.7.1 HTTP/1.1" 200 500 "https://blog.diixadigital.com/" "Mozilla/5.0 (compatible; Dataprovider.com)"
149.56.160.170 - - [03/Jan/2025:09:28:40 -0500] "GET /wp-content/themes/rubik/js/customjs.js?ver=6.7.1 HTTP/1.1" 200 6300 "https://blog.diixadigital.com/" "Mozilla/5.0 (compatible; Dataprovider.com)"
149.56.160.170 - - [03/Jan/2025:09:28:40 -0500] "GET /wp-content/themes/rubik/js/modernizr.js?ver=6.7.1 HTTP/1.1" 200 3913 "https://blog.diixadigital.com/" "Mozilla/5.0 (compatible; Dataprovider.com)"
149.56.160.170 - - [03/Jan/2025:09:28:40 -0500] "GET /wp-content/uploads/2024/04/DIIXA-LOGO-e1712066114240.png HTTP/1.1" 200 3782 "https://blog.diixadigital.com/" "Mozilla/5.0 (compatible; Dataprovider.com)"
149.56.160.170 - - [03/Jan/2025:09:28:40 -0500] "GET /wp-content/themes/rubik/js/slick.js?ver=6.7.1 HTTP/1.1" 200 8765 "https://blog.diixadigital.com/" "Mozilla/5.0 (compatible; Dataprovider.com)"
149.56.160.170 - - [03/Jan/2025:09:28:40 -0500] "GET /wp-content/themes/rubik/js/menu.js?ver=6.7.1 HTTP/1.1" 200 848 "https://blog.diixadigital.com/" "Mozilla/5.0 (compatible; Dataprovider.com)"
149.56.160.170 - - [03/Jan/2025:09:28:40 -0500] "GET /wp-content/themes/rubik/js/onviewport.js?ver=6.7.1 HTTP/1.1" 200 983 "https://blog.diixadigital.com/" "Mozilla/5.0 (compatible; Dataprovider.com)"
149.56.160.170 - - [03/Jan/2025:09:28:40 -0500] "GET /wp-content/themes/rubik/js/module-load-post.js?ver=6.7.1 HTTP/1.1" 200 6559 "https://blog.diixadigital.com/" "Mozilla/5.0 (compatible; Dataprovider.com)"
149.56.160.170 - - [03/Jan/2025:09:28:40 -0500] "GET /wp-content/themes/rubik/js/justifiedGallery.js?ver=6.7.1 HTTP/1.1" 200 4757 "https://blog.diixadigital.com/" "Mozilla/5.0 (compatible; Dataprovider.com)"
149.56.160.170 - - [03/Jan/2025:09:28:40 -0500] "GET /wp-content/themes/rubik/js/jquery.fitvids.js?ver=6.7.1 HTTP/1.1" 200 1134 "https://blog.diixadigital.com/" "Mozilla/5.0 (compatible; Dataprovider.com)"
149.56.160.170 - - [03/Jan/2025:09:28:40 -0500] "GET /wp-content/uploads/2024/04/v.jpeg HTTP/1.1" 200 10253 "https://blog.diixadigital.com/" "Mozilla/5.0 (compatible; Dataprovider.com)"
149.56.160.170 - - [03/Jan/2025:09:28:40 -0500] "GET /wp-content/uploads/2024/04/DIIXA-LOGO-1-e1712060107568.png HTTP/1.1" 200 4780 "https://blog.diixadigital.com/" "Mozilla/5.0 (compatible; Dataprovider.com)"
149.56.160.170 - - [03/Jan/2025:09:28:40 -0500] "GET /wp-content/uploads/2024/04/rssfedd-150x105.png HTTP/1.1" 200 4639 "https://blog.diixadigital.com/" "Mozilla/5.0 (compatible; Dataprovider.com)"
149.56.160.170 - - [03/Jan/2025:09:28:40 -0500] "GET /wp-content/uploads/2024/04/lin-150x105.webp HTTP/1.1" 200 3526 "https://blog.diixadigital.com/" "Mozilla/5.0 (compatible; Dataprovider.com)"
149.56.160.170 - - [03/Jan/2025:09:28:40 -0500] "GET /wp-content/uploads/2024/04/seo-150x105.png HTTP/1.1" 200 20761 "https://blog.diixadigital.com/" "Mozilla/5.0 (compatible; Dataprovider.com)"
149.56.160.170 - - [03/Jan/2025:09:28:40 -0500] "GET /wp-content/uploads/2024/04/rssfedd-310x280.png HTTP/1.1" 200 11205 "https://blog.diixadigital.com/" "Mozilla/5.0 (compatible; Dataprovider.com)"
149.56.160.170 - - [03/Jan/2025:09:28:40 -0500] "GET /wp-content/uploads/2024/04/Group_12552-310x280.jpg HTTP/1.1" 200 7294 "https://blog.diixadigital.com/" "Mozilla/5.0 (compatible; Dataprovider.com)"
149.56.160.170 - - [03/Jan/2025:09:28:40 -0500] "GET /wp-content/uploads/2024/04/vanityvsactionable-310x280.png HTTP/1.1" 200 26317 "https://blog.diixadigital.com/" "Mozilla/5.0 (compatible; Dataprovider.com)"
149.56.160.170 - - [03/Jan/2025:09:28:40 -0500] "GET /wp-content/uploads/2024/04/seo-2-150x105.png HTTP/1.1" 200 11764 "https://blog.diixadigital.com/" "Mozilla/5.0 (compatible; Dataprovider.com)"
149.56.160.170 - - [03/Jan/2025:09:28:40 -0500] "GET /wp-content/uploads/2024/04/make-money-social-media-310x280.jpg HTTP/1.1" 200 30398 "https://blog.diixadigital.com/" "Mozilla/5.0 (compatible; Dataprovider.com)"
149.56.160.170 - - [03/Jan/2025:09:28:40 -0500] "GET /wp-content/uploads/2024/04/safari-310x280.jpeg HTTP/1.1" 200 11383 "https://blog.diixadigital.com/" "Mozilla/5.0 (compatible; Dataprovider.com)"
149.56.160.170 - - [03/Jan/2025:09:28:40 -0500] "GET /wp-content/uploads/2024/04/seo-310x280.png HTTP/1.1" 200 76419 "https://blog.diixadigital.com/" "Mozilla/5.0 (compatible; Dataprovider.com)"
149.56.160.170 - - [03/Jan/2025:09:28:40 -0500] "GET /wp-content/uploads/2024/04/make-money-social-media-90x65.jpg HTTP/1.1" 200 4201 "https://blog.diixadigital.com/" "Mozilla/5.0 (compatible; Dataprovider.com)"
149.56.160.170 - - [03/Jan/2025:09:28:40 -0500] "GET /wp-content/plugins/mailchimp-for-wp/assets/js/forms.js?ver=4.9.11 HTTP/1.1" 200 2455 "https://blog.diixadigital.com/" "Mozilla/5.0 (compatible; Dataprovider.com)"
149.56.160.170 - - [03/Jan/2025:09:28:40 -0500] "GET /wp-content/uploads/2024/04/rssfedd-90x65.png HTTP/1.1" 200 2678 "https://blog.diixadigital.com/" "Mozilla/5.0 (compatible; Dataprovider.com)"
149.56.160.170 - - [03/Jan/2025:09:28:40 -0500] "GET /wp-content/uploads/2024/04/safari-90x65.jpeg HTTP/1.1" 200 1987 "https://blog.diixadigital.com/" "Mozilla/5.0 (compatible; Dataprovider.com)"
149.56.160.170 - - [03/Jan/2025:09:28:40 -0500] "GET /wp-content/uploads/2024/04/rssfedd.png HTTP/1.1" 200 6701 "https://blog.diixadigital.com/" "Mozilla/5.0 (compatible; Dataprovider.com)"
149.56.160.170 - - [03/Jan/2025:09:28:40 -0500] "GET /wp-content/themes/rubik/css/fonts/awesome-fonts/fonts/fontawesome-webfont.woff2?v=4.7.0 HTTP/1.1" 200 77160 "https://blog.diixadigital.com/wp-content/themes/rubik/css/fonts/awesome-fonts/css/font-awesome.min.css?ver=6.7.1" "Mozilla/5.0 (compatible; Dataprovider.com)"
149.56.160.170 - - [03/Jan/2025:09:28:40 -0500] "GET /wp-includes/js/wp-emoji-release.min.js?ver=6.7.1 HTTP/1.1" 200 4676 "https://blog.diixadigital.com/" "Mozilla/5.0 (compatible; Dataprovider.com)"
149.56.160.170 - - [03/Jan/2025:09:28:40 -0500] "GET /wp-content/uploads/2024/04/Group_12552-905x613.jpg HTTP/1.1" 200 22530 "https://blog.diixadigital.com/" "Mozilla/5.0 (compatible; Dataprovider.com)"
149.56.160.170 - - [03/Jan/2025:09:28:40 -0500] "GET /wp-content/uploads/2024/04/vanityvsactionable-905x613.png HTTP/1.1" 200 114596 "https://blog.diixadigital.com/" "Mozilla/5.0 (compatible; Dataprovider.com)"
149.56.160.170 - - [03/Jan/2025:09:28:40 -0500] "GET /wp-content/uploads/2024/04/safari-905x563.jpeg HTTP/1.1" 200 34820 "https://blog.diixadigital.com/" "Mozilla/5.0 (compatible; Dataprovider.com)"
149.56.160.170 - - [03/Jan/2025:09:28:40 -0500] "GET /wp-content/uploads/2024/04/seo-905x613.png HTTP/1.1" 200 395793 "https://blog.diixadigital.com/" "Mozilla/5.0 (compatible; Dataprovider.com)"
202.8.43.235 - - [03/Jan/2025:09:28:41 -0500] "GET /?b=6031666 HTTP/1.1" 301 0 "-" "Mozilla/5.0 (Linux; Android 13) AppleWebKit/537.36 (KHTML, like Gecko) Chrome/108.0.5359.128 Mobile Safari/537.36 (compatible; AhrefsSiteAudit/6.1; +http://ahrefs.com/robot/site-audit)"
66.249.68.68 - - [03/Jan/2025:09:28:41 -0500] "GET /?b=63028466 HTTP/1.1" 200 81366 "-" "Mozilla/5.0 (Linux; Android 6.0.1; Nexus 5X Build/MMB29P) AppleWebKit/537.36 (KHTML, like Gecko) Chrome/131.0.6778.139 Mobile Safari/537.36 (compatible; GoogleOther)"
202.8.43.235 - - [03/Jan/2025:09:28:43 -0500] "GET /?b=122322966 HTTP/1.1" 301 0 "-" "Mozilla/5.0 (Linux; Android 13) AppleWebKit/537.36 (KHTML, like Gecko) Chrome/108.0.5359.128 Mobile Safari/537.36 (compatible; AhrefsSiteAudit/6.1; +http://ahrefs.com/robot/site-audit)"
202.8.43.235 - - [03/Jan/2025:09:28:45 -0500] "GET /?b=261346466 HTTP/1.1" 301 0 "-" "Mozilla/5.0 (Linux; Android 13) AppleWebKit/537.36 (KHTML, like Gecko) Chrome/108.0.5359.128 Mobile Safari/537.36 (compatible; AhrefsSiteAudit/6.1; +http://ahrefs.com/robot/site-audit)"
202.8.43.232 - - [03/Jan/2025:09:28:47 -0500] "GET /?b=9447366 HTTP/1.1" 301 0 "-" "Mozilla/5.0 (Linux; Android 13) AppleWebKit/537.36 (KHTML, like Gecko) Chrome/108.0.5359.128 Mobile Safari/537.36 (compatible; AhrefsSiteAudit/6.1; +http://ahrefs.com/robot/site-audit)"
66.29.132.124 - - [03/Jan/2025:09:28:49 -0500] "POST /wp-cron.php?doing_wp_cron=1735914529.9694480895996093750000 HTTP/1.1" 200 0 "-" "WordPress/6.7.1; https://blog.diixadigital.com"
202.8.43.233 - - [03/Jan/2025:09:28:49 -0500] "GET /?b=179999766 HTTP/1.1" 301 0 "-" "Mozilla/5.0 (Linux; Android 13) AppleWebKit/537.36 (KHTML, like Gecko) Chrome/108.0.5359.128 Mobile Safari/537.36 (compatible; AhrefsSiteAudit/6.1; +http://ahrefs.com/robot/site-audit)"
66.29.132.124 - - [03/Jan/2025:09:28:50 -0500] "POST /wp-admin/admin-ajax.php?action=async_litespeed&nonce=80b040295a&litespeed_type=imgoptm HTTP/1.1" 200 21 "-" "WordPress/6.7.1; https://blog.diixadigital.com"
66.249.68.69 - - [03/Jan/2025:09:28:50 -0500] "GET /?b=325023766 HTTP/1.1" 200 79670 "-" "Mozilla/5.0 (Linux; Android 6.0.1; Nexus 5X Build/MMB29P) AppleWebKit/537.36 (KHTML, like Gecko) Chrome/131.0.6778.139 Mobile Safari/537.36 (compatible; GoogleOther)"
202.8.43.234 - - [03/Jan/2025:09:28:51 -0500] "GET /?b=186689066 HTTP/1.1" 301 0 "-" "Mozilla/5.0 (Linux; Android 13) AppleWebKit/537.36 (KHTML, like Gecko) Chrome/108.0.5359.128 Mobile Safari/537.36 (compatible; AhrefsSiteAudit/6.1; +http://ahrefs.com/robot/site-audit)"
202.8.43.234 - - [03/Jan/2025:09:28:53 -0500] "GET /?b=51125966 HTTP/1.1" 301 0 "-" "Mozilla/5.0 (Linux; Android 13) AppleWebKit/537.36 (KHTML, like Gecko) Chrome/108.0.5359.128 Mobile Safari/537.36 (compatible; AhrefsSiteAudit/6.1; +http://ahrefs.com/robot/site-audit)"
66.249.68.69 - - [03/Jan/2025:09:28:54 -0500] "GET /?b=29190866 HTTP/1.1" 200 80087 "-" "Mozilla/5.0 (Linux; Android 6.0.1; Nexus 5X Build/MMB29P) AppleWebKit/537.36 (KHTML, like Gecko) Chrome/131.0.6778.139 Mobile Safari/537.36 (compatible; Googlebot/2.1; +http://www.google.com/bot.html)"
202.8.43.233 - - [03/Jan/2025:09:28:55 -0500] "GET /?b=116986466 HTTP/1.1" 301 0 "-" "Mozilla/5.0 (Linux; Android 13) AppleWebKit/537.36 (KHTML, like Gecko) Chrome/108.0.5359.128 Mobile Safari/537.36 (compatible; AhrefsSiteAudit/6.1; +http://ahrefs.com/robot/site-audit)"
202.8.43.235 - - [03/Jan/2025:09:28:57 -0500] "GET /?b=74169466 HTTP/1.1" 301 0 "-" "Mozilla/5.0 (Linux; Android 13) AppleWebKit/537.36 (KHTML, like Gecko) Chrome/108.0.5359.128 Mobile Safari/537.36 (compatible; AhrefsSiteAudit/6.1; +http://ahrefs.com/robot/site-audit)"
202.8.43.234 - - [03/Jan/2025:09:28:59 -0500] "GET /?b=7033266 HTTP/1.1" 301 0 "-" "Mozilla/5.0 (Linux; Android 13) AppleWebKit/537.36 (KHTML, like Gecko) Chrome/108.0.5359.128 Mobile Safari/537.36 (compatible; AhrefsSiteAudit/6.1; +http://ahrefs.com/robot/site-audit)"
66.249.68.69 - - [03/Jan/2025:09:28:59 -0500] "GET /?b=16231866 HTTP/1.1" 200 80960 "-" "Mozilla/5.0 (Linux; Android 6.0.1; Nexus 5X Build/MMB29P) AppleWebKit/537.36 (KHTML, like Gecko) Chrome/131.0.6778.139 Mobile Safari/537.36 (compatible; GoogleOther)"
202.8.43.235 - - [03/Jan/2025:09:29:01 -0500] "GET /?b=201736166 HTTP/1.1" 301 0 "-" "Mozilla/5.0 (Linux; Android 13) AppleWebKit/537.36 (KHTML, like Gecko) Chrome/108.0.5359.128 Mobile Safari/537.36 (compatible; AhrefsSiteAudit/6.1; +http://ahrefs.com/robot/site-audit)"
202.8.43.233 - - [03/Jan/2025:09:29:03 -0500] "GET /?b=135807066 HTTP/1.1" 301 0 "-" "Mozilla/5.0 (Linux; Android 13) AppleWebKit/537.36 (KHTML, like Gecko) Chrome/108.0.5359.128 Mobile Safari/537.36 (compatible; AhrefsSiteAudit/6.1; +http://ahrefs.com/robot/site-audit)"
202.8.43.234 - - [03/Jan/2025:09:29:05 -0500] "GET /?b=165811966 HTTP/1.1" 301 0 "-" "Mozilla/5.0 (Linux; Android 13) AppleWebKit/537.36 (KHTML, like Gecko) Chrome/108.0.5359.128 Mobile Safari/537.36 (compatible; AhrefsSiteAudit/6.1; +http://ahrefs.com/robot/site-audit)"
202.8.43.235 - - [03/Jan/2025:09:29:07 -0500] "GET /?b=36918466 HTTP/1.1" 301 0 "-" "Mozilla/5.0 (Linux; Android 13) AppleWebKit/537.36 (KHTML, like Gecko) Chrome/108.0.5359.128 Mobile Safari/537.36 (compatible; AhrefsSiteAudit/6.1; +http://ahrefs.com/robot/site-audit)"
66.249.68.68 - - [03/Jan/2025:09:29:08 -0500] "GET /?b=161082366 HTTP/1.1" 200 81647 "-" "Mozilla/5.0 (Linux; Android 6.0.1; Nexus 5X Build/MMB29P) AppleWebKit/537.36 (KHTML, like Gecko) Chrome/131.0.6778.139 Mobile Safari/537.36 (compatible; GoogleOther)"
202.8.43.232 - - [03/Jan/2025:09:29:09 -0500] "GET /?b=268089266 HTTP/1.1" 301 0 "-" "Mozilla/5.0 (Linux; Android 13) AppleWebKit/537.36 (KHTML, like Gecko) Chrome/108.0.5359.128 Mobile Safari/537.36 (compatible; AhrefsSiteAudit/6.1; +http://ahrefs.com/robot/site-audit)"
202.8.43.235 - - [03/Jan/2025:09:29:11 -0500] "GET /?b=19584766 HTTP/1.1" 301 0 "-" "Mozilla/5.0 (Linux; Android 13) AppleWebKit/537.36 (KHTML, like Gecko) Chrome/108.0.5359.128 Mobile Safari/537.36 (compatible; AhrefsSiteAudit/6.1; +http://ahrefs.com/robot/site-audit)"
40.77.167.44 - - [03/Jan/2025:09:29:12 -0500] "GET /trpgc/t254601.html HTTP/1.1" 200 81402 "-" "Mozilla/5.0 AppleWebKit/537.36 (KHTML, like Gecko; compatible; bingbot/2.0; +http://www.bing.com/bingbot.htm) Chrome/116.0.1938.76 Safari/537.36"
202.8.43.236 - - [03/Jan/2025:09:29:13 -0500] "GET /?b=162934666 HTTP/1.1" 301 0 "-" "Mozilla/5.0 (Linux; Android 13) AppleWebKit/537.36 (KHTML, like Gecko) Chrome/108.0.5359.128 Mobile Safari/537.36 (compatible; AhrefsSiteAudit/6.1; +http://ahrefs.com/robot/site-audit)"
202.8.43.232 - - [03/Jan/2025:09:29:15 -0500] "GET /?b=271277466 HTTP/1.1" 301 0 "-" "Mozilla/5.0 (Linux; Android 13) AppleWebKit/537.36 (KHTML, like Gecko) Chrome/108.0.5359.128 Mobile Safari/537.36 (compatible; AhrefsSiteAudit/6.1; +http://ahrefs.com/robot/site-audit)"
202.8.43.233 - - [03/Jan/2025:09:29:17 -0500] "GET /?b=69998266 HTTP/1.1" 301 0 "-" "Mozilla/5.0 (Linux; Android 13) AppleWebKit/537.36 (KHTML, like Gecko) Chrome/108.0.5359.128 Mobile Safari/537.36 (compatible; AhrefsSiteAudit/6.1; +http://ahrefs.com/robot/site-audit)"
66.249.68.68 - - [03/Jan/2025:09:29:17 -0500] "GET /?b=79125666 HTTP/1.1" 200 80020 "-" "Mozilla/5.0 (Linux; Android 6.0.1; Nexus 5X Build/MMB29P) AppleWebKit/537.36 (KHTML, like Gecko) Chrome/131.0.6778.139 Mobile Safari/537.36 (compatible; GoogleOther)"
202.8.43.235 - - [03/Jan/2025:09:29:19 -0500] "GET /?b=245392566 HTTP/1.1" 301 0 "-" "Mozilla/5.0 (Linux; Android 13) AppleWebKit/537.36 (KHTML, like Gecko) Chrome/108.0.5359.128 Mobile Safari/537.36 (compatible; AhrefsSiteAudit/6.1; +http://ahrefs.com/robot/site-audit)"
66.29.132.124 - - [03/Jan/2025:09:29:22 -0500] "POST /wp-cron.php?doing_wp_cron=1735914562.1097390651702880859375 HTTP/1.1" 200 0 "-" "WordPress/6.7.1; https://blog.diixadigital.com"
202.8.43.233 - - [03/Jan/2025:09:29:21 -0500] "GET /?b=240740466 HTTP/1.1" 301 0 "-" "Mozilla/5.0 (Linux; Android 13) AppleWebKit/537.36 (KHTML, like Gecko) Chrome/108.0.5359.128 Mobile Safari/537.36 (compatible; AhrefsSiteAudit/6.1; +http://ahrefs.com/robot/site-audit)"
202.8.43.235 - - [03/Jan/2025:09:29:23 -0500] "GET /?b=237913266 HTTP/1.1" 301 0 "-" "Mozilla/5.0 (Linux; Android 13) AppleWebKit/537.36 (KHTML, like Gecko) Chrome/108.0.5359.128 Mobile Safari/537.36 (compatible; AhrefsSiteAudit/6.1; +http://ahrefs.com/robot/site-audit)"
202.8.43.232 - - [03/Jan/2025:09:29:25 -0500] "GET /?b=183598766 HTTP/1.1" 301 0 "-" "Mozilla/5.0 (Linux; Android 13) AppleWebKit/537.36 (KHTML, like Gecko) Chrome/108.0.5359.128 Mobile Safari/537.36 (compatible; AhrefsSiteAudit/6.1; +http://ahrefs.com/robot/site-audit)"
66.249.68.68 - - [03/Jan/2025:09:29:26 -0500] "GET /?b=24220666 HTTP/1.1" 200 81235 "-" "Mozilla/5.0 (Linux; Android 6.0.1; Nexus 5X Build/MMB29P) AppleWebKit/537.36 (KHTML, like Gecko) Chrome/131.0.6778.139 Mobile Safari/537.36 (compatible; GoogleOther)"
202.8.43.232 - - [03/Jan/2025:09:29:27 -0500] "GET /?b=225739666 HTTP/1.1" 301 0 "-" "Mozilla/5.0 (Linux; Android 13) AppleWebKit/537.36 (KHTML, like Gecko) Chrome/108.0.5359.128 Mobile Safari/537.36 (compatible; AhrefsSiteAudit/6.1; +http://ahrefs.com/robot/site-audit)"
202.8.43.233 - - [03/Jan/2025:09:29:29 -0500] "GET /?b=326371166 HTTP/1.1" 301 0 "-" "Mozilla/5.0 (Linux; Android 13) AppleWebKit/537.36 (KHTML, like Gecko) Chrome/108.0.5359.128 Mobile Safari/537.36 (compatible; AhrefsSiteAudit/6.1; +http://ahrefs.com/robot/site-audit)"
202.8.43.233 - - [03/Jan/2025:09:29:31 -0500] "GET /?b=209800666 HTTP/1.1" 301 0 "-" "Mozilla/5.0 (Linux; Android 13) AppleWebKit/537.36 (KHTML, like Gecko) Chrome/108.0.5359.128 Mobile Safari/537.36 (compatible; AhrefsSiteAudit/6.1; +http://ahrefs.com/robot/site-audit)"
202.8.43.236 - - [03/Jan/2025:09:29:33 -0500] "GET /?b=39025766 HTTP/1.1" 301 0 "-" "Mozilla/5.0 (Linux; Android 13) AppleWebKit/537.36 (KHTML, like Gecko) Chrome/108.0.5359.128 Mobile Safari/537.36 (compatible; AhrefsSiteAudit/6.1; +http://ahrefs.com/robot/site-audit)"
202.8.43.234 - - [03/Jan/2025:09:29:35 -0500] "GET /?b=213677466 HTTP/1.1" 301 0 "-" "Mozilla/5.0 (Linux; Android 13) AppleWebKit/537.36 (KHTML, like Gecko) Chrome/108.0.5359.128 Mobile Safari/537.36 (compatible; AhrefsSiteAudit/6.1; +http://ahrefs.com/robot/site-audit)"
66.249.68.68 - - [03/Jan/2025:09:29:35 -0500] "GET /?b=221934466 HTTP/1.1" 200 79367 "-" "Mozilla/5.0 (Linux; Android 6.0.1; Nexus 5X Build/MMB29P) AppleWebKit/537.36 (KHTML, like Gecko) Chrome/131.0.6778.139 Mobile Safari/537.36 (compatible; GoogleOther)"
202.8.43.236 - - [03/Jan/2025:09:29:37 -0500] "GET /?b=75576766 HTTP/1.1" 301 0 "-" "Mozilla/5.0 (Linux; Android 13) AppleWebKit/537.36 (KHTML, like Gecko) Chrome/108.0.5359.128 Mobile Safari/537.36 (compatible; AhrefsSiteAudit/6.1; +http://ahrefs.com/robot/site-audit)"
202.8.43.236 - - [03/Jan/2025:09:29:39 -0500] "GET /?b=82973266 HTTP/1.1" 301 0 "-" "Mozilla/5.0 (Linux; Android 13) AppleWebKit/537.36 (KHTML, like Gecko) Chrome/108.0.5359.128 Mobile Safari/537.36 (compatible; AhrefsSiteAudit/6.1; +http://ahrefs.com/robot/site-audit)"
202.8.43.233 - - [03/Jan/2025:09:29:41 -0500] "GET /?b=255708466 HTTP/1.1" 301 0 "-" "Mozilla/5.0 (Linux; Android 13) AppleWebKit/537.36 (KHTML, like Gecko) Chrome/108.0.5359.128 Mobile Safari/537.36 (compatible; AhrefsSiteAudit/6.1; +http://ahrefs.com/robot/site-audit)"
202.8.43.234 - - [03/Jan/2025:09:29:43 -0500] "GET /?b=303940266 HTTP/1.1" 301 0 "-" "Mozilla/5.0 (Linux; Android 13) AppleWebKit/537.36 (KHTML, like Gecko) Chrome/108.0.5359.128 Mobile Safari/537.36 (compatible; AhrefsSiteAudit/6.1; +http://ahrefs.com/robot/site-audit)"
66.249.68.68 - - [03/Jan/2025:09:29:44 -0500] "GET /?b=308825366 HTTP/1.1" 200 79617 "-" "Mozilla/5.0 (Linux; Android 6.0.1; Nexus 5X Build/MMB29P) AppleWebKit/537.36 (KHTML, like Gecko) Chrome/131.0.6778.139 Mobile Safari/537.36 (compatible; GoogleOther)"
202.8.43.233 - - [03/Jan/2025:09:29:45 -0500] "GET /?b=234006566 HTTP/1.1" 301 0 "-" "Mozilla/5.0 (Linux; Android 13) AppleWebKit/537.36 (KHTML, like Gecko) Chrome/108.0.5359.128 Mobile Safari/537.36 (compatible; AhrefsSiteAudit/6.1; +http://ahrefs.com/robot/site-audit)"
202.8.43.235 - - [03/Jan/2025:09:29:47 -0500] "GET /?b=273566666 HTTP/1.1" 301 0 "-" "Mozilla/5.0 (Linux; Android 13) AppleWebKit/537.36 (KHTML, like Gecko) Chrome/108.0.5359.128 Mobile Safari/537.36 (compatible; AhrefsSiteAudit/6.1; +http://ahrefs.com/robot/site-audit)"
66.29.132.124 - - [03/Jan/2025:09:29:50 -0500] "POST /wp-cron.php?doing_wp_cron=1735914589.9955439567565917968750 HTTP/1.1" 200 0 "-" "WordPress/6.7.1; https://blog.diixadigital.com"
202.8.43.232 - - [03/Jan/2025:09:29:49 -0500] "GET /?b=43074066 HTTP/1.1" 301 0 "-" "Mozilla/5.0 (Linux; Android 13) AppleWebKit/537.36 (KHTML, like Gecko) Chrome/108.0.5359.128 Mobile Safari/537.36 (compatible; AhrefsSiteAudit/6.1; +http://ahrefs.com/robot/site-audit)"
66.29.132.124 - - [03/Jan/2025:09:29:50 -0500] "POST /wp-admin/admin-ajax.php?action=async_litespeed&nonce=80b040295a&litespeed_type=imgoptm HTTP/1.1" 200 21 "-" "WordPress/6.7.1; https://blog.diixadigital.com"
40.77.167.72 - - [03/Jan/2025:09:29:50 -0500] "GET /ebdny/e1839156.html HTTP/1.1" 200 81476 "-" "Mozilla/5.0 AppleWebKit/537.36 (KHTML, like Gecko; compatible; bingbot/2.0; +http://www.bing.com/bingbot.htm) Chrome/116.0.1938.76 Safari/537.36"
202.8.43.236 - - [03/Jan/2025:09:29:52 -0500] "GET /?b=183617766 HTTP/1.1" 301 0 "-" "Mozilla/5.0 (Linux; Android 13) AppleWebKit/537.36 (KHTML, like Gecko) Chrome/108.0.5359.128 Mobile Safari/537.36 (compatible; AhrefsSiteAudit/6.1; +http://ahrefs.com/robot/site-audit)"
202.8.43.236 - - [03/Jan/2025:09:29:53 -0500] "GET /?b=154422966 HTTP/1.1" 301 0 "-" "Mozilla/5.0 (Linux; Android 13) AppleWebKit/537.36 (KHTML, like Gecko) Chrome/108.0.5359.128 Mobile Safari/537.36 (compatible; AhrefsSiteAudit/6.1; +http://ahrefs.com/robot/site-audit)"
66.249.68.68 - - [03/Jan/2025:09:29:53 -0500] "GET /?b=303448466 HTTP/1.1" 200 79338 "-" "Mozilla/5.0 (Linux; Android 6.0.1; Nexus 5X Build/MMB29P) AppleWebKit/537.36 (KHTML, like Gecko) Chrome/131.0.6778.139 Mobile Safari/537.36 (compatible; GoogleOther)"
202.8.43.235 - - [03/Jan/2025:09:29:55 -0500] "GET /?b=116017566 HTTP/1.1" 301 0 "-" "Mozilla/5.0 (Linux; Android 13) AppleWebKit/537.36 (KHTML, like Gecko) Chrome/108.0.5359.128 Mobile Safari/537.36 (compatible; AhrefsSiteAudit/6.1; +http://ahrefs.com/robot/site-audit)"
202.8.43.236 - - [03/Jan/2025:09:29:57 -0500] "GET /?b=182158866 HTTP/1.1" 301 0 "-" "Mozilla/5.0 (Linux; Android 13) AppleWebKit/537.36 (KHTML, like Gecko) Chrome/108.0.5359.128 Mobile Safari/537.36 (compatible; AhrefsSiteAudit/6.1; +http://ahrefs.com/robot/site-audit)"
202.8.43.236 - - [03/Jan/2025:09:29:59 -0500] "GET /?b=86978566 HTTP/1.1" 301 0 "-" "Mozilla/5.0 (Linux; Android 13) AppleWebKit/537.36 (KHTML, like Gecko) Chrome/108.0.5359.128 Mobile Safari/537.36 (compatible; AhrefsSiteAudit/6.1; +http://ahrefs.com/robot/site-audit)"
202.8.43.236 - - [03/Jan/2025:09:30:01 -0500] "GET /?b=238466766 HTTP/1.1" 301 0 "-" "Mozilla/5.0 (Linux; Android 13) AppleWebKit/537.36 (KHTML, like Gecko) Chrome/108.0.5359.128 Mobile Safari/537.36 (compatible; AhrefsSiteAudit/6.1; +http://ahrefs.com/robot/site-audit)"
66.249.68.68 - - [03/Jan/2025:09:30:02 -0500] "GET /?b=14874066 HTTP/1.1" 200 80007 "-" "Mozilla/5.0 (Linux; Android 6.0.1; Nexus 5X Build/MMB29P) AppleWebKit/537.36 (KHTML, like Gecko) Chrome/131.0.6778.139 Mobile Safari/537.36 (compatible; GoogleOther)"
202.8.43.234 - - [03/Jan/2025:09:30:03 -0500] "GET /?b=282089266 HTTP/1.1" 301 0 "-" "Mozilla/5.0 (Linux; Android 13) AppleWebKit/537.36 (KHTML, like Gecko) Chrome/108.0.5359.128 Mobile Safari/537.36 (compatible; AhrefsSiteAudit/6.1; +http://ahrefs.com/robot/site-audit)"
202.8.43.232 - - [03/Jan/2025:09:30:06 -0500] "GET /?b=131891766 HTTP/1.1" 301 0 "-" "Mozilla/5.0 (Linux; Android 13) AppleWebKit/537.36 (KHTML, like Gecko) Chrome/108.0.5359.128 Mobile Safari/537.36 (compatible; AhrefsSiteAudit/6.1; +http://ahrefs.com/robot/site-audit)"
202.8.43.236 - - [03/Jan/2025:09:30:08 -0500] "GET /?b=341993066 HTTP/1.1" 301 0 "-" "Mozilla/5.0 (Linux; Android 13) AppleWebKit/537.36 (KHTML, like Gecko) Chrome/108.0.5359.128 Mobile Safari/537.36 (compatible; AhrefsSiteAudit/6.1; +http://ahrefs.com/robot/site-audit)"
202.8.43.232 - - [03/Jan/2025:09:30:09 -0500] "GET /?b=343273466 HTTP/1.1" 301 0 "-" "Mozilla/5.0 (Linux; Android 13) AppleWebKit/537.36 (KHTML, like Gecko) Chrome/108.0.5359.128 Mobile Safari/537.36 (compatible; AhrefsSiteAudit/6.1; +http://ahrefs.com/robot/site-audit)"
202.8.43.233 - - [03/Jan/2025:09:30:11 -0500] "GET /?b=87761166 HTTP/1.1" 301 0 "-" "Mozilla/5.0 (Linux; Android 13) AppleWebKit/537.36 (KHTML, like Gecko) Chrome/108.0.5359.128 Mobile Safari/537.36 (compatible; AhrefsSiteAudit/6.1; +http://ahrefs.com/robot/site-audit)"
66.249.68.69 - - [03/Jan/2025:09:30:11 -0500] "GET /?b=5795466 HTTP/1.1" 200 79960 "-" "Mozilla/5.0 (Linux; Android 6.0.1; Nexus 5X Build/MMB29P) AppleWebKit/537.36 (KHTML, like Gecko) Chrome/131.0.6778.139 Mobile Safari/537.36 (compatible; GoogleOther)"
202.8.43.235 - - [03/Jan/2025:09:30:13 -0500] "GET /?b=168679366 HTTP/1.1" 301 0 "-" "Mozilla/5.0 (Linux; Android 13) AppleWebKit/537.36 (KHTML, like Gecko) Chrome/108.0.5359.128 Mobile Safari/537.36 (compatible; AhrefsSiteAudit/6.1; +http://ahrefs.com/robot/site-audit)"
202.8.43.232 - - [03/Jan/2025:09:30:15 -0500] "GET /?b=247652466 HTTP/1.1" 301 0 "-" "Mozilla/5.0 (Linux; Android 13) AppleWebKit/537.36 (KHTML, like Gecko) Chrome/108.0.5359.128 Mobile Safari/537.36 (compatible; AhrefsSiteAudit/6.1; +http://ahrefs.com/robot/site-audit)"
202.8.43.232 - - [03/Jan/2025:09:30:17 -0500] "GET /?b=7416866 HTTP/1.1" 301 0 "-" "Mozilla/5.0 (Linux; Android 13) AppleWebKit/537.36 (KHTML, like Gecko) Chrome/108.0.5359.128 Mobile Safari/537.36 (compatible; AhrefsSiteAudit/6.1; +http://ahrefs.com/robot/site-audit)"
202.8.43.234 - - [03/Jan/2025:09:30:19 -0500] "GET /?b=277999466 HTTP/1.1" 301 0 "-" "Mozilla/5.0 (Linux; Android 13) AppleWebKit/537.36 (KHTML, like Gecko) Chrome/108.0.5359.128 Mobile Safari/537.36 (compatible; AhrefsSiteAudit/6.1; +http://ahrefs.com/robot/site-audit)"
66.249.68.68 - - [03/Jan/2025:09:30:20 -0500] "GET /?b=123991866 HTTP/1.1" 200 81279 "-" "Mozilla/5.0 (Linux; Android 6.0.1; Nexus 5X Build/MMB29P) AppleWebKit/537.36 (KHTML, like Gecko) Chrome/131.0.6778.139 Mobile Safari/537.36 (compatible; GoogleOther)"
66.29.132.124 - - [03/Jan/2025:09:30:22 -0500] "POST /wp-cron.php?doing_wp_cron=1735914622.3257319927215576171875 HTTP/1.1" 200 0 "-" "WordPress/6.7.1; https://blog.diixadigital.com"
202.8.43.234 - - [03/Jan/2025:09:30:22 -0500] "GET /?b=306685866 HTTP/1.1" 301 0 "-" "Mozilla/5.0 (Linux; Android 13) AppleWebKit/537.36 (KHTML, like Gecko) Chrome/108.0.5359.128 Mobile Safari/537.36 (compatible; AhrefsSiteAudit/6.1; +http://ahrefs.com/robot/site-audit)"
202.8.43.232 - - [03/Jan/2025:09:30:23 -0500] "GET /?b=335252966 HTTP/1.1" 301 0 "-" "Mozilla/5.0 (Linux; Android 13) AppleWebKit/537.36 (KHTML, like Gecko) Chrome/108.0.5359.128 Mobile Safari/537.36 (compatible; AhrefsSiteAudit/6.1; +http://ahrefs.com/robot/site-audit)"
40.77.167.44 - - [03/Jan/2025:09:30:23 -0500] "GET /exhhg/u509662.html HTTP/1.1" 200 79676 "-" "Mozilla/5.0 AppleWebKit/537.36 (KHTML, like Gecko; compatible; bingbot/2.0; +http://www.bing.com/bingbot.htm) Chrome/116.0.1938.76 Safari/537.36"
202.8.43.232 - - [03/Jan/2025:09:30:25 -0500] "GET /?b=142472466 HTTP/1.1" 301 0 "-" "Mozilla/5.0 (Linux; Android 13) AppleWebKit/537.36 (KHTML, like Gecko) Chrome/108.0.5359.128 Mobile Safari/537.36 (compatible; AhrefsSiteAudit/6.1; +http://ahrefs.com/robot/site-audit)"
202.8.43.236 - - [03/Jan/2025:09:30:27 -0500] "GET /?b=339425766 HTTP/1.1" 301 0 "-" "Mozilla/5.0 (Linux; Android 13) AppleWebKit/537.36 (KHTML, like Gecko) Chrome/108.0.5359.128 Mobile Safari/537.36 (compatible; AhrefsSiteAudit/6.1; +http://ahrefs.com/robot/site-audit)"
202.8.43.232 - - [03/Jan/2025:09:30:29 -0500] "GET /?b=84836866 HTTP/1.1" 301 0 "-" "Mozilla/5.0 (Linux; Android 13) AppleWebKit/537.36 (KHTML, like Gecko) Chrome/108.0.5359.128 Mobile Safari/537.36 (compatible; AhrefsSiteAudit/6.1; +http://ahrefs.com/robot/site-audit)"
66.249.68.68 - - [03/Jan/2025:09:30:29 -0500] "GET /?b=77274866 HTTP/1.1" 200 80224 "-" "Mozilla/5.0 (Linux; Android 6.0.1; Nexus 5X Build/MMB29P) AppleWebKit/537.36 (KHTML, like Gecko) Chrome/131.0.6778.139 Mobile Safari/537.36 (compatible; GoogleOther)"
202.8.43.236 - - [03/Jan/2025:09:30:31 -0500] "GET /?b=250220966 HTTP/1.1" 301 0 "-" "Mozilla/5.0 (Linux; Android 13) AppleWebKit/537.36 (KHTML, like Gecko) Chrome/108.0.5359.128 Mobile Safari/537.36 (compatible; AhrefsSiteAudit/6.1; +http://ahrefs.com/robot/site-audit)"
202.8.43.232 - - [03/Jan/2025:09:30:33 -0500] "GET /?b=116778266 HTTP/1.1" 301 0 "-" "Mozilla/5.0 (Linux; Android 13) AppleWebKit/537.36 (KHTML, like Gecko) Chrome/108.0.5359.128 Mobile Safari/537.36 (compatible; AhrefsSiteAudit/6.1; +http://ahrefs.com/robot/site-audit)"
202.8.43.234 - - [03/Jan/2025:09:30:35 -0500] "GET /?b=301736566 HTTP/1.1" 301 0 "-" "Mozilla/5.0 (Linux; Android 13) AppleWebKit/537.36 (KHTML, like Gecko) Chrome/108.0.5359.128 Mobile Safari/537.36 (compatible; AhrefsSiteAudit/6.1; +http://ahrefs.com/robot/site-audit)"
202.8.43.232 - - [03/Jan/2025:09:30:37 -0500] "GET /?b=49225266 HTTP/1.1" 301 0 "-" "Mozilla/5.0 (Linux; Android 13) AppleWebKit/537.36 (KHTML, like Gecko) Chrome/108.0.5359.128 Mobile Safari/537.36 (compatible; AhrefsSiteAudit/6.1; +http://ahrefs.com/robot/site-audit)"
66.249.68.69 - - [03/Jan/2025:09:30:38 -0500] "GET /?b=99976766 HTTP/1.1" 200 79795 "-" "Mozilla/5.0 (Linux; Android 6.0.1; Nexus 5X Build/MMB29P) AppleWebKit/537.36 (KHTML, like Gecko) Chrome/131.0.6778.139 Mobile Safari/537.36 (compatible; GoogleOther)"
202.8.43.236 - - [03/Jan/2025:09:30:40 -0500] "GET /?b=297044066 HTTP/1.1" 301 0 "-" "Mozilla/5.0 (Linux; Android 13) AppleWebKit/537.36 (KHTML, like Gecko) Chrome/108.0.5359.128 Mobile Safari/537.36 (compatible; AhrefsSiteAudit/6.1; +http://ahrefs.com/robot/site-audit)"
202.8.43.232 - - [03/Jan/2025:09:30:41 -0500] "GET /?b=171803666 HTTP/1.1" 301 0 "-" "Mozilla/5.0 (Linux; Android 13) AppleWebKit/537.36 (KHTML, like Gecko) Chrome/108.0.5359.128 Mobile Safari/537.36 (compatible; AhrefsSiteAudit/6.1; +http://ahrefs.com/robot/site-audit)"
202.8.43.234 - - [03/Jan/2025:09:30:43 -0500] "GET /?b=50445266 HTTP/1.1" 301 0 "-" "Mozilla/5.0 (Linux; Android 13) AppleWebKit/537.36 (KHTML, like Gecko) Chrome/108.0.5359.128 Mobile Safari/537.36 (compatible; AhrefsSiteAudit/6.1; +http://ahrefs.com/robot/site-audit)"
202.8.43.235 - - [03/Jan/2025:09:30:45 -0500] "GET /?b=6174366 HTTP/1.1" 301 0 "-" "Mozilla/5.0 (Linux; Android 13) AppleWebKit/537.36 (KHTML, like Gecko) Chrome/108.0.5359.128 Mobile Safari/537.36 (compatible; AhrefsSiteAudit/6.1; +http://ahrefs.com/robot/site-audit)"
202.8.43.233 - - [03/Jan/2025:09:30:47 -0500] "GET /?b=310584366 HTTP/1.1" 301 0 "-" "Mozilla/5.0 (Linux; Android 13) AppleWebKit/537.36 (KHTML, like Gecko) Chrome/108.0.5359.128 Mobile Safari/537.36 (compatible; AhrefsSiteAudit/6.1; +http://ahrefs.com/robot/site-audit)"
66.249.68.69 - - [03/Jan/2025:09:30:47 -0500] "GET /?b=123464266 HTTP/1.1" 200 81833 "-" "Mozilla/5.0 (Linux; Android 6.0.1; Nexus 5X Build/MMB29P) AppleWebKit/537.36 (KHTML, like Gecko) Chrome/131.0.6778.139 Mobile Safari/537.36 (compatible; GoogleOther)"
66.29.132.124 - - [03/Jan/2025:09:30:50 -0500] "POST /wp-cron.php?doing_wp_cron=1735914650.2814741134643554687500 HTTP/1.1" 200 0 "-" "WordPress/6.7.1; https://blog.diixadigital.com"
202.8.43.232 - - [03/Jan/2025:09:30:49 -0500] "GET /?b=213326466 HTTP/1.1" 301 0 "-" "Mozilla/5.0 (Linux; Android 13) AppleWebKit/537.36 (KHTML, like Gecko) Chrome/108.0.5359.128 Mobile Safari/537.36 (compatible; AhrefsSiteAudit/6.1; +http://ahrefs.com/robot/site-audit)"
66.29.132.124 - - [03/Jan/2025:09:30:50 -0500] "POST /wp-admin/admin-ajax.php?action=async_litespeed&nonce=80b040295a&litespeed_type=imgoptm HTTP/1.1" 200 21 "-" "WordPress/6.7.1; https://blog.diixadigital.com"
202.8.43.233 - - [03/Jan/2025:09:30:51 -0500] "GET /?b=221827766 HTTP/1.1" 301 0 "-" "Mozilla/5.0 (Linux; Android 13) AppleWebKit/537.36 (KHTML, like Gecko) Chrome/108.0.5359.128 Mobile Safari/537.36 (compatible; AhrefsSiteAudit/6.1; +http://ahrefs.com/robot/site-audit)"
202.8.43.232 - - [03/Jan/2025:09:30:53 -0500] "GET /?b=328163366 HTTP/1.1" 301 0 "-" "Mozilla/5.0 (Linux; Android 13) AppleWebKit/537.36 (KHTML, like Gecko) Chrome/108.0.5359.128 Mobile Safari/537.36 (compatible; AhrefsSiteAudit/6.1; +http://ahrefs.com/robot/site-audit)"
202.8.43.235 - - [03/Jan/2025:09:30:55 -0500] "GET /?b=248572566 HTTP/1.1" 301 0 "-" "Mozilla/5.0 (Linux; Android 13) AppleWebKit/537.36 (KHTML, like Gecko) Chrome/108.0.5359.128 Mobile Safari/537.36 (compatible; AhrefsSiteAudit/6.1; +http://ahrefs.com/robot/site-audit)"
66.249.68.69 - - [03/Jan/2025:09:30:56 -0500] "GET /?b=117153366 HTTP/1.1" 200 81409 "-" "Mozilla/5.0 (Linux; Android 6.0.1; Nexus 5X Build/MMB29P) AppleWebKit/537.36 (KHTML, like Gecko) Chrome/131.0.6778.139 Mobile Safari/537.36 (compatible; GoogleOther)"
202.8.43.232 - - [03/Jan/2025:09:30:58 -0500] "GET /?b=230815166 HTTP/1.1" 301 0 "-" "Mozilla/5.0 (Linux; Android 13) AppleWebKit/537.36 (KHTML, like Gecko) Chrome/108.0.5359.128 Mobile Safari/537.36 (compatible; AhrefsSiteAudit/6.1; +http://ahrefs.com/robot/site-audit)"
202.8.43.233 - - [03/Jan/2025:09:30:59 -0500] "GET /?b=77607166 HTTP/1.1" 301 0 "-" "Mozilla/5.0 (Linux; Android 13) AppleWebKit/537.36 (KHTML, like Gecko) Chrome/108.0.5359.128 Mobile Safari/537.36 (compatible; AhrefsSiteAudit/6.1; +http://ahrefs.com/robot/site-audit)"
202.8.43.236 - - [03/Jan/2025:09:31:01 -0500] "GET /?b=101519766 HTTP/1.1" 301 0 "-" "Mozilla/5.0 (Linux; Android 13) AppleWebKit/537.36 (KHTML, like Gecko) Chrome/108.0.5359.128 Mobile Safari/537.36 (compatible; AhrefsSiteAudit/6.1; +http://ahrefs.com/robot/site-audit)"
40.77.167.44 - - [03/Jan/2025:09:31:02 -0500] "GET /tcvsr/c2852894.html HTTP/1.1" 200 79439 "-" "Mozilla/5.0 AppleWebKit/537.36 (KHTML, like Gecko; compatible; bingbot/2.0; +http://www.bing.com/bingbot.htm) Chrome/116.0.1938.76 Safari/537.36"
202.8.43.236 - - [03/Jan/2025:09:31:03 -0500] "GET /?b=115981566 HTTP/1.1" 301 0 "-" "Mozilla/5.0 (Linux; Android 13) AppleWebKit/537.36 (KHTML, like Gecko) Chrome/108.0.5359.128 Mobile Safari/537.36 (compatible; AhrefsSiteAudit/6.1; +http://ahrefs.com/robot/site-audit)"
40.77.167.44 - - [03/Jan/2025:09:31:04 -0500] "GET /mvkot/d1795085.html HTTP/1.1" 200 80970 "-" "Mozilla/5.0 AppleWebKit/537.36 (KHTML, like Gecko; compatible; bingbot/2.0; +http://www.bing.com/bingbot.htm) Chrome/116.0.1938.76 Safari/537.36"
202.8.43.235 - - [03/Jan/2025:09:31:05 -0500] "GET /?b=228237266 HTTP/1.1" 301 0 "-" "Mozilla/5.0 (Linux; Android 13) AppleWebKit/537.36 (KHTML, like Gecko) Chrome/108.0.5359.128 Mobile Safari/537.36 (compatible; AhrefsSiteAudit/6.1; +http://ahrefs.com/robot/site-audit)"
66.249.68.70 - - [03/Jan/2025:09:31:04 -0500] "GET /?b=181997166 HTTP/1.1" 200 81053 "-" "Mozilla/5.0 (Linux; Android 6.0.1; Nexus 5X Build/MMB29P) AppleWebKit/537.36 (KHTML, like Gecko) Chrome/131.0.6778.139 Mobile Safari/537.36 (compatible; GoogleOther)"
202.8.43.233 - - [03/Jan/2025:09:31:07 -0500] "GET /?b=22812166 HTTP/1.1" 301 0 "-" "Mozilla/5.0 (Linux; Android 13) AppleWebKit/537.36 (KHTML, like Gecko) Chrome/108.0.5359.128 Mobile Safari/537.36 (compatible; AhrefsSiteAudit/6.1; +http://ahrefs.com/robot/site-audit)"
202.8.43.232 - - [03/Jan/2025:09:31:09 -0500] "GET /?b=143560866 HTTP/1.1" 301 0 "-" "Mozilla/5.0 (Linux; Android 13) AppleWebKit/537.36 (KHTML, like Gecko) Chrome/108.0.5359.128 Mobile Safari/537.36 (compatible; AhrefsSiteAudit/6.1; +http://ahrefs.com/robot/site-audit)"
202.8.43.234 - - [03/Jan/2025:09:31:11 -0500] "GET /?b=129634366 HTTP/1.1" 301 0 "-" "Mozilla/5.0 (Linux; Android 13) AppleWebKit/537.36 (KHTML, like Gecko) Chrome/108.0.5359.128 Mobile Safari/537.36 (compatible; AhrefsSiteAudit/6.1; +http://ahrefs.com/robot/site-audit)"
202.8.43.233 - - [03/Jan/2025:09:31:13 -0500] "GET /?b=164451866 HTTP/1.1" 301 0 "-" "Mozilla/5.0 (Linux; Android 13) AppleWebKit/537.36 (KHTML, like Gecko) Chrome/108.0.5359.128 Mobile Safari/537.36 (compatible; AhrefsSiteAudit/6.1; +http://ahrefs.com/robot/site-audit)"
66.249.68.69 - - [03/Jan/2025:09:31:14 -0500] "GET /?b=178220166 HTTP/1.1" 200 80024 "-" "Mozilla/5.0 (Linux; Android 6.0.1; Nexus 5X Build/MMB29P) AppleWebKit/537.36 (KHTML, like Gecko) Chrome/131.0.6778.139 Mobile Safari/537.36 (compatible; GoogleOther)"
202.8.43.234 - - [03/Jan/2025:09:31:16 -0500] "GET /?b=231046066 HTTP/1.1" 301 0 "-" "Mozilla/5.0 (Linux; Android 13) AppleWebKit/537.36 (KHTML, like Gecko) Chrome/108.0.5359.128 Mobile Safari/537.36 (compatible; AhrefsSiteAudit/6.1; +http://ahrefs.com/robot/site-audit)"
202.8.43.232 - - [03/Jan/2025:09:31:17 -0500] "GET /?b=345702966 HTTP/1.1" 301 0 "-" "Mozilla/5.0 (Linux; Android 13) AppleWebKit/537.36 (KHTML, like Gecko) Chrome/108.0.5359.128 Mobile Safari/537.36 (compatible; AhrefsSiteAudit/6.1; +http://ahrefs.com/robot/site-audit)"
202.8.43.232 - - [03/Jan/2025:09:31:19 -0500] "GET /?b=129500866 HTTP/1.1" 301 0 "-" "Mozilla/5.0 (Linux; Android 13) AppleWebKit/537.36 (KHTML, like Gecko) Chrome/108.0.5359.128 Mobile Safari/537.36 (compatible; AhrefsSiteAudit/6.1; +http://ahrefs.com/robot/site-audit)"
202.8.43.234 - - [03/Jan/2025:09:31:21 -0500] "GET /?b=189152966 HTTP/1.1" 301 0 "-" "Mozilla/5.0 (Linux; Android 13) AppleWebKit/537.36 (KHTML, like Gecko) Chrome/108.0.5359.128 Mobile Safari/537.36 (compatible; AhrefsSiteAudit/6.1; +http://ahrefs.com/robot/site-audit)"
66.249.68.68 - - [03/Jan/2025:09:31:22 -0500] "GET /?b=128275866 HTTP/1.1" 200 79910 "-" "Mozilla/5.0 (Linux; Android 6.0.1; Nexus 5X Build/MMB29P) AppleWebKit/537.36 (KHTML, like Gecko) Chrome/131.0.6778.139 Mobile Safari/537.36 (compatible; GoogleOther)"
66.29.132.124 - - [03/Jan/2025:09:31:24 -0500] "POST /wp-cron.php?doing_wp_cron=1735914684.0226259231567382812500 HTTP/1.1" 200 0 "-" "WordPress/6.7.1; https://blog.diixadigital.com"
