202.8.43.232 - - [03/Jan/2025:10:47:31 -0500] "GET /?b=192401366 HTTP/1.1" 301 0 "-" "Mozilla/5.0 (Linux; Android 13) AppleWebKit/537.36 (KHTML, like Gecko) Chrome/108.0.5359.128 Mobile Safari/537.36 (compatible; AhrefsSiteAudit/6.1; +http://ahrefs.com/robot/site-audit)"
202.8.43.234 - - [03/Jan/2025:10:47:33 -0500] "GET /?b=93430666 HTTP/1.1" 301 0 "-" "Mozilla/5.0 (Linux; Android 13) AppleWebKit/537.36 (KHTML, like Gecko) Chrome/108.0.5359.128 Mobile Safari/537.36 (compatible; AhrefsSiteAudit/6.1; +http://ahrefs.com/robot/site-audit)"
66.249.68.68 - - [03/Jan/2025:10:47:32 -0500] "GET /?b=30657266 HTTP/1.1" 200 80017 "-" "Mozilla/5.0 (Linux; Android 6.0.1; Nexus 5X Build/MMB29P) AppleWebKit/537.36 (KHTML, like Gecko) Chrome/131.0.6778.139 Mobile Safari/537.36 (compatible; GoogleOther)"
202.8.43.235 - - [03/Jan/2025:10:47:35 -0500] "GET /?b=214026766 HTTP/1.1" 301 0 "-" "Mozilla/5.0 (Linux; Android 13) AppleWebKit/537.36 (KHTML, like Gecko) Chrome/108.0.5359.128 Mobile Safari/537.36 (compatible; AhrefsSiteAudit/6.1; +http://ahrefs.com/robot/site-audit)"
202.8.43.235 - - [03/Jan/2025:10:47:36 -0500] "GET /?b=345933666 HTTP/1.1" 301 0 "-" "Mozilla/5.0 (Linux; Android 13) AppleWebKit/537.36 (KHTML, like Gecko) Chrome/108.0.5359.128 Mobile Safari/537.36 (compatible; AhrefsSiteAudit/6.1; +http://ahrefs.com/robot/site-audit)"
202.8.43.234 - - [03/Jan/2025:10:47:39 -0500] "GET /?b=346436866 HTTP/1.1" 301 0 "-" "Mozilla/5.0 (Linux; Android 13) AppleWebKit/537.36 (KHTML, like Gecko) Chrome/108.0.5359.128 Mobile Safari/537.36 (compatible; AhrefsSiteAudit/6.1; +http://ahrefs.com/robot/site-audit)"
66.249.68.69 - - [03/Jan/2025:10:47:38 -0500] "GET /?b=83800066 HTTP/1.1" 200 81380 "-" "Mozilla/5.0 (Linux; Android 6.0.1; Nexus 5X Build/MMB29P) AppleWebKit/537.36 (KHTML, like Gecko) Chrome/131.0.6778.139 Mobile Safari/537.36 (compatible; GoogleOther)"
202.8.43.234 - - [03/Jan/2025:10:47:41 -0500] "GET /?b=140888366 HTTP/1.1" 301 0 "-" "Mozilla/5.0 (Linux; Android 13) AppleWebKit/537.36 (KHTML, like Gecko) Chrome/108.0.5359.128 Mobile Safari/537.36 (compatible; AhrefsSiteAudit/6.1; +http://ahrefs.com/robot/site-audit)"
202.8.43.232 - - [03/Jan/2025:10:47:42 -0500] "GET /?b=43917866 HTTP/1.1" 301 0 "-" "Mozilla/5.0 (Linux; Android 13) AppleWebKit/537.36 (KHTML, like Gecko) Chrome/108.0.5359.128 Mobile Safari/537.36 (compatible; AhrefsSiteAudit/6.1; +http://ahrefs.com/robot/site-audit)"
202.8.43.232 - - [03/Jan/2025:10:47:44 -0500] "GET /?b=105540466 HTTP/1.1" 301 0 "-" "Mozilla/5.0 (Linux; Android 13) AppleWebKit/537.36 (KHTML, like Gecko) Chrome/108.0.5359.128 Mobile Safari/537.36 (compatible; AhrefsSiteAudit/6.1; +http://ahrefs.com/robot/site-audit)"
66.249.68.69 - - [03/Jan/2025:10:47:44 -0500] "GET /?b=325319266 HTTP/1.1" 200 79869 "-" "Mozilla/5.0 (Linux; Android 6.0.1; Nexus 5X Build/MMB29P) AppleWebKit/537.36 (KHTML, like Gecko) Chrome/131.0.6778.139 Mobile Safari/537.36 (compatible; GoogleOther)"
202.8.43.236 - - [03/Jan/2025:10:47:47 -0500] "GET /?b=289463666 HTTP/1.1" 301 0 "-" "Mozilla/5.0 (Linux; Android 13) AppleWebKit/537.36 (KHTML, like Gecko) Chrome/108.0.5359.128 Mobile Safari/537.36 (compatible; AhrefsSiteAudit/6.1; +http://ahrefs.com/robot/site-audit)"
66.29.132.124 - - [03/Jan/2025:10:47:49 -0500] "POST /wp-cron.php?doing_wp_cron=1735919269.0392310619354248046875 HTTP/1.1" 200 0 "-" "WordPress/6.7.1; https://blog.diixadigital.com"
202.8.43.234 - - [03/Jan/2025:10:47:48 -0500] "GET /?b=200554866 HTTP/1.1" 301 0 "-" "Mozilla/5.0 (Linux; Android 13) AppleWebKit/537.36 (KHTML, like Gecko) Chrome/108.0.5359.128 Mobile Safari/537.36 (compatible; AhrefsSiteAudit/6.1; +http://ahrefs.com/robot/site-audit)"
66.29.132.124 - - [03/Jan/2025:10:47:50 -0500] "POST /wp-admin/admin-ajax.php?action=async_litespeed&nonce=80b040295a&litespeed_type=imgoptm HTTP/1.1" 200 0 "-" "WordPress/6.7.1; https://blog.diixadigital.com"
202.8.43.233 - - [03/Jan/2025:10:47:51 -0500] "GET /?b=76291466 HTTP/1.1" 301 0 "-" "Mozilla/5.0 (Linux; Android 13) AppleWebKit/537.36 (KHTML, like Gecko) Chrome/108.0.5359.128 Mobile Safari/537.36 (compatible; AhrefsSiteAudit/6.1; +http://ahrefs.com/robot/site-audit)"
202.8.43.233 - - [03/Jan/2025:10:47:53 -0500] "GET /?b=209269966 HTTP/1.1" 301 0 "-" "Mozilla/5.0 (Linux; Android 13) AppleWebKit/537.36 (KHTML, like Gecko) Chrome/108.0.5359.128 Mobile Safari/537.36 (compatible; AhrefsSiteAudit/6.1; +http://ahrefs.com/robot/site-audit)"
66.249.68.68 - - [03/Jan/2025:10:47:52 -0500] "GET /?b=354605166 HTTP/1.1" 200 79396 "-" "Mozilla/5.0 (Linux; Android 6.0.1; Nexus 5X Build/MMB29P) AppleWebKit/537.36 (KHTML, like Gecko) Chrome/131.0.6778.139 Mobile Safari/537.36 (compatible; GoogleOther)"
202.8.43.236 - - [03/Jan/2025:10:47:55 -0500] "GET /?b=21334966 HTTP/1.1" 301 0 "-" "Mozilla/5.0 (Linux; Android 13) AppleWebKit/537.36 (KHTML, like Gecko) Chrome/108.0.5359.128 Mobile Safari/537.36 (compatible; AhrefsSiteAudit/6.1; +http://ahrefs.com/robot/site-audit)"
202.8.43.236 - - [03/Jan/2025:10:47:57 -0500] "GET /?b=36891266 HTTP/1.1" 301 0 "-" "Mozilla/5.0 (Linux; Android 13) AppleWebKit/537.36 (KHTML, like Gecko) Chrome/108.0.5359.128 Mobile Safari/537.36 (compatible; AhrefsSiteAudit/6.1; +http://ahrefs.com/robot/site-audit)"
202.8.43.236 - - [03/Jan/2025:10:47:58 -0500] "GET /?b=101913866 HTTP/1.1" 301 0 "-" "Mozilla/5.0 (Linux; Android 13) AppleWebKit/537.36 (KHTML, like Gecko) Chrome/108.0.5359.128 Mobile Safari/537.36 (compatible; AhrefsSiteAudit/6.1; +http://ahrefs.com/robot/site-audit)"
66.249.68.69 - - [03/Jan/2025:10:47:58 -0500] "GET /?b=136058866 HTTP/1.1" 200 80478 "-" "Mozilla/5.0 (Linux; Android 6.0.1; Nexus 5X Build/MMB29P) AppleWebKit/537.36 (KHTML, like Gecko) Chrome/131.0.6778.139 Mobile Safari/537.36 (compatible; GoogleOther)"
66.249.68.70 - - [03/Jan/2025:10:42:48 -0500] "GET /?b=161292766 HTTP/1.1" 200 80696 "-" "Mozilla/5.0 (Linux; Android 6.0.1; Nexus 5X Build/MMB29P) AppleWebKit/537.36 (KHTML, like Gecko) Chrome/131.0.6778.139 Mobile Safari/537.36 (compatible; Googlebot/2.1; +http://www.google.com/bot.html)"
202.8.43.236 - - [03/Jan/2025:10:42:52 -0500] "GET /?b=253249866 HTTP/1.1" 301 0 "-" "Mozilla/5.0 (Linux; Android 13) AppleWebKit/537.36 (KHTML, like Gecko) Chrome/108.0.5359.128 Mobile Safari/537.36 (compatible; AhrefsSiteAudit/6.1; +http://ahrefs.com/robot/site-audit)"
202.8.43.233 - - [03/Jan/2025:10:42:54 -0500] "GET /?b=345068366 HTTP/1.1" 301 0 "-" "Mozilla/5.0 (Linux; Android 13) AppleWebKit/537.36 (KHTML, like Gecko) Chrome/108.0.5359.128 Mobile Safari/537.36 (compatible; AhrefsSiteAudit/6.1; +http://ahrefs.com/robot/site-audit)"
202.8.43.235 - - [03/Jan/2025:10:42:56 -0500] "GET /?b=189712866 HTTP/1.1" 301 0 "-" "Mozilla/5.0 (Linux; Android 13) AppleWebKit/537.36 (KHTML, like Gecko) Chrome/108.0.5359.128 Mobile Safari/537.36 (compatible; AhrefsSiteAudit/6.1; +http://ahrefs.com/robot/site-audit)"
66.249.68.64 - - [03/Jan/2025:10:42:56 -0500] "GET /?b=85678766 HTTP/1.1" 200 80707 "-" "Mozilla/5.0 (Linux; Android 6.0.1; Nexus 5X Build/MMB29P) AppleWebKit/537.36 (KHTML, like Gecko) Chrome/131.0.6778.139 Mobile Safari/537.36 (compatible; GoogleOther)"
202.8.43.233 - - [03/Jan/2025:10:42:59 -0500] "GET /?b=301728366 HTTP/1.1" 301 0 "-" "Mozilla/5.0 (Linux; Android 13) AppleWebKit/537.36 (KHTML, like Gecko) Chrome/108.0.5359.128 Mobile Safari/537.36 (compatible; AhrefsSiteAudit/6.1; +http://ahrefs.com/robot/site-audit)"
202.8.43.235 - - [03/Jan/2025:10:43:00 -0500] "GET /?b=131863566 HTTP/1.1" 301 0 "-" "Mozilla/5.0 (Linux; Android 13) AppleWebKit/537.36 (KHTML, like Gecko) Chrome/108.0.5359.128 Mobile Safari/537.36 (compatible; AhrefsSiteAudit/6.1; +http://ahrefs.com/robot/site-audit)"
66.249.68.71 - - [03/Jan/2025:10:42:59 -0500] "GET /?b=293975766 HTTP/1.1" 200 79445 "-" "Mozilla/5.0 (Linux; Android 6.0.1; Nexus 5X Build/MMB29P) AppleWebKit/537.36 (KHTML, like Gecko) Chrome/131.0.6778.204 Mobile Safari/537.36 (compatible; Googlebot/2.1; +http://www.google.com/bot.html)"
202.8.43.236 - - [03/Jan/2025:10:43:02 -0500] "GET /?b=344940966 HTTP/1.1" 301 0 "-" "Mozilla/5.0 (Linux; Android 13) AppleWebKit/537.36 (KHTML, like Gecko) Chrome/108.0.5359.128 Mobile Safari/537.36 (compatible; AhrefsSiteAudit/6.1; +http://ahrefs.com/robot/site-audit)"
66.249.68.70 - - [03/Jan/2025:10:43:03 -0500] "GET /?b=60379766 HTTP/1.1" 200 81019 "-" "Mozilla/5.0 (Linux; Android 6.0.1; Nexus 5X Build/MMB29P) AppleWebKit/537.36 (KHTML, like Gecko) Chrome/131.0.6778.139 Mobile Safari/537.36 (compatible; GoogleOther)"
52.167.144.230 - - [03/Jan/2025:10:43:04 -0500] "GET /xafoy/k1471080.html HTTP/1.1" 200 79800 "-" "Mozilla/5.0 AppleWebKit/537.36 (KHTML, like Gecko; compatible; bingbot/2.0; +http://www.bing.com/bingbot.htm) Chrome/116.0.1938.76 Safari/537.36"
202.8.43.236 - - [03/Jan/2025:10:43:07 -0500] "GET /?b=337492766 HTTP/1.1" 301 0 "-" "Mozilla/5.0 (Linux; Android 13) AppleWebKit/537.36 (KHTML, like Gecko) Chrome/108.0.5359.128 Mobile Safari/537.36 (compatible; AhrefsSiteAudit/6.1; +http://ahrefs.com/robot/site-audit)"
202.8.43.232 - - [03/Jan/2025:10:48:00 -0500] "GET /?b=47758666 HTTP/1.1" 301 0 "-" "Mozilla/5.0 (Linux; Android 13) AppleWebKit/537.36 (KHTML, like Gecko) Chrome/108.0.5359.128 Mobile Safari/537.36 (compatible; AhrefsSiteAudit/6.1; +http://ahrefs.com/robot/site-audit)"
202.8.43.234 - - [03/Jan/2025:10:48:03 -0500] "GET /?b=8628666 HTTP/1.1" 301 0 "-" "Mozilla/5.0 (Linux; Android 13) AppleWebKit/537.36 (KHTML, like Gecko) Chrome/108.0.5359.128 Mobile Safari/537.36 (compatible; AhrefsSiteAudit/6.1; +http://ahrefs.com/robot/site-audit)"
66.249.68.68 - - [03/Jan/2025:10:48:04 -0500] "GET /?b=18631066 HTTP/1.1" 200 79800 "-" "Mozilla/5.0 (Linux; Android 6.0.1; Nexus 5X Build/MMB29P) AppleWebKit/537.36 (KHTML, like Gecko) Chrome/131.0.6778.139 Mobile Safari/537.36 (compatible; GoogleOther)"
202.8.43.234 - - [03/Jan/2025:10:48:05 -0500] "GET /?b=317823766 HTTP/1.1" 301 0 "-" "Mozilla/5.0 (Linux; Android 13) AppleWebKit/537.36 (KHTML, like Gecko) Chrome/108.0.5359.128 Mobile Safari/537.36 (compatible; AhrefsSiteAudit/6.1; +http://ahrefs.com/robot/site-audit)"
202.8.43.234 - - [03/Jan/2025:10:48:06 -0500] "GET /?b=102635666 HTTP/1.1" 301 0 "-" "Mozilla/5.0 (Linux; Android 13) AppleWebKit/537.36 (KHTML, like Gecko) Chrome/108.0.5359.128 Mobile Safari/537.36 (compatible; AhrefsSiteAudit/6.1; +http://ahrefs.com/robot/site-audit)"
202.8.43.232 - - [03/Jan/2025:10:48:09 -0500] "GET /?b=33309766 HTTP/1.1" 301 0 "-" "Mozilla/5.0 (Linux; Android 13) AppleWebKit/537.36 (KHTML, like Gecko) Chrome/108.0.5359.128 Mobile Safari/537.36 (compatible; AhrefsSiteAudit/6.1; +http://ahrefs.com/robot/site-audit)"
207.46.13.157 - - [03/Jan/2025:10:48:07 -0500] "GET /fxcry/t2243653.html HTTP/1.1" 200 79586 "-" "Mozilla/5.0 AppleWebKit/537.36 (KHTML, like Gecko; compatible; bingbot/2.0; +http://www.bing.com/bingbot.htm) Chrome/116.0.1938.76 Safari/537.36"
202.8.43.236 - - [03/Jan/2025:10:48:11 -0500] "GET /?b=305405866 HTTP/1.1" 301 0 "-" "Mozilla/5.0 (Linux; Android 13) AppleWebKit/537.36 (KHTML, like Gecko) Chrome/108.0.5359.128 Mobile Safari/537.36 (compatible; AhrefsSiteAudit/6.1; +http://ahrefs.com/robot/site-audit)"
66.249.68.68 - - [03/Jan/2025:10:48:11 -0500] "GET /?b=297400166 HTTP/1.1" 200 79678 "-" "Mozilla/5.0 (Linux; Android 6.0.1; Nexus 5X Build/MMB29P) AppleWebKit/537.36 (KHTML, like Gecko) Chrome/131.0.6778.139 Mobile Safari/537.36 (compatible; GoogleOther)"
202.8.43.233 - - [03/Jan/2025:10:48:13 -0500] "GET /?b=337135166 HTTP/1.1" 301 0 "-" "Mozilla/5.0 (Linux; Android 13) AppleWebKit/537.36 (KHTML, like Gecko) Chrome/108.0.5359.128 Mobile Safari/537.36 (compatible; AhrefsSiteAudit/6.1; +http://ahrefs.com/robot/site-audit)"
202.8.43.232 - - [03/Jan/2025:10:48:14 -0500] "GET /?b=82974266 HTTP/1.1" 301 0 "-" "Mozilla/5.0 (Linux; Android 13) AppleWebKit/537.36 (KHTML, like Gecko) Chrome/108.0.5359.128 Mobile Safari/537.36 (compatible; AhrefsSiteAudit/6.1; +http://ahrefs.com/robot/site-audit)"
202.8.43.236 - - [03/Jan/2025:10:48:18 -0500] "GET /?b=40420766 HTTP/1.1" 301 0 "-" "Mozilla/5.0 (Linux; Android 13) AppleWebKit/537.36 (KHTML, like Gecko) Chrome/108.0.5359.128 Mobile Safari/537.36 (compatible; AhrefsSiteAudit/6.1; +http://ahrefs.com/robot/site-audit)"
202.8.43.233 - - [03/Jan/2025:10:48:19 -0500] "GET /?b=80692866 HTTP/1.1" 301 0 "-" "Mozilla/5.0 (Linux; Android 13) AppleWebKit/537.36 (KHTML, like Gecko) Chrome/108.0.5359.128 Mobile Safari/537.36 (compatible; AhrefsSiteAudit/6.1; +http://ahrefs.com/robot/site-audit)"
66.249.68.68 - - [03/Jan/2025:10:48:18 -0500] "GET /?b=138125066 HTTP/1.1" 200 79743 "-" "Mozilla/5.0 (Linux; Android 6.0.1; Nexus 5X Build/MMB29P) AppleWebKit/537.36 (KHTML, like Gecko) Chrome/131.0.6778.139 Mobile Safari/537.36 (compatible; GoogleOther)"
66.29.132.124 - - [03/Jan/2025:10:48:22 -0500] "POST /wp-cron.php?doing_wp_cron=1735919302.1218059062957763671875 HTTP/1.1" 200 0 "-" "WordPress/6.7.1; https://blog.diixadigital.com"
202.8.43.235 - - [03/Jan/2025:10:48:21 -0500] "GET /?b=208765066 HTTP/1.1" 301 0 "-" "Mozilla/5.0 (Linux; Android 13) AppleWebKit/537.36 (KHTML, like Gecko) Chrome/108.0.5359.128 Mobile Safari/537.36 (compatible; AhrefsSiteAudit/6.1; +http://ahrefs.com/robot/site-audit)"
202.8.43.234 - - [03/Jan/2025:10:48:24 -0500] "GET /?b=27761966 HTTP/1.1" 301 0 "-" "Mozilla/5.0 (Linux; Android 13) AppleWebKit/537.36 (KHTML, like Gecko) Chrome/108.0.5359.128 Mobile Safari/537.36 (compatible; AhrefsSiteAudit/6.1; +http://ahrefs.com/robot/site-audit)"
202.8.43.233 - - [03/Jan/2025:10:48:26 -0500] "GET /?b=267418566 HTTP/1.1" 301 0 "-" "Mozilla/5.0 (Linux; Android 13) AppleWebKit/537.36 (KHTML, like Gecko) Chrome/108.0.5359.128 Mobile Safari/537.36 (compatible; AhrefsSiteAudit/6.1; +http://ahrefs.com/robot/site-audit)"
66.249.68.68 - - [03/Jan/2025:10:48:25 -0500] "GET /?b=157568566 HTTP/1.1" 200 80345 "-" "Mozilla/5.0 (Linux; Android 6.0.1; Nexus 5X Build/MMB29P) AppleWebKit/537.36 (KHTML, like Gecko) Chrome/131.0.6778.139 Mobile Safari/537.36 (compatible; GoogleOther)"
202.8.43.233 - - [03/Jan/2025:10:48:28 -0500] "GET /?b=109713866 HTTP/1.1" 301 0 "-" "Mozilla/5.0 (Linux; Android 13) AppleWebKit/537.36 (KHTML, like Gecko) Chrome/108.0.5359.128 Mobile Safari/537.36 (compatible; AhrefsSiteAudit/6.1; +http://ahrefs.com/robot/site-audit)"
202.8.43.235 - - [03/Jan/2025:10:48:29 -0500] "GET /?b=327679366 HTTP/1.1" 301 0 "-" "Mozilla/5.0 (Linux; Android 13) AppleWebKit/537.36 (KHTML, like Gecko) Chrome/108.0.5359.128 Mobile Safari/537.36 (compatible; AhrefsSiteAudit/6.1; +http://ahrefs.com/robot/site-audit)"
202.8.43.233 - - [03/Jan/2025:10:48:31 -0500] "GET /?b=14312966 HTTP/1.1" 301 0 "-" "Mozilla/5.0 (Linux; Android 13) AppleWebKit/537.36 (KHTML, like Gecko) Chrome/108.0.5359.128 Mobile Safari/537.36 (compatible; AhrefsSiteAudit/6.1; +http://ahrefs.com/robot/site-audit)"
202.8.43.233 - - [03/Jan/2025:10:48:33 -0500] "GET /?b=207284866 HTTP/1.1" 301 0 "-" "Mozilla/5.0 (Linux; Android 13) AppleWebKit/537.36 (KHTML, like Gecko) Chrome/108.0.5359.128 Mobile Safari/537.36 (compatible; AhrefsSiteAudit/6.1; +http://ahrefs.com/robot/site-audit)"
66.249.68.69 - - [03/Jan/2025:10:48:31 -0500] "GET /?b=136446566 HTTP/1.1" 200 81594 "-" "Mozilla/5.0 (Linux; Android 6.0.1; Nexus 5X Build/MMB29P) AppleWebKit/537.36 (KHTML, like Gecko) Chrome/131.0.6778.139 Mobile Safari/537.36 (compatible; GoogleOther)"
202.8.43.232 - - [03/Jan/2025:10:48:34 -0500] "GET /?b=90159266 HTTP/1.1" 301 0 "-" "Mozilla/5.0 (Linux; Android 13) AppleWebKit/537.36 (KHTML, like Gecko) Chrome/108.0.5359.128 Mobile Safari/537.36 (compatible; AhrefsSiteAudit/6.1; +http://ahrefs.com/robot/site-audit)"
202.8.43.236 - - [03/Jan/2025:10:48:36 -0500] "GET /?b=173641866 HTTP/1.1" 301 0 "-" "Mozilla/5.0 (Linux; Android 13) AppleWebKit/537.36 (KHTML, like Gecko) Chrome/108.0.5359.128 Mobile Safari/537.36 (compatible; AhrefsSiteAudit/6.1; +http://ahrefs.com/robot/site-audit)"
66.249.68.68 - - [03/Jan/2025:10:48:38 -0500] "GET /?b=148214666 HTTP/1.1" 200 80383 "-" "Mozilla/5.0 (Linux; Android 6.0.1; Nexus 5X Build/MMB29P) AppleWebKit/537.36 (KHTML, like Gecko) Chrome/131.0.6778.139 Mobile Safari/537.36 (compatible; GoogleOther)"
202.8.43.235 - - [03/Jan/2025:10:48:39 -0500] "GET /?b=276821566 HTTP/1.1" 301 0 "-" "Mozilla/5.0 (Linux; Android 13) AppleWebKit/537.36 (KHTML, like Gecko) Chrome/108.0.5359.128 Mobile Safari/537.36 (compatible; AhrefsSiteAudit/6.1; +http://ahrefs.com/robot/site-audit)"
202.8.43.235 - - [03/Jan/2025:10:48:41 -0500] "GET /?b=352090466 HTTP/1.1" 301 0 "-" "Mozilla/5.0 (Linux; Android 13) AppleWebKit/537.36 (KHTML, like Gecko) Chrome/108.0.5359.128 Mobile Safari/537.36 (compatible; AhrefsSiteAudit/6.1; +http://ahrefs.com/robot/site-audit)"
202.8.43.235 - - [03/Jan/2025:10:48:43 -0500] "GET /?b=179626866 HTTP/1.1" 301 0 "-" "Mozilla/5.0 (Linux; Android 13) AppleWebKit/537.36 (KHTML, like Gecko) Chrome/108.0.5359.128 Mobile Safari/537.36 (compatible; AhrefsSiteAudit/6.1; +http://ahrefs.com/robot/site-audit)"
202.8.43.236 - - [03/Jan/2025:10:48:45 -0500] "GET /?b=49508166 HTTP/1.1" 301 0 "-" "Mozilla/5.0 (Linux; Android 13) AppleWebKit/537.36 (KHTML, like Gecko) Chrome/108.0.5359.128 Mobile Safari/537.36 (compatible; AhrefsSiteAudit/6.1; +http://ahrefs.com/robot/site-audit)"
66.249.68.69 - - [03/Jan/2025:10:48:44 -0500] "GET /?b=244507966 HTTP/1.1" 200 80036 "-" "Mozilla/5.0 (Linux; Android 6.0.1; Nexus 5X Build/MMB29P) AppleWebKit/537.36 (KHTML, like Gecko) Chrome/131.0.6778.139 Mobile Safari/537.36 (compatible; GoogleOther)"
202.8.43.232 - - [03/Jan/2025:10:48:46 -0500] "GET /?b=100455666 HTTP/1.1" 301 0 "-" "Mozilla/5.0 (Linux; Android 13) AppleWebKit/537.36 (KHTML, like Gecko) Chrome/108.0.5359.128 Mobile Safari/537.36 (compatible; AhrefsSiteAudit/6.1; +http://ahrefs.com/robot/site-audit)"
66.29.132.124 - - [03/Jan/2025:10:48:49 -0500] "POST /wp-cron.php?doing_wp_cron=1735919329.1920740604400634765625 HTTP/1.1" 200 0 "-" "WordPress/6.7.1; https://blog.diixadigital.com"
202.8.43.236 - - [03/Jan/2025:10:48:48 -0500] "GET /?b=141582766 HTTP/1.1" 301 0 "-" "Mozilla/5.0 (Linux; Android 13) AppleWebKit/537.36 (KHTML, like Gecko) Chrome/108.0.5359.128 Mobile Safari/537.36 (compatible; AhrefsSiteAudit/6.1; +http://ahrefs.com/robot/site-audit)"
66.29.132.124 - - [03/Jan/2025:10:48:50 -0500] "POST /wp-admin/admin-ajax.php?action=async_litespeed&nonce=80b040295a&litespeed_type=imgoptm HTTP/1.1" 200 21 "-" "WordPress/6.7.1; https://blog.diixadigital.com"
202.8.43.233 - - [03/Jan/2025:10:48:50 -0500] "GET /?b=195433766 HTTP/1.1" 301 0 "-" "Mozilla/5.0 (Linux; Android 13) AppleWebKit/537.36 (KHTML, like Gecko) Chrome/108.0.5359.128 Mobile Safari/537.36 (compatible; AhrefsSiteAudit/6.1; +http://ahrefs.com/robot/site-audit)"
66.249.68.68 - - [03/Jan/2025:10:48:50 -0500] "GET /?b=23795566 HTTP/1.1" 200 82262 "-" "Mozilla/5.0 (Linux; Android 6.0.1; Nexus 5X Build/MMB29P) AppleWebKit/537.36 (KHTML, like Gecko) Chrome/131.0.6778.139 Mobile Safari/537.36 (compatible; GoogleOther)"
202.8.43.233 - - [03/Jan/2025:10:48:52 -0500] "GET /?b=108130666 HTTP/1.1" 301 0 "-" "Mozilla/5.0 (Linux; Android 13) AppleWebKit/537.36 (KHTML, like Gecko) Chrome/108.0.5359.128 Mobile Safari/537.36 (compatible; AhrefsSiteAudit/6.1; +http://ahrefs.com/robot/site-audit)"
202.8.43.234 - - [03/Jan/2025:10:48:54 -0500] "GET /?b=161047066 HTTP/1.1" 301 0 "-" "Mozilla/5.0 (Linux; Android 13) AppleWebKit/537.36 (KHTML, like Gecko) Chrome/108.0.5359.128 Mobile Safari/537.36 (compatible; AhrefsSiteAudit/6.1; +http://ahrefs.com/robot/site-audit)"
66.249.68.69 - - [03/Jan/2025:10:48:53 -0500] "GET /?b=318186566 HTTP/1.1" 200 80097 "-" "Mozilla/5.0 (Linux; Android 6.0.1; Nexus 5X Build/MMB29P) AppleWebKit/537.36 (KHTML, like Gecko) Chrome/131.0.6778.139 Mobile Safari/537.36 (compatible; Googlebot/2.1; +http://www.google.com/bot.html)"
202.8.43.233 - - [03/Jan/2025:10:48:56 -0500] "GET /?b=105006766 HTTP/1.1" 301 0 "-" "Mozilla/5.0 (Linux; Android 13) AppleWebKit/537.36 (KHTML, like Gecko) Chrome/108.0.5359.128 Mobile Safari/537.36 (compatible; AhrefsSiteAudit/6.1; +http://ahrefs.com/robot/site-audit)"
66.249.68.68 - - [03/Jan/2025:10:48:57 -0500] "GET /?b=298761266 HTTP/1.1" 200 80470 "-" "Mozilla/5.0 (Linux; Android 6.0.1; Nexus 5X Build/MMB29P) AppleWebKit/537.36 (KHTML, like Gecko) Chrome/131.0.6778.139 Mobile Safari/537.36 (compatible; GoogleOther)"
202.8.43.234 - - [03/Jan/2025:10:48:58 -0500] "GET /?b=107130066 HTTP/1.1" 301 0 "-" "Mozilla/5.0 (Linux; Android 13) AppleWebKit/537.36 (KHTML, like Gecko) Chrome/108.0.5359.128 Mobile Safari/537.36 (compatible; AhrefsSiteAudit/6.1; +http://ahrefs.com/robot/site-audit)"
52.167.144.218 - - [03/Jan/2025:10:48:59 -0500] "GET /enamh/p248877.html HTTP/1.1" 200 80739 "-" "Mozilla/5.0 AppleWebKit/537.36 (KHTML, like Gecko; compatible; bingbot/2.0; +http://www.bing.com/bingbot.htm) Chrome/116.0.1938.76 Safari/537.36"
202.8.43.233 - - [03/Jan/2025:10:49:01 -0500] "GET /?b=270031866 HTTP/1.1" 301 0 "-" "Mozilla/5.0 (Linux; Android 13) AppleWebKit/537.36 (KHTML, like Gecko) Chrome/108.0.5359.128 Mobile Safari/537.36 (compatible; AhrefsSiteAudit/6.1; +http://ahrefs.com/robot/site-audit)"
202.8.43.234 - - [03/Jan/2025:10:49:02 -0500] "GET /?b=178432766 HTTP/1.1" 301 0 "-" "Mozilla/5.0 (Linux; Android 13) AppleWebKit/537.36 (KHTML, like Gecko) Chrome/108.0.5359.128 Mobile Safari/537.36 (compatible; AhrefsSiteAudit/6.1; +http://ahrefs.com/robot/site-audit)"
202.8.43.236 - - [03/Jan/2025:10:49:05 -0500] "GET /?b=348060766 HTTP/1.1" 301 0 "-" "Mozilla/5.0 (Linux; Android 13) AppleWebKit/537.36 (KHTML, like Gecko) Chrome/108.0.5359.128 Mobile Safari/537.36 (compatible; AhrefsSiteAudit/6.1; +http://ahrefs.com/robot/site-audit)"
66.249.68.68 - - [03/Jan/2025:10:49:04 -0500] "GET /?b=271798866 HTTP/1.1" 200 79417 "-" "Mozilla/5.0 (Linux; Android 6.0.1; Nexus 5X Build/MMB29P) AppleWebKit/537.36 (KHTML, like Gecko) Chrome/131.0.6778.139 Mobile Safari/537.36 (compatible; GoogleOther)"
202.8.43.236 - - [03/Jan/2025:10:49:07 -0500] "GET /?b=307981366 HTTP/1.1" 301 0 "-" "Mozilla/5.0 (Linux; Android 13) AppleWebKit/537.36 (KHTML, like Gecko) Chrome/108.0.5359.128 Mobile Safari/537.36 (compatible; AhrefsSiteAudit/6.1; +http://ahrefs.com/robot/site-audit)"
202.8.43.232 - - [03/Jan/2025:10:49:09 -0500] "GET /?b=221294166 HTTP/1.1" 301 0 "-" "Mozilla/5.0 (Linux; Android 13) AppleWebKit/537.36 (KHTML, like Gecko) Chrome/108.0.5359.128 Mobile Safari/537.36 (compatible; AhrefsSiteAudit/6.1; +http://ahrefs.com/robot/site-audit)"
202.8.43.232 - - [03/Jan/2025:10:49:10 -0500] "GET /?b=319828766 HTTP/1.1" 301 0 "-" "Mozilla/5.0 (Linux; Android 13) AppleWebKit/537.36 (KHTML, like Gecko) Chrome/108.0.5359.128 Mobile Safari/537.36 (compatible; AhrefsSiteAudit/6.1; +http://ahrefs.com/robot/site-audit)"
66.249.68.69 - - [03/Jan/2025:10:49:10 -0500] "GET /?b=104592666 HTTP/1.1" 200 80942 "-" "Mozilla/5.0 (Linux; Android 6.0.1; Nexus 5X Build/MMB29P) AppleWebKit/537.36 (KHTML, like Gecko) Chrome/131.0.6778.139 Mobile Safari/537.36 (compatible; GoogleOther)"
202.8.43.236 - - [03/Jan/2025:10:49:12 -0500] "GET /?b=14775066 HTTP/1.1" 301 0 "-" "Mozilla/5.0 (Linux; Android 13) AppleWebKit/537.36 (KHTML, like Gecko) Chrome/108.0.5359.128 Mobile Safari/537.36 (compatible; AhrefsSiteAudit/6.1; +http://ahrefs.com/robot/site-audit)"
202.8.43.235 - - [03/Jan/2025:10:49:14 -0500] "GET /?b=114322666 HTTP/1.1" 301 0 "-" "Mozilla/5.0 (Linux; Android 13) AppleWebKit/537.36 (KHTML, like Gecko) Chrome/108.0.5359.128 Mobile Safari/537.36 (compatible; AhrefsSiteAudit/6.1; +http://ahrefs.com/robot/site-audit)"
202.8.43.233 - - [03/Jan/2025:10:49:16 -0500] "GET /?b=128690466 HTTP/1.1" 301 0 "-" "Mozilla/5.0 (Linux; Android 13) AppleWebKit/537.36 (KHTML, like Gecko) Chrome/108.0.5359.128 Mobile Safari/537.36 (compatible; AhrefsSiteAudit/6.1; +http://ahrefs.com/robot/site-audit)"
66.249.68.68 - - [03/Jan/2025:10:49:17 -0500] "GET /?b=333316266 HTTP/1.1" 200 79775 "-" "Mozilla/5.0 (Linux; Android 6.0.1; Nexus 5X Build/MMB29P) AppleWebKit/537.36 (KHTML, like Gecko) Chrome/131.0.6778.139 Mobile Safari/537.36 (compatible; GoogleOther)"
202.8.43.236 - - [03/Jan/2025:10:49:18 -0500] "GET /?b=226555866 HTTP/1.1" 301 0 "-" "Mozilla/5.0 (Linux; Android 13) AppleWebKit/537.36 (KHTML, like Gecko) Chrome/108.0.5359.128 Mobile Safari/537.36 (compatible; AhrefsSiteAudit/6.1; +http://ahrefs.com/robot/site-audit)"
202.8.43.236 - - [03/Jan/2025:10:49:21 -0500] "GET /?b=60151166 HTTP/1.1" 301 0 "-" "Mozilla/5.0 (Linux; Android 13) AppleWebKit/537.36 (KHTML, like Gecko) Chrome/108.0.5359.128 Mobile Safari/537.36 (compatible; AhrefsSiteAudit/6.1; +http://ahrefs.com/robot/site-audit)"
66.29.132.124 - - [03/Jan/2025:10:49:24 -0500] "POST /wp-cron.php?doing_wp_cron=1735919363.8827540874481201171875 HTTP/1.1" 200 0 "-" "WordPress/6.7.1; https://blog.diixadigital.com"
202.8.43.234 - - [03/Jan/2025:10:49:23 -0500] "GET /?b=7044866 HTTP/1.1" 301 0 "-" "Mozilla/5.0 (Linux; Android 13) AppleWebKit/537.36 (KHTML, like Gecko) Chrome/108.0.5359.128 Mobile Safari/537.36 (compatible; AhrefsSiteAudit/6.1; +http://ahrefs.com/robot/site-audit)"
202.8.43.234 - - [03/Jan/2025:10:49:24 -0500] "GET /?b=167538666 HTTP/1.1" 301 0 "-" "Mozilla/5.0 (Linux; Android 13) AppleWebKit/537.36 (KHTML, like Gecko) Chrome/108.0.5359.128 Mobile Safari/537.36 (compatible; AhrefsSiteAudit/6.1; +http://ahrefs.com/robot/site-audit)"
66.249.68.68 - - [03/Jan/2025:10:49:25 -0500] "GET /?b=46763266 HTTP/1.1" 200 80722 "-" "Mozilla/5.0 (Linux; Android 6.0.1; Nexus 5X Build/MMB29P) AppleWebKit/537.36 (KHTML, like Gecko) Chrome/131.0.6778.139 Mobile Safari/537.36 (compatible; GoogleOther)"
202.8.43.233 - - [03/Jan/2025:10:49:26 -0500] "GET /?b=238198966 HTTP/1.1" 301 0 "-" "Mozilla/5.0 (Linux; Android 13) AppleWebKit/537.36 (KHTML, like Gecko) Chrome/108.0.5359.128 Mobile Safari/537.36 (compatible; AhrefsSiteAudit/6.1; +http://ahrefs.com/robot/site-audit)"
202.8.43.234 - - [03/Jan/2025:10:49:28 -0500] "GET /?b=288525166 HTTP/1.1" 301 0 "-" "Mozilla/5.0 (Linux; Android 13) AppleWebKit/537.36 (KHTML, like Gecko) Chrome/108.0.5359.128 Mobile Safari/537.36 (compatible; AhrefsSiteAudit/6.1; +http://ahrefs.com/robot/site-audit)"
202.8.43.233 - - [03/Jan/2025:10:49:30 -0500] "GET /?b=214307266 HTTP/1.1" 301 0 "-" "Mozilla/5.0 (Linux; Android 13) AppleWebKit/537.36 (KHTML, like Gecko) Chrome/108.0.5359.128 Mobile Safari/537.36 (compatible; AhrefsSiteAudit/6.1; +http://ahrefs.com/robot/site-audit)"
66.249.68.69 - - [03/Jan/2025:10:49:30 -0500] "GET /?b=186247766 HTTP/1.1" 200 81176 "-" "Mozilla/5.0 (Linux; Android 6.0.1; Nexus 5X Build/MMB29P) AppleWebKit/537.36 (KHTML, like Gecko) Chrome/131.0.6778.139 Mobile Safari/537.36 (compatible; GoogleOther)"
66.249.68.68 - - [03/Jan/2025:10:49:31 -0500] "GET /?b=180039866 HTTP/1.1" 200 81574 "-" "Mozilla/5.0 (Linux; Android 6.0.1; Nexus 5X Build/MMB29P) AppleWebKit/537.36 (KHTML, like Gecko) Chrome/131.0.6778.139 Mobile Safari/537.36 (compatible; Googlebot/2.1; +http://www.google.com/bot.html)"
202.8.43.233 - - [03/Jan/2025:10:49:32 -0500] "GET /?b=231154266 HTTP/1.1" 301 0 "-" "Mozilla/5.0 (Linux; Android 13) AppleWebKit/537.36 (KHTML, like Gecko) Chrome/108.0.5359.128 Mobile Safari/537.36 (compatible; AhrefsSiteAudit/6.1; +http://ahrefs.com/robot/site-audit)"
202.8.43.235 - - [03/Jan/2025:10:49:34 -0500] "GET /?b=61434966 HTTP/1.1" 301 0 "-" "Mozilla/5.0 (Linux; Android 13) AppleWebKit/537.36 (KHTML, like Gecko) Chrome/108.0.5359.128 Mobile Safari/537.36 (compatible; AhrefsSiteAudit/6.1; +http://ahrefs.com/robot/site-audit)"
66.249.68.69 - - [03/Jan/2025:10:49:33 -0500] "GET /?b=85401866 HTTP/1.1" 200 80985 "-" "Mozilla/5.0 (Linux; Android 6.0.1; Nexus 5X Build/MMB29P) AppleWebKit/537.36 (KHTML, like Gecko) Chrome/131.0.6778.139 Mobile Safari/537.36 (compatible; Googlebot/2.1; +http://www.google.com/bot.html)"
66.249.68.68 - - [03/Jan/2025:10:49:35 -0500] "GET /?b=85140166 HTTP/1.1" 200 81120 "-" "Mozilla/5.0 (Linux; Android 6.0.1; Nexus 5X Build/MMB29P) AppleWebKit/537.36 (KHTML, like Gecko) Chrome/131.0.6778.139 Mobile Safari/537.36 (compatible; Googlebot/2.1; +http://www.google.com/bot.html)"
202.8.43.233 - - [03/Jan/2025:10:49:36 -0500] "GET /?b=202467966 HTTP/1.1" 301 0 "-" "Mozilla/5.0 (Linux; Android 13) AppleWebKit/537.36 (KHTML, like Gecko) Chrome/108.0.5359.128 Mobile Safari/537.36 (compatible; AhrefsSiteAudit/6.1; +http://ahrefs.com/robot/site-audit)"
66.249.68.68 - - [03/Jan/2025:10:49:37 -0500] "GET /?b=254708466 HTTP/1.1" 200 80201 "-" "Mozilla/5.0 (Linux; Android 6.0.1; Nexus 5X Build/MMB29P) AppleWebKit/537.36 (KHTML, like Gecko) Chrome/131.0.6778.139 Mobile Safari/537.36 (compatible; Googlebot/2.1; +http://www.google.com/bot.html)"
66.249.68.68 - - [03/Jan/2025:10:49:37 -0500] "GET /?b=128981966 HTTP/1.1" 200 80861 "-" "Mozilla/5.0 (Linux; Android 6.0.1; Nexus 5X Build/MMB29P) AppleWebKit/537.36 (KHTML, like Gecko) Chrome/131.0.6778.139 Mobile Safari/537.36 (compatible; GoogleOther)"
202.8.43.235 - - [03/Jan/2025:10:49:38 -0500] "GET /?b=250218666 HTTP/1.1" 301 0 "-" "Mozilla/5.0 (Linux; Android 13) AppleWebKit/537.36 (KHTML, like Gecko) Chrome/108.0.5359.128 Mobile Safari/537.36 (compatible; AhrefsSiteAudit/6.1; +http://ahrefs.com/robot/site-audit)"
66.249.68.68 - - [03/Jan/2025:10:49:38 -0500] "GET /?b=128396466 HTTP/1.1" 200 79392 "-" "Mozilla/5.0 (Linux; Android 6.0.1; Nexus 5X Build/MMB29P) AppleWebKit/537.36 (KHTML, like Gecko) Chrome/131.0.6778.139 Mobile Safari/537.36 (compatible; Googlebot/2.1; +http://www.google.com/bot.html)"
202.8.43.234 - - [03/Jan/2025:10:49:40 -0500] "GET /?b=292372466 HTTP/1.1" 301 0 "-" "Mozilla/5.0 (Linux; Android 13) AppleWebKit/537.36 (KHTML, like Gecko) Chrome/108.0.5359.128 Mobile Safari/537.36 (compatible; AhrefsSiteAudit/6.1; +http://ahrefs.com/robot/site-audit)"
52.167.144.184 - - [03/Jan/2025:10:49:39 -0500] "GET /mhalm/s1344988.html HTTP/1.1" 200 79869 "-" "Mozilla/5.0 AppleWebKit/537.36 (KHTML, like Gecko; compatible; bingbot/2.0; +http://www.bing.com/bingbot.htm) Chrome/116.0.1938.76 Safari/537.36"
66.249.68.70 - - [03/Jan/2025:10:49:40 -0500] "GET /?b=132788366 HTTP/1.1" 200 79918 "-" "Mozilla/5.0 (Linux; Android 6.0.1; Nexus 5X Build/MMB29P) AppleWebKit/537.36 (KHTML, like Gecko) Chrome/131.0.6778.139 Mobile Safari/537.36 (compatible; Googlebot/2.1; +http://www.google.com/bot.html)"
202.8.43.235 - - [03/Jan/2025:10:49:42 -0500] "GET /?b=185435266 HTTP/1.1" 301 0 "-" "Mozilla/5.0 (Linux; Android 13) AppleWebKit/537.36 (KHTML, like Gecko) Chrome/108.0.5359.128 Mobile Safari/537.36 (compatible; AhrefsSiteAudit/6.1; +http://ahrefs.com/robot/site-audit)"
66.249.68.68 - - [03/Jan/2025:10:49:42 -0500] "GET /?b=224799466 HTTP/1.1" 200 79563 "-" "Mozilla/5.0 (Linux; Android 6.0.1; Nexus 5X Build/MMB29P) AppleWebKit/537.36 (KHTML, like Gecko) Chrome/131.0.6778.139 Mobile Safari/537.36 (compatible; Googlebot/2.1; +http://www.google.com/bot.html)"
202.8.43.232 - - [03/Jan/2025:10:49:44 -0500] "GET /?b=197230666 HTTP/1.1" 301 0 "-" "Mozilla/5.0 (Linux; Android 13) AppleWebKit/537.36 (KHTML, like Gecko) Chrome/108.0.5359.128 Mobile Safari/537.36 (compatible; AhrefsSiteAudit/6.1; +http://ahrefs.com/robot/site-audit)"
66.249.68.69 - - [03/Jan/2025:10:49:43 -0500] "GET /?b=31410266 HTTP/1.1" 200 80934 "-" "Mozilla/5.0 (Linux; Android 6.0.1; Nexus 5X Build/MMB29P) AppleWebKit/537.36 (KHTML, like Gecko) Chrome/131.0.6778.139 Mobile Safari/537.36 (compatible; GoogleOther)"
202.8.43.235 - - [03/Jan/2025:10:49:46 -0500] "GET /?b=47165266 HTTP/1.1" 301 0 "-" "Mozilla/5.0 (Linux; Android 13) AppleWebKit/537.36 (KHTML, like Gecko) Chrome/108.0.5359.128 Mobile Safari/537.36 (compatible; AhrefsSiteAudit/6.1; +http://ahrefs.com/robot/site-audit)"
66.249.68.70 - - [03/Jan/2025:10:49:46 -0500] "GET /?b=306682866 HTTP/1.1" 200 79524 "-" "Mozilla/5.0 (Linux; Android 6.0.1; Nexus 5X Build/MMB29P) AppleWebKit/537.36 (KHTML, like Gecko) Chrome/131.0.6778.139 Mobile Safari/537.36 (compatible; Googlebot/2.1; +http://www.google.com/bot.html)"
207.46.13.157 - - [03/Jan/2025:10:49:47 -0500] "GET /nakwa/o2206806.html HTTP/1.1" 200 79702 "-" "Mozilla/5.0 AppleWebKit/537.36 (KHTML, like Gecko; compatible; bingbot/2.0; +http://www.bing.com/bingbot.htm) Chrome/116.0.1938.76 Safari/537.36"
66.29.132.124 - - [03/Jan/2025:10:49:49 -0500] "POST /wp-cron.php?doing_wp_cron=1735919389.2662420272827148437500 HTTP/1.1" 200 0 "-" "WordPress/6.7.1; https://blog.diixadigital.com"
66.249.68.68 - - [03/Jan/2025:10:49:47 -0500] "GET /?b=254038566 HTTP/1.1" 200 79832 "-" "Mozilla/5.0 (Linux; Android 6.0.1; Nexus 5X Build/MMB29P) AppleWebKit/537.36 (KHTML, like Gecko) Chrome/131.0.6778.139 Mobile Safari/537.36 (compatible; Googlebot/2.1; +http://www.google.com/bot.html)"
202.8.43.234 - - [03/Jan/2025:10:49:48 -0500] "GET /?b=28834366 HTTP/1.1" 301 0 "-" "Mozilla/5.0 (Linux; Android 13) AppleWebKit/537.36 (KHTML, like Gecko) Chrome/108.0.5359.128 Mobile Safari/537.36 (compatible; AhrefsSiteAudit/6.1; +http://ahrefs.com/robot/site-audit)"
66.29.132.124 - - [03/Jan/2025:10:49:50 -0500] "POST /wp-admin/admin-ajax.php?action=async_litespeed&nonce=80b040295a&litespeed_type=imgoptm HTTP/1.1" 200 0 "-" "WordPress/6.7.1; https://blog.diixadigital.com"
66.249.68.71 - - [03/Jan/2025:10:49:49 -0500] "GET /?b=209917866 HTTP/1.1" 200 80018 "-" "Mozilla/5.0 (Linux; Android 6.0.1; Nexus 5X Build/MMB29P) AppleWebKit/537.36 (KHTML, like Gecko) Chrome/131.0.6778.139 Mobile Safari/537.36 (compatible; Googlebot/2.1; +http://www.google.com/bot.html)"
202.8.43.234 - - [03/Jan/2025:10:49:50 -0500] "GET /?b=213732066 HTTP/1.1" 301 0 "-" "Mozilla/5.0 (Linux; Android 13) AppleWebKit/537.36 (KHTML, like Gecko) Chrome/108.0.5359.128 Mobile Safari/537.36 (compatible; AhrefsSiteAudit/6.1; +http://ahrefs.com/robot/site-audit)"
66.249.68.69 - - [03/Jan/2025:10:49:50 -0500] "GET /?b=173888266 HTTP/1.1" 200 79592 "-" "Mozilla/5.0 (Linux; Android 6.0.1; Nexus 5X Build/MMB29P) AppleWebKit/537.36 (KHTML, like Gecko) Chrome/131.0.6778.139 Mobile Safari/537.36 (compatible; GoogleOther)"
207.46.13.157 - - [03/Jan/2025:10:49:50 -0500] "GET /stmai/o1199280.html HTTP/1.1" 200 81922 "-" "Mozilla/5.0 AppleWebKit/537.36 (KHTML, like Gecko; compatible; bingbot/2.0; +http://www.bing.com/bingbot.htm) Chrome/116.0.1938.76 Safari/537.36"
202.8.43.236 - - [03/Jan/2025:10:49:53 -0500] "GET /?b=188771566 HTTP/1.1" 301 0 "-" "Mozilla/5.0 (Linux; Android 13) AppleWebKit/537.36 (KHTML, like Gecko) Chrome/108.0.5359.128 Mobile Safari/537.36 (compatible; AhrefsSiteAudit/6.1; +http://ahrefs.com/robot/site-audit)"
202.8.43.234 - - [03/Jan/2025:10:49:55 -0500] "GET /?b=248827966 HTTP/1.1" 301 0 "-" "Mozilla/5.0 (Linux; Android 13) AppleWebKit/537.36 (KHTML, like Gecko) Chrome/108.0.5359.128 Mobile Safari/537.36 (compatible; AhrefsSiteAudit/6.1; +http://ahrefs.com/robot/site-audit)"
66.249.68.68 - - [03/Jan/2025:10:49:54 -0500] "GET /?b=82385266 HTTP/1.1" 200 80621 "-" "Mozilla/5.0 (Linux; Android 6.0.1; Nexus 5X Build/MMB29P) AppleWebKit/537.36 (KHTML, like Gecko) Chrome/131.0.6778.139 Mobile Safari/537.36 (compatible; Googlebot/2.1; +http://www.google.com/bot.html)"
202.8.43.236 - - [03/Jan/2025:10:49:56 -0500] "GET /?b=272261166 HTTP/1.1" 301 0 "-" "Mozilla/5.0 (Linux; Android 13) AppleWebKit/537.36 (KHTML, like Gecko) Chrome/108.0.5359.128 Mobile Safari/537.36 (compatible; AhrefsSiteAudit/6.1; +http://ahrefs.com/robot/site-audit)"
66.249.68.68 - - [03/Jan/2025:10:49:57 -0500] "GET /?b=54504966 HTTP/1.1" 200 79937 "-" "Mozilla/5.0 (Linux; Android 6.0.1; Nexus 5X Build/MMB29P) AppleWebKit/537.36 (KHTML, like Gecko) Chrome/131.0.6778.139 Mobile Safari/537.36 (compatible; Googlebot/2.1; +http://www.google.com/bot.html)"
66.249.68.71 - - [03/Jan/2025:10:49:57 -0500] "GET /?b=168811366 HTTP/1.1" 200 79421 "-" "Mozilla/5.0 (Linux; Android 6.0.1; Nexus 5X Build/MMB29P) AppleWebKit/537.36 (KHTML, like Gecko) Chrome/131.0.6778.139 Mobile Safari/537.36 (compatible; GoogleOther)"
202.8.43.233 - - [03/Jan/2025:10:49:59 -0500] "GET /?b=61932966 HTTP/1.1" 301 0 "-" "Mozilla/5.0 (Linux; Android 13) AppleWebKit/537.36 (KHTML, like Gecko) Chrome/108.0.5359.128 Mobile Safari/537.36 (compatible; AhrefsSiteAudit/6.1; +http://ahrefs.com/robot/site-audit)"
202.8.43.232 - - [03/Jan/2025:10:50:00 -0500] "GET /?b=261457666 HTTP/1.1" 301 0 "-" "Mozilla/5.0 (Linux; Android 13) AppleWebKit/537.36 (KHTML, like Gecko) Chrome/108.0.5359.128 Mobile Safari/537.36 (compatible; AhrefsSiteAudit/6.1; +http://ahrefs.com/robot/site-audit)"
66.249.68.69 - - [03/Jan/2025:10:49:59 -0500] "GET /?b=206717366 HTTP/1.1" 200 79472 "-" "Mozilla/5.0 (Linux; Android 6.0.1; Nexus 5X Build/MMB29P) AppleWebKit/537.36 (KHTML, like Gecko) Chrome/131.0.6778.139 Mobile Safari/537.36 (compatible; Googlebot/2.1; +http://www.google.com/bot.html)"
202.8.43.235 - - [03/Jan/2025:10:50:03 -0500] "GET /?b=103466466 HTTP/1.1" 301 0 "-" "Mozilla/5.0 (Linux; Android 13) AppleWebKit/537.36 (KHTML, like Gecko) Chrome/108.0.5359.128 Mobile Safari/537.36 (compatible; AhrefsSiteAudit/6.1; +http://ahrefs.com/robot/site-audit)"
66.249.68.69 - - [03/Jan/2025:10:50:02 -0500] "GET /?b=281180666 HTTP/1.1" 200 80874 "-" "Mozilla/5.0 (Linux; Android 6.0.1; Nexus 5X Build/MMB29P) AppleWebKit/537.36 (KHTML, like Gecko) Chrome/131.0.6778.139 Mobile Safari/537.36 (compatible; Googlebot/2.1; +http://www.google.com/bot.html)"
66.249.68.70 - - [03/Jan/2025:10:50:03 -0500] "GET /?b=60490566 HTTP/1.1" 200 80870 "-" "Mozilla/5.0 (Linux; Android 6.0.1; Nexus 5X Build/MMB29P) AppleWebKit/537.36 (KHTML, like Gecko) Chrome/131.0.6778.139 Mobile Safari/537.36 (compatible; GoogleOther)"
66.249.68.69 - - [03/Jan/2025:10:50:03 -0500] "GET /?b=50242466 HTTP/1.1" 200 79775 "-" "Mozilla/5.0 (Linux; Android 6.0.1; Nexus 5X Build/MMB29P) AppleWebKit/537.36 (KHTML, like Gecko) Chrome/131.0.6778.139 Mobile Safari/537.36 (compatible; Googlebot/2.1; +http://www.google.com/bot.html)"
202.8.43.234 - - [03/Jan/2025:10:50:05 -0500] "GET /?b=210719966 HTTP/1.1" 301 0 "-" "Mozilla/5.0 (Linux; Android 13) AppleWebKit/537.36 (KHTML, like Gecko) Chrome/108.0.5359.128 Mobile Safari/537.36 (compatible; AhrefsSiteAudit/6.1; +http://ahrefs.com/robot/site-audit)"
66.249.68.71 - - [03/Jan/2025:10:50:06 -0500] "GET /?b=240057566 HTTP/1.1" 200 79870 "-" "Mozilla/5.0 (Linux; Android 6.0.1; Nexus 5X Build/MMB29P) AppleWebKit/537.36 (KHTML, like Gecko) Chrome/131.0.6778.139 Mobile Safari/537.36 (compatible; Googlebot/2.1; +http://www.google.com/bot.html)"
202.8.43.232 - - [03/Jan/2025:10:50:08 -0500] "GET /?b=115952766 HTTP/1.1" 301 0 "-" "Mozilla/5.0 (Linux; Android 13) AppleWebKit/537.36 (KHTML, like Gecko) Chrome/108.0.5359.128 Mobile Safari/537.36 (compatible; AhrefsSiteAudit/6.1; +http://ahrefs.com/robot/site-audit)"
202.8.43.232 - - [03/Jan/2025:10:50:10 -0500] "GET /?b=281326666 HTTP/1.1" 301 0 "-" "Mozilla/5.0 (Linux; Android 13) AppleWebKit/537.36 (KHTML, like Gecko) Chrome/108.0.5359.128 Mobile Safari/537.36 (compatible; AhrefsSiteAudit/6.1; +http://ahrefs.com/robot/site-audit)"
202.8.43.234 - - [03/Jan/2025:10:50:11 -0500] "GET /?b=333002166 HTTP/1.1" 301 0 "-" "Mozilla/5.0 (Linux; Android 13) AppleWebKit/537.36 (KHTML, like Gecko) Chrome/108.0.5359.128 Mobile Safari/537.36 (compatible; AhrefsSiteAudit/6.1; +http://ahrefs.com/robot/site-audit)"
66.249.68.69 - - [03/Jan/2025:10:50:10 -0500] "GET /?b=12239966 HTTP/1.1" 200 79564 "-" "Mozilla/5.0 (Linux; Android 6.0.1; Nexus 5X Build/MMB29P) AppleWebKit/537.36 (KHTML, like Gecko) Chrome/131.0.6778.139 Mobile Safari/537.36 (compatible; Googlebot/2.1; +http://www.google.com/bot.html)"
66.249.68.69 - - [03/Jan/2025:10:50:11 -0500] "GET /?b=188226166 HTTP/1.1" 200 80189 "-" "Mozilla/5.0 (Linux; Android 6.0.1; Nexus 5X Build/MMB29P) AppleWebKit/537.36 (KHTML, like Gecko) Chrome/131.0.6778.139 Mobile Safari/537.36 (compatible; Googlebot/2.1; +http://www.google.com/bot.html)"
66.249.68.70 - - [03/Jan/2025:10:50:11 -0500] "GET /?b=122117366 HTTP/1.1" 200 82310 "-" "Mozilla/5.0 (Linux; Android 6.0.1; Nexus 5X Build/MMB29P) AppleWebKit/537.36 (KHTML, like Gecko) Chrome/131.0.6778.139 Mobile Safari/537.36 (compatible; GoogleOther)"
202.8.43.236 - - [03/Jan/2025:10:50:14 -0500] "GET /?b=224021366 HTTP/1.1" 301 0 "-" "Mozilla/5.0 (Linux; Android 13) AppleWebKit/537.36 (KHTML, like Gecko) Chrome/108.0.5359.128 Mobile Safari/537.36 (compatible; AhrefsSiteAudit/6.1; +http://ahrefs.com/robot/site-audit)"
66.249.68.70 - - [03/Jan/2025:10:50:13 -0500] "GET /?b=197727266 HTTP/1.1" 200 79638 "-" "Mozilla/5.0 (Linux; Android 6.0.1; Nexus 5X Build/MMB29P) AppleWebKit/537.36 (KHTML, like Gecko) Chrome/131.0.6778.139 Mobile Safari/537.36 (compatible; Googlebot/2.1; +http://www.google.com/bot.html)"
202.8.43.233 - - [03/Jan/2025:10:50:17 -0500] "GET /?b=1559766 HTTP/1.1" 301 0 "-" "Mozilla/5.0 (Linux; Android 13) AppleWebKit/537.36 (KHTML, like Gecko) Chrome/108.0.5359.128 Mobile Safari/537.36 (compatible; AhrefsSiteAudit/6.1; +http://ahrefs.com/robot/site-audit)"
66.249.68.69 - - [03/Jan/2025:10:50:16 -0500] "GET /?b=298202266 HTTP/1.1" 200 79866 "-" "Mozilla/5.0 (Linux; Android 6.0.1; Nexus 5X Build/MMB29P) AppleWebKit/537.36 (KHTML, like Gecko) Chrome/131.0.6778.139 Mobile Safari/537.36 (compatible; Googlebot/2.1; +http://www.google.com/bot.html)"
202.8.43.235 - - [03/Jan/2025:10:50:18 -0500] "GET /?b=202342366 HTTP/1.1" 301 0 "-" "Mozilla/5.0 (Linux; Android 13) AppleWebKit/537.36 (KHTML, like Gecko) Chrome/108.0.5359.128 Mobile Safari/537.36 (compatible; AhrefsSiteAudit/6.1; +http://ahrefs.com/robot/site-audit)"
66.249.68.68 - - [03/Jan/2025:10:50:18 -0500] "GET /?b=21563466 HTTP/1.1" 200 83511 "-" "Mozilla/5.0 (Linux; Android 6.0.1; Nexus 5X Build/MMB29P) AppleWebKit/537.36 (KHTML, like Gecko) Chrome/131.0.6778.139 Mobile Safari/537.36 (compatible; Googlebot/2.1; +http://www.google.com/bot.html)"
66.249.68.68 - - [03/Jan/2025:10:50:19 -0500] "GET /?b=293903466 HTTP/1.1" 200 80779 "-" "Mozilla/5.0 (Linux; Android 6.0.1; Nexus 5X Build/MMB29P) AppleWebKit/537.36 (KHTML, like Gecko) Chrome/131.0.6778.139 Mobile Safari/537.36 (compatible; GoogleOther)"
66.249.68.69 - - [03/Jan/2025:10:50:19 -0500] "GET /?b=16426466 HTTP/1.1" 200 80326 "-" "Mozilla/5.0 (Linux; Android 6.0.1; Nexus 5X Build/MMB29P) AppleWebKit/537.36 (KHTML, like Gecko) Chrome/131.0.6778.139 Mobile Safari/537.36 (compatible; Googlebot/2.1; +http://www.google.com/bot.html)"
202.8.43.236 - - [03/Jan/2025:10:50:22 -0500] "GET /?b=237976766 HTTP/1.1" 301 0 "-" "Mozilla/5.0 (Linux; Android 13) AppleWebKit/537.36 (KHTML, like Gecko) Chrome/108.0.5359.128 Mobile Safari/537.36 (compatible; AhrefsSiteAudit/6.1; +http://ahrefs.com/robot/site-audit)"
202.8.43.234 - - [03/Jan/2025:10:50:21 -0500] "GET /?b=221263366 HTTP/1.1" 301 0 "-" "Mozilla/5.0 (Linux; Android 13) AppleWebKit/537.36 (KHTML, like Gecko) Chrome/108.0.5359.128 Mobile Safari/537.36 (compatible; AhrefsSiteAudit/6.1; +http://ahrefs.com/robot/site-audit)"
66.29.132.124 - - [03/Jan/2025:10:50:24 -0500] "POST /wp-cron.php?doing_wp_cron=1735919422.0359859466552734375000 HTTP/1.1" 200 0 "-" "WordPress/6.7.1; https://blog.diixadigital.com"
66.249.68.70 - - [03/Jan/2025:10:50:22 -0500] "GET /?b=219690566 HTTP/1.1" 200 80543 "-" "Mozilla/5.0 (Linux; Android 6.0.1; Nexus 5X Build/MMB29P) AppleWebKit/537.36 (KHTML, like Gecko) Chrome/131.0.6778.139 Mobile Safari/537.36 (compatible; Googlebot/2.1; +http://www.google.com/bot.html)"
202.8.43.233 - - [03/Jan/2025:10:50:24 -0500] "GET /?b=219490366 HTTP/1.1" 301 0 "-" "Mozilla/5.0 (Linux; Android 13) AppleWebKit/537.36 (KHTML, like Gecko) Chrome/108.0.5359.128 Mobile Safari/537.36 (compatible; AhrefsSiteAudit/6.1; +http://ahrefs.com/robot/site-audit)"
66.249.68.69 - - [03/Jan/2025:10:50:22 -0500] "GET /?b=54034666 HTTP/1.1" 200 81168 "-" "Mozilla/5.0 (Linux; Android 6.0.1; Nexus 5X Build/MMB29P) AppleWebKit/537.36 (KHTML, like Gecko) Chrome/131.0.6778.139 Mobile Safari/537.36 (compatible; Googlebot/2.1; +http://www.google.com/bot.html)"
202.8.43.236 - - [03/Jan/2025:10:50:24 -0500] "GET /?b=60197366 HTTP/1.1" 301 0 "-" "Mozilla/5.0 (Linux; Android 13) AppleWebKit/537.36 (KHTML, like Gecko) Chrome/108.0.5359.128 Mobile Safari/537.36 (compatible; AhrefsSiteAudit/6.1; +http://ahrefs.com/robot/site-audit)"
66.249.68.70 - - [03/Jan/2025:10:50:24 -0500] "GET /?b=223274766 HTTP/1.1" 200 80047 "-" "Mozilla/5.0 (Linux; Android 6.0.1; Nexus 5X Build/MMB29P) AppleWebKit/537.36 (KHTML, like Gecko) Chrome/131.0.6778.139 Mobile Safari/537.36 (compatible; GoogleOther)"
66.249.68.69 - - [03/Jan/2025:10:50:24 -0500] "GET /?b=76636366 HTTP/1.1" 200 79517 "-" "Mozilla/5.0 (Linux; Android 6.0.1; Nexus 5X Build/MMB29P) AppleWebKit/537.36 (KHTML, like Gecko) Chrome/131.0.6778.139 Mobile Safari/537.36 (compatible; Googlebot/2.1; +http://www.google.com/bot.html)"
202.8.43.236 - - [03/Jan/2025:10:50:26 -0500] "GET /?b=323522866 HTTP/1.1" 301 0 "-" "Mozilla/5.0 (Linux; Android 13) AppleWebKit/537.36 (KHTML, like Gecko) Chrome/108.0.5359.128 Mobile Safari/537.36 (compatible; AhrefsSiteAudit/6.1; +http://ahrefs.com/robot/site-audit)"
66.249.68.71 - - [03/Jan/2025:10:50:25 -0500] "GET /?b=315922066 HTTP/1.1" 200 80501 "-" "Mozilla/5.0 (Linux; Android 6.0.1; Nexus 5X Build/MMB29P) AppleWebKit/537.36 (KHTML, like Gecko) Chrome/131.0.6778.139 Mobile Safari/537.36 (compatible; Googlebot/2.1; +http://www.google.com/bot.html)"
202.8.43.234 - - [03/Jan/2025:10:50:28 -0500] "GET /?b=320028566 HTTP/1.1" 301 0 "-" "Mozilla/5.0 (Linux; Android 13) AppleWebKit/537.36 (KHTML, like Gecko) Chrome/108.0.5359.128 Mobile Safari/537.36 (compatible; AhrefsSiteAudit/6.1; +http://ahrefs.com/robot/site-audit)"
66.249.68.68 - - [03/Jan/2025:10:50:28 -0500] "GET /?b=150586166 HTTP/1.1" 200 79755 "-" "Mozilla/5.0 (Linux; Android 6.0.1; Nexus 5X Build/MMB29P) AppleWebKit/537.36 (KHTML, like Gecko) Chrome/131.0.6778.139 Mobile Safari/537.36 (compatible; Googlebot/2.1; +http://www.google.com/bot.html)"
66.249.68.70 - - [03/Jan/2025:10:50:29 -0500] "GET /?b=266882766 HTTP/1.1" 200 80209 "-" "Mozilla/5.0 (Linux; Android 6.0.1; Nexus 5X Build/MMB29P) AppleWebKit/537.36 (KHTML, like Gecko) Chrome/131.0.6778.139 Mobile Safari/537.36 (compatible; GoogleOther)"
66.249.68.69 - - [03/Jan/2025:10:50:29 -0500] "GET /?b=222874466 HTTP/1.1" 200 79874 "-" "Mozilla/5.0 (Linux; Android 6.0.1; Nexus 5X Build/MMB29P) AppleWebKit/537.36 (KHTML, like Gecko) Chrome/131.0.6778.139 Mobile Safari/537.36 (compatible; Googlebot/2.1; +http://www.google.com/bot.html)"
202.8.43.236 - - [03/Jan/2025:10:50:31 -0500] "GET /?b=81303766 HTTP/1.1" 301 0 "-" "Mozilla/5.0 (Linux; Android 13) AppleWebKit/537.36 (KHTML, like Gecko) Chrome/108.0.5359.128 Mobile Safari/537.36 (compatible; AhrefsSiteAudit/6.1; +http://ahrefs.com/robot/site-audit)"
202.8.43.233 - - [03/Jan/2025:10:50:32 -0500] "GET /?b=114655966 HTTP/1.1" 301 0 "-" "Mozilla/5.0 (Linux; Android 13) AppleWebKit/537.36 (KHTML, like Gecko) Chrome/108.0.5359.128 Mobile Safari/537.36 (compatible; AhrefsSiteAudit/6.1; +http://ahrefs.com/robot/site-audit)"
66.249.68.68 - - [03/Jan/2025:10:50:32 -0500] "GET /?b=23186666 HTTP/1.1" 200 81045 "-" "Mozilla/5.0 (Linux; Android 6.0.1; Nexus 5X Build/MMB29P) AppleWebKit/537.36 (KHTML, like Gecko) Chrome/131.0.6778.139 Mobile Safari/537.36 (compatible; Googlebot/2.1; +http://www.google.com/bot.html)"
202.8.43.233 - - [03/Jan/2025:10:50:34 -0500] "GET /?b=9590066 HTTP/1.1" 301 0 "-" "Mozilla/5.0 (Linux; Android 13) AppleWebKit/537.36 (KHTML, like Gecko) Chrome/108.0.5359.128 Mobile Safari/537.36 (compatible; AhrefsSiteAudit/6.1; +http://ahrefs.com/robot/site-audit)"
66.249.68.64 - - [03/Jan/2025:10:50:35 -0500] "GET /?b=145721766 HTTP/1.1" 200 81612 "-" "Mozilla/5.0 (Linux; Android 6.0.1; Nexus 5X Build/MMB29P) AppleWebKit/537.36 (KHTML, like Gecko) Chrome/131.0.6778.139 Mobile Safari/537.36 (compatible; Googlebot/2.1; +http://www.google.com/bot.html)"
202.8.43.233 - - [03/Jan/2025:10:50:36 -0500] "GET /?b=247376666 HTTP/1.1" 301 0 "-" "Mozilla/5.0 (Linux; Android 13) AppleWebKit/537.36 (KHTML, like Gecko) Chrome/108.0.5359.128 Mobile Safari/537.36 (compatible; AhrefsSiteAudit/6.1; +http://ahrefs.com/robot/site-audit)"
66.249.68.65 - - [03/Jan/2025:10:50:36 -0500] "GET /?b=216213466 HTTP/1.1" 200 79561 "-" "Mozilla/5.0 (Linux; Android 6.0.1; Nexus 5X Build/MMB29P) AppleWebKit/537.36 (KHTML, like Gecko) Chrome/131.0.6778.139 Mobile Safari/537.36 (compatible; GoogleOther)"
66.249.68.64 - - [03/Jan/2025:10:50:37 -0500] "GET /?b=197770066 HTTP/1.1" 200 79841 "-" "Mozilla/5.0 (Linux; Android 6.0.1; Nexus 5X Build/MMB29P) AppleWebKit/537.36 (KHTML, like Gecko) Chrome/131.0.6778.139 Mobile Safari/537.36 (compatible; Googlebot/2.1; +http://www.google.com/bot.html)"
202.8.43.236 - - [03/Jan/2025:10:50:38 -0500] "GET /?b=268221966 HTTP/1.1" 301 0 "-" "Mozilla/5.0 (Linux; Android 13) AppleWebKit/537.36 (KHTML, like Gecko) Chrome/108.0.5359.128 Mobile Safari/537.36 (compatible; AhrefsSiteAudit/6.1; +http://ahrefs.com/robot/site-audit)"
66.249.68.69 - - [03/Jan/2025:10:50:38 -0500] "GET /?b=41933066 HTTP/1.1" 200 81316 "-" "Mozilla/5.0 (Linux; Android 6.0.1; Nexus 5X Build/MMB29P) AppleWebKit/537.36 (KHTML, like Gecko) Chrome/131.0.6778.139 Mobile Safari/537.36 (compatible; Googlebot/2.1; +http://www.google.com/bot.html)"
202.8.43.232 - - [03/Jan/2025:10:50:40 -0500] "GET /?b=142150666 HTTP/1.1" 301 0 "-" "Mozilla/5.0 (Linux; Android 13) AppleWebKit/537.36 (KHTML, like Gecko) Chrome/108.0.5359.128 Mobile Safari/537.36 (compatible; AhrefsSiteAudit/6.1; +http://ahrefs.com/robot/site-audit)"
52.167.144.222 - - [03/Jan/2025:10:50:39 -0500] "GET /qymim/x887731.html HTTP/1.1" 200 81630 "-" "Mozilla/5.0 AppleWebKit/537.36 (KHTML, like Gecko; compatible; bingbot/2.0; +http://www.bing.com/bingbot.htm) Chrome/116.0.1938.76 Safari/537.36"
66.249.68.68 - - [03/Jan/2025:10:50:41 -0500] "GET /?b=61432266 HTTP/1.1" 200 83260 "-" "Mozilla/5.0 (Linux; Android 6.0.1; Nexus 5X Build/MMB29P) AppleWebKit/537.36 (KHTML, like Gecko) Chrome/131.0.6778.139 Mobile Safari/537.36 (compatible; Googlebot/2.1; +http://www.google.com/bot.html)"
