202.8.43.234 - - [03/Jan/2025:07:26:04 -0500] "GET /?b=235682666 HTTP/1.1" 301 0 "-" "Mozilla/5.0 (Linux; Android 13) AppleWebKit/537.36 (KHTML, like Gecko) Chrome/108.0.5359.128 Mobile Safari/537.36 (compatible; AhrefsSiteAudit/6.1; +http://ahrefs.com/robot/site-audit)"
66.249.68.70 - - [03/Jan/2025:07:26:05 -0500] "GET /?b=213688766 HTTP/1.1" 200 79862 "-" "Mozilla/5.0 (Linux; Android 6.0.1; Nexus 5X Build/MMB29P) AppleWebKit/537.36 (KHTML, like Gecko) Chrome/131.0.6778.139 Mobile Safari/537.36 (compatible; GoogleOther)"
202.8.43.234 - - [03/Jan/2025:07:26:18 -0500] "GET /?b=208314066 HTTP/1.1" 301 0 "-" "Mozilla/5.0 (Linux; Android 13) AppleWebKit/537.36 (KHTML, like Gecko) Chrome/108.0.5359.128 Mobile Safari/537.36 (compatible; AhrefsSiteAudit/6.1; +http://ahrefs.com/robot/site-audit)"
66.249.68.68 - - [03/Jan/2025:07:26:26 -0500] "GET /?b=122873966 HTTP/1.1" 200 81088 "-" "Mozilla/5.0 (Linux; Android 6.0.1; Nexus 5X Build/MMB29P) AppleWebKit/537.36 (KHTML, like Gecko) Chrome/131.0.6778.139 Mobile Safari/537.36 (compatible; Googlebot/2.1; +http://www.google.com/bot.html)"
66.249.68.68 - - [03/Jan/2025:07:26:26 -0500] "GET /?b=122378666 HTTP/1.1" 200 81467 "-" "Mozilla/5.0 (Linux; Android 6.0.1; Nexus 5X Build/MMB29P) AppleWebKit/537.36 (KHTML, like Gecko) Chrome/131.0.6778.139 Mobile Safari/537.36 (compatible; GoogleOther)"
40.77.167.230 - - [03/Jan/2025:07:26:31 -0500] "GET /sygrd/e2737248.html HTTP/1.1" 200 80261 "-" "Mozilla/5.0 AppleWebKit/537.36 (KHTML, like Gecko; compatible; bingbot/2.0; +http://www.bing.com/bingbot.htm) Chrome/116.0.1938.76 Safari/537.36"
66.249.68.68 - - [03/Jan/2025:07:26:47 -0500] "GET /?b=27480666 HTTP/1.1" 200 80328 "-" "Mozilla/5.0 (Linux; Android 6.0.1; Nexus 5X Build/MMB29P) AppleWebKit/537.36 (KHTML, like Gecko) Chrome/131.0.6778.139 Mobile Safari/537.36 (compatible; GoogleOther)"
66.249.68.70 - - [03/Jan/2025:07:27:08 -0500] "GET /?b=334933266 HTTP/1.1" 200 79728 "-" "Mozilla/5.0 (Linux; Android 6.0.1; Nexus 5X Build/MMB29P) AppleWebKit/537.36 (KHTML, like Gecko) Chrome/131.0.6778.139 Mobile Safari/537.36 (compatible; GoogleOther)"
40.77.167.230 - - [03/Jan/2025:07:27:10 -0500] "GET /eyobe/s2040384.html HTTP/1.1" 200 81421 "-" "Mozilla/5.0 AppleWebKit/537.36 (KHTML, like Gecko; compatible; bingbot/2.0; +http://www.bing.com/bingbot.htm) Chrome/116.0.1938.76 Safari/537.36"
66.249.68.68 - - [03/Jan/2025:07:27:23 -0500] "GET /?b=102364466 HTTP/1.1" 200 82048 "-" "Mozilla/5.0 (Linux; Android 6.0.1; Nexus 5X Build/MMB29P) AppleWebKit/537.36 (KHTML, like Gecko) Chrome/131.0.6778.139 Mobile Safari/537.36 (compatible; Googlebot/2.1; +http://www.google.com/bot.html)"
66.249.68.68 - - [03/Jan/2025:07:27:30 -0500] "GET /?b=243179066 HTTP/1.1" 200 79773 "-" "Mozilla/5.0 (Linux; Android 6.0.1; Nexus 5X Build/MMB29P) AppleWebKit/537.36 (KHTML, like Gecko) Chrome/131.0.6778.139 Mobile Safari/537.36 (compatible; GoogleOther)"
40.77.167.230 - - [03/Jan/2025:07:27:32 -0500] "GET /sgdmp/j1032173.html HTTP/1.1" 200 81400 "-" "Mozilla/5.0 AppleWebKit/537.36 (KHTML, like Gecko; compatible; bingbot/2.0; +http://www.bing.com/bingbot.htm) Chrome/116.0.1938.76 Safari/537.36"
66.249.68.68 - - [03/Jan/2025:07:27:50 -0500] "GET /?b=76723866 HTTP/1.1" 200 80785 "-" "Mozilla/5.0 (Linux; Android 6.0.1; Nexus 5X Build/MMB29P) AppleWebKit/537.36 (KHTML, like Gecko) Chrome/131.0.6778.139 Mobile Safari/537.36 (compatible; GoogleOther)"
157.55.39.48 - - [03/Jan/2025:07:27:54 -0500] "GET /zupha/s2758452.html HTTP/1.1" 200 79627 "-" "Mozilla/5.0 AppleWebKit/537.36 (KHTML, like Gecko; compatible; bingbot/2.0; +http://www.bing.com/bingbot.htm) Chrome/116.0.1938.76 Safari/537.36"
66.249.68.68 - - [03/Jan/2025:07:28:08 -0500] "GET /?b=286261966 HTTP/1.1" 200 79631 "-" "Mozilla/5.0 (Linux; Android 6.0.1; Nexus 5X Build/MMB29P) AppleWebKit/537.36 (KHTML, like Gecko) Chrome/131.0.6778.139 Mobile Safari/537.36 (compatible; Googlebot/2.1; +http://www.google.com/bot.html)"
66.249.68.70 - - [03/Jan/2025:07:28:11 -0500] "GET /?b=277051366 HTTP/1.1" 200 79911 "-" "Mozilla/5.0 (Linux; Android 6.0.1; Nexus 5X Build/MMB29P) AppleWebKit/537.36 (KHTML, like Gecko) Chrome/131.0.6778.139 Mobile Safari/537.36 (compatible; GoogleOther)"
66.249.68.68 - - [03/Jan/2025:07:28:32 -0500] "GET /?b=321866766 HTTP/1.1" 200 79802 "-" "Mozilla/5.0 (Linux; Android 6.0.1; Nexus 5X Build/MMB29P) AppleWebKit/537.36 (KHTML, like Gecko) Chrome/131.0.6778.139 Mobile Safari/537.36 (compatible; GoogleOther)"
66.249.68.68 - - [03/Jan/2025:07:28:53 -0500] "GET /?b=124283466 HTTP/1.1" 200 81056 "-" "Mozilla/5.0 (Linux; Android 6.0.1; Nexus 5X Build/MMB29P) AppleWebKit/537.36 (KHTML, like Gecko) Chrome/131.0.6778.139 Mobile Safari/537.36 (compatible; GoogleOther)"
157.55.39.15 - - [03/Jan/2025:07:28:58 -0500] "GET /wcxtf/c778224.html HTTP/1.1" 200 80094 "-" "Mozilla/5.0 AppleWebKit/537.36 (KHTML, like Gecko; compatible; bingbot/2.0; +http://www.bing.com/bingbot.htm) Chrome/116.0.1938.76 Safari/537.36"
66.249.68.69 - - [03/Jan/2025:07:29:01 -0500] "GET /?b=152687666 HTTP/1.1" 200 79805 "-" "Mozilla/5.0 (Linux; Android 6.0.1; Nexus 5X Build/MMB29P) AppleWebKit/537.36 (KHTML, like Gecko) Chrome/131.0.6778.139 Mobile Safari/537.36 (compatible; Googlebot/2.1; +http://www.google.com/bot.html)"
66.249.68.69 - - [03/Jan/2025:07:29:07 -0500] "GET /?b=74768766 HTTP/1.1" 200 80507 "-" "Mozilla/5.0 (Linux; Android 6.0.1; Nexus 5X Build/MMB29P) AppleWebKit/537.36 (KHTML, like Gecko) Chrome/131.0.6778.139 Mobile Safari/537.36 (compatible; Googlebot/2.1; +http://www.google.com/bot.html)"
66.249.68.68 - - [03/Jan/2025:07:29:14 -0500] "GET /?b=297274366 HTTP/1.1" 200 80762 "-" "Mozilla/5.0 (Linux; Android 6.0.1; Nexus 5X Build/MMB29P) AppleWebKit/537.36 (KHTML, like Gecko) Chrome/131.0.6778.139 Mobile Safari/537.36 (compatible; GoogleOther)"
157.55.39.48 - - [03/Jan/2025:07:29:34 -0500] "GET /sdawj/s2590648.html HTTP/1.1" 200 79924 "-" "Mozilla/5.0 AppleWebKit/537.36 (KHTML, like Gecko; compatible; bingbot/2.0; +http://www.bing.com/bingbot.htm) Chrome/116.0.1938.76 Safari/537.36"
66.249.68.68 - - [03/Jan/2025:07:29:35 -0500] "GET /?b=11196866 HTTP/1.1" 200 79501 "-" "Mozilla/5.0 (Linux; Android 6.0.1; Nexus 5X Build/MMB29P) AppleWebKit/537.36 (KHTML, like Gecko) Chrome/131.0.6778.139 Mobile Safari/537.36 (compatible; GoogleOther)"
66.249.68.69 - - [03/Jan/2025:07:29:56 -0500] "GET /?b=185311766 HTTP/1.1" 200 80877 "-" "Mozilla/5.0 (Linux; Android 6.0.1; Nexus 5X Build/MMB29P) AppleWebKit/537.36 (KHTML, like Gecko) Chrome/131.0.6778.139 Mobile Safari/537.36 (compatible; GoogleOther)"
157.55.39.48 - - [03/Jan/2025:07:30:16 -0500] "GET /pjzbm/u944018.html HTTP/1.1" 200 79923 "-" "Mozilla/5.0 AppleWebKit/537.36 (KHTML, like Gecko; compatible; bingbot/2.0; +http://www.bing.com/bingbot.htm) Chrome/116.0.1938.76 Safari/537.36"
66.249.68.68 - - [03/Jan/2025:07:30:19 -0500] "GET /?b=125352466 HTTP/1.1" 200 80270 "-" "Mozilla/5.0 (Linux; Android 6.0.1; Nexus 5X Build/MMB29P) AppleWebKit/537.36 (KHTML, like Gecko) Chrome/131.0.6778.139 Mobile Safari/537.36 (compatible; Googlebot/2.1; +http://www.google.com/bot.html)"
66.249.68.69 - - [03/Jan/2025:07:30:19 -0500] "GET /?b=131199366 HTTP/1.1" 200 80814 "-" "Mozilla/5.0 (Linux; Android 6.0.1; Nexus 5X Build/MMB29P) AppleWebKit/537.36 (KHTML, like Gecko) Chrome/131.0.6778.139 Mobile Safari/537.36 (compatible; GoogleOther)"
66.249.68.68 - - [03/Jan/2025:07:30:19 -0500] "GET /?b=53435266 HTTP/1.1" 200 79875 "-" "Mozilla/5.0 (Linux; Android 6.0.1; Nexus 5X Build/MMB29P) AppleWebKit/537.36 (KHTML, like Gecko) Chrome/131.0.6778.139 Mobile Safari/537.36 (compatible; Googlebot/2.1; +http://www.google.com/bot.html)"
66.249.68.68 - - [03/Jan/2025:07:30:38 -0500] "GET /?b=206253866 HTTP/1.1" 200 80321 "-" "Mozilla/5.0 (Linux; Android 6.0.1; Nexus 5X Build/MMB29P) AppleWebKit/537.36 (KHTML, like Gecko) Chrome/131.0.6778.139 Mobile Safari/537.36 (compatible; GoogleOther)"
66.249.68.68 - - [03/Jan/2025:07:30:59 -0500] "GET /?b=201086666 HTTP/1.1" 200 80553 "-" "Mozilla/5.0 (Linux; Android 6.0.1; Nexus 5X Build/MMB29P) AppleWebKit/537.36 (KHTML, like Gecko) Chrome/131.0.6778.139 Mobile Safari/537.36 (compatible; GoogleOther)"
66.249.68.69 - - [03/Jan/2025:07:31:00 -0500] "GET /?b=212469466 HTTP/1.1" 200 79672 "-" "Mozilla/5.0 (Linux; Android 6.0.1; Nexus 5X Build/MMB29P) AppleWebKit/537.36 (KHTML, like Gecko) Chrome/131.0.6778.204 Mobile Safari/537.36 (compatible; Googlebot/2.1; +http://www.google.com/bot.html)"
66.249.68.68 - - [03/Jan/2025:07:31:19 -0500] "GET /?b=338106966 HTTP/1.1" 200 79680 "-" "Mozilla/5.0 (Linux; Android 6.0.1; Nexus 5X Build/MMB29P) AppleWebKit/537.36 (KHTML, like Gecko) Chrome/131.0.6778.139 Mobile Safari/537.36 (compatible; GoogleOther)"
66.249.68.68 - - [03/Jan/2025:07:31:40 -0500] "GET /?b=55361866 HTTP/1.1" 200 80246 "-" "Mozilla/5.0 (Linux; Android 6.0.1; Nexus 5X Build/MMB29P) AppleWebKit/537.36 (KHTML, like Gecko) Chrome/131.0.6778.139 Mobile Safari/537.36 (compatible; GoogleOther)"
66.249.68.70 - - [03/Jan/2025:07:32:01 -0500] "GET /?b=124223566 HTTP/1.1" 200 81789 "-" "Mozilla/5.0 (Linux; Android 6.0.1; Nexus 5X Build/MMB29P) AppleWebKit/537.36 (KHTML, like Gecko) Chrome/131.0.6778.139 Mobile Safari/537.36 (compatible; GoogleOther)"
66.249.68.68 - - [03/Jan/2025:07:32:22 -0500] "GET /?b=314098266 HTTP/1.1" 200 79910 "-" "Mozilla/5.0 (Linux; Android 6.0.1; Nexus 5X Build/MMB29P) AppleWebKit/537.36 (KHTML, like Gecko) Chrome/131.0.6778.139 Mobile Safari/537.36 (compatible; GoogleOther)"
66.249.68.69 - - [03/Jan/2025:07:32:22 -0500] "GET /?b=352052066 HTTP/1.1" 200 79891 "-" "Mozilla/5.0 (Linux; Android 6.0.1; Nexus 5X Build/MMB29P) AppleWebKit/537.36 (KHTML, like Gecko) Chrome/131.0.6778.139 Mobile Safari/537.36 (compatible; Googlebot/2.1; +http://www.google.com/bot.html)"
66.249.68.68 - - [03/Jan/2025:07:32:43 -0500] "GET /?b=50707566 HTTP/1.1" 200 79779 "-" "Mozilla/5.0 (Linux; Android 6.0.1; Nexus 5X Build/MMB29P) AppleWebKit/537.36 (KHTML, like Gecko) Chrome/131.0.6778.139 Mobile Safari/537.36 (compatible; GoogleOther)"
66.249.64.36 - - [03/Jan/2025:07:33:05 -0500] "GET /?b=198840566 HTTP/1.1" 200 79740 "-" "Mozilla/5.0 (Linux; Android 6.0.1; Nexus 5X Build/MMB29P) AppleWebKit/537.36 (KHTML, like Gecko) Chrome/131.0.6778.139 Mobile Safari/537.36 (compatible; GoogleOther)"
66.249.68.68 - - [03/Jan/2025:07:33:22 -0500] "GET /?b=286781566 HTTP/1.1" 200 80202 "-" "Mozilla/5.0 (Linux; Android 6.0.1; Nexus 5X Build/MMB29P) AppleWebKit/537.36 (KHTML, like Gecko) Chrome/131.0.6778.139 Mobile Safari/537.36 (compatible; Googlebot/2.1; +http://www.google.com/bot.html)"
66.249.68.68 - - [03/Jan/2025:07:33:25 -0500] "GET /?b=342871466 HTTP/1.1" 200 80400 "-" "Mozilla/5.0 (Linux; Android 6.0.1; Nexus 5X Build/MMB29P) AppleWebKit/537.36 (KHTML, like Gecko) Chrome/131.0.6778.139 Mobile Safari/537.36 (compatible; GoogleOther)"
66.249.68.68 - - [03/Jan/2025:07:33:33 -0500] "GET /?b=75415866 HTTP/1.1" 200 79670 "-" "Mozilla/5.0 (Linux; Android 6.0.1; Nexus 5X Build/MMB29P) AppleWebKit/537.36 (KHTML, like Gecko) Chrome/131.0.6778.139 Mobile Safari/537.36 (compatible; Googlebot/2.1; +http://www.google.com/bot.html)"
66.249.68.68 - - [03/Jan/2025:07:33:46 -0500] "GET /?b=71044966 HTTP/1.1" 200 79823 "-" "Mozilla/5.0 (Linux; Android 6.0.1; Nexus 5X Build/MMB29P) AppleWebKit/537.36 (KHTML, like Gecko) Chrome/131.0.6778.139 Mobile Safari/537.36 (compatible; GoogleOther)"
40.77.167.230 - - [03/Jan/2025:07:33:52 -0500] "GET /usqzz/c2905206.html HTTP/1.1" 200 80020 "-" "Mozilla/5.0 AppleWebKit/537.36 (KHTML, like Gecko; compatible; bingbot/2.0; +http://www.bing.com/bingbot.htm) Chrome/116.0.1938.76 Safari/537.36"
66.249.68.69 - - [03/Jan/2025:07:34:07 -0500] "GET /?b=178330366 HTTP/1.1" 200 79491 "-" "Mozilla/5.0 (Linux; Android 6.0.1; Nexus 5X Build/MMB29P) AppleWebKit/537.36 (KHTML, like Gecko) Chrome/131.0.6778.139 Mobile Safari/537.36 (compatible; GoogleOther)"
66.249.68.68 - - [03/Jan/2025:07:34:19 -0500] "GET /?b=109976466 HTTP/1.1" 200 80150 "-" "Mozilla/5.0 (Linux; Android 6.0.1; Nexus 5X Build/MMB29P) AppleWebKit/537.36 (KHTML, like Gecko) Chrome/131.0.6778.139 Mobile Safari/537.36 (compatible; Googlebot/2.1; +http://www.google.com/bot.html)"
66.249.68.68 - - [03/Jan/2025:07:34:21 -0500] "GET /?b=216251166 HTTP/1.1" 200 79916 "-" "Mozilla/5.0 (Linux; Android 6.0.1; Nexus 5X Build/MMB29P) AppleWebKit/537.36 (KHTML, like Gecko) Chrome/131.0.6778.139 Mobile Safari/537.36 (compatible; Googlebot/2.1; +http://www.google.com/bot.html)"
66.249.68.69 - - [03/Jan/2025:07:34:21 -0500] "GET /?b=252811366 HTTP/1.1" 200 80327 "-" "Mozilla/5.0 (Linux; Android 6.0.1; Nexus 5X Build/MMB29P) AppleWebKit/537.36 (KHTML, like Gecko) Chrome/131.0.6778.139 Mobile Safari/537.36 (compatible; Googlebot/2.1; +http://www.google.com/bot.html)"
66.249.68.68 - - [03/Jan/2025:07:34:28 -0500] "GET /?b=273894566 HTTP/1.1" 200 79774 "-" "Mozilla/5.0 (Linux; Android 6.0.1; Nexus 5X Build/MMB29P) AppleWebKit/537.36 (KHTML, like Gecko) Chrome/131.0.6778.139 Mobile Safari/537.36 (compatible; GoogleOther)"
40.77.167.230 - - [03/Jan/2025:07:34:31 -0500] "GET /nznql/c1495850.html HTTP/1.1" 200 80151 "-" "Mozilla/5.0 AppleWebKit/537.36 (KHTML, like Gecko; compatible; bingbot/2.0; +http://www.bing.com/bingbot.htm) Chrome/116.0.1938.76 Safari/537.36"
66.249.68.69 - - [03/Jan/2025:07:34:42 -0500] "GET /?b=157649066 HTTP/1.1" 200 79763 "-" "Mozilla/5.0 (Linux; Android 6.0.1; Nexus 5X Build/MMB29P) AppleWebKit/537.36 (KHTML, like Gecko) Chrome/131.0.6778.139 Mobile Safari/537.36 (compatible; Googlebot/2.1; +http://www.google.com/bot.html)"
66.249.68.69 - - [03/Jan/2025:07:34:50 -0500] "GET /?b=76896066 HTTP/1.1" 200 79363 "-" "Mozilla/5.0 (Linux; Android 6.0.1; Nexus 5X Build/MMB29P) AppleWebKit/537.36 (KHTML, like Gecko) Chrome/131.0.6778.139 Mobile Safari/537.36 (compatible; GoogleOther)"
66.249.68.70 - - [03/Jan/2025:07:35:10 -0500] "GET /?b=116152866 HTTP/1.1" 200 80956 "-" "Mozilla/5.0 (Linux; Android 6.0.1; Nexus 5X Build/MMB29P) AppleWebKit/537.36 (KHTML, like Gecko) Chrome/131.0.6778.204 Mobile Safari/537.36 (compatible; Googlebot/2.1; +http://www.google.com/bot.html)"
66.249.68.70 - - [03/Jan/2025:07:35:10 -0500] "GET /?b=299750466 HTTP/1.1" 200 80060 "-" "Mozilla/5.0 (Linux; Android 6.0.1; Nexus 5X Build/MMB29P) AppleWebKit/537.36 (KHTML, like Gecko) Chrome/131.0.6778.139 Mobile Safari/537.36 (compatible; GoogleOther)"
66.249.68.69 - - [03/Jan/2025:07:35:23 -0500] "GET /?b=333278466 HTTP/1.1" 200 79722 "-" "Mozilla/5.0 (Linux; Android 6.0.1; Nexus 5X Build/MMB29P) AppleWebKit/537.36 (KHTML, like Gecko) Chrome/131.0.6778.139 Mobile Safari/537.36 (compatible; Googlebot/2.1; +http://www.google.com/bot.html)"
66.249.68.68 - - [03/Jan/2025:07:35:25 -0500] "GET /?b=356776966 HTTP/1.1" 200 79642 "-" "Mozilla/5.0 (Linux; Android 6.0.1; Nexus 5X Build/MMB29P) AppleWebKit/537.36 (KHTML, like Gecko) Chrome/131.0.6778.139 Mobile Safari/537.36 (compatible; Googlebot/2.1; +http://www.google.com/bot.html)"
66.249.68.68 - - [03/Jan/2025:07:35:26 -0500] "GET /?b=41936666 HTTP/1.1" 200 82511 "-" "Mozilla/5.0 (Linux; Android 6.0.1; Nexus 5X Build/MMB29P) AppleWebKit/537.36 (KHTML, like Gecko) Chrome/131.0.6778.204 Mobile Safari/537.36 (compatible; Googlebot/2.1; +http://www.google.com/bot.html)"
66.249.68.68 - - [03/Jan/2025:07:35:31 -0500] "GET /?b=319609766 HTTP/1.1" 200 80199 "-" "Mozilla/5.0 (Linux; Android 6.0.1; Nexus 5X Build/MMB29P) AppleWebKit/537.36 (KHTML, like Gecko) Chrome/131.0.6778.139 Mobile Safari/537.36 (compatible; GoogleOther)"
66.249.68.68 - - [03/Jan/2025:07:35:53 -0500] "GET /?b=110033666 HTTP/1.1" 200 79898 "-" "Mozilla/5.0 (Linux; Android 6.0.1; Nexus 5X Build/MMB29P) AppleWebKit/537.36 (KHTML, like Gecko) Chrome/131.0.6778.139 Mobile Safari/537.36 (compatible; GoogleOther)"
66.249.68.69 - - [03/Jan/2025:07:35:54 -0500] "GET /?b=241318666 HTTP/1.1" 200 79640 "-" "Mozilla/5.0 (Linux; Android 6.0.1; Nexus 5X Build/MMB29P) AppleWebKit/537.36 (KHTML, like Gecko) Chrome/131.0.6778.139 Mobile Safari/537.36 (compatible; Googlebot/2.1; +http://www.google.com/bot.html)"
66.249.68.68 - - [03/Jan/2025:07:36:13 -0500] "GET /?b=241495366 HTTP/1.1" 200 79865 "-" "Mozilla/5.0 (Linux; Android 6.0.1; Nexus 5X Build/MMB29P) AppleWebKit/537.36 (KHTML, like Gecko) Chrome/131.0.6778.139 Mobile Safari/537.36 (compatible; GoogleOther)"
66.249.68.69 - - [03/Jan/2025:07:36:34 -0500] "GET /?b=23338066 HTTP/1.1" 200 81539 "-" "Mozilla/5.0 (Linux; Android 6.0.1; Nexus 5X Build/MMB29P) AppleWebKit/537.36 (KHTML, like Gecko) Chrome/131.0.6778.139 Mobile Safari/537.36 (compatible; GoogleOther)"
157.55.39.15 - - [03/Jan/2025:07:36:36 -0500] "GET /teenz/r636019.html HTTP/1.1" 200 81332 "-" "Mozilla/5.0 AppleWebKit/537.36 (KHTML, like Gecko; compatible; bingbot/2.0; +http://www.bing.com/bingbot.htm) Chrome/116.0.1938.76 Safari/537.36"
66.249.68.68 - - [03/Jan/2025:07:36:53 -0500] "GET /?b=194195266 HTTP/1.1" 200 79596 "-" "Mozilla/5.0 (Linux; Android 6.0.1; Nexus 5X Build/MMB29P) AppleWebKit/537.36 (KHTML, like Gecko) Chrome/131.0.6778.139 Mobile Safari/537.36 (compatible; Googlebot/2.1; +http://www.google.com/bot.html)"
66.249.68.68 - - [03/Jan/2025:07:36:55 -0500] "GET /?b=341720466 HTTP/1.1" 200 80336 "-" "Mozilla/5.0 (Linux; Android 6.0.1; Nexus 5X Build/MMB29P) AppleWebKit/537.36 (KHTML, like Gecko) Chrome/131.0.6778.139 Mobile Safari/537.36 (compatible; GoogleOther)"
66.249.68.68 - - [03/Jan/2025:07:37:14 -0500] "GET /?b=3477366 HTTP/1.1" 200 80084 "-" "Mozilla/5.0 (Linux; Android 6.0.1; Nexus 5X Build/MMB29P) AppleWebKit/537.36 (KHTML, like Gecko) Chrome/131.0.6778.139 Mobile Safari/537.36 (compatible; Googlebot/2.1; +http://www.google.com/bot.html)"
66.249.68.68 - - [03/Jan/2025:07:37:16 -0500] "GET /?b=75082866 HTTP/1.1" 200 80988 "-" "Mozilla/5.0 (Linux; Android 6.0.1; Nexus 5X Build/MMB29P) AppleWebKit/537.36 (KHTML, like Gecko) Chrome/131.0.6778.139 Mobile Safari/537.36 (compatible; GoogleOther)"
157.55.39.15 - - [03/Jan/2025:07:37:17 -0500] "GET /xspeb/h2701735.html HTTP/1.1" 200 79674 "-" "Mozilla/5.0 AppleWebKit/537.36 (KHTML, like Gecko; compatible; bingbot/2.0; +http://www.bing.com/bingbot.htm) Chrome/116.0.1938.76 Safari/537.36"
40.77.167.68 - - [03/Jan/2025:07:37:33 -0500] "GET /lkhhu/z707501.html HTTP/1.1" 200 79539 "-" "Mozilla/5.0 AppleWebKit/537.36 (KHTML, like Gecko; compatible; bingbot/2.0; +http://www.bing.com/bingbot.htm) Chrome/116.0.1938.76 Safari/537.36"
66.249.68.68 - - [03/Jan/2025:07:37:37 -0500] "GET /?b=170183966 HTTP/1.1" 200 79343 "-" "Mozilla/5.0 (Linux; Android 6.0.1; Nexus 5X Build/MMB29P) AppleWebKit/537.36 (KHTML, like Gecko) Chrome/131.0.6778.139 Mobile Safari/537.36 (compatible; GoogleOther)"
66.249.68.68 - - [03/Jan/2025:07:37:49 -0500] "GET /?b=101883866 HTTP/1.1" 200 81130 "-" "Mozilla/5.0 (Linux; Android 6.0.1; Nexus 5X Build/MMB29P) AppleWebKit/537.36 (KHTML, like Gecko) Chrome/131.0.6778.139 Mobile Safari/537.36 (compatible; Googlebot/2.1; +http://www.google.com/bot.html)"
66.249.68.68 - - [03/Jan/2025:07:37:49 -0500] "GET /?b=77403066 HTTP/1.1" 200 79437 "-" "Mozilla/5.0 (Linux; Android 6.0.1; Nexus 5X Build/MMB29P) AppleWebKit/537.36 (KHTML, like Gecko) Chrome/131.0.6778.139 Mobile Safari/537.36 (compatible; Googlebot/2.1; +http://www.google.com/bot.html)"
66.249.68.69 - - [03/Jan/2025:07:37:58 -0500] "GET /?b=38744966 HTTP/1.1" 200 79766 "-" "Mozilla/5.0 (Linux; Android 6.0.1; Nexus 5X Build/MMB29P) AppleWebKit/537.36 (KHTML, like Gecko) Chrome/131.0.6778.139 Mobile Safari/537.36 (compatible; GoogleOther)"
66.249.68.68 - - [03/Jan/2025:07:38:19 -0500] "GET /?b=346638566 HTTP/1.1" 200 79732 "-" "Mozilla/5.0 (Linux; Android 6.0.1; Nexus 5X Build/MMB29P) AppleWebKit/537.36 (KHTML, like Gecko) Chrome/131.0.6778.139 Mobile Safari/537.36 (compatible; GoogleOther)"
66.249.68.68 - - [03/Jan/2025:07:38:41 -0500] "GET /?b=302568966 HTTP/1.1" 200 79445 "-" "Mozilla/5.0 (Linux; Android 6.0.1; Nexus 5X Build/MMB29P) AppleWebKit/537.36 (KHTML, like Gecko) Chrome/131.0.6778.139 Mobile Safari/537.36 (compatible; GoogleOther)"
66.249.68.68 - - [03/Jan/2025:07:38:50 -0500] "GET /?b=304585866 HTTP/1.1" 200 79482 "-" "Mozilla/5.0 (Linux; Android 6.0.1; Nexus 5X Build/MMB29P) AppleWebKit/537.36 (KHTML, like Gecko) Chrome/131.0.6778.139 Mobile Safari/537.36 (compatible; Googlebot/2.1; +http://www.google.com/bot.html)"
66.249.68.68 - - [03/Jan/2025:07:39:01 -0500] "GET /?b=301004866 HTTP/1.1" 200 79698 "-" "Mozilla/5.0 (Linux; Android 6.0.1; Nexus 5X Build/MMB29P) AppleWebKit/537.36 (KHTML, like Gecko) Chrome/131.0.6778.139 Mobile Safari/537.36 (compatible; GoogleOther)"
40.77.167.68 - - [03/Jan/2025:07:39:12 -0500] "GET /vftcw/j1889601.html HTTP/1.1" 200 79819 "-" "Mozilla/5.0 AppleWebKit/537.36 (KHTML, like Gecko; compatible; bingbot/2.0; +http://www.bing.com/bingbot.htm) Chrome/116.0.1938.76 Safari/537.36"
66.249.68.68 - - [03/Jan/2025:07:39:21 -0500] "GET /?b=171017966 HTTP/1.1" 200 80366 "-" "Mozilla/5.0 (Linux; Android 6.0.1; Nexus 5X Build/MMB29P) AppleWebKit/537.36 (KHTML, like Gecko) Chrome/131.0.6778.139 Mobile Safari/537.36 (compatible; Googlebot/2.1; +http://www.google.com/bot.html)"
66.249.68.69 - - [03/Jan/2025:07:39:22 -0500] "GET /?b=232401566 HTTP/1.1" 200 79910 "-" "Mozilla/5.0 (Linux; Android 6.0.1; Nexus 5X Build/MMB29P) AppleWebKit/537.36 (KHTML, like Gecko) Chrome/131.0.6778.139 Mobile Safari/537.36 (compatible; GoogleOther)"
66.249.68.68 - - [03/Jan/2025:07:39:32 -0500] "GET /?b=301004866 HTTP/1.1" 200 79698 "-" "Mozilla/5.0 (Linux; Android 6.0.1; Nexus 5X Build/MMB29P) AppleWebKit/537.36 (KHTML, like Gecko) Chrome/131.0.6778.139 Mobile Safari/537.36 (compatible; Googlebot/2.1; +http://www.google.com/bot.html)"
66.249.68.68 - - [03/Jan/2025:07:39:32 -0500] "GET /?b=344811666 HTTP/1.1" 200 80436 "-" "Mozilla/5.0 (Linux; Android 6.0.1; Nexus 5X Build/MMB29P) AppleWebKit/537.36 (KHTML, like Gecko) Chrome/131.0.6778.139 Mobile Safari/537.36 (compatible; Googlebot/2.1; +http://www.google.com/bot.html)"
66.249.68.68 - - [03/Jan/2025:07:39:43 -0500] "GET /?b=246950266 HTTP/1.1" 200 79755 "-" "Mozilla/5.0 (Linux; Android 6.0.1; Nexus 5X Build/MMB29P) AppleWebKit/537.36 (KHTML, like Gecko) Chrome/131.0.6778.139 Mobile Safari/537.36 (compatible; GoogleOther)"
66.249.68.68 - - [03/Jan/2025:07:39:48 -0500] "GET /?b=317464066 HTTP/1.1" 200 81187 "-" "Mozilla/5.0 (Linux; Android 6.0.1; Nexus 5X Build/MMB29P) AppleWebKit/537.36 (KHTML, like Gecko) Chrome/131.0.6778.139 Mobile Safari/537.36 (compatible; Googlebot/2.1; +http://www.google.com/bot.html)"
66.249.68.69 - - [03/Jan/2025:07:39:48 -0500] "GET /?b=75526066 HTTP/1.1" 200 79747 "-" "Mozilla/5.0 (Linux; Android 6.0.1; Nexus 5X Build/MMB29P) AppleWebKit/537.36 (KHTML, like Gecko) Chrome/131.0.6778.139 Mobile Safari/537.36 (compatible; Googlebot/2.1; +http://www.google.com/bot.html)"
66.249.68.70 - - [03/Jan/2025:07:40:08 -0500] "GET /?b=90526666 HTTP/1.1" 200 81050 "-" "Mozilla/5.0 (Linux; Android 6.0.1; Nexus 5X Build/MMB29P) AppleWebKit/537.36 (KHTML, like Gecko) Chrome/131.0.6778.139 Mobile Safari/537.36 (compatible; GoogleOther)"
66.249.68.68 - - [03/Jan/2025:07:40:20 -0500] "GET /?b=221739366 HTTP/1.1" 200 79694 "-" "Mozilla/5.0 (Linux; Android 6.0.1; Nexus 5X Build/MMB29P) AppleWebKit/537.36 (KHTML, like Gecko) Chrome/131.0.6778.139 Mobile Safari/537.36 (compatible; Googlebot/2.1; +http://www.google.com/bot.html)"
66.249.68.68 - - [03/Jan/2025:07:40:25 -0500] "GET /?b=310006566 HTTP/1.1" 200 80133 "-" "Mozilla/5.0 (Linux; Android 6.0.1; Nexus 5X Build/MMB29P) AppleWebKit/537.36 (KHTML, like Gecko) Chrome/131.0.6778.139 Mobile Safari/537.36 (compatible; GoogleOther)"
66.249.68.68 - - [03/Jan/2025:07:40:46 -0500] "GET /?b=92569766 HTTP/1.1" 200 79652 "-" "Mozilla/5.0 (Linux; Android 6.0.1; Nexus 5X Build/MMB29P) AppleWebKit/537.36 (KHTML, like Gecko) Chrome/131.0.6778.139 Mobile Safari/537.36 (compatible; GoogleOther)"
66.249.68.68 - - [03/Jan/2025:07:41:02 -0500] "GET /?b=219572266 HTTP/1.1" 200 81042 "-" "Mozilla/5.0 (Linux; Android 6.0.1; Nexus 5X Build/MMB29P) AppleWebKit/537.36 (KHTML, like Gecko) Chrome/131.0.6778.139 Mobile Safari/537.36 (compatible; Googlebot/2.1; +http://www.google.com/bot.html)"
207.46.13.107 - - [03/Jan/2025:07:41:06 -0500] "GET /hcelf/d566793.html HTTP/1.1" 200 79845 "-" "Mozilla/5.0 AppleWebKit/537.36 (KHTML, like Gecko; compatible; bingbot/2.0; +http://www.bing.com/bingbot.htm) Chrome/116.0.1938.76 Safari/537.36"
66.249.68.69 - - [03/Jan/2025:07:41:07 -0500] "GET /?b=89442666 HTTP/1.1" 200 81183 "-" "Mozilla/5.0 (Linux; Android 6.0.1; Nexus 5X Build/MMB29P) AppleWebKit/537.36 (KHTML, like Gecko) Chrome/131.0.6778.139 Mobile Safari/537.36 (compatible; GoogleOther)"
66.249.68.68 - - [03/Jan/2025:07:41:24 -0500] "GET /?b=268868466 HTTP/1.1" 200 81733 "-" "Mozilla/5.0 (Linux; Android 6.0.1; Nexus 5X Build/MMB29P) AppleWebKit/537.36 (KHTML, like Gecko) Chrome/131.0.6778.139 Mobile Safari/537.36 (compatible; Googlebot/2.1; +http://www.google.com/bot.html)"
66.249.68.68 - - [03/Jan/2025:07:41:28 -0500] "GET /?b=88773166 HTTP/1.1" 200 81329 "-" "Mozilla/5.0 (Linux; Android 6.0.1; Nexus 5X Build/MMB29P) AppleWebKit/537.36 (KHTML, like Gecko) Chrome/131.0.6778.139 Mobile Safari/537.36 (compatible; GoogleOther)"
66.249.68.69 - - [03/Jan/2025:07:41:31 -0500] "GET /?b=52664566 HTTP/1.1" 200 79992 "-" "Mozilla/5.0 (Linux; Android 6.0.1; Nexus 5X Build/MMB29P) AppleWebKit/537.36 (KHTML, like Gecko) Chrome/131.0.6778.139 Mobile Safari/537.36 (compatible; Googlebot/2.1; +http://www.google.com/bot.html)"
66.249.68.69 - - [03/Jan/2025:07:41:31 -0500] "GET /?b=83119966 HTTP/1.1" 200 80541 "-" "Mozilla/5.0 (Linux; Android 6.0.1; Nexus 5X Build/MMB29P) AppleWebKit/537.36 (KHTML, like Gecko) Chrome/131.0.6778.139 Mobile Safari/537.36 (compatible; Googlebot/2.1; +http://www.google.com/bot.html)"
66.249.68.68 - - [03/Jan/2025:07:41:49 -0500] "GET /?b=122383866 HTTP/1.1" 200 81077 "-" "Mozilla/5.0 (Linux; Android 6.0.1; Nexus 5X Build/MMB29P) AppleWebKit/537.36 (KHTML, like Gecko) Chrome/131.0.6778.139 Mobile Safari/537.36 (compatible; GoogleOther)"
157.55.39.6 - - [03/Jan/2025:07:41:55 -0500] "GET /mtcfr/b1141131.html HTTP/1.1" 200 80550 "-" "Mozilla/5.0 AppleWebKit/537.36 (KHTML, like Gecko; compatible; bingbot/2.0; +http://www.bing.com/bingbot.htm) Chrome/116.0.1938.76 Safari/537.36"
66.249.68.68 - - [03/Jan/2025:07:42:00 -0500] "GET /?b=250209466 HTTP/1.1" 200 79939 "-" "Mozilla/5.0 (Linux; Android 6.0.1; Nexus 5X Build/MMB29P) AppleWebKit/537.36 (KHTML, like Gecko) Chrome/131.0.6778.204 Mobile Safari/537.36 (compatible; Googlebot/2.1; +http://www.google.com/bot.html)"
66.249.68.68 - - [03/Jan/2025:07:42:04 -0500] "GET /?b=51132766 HTTP/1.1" 200 79820 "-" "Mozilla/5.0 (Linux; Android 6.0.1; Nexus 5X Build/MMB29P) AppleWebKit/537.36 (KHTML, like Gecko) Chrome/131.0.6778.139 Mobile Safari/537.36 (compatible; Googlebot/2.1; +http://www.google.com/bot.html)"
66.249.68.68 - - [03/Jan/2025:07:42:10 -0500] "GET /?b=319740066 HTTP/1.1" 200 79715 "-" "Mozilla/5.0 (Linux; Android 6.0.1; Nexus 5X Build/MMB29P) AppleWebKit/537.36 (KHTML, like Gecko) Chrome/131.0.6778.139 Mobile Safari/537.36 (compatible; GoogleOther)"
40.77.167.68 - - [03/Jan/2025:07:42:11 -0500] "GET /jtscy/m2870610.html HTTP/1.1" 200 81058 "-" "Mozilla/5.0 AppleWebKit/537.36 (KHTML, like Gecko; compatible; bingbot/2.0; +http://www.bing.com/bingbot.htm) Chrome/116.0.1938.76 Safari/537.36"
66.249.68.68 - - [03/Jan/2025:07:42:23 -0500] "GET /?b=156679366 HTTP/1.1" 200 80132 "-" "Mozilla/5.0 (Linux; Android 6.0.1; Nexus 5X Build/MMB29P) AppleWebKit/537.36 (KHTML, like Gecko) Chrome/131.0.6778.139 Mobile Safari/537.36 (compatible; Googlebot/2.1; +http://www.google.com/bot.html)"
66.249.68.68 - - [03/Jan/2025:07:42:26 -0500] "GET /?b=353012066 HTTP/1.1" 200 79679 "-" "Mozilla/5.0 (Linux; Android 6.0.1; Nexus 5X Build/MMB29P) AppleWebKit/537.36 (KHTML, like Gecko) Chrome/131.0.6778.139 Mobile Safari/537.36 (compatible; Googlebot/2.1; +http://www.google.com/bot.html)"
66.249.68.68 - - [03/Jan/2025:07:42:29 -0500] "GET /?b=104608066 HTTP/1.1" 200 81746 "-" "Mozilla/5.0 (Linux; Android 6.0.1; Nexus 5X Build/MMB29P) AppleWebKit/537.36 (KHTML, like Gecko) Chrome/131.0.6778.139 Mobile Safari/537.36 (compatible; Googlebot/2.1; +http://www.google.com/bot.html)"
66.249.68.68 - - [03/Jan/2025:07:42:32 -0500] "GET /?b=64007666 HTTP/1.1" 200 81720 "-" "Mozilla/5.0 (Linux; Android 6.0.1; Nexus 5X Build/MMB29P) AppleWebKit/537.36 (KHTML, like Gecko) Chrome/131.0.6778.139 Mobile Safari/537.36 (compatible; Googlebot/2.1; +http://www.google.com/bot.html)"
66.249.68.68 - - [03/Jan/2025:07:42:33 -0500] "GET /?b=222960266 HTTP/1.1" 200 80120 "-" "Mozilla/5.0 (Linux; Android 6.0.1; Nexus 5X Build/MMB29P) AppleWebKit/537.36 (KHTML, like Gecko) Chrome/131.0.6778.139 Mobile Safari/537.36 (compatible; GoogleOther)"
66.249.68.68 - - [03/Jan/2025:07:42:34 -0500] "GET /?b=48268366 HTTP/1.1" 200 82201 "-" "Mozilla/5.0 (Linux; Android 6.0.1; Nexus 5X Build/MMB29P) AppleWebKit/537.36 (KHTML, like Gecko) Chrome/131.0.6778.139 Mobile Safari/537.36 (compatible; Googlebot/2.1; +http://www.google.com/bot.html)"
66.249.68.70 - - [03/Jan/2025:07:42:52 -0500] "GET /?b=192032466 HTTP/1.1" 200 79491 "-" "Mozilla/5.0 (Linux; Android 6.0.1; Nexus 5X Build/MMB29P) AppleWebKit/537.36 (KHTML, like Gecko) Chrome/131.0.6778.139 Mobile Safari/537.36 (compatible; GoogleOther)"
66.249.68.70 - - [03/Jan/2025:07:43:13 -0500] "GET /?b=277249766 HTTP/1.1" 200 80575 "-" "Mozilla/5.0 (Linux; Android 6.0.1; Nexus 5X Build/MMB29P) AppleWebKit/537.36 (KHTML, like Gecko) Chrome/131.0.6778.139 Mobile Safari/537.36 (compatible; GoogleOther)"
157.55.39.6 - - [03/Jan/2025:07:43:15 -0500] "GET /otsri/t1811455.html HTTP/1.1" 200 80741 "-" "Mozilla/5.0 AppleWebKit/537.36 (KHTML, like Gecko; compatible; bingbot/2.0; +http://www.bing.com/bingbot.htm) Chrome/116.0.1938.76 Safari/537.36"
66.249.68.70 - - [03/Jan/2025:07:43:15 -0500] "GET /?b=119587266 HTTP/1.1" 200 80397 "-" "Mozilla/5.0 (Linux; Android 6.0.1; Nexus 5X Build/MMB29P) AppleWebKit/537.36 (KHTML, like Gecko) Chrome/131.0.6778.139 Mobile Safari/537.36 (compatible; Googlebot/2.1; +http://www.google.com/bot.html)"
66.249.68.68 - - [03/Jan/2025:07:43:32 -0500] "GET /?b=20905966 HTTP/1.1" 200 81492 "-" "Mozilla/5.0 (Linux; Android 6.0.1; Nexus 5X Build/MMB29P) AppleWebKit/537.36 (KHTML, like Gecko) Chrome/131.0.6778.139 Mobile Safari/537.36 (compatible; Googlebot/2.1; +http://www.google.com/bot.html)"
66.249.68.68 - - [03/Jan/2025:07:43:34 -0500] "GET /?b=102306466 HTTP/1.1" 200 81018 "-" "Mozilla/5.0 (Linux; Android 6.0.1; Nexus 5X Build/MMB29P) AppleWebKit/537.36 (KHTML, like Gecko) Chrome/131.0.6778.139 Mobile Safari/537.36 (compatible; GoogleOther)"
66.249.68.68 - - [03/Jan/2025:07:43:46 -0500] "GET /?b=278080766 HTTP/1.1" 200 80119 "-" "Mozilla/5.0 (Linux; Android 6.0.1; Nexus 5X Build/MMB29P) AppleWebKit/537.36 (KHTML, like Gecko) Chrome/131.0.6778.139 Mobile Safari/537.36 (compatible; Googlebot/2.1; +http://www.google.com/bot.html)"
66.249.68.69 - - [03/Jan/2025:07:43:55 -0500] "GET /?b=37456266 HTTP/1.1" 200 79935 "-" "Mozilla/5.0 (Linux; Android 6.0.1; Nexus 5X Build/MMB29P) AppleWebKit/537.36 (KHTML, like Gecko) Chrome/131.0.6778.139 Mobile Safari/537.36 (compatible; GoogleOther)"
207.46.13.107 - - [03/Jan/2025:07:43:57 -0500] "GET /njeku/d2166235.html HTTP/1.1" 200 80448 "-" "Mozilla/5.0 AppleWebKit/537.36 (KHTML, like Gecko; compatible; bingbot/2.0; +http://www.bing.com/bingbot.htm) Chrome/116.0.1938.76 Safari/537.36"
66.249.68.70 - - [03/Jan/2025:07:44:16 -0500] "GET /?b=45880466 HTTP/1.1" 200 81603 "-" "Mozilla/5.0 (Linux; Android 6.0.1; Nexus 5X Build/MMB29P) AppleWebKit/537.36 (KHTML, like Gecko) Chrome/131.0.6778.139 Mobile Safari/537.36 (compatible; GoogleOther)"
66.249.68.68 - - [03/Jan/2025:07:44:17 -0500] "GET /?b=148926066 HTTP/1.1" 200 80346 "-" "Mozilla/5.0 (Linux; Android 6.0.1; Nexus 5X Build/MMB29P) AppleWebKit/537.36 (KHTML, like Gecko) Chrome/131.0.6778.139 Mobile Safari/537.36 (compatible; Googlebot/2.1; +http://www.google.com/bot.html)"
66.249.68.68 - - [03/Jan/2025:07:44:28 -0500] "GET /?b=105359166 HTTP/1.1" 200 80439 "-" "Mozilla/5.0 (Linux; Android 6.0.1; Nexus 5X Build/MMB29P) AppleWebKit/537.36 (KHTML, like Gecko) Chrome/131.0.6778.139 Mobile Safari/537.36 (compatible; Googlebot/2.1; +http://www.google.com/bot.html)"
66.249.68.69 - - [03/Jan/2025:07:44:31 -0500] "GET /?b=36736466 HTTP/1.1" 200 80309 "-" "Mozilla/5.0 (Linux; Android 6.0.1; Nexus 5X Build/MMB29P) AppleWebKit/537.36 (KHTML, like Gecko) Chrome/131.0.6778.139 Mobile Safari/537.36 (compatible; Googlebot/2.1; +http://www.google.com/bot.html)"
66.249.68.69 - - [03/Jan/2025:07:44:33 -0500] "GET /?b=303878066 HTTP/1.1" 200 79754 "-" "Mozilla/5.0 (Linux; Android 6.0.1; Nexus 5X Build/MMB29P) AppleWebKit/537.36 (KHTML, like Gecko) Chrome/131.0.6778.139 Mobile Safari/537.36 (compatible; Googlebot/2.1; +http://www.google.com/bot.html)"
66.249.68.68 - - [03/Jan/2025:07:44:37 -0500] "GET /?b=48417466 HTTP/1.1" 200 80066 "-" "Mozilla/5.0 (Linux; Android 6.0.1; Nexus 5X Build/MMB29P) AppleWebKit/537.36 (KHTML, like Gecko) Chrome/131.0.6778.139 Mobile Safari/537.36 (compatible; GoogleOther)"
66.249.68.68 - - [03/Jan/2025:07:44:37 -0500] "GET /?b=130544266 HTTP/1.1" 200 79143 "-" "Mozilla/5.0 (Linux; Android 6.0.1; Nexus 5X Build/MMB29P) AppleWebKit/537.36 (KHTML, like Gecko) Chrome/131.0.6778.139 Mobile Safari/537.36 (compatible; Googlebot/2.1; +http://www.google.com/bot.html)"
66.249.68.68 - - [03/Jan/2025:07:44:48 -0500] "GET /?b=273746566 HTTP/1.1" 200 80370 "-" "Mozilla/5.0 (Linux; Android 6.0.1; Nexus 5X Build/MMB29P) AppleWebKit/537.36 (KHTML, like Gecko) Chrome/131.0.6778.139 Mobile Safari/537.36 (compatible; Googlebot/2.1; +http://www.google.com/bot.html)"
66.249.68.68 - - [03/Jan/2025:07:44:58 -0500] "GET /?b=272009566 HTTP/1.1" 200 79584 "-" "Mozilla/5.0 (Linux; Android 6.0.1; Nexus 5X Build/MMB29P) AppleWebKit/537.36 (KHTML, like Gecko) Chrome/131.0.6778.139 Mobile Safari/537.36 (compatible; GoogleOther)"
66.249.68.69 - - [03/Jan/2025:07:45:17 -0500] "GET /?b=38362866 HTTP/1.1" 200 80842 "-" "Mozilla/5.0 (Linux; Android 6.0.1; Nexus 5X Build/MMB29P) AppleWebKit/537.36 (KHTML, like Gecko) Chrome/131.0.6778.139 Mobile Safari/537.36 (compatible; Googlebot/2.1; +http://www.google.com/bot.html)"
66.249.68.68 - - [03/Jan/2025:07:45:21 -0500] "GET /?b=281348366 HTTP/1.1" 200 80042 "-" "Mozilla/5.0 (Linux; Android 6.0.1; Nexus 5X Build/MMB29P) AppleWebKit/537.36 (KHTML, like Gecko) Chrome/131.0.6778.139 Mobile Safari/537.36 (compatible; GoogleOther)"
66.249.68.68 - - [03/Jan/2025:07:45:22 -0500] "GET /?b=167755466 HTTP/1.1" 200 80112 "-" "Mozilla/5.0 (Linux; Android 6.0.1; Nexus 5X Build/MMB29P) AppleWebKit/537.36 (KHTML, like Gecko) Chrome/131.0.6778.139 Mobile Safari/537.36 (compatible; Googlebot/2.1; +http://www.google.com/bot.html)"
66.249.68.69 - - [03/Jan/2025:07:45:32 -0500] "GET /?b=50689866 HTTP/1.1" 200 79649 "-" "Mozilla/5.0 (Linux; Android 6.0.1; Nexus 5X Build/MMB29P) AppleWebKit/537.36 (KHTML, like Gecko) Chrome/131.0.6778.139 Mobile Safari/537.36 (compatible; Googlebot/2.1; +http://www.google.com/bot.html)"
66.249.68.68 - - [03/Jan/2025:07:45:36 -0500] "GET /?b=134309166 HTTP/1.1" 200 79362 "-" "Mozilla/5.0 (Linux; Android 6.0.1; Nexus 5X Build/MMB29P) AppleWebKit/537.36 (KHTML, like Gecko) Chrome/131.0.6778.139 Mobile Safari/537.36 (compatible; Googlebot/2.1; +http://www.google.com/bot.html)"
66.249.68.68 - - [03/Jan/2025:07:45:40 -0500] "GET /?b=221959266 HTTP/1.1" 200 79414 "-" "Mozilla/5.0 (Linux; Android 6.0.1; Nexus 5X Build/MMB29P) AppleWebKit/537.36 (KHTML, like Gecko) Chrome/131.0.6778.139 Mobile Safari/537.36 (compatible; GoogleOther)"
66.249.68.68 - - [03/Jan/2025:07:45:47 -0500] "GET /?b=192534166 HTTP/1.1" 200 79641 "-" "Mozilla/5.0 (Linux; Android 6.0.1; Nexus 5X Build/MMB29P) AppleWebKit/537.36 (KHTML, like Gecko) Chrome/131.0.6778.139 Mobile Safari/537.36 (compatible; Googlebot/2.1; +http://www.google.com/bot.html)"
66.249.68.68 - - [03/Jan/2025:07:45:50 -0500] "GET /?b=125298966 HTTP/1.1" 200 85948 "-" "Mozilla/5.0 (Linux; Android 6.0.1; Nexus 5X Build/MMB29P) AppleWebKit/537.36 (KHTML, like Gecko) Chrome/131.0.6778.139 Mobile Safari/537.36 (compatible; Googlebot/2.1; +http://www.google.com/bot.html)"
66.249.68.70 - - [03/Jan/2025:07:46:00 -0500] "GET /?b=62167866 HTTP/1.1" 200 82089 "-" "Mozilla/5.0 (Linux; Android 6.0.1; Nexus 5X Build/MMB29P) AppleWebKit/537.36 (KHTML, like Gecko) Chrome/131.0.6778.139 Mobile Safari/537.36 (compatible; GoogleOther)"
66.249.68.69 - - [03/Jan/2025:07:46:12 -0500] "GET /?b=46644366 HTTP/1.1" 200 79079 "-" "Mozilla/5.0 (Linux; Android 6.0.1; Nexus 5X Build/MMB29P) AppleWebKit/537.36 (KHTML, like Gecko) Chrome/131.0.6778.139 Mobile Safari/537.36 (compatible; Googlebot/2.1; +http://www.google.com/bot.html)"
66.249.68.68 - - [03/Jan/2025:07:46:21 -0500] "GET /?b=37091166 HTTP/1.1" 200 80222 "-" "Mozilla/5.0 (Linux; Android 6.0.1; Nexus 5X Build/MMB29P) AppleWebKit/537.36 (KHTML, like Gecko) Chrome/131.0.6778.139 Mobile Safari/537.36 (compatible; GoogleOther)"
66.249.68.68 - - [03/Jan/2025:07:46:23 -0500] "GET /?b=169265966 HTTP/1.1" 200 79484 "-" "Mozilla/5.0 (Linux; Android 6.0.1; Nexus 5X Build/MMB29P) AppleWebKit/537.36 (KHTML, like Gecko) Chrome/131.0.6778.139 Mobile Safari/537.36 (compatible; Googlebot/2.1; +http://www.google.com/bot.html)"
66.249.68.68 - - [03/Jan/2025:07:46:23 -0500] "GET /?b=230561166 HTTP/1.1" 200 80965 "-" "Mozilla/5.0 (Linux; Android 6.0.1; Nexus 5X Build/MMB29P) AppleWebKit/537.36 (KHTML, like Gecko) Chrome/131.0.6778.139 Mobile Safari/537.36 (compatible; Googlebot/2.1; +http://www.google.com/bot.html)"
66.249.68.69 - - [03/Jan/2025:07:46:31 -0500] "GET /?b=183638266 HTTP/1.1" 200 81139 "-" "Mozilla/5.0 (Linux; Android 6.0.1; Nexus 5X Build/MMB29P) AppleWebKit/537.36 (KHTML, like Gecko) Chrome/131.0.6778.139 Mobile Safari/537.36 (compatible; Googlebot/2.1; +http://www.google.com/bot.html)"
66.249.68.69 - - [03/Jan/2025:07:46:43 -0500] "GET /?b=27797366 HTTP/1.1" 200 85625 "-" "Mozilla/5.0 (Linux; Android 6.0.1; Nexus 5X Build/MMB29P) AppleWebKit/537.36 (KHTML, like Gecko) Chrome/131.0.6778.139 Mobile Safari/537.36 (compatible; GoogleOther)"
66.249.68.68 - - [03/Jan/2025:07:46:53 -0500] "GET /?b=145138666 HTTP/1.1" 200 80539 "-" "Mozilla/5.0 (Linux; Android 6.0.1; Nexus 5X Build/MMB29P) AppleWebKit/537.36 (KHTML, like Gecko) Chrome/131.0.6778.139 Mobile Safari/537.36 (compatible; Googlebot/2.1; +http://www.google.com/bot.html)"
66.249.68.68 - - [03/Jan/2025:07:46:59 -0500] "GET /?b=98508766 HTTP/1.1" 200 79304 "-" "Mozilla/5.0 (Linux; Android 6.0.1; Nexus 5X Build/MMB29P) AppleWebKit/537.36 (KHTML, like Gecko) Chrome/131.0.6778.139 Mobile Safari/537.36 (compatible; Googlebot/2.1; +http://www.google.com/bot.html)"
66.249.68.68 - - [03/Jan/2025:07:46:59 -0500] "GET /?b=64936066 HTTP/1.1" 200 80602 "-" "Mozilla/5.0 (Linux; Android 6.0.1; Nexus 5X Build/MMB29P) AppleWebKit/537.36 (KHTML, like Gecko) Chrome/131.0.6778.139 Mobile Safari/537.36 (compatible; Googlebot/2.1; +http://www.google.com/bot.html)"
66.249.68.68 - - [03/Jan/2025:07:47:03 -0500] "GET /?b=307230166 HTTP/1.1" 200 79797 "-" "Mozilla/5.0 (Linux; Android 6.0.1; Nexus 5X Build/MMB29P) AppleWebKit/537.36 (KHTML, like Gecko) Chrome/131.0.6778.139 Mobile Safari/537.36 (compatible; GoogleOther)"
66.249.68.68 - - [03/Jan/2025:07:47:21 -0500] "GET /?b=315025766 HTTP/1.1" 200 80008 "-" "Mozilla/5.0 (Linux; Android 6.0.1; Nexus 5X Build/MMB29P) AppleWebKit/537.36 (KHTML, like Gecko) Chrome/131.0.6778.139 Mobile Safari/537.36 (compatible; Googlebot/2.1; +http://www.google.com/bot.html)"
66.249.68.68 - - [03/Jan/2025:07:47:25 -0500] "GET /?b=136015266 HTTP/1.1" 200 80345 "-" "Mozilla/5.0 (Linux; Android 6.0.1; Nexus 5X Build/MMB29P) AppleWebKit/537.36 (KHTML, like Gecko) Chrome/131.0.6778.139 Mobile Safari/537.36 (compatible; GoogleOther)"
66.249.68.68 - - [03/Jan/2025:07:47:28 -0500] "GET /?b=206418066 HTTP/1.1" 200 81599 "-" "Mozilla/5.0 (Linux; Android 6.0.1; Nexus 5X Build/MMB29P) AppleWebKit/537.36 (KHTML, like Gecko) Chrome/131.0.6778.139 Mobile Safari/537.36 (compatible; Googlebot/2.1; +http://www.google.com/bot.html)"
66.249.68.68 - - [03/Jan/2025:07:47:31 -0500] "GET /?b=199639866 HTTP/1.1" 200 80680 "-" "Mozilla/5.0 (Linux; Android 6.0.1; Nexus 5X Build/MMB29P) AppleWebKit/537.36 (KHTML, like Gecko) Chrome/131.0.6778.139 Mobile Safari/537.36 (compatible; Googlebot/2.1; +http://www.google.com/bot.html)"
66.249.68.68 - - [03/Jan/2025:07:47:34 -0500] "GET /?b=133974666 HTTP/1.1" 200 79631 "-" "Mozilla/5.0 (Linux; Android 6.0.1; Nexus 5X Build/MMB29P) AppleWebKit/537.36 (KHTML, like Gecko) Chrome/131.0.6778.139 Mobile Safari/537.36 (compatible; Googlebot/2.1; +http://www.google.com/bot.html)"
66.249.68.68 - - [03/Jan/2025:07:47:45 -0500] "GET /?b=167175366 HTTP/1.1" 200 79679 "-" "Mozilla/5.0 (Linux; Android 6.0.1; Nexus 5X Build/MMB29P) AppleWebKit/537.36 (KHTML, like Gecko) Chrome/131.0.6778.139 Mobile Safari/537.36 (compatible; GoogleOther)"
66.249.68.68 - - [03/Jan/2025:07:48:01 -0500] "GET /?b=216288666 HTTP/1.1" 200 79797 "-" "Mozilla/5.0 (Linux; Android 6.0.1; Nexus 5X Build/MMB29P) AppleWebKit/537.36 (KHTML, like Gecko) Chrome/131.0.6778.139 Mobile Safari/537.36 (compatible; Googlebot/2.1; +http://www.google.com/bot.html)"
66.249.68.69 - - [03/Jan/2025:07:48:06 -0500] "GET /?b=356124666 HTTP/1.1" 200 80206 "-" "Mozilla/5.0 (Linux; Android 6.0.1; Nexus 5X Build/MMB29P) AppleWebKit/537.36 (KHTML, like Gecko) Chrome/131.0.6778.139 Mobile Safari/537.36 (compatible; GoogleOther)"
202.8.43.236 - - [03/Jan/2025:07:48:04 -0500] "GET /?b=12144066 HTTP/1.1" 301 0 "-" "Mozilla/5.0 (Linux; Android 13) AppleWebKit/537.36 (KHTML, like Gecko) Chrome/108.0.5359.128 Mobile Safari/537.36 (compatible; AhrefsSiteAudit/6.1; +http://ahrefs.com/robot/site-audit)"
66.29.132.124 - - [03/Jan/2025:07:48:09 -0500] "POST /wp-cron.php?doing_wp_cron=1735908489.2611539363861083984375 HTTP/1.1" 200 0 "-" "WordPress/6.7.1; https://blog.diixadigital.com"
202.8.43.236 - - [03/Jan/2025:07:48:02 -0500] "GET /?b=283221566 HTTP/1.1" 301 0 "-" "Mozilla/5.0 (Linux; Android 13) AppleWebKit/537.36 (KHTML, like Gecko) Chrome/108.0.5359.128 Mobile Safari/537.36 (compatible; AhrefsSiteAudit/6.1; +http://ahrefs.com/robot/site-audit)"
66.29.132.124 - - [03/Jan/2025:07:48:10 -0500] "POST /wp-admin/admin-ajax.php?action=async_litespeed&nonce=80b040295a&litespeed_type=imgoptm HTTP/1.1" 200 0 "-" "WordPress/6.7.1; https://blog.diixadigital.com"
66.249.68.68 - - [03/Jan/2025:07:48:19 -0500] "GET /?b=77688966 HTTP/1.1" 200 80349 "-" "Mozilla/5.0 (Linux; Android 6.0.1; Nexus 5X Build/MMB29P) AppleWebKit/537.36 (KHTML, like Gecko) Chrome/131.0.6778.139 Mobile Safari/537.36 (compatible; Googlebot/2.1; +http://www.google.com/bot.html)"
66.29.132.124 - - [03/Jan/2025:07:48:27 -0500] "POST /wp-cron.php?doing_wp_cron=1735908507.4279110431671142578125 HTTP/1.1" 200 0 "-" "WordPress/6.7.1; https://blog.diixadigital.com"
202.8.43.236 - - [03/Jan/2025:07:48:26 -0500] "GET /?b=97864466 HTTP/1.1" 301 0 "-" "Mozilla/5.0 (Linux; Android 13) AppleWebKit/537.36 (KHTML, like Gecko) Chrome/108.0.5359.128 Mobile Safari/537.36 (compatible; AhrefsSiteAudit/6.1; +http://ahrefs.com/robot/site-audit)"
66.249.68.68 - - [03/Jan/2025:07:48:27 -0500] "GET /?b=91384366 HTTP/1.1" 200 79425 "-" "Mozilla/5.0 (Linux; Android 6.0.1; Nexus 5X Build/MMB29P) AppleWebKit/537.36 (KHTML, like Gecko) Chrome/131.0.6778.139 Mobile Safari/537.36 (compatible; GoogleOther)"
66.249.68.68 - - [03/Jan/2025:07:48:31 -0500] "GET /?b=267659766 HTTP/1.1" 200 79553 "-" "Mozilla/5.0 (Linux; Android 6.0.1; Nexus 5X Build/MMB29P) AppleWebKit/537.36 (KHTML, like Gecko) Chrome/131.0.6778.139 Mobile Safari/537.36 (compatible; Googlebot/2.1; +http://www.google.com/bot.html)"
66.249.68.68 - - [03/Jan/2025:07:48:34 -0500] "GET /?b=172317766 HTTP/1.1" 200 79572 "-" "Mozilla/5.0 (Linux; Android 6.0.1; Nexus 5X Build/MMB29P) AppleWebKit/537.36 (KHTML, like Gecko) Chrome/131.0.6778.139 Mobile Safari/537.36 (compatible; Googlebot/2.1; +http://www.google.com/bot.html)"
202.8.43.236 - - [03/Jan/2025:07:48:46 -0500] "GET /?b=168504066 HTTP/1.1" 301 0 "-" "Mozilla/5.0 (Linux; Android 13) AppleWebKit/537.36 (KHTML, like Gecko) Chrome/108.0.5359.128 Mobile Safari/537.36 (compatible; AhrefsSiteAudit/6.1; +http://ahrefs.com/robot/site-audit)"
66.249.68.68 - - [03/Jan/2025:07:48:48 -0500] "GET /?b=170131066 HTTP/1.1" 200 79797 "-" "Mozilla/5.0 (Linux; Android 6.0.1; Nexus 5X Build/MMB29P) AppleWebKit/537.36 (KHTML, like Gecko) Chrome/131.0.6778.139 Mobile Safari/537.36 (compatible; GoogleOther)"
66.29.132.124 - - [03/Jan/2025:07:48:51 -0500] "POST /wp-cron.php?doing_wp_cron=1735908531.3090579509735107421875 HTTP/1.1" 200 0 "-" "WordPress/6.7.1; https://blog.diixadigital.com"
202.8.43.236 - - [03/Jan/2025:07:48:50 -0500] "GET /?b=339434066 HTTP/1.1" 301 0 "-" "Mozilla/5.0 (Linux; Android 13) AppleWebKit/537.36 (KHTML, like Gecko) Chrome/108.0.5359.128 Mobile Safari/537.36 (compatible; AhrefsSiteAudit/6.1; +http://ahrefs.com/robot/site-audit)"
66.29.132.124 - - [03/Jan/2025:07:48:51 -0500] "POST /wp-admin/admin-ajax.php?action=async_litespeed&nonce=80b040295a&litespeed_type=imgoptm HTTP/1.1" 200 21 "-" "WordPress/6.7.1; https://blog.diixadigital.com"
202.8.43.236 - - [03/Jan/2025:07:48:58 -0500] "GET /?b=77371466 HTTP/1.1" 301 0 "-" "Mozilla/5.0 (Linux; Android 13) AppleWebKit/537.36 (KHTML, like Gecko) Chrome/108.0.5359.128 Mobile Safari/537.36 (compatible; AhrefsSiteAudit/6.1; +http://ahrefs.com/robot/site-audit)"
66.249.68.69 - - [03/Jan/2025:07:48:59 -0500] "GET /?b=121300466 HTTP/1.1" 200 81044 "-" "Mozilla/5.0 (Linux; Android 6.0.1; Nexus 5X Build/MMB29P) AppleWebKit/537.36 (KHTML, like Gecko) Chrome/131.0.6778.139 Mobile Safari/537.36 (compatible; Googlebot/2.1; +http://www.google.com/bot.html)"
202.8.43.236 - - [03/Jan/2025:07:49:06 -0500] "GET /?b=355858166 HTTP/1.1" 301 0 "-" "Mozilla/5.0 (Linux; Android 13) AppleWebKit/537.36 (KHTML, like Gecko) Chrome/108.0.5359.128 Mobile Safari/537.36 (compatible; AhrefsSiteAudit/6.1; +http://ahrefs.com/robot/site-audit)"
66.249.68.68 - - [03/Jan/2025:07:49:09 -0500] "GET /?b=295427866 HTTP/1.1" 200 79891 "-" "Mozilla/5.0 (Linux; Android 6.0.1; Nexus 5X Build/MMB29P) AppleWebKit/537.36 (KHTML, like Gecko) Chrome/131.0.6778.139 Mobile Safari/537.36 (compatible; GoogleOther)"
66.249.68.68 - - [03/Jan/2025:07:49:24 -0500] "GET /?b=20845366 HTTP/1.1" 200 81046 "-" "Mozilla/5.0 (Linux; Android 6.0.1; Nexus 5X Build/MMB29P) AppleWebKit/537.36 (KHTML, like Gecko) Chrome/131.0.6778.139 Mobile Safari/537.36 (compatible; Googlebot/2.1; +http://www.google.com/bot.html)"
66.249.68.68 - - [03/Jan/2025:07:49:24 -0500] "GET /?b=177976066 HTTP/1.1" 200 80855 "-" "Mozilla/5.0 (Linux; Android 6.0.1; Nexus 5X Build/MMB29P) AppleWebKit/537.36 (KHTML, like Gecko) Chrome/131.0.6778.139 Mobile Safari/537.36 (compatible; Googlebot/2.1; +http://www.google.com/bot.html)"
66.29.132.124 - - [03/Jan/2025:07:49:27 -0500] "POST /wp-cron.php?doing_wp_cron=1735908567.7398619651794433593750 HTTP/1.1" 200 0 "-" "WordPress/6.7.1; https://blog.diixadigital.com"
202.8.43.236 - - [03/Jan/2025:07:49:27 -0500] "GET /?b=207723066 HTTP/1.1" 301 0 "-" "Mozilla/5.0 (Linux; Android 13) AppleWebKit/537.36 (KHTML, like Gecko) Chrome/108.0.5359.128 Mobile Safari/537.36 (compatible; AhrefsSiteAudit/6.1; +http://ahrefs.com/robot/site-audit)"
66.249.68.68 - - [03/Jan/2025:07:49:27 -0500] "GET /?b=219548866 HTTP/1.1" 200 79654 "-" "Mozilla/5.0 (Linux; Android 6.0.1; Nexus 5X Build/MMB29P) AppleWebKit/537.36 (KHTML, like Gecko) Chrome/131.0.6778.139 Mobile Safari/537.36 (compatible; Googlebot/2.1; +http://www.google.com/bot.html)"
66.249.68.69 - - [03/Jan/2025:07:49:30 -0500] "GET /?b=94674966 HTTP/1.1" 200 79959 "-" "Mozilla/5.0 (Linux; Android 6.0.1; Nexus 5X Build/MMB29P) AppleWebKit/537.36 (KHTML, like Gecko) Chrome/131.0.6778.139 Mobile Safari/537.36 (compatible; GoogleOther)"
202.8.43.236 - - [03/Jan/2025:07:49:37 -0500] "GET /?b=23186766 HTTP/1.1" 301 0 "-" "Mozilla/5.0 (Linux; Android 13) AppleWebKit/537.36 (KHTML, like Gecko) Chrome/108.0.5359.128 Mobile Safari/537.36 (compatible; AhrefsSiteAudit/6.1; +http://ahrefs.com/robot/site-audit)"
202.8.43.236 - - [03/Jan/2025:07:49:46 -0500] "GET /?b=88780666 HTTP/1.1" 301 0 "-" "Mozilla/5.0 (Linux; Android 13) AppleWebKit/537.36 (KHTML, like Gecko) Chrome/108.0.5359.128 Mobile Safari/537.36 (compatible; AhrefsSiteAudit/6.1; +http://ahrefs.com/robot/site-audit)"
202.8.43.235 - - [03/Jan/2025:07:49:46 -0500] "GET /?b=35803866 HTTP/1.1" 301 0 "-" "Mozilla/5.0 (Linux; Android 13) AppleWebKit/537.36 (KHTML, like Gecko) Chrome/108.0.5359.128 Mobile Safari/537.36 (compatible; AhrefsSiteAudit/6.1; +http://ahrefs.com/robot/site-audit)"
202.8.43.235 - - [03/Jan/2025:07:49:47 -0500] "GET /?b=253367566 HTTP/1.1" 301 0 "-" "Mozilla/5.0 (Linux; Android 13) AppleWebKit/537.36 (KHTML, like Gecko) Chrome/108.0.5359.128 Mobile Safari/537.36 (compatible; AhrefsSiteAudit/6.1; +http://ahrefs.com/robot/site-audit)"
66.29.132.124 - - [03/Jan/2025:07:49:52 -0500] "POST /wp-cron.php?doing_wp_cron=1735908591.7931439876556396484375 HTTP/1.1" 200 0 "-" "WordPress/6.7.1; https://blog.diixadigital.com"
202.8.43.235 - - [03/Jan/2025:07:49:51 -0500] "GET /?b=348644266 HTTP/1.1" 301 0 "-" "Mozilla/5.0 (Linux; Android 13) AppleWebKit/537.36 (KHTML, like Gecko) Chrome/108.0.5359.128 Mobile Safari/537.36 (compatible; AhrefsSiteAudit/6.1; +http://ahrefs.com/robot/site-audit)"
66.249.68.69 - - [03/Jan/2025:07:49:51 -0500] "GET /?b=155759866 HTTP/1.1" 200 80380 "-" "Mozilla/5.0 (Linux; Android 6.0.1; Nexus 5X Build/MMB29P) AppleWebKit/537.36 (KHTML, like Gecko) Chrome/131.0.6778.139 Mobile Safari/537.36 (compatible; GoogleOther)"
66.29.132.124 - - [03/Jan/2025:07:49:53 -0500] "POST /wp-admin/admin-ajax.php?action=async_litespeed&nonce=80b040295a&litespeed_type=imgoptm HTTP/1.1" 200 0 "-" "WordPress/6.7.1; https://blog.diixadigital.com"
