66.29.132.124 - - [28/Dec/2024:10:31:55 -0500] "POST /wp-admin/admin-ajax.php?action=async_litespeed&nonce=0a3c28bef8&litespeed_type=imgoptm HTTP/1.1" 200 21 "-" "WordPress/6.7.1; https://blog.diixadigital.com"
66.249.68.68 - - [28/Dec/2024:10:31:57 -0500] "GET /?b=1219066 HTTP/1.1" 200 79409 "-" "Mozilla/5.0 (Linux; Android 6.0.1; Nexus 5X Build/MMB29P) AppleWebKit/537.36 (KHTML, like Gecko) Chrome/131.0.6778.139 Mobile Safari/537.36 (compatible; GoogleOther)"
85.208.96.205 - - [28/Dec/2024:10:32:12 -0500] "GET /?b=43415566 HTTP/1.1" 200 21072 "-" "Mozilla/5.0 (compatible; SemrushBot/7~bl; +http://www.semrush.com/bot.html)"
66.29.132.124 - - [28/Dec/2024:10:32:22 -0500] "POST /wp-cron.php?doing_wp_cron=1735399942.7554969787597656250000 HTTP/1.1" 200 0 "-" "WordPress/6.7.1; https://blog.diixadigital.com"
85.208.96.195 - - [28/Dec/2024:10:32:22 -0500] "GET /?b=162162966 HTTP/1.1" 200 21076 "-" "Mozilla/5.0 (compatible; SemrushBot/7~bl; +http://www.semrush.com/bot.html)"
66.249.68.69 - - [28/Dec/2024:10:32:35 -0500] "GET /?b=288947666 HTTP/1.1" 200 80042 "-" "Mozilla/5.0 (Linux; Android 6.0.1; Nexus 5X Build/MMB29P) AppleWebKit/537.36 (KHTML, like Gecko) Chrome/131.0.6778.139 Mobile Safari/537.36 (compatible; GoogleOther)"
66.249.68.69 - - [28/Dec/2024:10:32:48 -0500] "GET /?b=62838366 HTTP/1.1" 200 82194 "-" "Mozilla/5.0 (Linux; Android 6.0.1; Nexus 5X Build/MMB29P) AppleWebKit/537.36 (KHTML, like Gecko) Chrome/131.0.6778.139 Mobile Safari/537.36 (compatible; GoogleOther)"
66.249.68.69 - - [28/Dec/2024:10:33:01 -0500] "GET /?b=220859566 HTTP/1.1" 200 79596 "-" "Mozilla/5.0 (Linux; Android 6.0.1; Nexus 5X Build/MMB29P) AppleWebKit/537.36 (KHTML, like Gecko) Chrome/131.0.6778.139 Mobile Safari/537.36 (compatible; GoogleOther)"
66.29.132.124 - - [28/Dec/2024:10:33:10 -0500] "POST /wp-cron.php?doing_wp_cron=1735399990.2394030094146728515625 HTTP/1.1" 200 0 "-" "WordPress/6.7.1; https://blog.diixadigital.com"
85.208.96.204 - - [28/Dec/2024:10:33:09 -0500] "GET /?b=249565066 HTTP/1.1" 200 21077 "-" "Mozilla/5.0 (compatible; SemrushBot/7~bl; +http://www.semrush.com/bot.html)"
66.29.132.124 - - [28/Dec/2024:10:33:10 -0500] "POST /wp-admin/admin-ajax.php?action=async_litespeed&nonce=0a3c28bef8&litespeed_type=imgoptm HTTP/1.1" 200 21 "-" "WordPress/6.7.1; https://blog.diixadigital.com"
66.249.68.68 - - [28/Dec/2024:10:33:20 -0500] "GET /?b=229370866 HTTP/1.1" 200 79759 "-" "Mozilla/5.0 (Linux; Android 6.0.1; Nexus 5X Build/MMB29P) AppleWebKit/537.36 (KHTML, like Gecko) Chrome/131.0.6778.139 Mobile Safari/537.36 (compatible; GoogleOther)"
66.249.68.68 - - [28/Dec/2024:10:33:38 -0500] "GET /?b=197002066 HTTP/1.1" 200 79272 "-" "Mozilla/5.0 (Linux; Android 6.0.1; Nexus 5X Build/MMB29P) AppleWebKit/537.36 (KHTML, like Gecko) Chrome/131.0.6778.139 Mobile Safari/537.36 (compatible; GoogleOther)"
66.249.68.68 - - [28/Dec/2024:10:33:42 -0500] "GET /?b=138773566 HTTP/1.1" 200 80454 "-" "Mozilla/5.0 (Linux; Android 6.0.1; Nexus 5X Build/MMB29P) AppleWebKit/537.36 (KHTML, like Gecko) Chrome/131.0.6778.139 Mobile Safari/537.36 (compatible; GoogleOther)"
66.29.132.124 - - [28/Dec/2024:10:33:48 -0500] "POST /wp-cron.php?doing_wp_cron=1735400028.2525138854980468750000 HTTP/1.1" 200 0 "-" "WordPress/6.7.1; https://blog.diixadigital.com"
85.208.96.210 - - [28/Dec/2024:10:33:47 -0500] "GET /?b=139449366 HTTP/1.1" 200 21060 "-" "Mozilla/5.0 (compatible; SemrushBot/7~bl; +http://www.semrush.com/bot.html)"
66.29.132.124 - - [28/Dec/2024:10:33:53 -0500] "POST /wp-cron.php?doing_wp_cron=1735400033.0125179290771484375000 HTTP/1.1" 200 0 "-" "WordPress/6.7.1; https://blog.diixadigital.com"
185.191.171.12 - - [28/Dec/2024:10:33:52 -0500] "GET /?b=247214666 HTTP/1.1" 200 21081 "-" "Mozilla/5.0 (compatible; SemrushBot/7~bl; +http://www.semrush.com/bot.html)"
66.29.132.124 - - [28/Dec/2024:10:33:53 -0500] "POST /wp-admin/admin-ajax.php?action=async_litespeed&nonce=0a3c28bef8&litespeed_type=imgoptm HTTP/1.1" 200 21 "-" "WordPress/6.7.1; https://blog.diixadigital.com"
66.249.68.68 - - [28/Dec/2024:10:33:52 -0500] "GET /?b=18013166 HTTP/1.1" 200 79700 "-" "Mozilla/5.0 (Linux; Android 6.0.1; Nexus 5X Build/MMB29P) AppleWebKit/537.36 (KHTML, like Gecko) Chrome/131.0.6778.139 Mobile Safari/537.36 (compatible; GoogleOther)"
85.208.96.201 - - [28/Dec/2024:10:33:56 -0500] "GET /?b=308038266 HTTP/1.1" 200 21071 "-" "Mozilla/5.0 (compatible; SemrushBot/7~bl; +http://www.semrush.com/bot.html)"
185.191.171.3 - - [28/Dec/2024:10:33:59 -0500] "GET /?b=21981366 HTTP/1.1" 200 21068 "-" "Mozilla/5.0 (compatible; SemrushBot/7~bl; +http://www.semrush.com/bot.html)"
85.208.96.200 - - [28/Dec/2024:10:34:02 -0500] "GET /?b=135767566 HTTP/1.1" 200 21056 "-" "Mozilla/5.0 (compatible; SemrushBot/7~bl; +http://www.semrush.com/bot.html)"
66.249.68.69 - - [28/Dec/2024:10:34:04 -0500] "GET /?b=25816366 HTTP/1.1" 200 80726 "-" "Mozilla/5.0 (Linux; Android 6.0.1; Nexus 5X Build/MMB29P) AppleWebKit/537.36 (KHTML, like Gecko) Chrome/131.0.6778.139 Mobile Safari/537.36 (compatible; GoogleOther)"
185.191.171.7 - - [28/Dec/2024:10:34:16 -0500] "GET /?b=19172866 HTTP/1.1" 200 21072 "-" "Mozilla/5.0 (compatible; SemrushBot/7~bl; +http://www.semrush.com/bot.html)"
66.249.68.69 - - [28/Dec/2024:10:34:17 -0500] "GET /?b=77170066 HTTP/1.1" 200 79578 "-" "Mozilla/5.0 (Linux; Android 6.0.1; Nexus 5X Build/MMB29P) AppleWebKit/537.36 (KHTML, like Gecko) Chrome/131.0.6778.139 Mobile Safari/537.36 (compatible; GoogleOther)"
85.208.96.208 - - [28/Dec/2024:10:34:18 -0500] "GET /?b=304437566 HTTP/1.1" 200 21065 "-" "Mozilla/5.0 (compatible; SemrushBot/7~bl; +http://www.semrush.com/bot.html)"
66.29.132.124 - - [28/Dec/2024:10:34:23 -0500] "POST /wp-cron.php?doing_wp_cron=1735400063.8274450302124023437500 HTTP/1.1" 200 0 "-" "WordPress/6.7.1; https://blog.diixadigital.com"
185.191.171.15 - - [28/Dec/2024:10:34:23 -0500] "GET /?b=216749766 HTTP/1.1" 200 21065 "-" "Mozilla/5.0 (compatible; SemrushBot/7~bl; +http://www.semrush.com/bot.html)"
85.208.96.200 - - [28/Dec/2024:10:34:25 -0500] "GET /?b=342860966 HTTP/1.1" 200 21062 "-" "Mozilla/5.0 (compatible; SemrushBot/7~bl; +http://www.semrush.com/bot.html)"
66.249.68.68 - - [28/Dec/2024:10:34:30 -0500] "GET /?b=4537866 HTTP/1.1" 200 80108 "-" "Mozilla/5.0 (Linux; Android 6.0.1; Nexus 5X Build/MMB29P) AppleWebKit/537.36 (KHTML, like Gecko) Chrome/131.0.6778.139 Mobile Safari/537.36 (compatible; GoogleOther)"
85.208.96.208 - - [28/Dec/2024:10:34:34 -0500] "GET /?b=185021666 HTTP/1.1" 200 21066 "-" "Mozilla/5.0 (compatible; SemrushBot/7~bl; +http://www.semrush.com/bot.html)"
66.249.68.68 - - [28/Dec/2024:10:34:42 -0500] "GET /?b=124611866 HTTP/1.1" 200 81689 "-" "Mozilla/5.0 (Linux; Android 6.0.1; Nexus 5X Build/MMB29P) AppleWebKit/537.36 (KHTML, like Gecko) Chrome/131.0.6778.139 Mobile Safari/537.36 (compatible; GoogleOther)"
66.29.132.124 - - [28/Dec/2024:10:34:49 -0500] "POST /wp-cron.php?doing_wp_cron=1735400089.4968059062957763671875 HTTP/1.1" 200 0 "-" "WordPress/6.7.1; https://blog.diixadigital.com"
185.191.171.2 - - [28/Dec/2024:10:34:49 -0500] "GET /?b=7707466 HTTP/1.1" 200 21064 "-" "Mozilla/5.0 (compatible; SemrushBot/7~bl; +http://www.semrush.com/bot.html)"
66.29.132.124 - - [28/Dec/2024:10:34:49 -0500] "POST /wp-admin/admin-ajax.php?action=async_litespeed&nonce=0a3c28bef8&litespeed_type=imgoptm HTTP/1.1" 200 21 "-" "WordPress/6.7.1; https://blog.diixadigital.com"
66.249.68.68 - - [28/Dec/2024:10:34:55 -0500] "GET /?b=346313466 HTTP/1.1" 200 79733 "-" "Mozilla/5.0 (Linux; Android 6.0.1; Nexus 5X Build/MMB29P) AppleWebKit/537.36 (KHTML, like Gecko) Chrome/131.0.6778.139 Mobile Safari/537.36 (compatible; GoogleOther)"
185.191.171.12 - - [28/Dec/2024:10:35:02 -0500] "GET /robots.txt HTTP/1.1" 200 139 "-" "Mozilla/5.0 (compatible; SemrushBot/7~bl; +http://www.semrush.com/bot.html)"
185.191.171.7 - - [28/Dec/2024:10:35:03 -0500] "GET /?b=320792966 HTTP/1.1" 200 21073 "-" "Mozilla/5.0 (compatible; SemrushBot/7~bl; +http://www.semrush.com/bot.html)"
185.191.171.4 - - [28/Dec/2024:10:35:09 -0500] "GET /?b=29957466 HTTP/1.1" 200 21079 "-" "Mozilla/5.0 (compatible; SemrushBot/7~bl; +http://www.semrush.com/bot.html)"
66.249.68.70 - - [28/Dec/2024:10:35:09 -0500] "GET /?b=89503066 HTTP/1.1" 200 79375 "-" "Mozilla/5.0 (Linux; Android 6.0.1; Nexus 5X Build/MMB29P) AppleWebKit/537.36 (KHTML, like Gecko) Chrome/131.0.6778.139 Mobile Safari/537.36 (compatible; GoogleOther)"
66.249.68.69 - - [28/Dec/2024:10:35:20 -0500] "GET /?b=252548466 HTTP/1.1" 200 80189 "-" "Mozilla/5.0 (Linux; Android 6.0.1; Nexus 5X Build/MMB29P) AppleWebKit/537.36 (KHTML, like Gecko) Chrome/131.0.6778.139 Mobile Safari/537.36 (compatible; GoogleOther)"
66.249.68.68 - - [28/Dec/2024:10:35:33 -0500] "GET /?b=255912766 HTTP/1.1" 200 80583 "-" "Mozilla/5.0 (Linux; Android 6.0.1; Nexus 5X Build/MMB29P) AppleWebKit/537.36 (KHTML, like Gecko) Chrome/131.0.6778.139 Mobile Safari/537.36 (compatible; GoogleOther)"
66.29.132.124 - - [28/Dec/2024:10:35:39 -0500] "POST /wp-cron.php?doing_wp_cron=1735400139.1740140914916992187500 HTTP/1.1" 200 0 "-" "WordPress/6.7.1; https://blog.diixadigital.com"
85.208.96.207 - - [28/Dec/2024:10:35:38 -0500] "GET /?b=329419666 HTTP/1.1" 200 21052 "-" "Mozilla/5.0 (compatible; SemrushBot/7~bl; +http://www.semrush.com/bot.html)"
66.249.68.68 - - [28/Dec/2024:10:35:46 -0500] "GET /?b=165247966 HTTP/1.1" 200 81473 "-" "Mozilla/5.0 (Linux; Android 6.0.1; Nexus 5X Build/MMB29P) AppleWebKit/537.36 (KHTML, like Gecko) Chrome/131.0.6778.139 Mobile Safari/537.36 (compatible; GoogleOther)"
66.29.132.124 - - [28/Dec/2024:10:35:50 -0500] "POST /wp-cron.php?doing_wp_cron=1735400150.1820139884948730468750 HTTP/1.1" 200 0 "-" "WordPress/6.7.1; https://blog.diixadigital.com"
85.208.96.203 - - [28/Dec/2024:10:35:49 -0500] "GET /?b=177608766 HTTP/1.1" 200 21070 "-" "Mozilla/5.0 (compatible; SemrushBot/7~bl; +http://www.semrush.com/bot.html)"
66.29.132.124 - - [28/Dec/2024:10:35:50 -0500] "POST /wp-admin/admin-ajax.php?action=async_litespeed&nonce=0a3c28bef8&litespeed_type=imgoptm HTTP/1.1" 200 21 "-" "WordPress/6.7.1; https://blog.diixadigital.com"
85.208.96.205 - - [28/Dec/2024:10:35:56 -0500] "GET /?b=133741866 HTTP/1.1" 200 21065 "-" "Mozilla/5.0 (compatible; SemrushBot/7~bl; +http://www.semrush.com/bot.html)"
66.249.68.68 - - [28/Dec/2024:10:35:58 -0500] "GET /?b=100055766 HTTP/1.1" 200 81653 "-" "Mozilla/5.0 (Linux; Android 6.0.1; Nexus 5X Build/MMB29P) AppleWebKit/537.36 (KHTML, like Gecko) Chrome/131.0.6778.139 Mobile Safari/537.36 (compatible; GoogleOther)"
185.191.171.14 - - [28/Dec/2024:10:36:00 -0500] "GET /?b=259544566 HTTP/1.1" 200 21057 "-" "Mozilla/5.0 (compatible; SemrushBot/7~bl; +http://www.semrush.com/bot.html)"
66.249.68.68 - - [28/Dec/2024:10:36:11 -0500] "GET /?b=344772066 HTTP/1.1" 200 80034 "-" "Mozilla/5.0 (Linux; Android 6.0.1; Nexus 5X Build/MMB29P) AppleWebKit/537.36 (KHTML, like Gecko) Chrome/131.0.6778.139 Mobile Safari/537.36 (compatible; GoogleOther)"
40.77.167.32 - - [28/Dec/2024:10:36:14 -0500] "GET /gquwu/j1681861.html HTTP/1.1" 200 80734 "-" "Mozilla/5.0 AppleWebKit/537.36 (KHTML, like Gecko; compatible; bingbot/2.0; +http://www.bing.com/bingbot.htm) Chrome/116.0.1938.76 Safari/537.36"
85.208.96.201 - - [28/Dec/2024:10:36:14 -0500] "GET /?b=10153566 HTTP/1.1" 200 21069 "-" "Mozilla/5.0 (compatible; SemrushBot/7~bl; +http://www.semrush.com/bot.html)"
66.29.132.124 - - [28/Dec/2024:10:36:24 -0500] "POST /wp-cron.php?doing_wp_cron=1735400184.8063380718231201171875 HTTP/1.1" 200 0 "-" "WordPress/6.7.1; https://blog.diixadigital.com"
85.208.96.205 - - [28/Dec/2024:10:36:24 -0500] "GET /?b=178303966 HTTP/1.1" 200 21071 "-" "Mozilla/5.0 (compatible; SemrushBot/7~bl; +http://www.semrush.com/bot.html)"
66.249.68.68 - - [28/Dec/2024:10:36:24 -0500] "GET /?b=352938366 HTTP/1.1" 200 81438 "-" "Mozilla/5.0 (Linux; Android 6.0.1; Nexus 5X Build/MMB29P) AppleWebKit/537.36 (KHTML, like Gecko) Chrome/131.0.6778.139 Mobile Safari/537.36 (compatible; GoogleOther)"
66.249.68.68 - - [28/Dec/2024:10:36:37 -0500] "GET /?b=53074966 HTTP/1.1" 200 79733 "-" "Mozilla/5.0 (Linux; Android 6.0.1; Nexus 5X Build/MMB29P) AppleWebKit/537.36 (KHTML, like Gecko) Chrome/131.0.6778.139 Mobile Safari/537.36 (compatible; GoogleOther)"
66.249.68.68 - - [28/Dec/2024:10:36:49 -0500] "GET /?b=176672666 HTTP/1.1" 200 80313 "-" "Mozilla/5.0 (Linux; Android 6.0.1; Nexus 5X Build/MMB29P) AppleWebKit/537.36 (KHTML, like Gecko) Chrome/131.0.6778.139 Mobile Safari/537.36 (compatible; GoogleOther)"
66.249.68.70 - - [28/Dec/2024:10:37:02 -0500] "GET /?b=248072866 HTTP/1.1" 200 79908 "-" "Mozilla/5.0 (Linux; Android 6.0.1; Nexus 5X Build/MMB29P) AppleWebKit/537.36 (KHTML, like Gecko) Chrome/131.0.6778.139 Mobile Safari/537.36 (compatible; GoogleOther)"
66.29.132.124 - - [28/Dec/2024:10:37:14 -0500] "POST /wp-cron.php?doing_wp_cron=1735400234.5679330825805664062500 HTTP/1.1" 200 0 "-" "WordPress/6.7.1; https://blog.diixadigital.com"
85.208.96.203 - - [28/Dec/2024:10:37:14 -0500] "GET /?b=236633666 HTTP/1.1" 200 21071 "-" "Mozilla/5.0 (compatible; SemrushBot/7~bl; +http://www.semrush.com/bot.html)"
66.29.132.124 - - [28/Dec/2024:10:37:14 -0500] "POST /wp-admin/admin-ajax.php?action=async_litespeed&nonce=0a3c28bef8&litespeed_type=imgoptm HTTP/1.1" 200 21 "-" "WordPress/6.7.1; https://blog.diixadigital.com"
66.249.68.69 - - [28/Dec/2024:10:37:28 -0500] "GET /?b=134712566 HTTP/1.1" 200 80198 "-" "Mozilla/5.0 (Linux; Android 6.0.1; Nexus 5X Build/MMB29P) AppleWebKit/537.36 (KHTML, like Gecko) Chrome/131.0.6778.139 Mobile Safari/537.36 (compatible; GoogleOther)"
66.249.68.68 - - [28/Dec/2024:10:37:40 -0500] "GET /?b=259094566 HTTP/1.1" 200 79258 "-" "Mozilla/5.0 (Linux; Android 6.0.1; Nexus 5X Build/MMB29P) AppleWebKit/537.36 (KHTML, like Gecko) Chrome/131.0.6778.139 Mobile Safari/537.36 (compatible; GoogleOther)"
66.249.68.68 - - [28/Dec/2024:10:37:53 -0500] "GET /?b=114487366 HTTP/1.1" 200 79760 "-" "Mozilla/5.0 (Linux; Android 6.0.1; Nexus 5X Build/MMB29P) AppleWebKit/537.36 (KHTML, like Gecko) Chrome/131.0.6778.139 Mobile Safari/537.36 (compatible; GoogleOther)"
66.29.132.124 - - [28/Dec/2024:10:37:56 -0500] "POST /wp-cron.php?doing_wp_cron=1735400276.6110770702362060546875 HTTP/1.1" 200 0 "-" "WordPress/6.7.1; https://blog.diixadigital.com"
185.191.171.13 - - [28/Dec/2024:10:37:56 -0500] "GET /?b=199691966 HTTP/1.1" 200 21073 "-" "Mozilla/5.0 (compatible; SemrushBot/7~bl; +http://www.semrush.com/bot.html)"
66.29.132.124 - - [28/Dec/2024:10:37:56 -0500] "POST /wp-admin/admin-ajax.php?action=async_litespeed&nonce=0a3c28bef8&litespeed_type=imgoptm HTTP/1.1" 200 21 "-" "WordPress/6.7.1; https://blog.diixadigital.com"
185.191.171.17 - - [28/Dec/2024:10:38:00 -0500] "GET /?b=6731566 HTTP/1.1" 200 21061 "-" "Mozilla/5.0 (compatible; SemrushBot/7~bl; +http://www.semrush.com/bot.html)"
85.208.96.208 - - [28/Dec/2024:10:38:02 -0500] "GET /?b=357300466 HTTP/1.1" 200 21066 "-" "Mozilla/5.0 (compatible; SemrushBot/7~bl; +http://www.semrush.com/bot.html)"
85.208.96.204 - - [28/Dec/2024:10:38:04 -0500] "GET /?b=168756066 HTTP/1.1" 200 21073 "-" "Mozilla/5.0 (compatible; SemrushBot/7~bl; +http://www.semrush.com/bot.html)"
66.249.68.68 - - [28/Dec/2024:10:38:05 -0500] "GET /?b=94905166 HTTP/1.1" 200 80544 "-" "Mozilla/5.0 (Linux; Android 6.0.1; Nexus 5X Build/MMB29P) AppleWebKit/537.36 (KHTML, like Gecko) Chrome/131.0.6778.139 Mobile Safari/537.36 (compatible; GoogleOther)"
185.191.171.6 - - [28/Dec/2024:10:38:06 -0500] "GET /?b=302372566 HTTP/1.1" 200 21076 "-" "Mozilla/5.0 (compatible; SemrushBot/7~bl; +http://www.semrush.com/bot.html)"
185.191.171.11 - - [28/Dec/2024:10:38:10 -0500] "GET /?b=119273766 HTTP/1.1" 200 21065 "-" "Mozilla/5.0 (compatible; SemrushBot/7~bl; +http://www.semrush.com/bot.html)"
40.77.167.32 - - [28/Dec/2024:10:38:18 -0500] "GET /ilsag/s429710.html HTTP/1.1" 200 81166 "-" "Mozilla/5.0 AppleWebKit/537.36 (KHTML, like Gecko; compatible; bingbot/2.0; +http://www.bing.com/bingbot.htm) Chrome/116.0.1938.76 Safari/537.36"
66.249.68.69 - - [28/Dec/2024:10:38:18 -0500] "GET /?b=164658866 HTTP/1.1" 200 81764 "-" "Mozilla/5.0 (Linux; Android 6.0.1; Nexus 5X Build/MMB29P) AppleWebKit/537.36 (KHTML, like Gecko) Chrome/131.0.6778.139 Mobile Safari/537.36 (compatible; GoogleOther)"
85.208.96.199 - - [28/Dec/2024:10:38:19 -0500] "GET /?b=212583466 HTTP/1.1" 200 21071 "-" "Mozilla/5.0 (compatible; SemrushBot/7~bl; +http://www.semrush.com/bot.html)"
66.29.132.124 - - [28/Dec/2024:10:38:24 -0500] "POST /wp-cron.php?doing_wp_cron=1735400303.9856660366058349609375 HTTP/1.1" 200 0 "-" "WordPress/6.7.1; https://blog.diixadigital.com"
185.191.171.19 - - [28/Dec/2024:10:38:23 -0500] "GET /?b=142162266 HTTP/1.1" 200 21079 "-" "Mozilla/5.0 (compatible; SemrushBot/7~bl; +http://www.semrush.com/bot.html)"
185.191.171.13 - - [28/Dec/2024:10:38:27 -0500] "GET /?b=132787266 HTTP/1.1" 200 21063 "-" "Mozilla/5.0 (compatible; SemrushBot/7~bl; +http://www.semrush.com/bot.html)"
66.249.68.68 - - [28/Dec/2024:10:38:31 -0500] "GET /?b=228325566 HTTP/1.1" 200 81651 "-" "Mozilla/5.0 (Linux; Android 6.0.1; Nexus 5X Build/MMB29P) AppleWebKit/537.36 (KHTML, like Gecko) Chrome/131.0.6778.139 Mobile Safari/537.36 (compatible; GoogleOther)"
66.249.68.68 - - [28/Dec/2024:10:38:43 -0500] "GET /?b=163896066 HTTP/1.1" 200 80241 "-" "Mozilla/5.0 (Linux; Android 6.0.1; Nexus 5X Build/MMB29P) AppleWebKit/537.36 (KHTML, like Gecko) Chrome/131.0.6778.139 Mobile Safari/537.36 (compatible; GoogleOther)"
185.191.171.1 - - [28/Dec/2024:10:38:47 -0500] "GET /?b=165757166 HTTP/1.1" 200 21074 "-" "Mozilla/5.0 (compatible; SemrushBot/7~bl; +http://www.semrush.com/bot.html)"
66.29.132.124 - - [28/Dec/2024:10:38:56 -0500] "POST /wp-cron.php?doing_wp_cron=1735400336.8261229991912841796875 HTTP/1.1" 200 0 "-" "WordPress/6.7.1; https://blog.diixadigital.com"
85.208.96.210 - - [28/Dec/2024:10:38:56 -0500] "GET /?b=184733066 HTTP/1.1" 200 21063 "-" "Mozilla/5.0 (compatible; SemrushBot/7~bl; +http://www.semrush.com/bot.html)"
66.29.132.124 - - [28/Dec/2024:10:38:57 -0500] "POST /wp-admin/admin-ajax.php?action=async_litespeed&nonce=0a3c28bef8&litespeed_type=imgoptm HTTP/1.1" 200 21 "-" "WordPress/6.7.1; https://blog.diixadigital.com"
66.249.68.68 - - [28/Dec/2024:10:38:56 -0500] "GET /?b=232789866 HTTP/1.1" 200 80004 "-" "Mozilla/5.0 (Linux; Android 6.0.1; Nexus 5X Build/MMB29P) AppleWebKit/537.36 (KHTML, like Gecko) Chrome/131.0.6778.139 Mobile Safari/537.36 (compatible; GoogleOther)"
85.208.96.199 - - [28/Dec/2024:10:39:06 -0500] "GET /?b=210033066 HTTP/1.1" 200 21067 "-" "Mozilla/5.0 (compatible; SemrushBot/7~bl; +http://www.semrush.com/bot.html)"
66.249.68.70 - - [28/Dec/2024:10:39:09 -0500] "GET /?b=230508366 HTTP/1.1" 200 80321 "-" "Mozilla/5.0 (Linux; Android 6.0.1; Nexus 5X Build/MMB29P) AppleWebKit/537.36 (KHTML, like Gecko) Chrome/131.0.6778.139 Mobile Safari/537.36 (compatible; GoogleOther)"
85.208.96.210 - - [28/Dec/2024:10:39:19 -0500] "GET /?b=15796066 HTTP/1.1" 200 21062 "-" "Mozilla/5.0 (compatible; SemrushBot/7~bl; +http://www.semrush.com/bot.html)"
66.249.68.68 - - [28/Dec/2024:10:39:21 -0500] "GET /?b=72719966 HTTP/1.1" 200 79660 "-" "Mozilla/5.0 (Linux; Android 6.0.1; Nexus 5X Build/MMB29P) AppleWebKit/537.36 (KHTML, like Gecko) Chrome/131.0.6778.139 Mobile Safari/537.36 (compatible; GoogleOther)"
66.249.68.68 - - [28/Dec/2024:10:39:34 -0500] "GET /?b=221450466 HTTP/1.1" 200 80945 "-" "Mozilla/5.0 (Linux; Android 6.0.1; Nexus 5X Build/MMB29P) AppleWebKit/537.36 (KHTML, like Gecko) Chrome/131.0.6778.139 Mobile Safari/537.36 (compatible; GoogleOther)"
66.249.68.68 - - [28/Dec/2024:10:39:47 -0500] "GET /?b=304028966 HTTP/1.1" 200 80954 "-" "Mozilla/5.0 (Linux; Android 6.0.1; Nexus 5X Build/MMB29P) AppleWebKit/537.36 (KHTML, like Gecko) Chrome/131.0.6778.139 Mobile Safari/537.36 (compatible; GoogleOther)"
66.29.132.124 - - [28/Dec/2024:10:39:48 -0500] "POST /wp-cron.php?doing_wp_cron=1735400388.8952400684356689453125 HTTP/1.1" 200 0 "-" "WordPress/6.7.1; https://blog.diixadigital.com"
85.208.96.195 - - [28/Dec/2024:10:39:48 -0500] "GET /?b=102556766 HTTP/1.1" 200 21086 "-" "Mozilla/5.0 (compatible; SemrushBot/7~bl; +http://www.semrush.com/bot.html)"
66.29.132.124 - - [28/Dec/2024:10:39:49 -0500] "POST /wp-admin/admin-ajax.php?action=async_litespeed&nonce=0a3c28bef8&litespeed_type=imgoptm HTTP/1.1" 200 21 "-" "WordPress/6.7.1; https://blog.diixadigital.com"
40.77.167.17 - - [28/Dec/2024:10:39:49 -0500] "GET /hussd/y2563380.html HTTP/1.1" 200 80547 "-" "Mozilla/5.0 AppleWebKit/537.36 (KHTML, like Gecko; compatible; bingbot/2.0; +http://www.bing.com/bingbot.htm) Chrome/116.0.1938.76 Safari/537.36"
85.208.96.210 - - [28/Dec/2024:10:39:52 -0500] "GET /?b=79330266 HTTP/1.1" 200 21067 "-" "Mozilla/5.0 (compatible; SemrushBot/7~bl; +http://www.semrush.com/bot.html)"
185.191.171.15 - - [28/Dec/2024:10:39:59 -0500] "GET /?b=291072866 HTTP/1.1" 200 21073 "-" "Mozilla/5.0 (compatible; SemrushBot/7~bl; +http://www.semrush.com/bot.html)"
66.249.68.69 - - [28/Dec/2024:10:40:00 -0500] "GET /?b=121318166 HTTP/1.1" 200 81441 "-" "Mozilla/5.0 (Linux; Android 6.0.1; Nexus 5X Build/MMB29P) AppleWebKit/537.36 (KHTML, like Gecko) Chrome/131.0.6778.139 Mobile Safari/537.36 (compatible; GoogleOther)"
66.249.68.68 - - [28/Dec/2024:10:40:12 -0500] "GET /?b=185789866 HTTP/1.1" 200 81013 "-" "Mozilla/5.0 (Linux; Android 6.0.1; Nexus 5X Build/MMB29P) AppleWebKit/537.36 (KHTML, like Gecko) Chrome/131.0.6778.139 Mobile Safari/537.36 (compatible; GoogleOther)"
85.208.96.197 - - [28/Dec/2024:10:40:14 -0500] "GET /?b=280617866 HTTP/1.1" 200 21073 "-" "Mozilla/5.0 (compatible; SemrushBot/7~bl; +http://www.semrush.com/bot.html)"
85.208.96.207 - - [28/Dec/2024:10:40:20 -0500] "GET /?b=68760466 HTTP/1.1" 200 21070 "-" "Mozilla/5.0 (compatible; SemrushBot/7~bl; +http://www.semrush.com/bot.html)"
66.29.132.124 - - [28/Dec/2024:10:40:23 -0500] "POST /wp-cron.php?doing_wp_cron=1735400423.5458729267120361328125 HTTP/1.1" 200 0 "-" "WordPress/6.7.1; https://blog.diixadigital.com"
85.208.96.199 - - [28/Dec/2024:10:40:23 -0500] "GET /?b=329142566 HTTP/1.1" 200 21065 "-" "Mozilla/5.0 (compatible; SemrushBot/7~bl; +http://www.semrush.com/bot.html)"
66.249.68.68 - - [28/Dec/2024:10:40:25 -0500] "GET /?b=100905966 HTTP/1.1" 200 80636 "-" "Mozilla/5.0 (Linux; Android 6.0.1; Nexus 5X Build/MMB29P) AppleWebKit/537.36 (KHTML, like Gecko) Chrome/131.0.6778.139 Mobile Safari/537.36 (compatible; GoogleOther)"
66.249.68.68 - - [28/Dec/2024:10:40:38 -0500] "GET /?b=217641966 HTTP/1.1" 200 80532 "-" "Mozilla/5.0 (Linux; Android 6.0.1; Nexus 5X Build/MMB29P) AppleWebKit/537.36 (KHTML, like Gecko) Chrome/131.0.6778.139 Mobile Safari/537.36 (compatible; GoogleOther)"
52.167.144.160 - - [28/Dec/2024:10:40:48 -0500] "GET /nmlpa/t2638593.html HTTP/1.1" 200 80408 "-" "Mozilla/5.0 AppleWebKit/537.36 (KHTML, like Gecko; compatible; bingbot/2.0; +http://www.bing.com/bingbot.htm) Chrome/116.0.1938.76 Safari/537.36"
66.249.68.69 - - [28/Dec/2024:10:40:50 -0500] "GET /?b=10464366 HTTP/1.1" 200 80976 "-" "Mozilla/5.0 (Linux; Android 6.0.1; Nexus 5X Build/MMB29P) AppleWebKit/537.36 (KHTML, like Gecko) Chrome/131.0.6778.139 Mobile Safari/537.36 (compatible; GoogleOther)"
66.249.68.69 - - [28/Dec/2024:10:41:03 -0500] "GET /?b=14601266 HTTP/1.1" 200 80368 "-" "Mozilla/5.0 (Linux; Android 6.0.1; Nexus 5X Build/MMB29P) AppleWebKit/537.36 (KHTML, like Gecko) Chrome/131.0.6778.139 Mobile Safari/537.36 (compatible; GoogleOther)"
66.249.68.68 - - [28/Dec/2024:10:41:16 -0500] "GET /?b=355398366 HTTP/1.1" 200 79435 "-" "Mozilla/5.0 (Linux; Android 6.0.1; Nexus 5X Build/MMB29P) AppleWebKit/537.36 (KHTML, like Gecko) Chrome/131.0.6778.139 Mobile Safari/537.36 (compatible; GoogleOther)"
66.29.132.124 - - [28/Dec/2024:10:41:19 -0500] "POST /wp-cron.php?doing_wp_cron=1735400479.0722620487213134765625 HTTP/1.1" 200 0 "-" "WordPress/6.7.1; https://blog.diixadigital.com"
85.208.96.211 - - [28/Dec/2024:10:41:18 -0500] "GET /?b=252735166 HTTP/1.1" 200 21066 "-" "Mozilla/5.0 (compatible; SemrushBot/7~bl; +http://www.semrush.com/bot.html)"
66.29.132.124 - - [28/Dec/2024:10:41:19 -0500] "POST /wp-admin/admin-ajax.php?action=async_litespeed&nonce=0a3c28bef8&litespeed_type=imgoptm HTTP/1.1" 200 0 "-" "WordPress/6.7.1; https://blog.diixadigital.com"
40.77.167.17 - - [28/Dec/2024:10:41:20 -0500] "GET /tfdse/o546992.html HTTP/1.1" 200 79839 "-" "Mozilla/5.0 AppleWebKit/537.36 (KHTML, like Gecko; compatible; bingbot/2.0; +http://www.bing.com/bingbot.htm) Chrome/116.0.1938.76 Safari/537.36"
66.249.68.68 - - [28/Dec/2024:10:41:29 -0500] "GET /?b=95430966 HTTP/1.1" 200 80323 "-" "Mozilla/5.0 (Linux; Android 6.0.1; Nexus 5X Build/MMB29P) AppleWebKit/537.36 (KHTML, like Gecko) Chrome/131.0.6778.139 Mobile Safari/537.36 (compatible; GoogleOther)"
66.249.68.68 - - [28/Dec/2024:10:41:41 -0500] "GET /?b=252647766 HTTP/1.1" 200 79772 "-" "Mozilla/5.0 (Linux; Android 6.0.1; Nexus 5X Build/MMB29P) AppleWebKit/537.36 (KHTML, like Gecko) Chrome/131.0.6778.139 Mobile Safari/537.36 (compatible; GoogleOther)"
66.29.132.124 - - [28/Dec/2024:10:41:55 -0500] "POST /wp-cron.php?doing_wp_cron=1735400515.3553369045257568359375 HTTP/1.1" 200 0 "-" "WordPress/6.7.1; https://blog.diixadigital.com"
185.191.171.16 - - [28/Dec/2024:10:41:55 -0500] "GET /?b=218480466 HTTP/1.1" 200 21065 "-" "Mozilla/5.0 (compatible; SemrushBot/7~bl; +http://www.semrush.com/bot.html)"
66.249.68.68 - - [28/Dec/2024:10:41:54 -0500] "GET /?b=167721466 HTTP/1.1" 200 79803 "-" "Mozilla/5.0 (Linux; Android 6.0.1; Nexus 5X Build/MMB29P) AppleWebKit/537.36 (KHTML, like Gecko) Chrome/131.0.6778.139 Mobile Safari/537.36 (compatible; GoogleOther)"
66.29.132.124 - - [28/Dec/2024:10:41:55 -0500] "POST /wp-admin/admin-ajax.php?action=async_litespeed&nonce=0a3c28bef8&litespeed_type=imgoptm HTTP/1.1" 200 21 "-" "WordPress/6.7.1; https://blog.diixadigital.com"
85.208.96.207 - - [28/Dec/2024:10:41:58 -0500] "GET /?b=190206566 HTTP/1.1" 200 21055 "-" "Mozilla/5.0 (compatible; SemrushBot/7~bl; +http://www.semrush.com/bot.html)"
185.191.171.17 - - [28/Dec/2024:10:42:02 -0500] "GET /?b=115799366 HTTP/1.1" 200 21077 "-" "Mozilla/5.0 (compatible; SemrushBot/7~bl; +http://www.semrush.com/bot.html)"
185.191.171.13 - - [28/Dec/2024:10:42:04 -0500] "GET /?b=264985366 HTTP/1.1" 200 21060 "-" "Mozilla/5.0 (compatible; SemrushBot/7~bl; +http://www.semrush.com/bot.html)"
66.249.68.69 - - [28/Dec/2024:10:42:06 -0500] "GET /?b=142236766 HTTP/1.1" 200 81338 "-" "Mozilla/5.0 (Linux; Android 6.0.1; Nexus 5X Build/MMB29P) AppleWebKit/537.36 (KHTML, like Gecko) Chrome/131.0.6778.139 Mobile Safari/537.36 (compatible; GoogleOther)"
85.208.96.206 - - [28/Dec/2024:10:42:08 -0500] "GET /?b=150973366 HTTP/1.1" 200 21065 "-" "Mozilla/5.0 (compatible; SemrushBot/7~bl; +http://www.semrush.com/bot.html)"
85.208.96.208 - - [28/Dec/2024:10:42:10 -0500] "GET /?b=269337866 HTTP/1.1" 200 21068 "-" "Mozilla/5.0 (compatible; SemrushBot/7~bl; +http://www.semrush.com/bot.html)"
66.249.68.68 - - [28/Dec/2024:10:42:19 -0500] "GET /?b=117930066 HTTP/1.1" 200 79917 "-" "Mozilla/5.0 (Linux; Android 6.0.1; Nexus 5X Build/MMB29P) AppleWebKit/537.36 (KHTML, like Gecko) Chrome/131.0.6778.139 Mobile Safari/537.36 (compatible; GoogleOther)"
66.29.132.124 - - [28/Dec/2024:10:42:25 -0500] "POST /wp-cron.php?doing_wp_cron=1735400545.4701581001281738281250 HTTP/1.1" 200 0 "-" "WordPress/6.7.1; https://blog.diixadigital.com"
185.191.171.15 - - [28/Dec/2024:10:42:25 -0500] "GET /?b=164746966 HTTP/1.1" 200 21064 "-" "Mozilla/5.0 (compatible; SemrushBot/7~bl; +http://www.semrush.com/bot.html)"
66.249.68.68 - - [28/Dec/2024:10:42:32 -0500] "GET /?b=298392966 HTTP/1.1" 200 79679 "-" "Mozilla/5.0 (Linux; Android 6.0.1; Nexus 5X Build/MMB29P) AppleWebKit/537.36 (KHTML, like Gecko) Chrome/131.0.6778.139 Mobile Safari/537.36 (compatible; GoogleOther)"
185.191.171.4 - - [28/Dec/2024:10:42:34 -0500] "GET /?b=44549066 HTTP/1.1" 200 21065 "-" "Mozilla/5.0 (compatible; SemrushBot/7~bl; +http://www.semrush.com/bot.html)"
85.208.96.193 - - [28/Dec/2024:10:42:36 -0500] "GET /?b=293802766 HTTP/1.1" 200 21067 "-" "Mozilla/5.0 (compatible; SemrushBot/7~bl; +http://www.semrush.com/bot.html)"
66.249.68.68 - - [28/Dec/2024:10:42:45 -0500] "GET /?b=239399766 HTTP/1.1" 200 79625 "-" "Mozilla/5.0 (Linux; Android 6.0.1; Nexus 5X Build/MMB29P) AppleWebKit/537.36 (KHTML, like Gecko) Chrome/131.0.6778.139 Mobile Safari/537.36 (compatible; GoogleOther)"
66.249.68.69 - - [28/Dec/2024:10:42:57 -0500] "GET /?b=286331066 HTTP/1.1" 200 79747 "-" "Mozilla/5.0 (Linux; Android 6.0.1; Nexus 5X Build/MMB29P) AppleWebKit/537.36 (KHTML, like Gecko) Chrome/131.0.6778.139 Mobile Safari/537.36 (compatible; GoogleOther)"
66.29.132.124 - - [28/Dec/2024:10:42:59 -0500] "POST /wp-cron.php?doing_wp_cron=1735400579.7416639328002929687500 HTTP/1.1" 200 0 "-" "WordPress/6.7.1; https://blog.diixadigital.com"
185.191.171.19 - - [28/Dec/2024:10:42:59 -0500] "GET /?b=312535266 HTTP/1.1" 200 21058 "-" "Mozilla/5.0 (compatible; SemrushBot/7~bl; +http://www.semrush.com/bot.html)"
66.29.132.124 - - [28/Dec/2024:10:43:00 -0500] "POST /wp-admin/admin-ajax.php?action=async_litespeed&nonce=0a3c28bef8&litespeed_type=imgoptm HTTP/1.1" 200 21 "-" "WordPress/6.7.1; https://blog.diixadigital.com"
85.208.96.211 - - [28/Dec/2024:10:43:01 -0500] "GET /?b=228707466 HTTP/1.1" 200 21073 "-" "Mozilla/5.0 (compatible; SemrushBot/7~bl; +http://www.semrush.com/bot.html)"
66.249.68.68 - - [28/Dec/2024:10:43:10 -0500] "GET /?b=247696566 HTTP/1.1" 200 79805 "-" "Mozilla/5.0 (Linux; Android 6.0.1; Nexus 5X Build/MMB29P) AppleWebKit/537.36 (KHTML, like Gecko) Chrome/131.0.6778.139 Mobile Safari/537.36 (compatible; GoogleOther)"
185.191.171.19 - - [28/Dec/2024:10:43:20 -0500] "GET /?b=229350466 HTTP/1.1" 200 21075 "-" "Mozilla/5.0 (compatible; SemrushBot/7~bl; +http://www.semrush.com/bot.html)"
66.249.68.69 - - [28/Dec/2024:10:43:24 -0500] "GET /?b=201653066 HTTP/1.1" 200 80992 "-" "Mozilla/5.0 (Linux; Android 6.0.1; Nexus 5X Build/MMB29P) AppleWebKit/537.36 (KHTML, like Gecko) Chrome/131.0.6778.139 Mobile Safari/537.36 (compatible; GoogleOther)"
66.249.68.68 - - [28/Dec/2024:10:43:35 -0500] "GET /?b=284269566 HTTP/1.1" 200 79382 "-" "Mozilla/5.0 (Linux; Android 6.0.1; Nexus 5X Build/MMB29P) AppleWebKit/537.36 (KHTML, like Gecko) Chrome/131.0.6778.139 Mobile Safari/537.36 (compatible; GoogleOther)"
66.29.132.124 - - [28/Dec/2024:10:43:41 -0500] "POST /wp-cron.php?doing_wp_cron=1735400621.0919508934020996093750 HTTP/1.1" 200 0 "-" "WordPress/6.7.1; https://blog.diixadigital.com"
185.191.171.8 - - [28/Dec/2024:10:43:40 -0500] "GET /?b=347901266 HTTP/1.1" 200 21074 "-" "Mozilla/5.0 (compatible; SemrushBot/7~bl; +http://www.semrush.com/bot.html)"
66.249.68.68 - - [28/Dec/2024:10:43:48 -0500] "GET /?b=29861166 HTTP/1.1" 200 80403 "-" "Mozilla/5.0 (Linux; Android 6.0.1; Nexus 5X Build/MMB29P) AppleWebKit/537.36 (KHTML, like Gecko) Chrome/131.0.6778.139 Mobile Safari/537.36 (compatible; GoogleOther)"
66.29.132.124 - - [28/Dec/2024:10:43:52 -0500] "POST /wp-cron.php?doing_wp_cron=1735400632.3946869373321533203125 HTTP/1.1" 200 0 "-" "WordPress/6.7.1; https://blog.diixadigital.com"
85.208.96.195 - - [28/Dec/2024:10:43:52 -0500] "GET /?b=73128366 HTTP/1.1" 200 21072 "-" "Mozilla/5.0 (compatible; SemrushBot/7~bl; +http://www.semrush.com/bot.html)"
66.29.132.124 - - [28/Dec/2024:10:43:52 -0500] "POST /wp-admin/admin-ajax.php?action=async_litespeed&nonce=0a3c28bef8&litespeed_type=imgoptm HTTP/1.1" 200 21 "-" "WordPress/6.7.1; https://blog.diixadigital.com"
85.208.96.203 - - [28/Dec/2024:10:43:58 -0500] "GET /?b=172062866 HTTP/1.1" 200 21073 "-" "Mozilla/5.0 (compatible; SemrushBot/7~bl; +http://www.semrush.com/bot.html)"
66.249.68.70 - - [28/Dec/2024:10:44:02 -0500] "GET /?b=75314566 HTTP/1.1" 200 80847 "-" "Mozilla/5.0 (Linux; Android 6.0.1; Nexus 5X Build/MMB29P) AppleWebKit/537.36 (KHTML, like Gecko) Chrome/131.0.6778.139 Mobile Safari/537.36 (compatible; GoogleOther)"
66.249.68.68 - - [28/Dec/2024:10:44:13 -0500] "GET /?b=234040166 HTTP/1.1" 200 79376 "-" "Mozilla/5.0 (Linux; Android 6.0.1; Nexus 5X Build/MMB29P) AppleWebKit/537.36 (KHTML, like Gecko) Chrome/131.0.6778.139 Mobile Safari/537.36 (compatible; GoogleOther)"
85.208.96.196 - - [28/Dec/2024:10:44:15 -0500] "GET /?b=131540166 HTTP/1.1" 200 21076 "-" "Mozilla/5.0 (compatible; SemrushBot/7~bl; +http://www.semrush.com/bot.html)"
85.208.96.209 - - [28/Dec/2024:10:44:19 -0500] "GET /?b=343927566 HTTP/1.1" 200 21071 "-" "Mozilla/5.0 (compatible; SemrushBot/7~bl; +http://www.semrush.com/bot.html)"
66.249.68.68 - - [28/Dec/2024:10:44:26 -0500] "GET /?b=137382166 HTTP/1.1" 200 80505 "-" "Mozilla/5.0 (Linux; Android 6.0.1; Nexus 5X Build/MMB29P) AppleWebKit/537.36 (KHTML, like Gecko) Chrome/131.0.6778.139 Mobile Safari/537.36 (compatible; GoogleOther)"
66.29.132.124 - - [28/Dec/2024:10:44:40 -0500] "POST /wp-cron.php?doing_wp_cron=1735400679.9775080680847167968750 HTTP/1.1" 200 0 "-" "WordPress/6.7.1; https://blog.diixadigital.com"
185.191.171.13 - - [28/Dec/2024:10:44:39 -0500] "GET /?b=311664766 HTTP/1.1" 200 21060 "-" "Mozilla/5.0 (compatible; SemrushBot/7~bl; +http://www.semrush.com/bot.html)"
66.249.68.68 - - [28/Dec/2024:10:44:39 -0500] "GET /?b=161368566 HTTP/1.1" 200 82046 "-" "Mozilla/5.0 (Linux; Android 6.0.1; Nexus 5X Build/MMB29P) AppleWebKit/537.36 (KHTML, like Gecko) Chrome/131.0.6778.139 Mobile Safari/537.36 (compatible; GoogleOther)"
66.29.132.124 - - [28/Dec/2024:10:44:49 -0500] "POST /wp-cron.php?doing_wp_cron=1735400689.2226650714874267578125 HTTP/1.1" 200 0 "-" "WordPress/6.7.1; https://blog.diixadigital.com"
185.191.171.4 - - [28/Dec/2024:10:44:48 -0500] "GET /?b=274372966 HTTP/1.1" 200 21076 "-" "Mozilla/5.0 (compatible; SemrushBot/7~bl; +http://www.semrush.com/bot.html)"
66.29.132.124 - - [28/Dec/2024:10:44:49 -0500] "POST /wp-admin/admin-ajax.php?action=async_litespeed&nonce=0a3c28bef8&litespeed_type=imgoptm HTTP/1.1" 200 21 "-" "WordPress/6.7.1; https://blog.diixadigital.com"
66.249.68.69 - - [28/Dec/2024:10:44:51 -0500] "GET /?b=347613066 HTTP/1.1" 200 79864 "-" "Mozilla/5.0 (Linux; Android 6.0.1; Nexus 5X Build/MMB29P) AppleWebKit/537.36 (KHTML, like Gecko) Chrome/131.0.6778.139 Mobile Safari/537.36 (compatible; GoogleOther)"
66.249.68.69 - - [28/Dec/2024:10:45:06 -0500] "GET /?b=162987766 HTTP/1.1" 200 80609 "-" "Mozilla/5.0 (Linux; Android 6.0.1; Nexus 5X Build/MMB29P) AppleWebKit/537.36 (KHTML, like Gecko) Chrome/131.0.6778.139 Mobile Safari/537.36 (compatible; GoogleOther)"
66.249.68.68 - - [28/Dec/2024:10:45:17 -0500] "GET /?b=334565666 HTTP/1.1" 200 79921 "-" "Mozilla/5.0 (Linux; Android 6.0.1; Nexus 5X Build/MMB29P) AppleWebKit/537.36 (KHTML, like Gecko) Chrome/131.0.6778.139 Mobile Safari/537.36 (compatible; GoogleOther)"
185.191.171.17 - - [28/Dec/2024:10:45:19 -0500] "GET /?b=191144866 HTTP/1.1" 200 21055 "-" "Mozilla/5.0 (compatible; SemrushBot/7~bl; +http://www.semrush.com/bot.html)"
66.249.68.68 - - [28/Dec/2024:10:45:21 -0500] "GET /?b=331669066 HTTP/1.1" 200 79599 "-" "Mozilla/5.0 (Linux; Android 6.0.1; Nexus 5X Build/MMB29P) AppleWebKit/537.36 (KHTML, like Gecko) Chrome/131.0.6778.139 Mobile Safari/537.36 (compatible; GoogleOther)"
66.249.68.68 - - [28/Dec/2024:10:45:37 -0500] "GET /?b=349394666 HTTP/1.1" 200 79372 "-" "Mozilla/5.0 (Linux; Android 6.0.1; Nexus 5X Build/MMB29P) AppleWebKit/537.36 (KHTML, like Gecko) Chrome/131.0.6778.139 Mobile Safari/537.36 (compatible; GoogleOther)"
66.249.68.68 - - [28/Dec/2024:10:45:45 -0500] "GET /?b=47166366 HTTP/1.1" 200 79865 "-" "Mozilla/5.0 (Linux; Android 6.0.1; Nexus 5X Build/MMB29P) AppleWebKit/537.36 (KHTML, like Gecko) Chrome/131.0.6778.139 Mobile Safari/537.36 (compatible; GoogleOther)"
66.249.68.68 - - [28/Dec/2024:10:45:54 -0500] "GET /?b=217860166 HTTP/1.1" 200 79495 "-" "Mozilla/5.0 (Linux; Android 6.0.1; Nexus 5X Build/MMB29P) AppleWebKit/537.36 (KHTML, like Gecko) Chrome/131.0.6778.139 Mobile Safari/537.36 (compatible; GoogleOther)"
66.29.132.124 - - [28/Dec/2024:10:46:01 -0500] "POST /wp-cron.php?doing_wp_cron=1735400761.0319840908050537109375 HTTP/1.1" 200 0 "-" "WordPress/6.7.1; https://blog.diixadigital.com"
185.191.171.7 - - [28/Dec/2024:10:46:00 -0500] "GET /?b=7760866 HTTP/1.1" 200 21071 "-" "Mozilla/5.0 (compatible; SemrushBot/7~bl; +http://www.semrush.com/bot.html)"
66.29.132.124 - - [28/Dec/2024:10:46:01 -0500] "POST /wp-admin/admin-ajax.php?action=async_litespeed&nonce=0a3c28bef8&litespeed_type=imgoptm HTTP/1.1" 200 21 "-" "WordPress/6.7.1; https://blog.diixadigital.com"
185.191.171.2 - - [28/Dec/2024:10:46:03 -0500] "GET /?b=70044166 HTTP/1.1" 200 21065 "-" "Mozilla/5.0 (compatible; SemrushBot/7~bl; +http://www.semrush.com/bot.html)"
66.249.68.69 - - [28/Dec/2024:10:46:03 -0500] "GET /?b=129690566 HTTP/1.1" 200 79946 "-" "Mozilla/5.0 (Linux; Android 6.0.1; Nexus 5X Build/MMB29P) AppleWebKit/537.36 (KHTML, like Gecko) Chrome/131.0.6778.139 Mobile Safari/537.36 (compatible; GoogleOther)"
85.208.96.195 - - [28/Dec/2024:10:46:05 -0500] "GET /robots.txt HTTP/1.1" 200 139 "-" "Mozilla/5.0 (compatible; SemrushBot/7~bl; +http://www.semrush.com/bot.html)"
85.208.96.211 - - [28/Dec/2024:10:46:06 -0500] "GET /?b=281868566 HTTP/1.1" 200 21071 "-" "Mozilla/5.0 (compatible; SemrushBot/7~bl; +http://www.semrush.com/bot.html)"
85.208.96.194 - - [28/Dec/2024:10:46:10 -0500] "GET /?b=5337366 HTTP/1.1" 200 21073 "-" "Mozilla/5.0 (compatible; SemrushBot/7~bl; +http://www.semrush.com/bot.html)"
66.249.68.68 - - [28/Dec/2024:10:46:13 -0500] "GET /?b=24551166 HTTP/1.1" 200 80956 "-" "Mozilla/5.0 (Linux; Android 6.0.1; Nexus 5X Build/MMB29P) AppleWebKit/537.36 (KHTML, like Gecko) Chrome/131.0.6778.139 Mobile Safari/537.36 (compatible; GoogleOther)"
185.191.171.2 - - [28/Dec/2024:10:46:14 -0500] "GET /?b=301109566 HTTP/1.1" 200 21070 "-" "Mozilla/5.0 (compatible; SemrushBot/7~bl; +http://www.semrush.com/bot.html)"
85.208.96.208 - - [28/Dec/2024:10:46:18 -0500] "GET /?b=150908066 HTTP/1.1" 200 21067 "-" "Mozilla/5.0 (compatible; SemrushBot/7~bl; +http://www.semrush.com/bot.html)"
66.249.68.68 - - [28/Dec/2024:10:46:20 -0500] "GET /?b=334040366 HTTP/1.1" 200 79478 "-" "Mozilla/5.0 (Linux; Android 6.0.1; Nexus 5X Build/MMB29P) AppleWebKit/537.36 (KHTML, like Gecko) Chrome/131.0.6778.139 Mobile Safari/537.36 (compatible; GoogleOther)"
66.249.68.68 - - [28/Dec/2024:10:46:28 -0500] "GET /?b=120296766 HTTP/1.1" 200 81033 "-" "Mozilla/5.0 (Linux; Android 6.0.1; Nexus 5X Build/MMB29P) AppleWebKit/537.36 (KHTML, like Gecko) Chrome/131.0.6778.139 Mobile Safari/537.36 (compatible; GoogleOther)"
66.29.132.124 - - [28/Dec/2024:10:46:30 -0500] "POST /wp-cron.php?doing_wp_cron=1735400789.9522418975830078125000 HTTP/1.1" 200 0 "-" "WordPress/6.7.1; https://blog.diixadigital.com"
185.191.171.9 - - [28/Dec/2024:10:46:29 -0500] "GET /?b=117042466 HTTP/1.1" 200 21068 "-" "Mozilla/5.0 (compatible; SemrushBot/7~bl; +http://www.semrush.com/bot.html)"
185.191.171.6 - - [28/Dec/2024:10:46:35 -0500] "GET /?b=287451966 HTTP/1.1" 200 21067 "-" "Mozilla/5.0 (compatible; SemrushBot/7~bl; +http://www.semrush.com/bot.html)"
66.249.68.69 - - [28/Dec/2024:10:46:36 -0500] "GET /?b=162678266 HTTP/1.1" 200 81664 "-" "Mozilla/5.0 (Linux; Android 6.0.1; Nexus 5X Build/MMB29P) AppleWebKit/537.36 (KHTML, like Gecko) Chrome/131.0.6778.139 Mobile Safari/537.36 (compatible; GoogleOther)"
85.208.96.204 - - [28/Dec/2024:10:46:38 -0500] "GET /?b=277977066 HTTP/1.1" 200 21067 "-" "Mozilla/5.0 (compatible; SemrushBot/7~bl; +http://www.semrush.com/bot.html)"
52.167.144.160 - - [28/Dec/2024:10:46:38 -0500] "GET /tdvjw/o2025664.html HTTP/1.1" 200 81631 "-" "Mozilla/5.0 AppleWebKit/537.36 (KHTML, like Gecko; compatible; bingbot/2.0; +http://www.bing.com/bingbot.htm) Chrome/116.0.1938.76 Safari/537.36"
66.249.68.69 - - [28/Dec/2024:10:46:45 -0500] "GET /?b=98887266 HTTP/1.1" 200 81161 "-" "Mozilla/5.0 (Linux; Android 6.0.1; Nexus 5X Build/MMB29P) AppleWebKit/537.36 (KHTML, like Gecko) Chrome/131.0.6778.139 Mobile Safari/537.36 (compatible; GoogleOther)"
66.249.68.69 - - [28/Dec/2024:10:46:51 -0500] "GET /?b=1882266 HTTP/1.1" 200 79440 "-" "Mozilla/5.0 (Linux; Android 6.0.1; Nexus 5X Build/MMB29P) AppleWebKit/537.36 (KHTML, like Gecko) Chrome/131.0.6778.139 Mobile Safari/537.36 (compatible; GoogleOther)"
40.77.167.67 - - [28/Dec/2024:10:46:54 -0500] "GET /lyatd/b1808187.html HTTP/1.1" 200 81878 "-" "Mozilla/5.0 AppleWebKit/537.36 (KHTML, like Gecko; compatible; bingbot/2.0; +http://www.bing.com/bingbot.htm) Chrome/116.0.1938.76 Safari/537.36"
66.249.68.69 - - [28/Dec/2024:10:46:59 -0500] "GET /?b=275125266 HTTP/1.1" 200 80419 "-" "Mozilla/5.0 (Linux; Android 6.0.1; Nexus 5X Build/MMB29P) AppleWebKit/537.36 (KHTML, like Gecko) Chrome/131.0.6778.139 Mobile Safari/537.36 (compatible; GoogleOther)"
66.29.132.124 - - [28/Dec/2024:10:47:01 -0500] "POST /wp-cron.php?doing_wp_cron=1735400821.2212080955505371093750 HTTP/1.1" 200 0 "-" "WordPress/6.7.1; https://blog.diixadigital.com"
85.208.96.202 - - [28/Dec/2024:10:47:00 -0500] "GET /?b=162485266 HTTP/1.1" 200 21070 "-" "Mozilla/5.0 (compatible; SemrushBot/7~bl; +http://www.semrush.com/bot.html)"
66.29.132.124 - - [28/Dec/2024:10:47:02 -0500] "POST /wp-admin/admin-ajax.php?action=async_litespeed&nonce=0a3c28bef8&litespeed_type=imgoptm HTTP/1.1" 200 0 "-" "WordPress/6.7.1; https://blog.diixadigital.com"
66.249.68.68 - - [28/Dec/2024:10:47:12 -0500] "GET /?b=247038266 HTTP/1.1" 200 79809 "-" "Mozilla/5.0 (Linux; Android 6.0.1; Nexus 5X Build/MMB29P) AppleWebKit/537.36 (KHTML, like Gecko) Chrome/131.0.6778.139 Mobile Safari/537.36 (compatible; GoogleOther)"
66.249.68.68 - - [28/Dec/2024:10:47:19 -0500] "GET /?b=289363566 HTTP/1.1" 200 79870 "-" "Mozilla/5.0 (Linux; Android 6.0.1; Nexus 5X Build/MMB29P) AppleWebKit/537.36 (KHTML, like Gecko) Chrome/131.0.6778.139 Mobile Safari/537.36 (compatible; GoogleOther)"
66.29.132.124 - - [28/Dec/2024:10:47:23 -0500] "POST /wp-cron.php?doing_wp_cron=1735400843.7935218811035156250000 HTTP/1.1" 200 0 "-" "WordPress/6.7.1; https://blog.diixadigital.com"
185.191.171.12 - - [28/Dec/2024:10:47:23 -0500] "GET /?b=269833566 HTTP/1.1" 200 21065 "-" "Mozilla/5.0 (compatible; SemrushBot/7~bl; +http://www.semrush.com/bot.html)"
85.208.96.199 - - [28/Dec/2024:10:47:27 -0500] "GET /?b=193204566 HTTP/1.1" 200 21071 "-" "Mozilla/5.0 (compatible; SemrushBot/7~bl; +http://www.semrush.com/bot.html)"
66.249.68.68 - - [28/Dec/2024:10:47:29 -0500] "GET /?b=31588866 HTTP/1.1" 200 80628 "-" "Mozilla/5.0 (Linux; Android 6.0.1; Nexus 5X Build/MMB29P) AppleWebKit/537.36 (KHTML, like Gecko) Chrome/131.0.6778.139 Mobile Safari/537.36 (compatible; GoogleOther)"
66.249.68.68 - - [28/Dec/2024:10:47:34 -0500] "GET /?b=21885966 HTTP/1.1" 200 81525 "-" "Mozilla/5.0 (Linux; Android 6.0.1; Nexus 5X Build/MMB29P) AppleWebKit/537.36 (KHTML, like Gecko) Chrome/131.0.6778.139 Mobile Safari/537.36 (compatible; GoogleOther)"
66.249.68.68 - - [28/Dec/2024:10:47:44 -0500] "GET /?b=48984366 HTTP/1.1" 200 80188 "-" "Mozilla/5.0 (Linux; Android 6.0.1; Nexus 5X Build/MMB29P) AppleWebKit/537.36 (KHTML, like Gecko) Chrome/131.0.6778.139 Mobile Safari/537.36 (compatible; GoogleOther)"
66.29.132.124 - - [28/Dec/2024:10:47:52 -0500] "POST /wp-cron.php?doing_wp_cron=1735400872.0362219810485839843750 HTTP/1.1" 200 0 "-" "WordPress/6.7.1; https://blog.diixadigital.com"
85.208.96.202 - - [28/Dec/2024:10:47:51 -0500] "GET /?b=254412966 HTTP/1.1" 200 21079 "-" "Mozilla/5.0 (compatible; SemrushBot/7~bl; +http://www.semrush.com/bot.html)"
66.29.132.124 - - [28/Dec/2024:10:47:52 -0500] "POST /wp-admin/admin-ajax.php?action=async_litespeed&nonce=0a3c28bef8&litespeed_type=imgoptm HTTP/1.1" 200 21 "-" "WordPress/6.7.1; https://blog.diixadigital.com"
66.249.68.68 - - [28/Dec/2024:10:47:52 -0500] "GET /?b=6329966 HTTP/1.1" 200 79840 "-" "Mozilla/5.0 (Linux; Android 6.0.1; Nexus 5X Build/MMB29P) AppleWebKit/537.36 (KHTML, like Gecko) Chrome/131.0.6778.139 Mobile Safari/537.36 (compatible; GoogleOther)"
85.208.96.202 - - [28/Dec/2024:10:47:59 -0500] "GET /?b=163716066 HTTP/1.1" 200 21057 "-" "Mozilla/5.0 (compatible; SemrushBot/7~bl; +http://www.semrush.com/bot.html)"
66.249.68.69 - - [28/Dec/2024:10:47:59 -0500] "GET /?b=104289466 HTTP/1.1" 200 81878 "-" "Mozilla/5.0 (Linux; Android 6.0.1; Nexus 5X Build/MMB29P) AppleWebKit/537.36 (KHTML, like Gecko) Chrome/131.0.6778.139 Mobile Safari/537.36 (compatible; GoogleOther)"
185.191.171.12 - - [28/Dec/2024:10:48:03 -0500] "GET /?b=276702966 HTTP/1.1" 200 21068 "-" "Mozilla/5.0 (compatible; SemrushBot/7~bl; +http://www.semrush.com/bot.html)"
66.249.68.68 - - [28/Dec/2024:10:48:08 -0500] "GET /?b=124970566 HTTP/1.1" 200 81744 "-" "Mozilla/5.0 (Linux; Android 6.0.1; Nexus 5X Build/MMB29P) AppleWebKit/537.36 (KHTML, like Gecko) Chrome/131.0.6778.139 Mobile Safari/537.36 (compatible; GoogleOther)"
66.249.68.68 - - [28/Dec/2024:10:48:13 -0500] "GET /?b=206857066 HTTP/1.1" 200 80040 "-" "Mozilla/5.0 (Linux; Android 6.0.1; Nexus 5X Build/MMB29P) AppleWebKit/537.36 (KHTML, like Gecko) Chrome/131.0.6778.139 Mobile Safari/537.36 (compatible; GoogleOther)"
40.77.167.67 - - [28/Dec/2024:10:48:15 -0500] "GET /hhgsd/w318616.html HTTP/1.1" 200 80347 "-" "Mozilla/5.0 AppleWebKit/537.36 (KHTML, like Gecko; compatible; bingbot/2.0; +http://www.bing.com/bingbot.htm) Chrome/116.0.1938.76 Safari/537.36"
85.208.96.196 - - [28/Dec/2024:10:48:18 -0500] "GET /?b=18389166 HTTP/1.1" 200 21068 "-" "Mozilla/5.0 (compatible; SemrushBot/7~bl; +http://www.semrush.com/bot.html)"
85.208.96.203 - - [28/Dec/2024:10:48:21 -0500] "GET /?b=139020366 HTTP/1.1" 200 21079 "-" "Mozilla/5.0 (compatible; SemrushBot/7~bl; +http://www.semrush.com/bot.html)"
66.249.68.68 - - [28/Dec/2024:10:48:22 -0500] "GET /?b=136005366 HTTP/1.1" 200 79807 "-" "Mozilla/5.0 (Linux; Android 6.0.1; Nexus 5X Build/MMB29P) AppleWebKit/537.36 (KHTML, like Gecko) Chrome/131.0.6778.139 Mobile Safari/537.36 (compatible; GoogleOther)"
40.77.167.67 - - [28/Dec/2024:10:48:26 -0500] "GET /bjeiy/k1380288.html HTTP/1.1" 200 79957 "-" "Mozilla/5.0 AppleWebKit/537.36 (KHTML, like Gecko; compatible; bingbot/2.0; +http://www.bing.com/bingbot.htm) Chrome/116.0.1938.76 Safari/537.36"
66.249.68.68 - - [28/Dec/2024:10:48:31 -0500] "GET /?b=305507266 HTTP/1.1" 200 79360 "-" "Mozilla/5.0 (Linux; Android 6.0.1; Nexus 5X Build/MMB29P) AppleWebKit/537.36 (KHTML, like Gecko) Chrome/131.0.6778.139 Mobile Safari/537.36 (compatible; GoogleOther)"
66.29.132.124 - - [28/Dec/2024:10:48:40 -0500] "POST /wp-cron.php?doing_wp_cron=1735400920.8102619647979736328125 HTTP/1.1" 200 0 "-" "WordPress/6.7.1; https://blog.diixadigital.com"
85.208.96.200 - - [28/Dec/2024:10:48:40 -0500] "GET /?b=129089366 HTTP/1.1" 200 21069 "-" "Mozilla/5.0 (compatible; SemrushBot/7~bl; +http://www.semrush.com/bot.html)"
66.249.68.68 - - [28/Dec/2024:10:48:41 -0500] "GET /?b=130494966 HTTP/1.1" 200 79938 "-" "Mozilla/5.0 (Linux; Android 6.0.1; Nexus 5X Build/MMB29P) AppleWebKit/537.36 (KHTML, like Gecko) Chrome/131.0.6778.139 Mobile Safari/537.36 (compatible; GoogleOther)"
66.249.68.68 - - [28/Dec/2024:10:48:45 -0500] "GET /?b=90502066 HTTP/1.1" 200 79763 "-" "Mozilla/5.0 (Linux; Android 6.0.1; Nexus 5X Build/MMB29P) AppleWebKit/537.36 (KHTML, like Gecko) Chrome/131.0.6778.139 Mobile Safari/537.36 (compatible; GoogleOther)"
66.249.68.68 - - [28/Dec/2024:10:48:54 -0500] "GET /?b=280238766 HTTP/1.1" 200 79596 "-" "Mozilla/5.0 (Linux; Android 6.0.1; Nexus 5X Build/MMB29P) AppleWebKit/537.36 (KHTML, like Gecko) Chrome/131.0.6778.139 Mobile Safari/537.36 (compatible; GoogleOther)"
66.249.68.68 - - [28/Dec/2024:10:49:05 -0500] "GET /?b=75421066 HTTP/1.1" 200 79945 "-" "Mozilla/5.0 (Linux; Android 6.0.1; Nexus 5X Build/MMB29P) AppleWebKit/537.36 (KHTML, like Gecko) Chrome/131.0.6778.139 Mobile Safari/537.36 (compatible; GoogleOther)"
66.29.132.124 - - [28/Dec/2024:10:49:08 -0500] "POST /wp-cron.php?doing_wp_cron=1735400948.3143661022186279296875 HTTP/1.1" 200 0 "-" "WordPress/6.7.1; https://blog.diixadigital.com"
85.208.96.212 - - [28/Dec/2024:10:49:07 -0500] "GET /?b=208404866 HTTP/1.1" 200 21074 "-" "Mozilla/5.0 (compatible; SemrushBot/7~bl; +http://www.semrush.com/bot.html)"
66.29.132.124 - - [28/Dec/2024:10:49:09 -0500] "POST /wp-admin/admin-ajax.php?action=async_litespeed&nonce=0a3c28bef8&litespeed_type=imgoptm HTTP/1.1" 200 21 "-" "WordPress/6.7.1; https://blog.diixadigital.com"
66.249.68.68 - - [28/Dec/2024:10:49:11 -0500] "GET /?b=20442366 HTTP/1.1" 200 81333 "-" "Mozilla/5.0 (Linux; Android 6.0.1; Nexus 5X Build/MMB29P) AppleWebKit/537.36 (KHTML, like Gecko) Chrome/131.0.6778.139 Mobile Safari/537.36 (compatible; GoogleOther)"
185.191.171.11 - - [28/Dec/2024:10:49:20 -0500] "GET /?b=224409866 HTTP/1.1" 200 21072 "-" "Mozilla/5.0 (compatible; SemrushBot/7~bl; +http://www.semrush.com/bot.html)"
66.249.68.68 - - [28/Dec/2024:10:49:19 -0500] "GET /?b=272165366 HTTP/1.1" 200 80513 "-" "Mozilla/5.0 (Linux; Android 6.0.1; Nexus 5X Build/MMB29P) AppleWebKit/537.36 (KHTML, like Gecko) Chrome/131.0.6778.139 Mobile Safari/537.36 (compatible; GoogleOther)"
66.249.68.68 - - [28/Dec/2024:10:49:28 -0500] "GET /?b=135712466 HTTP/1.1" 200 79668 "-" "Mozilla/5.0 (Linux; Android 6.0.1; Nexus 5X Build/MMB29P) AppleWebKit/537.36 (KHTML, like Gecko) Chrome/131.0.6778.139 Mobile Safari/537.36 (compatible; GoogleOther)"
52.167.144.160 - - [28/Dec/2024:10:49:29 -0500] "GET /vyire/m2558376.html HTTP/1.1" 200 79513 "-" "Mozilla/5.0 AppleWebKit/537.36 (KHTML, like Gecko; compatible; bingbot/2.0; +http://www.bing.com/bingbot.htm) Chrome/116.0.1938.76 Safari/537.36"
66.249.68.68 - - [28/Dec/2024:10:49:35 -0500] "GET /?b=82381966 HTTP/1.1" 200 81838 "-" "Mozilla/5.0 (Linux; Android 6.0.1; Nexus 5X Build/MMB29P) AppleWebKit/537.36 (KHTML, like Gecko) Chrome/131.0.6778.139 Mobile Safari/537.36 (compatible; GoogleOther)"
66.249.68.69 - - [28/Dec/2024:10:49:43 -0500] "GET /?b=281605566 HTTP/1.1" 200 81024 "-" "Mozilla/5.0 (Linux; Android 6.0.1; Nexus 5X Build/MMB29P) AppleWebKit/537.36 (KHTML, like Gecko) Chrome/131.0.6778.139 Mobile Safari/537.36 (compatible; GoogleOther)"
