66.249.68.68 - - [28/Dec/2024:08:31:08 -0500] "GET /?b=303651966 HTTP/1.1" 200 79938 "-" "Mozilla/5.0 (Linux; Android 6.0.1; Nexus 5X Build/MMB29P) AppleWebKit/537.36 (KHTML, like Gecko) Chrome/131.0.6778.139 Mobile Safari/537.36 (compatible; GoogleOther)"
66.249.68.68 - - [28/Dec/2024:08:31:13 -0500] "GET /?b=195204366 HTTP/1.1" 200 80082 "-" "Mozilla/5.0 (Linux; Android 6.0.1; Nexus 5X Build/MMB29P) AppleWebKit/537.36 (KHTML, like Gecko) Chrome/131.0.6778.139 Mobile Safari/537.36 (compatible; GoogleOther)"
66.249.68.68 - - [28/Dec/2024:08:31:18 -0500] "GET /?b=134134166 HTTP/1.1" 200 81679 "-" "Mozilla/5.0 (Linux; Android 6.0.1; Nexus 5X Build/MMB29P) AppleWebKit/537.36 (KHTML, like Gecko) Chrome/131.0.6778.139 Mobile Safari/537.36 (compatible; GoogleOther)"
66.249.68.69 - - [28/Dec/2024:08:31:23 -0500] "GET /?b=230171466 HTTP/1.1" 200 79967 "-" "Mozilla/5.0 (Linux; Android 6.0.1; Nexus 5X Build/MMB29P) AppleWebKit/537.36 (KHTML, like Gecko) Chrome/131.0.6778.139 Mobile Safari/537.36 (compatible; GoogleOther)"
66.249.68.68 - - [28/Dec/2024:08:31:28 -0500] "GET /?b=235503266 HTTP/1.1" 200 79974 "-" "Mozilla/5.0 (Linux; Android 6.0.1; Nexus 5X Build/MMB29P) AppleWebKit/537.36 (KHTML, like Gecko) Chrome/131.0.6778.139 Mobile Safari/537.36 (compatible; GoogleOther)"
66.249.68.69 - - [28/Dec/2024:08:31:33 -0500] "GET /?b=239375766 HTTP/1.1" 200 80531 "-" "Mozilla/5.0 (Linux; Android 6.0.1; Nexus 5X Build/MMB29P) AppleWebKit/537.36 (KHTML, like Gecko) Chrome/131.0.6778.139 Mobile Safari/537.36 (compatible; GoogleOther)"
66.249.68.69 - - [28/Dec/2024:08:31:38 -0500] "GET /?b=158526766 HTTP/1.1" 200 80839 "-" "Mozilla/5.0 (Linux; Android 6.0.1; Nexus 5X Build/MMB29P) AppleWebKit/537.36 (KHTML, like Gecko) Chrome/131.0.6778.139 Mobile Safari/537.36 (compatible; GoogleOther)"
66.29.132.124 - - [28/Dec/2024:08:31:40 -0500] "POST /wp-cron.php?doing_wp_cron=1735392700.5744760036468505859375 HTTP/1.1" 200 0 "-" "WordPress/6.7.1; https://blog.diixadigital.com"
85.208.96.202 - - [28/Dec/2024:08:31:40 -0500] "GET /?b=11569966 HTTP/1.1" 200 21069 "-" "Mozilla/5.0 (compatible; SemrushBot/7~bl; +http://www.semrush.com/bot.html)"
185.191.171.1 - - [28/Dec/2024:08:31:43 -0500] "GET /?b=317257766 HTTP/1.1" 200 21070 "-" "Mozilla/5.0 (compatible; SemrushBot/7~bl; +http://www.semrush.com/bot.html)"
66.249.68.68 - - [28/Dec/2024:08:31:43 -0500] "GET /?b=31330466 HTTP/1.1" 200 80242 "-" "Mozilla/5.0 (Linux; Android 6.0.1; Nexus 5X Build/MMB29P) AppleWebKit/537.36 (KHTML, like Gecko) Chrome/131.0.6778.139 Mobile Safari/537.36 (compatible; GoogleOther)"
185.191.171.1 - - [28/Dec/2024:08:31:46 -0500] "GET /?b=74302866 HTTP/1.1" 200 21077 "-" "Mozilla/5.0 (compatible; SemrushBot/7~bl; +http://www.semrush.com/bot.html)"
66.249.68.70 - - [28/Dec/2024:08:31:48 -0500] "GET /?b=2621066 HTTP/1.1" 200 83009 "-" "Mozilla/5.0 (Linux; Android 6.0.1; Nexus 5X Build/MMB29P) AppleWebKit/537.36 (KHTML, like Gecko) Chrome/131.0.6778.139 Mobile Safari/537.36 (compatible; GoogleOther)"
66.249.68.69 - - [28/Dec/2024:08:31:53 -0500] "GET /?b=179332866 HTTP/1.1" 200 80019 "-" "Mozilla/5.0 (Linux; Android 6.0.1; Nexus 5X Build/MMB29P) AppleWebKit/537.36 (KHTML, like Gecko) Chrome/131.0.6778.139 Mobile Safari/537.36 (compatible; GoogleOther)"
66.29.132.124 - - [28/Dec/2024:08:31:57 -0500] "POST /wp-cron.php?doing_wp_cron=1735392717.2080640792846679687500 HTTP/1.1" 200 0 "-" "WordPress/6.7.1; https://blog.diixadigital.com"
185.191.171.16 - - [28/Dec/2024:08:31:56 -0500] "GET /?b=1056866 HTTP/1.1" 200 21066 "-" "Mozilla/5.0 (compatible; SemrushBot/7~bl; +http://www.semrush.com/bot.html)"
66.29.132.124 - - [28/Dec/2024:08:31:57 -0500] "POST /wp-admin/admin-ajax.php?action=async_litespeed&nonce=0a3c28bef8&litespeed_type=imgoptm HTTP/1.1" 200 21 "-" "WordPress/6.7.1; https://blog.diixadigital.com"
66.249.68.71 - - [28/Dec/2024:08:31:58 -0500] "GET /?b=353076166 HTTP/1.1" 200 79842 "-" "Mozilla/5.0 (Linux; Android 6.0.1; Nexus 5X Build/MMB29P) AppleWebKit/537.36 (KHTML, like Gecko) Chrome/131.0.6778.139 Mobile Safari/537.36 (compatible; GoogleOther)"
85.208.96.198 - - [28/Dec/2024:08:31:59 -0500] "GET /?b=335810866 HTTP/1.1" 200 21063 "-" "Mozilla/5.0 (compatible; SemrushBot/7~bl; +http://www.semrush.com/bot.html)"
85.208.96.210 - - [28/Dec/2024:08:32:04 -0500] "GET /?b=108787766 HTTP/1.1" 200 21057 "-" "Mozilla/5.0 (compatible; SemrushBot/7~bl; +http://www.semrush.com/bot.html)"
66.249.68.70 - - [28/Dec/2024:08:32:04 -0500] "GET /?b=227636466 HTTP/1.1" 200 79999 "-" "Mozilla/5.0 (Linux; Android 6.0.1; Nexus 5X Build/MMB29P) AppleWebKit/537.36 (KHTML, like Gecko) Chrome/131.0.6778.139 Mobile Safari/537.36 (compatible; GoogleOther)"
185.191.171.10 - - [28/Dec/2024:08:32:06 -0500] "GET /?b=151702766 HTTP/1.1" 200 21053 "-" "Mozilla/5.0 (compatible; SemrushBot/7~bl; +http://www.semrush.com/bot.html)"
66.249.68.69 - - [28/Dec/2024:08:32:07 -0500] "GET /?b=226597766 HTTP/1.1" 200 79470 "-" "Mozilla/5.0 (Linux; Android 6.0.1; Nexus 5X Build/MMB29P) AppleWebKit/537.36 (KHTML, like Gecko) Chrome/131.0.6778.139 Mobile Safari/537.36 (compatible; GoogleOther)"
85.208.96.205 - - [28/Dec/2024:08:32:09 -0500] "GET /?b=61114966 HTTP/1.1" 200 21072 "-" "Mozilla/5.0 (compatible; SemrushBot/7~bl; +http://www.semrush.com/bot.html)"
66.249.68.68 - - [28/Dec/2024:08:32:12 -0500] "GET /?b=89484066 HTTP/1.1" 200 79350 "-" "Mozilla/5.0 (Linux; Android 6.0.1; Nexus 5X Build/MMB29P) AppleWebKit/537.36 (KHTML, like Gecko) Chrome/131.0.6778.139 Mobile Safari/537.36 (compatible; GoogleOther)"
66.249.68.68 - - [28/Dec/2024:08:32:18 -0500] "GET /?b=236139166 HTTP/1.1" 200 80716 "-" "Mozilla/5.0 (Linux; Android 6.0.1; Nexus 5X Build/MMB29P) AppleWebKit/537.36 (KHTML, like Gecko) Chrome/131.0.6778.139 Mobile Safari/537.36 (compatible; GoogleOther)"
66.249.68.68 - - [28/Dec/2024:08:32:25 -0500] "GET /?b=95679466 HTTP/1.1" 200 80162 "-" "Mozilla/5.0 (Linux; Android 6.0.1; Nexus 5X Build/MMB29P) AppleWebKit/537.36 (KHTML, like Gecko) Chrome/131.0.6778.139 Mobile Safari/537.36 (compatible; GoogleOther)"
66.249.68.68 - - [28/Dec/2024:08:32:27 -0500] "GET /?b=84662666 HTTP/1.1" 200 80631 "-" "Mozilla/5.0 (Linux; Android 6.0.1; Nexus 5X Build/MMB29P) AppleWebKit/537.36 (KHTML, like Gecko) Chrome/131.0.6778.139 Mobile Safari/537.36 (compatible; GoogleOther)"
66.29.132.124 - - [28/Dec/2024:08:32:33 -0500] "POST /wp-cron.php?doing_wp_cron=1735392753.1386430263519287109375 HTTP/1.1" 200 0 "-" "WordPress/6.7.1; https://blog.diixadigital.com"
185.191.171.9 - - [28/Dec/2024:08:32:32 -0500] "GET /?b=231757266 HTTP/1.1" 200 21066 "-" "Mozilla/5.0 (compatible; SemrushBot/7~bl; +http://www.semrush.com/bot.html)"
85.208.96.209 - - [28/Dec/2024:08:32:36 -0500] "GET /?b=231401766 HTTP/1.1" 200 21069 "-" "Mozilla/5.0 (compatible; SemrushBot/7~bl; +http://www.semrush.com/bot.html)"
66.249.68.68 - - [28/Dec/2024:08:32:37 -0500] "GET /?b=141638766 HTTP/1.1" 200 80787 "-" "Mozilla/5.0 (Linux; Android 6.0.1; Nexus 5X Build/MMB29P) AppleWebKit/537.36 (KHTML, like Gecko) Chrome/131.0.6778.139 Mobile Safari/537.36 (compatible; GoogleOther)"
66.249.68.69 - - [28/Dec/2024:08:32:42 -0500] "GET /?b=334763966 HTTP/1.1" 200 79639 "-" "Mozilla/5.0 (Linux; Android 6.0.1; Nexus 5X Build/MMB29P) AppleWebKit/537.36 (KHTML, like Gecko) Chrome/131.0.6778.139 Mobile Safari/537.36 (compatible; GoogleOther)"
66.249.68.69 - - [28/Dec/2024:08:32:47 -0500] "GET /?b=157996966 HTTP/1.1" 200 80021 "-" "Mozilla/5.0 (Linux; Android 6.0.1; Nexus 5X Build/MMB29P) AppleWebKit/537.36 (KHTML, like Gecko) Chrome/131.0.6778.139 Mobile Safari/537.36 (compatible; GoogleOther)"
66.249.68.69 - - [28/Dec/2024:08:32:52 -0500] "GET /?b=153256466 HTTP/1.1" 200 79717 "-" "Mozilla/5.0 (Linux; Android 6.0.1; Nexus 5X Build/MMB29P) AppleWebKit/537.36 (KHTML, like Gecko) Chrome/131.0.6778.139 Mobile Safari/537.36 (compatible; GoogleOther)"
66.249.68.69 - - [28/Dec/2024:08:32:57 -0500] "GET /?b=251690766 HTTP/1.1" 200 80087 "-" "Mozilla/5.0 (Linux; Android 6.0.1; Nexus 5X Build/MMB29P) AppleWebKit/537.36 (KHTML, like Gecko) Chrome/131.0.6778.139 Mobile Safari/537.36 (compatible; GoogleOther)"
66.249.68.68 - - [28/Dec/2024:08:33:01 -0500] "GET /?b=243789266 HTTP/1.1" 200 79950 "-" "Mozilla/5.0 (Linux; Android 6.0.1; Nexus 5X Build/MMB29P) AppleWebKit/537.36 (KHTML, like Gecko) Chrome/131.0.6778.139 Mobile Safari/537.36 (compatible; GoogleOther)"
66.249.68.68 - - [28/Dec/2024:08:33:06 -0500] "GET /?b=80857866 HTTP/1.1" 200 80800 "-" "Mozilla/5.0 (Linux; Android 6.0.1; Nexus 5X Build/MMB29P) AppleWebKit/537.36 (KHTML, like Gecko) Chrome/131.0.6778.139 Mobile Safari/537.36 (compatible; GoogleOther)"
66.249.68.68 - - [28/Dec/2024:08:33:13 -0500] "GET /?b=41634466 HTTP/1.1" 200 80253 "-" "Mozilla/5.0 (Linux; Android 6.0.1; Nexus 5X Build/MMB29P) AppleWebKit/537.36 (KHTML, like Gecko) Chrome/131.0.6778.139 Mobile Safari/537.36 (compatible; GoogleOther)"
66.249.68.68 - - [28/Dec/2024:08:33:17 -0500] "GET /?b=224543666 HTTP/1.1" 200 79942 "-" "Mozilla/5.0 (Linux; Android 6.0.1; Nexus 5X Build/MMB29P) AppleWebKit/537.36 (KHTML, like Gecko) Chrome/131.0.6778.139 Mobile Safari/537.36 (compatible; GoogleOther)"
66.249.68.68 - - [28/Dec/2024:08:33:21 -0500] "GET /?b=71226266 HTTP/1.1" 200 80958 "-" "Mozilla/5.0 (Linux; Android 6.0.1; Nexus 5X Build/MMB29P) AppleWebKit/537.36 (KHTML, like Gecko) Chrome/131.0.6778.139 Mobile Safari/537.36 (compatible; GoogleOther)"
66.249.68.68 - - [28/Dec/2024:08:33:26 -0500] "GET /?b=154812866 HTTP/1.1" 200 80339 "-" "Mozilla/5.0 (Linux; Android 6.0.1; Nexus 5X Build/MMB29P) AppleWebKit/537.36 (KHTML, like Gecko) Chrome/131.0.6778.139 Mobile Safari/537.36 (compatible; GoogleOther)"
66.29.132.124 - - [28/Dec/2024:08:33:30 -0500] "POST /wp-cron.php?doing_wp_cron=1735392810.4212288856506347656250 HTTP/1.1" 200 0 "-" "WordPress/6.7.1; https://blog.diixadigital.com"
185.191.171.11 - - [28/Dec/2024:08:33:29 -0500] "GET /?b=238915666 HTTP/1.1" 200 21072 "-" "Mozilla/5.0 (compatible; SemrushBot/7~bl; +http://www.semrush.com/bot.html)"
66.29.132.124 - - [28/Dec/2024:08:33:31 -0500] "POST /wp-admin/admin-ajax.php?action=async_litespeed&nonce=0a3c28bef8&litespeed_type=imgoptm HTTP/1.1" 200 0 "-" "WordPress/6.7.1; https://blog.diixadigital.com"
66.249.68.68 - - [28/Dec/2024:08:33:31 -0500] "GET /?b=301564066 HTTP/1.1" 200 79560 "-" "Mozilla/5.0 (Linux; Android 6.0.1; Nexus 5X Build/MMB29P) AppleWebKit/537.36 (KHTML, like Gecko) Chrome/131.0.6778.139 Mobile Safari/537.36 (compatible; GoogleOther)"
66.249.68.69 - - [28/Dec/2024:08:33:36 -0500] "GET /?b=20062966 HTTP/1.1" 200 81576 "-" "Mozilla/5.0 (Linux; Android 6.0.1; Nexus 5X Build/MMB29P) AppleWebKit/537.36 (KHTML, like Gecko) Chrome/131.0.6778.139 Mobile Safari/537.36 (compatible; GoogleOther)"
185.191.171.8 - - [28/Dec/2024:08:33:36 -0500] "GET /?b=237542466 HTTP/1.1" 200 21072 "-" "Mozilla/5.0 (compatible; SemrushBot/7~bl; +http://www.semrush.com/bot.html)"
85.208.96.209 - - [28/Dec/2024:08:33:40 -0500] "GET /?b=275554466 HTTP/1.1" 200 21065 "-" "Mozilla/5.0 (compatible; SemrushBot/7~bl; +http://www.semrush.com/bot.html)"
66.249.68.68 - - [28/Dec/2024:08:33:41 -0500] "GET /?b=96497266 HTTP/1.1" 200 80004 "-" "Mozilla/5.0 (Linux; Android 6.0.1; Nexus 5X Build/MMB29P) AppleWebKit/537.36 (KHTML, like Gecko) Chrome/131.0.6778.139 Mobile Safari/537.36 (compatible; GoogleOther)"
185.191.171.12 - - [28/Dec/2024:08:33:44 -0500] "GET /?b=77528366 HTTP/1.1" 200 21067 "-" "Mozilla/5.0 (compatible; SemrushBot/7~bl; +http://www.semrush.com/bot.html)"
66.249.68.69 - - [28/Dec/2024:08:33:46 -0500] "GET /?b=298221966 HTTP/1.1" 200 80879 "-" "Mozilla/5.0 (Linux; Android 6.0.1; Nexus 5X Build/MMB29P) AppleWebKit/537.36 (KHTML, like Gecko) Chrome/131.0.6778.139 Mobile Safari/537.36 (compatible; GoogleOther)"
185.191.171.7 - - [28/Dec/2024:08:33:47 -0500] "GET /?b=335657166 HTTP/1.1" 200 21073 "-" "Mozilla/5.0 (compatible; SemrushBot/7~bl; +http://www.semrush.com/bot.html)"
66.249.68.69 - - [28/Dec/2024:08:33:50 -0500] "GET /?b=76980166 HTTP/1.1" 200 79611 "-" "Mozilla/5.0 (Linux; Android 6.0.1; Nexus 5X Build/MMB29P) AppleWebKit/537.36 (KHTML, like Gecko) Chrome/131.0.6778.139 Mobile Safari/537.36 (compatible; GoogleOther)"
66.249.68.70 - - [28/Dec/2024:08:33:55 -0500] "GET /?b=311249966 HTTP/1.1" 200 81078 "-" "Mozilla/5.0 (Linux; Android 6.0.1; Nexus 5X Build/MMB29P) AppleWebKit/537.36 (KHTML, like Gecko) Chrome/131.0.6778.139 Mobile Safari/537.36 (compatible; GoogleOther)"
66.249.68.69 - - [28/Dec/2024:08:34:00 -0500] "GET /?b=75639066 HTTP/1.1" 200 79431 "-" "Mozilla/5.0 (Linux; Android 6.0.1; Nexus 5X Build/MMB29P) AppleWebKit/537.36 (KHTML, like Gecko) Chrome/131.0.6778.139 Mobile Safari/537.36 (compatible; GoogleOther)"
66.249.68.68 - - [28/Dec/2024:08:34:05 -0500] "GET /?b=254788366 HTTP/1.1" 200 80200 "-" "Mozilla/5.0 (Linux; Android 6.0.1; Nexus 5X Build/MMB29P) AppleWebKit/537.36 (KHTML, like Gecko) Chrome/131.0.6778.139 Mobile Safari/537.36 (compatible; GoogleOther)"
66.29.132.124 - - [28/Dec/2024:08:34:08 -0500] "POST /wp-cron.php?doing_wp_cron=1735392848.6404600143432617187500 HTTP/1.1" 200 0 "-" "WordPress/6.7.1; https://blog.diixadigital.com"
185.191.171.5 - - [28/Dec/2024:08:34:08 -0500] "GET /?b=116183966 HTTP/1.1" 200 21081 "-" "Mozilla/5.0 (compatible; SemrushBot/7~bl; +http://www.semrush.com/bot.html)"
66.29.132.124 - - [28/Dec/2024:08:34:10 -0500] "POST /wp-admin/admin-ajax.php?action=async_litespeed&nonce=0a3c28bef8&litespeed_type=imgoptm HTTP/1.1" 200 0 "-" "WordPress/6.7.1; https://blog.diixadigital.com"
66.249.68.68 - - [28/Dec/2024:08:34:10 -0500] "GET /?b=27434766 HTTP/1.1" 200 79435 "-" "Mozilla/5.0 (Linux; Android 6.0.1; Nexus 5X Build/MMB29P) AppleWebKit/537.36 (KHTML, like Gecko) Chrome/131.0.6778.139 Mobile Safari/537.36 (compatible; GoogleOther)"
185.191.171.6 - - [28/Dec/2024:08:34:13 -0500] "GET /?b=126641166 HTTP/1.1" 200 21069 "-" "Mozilla/5.0 (compatible; SemrushBot/7~bl; +http://www.semrush.com/bot.html)"
185.191.171.5 - - [28/Dec/2024:08:34:18 -0500] "GET /?b=132217166 HTTP/1.1" 200 21056 "-" "Mozilla/5.0 (compatible; SemrushBot/7~bl; +http://www.semrush.com/bot.html)"
66.249.68.68 - - [28/Dec/2024:08:34:20 -0500] "GET /?b=17973366 HTTP/1.1" 200 79792 "-" "Mozilla/5.0 (Linux; Android 6.0.1; Nexus 5X Build/MMB29P) AppleWebKit/537.36 (KHTML, like Gecko) Chrome/131.0.6778.139 Mobile Safari/537.36 (compatible; GoogleOther)"
66.249.68.68 - - [28/Dec/2024:08:34:25 -0500] "GET /?b=169026366 HTTP/1.1" 200 79477 "-" "Mozilla/5.0 (Linux; Android 6.0.1; Nexus 5X Build/MMB29P) AppleWebKit/537.36 (KHTML, like Gecko) Chrome/131.0.6778.139 Mobile Safari/537.36 (compatible; GoogleOther)"
66.249.68.68 - - [28/Dec/2024:08:34:30 -0500] "GET /?b=89446666 HTTP/1.1" 200 79328 "-" "Mozilla/5.0 (Linux; Android 6.0.1; Nexus 5X Build/MMB29P) AppleWebKit/537.36 (KHTML, like Gecko) Chrome/131.0.6778.139 Mobile Safari/537.36 (compatible; GoogleOther)"
66.249.68.69 - - [28/Dec/2024:08:34:35 -0500] "GET /?b=182005766 HTTP/1.1" 200 80866 "-" "Mozilla/5.0 (Linux; Android 6.0.1; Nexus 5X Build/MMB29P) AppleWebKit/537.36 (KHTML, like Gecko) Chrome/131.0.6778.139 Mobile Safari/537.36 (compatible; GoogleOther)"
66.249.68.69 - - [28/Dec/2024:08:34:40 -0500] "GET /?b=288302366 HTTP/1.1" 200 81043 "-" "Mozilla/5.0 (Linux; Android 6.0.1; Nexus 5X Build/MMB29P) AppleWebKit/537.36 (KHTML, like Gecko) Chrome/131.0.6778.139 Mobile Safari/537.36 (compatible; GoogleOther)"
66.249.68.68 - - [28/Dec/2024:08:34:45 -0500] "GET /?b=245422466 HTTP/1.1" 200 79891 "-" "Mozilla/5.0 (Linux; Android 6.0.1; Nexus 5X Build/MMB29P) AppleWebKit/537.36 (KHTML, like Gecko) Chrome/131.0.6778.139 Mobile Safari/537.36 (compatible; GoogleOther)"
66.249.68.69 - - [28/Dec/2024:08:34:50 -0500] "GET /?b=136744366 HTTP/1.1" 200 81587 "-" "Mozilla/5.0 (Linux; Android 6.0.1; Nexus 5X Build/MMB29P) AppleWebKit/537.36 (KHTML, like Gecko) Chrome/131.0.6778.139 Mobile Safari/537.36 (compatible; GoogleOther)"
66.249.68.70 - - [28/Dec/2024:08:34:54 -0500] "GET /?b=119477366 HTTP/1.1" 200 79952 "-" "Mozilla/5.0 (Linux; Android 6.0.1; Nexus 5X Build/MMB29P) AppleWebKit/537.36 (KHTML, like Gecko) Chrome/131.0.6778.139 Mobile Safari/537.36 (compatible; GoogleOther)"
66.249.68.68 - - [28/Dec/2024:08:34:59 -0500] "GET /?b=21242166 HTTP/1.1" 200 81283 "-" "Mozilla/5.0 (Linux; Android 6.0.1; Nexus 5X Build/MMB29P) AppleWebKit/537.36 (KHTML, like Gecko) Chrome/131.0.6778.139 Mobile Safari/537.36 (compatible; GoogleOther)"
66.249.68.68 - - [28/Dec/2024:08:35:04 -0500] "GET /?b=343859866 HTTP/1.1" 200 80930 "-" "Mozilla/5.0 (Linux; Android 6.0.1; Nexus 5X Build/MMB29P) AppleWebKit/537.36 (KHTML, like Gecko) Chrome/131.0.6778.139 Mobile Safari/537.36 (compatible; GoogleOther)"
66.29.132.124 - - [28/Dec/2024:08:35:09 -0500] "POST /wp-cron.php?doing_wp_cron=1735392908.4779410362243652343750 HTTP/1.1" 200 0 "-" "WordPress/6.7.1; https://blog.diixadigital.com"
185.191.171.14 - - [28/Dec/2024:08:35:07 -0500] "GET /?b=52042866 HTTP/1.1" 200 21068 "-" "Mozilla/5.0 (compatible; SemrushBot/7~bl; +http://www.semrush.com/bot.html)"
66.29.132.124 - - [28/Dec/2024:08:35:10 -0500] "POST /wp-admin/admin-ajax.php?action=async_litespeed&nonce=0a3c28bef8&litespeed_type=imgoptm HTTP/1.1" 200 0 "-" "WordPress/6.7.1; https://blog.diixadigital.com"
66.249.68.68 - - [28/Dec/2024:08:35:13 -0500] "GET /?b=7533566 HTTP/1.1" 200 80073 "-" "Mozilla/5.0 (Linux; Android 6.0.1; Nexus 5X Build/MMB29P) AppleWebKit/537.36 (KHTML, like Gecko) Chrome/131.0.6778.139 Mobile Safari/537.36 (compatible; GoogleOther)"
66.249.68.68 - - [28/Dec/2024:08:35:17 -0500] "GET /?b=25439566 HTTP/1.1" 200 81051 "-" "Mozilla/5.0 (Linux; Android 6.0.1; Nexus 5X Build/MMB29P) AppleWebKit/537.36 (KHTML, like Gecko) Chrome/131.0.6778.139 Mobile Safari/537.36 (compatible; GoogleOther)"
66.249.68.68 - - [28/Dec/2024:08:35:21 -0500] "GET /?b=70718866 HTTP/1.1" 200 80162 "-" "Mozilla/5.0 (Linux; Android 6.0.1; Nexus 5X Build/MMB29P) AppleWebKit/537.36 (KHTML, like Gecko) Chrome/131.0.6778.139 Mobile Safari/537.36 (compatible; GoogleOther)"
66.29.132.124 - - [28/Dec/2024:08:35:24 -0500] "POST /wp-cron.php?doing_wp_cron=1735392924.2817609310150146484375 HTTP/1.1" 200 0 "-" "WordPress/6.7.1; https://blog.diixadigital.com"
185.191.171.12 - - [28/Dec/2024:08:35:23 -0500] "GET /?b=107225566 HTTP/1.1" 200 21076 "-" "Mozilla/5.0 (compatible; SemrushBot/7~bl; +http://www.semrush.com/bot.html)"
66.249.68.68 - - [28/Dec/2024:08:35:25 -0500] "GET /?b=208172366 HTTP/1.1" 200 79584 "-" "Mozilla/5.0 (Linux; Android 6.0.1; Nexus 5X Build/MMB29P) AppleWebKit/537.36 (KHTML, like Gecko) Chrome/131.0.6778.139 Mobile Safari/537.36 (compatible; GoogleOther)"
185.191.171.13 - - [28/Dec/2024:08:35:29 -0500] "GET /?b=194716466 HTTP/1.1" 200 21077 "-" "Mozilla/5.0 (compatible; SemrushBot/7~bl; +http://www.semrush.com/bot.html)"
66.249.68.68 - - [28/Dec/2024:08:35:30 -0500] "GET /?b=114396066 HTTP/1.1" 200 79828 "-" "Mozilla/5.0 (Linux; Android 6.0.1; Nexus 5X Build/MMB29P) AppleWebKit/537.36 (KHTML, like Gecko) Chrome/131.0.6778.139 Mobile Safari/537.36 (compatible; GoogleOther)"
66.249.68.69 - - [28/Dec/2024:08:35:35 -0500] "GET /?b=167757066 HTTP/1.1" 200 80290 "-" "Mozilla/5.0 (Linux; Android 6.0.1; Nexus 5X Build/MMB29P) AppleWebKit/537.36 (KHTML, like Gecko) Chrome/131.0.6778.139 Mobile Safari/537.36 (compatible; GoogleOther)"
66.249.68.68 - - [28/Dec/2024:08:35:39 -0500] "GET /?b=107180966 HTTP/1.1" 200 79704 "-" "Mozilla/5.0 (Linux; Android 6.0.1; Nexus 5X Build/MMB29P) AppleWebKit/537.36 (KHTML, like Gecko) Chrome/131.0.6778.139 Mobile Safari/537.36 (compatible; GoogleOther)"
66.249.68.68 - - [28/Dec/2024:08:35:44 -0500] "GET /?b=81443766 HTTP/1.1" 200 82122 "-" "Mozilla/5.0 (Linux; Android 6.0.1; Nexus 5X Build/MMB29P) AppleWebKit/537.36 (KHTML, like Gecko) Chrome/131.0.6778.139 Mobile Safari/537.36 (compatible; GoogleOther)"
185.191.171.15 - - [28/Dec/2024:08:35:48 -0500] "GET /?b=70450366 HTTP/1.1" 200 21070 "-" "Mozilla/5.0 (compatible; SemrushBot/7~bl; +http://www.semrush.com/bot.html)"
66.249.68.68 - - [28/Dec/2024:08:35:48 -0500] "GET /?b=271460166 HTTP/1.1" 200 80925 "-" "Mozilla/5.0 (Linux; Android 6.0.1; Nexus 5X Build/MMB29P) AppleWebKit/537.36 (KHTML, like Gecko) Chrome/131.0.6778.139 Mobile Safari/537.36 (compatible; GoogleOther)"
66.29.132.124 - - [28/Dec/2024:08:35:52 -0500] "POST /wp-cron.php?doing_wp_cron=1735392952.8826398849487304687500 HTTP/1.1" 200 0 "-" "WordPress/6.7.1; https://blog.diixadigital.com"
185.191.171.1 - - [28/Dec/2024:08:35:52 -0500] "GET /?b=351891966 HTTP/1.1" 200 21067 "-" "Mozilla/5.0 (compatible; SemrushBot/7~bl; +http://www.semrush.com/bot.html)"
66.29.132.124 - - [28/Dec/2024:08:35:53 -0500] "POST /wp-admin/admin-ajax.php?action=async_litespeed&nonce=0a3c28bef8&litespeed_type=imgoptm HTTP/1.1" 200 21 "-" "WordPress/6.7.1; https://blog.diixadigital.com"
66.249.68.69 - - [28/Dec/2024:08:35:53 -0500] "GET /?b=112397266 HTTP/1.1" 200 79635 "-" "Mozilla/5.0 (Linux; Android 6.0.1; Nexus 5X Build/MMB29P) AppleWebKit/537.36 (KHTML, like Gecko) Chrome/131.0.6778.139 Mobile Safari/537.36 (compatible; GoogleOther)"
85.208.96.212 - - [28/Dec/2024:08:35:55 -0500] "GET /?b=14917766 HTTP/1.1" 200 21071 "-" "Mozilla/5.0 (compatible; SemrushBot/7~bl; +http://www.semrush.com/bot.html)"
66.249.68.71 - - [28/Dec/2024:08:35:58 -0500] "GET /?b=304525466 HTTP/1.1" 200 81112 "-" "Mozilla/5.0 (Linux; Android 6.0.1; Nexus 5X Build/MMB29P) AppleWebKit/537.36 (KHTML, like Gecko) Chrome/131.0.6778.139 Mobile Safari/537.36 (compatible; GoogleOther)"
185.191.171.8 - - [28/Dec/2024:08:36:01 -0500] "GET /?b=320662166 HTTP/1.1" 200 21062 "-" "Mozilla/5.0 (compatible; SemrushBot/7~bl; +http://www.semrush.com/bot.html)"
66.249.68.69 - - [28/Dec/2024:08:36:03 -0500] "GET /?b=44405066 HTTP/1.1" 200 82154 "-" "Mozilla/5.0 (Linux; Android 6.0.1; Nexus 5X Build/MMB29P) AppleWebKit/537.36 (KHTML, like Gecko) Chrome/131.0.6778.139 Mobile Safari/537.36 (compatible; GoogleOther)"
85.208.96.212 - - [28/Dec/2024:08:36:06 -0500] "GET /?b=156740566 HTTP/1.1" 200 21072 "-" "Mozilla/5.0 (compatible; SemrushBot/7~bl; +http://www.semrush.com/bot.html)"
66.249.68.68 - - [28/Dec/2024:08:36:08 -0500] "GET /?b=92576366 HTTP/1.1" 200 79380 "-" "Mozilla/5.0 (Linux; Android 6.0.1; Nexus 5X Build/MMB29P) AppleWebKit/537.36 (KHTML, like Gecko) Chrome/131.0.6778.139 Mobile Safari/537.36 (compatible; GoogleOther)"
185.191.171.12 - - [28/Dec/2024:08:36:09 -0500] "GET /?b=517266 HTTP/1.1" 200 21067 "-" "Mozilla/5.0 (compatible; SemrushBot/7~bl; +http://www.semrush.com/bot.html)"
185.191.171.13 - - [28/Dec/2024:08:36:12 -0500] "GET /?b=65257266 HTTP/1.1" 200 21071 "-" "Mozilla/5.0 (compatible; SemrushBot/7~bl; +http://www.semrush.com/bot.html)"
66.249.68.68 - - [28/Dec/2024:08:36:13 -0500] "GET /?b=190994666 HTTP/1.1" 200 80733 "-" "Mozilla/5.0 (Linux; Android 6.0.1; Nexus 5X Build/MMB29P) AppleWebKit/537.36 (KHTML, like Gecko) Chrome/131.0.6778.139 Mobile Safari/537.36 (compatible; GoogleOther)"
66.249.68.68 - - [28/Dec/2024:08:36:18 -0500] "GET /?b=7567466 HTTP/1.1" 200 79894 "-" "Mozilla/5.0 (Linux; Android 6.0.1; Nexus 5X Build/MMB29P) AppleWebKit/537.36 (KHTML, like Gecko) Chrome/131.0.6778.139 Mobile Safari/537.36 (compatible; GoogleOther)"
66.249.68.69 - - [28/Dec/2024:08:36:23 -0500] "GET /?b=69611166 HTTP/1.1" 200 80319 "-" "Mozilla/5.0 (Linux; Android 6.0.1; Nexus 5X Build/MMB29P) AppleWebKit/537.36 (KHTML, like Gecko) Chrome/131.0.6778.139 Mobile Safari/537.36 (compatible; GoogleOther)"
66.249.68.68 - - [28/Dec/2024:08:36:28 -0500] "GET /?b=170891366 HTTP/1.1" 200 80204 "-" "Mozilla/5.0 (Linux; Android 6.0.1; Nexus 5X Build/MMB29P) AppleWebKit/537.36 (KHTML, like Gecko) Chrome/131.0.6778.139 Mobile Safari/537.36 (compatible; GoogleOther)"
66.249.68.69 - - [28/Dec/2024:08:36:33 -0500] "GET /?b=292501966 HTTP/1.1" 200 79854 "-" "Mozilla/5.0 (Linux; Android 6.0.1; Nexus 5X Build/MMB29P) AppleWebKit/537.36 (KHTML, like Gecko) Chrome/131.0.6778.139 Mobile Safari/537.36 (compatible; GoogleOther)"
66.29.132.124 - - [28/Dec/2024:08:36:36 -0500] "POST /wp-cron.php?doing_wp_cron=1735392996.7566239833831787109375 HTTP/1.1" 200 0 "-" "WordPress/6.7.1; https://blog.diixadigital.com"
185.191.171.16 - - [28/Dec/2024:08:36:36 -0500] "GET /?b=260365966 HTTP/1.1" 200 21079 "-" "Mozilla/5.0 (compatible; SemrushBot/7~bl; +http://www.semrush.com/bot.html)"
66.249.68.69 - - [28/Dec/2024:08:36:38 -0500] "GET /?b=337366766 HTTP/1.1" 200 80621 "-" "Mozilla/5.0 (Linux; Android 6.0.1; Nexus 5X Build/MMB29P) AppleWebKit/537.36 (KHTML, like Gecko) Chrome/131.0.6778.139 Mobile Safari/537.36 (compatible; GoogleOther)"
185.191.171.2 - - [28/Dec/2024:08:36:40 -0500] "GET /?b=189044366 HTTP/1.1" 200 21074 "-" "Mozilla/5.0 (compatible; SemrushBot/7~bl; +http://www.semrush.com/bot.html)"
66.249.68.70 - - [28/Dec/2024:08:36:43 -0500] "GET /?b=19211466 HTTP/1.1" 200 79832 "-" "Mozilla/5.0 (Linux; Android 6.0.1; Nexus 5X Build/MMB29P) AppleWebKit/537.36 (KHTML, like Gecko) Chrome/131.0.6778.139 Mobile Safari/537.36 (compatible; GoogleOther)"
66.249.68.70 - - [28/Dec/2024:08:36:47 -0500] "GET /?b=259537166 HTTP/1.1" 200 79929 "-" "Mozilla/5.0 (Linux; Android 6.0.1; Nexus 5X Build/MMB29P) AppleWebKit/537.36 (KHTML, like Gecko) Chrome/131.0.6778.139 Mobile Safari/537.36 (compatible; GoogleOther)"
66.249.68.70 - - [28/Dec/2024:08:36:52 -0500] "GET /?b=178645366 HTTP/1.1" 200 81199 "-" "Mozilla/5.0 (Linux; Android 6.0.1; Nexus 5X Build/MMB29P) AppleWebKit/537.36 (KHTML, like Gecko) Chrome/131.0.6778.139 Mobile Safari/537.36 (compatible; GoogleOther)"
66.249.68.69 - - [28/Dec/2024:08:36:57 -0500] "GET /?b=12706166 HTTP/1.1" 200 79517 "-" "Mozilla/5.0 (Linux; Android 6.0.1; Nexus 5X Build/MMB29P) AppleWebKit/537.36 (KHTML, like Gecko) Chrome/131.0.6778.139 Mobile Safari/537.36 (compatible; GoogleOther)"
66.249.68.69 - - [28/Dec/2024:08:37:05 -0500] "GET /?b=12872266 HTTP/1.1" 200 80784 "-" "Mozilla/5.0 (Linux; Android 6.0.1; Nexus 5X Build/MMB29P) AppleWebKit/537.36 (KHTML, like Gecko) Chrome/131.0.6778.139 Mobile Safari/537.36 (compatible; GoogleOther)"
66.249.68.68 - - [28/Dec/2024:08:37:09 -0500] "GET /?b=335617766 HTTP/1.1" 200 79730 "-" "Mozilla/5.0 (Linux; Android 6.0.1; Nexus 5X Build/MMB29P) AppleWebKit/537.36 (KHTML, like Gecko) Chrome/131.0.6778.139 Mobile Safari/537.36 (compatible; GoogleOther)"
66.249.68.69 - - [28/Dec/2024:08:37:12 -0500] "GET /?b=69312266 HTTP/1.1" 200 79860 "-" "Mozilla/5.0 (Linux; Android 6.0.1; Nexus 5X Build/MMB29P) AppleWebKit/537.36 (KHTML, like Gecko) Chrome/131.0.6778.139 Mobile Safari/537.36 (compatible; GoogleOther)"
66.249.68.68 - - [28/Dec/2024:08:37:17 -0500] "GET /?b=270621166 HTTP/1.1" 200 80487 "-" "Mozilla/5.0 (Linux; Android 6.0.1; Nexus 5X Build/MMB29P) AppleWebKit/537.36 (KHTML, like Gecko) Chrome/131.0.6778.139 Mobile Safari/537.36 (compatible; GoogleOther)"
66.249.68.69 - - [28/Dec/2024:08:37:26 -0500] "GET /?b=91395366 HTTP/1.1" 200 80936 "-" "Mozilla/5.0 (Linux; Android 6.0.1; Nexus 5X Build/MMB29P) AppleWebKit/537.36 (KHTML, like Gecko) Chrome/131.0.6778.139 Mobile Safari/537.36 (compatible; GoogleOther)"
66.249.68.68 - - [28/Dec/2024:08:37:28 -0500] "GET /?b=245842466 HTTP/1.1" 200 81562 "-" "Mozilla/5.0 (Linux; Android 6.0.1; Nexus 5X Build/MMB29P) AppleWebKit/537.36 (KHTML, like Gecko) Chrome/131.0.6778.139 Mobile Safari/537.36 (compatible; GoogleOther)"
66.29.132.124 - - [28/Dec/2024:08:37:31 -0500] "POST /wp-cron.php?doing_wp_cron=1735393051.7858378887176513671875 HTTP/1.1" 200 0 "-" "WordPress/6.7.1; https://blog.diixadigital.com"
85.208.96.204 - - [28/Dec/2024:08:37:31 -0500] "GET /?b=72778566 HTTP/1.1" 200 21081 "-" "Mozilla/5.0 (compatible; SemrushBot/7~bl; +http://www.semrush.com/bot.html)"
66.29.132.124 - - [28/Dec/2024:08:37:32 -0500] "POST /wp-admin/admin-ajax.php?action=async_litespeed&nonce=0a3c28bef8&litespeed_type=imgoptm HTTP/1.1" 200 21 "-" "WordPress/6.7.1; https://blog.diixadigital.com"
66.249.68.68 - - [28/Dec/2024:08:37:32 -0500] "GET /?b=206006466 HTTP/1.1" 200 81696 "-" "Mozilla/5.0 (Linux; Android 6.0.1; Nexus 5X Build/MMB29P) AppleWebKit/537.36 (KHTML, like Gecko) Chrome/131.0.6778.139 Mobile Safari/537.36 (compatible; GoogleOther)"
85.208.96.194 - - [28/Dec/2024:08:37:34 -0500] "GET /?b=129296866 HTTP/1.1" 200 21065 "-" "Mozilla/5.0 (compatible; SemrushBot/7~bl; +http://www.semrush.com/bot.html)"
66.249.68.69 - - [28/Dec/2024:08:37:37 -0500] "GET /?b=23998266 HTTP/1.1" 200 81478 "-" "Mozilla/5.0 (Linux; Android 6.0.1; Nexus 5X Build/MMB29P) AppleWebKit/537.36 (KHTML, like Gecko) Chrome/131.0.6778.139 Mobile Safari/537.36 (compatible; GoogleOther)"
85.208.96.200 - - [28/Dec/2024:08:37:41 -0500] "GET /?b=261606166 HTTP/1.1" 200 21064 "-" "Mozilla/5.0 (compatible; SemrushBot/7~bl; +http://www.semrush.com/bot.html)"
66.249.68.69 - - [28/Dec/2024:08:37:41 -0500] "GET /?b=23908466 HTTP/1.1" 200 81661 "-" "Mozilla/5.0 (Linux; Android 6.0.1; Nexus 5X Build/MMB29P) AppleWebKit/537.36 (KHTML, like Gecko) Chrome/131.0.6778.139 Mobile Safari/537.36 (compatible; GoogleOther)"
185.191.171.13 - - [28/Dec/2024:08:37:45 -0500] "GET /?b=29485366 HTTP/1.1" 200 21074 "-" "Mozilla/5.0 (compatible; SemrushBot/7~bl; +http://www.semrush.com/bot.html)"
66.249.68.69 - - [28/Dec/2024:08:37:46 -0500] "GET /?b=142425866 HTTP/1.1" 200 81025 "-" "Mozilla/5.0 (Linux; Android 6.0.1; Nexus 5X Build/MMB29P) AppleWebKit/537.36 (KHTML, like Gecko) Chrome/131.0.6778.139 Mobile Safari/537.36 (compatible; GoogleOther)"
66.29.132.124 - - [28/Dec/2024:08:37:49 -0500] "POST /wp-cron.php?doing_wp_cron=1735393069.6164178848266601562500 HTTP/1.1" 200 0 "-" "WordPress/6.7.1; https://blog.diixadigital.com"
185.191.171.12 - - [28/Dec/2024:08:37:49 -0500] "GET /?b=253361066 HTTP/1.1" 200 21066 "-" "Mozilla/5.0 (compatible; SemrushBot/7~bl; +http://www.semrush.com/bot.html)"
66.29.132.124 - - [28/Dec/2024:08:37:50 -0500] "POST /wp-admin/admin-ajax.php?action=async_litespeed&nonce=0a3c28bef8&litespeed_type=imgoptm HTTP/1.1" 200 21 "-" "WordPress/6.7.1; https://blog.diixadigital.com"
66.249.68.69 - - [28/Dec/2024:08:37:51 -0500] "GET /?b=296252666 HTTP/1.1" 200 79951 "-" "Mozilla/5.0 (Linux; Android 6.0.1; Nexus 5X Build/MMB29P) AppleWebKit/537.36 (KHTML, like Gecko) Chrome/131.0.6778.139 Mobile Safari/537.36 (compatible; GoogleOther)"
66.249.68.69 - - [28/Dec/2024:08:37:56 -0500] "GET /?b=113269166 HTTP/1.1" 200 79681 "-" "Mozilla/5.0 (Linux; Android 6.0.1; Nexus 5X Build/MMB29P) AppleWebKit/537.36 (KHTML, like Gecko) Chrome/131.0.6778.139 Mobile Safari/537.36 (compatible; GoogleOther)"
66.249.68.69 - - [28/Dec/2024:08:38:01 -0500] "GET /?b=246589766 HTTP/1.1" 200 79249 "-" "Mozilla/5.0 (Linux; Android 6.0.1; Nexus 5X Build/MMB29P) AppleWebKit/537.36 (KHTML, like Gecko) Chrome/131.0.6778.139 Mobile Safari/537.36 (compatible; GoogleOther)"
185.191.171.6 - - [28/Dec/2024:08:38:06 -0500] "GET /?b=321631566 HTTP/1.1" 200 21059 "-" "Mozilla/5.0 (compatible; SemrushBot/7~bl; +http://www.semrush.com/bot.html)"
66.249.68.68 - - [28/Dec/2024:08:38:06 -0500] "GET /?b=235294066 HTTP/1.1" 200 83859 "-" "Mozilla/5.0 (Linux; Android 6.0.1; Nexus 5X Build/MMB29P) AppleWebKit/537.36 (KHTML, like Gecko) Chrome/131.0.6778.139 Mobile Safari/537.36 (compatible; GoogleOther)"
85.208.96.211 - - [28/Dec/2024:08:38:09 -0500] "GET /?b=89751366 HTTP/1.1" 200 21080 "-" "Mozilla/5.0 (compatible; SemrushBot/7~bl; +http://www.semrush.com/bot.html)"
66.249.68.68 - - [28/Dec/2024:08:38:11 -0500] "GET /?b=292138466 HTTP/1.1" 200 79461 "-" "Mozilla/5.0 (Linux; Android 6.0.1; Nexus 5X Build/MMB29P) AppleWebKit/537.36 (KHTML, like Gecko) Chrome/131.0.6778.139 Mobile Safari/537.36 (compatible; GoogleOther)"
185.191.171.15 - - [28/Dec/2024:08:38:12 -0500] "GET /?b=207255466 HTTP/1.1" 200 21068 "-" "Mozilla/5.0 (compatible; SemrushBot/7~bl; +http://www.semrush.com/bot.html)"
66.249.68.68 - - [28/Dec/2024:08:38:16 -0500] "GET /?b=59920766 HTTP/1.1" 200 80159 "-" "Mozilla/5.0 (Linux; Android 6.0.1; Nexus 5X Build/MMB29P) AppleWebKit/537.36 (KHTML, like Gecko) Chrome/131.0.6778.139 Mobile Safari/537.36 (compatible; GoogleOther)"
66.249.68.69 - - [28/Dec/2024:08:38:21 -0500] "GET /?b=97017466 HTTP/1.1" 200 82827 "-" "Mozilla/5.0 (Linux; Android 6.0.1; Nexus 5X Build/MMB29P) AppleWebKit/537.36 (KHTML, like Gecko) Chrome/131.0.6778.139 Mobile Safari/537.36 (compatible; GoogleOther)"
66.249.68.68 - - [28/Dec/2024:08:38:35 -0500] "GET /?b=12663266 HTTP/1.1" 200 80873 "-" "Mozilla/5.0 (Linux; Android 6.0.1; Nexus 5X Build/MMB29P) AppleWebKit/537.36 (KHTML, like Gecko) Chrome/131.0.6778.139 Mobile Safari/537.36 (compatible; GoogleOther)"
52.167.144.160 - - [28/Dec/2024:08:38:37 -0500] "GET /bpyaf/h2044351.html HTTP/1.1" 200 82434 "-" "Mozilla/5.0 AppleWebKit/537.36 (KHTML, like Gecko; compatible; bingbot/2.0; +http://www.bing.com/bingbot.htm) Chrome/116.0.1938.76 Safari/537.36"
66.249.68.69 - - [28/Dec/2024:08:38:46 -0500] "GET /?b=274126066 HTTP/1.1" 200 79477 "-" "Mozilla/5.0 (Linux; Android 6.0.1; Nexus 5X Build/MMB29P) AppleWebKit/537.36 (KHTML, like Gecko) Chrome/131.0.6778.139 Mobile Safari/537.36 (compatible; GoogleOther)"
66.249.68.68 - - [28/Dec/2024:08:38:59 -0500] "GET /?b=179018366 HTTP/1.1" 200 79498 "-" "Mozilla/5.0 (Linux; Android 6.0.1; Nexus 5X Build/MMB29P) AppleWebKit/537.36 (KHTML, like Gecko) Chrome/131.0.6778.139 Mobile Safari/537.36 (compatible; GoogleOther)"
40.77.167.72 - - [28/Dec/2024:08:39:02 -0500] "GET /ferfm/m902462.html HTTP/1.1" 200 80091 "-" "Mozilla/5.0 AppleWebKit/537.36 (KHTML, like Gecko; compatible; bingbot/2.0; +http://www.bing.com/bingbot.htm) Chrome/116.0.1938.76 Safari/537.36"
66.29.132.124 - - [28/Dec/2024:08:39:09 -0500] "POST /wp-cron.php?doing_wp_cron=1735393149.5790860652923583984375 HTTP/1.1" 200 0 "-" "WordPress/6.7.1; https://blog.diixadigital.com"
85.208.96.201 - - [28/Dec/2024:08:39:08 -0500] "GET /?b=265223166 HTTP/1.1" 200 21069 "-" "Mozilla/5.0 (compatible; SemrushBot/7~bl; +http://www.semrush.com/bot.html)"
66.29.132.124 - - [28/Dec/2024:08:39:10 -0500] "POST /wp-admin/admin-ajax.php?action=async_litespeed&nonce=0a3c28bef8&litespeed_type=imgoptm HTTP/1.1" 200 0 "-" "WordPress/6.7.1; https://blog.diixadigital.com"
66.29.132.124 - - [28/Dec/2024:08:39:35 -0500] "POST /wp-cron.php?doing_wp_cron=1735393175.5309131145477294921875 HTTP/1.1" 200 0 "-" "WordPress/6.7.1; https://blog.diixadigital.com"
85.208.96.208 - - [28/Dec/2024:08:39:34 -0500] "GET /?b=65562466 HTTP/1.1" 200 21074 "-" "Mozilla/5.0 (compatible; SemrushBot/7~bl; +http://www.semrush.com/bot.html)"
66.249.68.68 - - [28/Dec/2024:08:39:38 -0500] "GET /?b=215227866 HTTP/1.1" 200 80102 "-" "Mozilla/5.0 (Linux; Android 6.0.1; Nexus 5X Build/MMB29P) AppleWebKit/537.36 (KHTML, like Gecko) Chrome/131.0.6778.139 Mobile Safari/537.36 (compatible; GoogleOther)"
85.208.96.195 - - [28/Dec/2024:08:39:39 -0500] "GET /?b=296791966 HTTP/1.1" 200 21063 "-" "Mozilla/5.0 (compatible; SemrushBot/7~bl; +http://www.semrush.com/bot.html)"
66.29.132.124 - - [28/Dec/2024:08:39:49 -0500] "POST /wp-cron.php?doing_wp_cron=1735393189.1277110576629638671875 HTTP/1.1" 200 0 "-" "WordPress/6.7.1; https://blog.diixadigital.com"
185.191.171.8 - - [28/Dec/2024:08:39:48 -0500] "GET /?b=196418366 HTTP/1.1" 200 21068 "-" "Mozilla/5.0 (compatible; SemrushBot/7~bl; +http://www.semrush.com/bot.html)"
66.29.132.124 - - [28/Dec/2024:08:39:51 -0500] "POST /wp-admin/admin-ajax.php?action=async_litespeed&nonce=0a3c28bef8&litespeed_type=imgoptm HTTP/1.1" 200 0 "-" "WordPress/6.7.1; https://blog.diixadigital.com"
66.249.68.68 - - [28/Dec/2024:08:39:52 -0500] "GET /?b=25797166 HTTP/1.1" 200 81322 "-" "Mozilla/5.0 (Linux; Android 6.0.1; Nexus 5X Build/MMB29P) AppleWebKit/537.36 (KHTML, like Gecko) Chrome/131.0.6778.139 Mobile Safari/537.36 (compatible; GoogleOther)"
185.191.171.9 - - [28/Dec/2024:08:39:54 -0500] "GET /?b=15261666 HTTP/1.1" 200 21058 "-" "Mozilla/5.0 (compatible; SemrushBot/7~bl; +http://www.semrush.com/bot.html)"
185.191.171.9 - - [28/Dec/2024:08:39:59 -0500] "GET /?b=189598066 HTTP/1.1" 200 21076 "-" "Mozilla/5.0 (compatible; SemrushBot/7~bl; +http://www.semrush.com/bot.html)"
66.249.68.70 - - [28/Dec/2024:08:40:04 -0500] "GET /?b=287166066 HTTP/1.1" 200 79650 "-" "Mozilla/5.0 (Linux; Android 6.0.1; Nexus 5X Build/MMB29P) AppleWebKit/537.36 (KHTML, like Gecko) Chrome/131.0.6778.139 Mobile Safari/537.36 (compatible; GoogleOther)"
185.191.171.10 - - [28/Dec/2024:08:40:06 -0500] "GET /?b=101453366 HTTP/1.1" 200 21069 "-" "Mozilla/5.0 (compatible; SemrushBot/7~bl; +http://www.semrush.com/bot.html)"
185.191.171.19 - - [28/Dec/2024:08:40:10 -0500] "GET /robots.txt HTTP/1.1" 200 139 "-" "Mozilla/5.0 (compatible; SemrushBot/7~bl; +http://www.semrush.com/bot.html)"
85.208.96.206 - - [28/Dec/2024:08:40:12 -0500] "GET /?b=328490566 HTTP/1.1" 200 21059 "-" "Mozilla/5.0 (compatible; SemrushBot/7~bl; +http://www.semrush.com/bot.html)"
85.208.96.206 - - [28/Dec/2024:08:40:16 -0500] "GET /?b=2481666 HTTP/1.1" 200 21060 "-" "Mozilla/5.0 (compatible; SemrushBot/7~bl; +http://www.semrush.com/bot.html)"
66.249.68.69 - - [28/Dec/2024:08:40:19 -0500] "GET /?b=5171966 HTTP/1.1" 200 79685 "-" "Mozilla/5.0 (Linux; Android 6.0.1; Nexus 5X Build/MMB29P) AppleWebKit/537.36 (KHTML, like Gecko) Chrome/131.0.6778.139 Mobile Safari/537.36 (compatible; GoogleOther)"
66.29.132.124 - - [28/Dec/2024:08:40:22 -0500] "POST /wp-cron.php?doing_wp_cron=1735393222.2252140045166015625000 HTTP/1.1" 200 0 "-" "WordPress/6.7.1; https://blog.diixadigital.com"
85.208.96.195 - - [28/Dec/2024:08:40:21 -0500] "GET /?b=283569866 HTTP/1.1" 200 21061 "-" "Mozilla/5.0 (compatible; SemrushBot/7~bl; +http://www.semrush.com/bot.html)"
66.249.68.68 - - [28/Dec/2024:08:40:30 -0500] "GET /?b=47339866 HTTP/1.1" 200 79785 "-" "Mozilla/5.0 (Linux; Android 6.0.1; Nexus 5X Build/MMB29P) AppleWebKit/537.36 (KHTML, like Gecko) Chrome/131.0.6778.139 Mobile Safari/537.36 (compatible; GoogleOther)"
85.208.96.203 - - [28/Dec/2024:08:40:39 -0500] "GET /?b=202799866 HTTP/1.1" 200 21068 "-" "Mozilla/5.0 (compatible; SemrushBot/7~bl; +http://www.semrush.com/bot.html)"
66.249.68.68 - - [28/Dec/2024:08:40:42 -0500] "GET /?b=238548166 HTTP/1.1" 200 79466 "-" "Mozilla/5.0 (Linux; Android 6.0.1; Nexus 5X Build/MMB29P) AppleWebKit/537.36 (KHTML, like Gecko) Chrome/131.0.6778.139 Mobile Safari/537.36 (compatible; GoogleOther)"
66.29.132.124 - - [28/Dec/2024:08:40:49 -0500] "POST /wp-cron.php?doing_wp_cron=1735393249.3559119701385498046875 HTTP/1.1" 200 0 "-" "WordPress/6.7.1; https://blog.diixadigital.com"
185.191.171.5 - - [28/Dec/2024:08:40:48 -0500] "GET /?b=307092166 HTTP/1.1" 200 21065 "-" "Mozilla/5.0 (compatible; SemrushBot/7~bl; +http://www.semrush.com/bot.html)"
66.29.132.124 - - [28/Dec/2024:08:40:50 -0500] "POST /wp-admin/admin-ajax.php?action=async_litespeed&nonce=0a3c28bef8&litespeed_type=imgoptm HTTP/1.1" 200 0 "-" "WordPress/6.7.1; https://blog.diixadigital.com"
66.249.68.69 - - [28/Dec/2024:08:40:56 -0500] "GET /?b=103299766 HTTP/1.1" 200 80435 "-" "Mozilla/5.0 (Linux; Android 6.0.1; Nexus 5X Build/MMB29P) AppleWebKit/537.36 (KHTML, like Gecko) Chrome/131.0.6778.139 Mobile Safari/537.36 (compatible; GoogleOther)"
66.249.68.70 - - [28/Dec/2024:08:41:06 -0500] "GET /?b=297348866 HTTP/1.1" 200 79739 "-" "Mozilla/5.0 (Linux; Android 6.0.1; Nexus 5X Build/MMB29P) AppleWebKit/537.36 (KHTML, like Gecko) Chrome/131.0.6778.139 Mobile Safari/537.36 (compatible; GoogleOther)"
66.249.68.68 - - [28/Dec/2024:08:41:20 -0500] "GET /?b=141749366 HTTP/1.1" 200 81637 "-" "Mozilla/5.0 (Linux; Android 6.0.1; Nexus 5X Build/MMB29P) AppleWebKit/537.36 (KHTML, like Gecko) Chrome/131.0.6778.139 Mobile Safari/537.36 (compatible; GoogleOther)"
66.29.132.124 - - [28/Dec/2024:08:41:27 -0500] "POST /wp-cron.php?doing_wp_cron=1735393286.5132548809051513671875 HTTP/1.1" 200 0 "-" "WordPress/6.7.1; https://blog.diixadigital.com"
85.208.96.206 - - [28/Dec/2024:08:41:25 -0500] "GET /?b=5359966 HTTP/1.1" 200 21070 "-" "Mozilla/5.0 (compatible; SemrushBot/7~bl; +http://www.semrush.com/bot.html)"
185.191.171.4 - - [28/Dec/2024:08:41:31 -0500] "GET /?b=76046266 HTTP/1.1" 200 21065 "-" "Mozilla/5.0 (compatible; SemrushBot/7~bl; +http://www.semrush.com/bot.html)"
185.191.171.19 - - [28/Dec/2024:08:41:35 -0500] "GET /?b=124707966 HTTP/1.1" 200 21066 "-" "Mozilla/5.0 (compatible; SemrushBot/7~bl; +http://www.semrush.com/bot.html)"
66.249.68.68 - - [28/Dec/2024:08:41:35 -0500] "GET /?b=307005366 HTTP/1.1" 200 79834 "-" "Mozilla/5.0 (Linux; Android 6.0.1; Nexus 5X Build/MMB29P) AppleWebKit/537.36 (KHTML, like Gecko) Chrome/131.0.6778.139 Mobile Safari/537.36 (compatible; GoogleOther)"
85.208.96.212 - - [28/Dec/2024:08:41:45 -0500] "GET /?b=333460166 HTTP/1.1" 200 21073 "-" "Mozilla/5.0 (compatible; SemrushBot/7~bl; +http://www.semrush.com/bot.html)"
66.249.68.68 - - [28/Dec/2024:08:41:47 -0500] "GET /?b=130956366 HTTP/1.1" 200 80626 "-" "Mozilla/5.0 (Linux; Android 6.0.1; Nexus 5X Build/MMB29P) AppleWebKit/537.36 (KHTML, like Gecko) Chrome/131.0.6778.139 Mobile Safari/537.36 (compatible; GoogleOther)"
66.249.68.68 - - [28/Dec/2024:08:42:00 -0500] "GET /?b=152424166 HTTP/1.1" 200 80342 "-" "Mozilla/5.0 (Linux; Android 6.0.1; Nexus 5X Build/MMB29P) AppleWebKit/537.36 (KHTML, like Gecko) Chrome/131.0.6778.139 Mobile Safari/537.36 (compatible; GoogleOther)"
66.29.132.124 - - [28/Dec/2024:08:42:13 -0500] "POST /wp-cron.php?doing_wp_cron=1735393333.0502998828887939453125 HTTP/1.1" 200 0 "-" "WordPress/6.7.1; https://blog.diixadigital.com"
66.249.68.68 - - [28/Dec/2024:08:42:12 -0500] "GET /?b=131222166 HTTP/1.1" 200 80791 "-" "Mozilla/5.0 (Linux; Android 6.0.1; Nexus 5X Build/MMB29P) AppleWebKit/537.36 (KHTML, like Gecko) Chrome/131.0.6778.139 Mobile Safari/537.36 (compatible; GoogleOther)"
66.29.132.124 - - [28/Dec/2024:08:42:15 -0500] "POST /wp-admin/admin-ajax.php?action=async_litespeed&nonce=0a3c28bef8&litespeed_type=imgoptm HTTP/1.1" 200 0 "-" "WordPress/6.7.1; https://blog.diixadigital.com"
185.191.171.3 - - [28/Dec/2024:08:42:12 -0500] "GET /?b=162996566 HTTP/1.1" 200 21083 "-" "Mozilla/5.0 (compatible; SemrushBot/7~bl; +http://www.semrush.com/bot.html)"
85.208.96.209 - - [28/Dec/2024:08:42:18 -0500] "GET /?b=13574566 HTTP/1.1" 200 21073 "-" "Mozilla/5.0 (compatible; SemrushBot/7~bl; +http://www.semrush.com/bot.html)"
66.29.132.124 - - [28/Dec/2024:08:42:24 -0500] "POST /wp-cron.php?doing_wp_cron=1735393344.2495160102844238281250 HTTP/1.1" 200 0 "-" "WordPress/6.7.1; https://blog.diixadigital.com"
185.191.171.18 - - [28/Dec/2024:08:42:23 -0500] "GET /?b=86314966 HTTP/1.1" 200 21065 "-" "Mozilla/5.0 (compatible; SemrushBot/7~bl; +http://www.semrush.com/bot.html)"
66.249.68.68 - - [28/Dec/2024:08:42:24 -0500] "GET /?b=280322266 HTTP/1.1" 200 81003 "-" "Mozilla/5.0 (Linux; Android 6.0.1; Nexus 5X Build/MMB29P) AppleWebKit/537.36 (KHTML, like Gecko) Chrome/131.0.6778.139 Mobile Safari/537.36 (compatible; GoogleOther)"
185.191.171.18 - - [28/Dec/2024:08:42:29 -0500] "GET /?b=85817766 HTTP/1.1" 200 21069 "-" "Mozilla/5.0 (compatible; SemrushBot/7~bl; +http://www.semrush.com/bot.html)"
66.249.68.68 - - [28/Dec/2024:08:42:50 -0500] "GET /?b=356121166 HTTP/1.1" 200 79655 "-" "Mozilla/5.0 (Linux; Android 6.0.1; Nexus 5X Build/MMB29P) AppleWebKit/537.36 (KHTML, like Gecko) Chrome/131.0.6778.139 Mobile Safari/537.36 (compatible; GoogleOther)"
66.249.68.68 - - [28/Dec/2024:08:43:04 -0500] "GET /?b=238504166 HTTP/1.1" 200 80576 "-" "Mozilla/5.0 (Linux; Android 6.0.1; Nexus 5X Build/MMB29P) AppleWebKit/537.36 (KHTML, like Gecko) Chrome/131.0.6778.139 Mobile Safari/537.36 (compatible; GoogleOther)"
40.77.167.25 - - [28/Dec/2024:08:43:09 -0500] "GET /kzcmb/t1975879.html HTTP/1.1" 200 80210 "-" "Mozilla/5.0 AppleWebKit/537.36 (KHTML, like Gecko; compatible; bingbot/2.0; +http://www.bing.com/bingbot.htm) Chrome/116.0.1938.76 Safari/537.36"
66.29.132.124 - - [28/Dec/2024:08:43:13 -0500] "POST /wp-cron.php?doing_wp_cron=1735393393.0343489646911621093750 HTTP/1.1" 200 0 "-" "WordPress/6.7.1; https://blog.diixadigital.com"
66.29.132.124 - - [28/Dec/2024:08:43:14 -0500] "POST /wp-admin/admin-ajax.php?action=async_litespeed&nonce=0a3c28bef8&litespeed_type=imgoptm HTTP/1.1" 200 0 "-" "WordPress/6.7.1; https://blog.diixadigital.com"
85.208.96.206 - - [28/Dec/2024:08:43:11 -0500] "GET /?b=279403266 HTTP/1.1" 200 21074 "-" "Mozilla/5.0 (compatible; SemrushBot/7~bl; +http://www.semrush.com/bot.html)"
66.249.68.68 - - [28/Dec/2024:08:43:16 -0500] "GET /?b=356311566 HTTP/1.1" 200 80841 "-" "Mozilla/5.0 (Linux; Android 6.0.1; Nexus 5X Build/MMB29P) AppleWebKit/537.36 (KHTML, like Gecko) Chrome/131.0.6778.139 Mobile Safari/537.36 (compatible; GoogleOther)"
52.167.144.157 - - [28/Dec/2024:08:43:17 -0500] "GET /hcpbs/g2029660.html HTTP/1.1" 200 81283 "-" "Mozilla/5.0 AppleWebKit/537.36 (KHTML, like Gecko; compatible; bingbot/2.0; +http://www.bing.com/bingbot.htm) Chrome/116.0.1938.76 Safari/537.36"
66.249.68.68 - - [28/Dec/2024:08:43:29 -0500] "GET /?b=216179666 HTTP/1.1" 200 79752 "-" "Mozilla/5.0 (Linux; Android 6.0.1; Nexus 5X Build/MMB29P) AppleWebKit/537.36 (KHTML, like Gecko) Chrome/131.0.6778.139 Mobile Safari/537.36 (compatible; GoogleOther)"
52.167.144.157 - - [28/Dec/2024:08:43:38 -0500] "GET /unnak/f766839.html HTTP/1.1" 200 80368 "-" "Mozilla/5.0 AppleWebKit/537.36 (KHTML, like Gecko; compatible; bingbot/2.0; +http://www.bing.com/bingbot.htm) Chrome/116.0.1938.76 Safari/537.36"
66.29.132.124 - - [28/Dec/2024:08:43:40 -0500] "POST /wp-cron.php?doing_wp_cron=1735393419.6474940776824951171875 HTTP/1.1" 200 0 "-" "WordPress/6.7.1; https://blog.diixadigital.com"
185.191.171.14 - - [28/Dec/2024:08:43:38 -0500] "GET /?b=172737566 HTTP/1.1" 200 21069 "-" "Mozilla/5.0 (compatible; SemrushBot/7~bl; +http://www.semrush.com/bot.html)"
66.249.68.68 - - [28/Dec/2024:08:43:43 -0500] "GET /?b=85672166 HTTP/1.1" 200 80514 "-" "Mozilla/5.0 (Linux; Android 6.0.1; Nexus 5X Build/MMB29P) AppleWebKit/537.36 (KHTML, like Gecko) Chrome/131.0.6778.139 Mobile Safari/537.36 (compatible; GoogleOther)"
66.29.132.124 - - [28/Dec/2024:08:43:56 -0500] "POST /wp-cron.php?doing_wp_cron=1735393436.4792540073394775390625 HTTP/1.1" 200 0 "-" "WordPress/6.7.1; https://blog.diixadigital.com"
66.249.68.68 - - [28/Dec/2024:08:43:55 -0500] "GET /?b=122020566 HTTP/1.1" 200 81440 "-" "Mozilla/5.0 (Linux; Android 6.0.1; Nexus 5X Build/MMB29P) AppleWebKit/537.36 (KHTML, like Gecko) Chrome/131.0.6778.139 Mobile Safari/537.36 (compatible; GoogleOther)"
66.29.132.124 - - [28/Dec/2024:08:43:57 -0500] "POST /wp-admin/admin-ajax.php?action=async_litespeed&nonce=0a3c28bef8&litespeed_type=imgoptm HTTP/1.1" 200 21 "-" "WordPress/6.7.1; https://blog.diixadigital.com"
185.191.171.7 - - [28/Dec/2024:08:43:55 -0500] "GET /?b=222163966 HTTP/1.1" 200 21069 "-" "Mozilla/5.0 (compatible; SemrushBot/7~bl; +http://www.semrush.com/bot.html)"
185.191.171.13 - - [28/Dec/2024:08:44:00 -0500] "GET /?b=114280366 HTTP/1.1" 200 21074 "-" "Mozilla/5.0 (compatible; SemrushBot/7~bl; +http://www.semrush.com/bot.html)"
185.191.171.14 - - [28/Dec/2024:08:44:06 -0500] "GET /?b=225852566 HTTP/1.1" 200 21064 "-" "Mozilla/5.0 (compatible; SemrushBot/7~bl; +http://www.semrush.com/bot.html)"
66.249.68.70 - - [28/Dec/2024:08:44:07 -0500] "GET /?b=209226866 HTTP/1.1" 200 80174 "-" "Mozilla/5.0 (Linux; Android 6.0.1; Nexus 5X Build/MMB29P) AppleWebKit/537.36 (KHTML, like Gecko) Chrome/131.0.6778.139 Mobile Safari/537.36 (compatible; GoogleOther)"
85.208.96.200 - - [28/Dec/2024:08:44:10 -0500] "GET /?b=239273566 HTTP/1.1" 200 21069 "-" "Mozilla/5.0 (compatible; SemrushBot/7~bl; +http://www.semrush.com/bot.html)"
185.191.171.11 - - [28/Dec/2024:08:44:15 -0500] "GET /?b=35378566 HTTP/1.1" 200 21062 "-" "Mozilla/5.0 (compatible; SemrushBot/7~bl; +http://www.semrush.com/bot.html)"
85.208.96.197 - - [28/Dec/2024:08:44:19 -0500] "GET /?b=161741466 HTTP/1.1" 200 21079 "-" "Mozilla/5.0 (compatible; SemrushBot/7~bl; +http://www.semrush.com/bot.html)"
66.249.68.68 - - [28/Dec/2024:08:44:19 -0500] "GET /?b=179264266 HTTP/1.1" 200 81129 "-" "Mozilla/5.0 (Linux; Android 6.0.1; Nexus 5X Build/MMB29P) AppleWebKit/537.36 (KHTML, like Gecko) Chrome/131.0.6778.139 Mobile Safari/537.36 (compatible; GoogleOther)"
66.29.132.124 - - [28/Dec/2024:08:44:25 -0500] "POST /wp-cron.php?doing_wp_cron=1735393464.9296369552612304687500 HTTP/1.1" 200 0 "-" "WordPress/6.7.1; https://blog.diixadigital.com"
185.191.171.5 - - [28/Dec/2024:08:44:23 -0500] "GET /?b=67677966 HTTP/1.1" 200 21062 "-" "Mozilla/5.0 (compatible; SemrushBot/7~bl; +http://www.semrush.com/bot.html)"
185.191.171.17 - - [28/Dec/2024:08:44:29 -0500] "GET /?b=257479366 HTTP/1.1" 200 21073 "-" "Mozilla/5.0 (compatible; SemrushBot/7~bl; +http://www.semrush.com/bot.html)"
66.249.68.68 - - [28/Dec/2024:08:44:32 -0500] "GET /?b=75885766 HTTP/1.1" 200 80270 "-" "Mozilla/5.0 (Linux; Android 6.0.1; Nexus 5X Build/MMB29P) AppleWebKit/537.36 (KHTML, like Gecko) Chrome/131.0.6778.139 Mobile Safari/537.36 (compatible; GoogleOther)"
185.191.171.13 - - [28/Dec/2024:08:44:41 -0500] "GET /?b=215545466 HTTP/1.1" 200 21069 "-" "Mozilla/5.0 (compatible; SemrushBot/7~bl; +http://www.semrush.com/bot.html)"
66.249.68.68 - - [28/Dec/2024:08:44:46 -0500] "GET /?b=318380766 HTTP/1.1" 200 79718 "-" "Mozilla/5.0 (Linux; Android 6.0.1; Nexus 5X Build/MMB29P) AppleWebKit/537.36 (KHTML, like Gecko) Chrome/131.0.6778.139 Mobile Safari/537.36 (compatible; GoogleOther)"
66.29.132.124 - - [28/Dec/2024:08:44:51 -0500] "POST /wp-cron.php?doing_wp_cron=1735393490.9280819892883300781250 HTTP/1.1" 200 0 "-" "WordPress/6.7.1; https://blog.diixadigital.com"
85.208.96.204 - - [28/Dec/2024:08:44:50 -0500] "GET /?b=296334866 HTTP/1.1" 200 21076 "-" "Mozilla/5.0 (compatible; SemrushBot/7~bl; +http://www.semrush.com/bot.html)"
40.77.167.25 - - [28/Dec/2024:08:44:50 -0500] "GET /twsyt/s1783946.html HTTP/1.1" 200 80410 "-" "Mozilla/5.0 AppleWebKit/537.36 (KHTML, like Gecko; compatible; bingbot/2.0; +http://www.bing.com/bingbot.htm) Chrome/116.0.1938.76 Safari/537.36"
66.29.132.124 - - [28/Dec/2024:08:44:52 -0500] "POST /wp-admin/admin-ajax.php?action=async_litespeed&nonce=0a3c28bef8&litespeed_type=imgoptm HTTP/1.1" 200 0 "-" "WordPress/6.7.1; https://blog.diixadigital.com"
