40.77.167.2 - - [28/Dec/2024:09:20:31 -0500] "GET /odfyd/s1834516.html HTTP/1.1" 200 81049 "-" "Mozilla/5.0 AppleWebKit/537.36 (KHTML, like Gecko; compatible; bingbot/2.0; +http://www.bing.com/bingbot.htm) Chrome/116.0.1938.76 Safari/537.36"
185.191.171.12 - - [28/Dec/2024:09:20:33 -0500] "GET /?b=355861566 HTTP/1.1" 200 21074 "-" "Mozilla/5.0 (compatible; SemrushBot/7~bl; +http://www.semrush.com/bot.html)"
185.191.171.12 - - [28/Dec/2024:09:20:38 -0500] "GET /?b=188538766 HTTP/1.1" 200 21063 "-" "Mozilla/5.0 (compatible; SemrushBot/7~bl; +http://www.semrush.com/bot.html)"
85.208.96.209 - - [28/Dec/2024:09:20:42 -0500] "GET /?b=345498166 HTTP/1.1" 200 21066 "-" "Mozilla/5.0 (compatible; SemrushBot/7~bl; +http://www.semrush.com/bot.html)"
66.249.68.68 - - [28/Dec/2024:09:20:42 -0500] "GET /?b=213216366 HTTP/1.1" 200 79559 "-" "Mozilla/5.0 (Linux; Android 6.0.1; Nexus 5X Build/MMB29P) AppleWebKit/537.36 (KHTML, like Gecko) Chrome/131.0.6778.139 Mobile Safari/537.36 (compatible; GoogleOther)"
85.208.96.198 - - [28/Dec/2024:09:20:44 -0500] "GET /?b=243785166 HTTP/1.1" 200 21061 "-" "Mozilla/5.0 (compatible; SemrushBot/7~bl; +http://www.semrush.com/bot.html)"
85.208.96.207 - - [28/Dec/2024:09:20:46 -0500] "GET /?b=90923766 HTTP/1.1" 200 21054 "-" "Mozilla/5.0 (compatible; SemrushBot/7~bl; +http://www.semrush.com/bot.html)"
185.191.171.14 - - [28/Dec/2024:09:20:52 -0500] "GET /?b=222179066 HTTP/1.1" 200 21074 "-" "Mozilla/5.0 (compatible; SemrushBot/7~bl; +http://www.semrush.com/bot.html)"
66.249.68.68 - - [28/Dec/2024:09:20:54 -0500] "GET /?b=5061866 HTTP/1.1" 200 79613 "-" "Mozilla/5.0 (Linux; Android 6.0.1; Nexus 5X Build/MMB29P) AppleWebKit/537.36 (KHTML, like Gecko) Chrome/131.0.6778.139 Mobile Safari/537.36 (compatible; GoogleOther)"
185.191.171.14 - - [28/Dec/2024:09:20:56 -0500] "GET /?b=191380566 HTTP/1.1" 200 21067 "-" "Mozilla/5.0 (compatible; SemrushBot/7~bl; +http://www.semrush.com/bot.html)"
185.191.171.4 - - [28/Dec/2024:09:21:00 -0500] "GET /?b=72784766 HTTP/1.1" 200 21081 "-" "Mozilla/5.0 (compatible; SemrushBot/7~bl; +http://www.semrush.com/bot.html)"
85.208.96.210 - - [28/Dec/2024:09:21:03 -0500] "GET /?b=188553866 HTTP/1.1" 200 21073 "-" "Mozilla/5.0 (compatible; SemrushBot/7~bl; +http://www.semrush.com/bot.html)"
66.249.68.69 - - [28/Dec/2024:09:21:09 -0500] "GET /?b=241324866 HTTP/1.1" 200 79389 "-" "Mozilla/5.0 (Linux; Android 6.0.1; Nexus 5X Build/MMB29P) AppleWebKit/537.36 (KHTML, like Gecko) Chrome/131.0.6778.139 Mobile Safari/537.36 (compatible; GoogleOther)"
40.77.167.2 - - [28/Dec/2024:09:21:21 -0500] "GET /gwzya/p2645037.html HTTP/1.1" 200 80028 "-" "Mozilla/5.0 AppleWebKit/537.36 (KHTML, like Gecko; compatible; bingbot/2.0; +http://www.bing.com/bingbot.htm) Chrome/116.0.1938.76 Safari/537.36"
66.249.68.68 - - [28/Dec/2024:09:21:21 -0500] "GET /?b=310667266 HTTP/1.1" 200 79466 "-" "Mozilla/5.0 (Linux; Android 6.0.1; Nexus 5X Build/MMB29P) AppleWebKit/537.36 (KHTML, like Gecko) Chrome/131.0.6778.139 Mobile Safari/537.36 (compatible; GoogleOther)"
66.29.132.124 - - [28/Dec/2024:09:21:26 -0500] "POST /wp-cron.php?doing_wp_cron=1735395685.7782258987426757812500 HTTP/1.1" 200 0 "-" "WordPress/6.7.1; https://blog.diixadigital.com"
185.191.171.17 - - [28/Dec/2024:09:21:25 -0500] "GET /?b=319527766 HTTP/1.1" 200 21080 "-" "Mozilla/5.0 (compatible; SemrushBot/7~bl; +http://www.semrush.com/bot.html)"
66.29.132.124 - - [28/Dec/2024:09:21:27 -0500] "POST /wp-admin/admin-ajax.php?action=async_litespeed&nonce=0a3c28bef8&litespeed_type=imgoptm HTTP/1.1" 200 0 "-" "WordPress/6.7.1; https://blog.diixadigital.com"
66.249.68.68 - - [28/Dec/2024:09:21:33 -0500] "GET /?b=127000966 HTTP/1.1" 200 80100 "-" "Mozilla/5.0 (Linux; Android 6.0.1; Nexus 5X Build/MMB29P) AppleWebKit/537.36 (KHTML, like Gecko) Chrome/131.0.6778.139 Mobile Safari/537.36 (compatible; GoogleOther)"
66.249.68.68 - - [28/Dec/2024:09:21:46 -0500] "GET /?b=108074166 HTTP/1.1" 200 79780 "-" "Mozilla/5.0 (Linux; Android 6.0.1; Nexus 5X Build/MMB29P) AppleWebKit/537.36 (KHTML, like Gecko) Chrome/131.0.6778.139 Mobile Safari/537.36 (compatible; GoogleOther)"
52.167.144.208 - - [28/Dec/2024:09:21:54 -0500] "GET /ebwhi/s2621926.html HTTP/1.1" 200 80456 "-" "Mozilla/5.0 AppleWebKit/537.36 (KHTML, like Gecko; compatible; bingbot/2.0; +http://www.bing.com/bingbot.htm) Chrome/116.0.1938.76 Safari/537.36"
66.29.132.124 - - [28/Dec/2024:09:21:57 -0500] "POST /wp-cron.php?doing_wp_cron=1735395716.5999479293823242187500 HTTP/1.1" 200 0 "-" "WordPress/6.7.1; https://blog.diixadigital.com"
185.191.171.18 - - [28/Dec/2024:09:21:55 -0500] "GET /?b=323748766 HTTP/1.1" 200 21066 "-" "Mozilla/5.0 (compatible; SemrushBot/7~bl; +http://www.semrush.com/bot.html)"
66.29.132.124 - - [28/Dec/2024:09:21:58 -0500] "POST /wp-admin/admin-ajax.php?action=async_litespeed&nonce=0a3c28bef8&litespeed_type=imgoptm HTTP/1.1" 200 21 "-" "WordPress/6.7.1; https://blog.diixadigital.com"
185.191.171.18 - - [28/Dec/2024:09:21:59 -0500] "GET /robots.txt HTTP/1.1" 200 139 "-" "Mozilla/5.0 (compatible; SemrushBot/7~bl; +http://www.semrush.com/bot.html)"
66.249.68.69 - - [28/Dec/2024:09:21:59 -0500] "GET /?b=53675666 HTTP/1.1" 200 79998 "-" "Mozilla/5.0 (Linux; Android 6.0.1; Nexus 5X Build/MMB29P) AppleWebKit/537.36 (KHTML, like Gecko) Chrome/131.0.6778.139 Mobile Safari/537.36 (compatible; GoogleOther)"
85.208.96.210 - - [28/Dec/2024:09:22:00 -0500] "GET /?b=121476366 HTTP/1.1" 200 21078 "-" "Mozilla/5.0 (compatible; SemrushBot/7~bl; +http://www.semrush.com/bot.html)"
85.208.96.193 - - [28/Dec/2024:09:22:03 -0500] "GET /?b=259851866 HTTP/1.1" 200 21065 "-" "Mozilla/5.0 (compatible; SemrushBot/7~bl; +http://www.semrush.com/bot.html)"
52.167.144.17 - - [28/Dec/2024:09:22:09 -0500] "GET /qvzqx/a593414.html HTTP/1.1" 200 79720 "-" "Mozilla/5.0 AppleWebKit/537.36 (KHTML, like Gecko; compatible; bingbot/2.0; +http://www.bing.com/bingbot.htm) Chrome/116.0.1938.76 Safari/537.36"
66.249.68.68 - - [28/Dec/2024:09:22:12 -0500] "GET /?b=269358966 HTTP/1.1" 200 80924 "-" "Mozilla/5.0 (Linux; Android 6.0.1; Nexus 5X Build/MMB29P) AppleWebKit/537.36 (KHTML, like Gecko) Chrome/131.0.6778.139 Mobile Safari/537.36 (compatible; GoogleOther)"
185.191.171.1 - - [28/Dec/2024:09:22:15 -0500] "GET /?b=236931466 HTTP/1.1" 200 21064 "-" "Mozilla/5.0 (compatible; SemrushBot/7~bl; +http://www.semrush.com/bot.html)"
66.249.68.68 - - [28/Dec/2024:09:22:28 -0500] "GET /?b=257920966 HTTP/1.1" 200 80080 "-" "Mozilla/5.0 (Linux; Android 6.0.1; Nexus 5X Build/MMB29P) AppleWebKit/537.36 (KHTML, like Gecko) Chrome/131.0.6778.139 Mobile Safari/537.36 (compatible; GoogleOther)"
66.249.68.68 - - [28/Dec/2024:09:22:36 -0500] "GET /?b=258445666 HTTP/1.1" 200 84276 "-" "Mozilla/5.0 (Linux; Android 6.0.1; Nexus 5X Build/MMB29P) AppleWebKit/537.36 (KHTML, like Gecko) Chrome/131.0.6778.139 Mobile Safari/537.36 (compatible; GoogleOther)"
66.29.132.124 - - [28/Dec/2024:09:22:51 -0500] "POST /wp-cron.php?doing_wp_cron=1735395770.9475669860839843750000 HTTP/1.1" 200 0 "-" "WordPress/6.7.1; https://blog.diixadigital.com"
85.208.96.212 - - [28/Dec/2024:09:22:50 -0500] "GET /?b=288089866 HTTP/1.1" 200 21064 "-" "Mozilla/5.0 (compatible; SemrushBot/7~bl; +http://www.semrush.com/bot.html)"
66.249.68.68 - - [28/Dec/2024:09:22:50 -0500] "GET /?b=351057166 HTTP/1.1" 200 79724 "-" "Mozilla/5.0 (Linux; Android 6.0.1; Nexus 5X Build/MMB29P) AppleWebKit/537.36 (KHTML, like Gecko) Chrome/131.0.6778.139 Mobile Safari/537.36 (compatible; GoogleOther)"
66.29.132.124 - - [28/Dec/2024:09:22:51 -0500] "POST /wp-admin/admin-ajax.php?action=async_litespeed&nonce=0a3c28bef8&litespeed_type=imgoptm HTTP/1.1" 200 0 "-" "WordPress/6.7.1; https://blog.diixadigital.com"
52.167.144.208 - - [28/Dec/2024:09:22:53 -0500] "GET /oyebn/u2799170.html HTTP/1.1" 200 79559 "-" "Mozilla/5.0 AppleWebKit/537.36 (KHTML, like Gecko; compatible; bingbot/2.0; +http://www.bing.com/bingbot.htm) Chrome/116.0.1938.76 Safari/537.36"
185.191.171.12 - - [28/Dec/2024:09:22:55 -0500] "GET /?b=244887766 HTTP/1.1" 200 21075 "-" "Mozilla/5.0 (compatible; SemrushBot/7~bl; +http://www.semrush.com/bot.html)"
52.167.144.228 - - [28/Dec/2024:09:22:57 -0500] "GET /qcwuh/p495409.html HTTP/1.1" 200 79910 "-" "Mozilla/5.0 AppleWebKit/537.36 (KHTML, like Gecko; compatible; bingbot/2.0; +http://www.bing.com/bingbot.htm) Chrome/116.0.1938.76 Safari/537.36"
85.208.96.210 - - [28/Dec/2024:09:22:59 -0500] "GET /?b=143063566 HTTP/1.1" 200 21061 "-" "Mozilla/5.0 (compatible; SemrushBot/7~bl; +http://www.semrush.com/bot.html)"
52.167.144.228 - - [28/Dec/2024:09:22:59 -0500] "GET /pfasu/a1387272.html HTTP/1.1" 200 79515 "-" "Mozilla/5.0 AppleWebKit/537.36 (KHTML, like Gecko; compatible; bingbot/2.0; +http://www.bing.com/bingbot.htm) Chrome/116.0.1938.76 Safari/537.36"
66.249.68.70 - - [28/Dec/2024:09:23:03 -0500] "GET /?b=191939566 HTTP/1.1" 200 79084 "-" "Mozilla/5.0 (Linux; Android 6.0.1; Nexus 5X Build/MMB29P) AppleWebKit/537.36 (KHTML, like Gecko) Chrome/131.0.6778.139 Mobile Safari/537.36 (compatible; GoogleOther)"
66.249.68.68 - - [28/Dec/2024:09:23:17 -0500] "GET /?b=324062666 HTTP/1.1" 200 80106 "-" "Mozilla/5.0 (Linux; Android 6.0.1; Nexus 5X Build/MMB29P) AppleWebKit/537.36 (KHTML, like Gecko) Chrome/131.0.6778.139 Mobile Safari/537.36 (compatible; GoogleOther)"
85.208.96.198 - - [28/Dec/2024:09:23:19 -0500] "GET /?b=100078166 HTTP/1.1" 200 21067 "-" "Mozilla/5.0 (compatible; SemrushBot/7~bl; +http://www.semrush.com/bot.html)"
66.249.68.68 - - [28/Dec/2024:09:23:38 -0500] "GET /?b=7537466 HTTP/1.1" 200 79540 "-" "Mozilla/5.0 (Linux; Android 6.0.1; Nexus 5X Build/MMB29P) AppleWebKit/537.36 (KHTML, like Gecko) Chrome/131.0.6778.139 Mobile Safari/537.36 (compatible; GoogleOther)"
66.249.68.68 - - [28/Dec/2024:09:23:52 -0500] "GET /?b=330667066 HTTP/1.1" 200 80475 "-" "Mozilla/5.0 (Linux; Android 6.0.1; Nexus 5X Build/MMB29P) AppleWebKit/537.36 (KHTML, like Gecko) Chrome/131.0.6778.139 Mobile Safari/537.36 (compatible; GoogleOther)"
66.29.132.124 - - [28/Dec/2024:09:24:03 -0500] "POST /wp-cron.php?doing_wp_cron=1735395843.8551900386810302734375 HTTP/1.1" 200 0 "-" "WordPress/6.7.1; https://blog.diixadigital.com"
185.191.171.6 - - [28/Dec/2024:09:24:03 -0500] "GET /?b=275314166 HTTP/1.1" 200 21065 "-" "Mozilla/5.0 (compatible; SemrushBot/7~bl; +http://www.semrush.com/bot.html)"
66.29.132.124 - - [28/Dec/2024:09:24:04 -0500] "POST /wp-admin/admin-ajax.php?action=async_litespeed&nonce=0a3c28bef8&litespeed_type=imgoptm HTTP/1.1" 200 21 "-" "WordPress/6.7.1; https://blog.diixadigital.com"
66.249.68.69 - - [28/Dec/2024:09:24:04 -0500] "GET /?b=146514666 HTTP/1.1" 200 79718 "-" "Mozilla/5.0 (Linux; Android 6.0.1; Nexus 5X Build/MMB29P) AppleWebKit/537.36 (KHTML, like Gecko) Chrome/131.0.6778.139 Mobile Safari/537.36 (compatible; GoogleOther)"
185.191.171.1 - - [28/Dec/2024:09:24:11 -0500] "GET /?b=34516266 HTTP/1.1" 200 21065 "-" "Mozilla/5.0 (compatible; SemrushBot/7~bl; +http://www.semrush.com/bot.html)"
66.249.68.68 - - [28/Dec/2024:09:24:16 -0500] "GET /?b=332844466 HTTP/1.1" 200 80561 "-" "Mozilla/5.0 (Linux; Android 6.0.1; Nexus 5X Build/MMB29P) AppleWebKit/537.36 (KHTML, like Gecko) Chrome/131.0.6778.139 Mobile Safari/537.36 (compatible; GoogleOther)"
66.29.132.124 - - [28/Dec/2024:09:24:30 -0500] "POST /wp-cron.php?doing_wp_cron=1735395870.3135080337524414062500 HTTP/1.1" 200 0 "-" "WordPress/6.7.1; https://blog.diixadigital.com"
85.208.96.196 - - [28/Dec/2024:09:24:29 -0500] "GET /?b=211653666 HTTP/1.1" 200 21069 "-" "Mozilla/5.0 (compatible; SemrushBot/7~bl; +http://www.semrush.com/bot.html)"
66.249.68.68 - - [28/Dec/2024:09:24:31 -0500] "GET /?b=278914066 HTTP/1.1" 200 79328 "-" "Mozilla/5.0 (Linux; Android 6.0.1; Nexus 5X Build/MMB29P) AppleWebKit/537.36 (KHTML, like Gecko) Chrome/131.0.6778.139 Mobile Safari/537.36 (compatible; GoogleOther)"
185.191.171.8 - - [28/Dec/2024:09:24:36 -0500] "GET /?b=28806966 HTTP/1.1" 200 21054 "-" "Mozilla/5.0 (compatible; SemrushBot/7~bl; +http://www.semrush.com/bot.html)"
85.208.96.201 - - [28/Dec/2024:09:24:39 -0500] "GET /?b=253648166 HTTP/1.1" 200 21057 "-" "Mozilla/5.0 (compatible; SemrushBot/7~bl; +http://www.semrush.com/bot.html)"
66.249.68.68 - - [28/Dec/2024:09:24:42 -0500] "GET /?b=102063966 HTTP/1.1" 200 81752 "-" "Mozilla/5.0 (Linux; Android 6.0.1; Nexus 5X Build/MMB29P) AppleWebKit/537.36 (KHTML, like Gecko) Chrome/131.0.6778.139 Mobile Safari/537.36 (compatible; GoogleOther)"
66.29.132.124 - - [28/Dec/2024:09:24:50 -0500] "POST /wp-cron.php?doing_wp_cron=1735395890.1737420558929443359375 HTTP/1.1" 200 0 "-" "WordPress/6.7.1; https://blog.diixadigital.com"
185.191.171.7 - - [28/Dec/2024:09:24:49 -0500] "GET /?b=284909566 HTTP/1.1" 200 21077 "-" "Mozilla/5.0 (compatible; SemrushBot/7~bl; +http://www.semrush.com/bot.html)"
66.29.132.124 - - [28/Dec/2024:09:24:51 -0500] "POST /wp-admin/admin-ajax.php?action=async_litespeed&nonce=0a3c28bef8&litespeed_type=imgoptm HTTP/1.1" 200 21 "-" "WordPress/6.7.1; https://blog.diixadigital.com"
185.191.171.4 - - [28/Dec/2024:09:24:53 -0500] "GET /?b=236425166 HTTP/1.1" 200 21072 "-" "Mozilla/5.0 (compatible; SemrushBot/7~bl; +http://www.semrush.com/bot.html)"
85.208.96.212 - - [28/Dec/2024:09:24:56 -0500] "GET /?b=330026966 HTTP/1.1" 200 21071 "-" "Mozilla/5.0 (compatible; SemrushBot/7~bl; +http://www.semrush.com/bot.html)"
185.191.171.10 - - [28/Dec/2024:09:24:59 -0500] "GET /?b=236974166 HTTP/1.1" 200 21061 "-" "Mozilla/5.0 (compatible; SemrushBot/7~bl; +http://www.semrush.com/bot.html)"
185.191.171.9 - - [28/Dec/2024:09:25:11 -0500] "GET /?b=158025466 HTTP/1.1" 200 21064 "-" "Mozilla/5.0 (compatible; SemrushBot/7~bl; +http://www.semrush.com/bot.html)"
85.208.96.198 - - [28/Dec/2024:09:25:16 -0500] "GET /?b=74286566 HTTP/1.1" 200 21071 "-" "Mozilla/5.0 (compatible; SemrushBot/7~bl; +http://www.semrush.com/bot.html)"
66.249.68.68 - - [28/Dec/2024:09:25:19 -0500] "GET /?b=225301266 HTTP/1.1" 200 81191 "-" "Mozilla/5.0 (Linux; Android 6.0.1; Nexus 5X Build/MMB29P) AppleWebKit/537.36 (KHTML, like Gecko) Chrome/131.0.6778.139 Mobile Safari/537.36 (compatible; GoogleOther)"
66.249.68.68 - - [28/Dec/2024:09:25:34 -0500] "GET /?b=108819266 HTTP/1.1" 200 79997 "-" "Mozilla/5.0 (Linux; Android 6.0.1; Nexus 5X Build/MMB29P) AppleWebKit/537.36 (KHTML, like Gecko) Chrome/131.0.6778.139 Mobile Safari/537.36 (compatible; GoogleOther)"
66.29.132.124 - - [28/Dec/2024:09:25:44 -0500] "POST /wp-cron.php?doing_wp_cron=1735395944.3504130840301513671875 HTTP/1.1" 200 0 "-" "WordPress/6.7.1; https://blog.diixadigital.com"
185.191.171.1 - - [28/Dec/2024:09:25:43 -0500] "GET /?b=255295666 HTTP/1.1" 200 21059 "-" "Mozilla/5.0 (compatible; SemrushBot/7~bl; +http://www.semrush.com/bot.html)"
66.249.68.68 - - [28/Dec/2024:09:25:47 -0500] "GET /?b=148296666 HTTP/1.1" 200 79819 "-" "Mozilla/5.0 (Linux; Android 6.0.1; Nexus 5X Build/MMB29P) AppleWebKit/537.36 (KHTML, like Gecko) Chrome/131.0.6778.139 Mobile Safari/537.36 (compatible; GoogleOther)"
66.29.132.124 - - [28/Dec/2024:09:25:56 -0500] "POST /wp-cron.php?doing_wp_cron=1735395956.0444929599761962890625 HTTP/1.1" 200 0 "-" "WordPress/6.7.1; https://blog.diixadigital.com"
85.208.96.193 - - [28/Dec/2024:09:25:55 -0500] "GET /?b=291170866 HTTP/1.1" 200 21066 "-" "Mozilla/5.0 (compatible; SemrushBot/7~bl; +http://www.semrush.com/bot.html)"
66.29.132.124 - - [28/Dec/2024:09:25:56 -0500] "POST /wp-admin/admin-ajax.php?action=async_litespeed&nonce=0a3c28bef8&litespeed_type=imgoptm HTTP/1.1" 200 21 "-" "WordPress/6.7.1; https://blog.diixadigital.com"
85.208.96.207 - - [28/Dec/2024:09:25:58 -0500] "GET /?b=191126666 HTTP/1.1" 200 21069 "-" "Mozilla/5.0 (compatible; SemrushBot/7~bl; +http://www.semrush.com/bot.html)"
66.249.68.68 - - [28/Dec/2024:09:25:59 -0500] "GET /?b=244338866 HTTP/1.1" 200 79556 "-" "Mozilla/5.0 (Linux; Android 6.0.1; Nexus 5X Build/MMB29P) AppleWebKit/537.36 (KHTML, like Gecko) Chrome/131.0.6778.139 Mobile Safari/537.36 (compatible; GoogleOther)"
85.208.96.198 - - [28/Dec/2024:09:26:02 -0500] "GET /?b=68578666 HTTP/1.1" 200 21073 "-" "Mozilla/5.0 (compatible; SemrushBot/7~bl; +http://www.semrush.com/bot.html)"
66.249.68.68 - - [28/Dec/2024:09:26:14 -0500] "GET /?b=92021766 HTTP/1.1" 200 79893 "-" "Mozilla/5.0 (Linux; Android 6.0.1; Nexus 5X Build/MMB29P) AppleWebKit/537.36 (KHTML, like Gecko) Chrome/131.0.6778.139 Mobile Safari/537.36 (compatible; GoogleOther)"
185.191.171.8 - - [28/Dec/2024:09:26:21 -0500] "GET /?b=219812066 HTTP/1.1" 200 21055 "-" "Mozilla/5.0 (compatible; SemrushBot/7~bl; +http://www.semrush.com/bot.html)"
66.249.68.68 - - [28/Dec/2024:09:26:24 -0500] "GET /?b=97566966 HTTP/1.1" 200 79502 "-" "Mozilla/5.0 (Linux; Android 6.0.1; Nexus 5X Build/MMB29P) AppleWebKit/537.36 (KHTML, like Gecko) Chrome/131.0.6778.139 Mobile Safari/537.36 (compatible; GoogleOther)"
52.167.144.208 - - [28/Dec/2024:09:26:24 -0500] "GET /yrqnh/z2346645.html HTTP/1.1" 200 79350 "-" "Mozilla/5.0 AppleWebKit/537.36 (KHTML, like Gecko; compatible; bingbot/2.0; +http://www.bing.com/bingbot.htm) Chrome/116.0.1938.76 Safari/537.36"
66.249.68.68 - - [28/Dec/2024:09:26:35 -0500] "GET /?b=27517966 HTTP/1.1" 200 80379 "-" "Mozilla/5.0 (Linux; Android 6.0.1; Nexus 5X Build/MMB29P) AppleWebKit/537.36 (KHTML, like Gecko) Chrome/131.0.6778.139 Mobile Safari/537.36 (compatible; GoogleOther)"
66.249.68.69 - - [28/Dec/2024:09:26:48 -0500] "GET /?b=44717166 HTTP/1.1" 200 80889 "-" "Mozilla/5.0 (Linux; Android 6.0.1; Nexus 5X Build/MMB29P) AppleWebKit/537.36 (KHTML, like Gecko) Chrome/131.0.6778.139 Mobile Safari/537.36 (compatible; GoogleOther)"
66.29.132.124 - - [28/Dec/2024:09:26:55 -0500] "POST /wp-cron.php?doing_wp_cron=1735396015.8291659355163574218750 HTTP/1.1" 200 0 "-" "WordPress/6.7.1; https://blog.diixadigital.com"
185.191.171.6 - - [28/Dec/2024:09:26:55 -0500] "GET /?b=1700666 HTTP/1.1" 200 21061 "-" "Mozilla/5.0 (compatible; SemrushBot/7~bl; +http://www.semrush.com/bot.html)"
66.29.132.124 - - [28/Dec/2024:09:26:56 -0500] "POST /wp-admin/admin-ajax.php?action=async_litespeed&nonce=0a3c28bef8&litespeed_type=imgoptm HTTP/1.1" 200 21 "-" "WordPress/6.7.1; https://blog.diixadigital.com"
85.208.96.198 - - [28/Dec/2024:09:26:58 -0500] "GET /?b=343801466 HTTP/1.1" 200 21067 "-" "Mozilla/5.0 (compatible; SemrushBot/7~bl; +http://www.semrush.com/bot.html)"
66.249.68.68 - - [28/Dec/2024:09:27:01 -0500] "GET /?b=14592266 HTTP/1.1" 200 79661 "-" "Mozilla/5.0 (Linux; Android 6.0.1; Nexus 5X Build/MMB29P) AppleWebKit/537.36 (KHTML, like Gecko) Chrome/131.0.6778.139 Mobile Safari/537.36 (compatible; GoogleOther)"
185.191.171.3 - - [28/Dec/2024:09:27:14 -0500] "GET /?b=247947366 HTTP/1.1" 200 21072 "-" "Mozilla/5.0 (compatible; SemrushBot/7~bl; +http://www.semrush.com/bot.html)"
185.191.171.15 - - [28/Dec/2024:09:27:18 -0500] "GET /?b=236367766 HTTP/1.1" 200 21075 "-" "Mozilla/5.0 (compatible; SemrushBot/7~bl; +http://www.semrush.com/bot.html)"
66.249.68.68 - - [28/Dec/2024:09:27:51 -0500] "GET /?b=48347766 HTTP/1.1" 200 80483 "-" "Mozilla/5.0 (Linux; Android 6.0.1; Nexus 5X Build/MMB29P) AppleWebKit/537.36 (KHTML, like Gecko) Chrome/131.0.6778.139 Mobile Safari/537.36 (compatible; GoogleOther)"
66.29.132.124 - - [28/Dec/2024:09:28:04 -0500] "POST /wp-cron.php?doing_wp_cron=1735396084.2737479209899902343750 HTTP/1.1" 200 0 "-" "WordPress/6.7.1; https://blog.diixadigital.com"
185.191.171.5 - - [28/Dec/2024:09:28:03 -0500] "GET /?b=85477866 HTTP/1.1" 200 21074 "-" "Mozilla/5.0 (compatible; SemrushBot/7~bl; +http://www.semrush.com/bot.html)"
66.29.132.124 - - [28/Dec/2024:09:28:04 -0500] "POST /wp-admin/admin-ajax.php?action=async_litespeed&nonce=0a3c28bef8&litespeed_type=imgoptm HTTP/1.1" 200 21 "-" "WordPress/6.7.1; https://blog.diixadigital.com"
66.249.68.70 - - [28/Dec/2024:09:28:04 -0500] "GET /?b=311195366 HTTP/1.1" 200 79932 "-" "Mozilla/5.0 (Linux; Android 6.0.1; Nexus 5X Build/MMB29P) AppleWebKit/537.36 (KHTML, like Gecko) Chrome/131.0.6778.139 Mobile Safari/537.36 (compatible; GoogleOther)"
66.249.68.68 - - [28/Dec/2024:09:28:17 -0500] "GET /?b=277908666 HTTP/1.1" 200 80051 "-" "Mozilla/5.0 (Linux; Android 6.0.1; Nexus 5X Build/MMB29P) AppleWebKit/537.36 (KHTML, like Gecko) Chrome/131.0.6778.139 Mobile Safari/537.36 (compatible; GoogleOther)"
66.29.132.124 - - [28/Dec/2024:09:28:28 -0500] "POST /wp-cron.php?doing_wp_cron=1735396108.6464040279388427734375 HTTP/1.1" 200 0 "-" "WordPress/6.7.1; https://blog.diixadigital.com"
85.208.96.193 - - [28/Dec/2024:09:28:28 -0500] "GET /?b=267728666 HTTP/1.1" 200 21068 "-" "Mozilla/5.0 (compatible; SemrushBot/7~bl; +http://www.semrush.com/bot.html)"
66.249.68.68 - - [28/Dec/2024:09:28:29 -0500] "GET /?b=129718466 HTTP/1.1" 200 80029 "-" "Mozilla/5.0 (Linux; Android 6.0.1; Nexus 5X Build/MMB29P) AppleWebKit/537.36 (KHTML, like Gecko) Chrome/131.0.6778.139 Mobile Safari/537.36 (compatible; GoogleOther)"
185.191.171.17 - - [28/Dec/2024:09:28:34 -0500] "GET /?b=311945366 HTTP/1.1" 200 21076 "-" "Mozilla/5.0 (compatible; SemrushBot/7~bl; +http://www.semrush.com/bot.html)"
185.191.171.18 - - [28/Dec/2024:09:28:38 -0500] "GET /?b=330833066 HTTP/1.1" 200 21077 "-" "Mozilla/5.0 (compatible; SemrushBot/7~bl; +http://www.semrush.com/bot.html)"
66.249.68.68 - - [28/Dec/2024:09:28:42 -0500] "GET /?b=12606666 HTTP/1.1" 200 79474 "-" "Mozilla/5.0 (Linux; Android 6.0.1; Nexus 5X Build/MMB29P) AppleWebKit/537.36 (KHTML, like Gecko) Chrome/131.0.6778.139 Mobile Safari/537.36 (compatible; GoogleOther)"
85.208.96.200 - - [28/Dec/2024:09:28:45 -0500] "GET /?b=147668366 HTTP/1.1" 200 21074 "-" "Mozilla/5.0 (compatible; SemrushBot/7~bl; +http://www.semrush.com/bot.html)"
66.29.132.124 - - [28/Dec/2024:09:28:51 -0500] "POST /wp-cron.php?doing_wp_cron=1735396131.0909969806671142578125 HTTP/1.1" 200 0 "-" "WordPress/6.7.1; https://blog.diixadigital.com"
185.191.171.6 - - [28/Dec/2024:09:28:50 -0500] "GET /?b=73521266 HTTP/1.1" 200 21070 "-" "Mozilla/5.0 (compatible; SemrushBot/7~bl; +http://www.semrush.com/bot.html)"
66.29.132.124 - - [28/Dec/2024:09:28:51 -0500] "POST /wp-admin/admin-ajax.php?action=async_litespeed&nonce=0a3c28bef8&litespeed_type=imgoptm HTTP/1.1" 200 21 "-" "WordPress/6.7.1; https://blog.diixadigital.com"
66.249.68.68 - - [28/Dec/2024:09:28:55 -0500] "GET /?b=119507666 HTTP/1.1" 200 80766 "-" "Mozilla/5.0 (Linux; Android 6.0.1; Nexus 5X Build/MMB29P) AppleWebKit/537.36 (KHTML, like Gecko) Chrome/131.0.6778.139 Mobile Safari/537.36 (compatible; GoogleOther)"
85.208.96.208 - - [28/Dec/2024:09:28:56 -0500] "GET /?b=119407766 HTTP/1.1" 200 21076 "-" "Mozilla/5.0 (compatible; SemrushBot/7~bl; +http://www.semrush.com/bot.html)"
185.191.171.18 - - [28/Dec/2024:09:28:59 -0500] "GET /?b=15112966 HTTP/1.1" 200 21060 "-" "Mozilla/5.0 (compatible; SemrushBot/7~bl; +http://www.semrush.com/bot.html)"
85.208.96.198 - - [28/Dec/2024:09:29:01 -0500] "GET /?b=297347066 HTTP/1.1" 200 21075 "-" "Mozilla/5.0 (compatible; SemrushBot/7~bl; +http://www.semrush.com/bot.html)"
66.249.68.70 - - [28/Dec/2024:09:29:07 -0500] "GET /?b=346798666 HTTP/1.1" 200 79430 "-" "Mozilla/5.0 (Linux; Android 6.0.1; Nexus 5X Build/MMB29P) AppleWebKit/537.36 (KHTML, like Gecko) Chrome/131.0.6778.139 Mobile Safari/537.36 (compatible; GoogleOther)"
85.208.96.197 - - [28/Dec/2024:09:29:11 -0500] "GET /?b=318975066 HTTP/1.1" 200 21062 "-" "Mozilla/5.0 (compatible; SemrushBot/7~bl; +http://www.semrush.com/bot.html)"
185.191.171.14 - - [28/Dec/2024:09:29:14 -0500] "GET /?b=273506766 HTTP/1.1" 200 21053 "-" "Mozilla/5.0 (compatible; SemrushBot/7~bl; +http://www.semrush.com/bot.html)"
66.249.68.68 - - [28/Dec/2024:09:29:20 -0500] "GET /?b=37656566 HTTP/1.1" 200 80061 "-" "Mozilla/5.0 (Linux; Android 6.0.1; Nexus 5X Build/MMB29P) AppleWebKit/537.36 (KHTML, like Gecko) Chrome/131.0.6778.139 Mobile Safari/537.36 (compatible; GoogleOther)"
66.249.68.68 - - [28/Dec/2024:09:29:33 -0500] "GET /?b=290892966 HTTP/1.1" 200 80135 "-" "Mozilla/5.0 (Linux; Android 6.0.1; Nexus 5X Build/MMB29P) AppleWebKit/537.36 (KHTML, like Gecko) Chrome/131.0.6778.139 Mobile Safari/537.36 (compatible; GoogleOther)"
66.249.68.68 - - [28/Dec/2024:09:29:45 -0500] "GET /?b=283592966 HTTP/1.1" 200 79789 "-" "Mozilla/5.0 (Linux; Android 6.0.1; Nexus 5X Build/MMB29P) AppleWebKit/537.36 (KHTML, like Gecko) Chrome/131.0.6778.139 Mobile Safari/537.36 (compatible; GoogleOther)"
66.29.132.124 - - [28/Dec/2024:09:29:55 -0500] "POST /wp-cron.php?doing_wp_cron=1735396195.3539259433746337890625 HTTP/1.1" 200 0 "-" "WordPress/6.7.1; https://blog.diixadigital.com"
185.191.171.16 - - [28/Dec/2024:09:29:54 -0500] "GET /?b=144434866 HTTP/1.1" 200 21062 "-" "Mozilla/5.0 (compatible; SemrushBot/7~bl; +http://www.semrush.com/bot.html)"
66.29.132.124 - - [28/Dec/2024:09:29:55 -0500] "POST /wp-admin/admin-ajax.php?action=async_litespeed&nonce=0a3c28bef8&litespeed_type=imgoptm HTTP/1.1" 200 21 "-" "WordPress/6.7.1; https://blog.diixadigital.com"
66.249.68.68 - - [28/Dec/2024:09:29:58 -0500] "GET /?b=253586466 HTTP/1.1" 200 81439 "-" "Mozilla/5.0 (Linux; Android 6.0.1; Nexus 5X Build/MMB29P) AppleWebKit/537.36 (KHTML, like Gecko) Chrome/131.0.6778.139 Mobile Safari/537.36 (compatible; GoogleOther)"
185.191.171.14 - - [28/Dec/2024:09:30:03 -0500] "GET /?b=205556666 HTTP/1.1" 200 21058 "-" "Mozilla/5.0 (compatible; SemrushBot/7~bl; +http://www.semrush.com/bot.html)"
85.208.96.210 - - [28/Dec/2024:09:30:07 -0500] "GET /?b=148827766 HTTP/1.1" 200 21066 "-" "Mozilla/5.0 (compatible; SemrushBot/7~bl; +http://www.semrush.com/bot.html)"
85.208.96.197 - - [28/Dec/2024:09:30:11 -0500] "GET /?b=207500766 HTTP/1.1" 200 21066 "-" "Mozilla/5.0 (compatible; SemrushBot/7~bl; +http://www.semrush.com/bot.html)"
66.249.68.68 - - [28/Dec/2024:09:30:11 -0500] "GET /?b=122391266 HTTP/1.1" 200 81498 "-" "Mozilla/5.0 (Linux; Android 6.0.1; Nexus 5X Build/MMB29P) AppleWebKit/537.36 (KHTML, like Gecko) Chrome/131.0.6778.139 Mobile Safari/537.36 (compatible; GoogleOther)"
66.249.68.69 - - [28/Dec/2024:09:30:23 -0500] "GET /?b=334133166 HTTP/1.1" 200 79784 "-" "Mozilla/5.0 (Linux; Android 6.0.1; Nexus 5X Build/MMB29P) AppleWebKit/537.36 (KHTML, like Gecko) Chrome/131.0.6778.139 Mobile Safari/537.36 (compatible; GoogleOther)"
66.249.68.68 - - [28/Dec/2024:09:30:36 -0500] "GET /?b=198549666 HTTP/1.1" 200 80030 "-" "Mozilla/5.0 (Linux; Android 6.0.1; Nexus 5X Build/MMB29P) AppleWebKit/537.36 (KHTML, like Gecko) Chrome/131.0.6778.139 Mobile Safari/537.36 (compatible; GoogleOther)"
66.29.132.124 - - [28/Dec/2024:09:30:39 -0500] "POST /wp-cron.php?doing_wp_cron=1735396239.8689138889312744140625 HTTP/1.1" 200 0 "-" "WordPress/6.7.1; https://blog.diixadigital.com"
85.208.96.197 - - [28/Dec/2024:09:30:39 -0500] "GET /?b=85459366 HTTP/1.1" 200 21071 "-" "Mozilla/5.0 (compatible; SemrushBot/7~bl; +http://www.semrush.com/bot.html)"
66.249.68.68 - - [28/Dec/2024:09:30:49 -0500] "GET /?b=159466966 HTTP/1.1" 200 79637 "-" "Mozilla/5.0 (Linux; Android 6.0.1; Nexus 5X Build/MMB29P) AppleWebKit/537.36 (KHTML, like Gecko) Chrome/131.0.6778.139 Mobile Safari/537.36 (compatible; GoogleOther)"
66.29.132.124 - - [28/Dec/2024:09:31:00 -0500] "POST /wp-cron.php?doing_wp_cron=1735396260.7240040302276611328125 HTTP/1.1" 200 0 "-" "WordPress/6.7.1; https://blog.diixadigital.com"
185.191.171.4 - - [28/Dec/2024:09:31:00 -0500] "GET /?b=10812466 HTTP/1.1" 200 21070 "-" "Mozilla/5.0 (compatible; SemrushBot/7~bl; +http://www.semrush.com/bot.html)"
66.29.132.124 - - [28/Dec/2024:09:31:00 -0500] "POST /wp-admin/admin-ajax.php?action=async_litespeed&nonce=0a3c28bef8&litespeed_type=imgoptm HTTP/1.1" 200 21 "-" "WordPress/6.7.1; https://blog.diixadigital.com"
66.249.68.69 - - [28/Dec/2024:09:31:02 -0500] "GET /?b=99895666 HTTP/1.1" 200 80477 "-" "Mozilla/5.0 (Linux; Android 6.0.1; Nexus 5X Build/MMB29P) AppleWebKit/537.36 (KHTML, like Gecko) Chrome/131.0.6778.139 Mobile Safari/537.36 (compatible; GoogleOther)"
85.208.96.200 - - [28/Dec/2024:09:31:08 -0500] "GET /?b=212567066 HTTP/1.1" 200 21061 "-" "Mozilla/5.0 (compatible; SemrushBot/7~bl; +http://www.semrush.com/bot.html)"
185.191.171.4 - - [28/Dec/2024:09:31:15 -0500] "GET /?b=40878666 HTTP/1.1" 200 21071 "-" "Mozilla/5.0 (compatible; SemrushBot/7~bl; +http://www.semrush.com/bot.html)"
66.249.68.68 - - [28/Dec/2024:09:31:14 -0500] "GET /?b=199232566 HTTP/1.1" 200 79861 "-" "Mozilla/5.0 (Linux; Android 6.0.1; Nexus 5X Build/MMB29P) AppleWebKit/537.36 (KHTML, like Gecko) Chrome/131.0.6778.139 Mobile Safari/537.36 (compatible; GoogleOther)"
66.29.132.124 - - [28/Dec/2024:09:31:26 -0500] "POST /wp-cron.php?doing_wp_cron=1735396286.4133279323577880859375 HTTP/1.1" 200 0 "-" "WordPress/6.7.1; https://blog.diixadigital.com"
185.191.171.18 - - [28/Dec/2024:09:31:26 -0500] "GET /?b=121252766 HTTP/1.1" 200 21063 "-" "Mozilla/5.0 (compatible; SemrushBot/7~bl; +http://www.semrush.com/bot.html)"
66.249.68.68 - - [28/Dec/2024:09:31:52 -0500] "GET /?b=237889266 HTTP/1.1" 200 80062 "-" "Mozilla/5.0 (Linux; Android 6.0.1; Nexus 5X Build/MMB29P) AppleWebKit/537.36 (KHTML, like Gecko) Chrome/131.0.6778.139 Mobile Safari/537.36 (compatible; GoogleOther)"
66.249.68.68 - - [28/Dec/2024:09:32:05 -0500] "GET /?b=289568766 HTTP/1.1" 200 79846 "-" "Mozilla/5.0 (Linux; Android 6.0.1; Nexus 5X Build/MMB29P) AppleWebKit/537.36 (KHTML, like Gecko) Chrome/131.0.6778.139 Mobile Safari/537.36 (compatible; GoogleOther)"
66.29.132.124 - - [28/Dec/2024:09:32:07 -0500] "POST /wp-cron.php?doing_wp_cron=1735396327.3270709514617919921875 HTTP/1.1" 200 0 "-" "WordPress/6.7.1; https://blog.diixadigital.com"
85.208.96.200 - - [28/Dec/2024:09:32:07 -0500] "GET /?b=20390366 HTTP/1.1" 200 21065 "-" "Mozilla/5.0 (compatible; SemrushBot/7~bl; +http://www.semrush.com/bot.html)"
66.29.132.124 - - [28/Dec/2024:09:32:07 -0500] "POST /wp-admin/admin-ajax.php?action=async_litespeed&nonce=0a3c28bef8&litespeed_type=imgoptm HTTP/1.1" 200 21 "-" "WordPress/6.7.1; https://blog.diixadigital.com"
66.249.68.69 - - [28/Dec/2024:09:32:18 -0500] "GET /?b=174583266 HTTP/1.1" 200 80192 "-" "Mozilla/5.0 (Linux; Android 6.0.1; Nexus 5X Build/MMB29P) AppleWebKit/537.36 (KHTML, like Gecko) Chrome/131.0.6778.139 Mobile Safari/537.36 (compatible; GoogleOther)"
66.249.68.68 - - [28/Dec/2024:09:32:30 -0500] "GET /?b=234213366 HTTP/1.1" 200 79584 "-" "Mozilla/5.0 (Linux; Android 6.0.1; Nexus 5X Build/MMB29P) AppleWebKit/537.36 (KHTML, like Gecko) Chrome/131.0.6778.139 Mobile Safari/537.36 (compatible; GoogleOther)"
66.29.132.124 - - [28/Dec/2024:09:32:34 -0500] "POST /wp-cron.php?doing_wp_cron=1735396354.6387588977813720703125 HTTP/1.1" 200 0 "-" "WordPress/6.7.1; https://blog.diixadigital.com"
185.191.171.8 - - [28/Dec/2024:09:32:34 -0500] "GET /?b=72168466 HTTP/1.1" 200 21061 "-" "Mozilla/5.0 (compatible; SemrushBot/7~bl; +http://www.semrush.com/bot.html)"
185.191.171.6 - - [28/Dec/2024:09:32:37 -0500] "GET /?b=73923866 HTTP/1.1" 200 21063 "-" "Mozilla/5.0 (compatible; SemrushBot/7~bl; +http://www.semrush.com/bot.html)"
66.249.68.68 - - [28/Dec/2024:09:32:43 -0500] "GET /?b=253266166 HTTP/1.1" 200 80645 "-" "Mozilla/5.0 (Linux; Android 6.0.1; Nexus 5X Build/MMB29P) AppleWebKit/537.36 (KHTML, like Gecko) Chrome/131.0.6778.139 Mobile Safari/537.36 (compatible; GoogleOther)"
85.208.96.205 - - [28/Dec/2024:09:32:45 -0500] "GET /?b=179679166 HTTP/1.1" 200 21058 "-" "Mozilla/5.0 (compatible; SemrushBot/7~bl; +http://www.semrush.com/bot.html)"
85.208.96.209 - - [28/Dec/2024:09:32:50 -0500] "GET /robots.txt HTTP/1.1" 200 139 "-" "Mozilla/5.0 (compatible; SemrushBot/7~bl; +http://www.semrush.com/bot.html)"
66.29.132.124 - - [28/Dec/2024:09:32:52 -0500] "POST /wp-cron.php?doing_wp_cron=1735396372.1129250526428222656250 HTTP/1.1" 200 0 "-" "WordPress/6.7.1; https://blog.diixadigital.com"
185.191.171.14 - - [28/Dec/2024:09:32:51 -0500] "GET /?b=176114366 HTTP/1.1" 200 21068 "-" "Mozilla/5.0 (compatible; SemrushBot/7~bl; +http://www.semrush.com/bot.html)"
66.29.132.124 - - [28/Dec/2024:09:32:52 -0500] "POST /wp-admin/admin-ajax.php?action=async_litespeed&nonce=0a3c28bef8&litespeed_type=imgoptm HTTP/1.1" 200 21 "-" "WordPress/6.7.1; https://blog.diixadigital.com"
66.249.68.68 - - [28/Dec/2024:09:32:56 -0500] "GET /?b=66511466 HTTP/1.1" 200 79894 "-" "Mozilla/5.0 (Linux; Android 6.0.1; Nexus 5X Build/MMB29P) AppleWebKit/537.36 (KHTML, like Gecko) Chrome/131.0.6778.139 Mobile Safari/537.36 (compatible; GoogleOther)"
185.191.171.11 - - [28/Dec/2024:09:32:58 -0500] "GET /?b=40938366 HTTP/1.1" 200 21068 "-" "Mozilla/5.0 (compatible; SemrushBot/7~bl; +http://www.semrush.com/bot.html)"
185.191.171.3 - - [28/Dec/2024:09:33:03 -0500] "GET /?b=295393666 HTTP/1.1" 200 21067 "-" "Mozilla/5.0 (compatible; SemrushBot/7~bl; +http://www.semrush.com/bot.html)"
185.191.171.11 - - [28/Dec/2024:09:33:08 -0500] "GET /?b=351577566 HTTP/1.1" 200 21062 "-" "Mozilla/5.0 (compatible; SemrushBot/7~bl; +http://www.semrush.com/bot.html)"
66.249.68.70 - - [28/Dec/2024:09:33:08 -0500] "GET /?b=220331366 HTTP/1.1" 200 80930 "-" "Mozilla/5.0 (Linux; Android 6.0.1; Nexus 5X Build/MMB29P) AppleWebKit/537.36 (KHTML, like Gecko) Chrome/131.0.6778.139 Mobile Safari/537.36 (compatible; GoogleOther)"
85.208.96.200 - - [28/Dec/2024:09:33:13 -0500] "GET /?b=347759766 HTTP/1.1" 200 21072 "-" "Mozilla/5.0 (compatible; SemrushBot/7~bl; +http://www.semrush.com/bot.html)"
185.191.171.6 - - [28/Dec/2024:09:33:16 -0500] "GET /?b=126857566 HTTP/1.1" 200 21053 "-" "Mozilla/5.0 (compatible; SemrushBot/7~bl; +http://www.semrush.com/bot.html)"
52.167.144.228 - - [28/Dec/2024:09:33:18 -0500] "GET /yflre/y852684.html HTTP/1.1" 200 81427 "-" "Mozilla/5.0 AppleWebKit/537.36 (KHTML, like Gecko; compatible; bingbot/2.0; +http://www.bing.com/bingbot.htm) Chrome/116.0.1938.76 Safari/537.36"
85.208.96.202 - - [28/Dec/2024:09:33:21 -0500] "GET /?b=152907466 HTTP/1.1" 200 21064 "-" "Mozilla/5.0 (compatible; SemrushBot/7~bl; +http://www.semrush.com/bot.html)"
66.249.68.68 - - [28/Dec/2024:09:33:21 -0500] "GET /?b=216124266 HTTP/1.1" 200 79937 "-" "Mozilla/5.0 (Linux; Android 6.0.1; Nexus 5X Build/MMB29P) AppleWebKit/537.36 (KHTML, like Gecko) Chrome/131.0.6778.139 Mobile Safari/537.36 (compatible; GoogleOther)"
66.249.68.68 - - [28/Dec/2024:09:33:34 -0500] "GET /?b=280513266 HTTP/1.1" 200 79727 "-" "Mozilla/5.0 (Linux; Android 6.0.1; Nexus 5X Build/MMB29P) AppleWebKit/537.36 (KHTML, like Gecko) Chrome/131.0.6778.139 Mobile Safari/537.36 (compatible; GoogleOther)"
66.249.68.68 - - [28/Dec/2024:09:33:47 -0500] "GET /?b=195676466 HTTP/1.1" 200 79259 "-" "Mozilla/5.0 (Linux; Android 6.0.1; Nexus 5X Build/MMB29P) AppleWebKit/537.36 (KHTML, like Gecko) Chrome/131.0.6778.139 Mobile Safari/537.36 (compatible; GoogleOther)"
66.29.132.124 - - [28/Dec/2024:09:33:50 -0500] "POST /wp-cron.php?doing_wp_cron=1735396430.8216409683227539062500 HTTP/1.1" 200 0 "-" "WordPress/6.7.1; https://blog.diixadigital.com"
85.208.96.193 - - [28/Dec/2024:09:33:50 -0500] "GET /?b=195838466 HTTP/1.1" 200 21098 "-" "Mozilla/5.0 (compatible; SemrushBot/7~bl; +http://www.semrush.com/bot.html)"
66.29.132.124 - - [28/Dec/2024:09:33:51 -0500] "POST /wp-admin/admin-ajax.php?action=async_litespeed&nonce=0a3c28bef8&litespeed_type=imgoptm HTTP/1.1" 200 21 "-" "WordPress/6.7.1; https://blog.diixadigital.com"
66.249.68.68 - - [28/Dec/2024:09:33:59 -0500] "GET /?b=247437966 HTTP/1.1" 200 80115 "-" "Mozilla/5.0 (Linux; Android 6.0.1; Nexus 5X Build/MMB29P) AppleWebKit/537.36 (KHTML, like Gecko) Chrome/131.0.6778.139 Mobile Safari/537.36 (compatible; GoogleOther)"
185.191.171.5 - - [28/Dec/2024:09:34:08 -0500] "GET /?b=193338666 HTTP/1.1" 200 21065 "-" "Mozilla/5.0 (compatible; SemrushBot/7~bl; +http://www.semrush.com/bot.html)"
185.191.171.1 - - [28/Dec/2024:09:34:13 -0500] "GET /?b=227827966 HTTP/1.1" 200 21069 "-" "Mozilla/5.0 (compatible; SemrushBot/7~bl; +http://www.semrush.com/bot.html)"
66.249.68.68 - - [28/Dec/2024:09:34:12 -0500] "GET /?b=81200166 HTTP/1.1" 200 81315 "-" "Mozilla/5.0 (Linux; Android 6.0.1; Nexus 5X Build/MMB29P) AppleWebKit/537.36 (KHTML, like Gecko) Chrome/131.0.6778.139 Mobile Safari/537.36 (compatible; GoogleOther)"
85.208.96.200 - - [28/Dec/2024:09:34:15 -0500] "GET /?b=275684666 HTTP/1.1" 200 21062 "-" "Mozilla/5.0 (compatible; SemrushBot/7~bl; +http://www.semrush.com/bot.html)"
66.249.68.68 - - [28/Dec/2024:09:34:25 -0500] "GET /?b=124413466 HTTP/1.1" 200 81243 "-" "Mozilla/5.0 (Linux; Android 6.0.1; Nexus 5X Build/MMB29P) AppleWebKit/537.36 (KHTML, like Gecko) Chrome/131.0.6778.139 Mobile Safari/537.36 (compatible; GoogleOther)"
52.167.144.136 - - [28/Dec/2024:09:34:32 -0500] "GET /gfbes/n1272365.html HTTP/1.1" 200 79855 "-" "Mozilla/5.0 AppleWebKit/537.36 (KHTML, like Gecko; compatible; bingbot/2.0; +http://www.bing.com/bingbot.htm) Chrome/116.0.1938.76 Safari/537.36"
66.249.68.68 - - [28/Dec/2024:09:34:37 -0500] "GET /?b=341324166 HTTP/1.1" 200 80064 "-" "Mozilla/5.0 (Linux; Android 6.0.1; Nexus 5X Build/MMB29P) AppleWebKit/537.36 (KHTML, like Gecko) Chrome/131.0.6778.139 Mobile Safari/537.36 (compatible; GoogleOther)"
66.29.132.124 - - [28/Dec/2024:09:34:41 -0500] "POST /wp-cron.php?doing_wp_cron=1735396481.4203879833221435546875 HTTP/1.1" 200 0 "-" "WordPress/6.7.1; https://blog.diixadigital.com"
85.208.96.201 - - [28/Dec/2024:09:34:41 -0500] "GET /?b=302928866 HTTP/1.1" 200 21069 "-" "Mozilla/5.0 (compatible; SemrushBot/7~bl; +http://www.semrush.com/bot.html)"
66.249.68.69 - - [28/Dec/2024:09:34:50 -0500] "GET /?b=303853566 HTTP/1.1" 200 80531 "-" "Mozilla/5.0 (Linux; Android 6.0.1; Nexus 5X Build/MMB29P) AppleWebKit/537.36 (KHTML, like Gecko) Chrome/131.0.6778.139 Mobile Safari/537.36 (compatible; GoogleOther)"
66.29.132.124 - - [28/Dec/2024:09:35:05 -0500] "POST /wp-cron.php?doing_wp_cron=1735396504.2532649040222167968750 HTTP/1.1" 200 0 "-" "WordPress/6.7.1; https://blog.diixadigital.com"
66.249.68.69 - - [28/Dec/2024:09:35:03 -0500] "GET /?b=43681466 HTTP/1.1" 200 80603 "-" "Mozilla/5.0 (Linux; Android 6.0.1; Nexus 5X Build/MMB29P) AppleWebKit/537.36 (KHTML, like Gecko) Chrome/131.0.6778.139 Mobile Safari/537.36 (compatible; GoogleOther)"
185.191.171.15 - - [28/Dec/2024:09:35:03 -0500] "GET /?b=84464366 HTTP/1.1" 200 21078 "-" "Mozilla/5.0 (compatible; SemrushBot/7~bl; +http://www.semrush.com/bot.html)"
66.29.132.124 - - [28/Dec/2024:09:35:06 -0500] "POST /wp-admin/admin-ajax.php?action=async_litespeed&nonce=0a3c28bef8&litespeed_type=imgoptm HTTP/1.1" 200 0 "-" "WordPress/6.7.1; https://blog.diixadigital.com"
185.191.171.16 - - [28/Dec/2024:09:35:14 -0500] "GET /?b=195202966 HTTP/1.1" 200 21061 "-" "Mozilla/5.0 (compatible; SemrushBot/7~bl; +http://www.semrush.com/bot.html)"
66.249.68.69 - - [28/Dec/2024:09:35:16 -0500] "GET /?b=17354066 HTTP/1.1" 200 80326 "-" "Mozilla/5.0 (Linux; Android 6.0.1; Nexus 5X Build/MMB29P) AppleWebKit/537.36 (KHTML, like Gecko) Chrome/131.0.6778.139 Mobile Safari/537.36 (compatible; GoogleOther)"
85.208.96.193 - - [28/Dec/2024:09:35:20 -0500] "GET /?b=329364366 HTTP/1.1" 200 21072 "-" "Mozilla/5.0 (compatible; SemrushBot/7~bl; +http://www.semrush.com/bot.html)"
52.167.144.136 - - [28/Dec/2024:09:35:22 -0500] "GET /mekrz/a2255828.html HTTP/1.1" 200 79827 "-" "Mozilla/5.0 AppleWebKit/537.36 (KHTML, like Gecko; compatible; bingbot/2.0; +http://www.bing.com/bingbot.htm) Chrome/116.0.1938.76 Safari/537.36"
66.249.68.68 - - [28/Dec/2024:09:35:28 -0500] "GET /?b=352341966 HTTP/1.1" 200 80188 "-" "Mozilla/5.0 (Linux; Android 6.0.1; Nexus 5X Build/MMB29P) AppleWebKit/537.36 (KHTML, like Gecko) Chrome/131.0.6778.139 Mobile Safari/537.36 (compatible; GoogleOther)"
66.249.68.68 - - [28/Dec/2024:09:35:41 -0500] "GET /?b=344564066 HTTP/1.1" 200 79885 "-" "Mozilla/5.0 (Linux; Android 6.0.1; Nexus 5X Build/MMB29P) AppleWebKit/537.36 (KHTML, like Gecko) Chrome/131.0.6778.139 Mobile Safari/537.36 (compatible; GoogleOther)"
66.29.132.124 - - [28/Dec/2024:09:35:43 -0500] "POST /wp-cron.php?doing_wp_cron=1735396543.5809791088104248046875 HTTP/1.1" 200 0 "-" "WordPress/6.7.1; https://blog.diixadigital.com"
185.191.171.17 - - [28/Dec/2024:09:35:43 -0500] "GET /?b=18260766 HTTP/1.1" 200 21057 "-" "Mozilla/5.0 (compatible; SemrushBot/7~bl; +http://www.semrush.com/bot.html)"
66.249.68.69 - - [28/Dec/2024:09:35:54 -0500] "GET /?b=126536066 HTTP/1.1" 200 81632 "-" "Mozilla/5.0 (Linux; Android 6.0.1; Nexus 5X Build/MMB29P) AppleWebKit/537.36 (KHTML, like Gecko) Chrome/131.0.6778.139 Mobile Safari/537.36 (compatible; GoogleOther)"
52.167.144.136 - - [28/Dec/2024:09:36:02 -0500] "GET /hoqve/b2783551.html HTTP/1.1" 200 79852 "-" "Mozilla/5.0 AppleWebKit/537.36 (KHTML, like Gecko; compatible; bingbot/2.0; +http://www.bing.com/bingbot.htm) Chrome/116.0.1938.76 Safari/537.36"
52.167.144.136 - - [28/Dec/2024:09:36:04 -0500] "GET /nzcsd/x1028703.html HTTP/1.1" 200 81248 "-" "Mozilla/5.0 AppleWebKit/537.36 (KHTML, like Gecko; compatible; bingbot/2.0; +http://www.bing.com/bingbot.htm) Chrome/116.0.1938.76 Safari/537.36"
66.249.68.68 - - [28/Dec/2024:09:36:06 -0500] "GET /?b=313151466 HTTP/1.1" 200 80247 "-" "Mozilla/5.0 (Linux; Android 6.0.1; Nexus 5X Build/MMB29P) AppleWebKit/537.36 (KHTML, like Gecko) Chrome/131.0.6778.139 Mobile Safari/537.36 (compatible; GoogleOther)"
66.249.68.69 - - [28/Dec/2024:09:36:19 -0500] "GET /?b=290490266 HTTP/1.1" 200 79919 "-" "Mozilla/5.0 (Linux; Android 6.0.1; Nexus 5X Build/MMB29P) AppleWebKit/537.36 (KHTML, like Gecko) Chrome/131.0.6778.139 Mobile Safari/537.36 (compatible; GoogleOther)"
66.29.132.124 - - [28/Dec/2024:09:36:23 -0500] "POST /wp-cron.php?doing_wp_cron=1735396583.2009289264678955078125 HTTP/1.1" 200 0 "-" "WordPress/6.7.1; https://blog.diixadigital.com"
185.191.171.7 - - [28/Dec/2024:09:36:22 -0500] "GET /?b=92627366 HTTP/1.1" 200 21077 "-" "Mozilla/5.0 (compatible; SemrushBot/7~bl; +http://www.semrush.com/bot.html)"
66.29.132.124 - - [28/Dec/2024:09:36:23 -0500] "POST /wp-admin/admin-ajax.php?action=async_litespeed&nonce=0a3c28bef8&litespeed_type=imgoptm HTTP/1.1" 200 21 "-" "WordPress/6.7.1; https://blog.diixadigital.com"
66.249.68.68 - - [28/Dec/2024:09:36:32 -0500] "GET /?b=307643566 HTTP/1.1" 200 79678 "-" "Mozilla/5.0 (Linux; Android 6.0.1; Nexus 5X Build/MMB29P) AppleWebKit/537.36 (KHTML, like Gecko) Chrome/131.0.6778.139 Mobile Safari/537.36 (compatible; GoogleOther)"
185.191.171.14 - - [28/Dec/2024:09:36:39 -0500] "GET /?b=156072166 HTTP/1.1" 200 21061 "-" "Mozilla/5.0 (compatible; SemrushBot/7~bl; +http://www.semrush.com/bot.html)"
185.191.171.13 - - [28/Dec/2024:09:36:43 -0500] "GET /?b=25253366 HTTP/1.1" 200 21053 "-" "Mozilla/5.0 (compatible; SemrushBot/7~bl; +http://www.semrush.com/bot.html)"
66.249.68.68 - - [28/Dec/2024:09:36:44 -0500] "GET /?b=199319066 HTTP/1.1" 200 79844 "-" "Mozilla/5.0 (Linux; Android 6.0.1; Nexus 5X Build/MMB29P) AppleWebKit/537.36 (KHTML, like Gecko) Chrome/131.0.6778.139 Mobile Safari/537.36 (compatible; GoogleOther)"
52.167.144.218 - - [28/Dec/2024:09:36:48 -0500] "GET /gjpuu/m2594620.html HTTP/1.1" 200 79897 "-" "Mozilla/5.0 AppleWebKit/537.36 (KHTML, like Gecko; compatible; bingbot/2.0; +http://www.bing.com/bingbot.htm) Chrome/116.0.1938.76 Safari/537.36"
52.167.144.218 - - [28/Dec/2024:09:36:49 -0500] "GET /qcksz/y777596.html HTTP/1.1" 200 80501 "-" "Mozilla/5.0 AppleWebKit/537.36 (KHTML, like Gecko; compatible; bingbot/2.0; +http://www.bing.com/bingbot.htm) Chrome/116.0.1938.76 Safari/537.36"
66.29.132.124 - - [28/Dec/2024:09:36:56 -0500] "POST /wp-cron.php?doing_wp_cron=1735396616.2359468936920166015625 HTTP/1.1" 200 0 "-" "WordPress/6.7.1; https://blog.diixadigital.com"
85.208.96.198 - - [28/Dec/2024:09:36:56 -0500] "GET /?b=187719166 HTTP/1.1" 200 21063 "-" "Mozilla/5.0 (compatible; SemrushBot/7~bl; +http://www.semrush.com/bot.html)"
66.29.132.124 - - [28/Dec/2024:09:36:56 -0500] "POST /wp-admin/admin-ajax.php?action=async_litespeed&nonce=0a3c28bef8&litespeed_type=imgoptm HTTP/1.1" 200 21 "-" "WordPress/6.7.1; https://blog.diixadigital.com"
85.208.96.195 - - [28/Dec/2024:09:36:57 -0500] "GET /?b=119841666 HTTP/1.1" 200 21066 "-" "Mozilla/5.0 (compatible; SemrushBot/7~bl; +http://www.semrush.com/bot.html)"
66.249.68.69 - - [28/Dec/2024:09:36:57 -0500] "GET /?b=317041466 HTTP/1.1" 200 79558 "-" "Mozilla/5.0 (Linux; Android 6.0.1; Nexus 5X Build/MMB29P) AppleWebKit/537.36 (KHTML, like Gecko) Chrome/131.0.6778.139 Mobile Safari/537.36 (compatible; GoogleOther)"
85.208.96.207 - - [28/Dec/2024:09:36:59 -0500] "GET /?b=125795066 HTTP/1.1" 200 21073 "-" "Mozilla/5.0 (compatible; SemrushBot/7~bl; +http://www.semrush.com/bot.html)"
85.208.96.206 - - [28/Dec/2024:09:37:05 -0500] "GET /?b=266314766 HTTP/1.1" 200 21073 "-" "Mozilla/5.0 (compatible; SemrushBot/7~bl; +http://www.semrush.com/bot.html)"
66.249.68.69 - - [28/Dec/2024:09:37:10 -0500] "GET /?b=262499066 HTTP/1.1" 200 79750 "-" "Mozilla/5.0 (Linux; Android 6.0.1; Nexus 5X Build/MMB29P) AppleWebKit/537.36 (KHTML, like Gecko) Chrome/131.0.6778.139 Mobile Safari/537.36 (compatible; GoogleOther)"
85.208.96.200 - - [28/Dec/2024:09:37:11 -0500] "GET /?b=279468266 HTTP/1.1" 200 21075 "-" "Mozilla/5.0 (compatible; SemrushBot/7~bl; +http://www.semrush.com/bot.html)"
85.208.96.207 - - [28/Dec/2024:09:37:13 -0500] "GET /?b=133915366 HTTP/1.1" 200 21062 "-" "Mozilla/5.0 (compatible; SemrushBot/7~bl; +http://www.semrush.com/bot.html)"
85.208.96.194 - - [28/Dec/2024:09:37:16 -0500] "GET /?b=138095966 HTTP/1.1" 200 21059 "-" "Mozilla/5.0 (compatible; SemrushBot/7~bl; +http://www.semrush.com/bot.html)"
66.249.68.69 - - [28/Dec/2024:09:37:23 -0500] "GET /?b=147897666 HTTP/1.1" 200 80738 "-" "Mozilla/5.0 (Linux; Android 6.0.1; Nexus 5X Build/MMB29P) AppleWebKit/537.36 (KHTML, like Gecko) Chrome/131.0.6778.139 Mobile Safari/537.36 (compatible; GoogleOther)"
66.29.132.124 - - [28/Dec/2024:09:37:24 -0500] "POST /wp-cron.php?doing_wp_cron=1735396644.9504361152648925781250 HTTP/1.1" 200 0 "-" "WordPress/6.7.1; https://blog.diixadigital.com"
185.191.171.9 - - [28/Dec/2024:09:37:24 -0500] "GET /?b=194138266 HTTP/1.1" 200 21063 "-" "Mozilla/5.0 (compatible; SemrushBot/7~bl; +http://www.semrush.com/bot.html)"
66.249.68.68 - - [28/Dec/2024:09:37:48 -0500] "GET /?b=314557366 HTTP/1.1" 200 79019 "-" "Mozilla/5.0 (Linux; Android 6.0.1; Nexus 5X Build/MMB29P) AppleWebKit/537.36 (KHTML, like Gecko) Chrome/131.0.6778.139 Mobile Safari/537.36 (compatible; GoogleOther)"
66.249.68.69 - - [28/Dec/2024:09:38:00 -0500] "GET /?b=285228966 HTTP/1.1" 200 80161 "-" "Mozilla/5.0 (Linux; Android 6.0.1; Nexus 5X Build/MMB29P) AppleWebKit/537.36 (KHTML, like Gecko) Chrome/131.0.6778.139 Mobile Safari/537.36 (compatible; GoogleOther)"
66.29.132.124 - - [28/Dec/2024:09:38:08 -0500] "POST /wp-cron.php?doing_wp_cron=1735396688.3027000427246093750000 HTTP/1.1" 200 0 "-" "WordPress/6.7.1; https://blog.diixadigital.com"
185.191.171.1 - - [28/Dec/2024:09:38:07 -0500] "GET /?b=300852166 HTTP/1.1" 200 21064 "-" "Mozilla/5.0 (compatible; SemrushBot/7~bl; +http://www.semrush.com/bot.html)"
66.29.132.124 - - [28/Dec/2024:09:38:08 -0500] "POST /wp-admin/admin-ajax.php?action=async_litespeed&nonce=0a3c28bef8&litespeed_type=imgoptm HTTP/1.1" 200 21 "-" "WordPress/6.7.1; https://blog.diixadigital.com"
66.249.68.69 - - [28/Dec/2024:09:38:13 -0500] "GET /?b=143006866 HTTP/1.1" 200 81975 "-" "Mozilla/5.0 (Linux; Android 6.0.1; Nexus 5X Build/MMB29P) AppleWebKit/537.36 (KHTML, like Gecko) Chrome/131.0.6778.139 Mobile Safari/537.36 (compatible; GoogleOther)"
85.208.96.193 - - [28/Dec/2024:09:38:20 -0500] "GET /?b=96262166 HTTP/1.1" 200 21062 "-" "Mozilla/5.0 (compatible; SemrushBot/7~bl; +http://www.semrush.com/bot.html)"
66.29.132.124 - - [28/Dec/2024:09:38:23 -0500] "POST /wp-cron.php?doing_wp_cron=1735396703.3097960948944091796875 HTTP/1.1" 200 0 "-" "WordPress/6.7.1; https://blog.diixadigital.com"
185.191.171.1 - - [28/Dec/2024:09:38:22 -0500] "GET /?b=129718666 HTTP/1.1" 200 21066 "-" "Mozilla/5.0 (compatible; SemrushBot/7~bl; +http://www.semrush.com/bot.html)"
85.208.96.208 - - [28/Dec/2024:09:38:26 -0500] "GET /?b=209622366 HTTP/1.1" 200 21063 "-" "Mozilla/5.0 (compatible; SemrushBot/7~bl; +http://www.semrush.com/bot.html)"
66.249.68.68 - - [28/Dec/2024:09:38:38 -0500] "GET /?b=203794666 HTTP/1.1" 200 80465 "-" "Mozilla/5.0 (Linux; Android 6.0.1; Nexus 5X Build/MMB29P) AppleWebKit/537.36 (KHTML, like Gecko) Chrome/131.0.6778.139 Mobile Safari/537.36 (compatible; GoogleOther)"
85.208.96.212 - - [28/Dec/2024:09:38:41 -0500] "GET /?b=143135666 HTTP/1.1" 200 21073 "-" "Mozilla/5.0 (compatible; SemrushBot/7~bl; +http://www.semrush.com/bot.html)"
66.249.68.68 - - [28/Dec/2024:09:38:51 -0500] "GET /?b=318630866 HTTP/1.1" 200 80652 "-" "Mozilla/5.0 (Linux; Android 6.0.1; Nexus 5X Build/MMB29P) AppleWebKit/537.36 (KHTML, like Gecko) Chrome/131.0.6778.139 Mobile Safari/537.36 (compatible; GoogleOther)"
66.249.68.69 - - [28/Dec/2024:09:39:04 -0500] "GET /?b=332844266 HTTP/1.1" 200 79788 "-" "Mozilla/5.0 (Linux; Android 6.0.1; Nexus 5X Build/MMB29P) AppleWebKit/537.36 (KHTML, like Gecko) Chrome/131.0.6778.139 Mobile Safari/537.36 (compatible; GoogleOther)"
66.29.132.124 - - [28/Dec/2024:09:39:12 -0500] "POST /wp-cron.php?doing_wp_cron=1735396752.3658590316772460937500 HTTP/1.1" 200 0 "-" "WordPress/6.7.1; https://blog.diixadigital.com"
85.208.96.204 - - [28/Dec/2024:09:39:11 -0500] "GET /?b=33226566 HTTP/1.1" 200 21075 "-" "Mozilla/5.0 (compatible; SemrushBot/7~bl; +http://www.semrush.com/bot.html)"
66.29.132.124 - - [28/Dec/2024:09:39:13 -0500] "POST /wp-admin/admin-ajax.php?action=async_litespeed&nonce=0a3c28bef8&litespeed_type=imgoptm HTTP/1.1" 200 0 "-" "WordPress/6.7.1; https://blog.diixadigital.com"
85.208.96.197 - - [28/Dec/2024:09:39:17 -0500] "GET /?b=66771766 HTTP/1.1" 200 21066 "-" "Mozilla/5.0 (compatible; SemrushBot/7~bl; +http://www.semrush.com/bot.html)"
66.249.68.69 - - [28/Dec/2024:09:39:17 -0500] "GET /?b=173308166 HTTP/1.1" 200 80550 "-" "Mozilla/5.0 (Linux; Android 6.0.1; Nexus 5X Build/MMB29P) AppleWebKit/537.36 (KHTML, like Gecko) Chrome/131.0.6778.139 Mobile Safari/537.36 (compatible; GoogleOther)"
185.191.171.14 - - [28/Dec/2024:09:39:20 -0500] "GET /?b=297087466 HTTP/1.1" 200 21064 "-" "Mozilla/5.0 (compatible; SemrushBot/7~bl; +http://www.semrush.com/bot.html)"
