66.249.68.68 - - [28/Dec/2024:09:03:31 -0500] "GET /?b=125795566 HTTP/1.1" 200 80945 "-" "Mozilla/5.0 (Linux; Android 6.0.1; Nexus 5X Build/MMB29P) AppleWebKit/537.36 (KHTML, like Gecko) Chrome/131.0.6778.139 Mobile Safari/537.36 (compatible; GoogleOther)"
66.249.68.68 - - [28/Dec/2024:09:03:44 -0500] "GET /?b=215678766 HTTP/1.1" 200 80415 "-" "Mozilla/5.0 (Linux; Android 6.0.1; Nexus 5X Build/MMB29P) AppleWebKit/537.36 (KHTML, like Gecko) Chrome/131.0.6778.139 Mobile Safari/537.36 (compatible; GoogleOther)"
66.249.68.68 - - [28/Dec/2024:09:03:57 -0500] "GET /?b=355574466 HTTP/1.1" 200 80131 "-" "Mozilla/5.0 (Linux; Android 6.0.1; Nexus 5X Build/MMB29P) AppleWebKit/537.36 (KHTML, like Gecko) Chrome/131.0.6778.139 Mobile Safari/537.36 (compatible; GoogleOther)"
66.29.132.124 - - [28/Dec/2024:09:04:04 -0500] "POST /wp-cron.php?doing_wp_cron=1735394644.1383299827575683593750 HTTP/1.1" 200 0 "-" "WordPress/6.7.1; https://blog.diixadigital.com"
185.191.171.7 - - [28/Dec/2024:09:04:03 -0500] "GET /?b=320994766 HTTP/1.1" 200 21077 "-" "Mozilla/5.0 (compatible; SemrushBot/7~bl; +http://www.semrush.com/bot.html)"
66.29.132.124 - - [28/Dec/2024:09:04:04 -0500] "POST /wp-admin/admin-ajax.php?action=async_litespeed&nonce=0a3c28bef8&litespeed_type=imgoptm HTTP/1.1" 200 21 "-" "WordPress/6.7.1; https://blog.diixadigital.com"
85.208.96.198 - - [28/Dec/2024:09:04:06 -0500] "GET /?b=7782366 HTTP/1.1" 200 21082 "-" "Mozilla/5.0 (compatible; SemrushBot/7~bl; +http://www.semrush.com/bot.html)"
85.208.96.195 - - [28/Dec/2024:09:04:09 -0500] "GET /?b=19570566 HTTP/1.1" 200 21066 "-" "Mozilla/5.0 (compatible; SemrushBot/7~bl; +http://www.semrush.com/bot.html)"
66.249.68.70 - - [28/Dec/2024:09:04:09 -0500] "GET /?b=73333166 HTTP/1.1" 200 79512 "-" "Mozilla/5.0 (Linux; Android 6.0.1; Nexus 5X Build/MMB29P) AppleWebKit/537.36 (KHTML, like Gecko) Chrome/131.0.6778.139 Mobile Safari/537.36 (compatible; GoogleOther)"
185.191.171.1 - - [28/Dec/2024:09:04:18 -0500] "GET /?b=327761466 HTTP/1.1" 200 21064 "-" "Mozilla/5.0 (compatible; SemrushBot/7~bl; +http://www.semrush.com/bot.html)"
66.249.68.69 - - [28/Dec/2024:09:04:22 -0500] "GET /?b=94692766 HTTP/1.1" 200 79408 "-" "Mozilla/5.0 (Linux; Android 6.0.1; Nexus 5X Build/MMB29P) AppleWebKit/537.36 (KHTML, like Gecko) Chrome/131.0.6778.139 Mobile Safari/537.36 (compatible; GoogleOther)"
66.29.132.124 - - [28/Dec/2024:09:04:27 -0500] "POST /wp-cron.php?doing_wp_cron=1735394667.1396799087524414062500 HTTP/1.1" 200 0 "-" "WordPress/6.7.1; https://blog.diixadigital.com"
85.208.96.198 - - [28/Dec/2024:09:04:26 -0500] "GET /?b=162050066 HTTP/1.1" 200 21064 "-" "Mozilla/5.0 (compatible; SemrushBot/7~bl; +http://www.semrush.com/bot.html)"
185.191.171.9 - - [28/Dec/2024:09:04:30 -0500] "GET /?b=193874866 HTTP/1.1" 200 21066 "-" "Mozilla/5.0 (compatible; SemrushBot/7~bl; +http://www.semrush.com/bot.html)"
85.208.96.207 - - [28/Dec/2024:09:04:32 -0500] "GET /?b=148660466 HTTP/1.1" 200 21068 "-" "Mozilla/5.0 (compatible; SemrushBot/7~bl; +http://www.semrush.com/bot.html)"
66.249.68.68 - - [28/Dec/2024:09:04:35 -0500] "GET /?b=2707766 HTTP/1.1" 200 80024 "-" "Mozilla/5.0 (Linux; Android 6.0.1; Nexus 5X Build/MMB29P) AppleWebKit/537.36 (KHTML, like Gecko) Chrome/131.0.6778.139 Mobile Safari/537.36 (compatible; GoogleOther)"
185.191.171.5 - - [28/Dec/2024:09:04:36 -0500] "GET /?b=104408366 HTTP/1.1" 200 21060 "-" "Mozilla/5.0 (compatible; SemrushBot/7~bl; +http://www.semrush.com/bot.html)"
66.249.68.68 - - [28/Dec/2024:09:04:48 -0500] "GET /?b=82431866 HTTP/1.1" 200 81058 "-" "Mozilla/5.0 (Linux; Android 6.0.1; Nexus 5X Build/MMB29P) AppleWebKit/537.36 (KHTML, like Gecko) Chrome/131.0.6778.139 Mobile Safari/537.36 (compatible; GoogleOther)"
66.29.132.124 - - [28/Dec/2024:09:04:49 -0500] "POST /wp-cron.php?doing_wp_cron=1735394689.7072229385375976562500 HTTP/1.1" 200 0 "-" "WordPress/6.7.1; https://blog.diixadigital.com"
185.191.171.4 - - [28/Dec/2024:09:04:49 -0500] "GET /?b=306842366 HTTP/1.1" 200 21057 "-" "Mozilla/5.0 (compatible; SemrushBot/7~bl; +http://www.semrush.com/bot.html)"
66.29.132.124 - - [28/Dec/2024:09:04:49 -0500] "POST /wp-admin/admin-ajax.php?action=async_litespeed&nonce=0a3c28bef8&litespeed_type=imgoptm HTTP/1.1" 200 21 "-" "WordPress/6.7.1; https://blog.diixadigital.com"
66.249.68.68 - - [28/Dec/2024:09:05:00 -0500] "GET /?b=251915566 HTTP/1.1" 200 81197 "-" "Mozilla/5.0 (Linux; Android 6.0.1; Nexus 5X Build/MMB29P) AppleWebKit/537.36 (KHTML, like Gecko) Chrome/131.0.6778.139 Mobile Safari/537.36 (compatible; GoogleOther)"
40.77.167.71 - - [28/Dec/2024:09:05:01 -0500] "GET /vbroj/s1674746.html HTTP/1.1" 200 79668 "-" "Mozilla/5.0 AppleWebKit/537.36 (KHTML, like Gecko; compatible; bingbot/2.0; +http://www.bing.com/bingbot.htm) Chrome/116.0.1938.76 Safari/537.36"
40.77.167.71 - - [28/Dec/2024:09:05:04 -0500] "GET /yefcg/x1787487.html HTTP/1.1" 200 79970 "-" "Mozilla/5.0 AppleWebKit/537.36 (KHTML, like Gecko; compatible; bingbot/2.0; +http://www.bing.com/bingbot.htm) Chrome/116.0.1938.76 Safari/537.36"
185.191.171.4 - - [28/Dec/2024:09:05:06 -0500] "GET /?b=167861666 HTTP/1.1" 200 21077 "-" "Mozilla/5.0 (compatible; SemrushBot/7~bl; +http://www.semrush.com/bot.html)"
66.249.68.68 - - [28/Dec/2024:09:05:14 -0500] "GET /?b=192332566 HTTP/1.1" 200 79574 "-" "Mozilla/5.0 (Linux; Android 6.0.1; Nexus 5X Build/MMB29P) AppleWebKit/537.36 (KHTML, like Gecko) Chrome/131.0.6778.139 Mobile Safari/537.36 (compatible; GoogleOther)"
66.249.68.68 - - [28/Dec/2024:09:05:26 -0500] "GET /?b=148915266 HTTP/1.1" 200 79734 "-" "Mozilla/5.0 (Linux; Android 6.0.1; Nexus 5X Build/MMB29P) AppleWebKit/537.36 (KHTML, like Gecko) Chrome/131.0.6778.139 Mobile Safari/537.36 (compatible; GoogleOther)"
66.29.132.124 - - [28/Dec/2024:09:05:30 -0500] "POST /wp-cron.php?doing_wp_cron=1735394729.9854710102081298828125 HTTP/1.1" 200 0 "-" "WordPress/6.7.1; https://blog.diixadigital.com"
185.191.171.1 - - [28/Dec/2024:09:05:29 -0500] "GET /?b=252073466 HTTP/1.1" 200 21068 "-" "Mozilla/5.0 (compatible; SemrushBot/7~bl; +http://www.semrush.com/bot.html)"
66.249.68.68 - - [28/Dec/2024:09:05:38 -0500] "GET /?b=171325066 HTTP/1.1" 200 79858 "-" "Mozilla/5.0 (Linux; Android 6.0.1; Nexus 5X Build/MMB29P) AppleWebKit/537.36 (KHTML, like Gecko) Chrome/131.0.6778.139 Mobile Safari/537.36 (compatible; GoogleOther)"
66.29.132.124 - - [28/Dec/2024:09:05:51 -0500] "POST /wp-cron.php?doing_wp_cron=1735394751.4728150367736816406250 HTTP/1.1" 200 0 "-" "WordPress/6.7.1; https://blog.diixadigital.com"
85.208.96.193 - - [28/Dec/2024:09:05:51 -0500] "GET /?b=350420766 HTTP/1.1" 200 21062 "-" "Mozilla/5.0 (compatible; SemrushBot/7~bl; +http://www.semrush.com/bot.html)"
66.29.132.124 - - [28/Dec/2024:09:05:51 -0500] "POST /wp-admin/admin-ajax.php?action=async_litespeed&nonce=0a3c28bef8&litespeed_type=imgoptm HTTP/1.1" 200 21 "-" "WordPress/6.7.1; https://blog.diixadigital.com"
66.249.68.68 - - [28/Dec/2024:09:05:51 -0500] "GET /?b=174976566 HTTP/1.1" 200 80760 "-" "Mozilla/5.0 (Linux; Android 6.0.1; Nexus 5X Build/MMB29P) AppleWebKit/537.36 (KHTML, like Gecko) Chrome/131.0.6778.139 Mobile Safari/537.36 (compatible; GoogleOther)"
185.191.171.4 - - [28/Dec/2024:09:05:54 -0500] "GET /?b=103486966 HTTP/1.1" 200 21052 "-" "Mozilla/5.0 (compatible; SemrushBot/7~bl; +http://www.semrush.com/bot.html)"
185.191.171.16 - - [28/Dec/2024:09:05:59 -0500] "GET /?b=211801566 HTTP/1.1" 200 21071 "-" "Mozilla/5.0 (compatible; SemrushBot/7~bl; +http://www.semrush.com/bot.html)"
66.249.68.69 - - [28/Dec/2024:09:06:04 -0500] "GET /?b=27066366 HTTP/1.1" 200 79851 "-" "Mozilla/5.0 (Linux; Android 6.0.1; Nexus 5X Build/MMB29P) AppleWebKit/537.36 (KHTML, like Gecko) Chrome/131.0.6778.139 Mobile Safari/537.36 (compatible; GoogleOther)"
66.249.68.69 - - [28/Dec/2024:09:06:16 -0500] "GET /?b=170590266 HTTP/1.1" 200 79658 "-" "Mozilla/5.0 (Linux; Android 6.0.1; Nexus 5X Build/MMB29P) AppleWebKit/537.36 (KHTML, like Gecko) Chrome/131.0.6778.139 Mobile Safari/537.36 (compatible; GoogleOther)"
185.191.171.3 - - [28/Dec/2024:09:06:18 -0500] "GET /?b=339218066 HTTP/1.1" 200 21071 "-" "Mozilla/5.0 (compatible; SemrushBot/7~bl; +http://www.semrush.com/bot.html)"
40.77.167.241 - - [28/Dec/2024:09:06:19 -0500] "GET /xivby/j2469427.html HTTP/1.1" 200 79362 "-" "Mozilla/5.0 AppleWebKit/537.36 (KHTML, like Gecko; compatible; bingbot/2.0; +http://www.bing.com/bingbot.htm) Chrome/116.0.1938.76 Safari/537.36"
66.29.132.124 - - [28/Dec/2024:09:06:29 -0500] "POST /wp-cron.php?doing_wp_cron=1735394789.9090759754180908203125 HTTP/1.1" 200 0 "-" "WordPress/6.7.1; https://blog.diixadigital.com"
185.191.171.14 - - [28/Dec/2024:09:06:29 -0500] "GET /?b=92700266 HTTP/1.1" 200 21066 "-" "Mozilla/5.0 (compatible; SemrushBot/7~bl; +http://www.semrush.com/bot.html)"
66.249.68.68 - - [28/Dec/2024:09:06:29 -0500] "GET /?b=174793666 HTTP/1.1" 200 79905 "-" "Mozilla/5.0 (Linux; Android 6.0.1; Nexus 5X Build/MMB29P) AppleWebKit/537.36 (KHTML, like Gecko) Chrome/131.0.6778.139 Mobile Safari/537.36 (compatible; GoogleOther)"
85.208.96.197 - - [28/Dec/2024:09:06:31 -0500] "GET /?b=256442766 HTTP/1.1" 200 21058 "-" "Mozilla/5.0 (compatible; SemrushBot/7~bl; +http://www.semrush.com/bot.html)"
66.249.68.68 - - [28/Dec/2024:09:06:43 -0500] "GET /?b=75812766 HTTP/1.1" 200 80087 "-" "Mozilla/5.0 (Linux; Android 6.0.1; Nexus 5X Build/MMB29P) AppleWebKit/537.36 (KHTML, like Gecko) Chrome/131.0.6778.139 Mobile Safari/537.36 (compatible; GoogleOther)"
52.167.144.150 - - [28/Dec/2024:09:06:45 -0500] "GET /yxqgp/o2619036.html HTTP/1.1" 200 81511 "-" "Mozilla/5.0 AppleWebKit/537.36 (KHTML, like Gecko; compatible; bingbot/2.0; +http://www.bing.com/bingbot.htm) Chrome/116.0.1938.76 Safari/537.36"
66.249.68.69 - - [28/Dec/2024:09:06:55 -0500] "GET /?b=298560666 HTTP/1.1" 200 79740 "-" "Mozilla/5.0 (Linux; Android 6.0.1; Nexus 5X Build/MMB29P) AppleWebKit/537.36 (KHTML, like Gecko) Chrome/131.0.6778.139 Mobile Safari/537.36 (compatible; GoogleOther)"
52.167.144.150 - - [28/Dec/2024:09:06:56 -0500] "GET /opdoj/m2600704.html HTTP/1.1" 200 79723 "-" "Mozilla/5.0 AppleWebKit/537.36 (KHTML, like Gecko; compatible; bingbot/2.0; +http://www.bing.com/bingbot.htm) Chrome/116.0.1938.76 Safari/537.36"
66.29.132.124 - - [28/Dec/2024:09:07:07 -0500] "POST /wp-cron.php?doing_wp_cron=1735394827.6146190166473388671875 HTTP/1.1" 200 0 "-" "WordPress/6.7.1; https://blog.diixadigital.com"
185.191.171.11 - - [28/Dec/2024:09:07:07 -0500] "GET /?b=38013066 HTTP/1.1" 200 21060 "-" "Mozilla/5.0 (compatible; SemrushBot/7~bl; +http://www.semrush.com/bot.html)"
66.29.132.124 - - [28/Dec/2024:09:07:08 -0500] "POST /wp-admin/admin-ajax.php?action=async_litespeed&nonce=0a3c28bef8&litespeed_type=imgoptm HTTP/1.1" 200 21 "-" "WordPress/6.7.1; https://blog.diixadigital.com"
66.249.68.69 - - [28/Dec/2024:09:07:07 -0500] "GET /?b=217540066 HTTP/1.1" 200 80278 "-" "Mozilla/5.0 (Linux; Android 6.0.1; Nexus 5X Build/MMB29P) AppleWebKit/537.36 (KHTML, like Gecko) Chrome/131.0.6778.139 Mobile Safari/537.36 (compatible; GoogleOther)"
66.249.68.68 - - [28/Dec/2024:09:07:20 -0500] "GET /?b=46151066 HTTP/1.1" 200 82064 "-" "Mozilla/5.0 (Linux; Android 6.0.1; Nexus 5X Build/MMB29P) AppleWebKit/537.36 (KHTML, like Gecko) Chrome/131.0.6778.139 Mobile Safari/537.36 (compatible; GoogleOther)"
66.29.132.124 - - [28/Dec/2024:09:07:25 -0500] "POST /wp-cron.php?doing_wp_cron=1735394845.2164549827575683593750 HTTP/1.1" 200 0 "-" "WordPress/6.7.1; https://blog.diixadigital.com"
40.77.167.71 - - [28/Dec/2024:09:07:24 -0500] "GET /thjpr/b857211.html HTTP/1.1" 200 82468 "-" "Mozilla/5.0 AppleWebKit/537.36 (KHTML, like Gecko; compatible; bingbot/2.0; +http://www.bing.com/bingbot.htm) Chrome/116.0.1938.76 Safari/537.36"
85.208.96.209 - - [28/Dec/2024:09:07:24 -0500] "GET /?b=303434266 HTTP/1.1" 200 21073 "-" "Mozilla/5.0 (compatible; SemrushBot/7~bl; +http://www.semrush.com/bot.html)"
185.191.171.4 - - [28/Dec/2024:09:07:28 -0500] "GET /?b=313914966 HTTP/1.1" 200 21067 "-" "Mozilla/5.0 (compatible; SemrushBot/7~bl; +http://www.semrush.com/bot.html)"
66.249.68.68 - - [28/Dec/2024:09:07:33 -0500] "GET /?b=320979466 HTTP/1.1" 200 79936 "-" "Mozilla/5.0 (Linux; Android 6.0.1; Nexus 5X Build/MMB29P) AppleWebKit/537.36 (KHTML, like Gecko) Chrome/131.0.6778.139 Mobile Safari/537.36 (compatible; GoogleOther)"
66.249.68.68 - - [28/Dec/2024:09:07:45 -0500] "GET /?b=238915366 HTTP/1.1" 200 79704 "-" "Mozilla/5.0 (Linux; Android 6.0.1; Nexus 5X Build/MMB29P) AppleWebKit/537.36 (KHTML, like Gecko) Chrome/131.0.6778.139 Mobile Safari/537.36 (compatible; GoogleOther)"
40.77.167.241 - - [28/Dec/2024:09:07:50 -0500] "GET /pdphx/l2469481.html HTTP/1.1" 200 79436 "-" "Mozilla/5.0 AppleWebKit/537.36 (KHTML, like Gecko; compatible; bingbot/2.0; +http://www.bing.com/bingbot.htm) Chrome/116.0.1938.76 Safari/537.36"
66.249.68.69 - - [28/Dec/2024:09:07:58 -0500] "GET /?b=72699766 HTTP/1.1" 200 79989 "-" "Mozilla/5.0 (Linux; Android 6.0.1; Nexus 5X Build/MMB29P) AppleWebKit/537.36 (KHTML, like Gecko) Chrome/131.0.6778.139 Mobile Safari/537.36 (compatible; GoogleOther)"
66.29.132.124 - - [28/Dec/2024:09:08:07 -0500] "POST /wp-cron.php?doing_wp_cron=1735394887.1727559566497802734375 HTTP/1.1" 200 0 "-" "WordPress/6.7.1; https://blog.diixadigital.com"
185.191.171.7 - - [28/Dec/2024:09:08:06 -0500] "GET /?b=313842666 HTTP/1.1" 200 21064 "-" "Mozilla/5.0 (compatible; SemrushBot/7~bl; +http://www.semrush.com/bot.html)"
66.29.132.124 - - [28/Dec/2024:09:08:07 -0500] "POST /wp-admin/admin-ajax.php?action=async_litespeed&nonce=0a3c28bef8&litespeed_type=imgoptm HTTP/1.1" 200 21 "-" "WordPress/6.7.1; https://blog.diixadigital.com"
85.208.96.193 - - [28/Dec/2024:09:08:09 -0500] "GET /?b=213967866 HTTP/1.1" 200 21067 "-" "Mozilla/5.0 (compatible; SemrushBot/7~bl; +http://www.semrush.com/bot.html)"
66.249.68.68 - - [28/Dec/2024:09:08:11 -0500] "GET /?b=310327766 HTTP/1.1" 200 79993 "-" "Mozilla/5.0 (Linux; Android 6.0.1; Nexus 5X Build/MMB29P) AppleWebKit/537.36 (KHTML, like Gecko) Chrome/131.0.6778.139 Mobile Safari/537.36 (compatible; GoogleOther)"
185.191.171.12 - - [28/Dec/2024:09:08:12 -0500] "GET /?b=201157266 HTTP/1.1" 200 21071 "-" "Mozilla/5.0 (compatible; SemrushBot/7~bl; +http://www.semrush.com/bot.html)"
185.191.171.13 - - [28/Dec/2024:09:08:16 -0500] "GET /?b=119009766 HTTP/1.1" 200 21063 "-" "Mozilla/5.0 (compatible; SemrushBot/7~bl; +http://www.semrush.com/bot.html)"
66.249.68.69 - - [28/Dec/2024:09:08:23 -0500] "GET /?b=164189666 HTTP/1.1" 200 80905 "-" "Mozilla/5.0 (Linux; Android 6.0.1; Nexus 5X Build/MMB29P) AppleWebKit/537.36 (KHTML, like Gecko) Chrome/131.0.6778.139 Mobile Safari/537.36 (compatible; GoogleOther)"
66.29.132.124 - - [28/Dec/2024:09:08:31 -0500] "POST /wp-cron.php?doing_wp_cron=1735394911.3567020893096923828125 HTTP/1.1" 200 0 "-" "WordPress/6.7.1; https://blog.diixadigital.com"
85.208.96.201 - - [28/Dec/2024:09:08:30 -0500] "GET /?b=330722466 HTTP/1.1" 200 21061 "-" "Mozilla/5.0 (compatible; SemrushBot/7~bl; +http://www.semrush.com/bot.html)"
85.208.96.204 - - [28/Dec/2024:09:08:33 -0500] "GET /?b=61142066 HTTP/1.1" 200 21054 "-" "Mozilla/5.0 (compatible; SemrushBot/7~bl; +http://www.semrush.com/bot.html)"
85.208.96.197 - - [28/Dec/2024:09:08:36 -0500] "GET /?b=71444266 HTTP/1.1" 200 21065 "-" "Mozilla/5.0 (compatible; SemrushBot/7~bl; +http://www.semrush.com/bot.html)"
66.249.68.68 - - [28/Dec/2024:09:08:36 -0500] "GET /?b=99799466 HTTP/1.1" 200 79534 "-" "Mozilla/5.0 (Linux; Android 6.0.1; Nexus 5X Build/MMB29P) AppleWebKit/537.36 (KHTML, like Gecko) Chrome/131.0.6778.139 Mobile Safari/537.36 (compatible; GoogleOther)"
85.208.96.206 - - [28/Dec/2024:09:08:42 -0500] "GET /?b=191418866 HTTP/1.1" 200 21056 "-" "Mozilla/5.0 (compatible; SemrushBot/7~bl; +http://www.semrush.com/bot.html)"
66.249.68.68 - - [28/Dec/2024:09:08:49 -0500] "GET /?b=197110266 HTTP/1.1" 200 81011 "-" "Mozilla/5.0 (Linux; Android 6.0.1; Nexus 5X Build/MMB29P) AppleWebKit/537.36 (KHTML, like Gecko) Chrome/131.0.6778.139 Mobile Safari/537.36 (compatible; GoogleOther)"
66.29.132.124 - - [28/Dec/2024:09:08:51 -0500] "POST /wp-cron.php?doing_wp_cron=1735394931.4491820335388183593750 HTTP/1.1" 200 0 "-" "WordPress/6.7.1; https://blog.diixadigital.com"
85.208.96.206 - - [28/Dec/2024:09:08:51 -0500] "GET /?b=2186066 HTTP/1.1" 200 21059 "-" "Mozilla/5.0 (compatible; SemrushBot/7~bl; +http://www.semrush.com/bot.html)"
66.29.132.124 - - [28/Dec/2024:09:08:51 -0500] "POST /wp-admin/admin-ajax.php?action=async_litespeed&nonce=0a3c28bef8&litespeed_type=imgoptm HTTP/1.1" 200 21 "-" "WordPress/6.7.1; https://blog.diixadigital.com"
40.77.167.71 - - [28/Dec/2024:09:08:51 -0500] "GET /wtzir/s2558304.html HTTP/1.1" 200 80621 "-" "Mozilla/5.0 AppleWebKit/537.36 (KHTML, like Gecko; compatible; bingbot/2.0; +http://www.bing.com/bingbot.htm) Chrome/116.0.1938.76 Safari/537.36"
66.249.68.69 - - [28/Dec/2024:09:09:01 -0500] "GET /?b=97444366 HTTP/1.1" 200 79157 "-" "Mozilla/5.0 (Linux; Android 6.0.1; Nexus 5X Build/MMB29P) AppleWebKit/537.36 (KHTML, like Gecko) Chrome/131.0.6778.139 Mobile Safari/537.36 (compatible; GoogleOther)"
185.191.171.16 - - [28/Dec/2024:09:09:06 -0500] "GET /?b=163953566 HTTP/1.1" 200 21069 "-" "Mozilla/5.0 (compatible; SemrushBot/7~bl; +http://www.semrush.com/bot.html)"
66.249.68.68 - - [28/Dec/2024:09:09:14 -0500] "GET /?b=321805066 HTTP/1.1" 200 80503 "-" "Mozilla/5.0 (Linux; Android 6.0.1; Nexus 5X Build/MMB29P) AppleWebKit/537.36 (KHTML, like Gecko) Chrome/131.0.6778.139 Mobile Safari/537.36 (compatible; GoogleOther)"
66.249.68.68 - - [28/Dec/2024:09:09:27 -0500] "GET /?b=127390166 HTTP/1.1" 200 80162 "-" "Mozilla/5.0 (Linux; Android 6.0.1; Nexus 5X Build/MMB29P) AppleWebKit/537.36 (KHTML, like Gecko) Chrome/131.0.6778.139 Mobile Safari/537.36 (compatible; GoogleOther)"
66.29.132.124 - - [28/Dec/2024:09:09:34 -0500] "POST /wp-cron.php?doing_wp_cron=1735394974.9393820762634277343750 HTTP/1.1" 200 0 "-" "WordPress/6.7.1; https://blog.diixadigital.com"
185.191.171.5 - - [28/Dec/2024:09:09:34 -0500] "GET /?b=37973166 HTTP/1.1" 200 21066 "-" "Mozilla/5.0 (compatible; SemrushBot/7~bl; +http://www.semrush.com/bot.html)"
66.249.68.68 - - [28/Dec/2024:09:09:39 -0500] "GET /?b=285686766 HTTP/1.1" 200 80979 "-" "Mozilla/5.0 (Linux; Android 6.0.1; Nexus 5X Build/MMB29P) AppleWebKit/537.36 (KHTML, like Gecko) Chrome/131.0.6778.139 Mobile Safari/537.36 (compatible; GoogleOther)"
84.147.53.68 - - [28/Dec/2024:09:09:42 -0500] "GET /-/ HTTP/1.1" 302 0 "-" "Mozilla/5.0 (Windows NT 10.0; Win64; x64; ) AppleWebKit/537.36 (KHTML, like Gecko) Chrome/126.0.6478.61 Chrome/126.0.6478.61 Not/A)Brand/8  Safari/537.36"
66.29.132.124 - - [28/Dec/2024:09:09:52 -0500] "POST /wp-cron.php?doing_wp_cron=1735394992.4491240978240966796875 HTTP/1.1" 200 0 "-" "WordPress/6.7.1; https://blog.diixadigital.com"
85.208.96.208 - - [28/Dec/2024:09:09:52 -0500] "GET /?b=215762366 HTTP/1.1" 200 21059 "-" "Mozilla/5.0 (compatible; SemrushBot/7~bl; +http://www.semrush.com/bot.html)"
66.29.132.124 - - [28/Dec/2024:09:09:52 -0500] "POST /wp-admin/admin-ajax.php?action=async_litespeed&nonce=0a3c28bef8&litespeed_type=imgoptm HTTP/1.1" 200 21 "-" "WordPress/6.7.1; https://blog.diixadigital.com"
66.249.68.69 - - [28/Dec/2024:09:09:53 -0500] "GET /?b=239231466 HTTP/1.1" 200 79723 "-" "Mozilla/5.0 (Linux; Android 6.0.1; Nexus 5X Build/MMB29P) AppleWebKit/537.36 (KHTML, like Gecko) Chrome/131.0.6778.139 Mobile Safari/537.36 (compatible; GoogleOther)"
85.208.96.209 - - [28/Dec/2024:09:09:56 -0500] "GET /?b=290349266 HTTP/1.1" 200 21065 "-" "Mozilla/5.0 (compatible; SemrushBot/7~bl; +http://www.semrush.com/bot.html)"
85.208.96.210 - - [28/Dec/2024:09:10:00 -0500] "GET /?b=47939166 HTTP/1.1" 200 21060 "-" "Mozilla/5.0 (compatible; SemrushBot/7~bl; +http://www.semrush.com/bot.html)"
66.249.68.68 - - [28/Dec/2024:09:10:06 -0500] "GET /?b=65321966 HTTP/1.1" 200 81326 "-" "Mozilla/5.0 (Linux; Android 6.0.1; Nexus 5X Build/MMB29P) AppleWebKit/537.36 (KHTML, like Gecko) Chrome/131.0.6778.139 Mobile Safari/537.36 (compatible; GoogleOther)"
66.249.68.68 - - [28/Dec/2024:09:10:19 -0500] "GET /?b=118387366 HTTP/1.1" 200 80662 "-" "Mozilla/5.0 (Linux; Android 6.0.1; Nexus 5X Build/MMB29P) AppleWebKit/537.36 (KHTML, like Gecko) Chrome/131.0.6778.139 Mobile Safari/537.36 (compatible; GoogleOther)"
66.29.132.124 - - [28/Dec/2024:09:10:30 -0500] "POST /wp-cron.php?doing_wp_cron=1735395030.7461531162261962890625 HTTP/1.1" 200 0 "-" "WordPress/6.7.1; https://blog.diixadigital.com"
85.208.96.193 - - [28/Dec/2024:09:10:30 -0500] "GET /?b=219275466 HTTP/1.1" 200 21075 "-" "Mozilla/5.0 (compatible; SemrushBot/7~bl; +http://www.semrush.com/bot.html)"
66.249.68.68 - - [28/Dec/2024:09:10:31 -0500] "GET /?b=114413566 HTTP/1.1" 200 80185 "-" "Mozilla/5.0 (Linux; Android 6.0.1; Nexus 5X Build/MMB29P) AppleWebKit/537.36 (KHTML, like Gecko) Chrome/131.0.6778.139 Mobile Safari/537.36 (compatible; GoogleOther)"
85.208.96.193 - - [28/Dec/2024:09:10:32 -0500] "GET /?b=229129566 HTTP/1.1" 200 21070 "-" "Mozilla/5.0 (compatible; SemrushBot/7~bl; +http://www.semrush.com/bot.html)"
52.167.144.150 - - [28/Dec/2024:09:10:36 -0500] "GET /cnzgh/i2207034.html HTTP/1.1" 200 79846 "-" "Mozilla/5.0 AppleWebKit/537.36 (KHTML, like Gecko; compatible; bingbot/2.0; +http://www.bing.com/bingbot.htm) Chrome/116.0.1938.76 Safari/537.36"
85.208.96.198 - - [28/Dec/2024:09:10:36 -0500] "GET /?b=79444866 HTTP/1.1" 200 21067 "-" "Mozilla/5.0 (compatible; SemrushBot/7~bl; +http://www.semrush.com/bot.html)"
66.249.68.68 - - [28/Dec/2024:09:10:43 -0500] "GET /?b=173923166 HTTP/1.1" 200 79778 "-" "Mozilla/5.0 (Linux; Android 6.0.1; Nexus 5X Build/MMB29P) AppleWebKit/537.36 (KHTML, like Gecko) Chrome/131.0.6778.139 Mobile Safari/537.36 (compatible; GoogleOther)"
66.249.68.68 - - [28/Dec/2024:09:10:56 -0500] "GET /?b=307281466 HTTP/1.1" 200 80004 "-" "Mozilla/5.0 (Linux; Android 6.0.1; Nexus 5X Build/MMB29P) AppleWebKit/537.36 (KHTML, like Gecko) Chrome/131.0.6778.139 Mobile Safari/537.36 (compatible; GoogleOther)"
66.29.132.124 - - [28/Dec/2024:09:11:06 -0500] "POST /wp-cron.php?doing_wp_cron=1735395066.2913739681243896484375 HTTP/1.1" 200 0 "-" "WordPress/6.7.1; https://blog.diixadigital.com"
85.208.96.212 - - [28/Dec/2024:09:11:06 -0500] "GET /?b=75274766 HTTP/1.1" 200 21061 "-" "Mozilla/5.0 (compatible; SemrushBot/7~bl; +http://www.semrush.com/bot.html)"
66.29.132.124 - - [28/Dec/2024:09:11:06 -0500] "POST /wp-admin/admin-ajax.php?action=async_litespeed&nonce=0a3c28bef8&litespeed_type=imgoptm HTTP/1.1" 200 21 "-" "WordPress/6.7.1; https://blog.diixadigital.com"
66.249.68.70 - - [28/Dec/2024:09:11:08 -0500] "GET /?b=185252366 HTTP/1.1" 200 81618 "-" "Mozilla/5.0 (Linux; Android 6.0.1; Nexus 5X Build/MMB29P) AppleWebKit/537.36 (KHTML, like Gecko) Chrome/131.0.6778.139 Mobile Safari/537.36 (compatible; GoogleOther)"
40.77.167.241 - - [28/Dec/2024:09:11:10 -0500] "GET /myvmz/i1492034.html HTTP/1.1" 200 79837 "-" "Mozilla/5.0 AppleWebKit/537.36 (KHTML, like Gecko; compatible; bingbot/2.0; +http://www.bing.com/bingbot.htm) Chrome/116.0.1938.76 Safari/537.36"
66.249.68.69 - - [28/Dec/2024:09:11:21 -0500] "GET /?b=235217866 HTTP/1.1" 200 79663 "-" "Mozilla/5.0 (Linux; Android 6.0.1; Nexus 5X Build/MMB29P) AppleWebKit/537.36 (KHTML, like Gecko) Chrome/131.0.6778.139 Mobile Safari/537.36 (compatible; GoogleOther)"
66.249.68.68 - - [28/Dec/2024:09:11:36 -0500] "GET /?b=124272566 HTTP/1.1" 200 81501 "-" "Mozilla/5.0 (Linux; Android 6.0.1; Nexus 5X Build/MMB29P) AppleWebKit/537.36 (KHTML, like Gecko) Chrome/131.0.6778.139 Mobile Safari/537.36 (compatible; GoogleOther)"
66.29.132.124 - - [28/Dec/2024:09:11:39 -0500] "POST /wp-cron.php?doing_wp_cron=1735395099.0244491100311279296875 HTTP/1.1" 200 0 "-" "WordPress/6.7.1; https://blog.diixadigital.com"
85.208.96.207 - - [28/Dec/2024:09:11:38 -0500] "GET /?b=116505366 HTTP/1.1" 200 21059 "-" "Mozilla/5.0 (compatible; SemrushBot/7~bl; +http://www.semrush.com/bot.html)"
66.249.68.68 - - [28/Dec/2024:09:11:46 -0500] "GET /?b=48303766 HTTP/1.1" 200 80156 "-" "Mozilla/5.0 (Linux; Android 6.0.1; Nexus 5X Build/MMB29P) AppleWebKit/537.36 (KHTML, like Gecko) Chrome/131.0.6778.139 Mobile Safari/537.36 (compatible; GoogleOther)"
66.29.132.124 - - [28/Dec/2024:09:11:49 -0500] "POST /wp-cron.php?doing_wp_cron=1735395109.1557219028472900390625 HTTP/1.1" 200 0 "-" "WordPress/6.7.1; https://blog.diixadigital.com"
85.208.96.211 - - [28/Dec/2024:09:11:48 -0500] "GET /?b=469566 HTTP/1.1" 200 21060 "-" "Mozilla/5.0 (compatible; SemrushBot/7~bl; +http://www.semrush.com/bot.html)"
66.29.132.124 - - [28/Dec/2024:09:11:50 -0500] "POST /wp-admin/admin-ajax.php?action=async_litespeed&nonce=0a3c28bef8&litespeed_type=imgoptm HTTP/1.1" 200 21 "-" "WordPress/6.7.1; https://blog.diixadigital.com"
66.249.68.69 - - [28/Dec/2024:09:11:59 -0500] "GET /?b=313447066 HTTP/1.1" 200 79544 "-" "Mozilla/5.0 (Linux; Android 6.0.1; Nexus 5X Build/MMB29P) AppleWebKit/537.36 (KHTML, like Gecko) Chrome/131.0.6778.139 Mobile Safari/537.36 (compatible; GoogleOther)"
66.249.68.68 - - [28/Dec/2024:09:12:13 -0500] "GET /?b=250026866 HTTP/1.1" 200 80183 "-" "Mozilla/5.0 (Linux; Android 6.0.1; Nexus 5X Build/MMB29P) AppleWebKit/537.36 (KHTML, like Gecko) Chrome/131.0.6778.139 Mobile Safari/537.36 (compatible; GoogleOther)"
85.208.96.208 - - [28/Dec/2024:09:12:20 -0500] "GET /robots.txt HTTP/1.1" 200 139 "-" "Mozilla/5.0 (compatible; SemrushBot/7~bl; +http://www.semrush.com/bot.html)"
185.191.171.2 - - [28/Dec/2024:09:12:21 -0500] "GET /?b=223987066 HTTP/1.1" 200 21072 "-" "Mozilla/5.0 (compatible; SemrushBot/7~bl; +http://www.semrush.com/bot.html)"
66.249.68.68 - - [28/Dec/2024:09:12:26 -0500] "GET /?b=27071466 HTTP/1.1" 200 80327 "-" "Mozilla/5.0 (Linux; Android 6.0.1; Nexus 5X Build/MMB29P) AppleWebKit/537.36 (KHTML, like Gecko) Chrome/131.0.6778.139 Mobile Safari/537.36 (compatible; GoogleOther)"
66.29.132.124 - - [28/Dec/2024:09:12:31 -0500] "POST /wp-cron.php?doing_wp_cron=1735395150.2954399585723876953125 HTTP/1.1" 200 0 "-" "WordPress/6.7.1; https://blog.diixadigital.com"
85.208.96.205 - - [28/Dec/2024:09:12:29 -0500] "GET /?b=196468766 HTTP/1.1" 200 21079 "-" "Mozilla/5.0 (compatible; SemrushBot/7~bl; +http://www.semrush.com/bot.html)"
185.191.171.8 - - [28/Dec/2024:09:12:34 -0500] "GET /?b=202465866 HTTP/1.1" 200 21066 "-" "Mozilla/5.0 (compatible; SemrushBot/7~bl; +http://www.semrush.com/bot.html)"
185.191.171.18 - - [28/Dec/2024:09:12:37 -0500] "GET /?b=285595366 HTTP/1.1" 200 21071 "-" "Mozilla/5.0 (compatible; SemrushBot/7~bl; +http://www.semrush.com/bot.html)"
66.249.68.68 - - [28/Dec/2024:09:12:40 -0500] "GET /?b=70621166 HTTP/1.1" 200 80809 "-" "Mozilla/5.0 (Linux; Android 6.0.1; Nexus 5X Build/MMB29P) AppleWebKit/537.36 (KHTML, like Gecko) Chrome/131.0.6778.139 Mobile Safari/537.36 (compatible; GoogleOther)"
185.191.171.12 - - [28/Dec/2024:09:12:42 -0500] "GET /?b=310145666 HTTP/1.1" 200 21061 "-" "Mozilla/5.0 (compatible; SemrushBot/7~bl; +http://www.semrush.com/bot.html)"
185.191.171.13 - - [28/Dec/2024:09:12:47 -0500] "GET /?b=127922166 HTTP/1.1" 200 21067 "-" "Mozilla/5.0 (compatible; SemrushBot/7~bl; +http://www.semrush.com/bot.html)"
66.249.68.69 - - [28/Dec/2024:09:12:51 -0500] "GET /?b=319842566 HTTP/1.1" 200 79887 "-" "Mozilla/5.0 (Linux; Android 6.0.1; Nexus 5X Build/MMB29P) AppleWebKit/537.36 (KHTML, like Gecko) Chrome/131.0.6778.139 Mobile Safari/537.36 (compatible; GoogleOther)"
40.77.167.2 - - [28/Dec/2024:09:12:51 -0500] "GET /pyttb/j1303587.html HTTP/1.1" 200 79656 "-" "Mozilla/5.0 AppleWebKit/537.36 (KHTML, like Gecko; compatible; bingbot/2.0; +http://www.bing.com/bingbot.htm) Chrome/116.0.1938.76 Safari/537.36"
66.29.132.124 - - [28/Dec/2024:09:12:54 -0500] "POST /wp-cron.php?doing_wp_cron=1735395173.9065890312194824218750 HTTP/1.1" 200 0 "-" "WordPress/6.7.1; https://blog.diixadigital.com"
185.191.171.19 - - [28/Dec/2024:09:12:53 -0500] "GET /?b=64501766 HTTP/1.1" 200 21050 "-" "Mozilla/5.0 (compatible; SemrushBot/7~bl; +http://www.semrush.com/bot.html)"
66.29.132.124 - - [28/Dec/2024:09:12:55 -0500] "POST /wp-admin/admin-ajax.php?action=async_litespeed&nonce=0a3c28bef8&litespeed_type=imgoptm HTTP/1.1" 200 0 "-" "WordPress/6.7.1; https://blog.diixadigital.com"
185.191.171.13 - - [28/Dec/2024:09:12:57 -0500] "GET /?b=118519866 HTTP/1.1" 200 21066 "-" "Mozilla/5.0 (compatible; SemrushBot/7~bl; +http://www.semrush.com/bot.html)"
85.208.96.199 - - [28/Dec/2024:09:13:00 -0500] "GET /?b=209394766 HTTP/1.1" 200 21071 "-" "Mozilla/5.0 (compatible; SemrushBot/7~bl; +http://www.semrush.com/bot.html)"
66.249.68.69 - - [28/Dec/2024:09:13:07 -0500] "GET /?b=29891666 HTTP/1.1" 200 79783 "-" "Mozilla/5.0 (Linux; Android 6.0.1; Nexus 5X Build/MMB29P) AppleWebKit/537.36 (KHTML, like Gecko) Chrome/131.0.6778.139 Mobile Safari/537.36 (compatible; GoogleOther)"
185.191.171.19 - - [28/Dec/2024:09:13:08 -0500] "GET /?b=327823066 HTTP/1.1" 200 21061 "-" "Mozilla/5.0 (compatible; SemrushBot/7~bl; +http://www.semrush.com/bot.html)"
52.167.144.17 - - [28/Dec/2024:09:13:18 -0500] "GET /cznja/u758768.html HTTP/1.1" 200 80890 "-" "Mozilla/5.0 AppleWebKit/537.36 (KHTML, like Gecko; compatible; bingbot/2.0; +http://www.bing.com/bingbot.htm) Chrome/116.0.1938.76 Safari/537.36"
66.249.68.68 - - [28/Dec/2024:09:13:17 -0500] "GET /?b=351495166 HTTP/1.1" 200 79708 "-" "Mozilla/5.0 (Linux; Android 6.0.1; Nexus 5X Build/MMB29P) AppleWebKit/537.36 (KHTML, like Gecko) Chrome/131.0.6778.139 Mobile Safari/537.36 (compatible; GoogleOther)"
52.167.144.17 - - [28/Dec/2024:09:13:21 -0500] "GET /ekdib/g682262.html HTTP/1.1" 200 80426 "-" "Mozilla/5.0 AppleWebKit/537.36 (KHTML, like Gecko; compatible; bingbot/2.0; +http://www.bing.com/bingbot.htm) Chrome/116.0.1938.76 Safari/537.36"
40.77.167.2 - - [28/Dec/2024:09:13:30 -0500] "GET /zbnpx/r2445645.html HTTP/1.1" 200 80577 "-" "Mozilla/5.0 AppleWebKit/537.36 (KHTML, like Gecko; compatible; bingbot/2.0; +http://www.bing.com/bingbot.htm) Chrome/116.0.1938.76 Safari/537.36"
66.249.68.68 - - [28/Dec/2024:09:13:31 -0500] "GET /?b=182694166 HTTP/1.1" 200 80998 "-" "Mozilla/5.0 (Linux; Android 6.0.1; Nexus 5X Build/MMB29P) AppleWebKit/537.36 (KHTML, like Gecko) Chrome/131.0.6778.139 Mobile Safari/537.36 (compatible; GoogleOther)"
66.29.132.124 - - [28/Dec/2024:09:13:36 -0500] "POST /wp-cron.php?doing_wp_cron=1735395215.3554730415344238281250 HTTP/1.1" 200 0 "-" "WordPress/6.7.1; https://blog.diixadigital.com"
85.208.96.202 - - [28/Dec/2024:09:13:34 -0500] "GET /?b=33212866 HTTP/1.1" 200 21062 "-" "Mozilla/5.0 (compatible; SemrushBot/7~bl; +http://www.semrush.com/bot.html)"
66.249.68.68 - - [28/Dec/2024:09:13:43 -0500] "GET /?b=314225966 HTTP/1.1" 200 79577 "-" "Mozilla/5.0 (Linux; Android 6.0.1; Nexus 5X Build/MMB29P) AppleWebKit/537.36 (KHTML, like Gecko) Chrome/131.0.6778.139 Mobile Safari/537.36 (compatible; GoogleOther)"
66.29.132.124 - - [28/Dec/2024:09:13:55 -0500] "POST /wp-cron.php?doing_wp_cron=1735395235.4889380931854248046875 HTTP/1.1" 200 0 "-" "WordPress/6.7.1; https://blog.diixadigital.com"
85.208.96.196 - - [28/Dec/2024:09:13:55 -0500] "GET /?b=75485366 HTTP/1.1" 200 21061 "-" "Mozilla/5.0 (compatible; SemrushBot/7~bl; +http://www.semrush.com/bot.html)"
66.29.132.124 - - [28/Dec/2024:09:13:56 -0500] "POST /wp-admin/admin-ajax.php?action=async_litespeed&nonce=0a3c28bef8&litespeed_type=imgoptm HTTP/1.1" 200 21 "-" "WordPress/6.7.1; https://blog.diixadigital.com"
66.249.68.68 - - [28/Dec/2024:09:13:55 -0500] "GET /?b=3520266 HTTP/1.1" 200 80542 "-" "Mozilla/5.0 (Linux; Android 6.0.1; Nexus 5X Build/MMB29P) AppleWebKit/537.36 (KHTML, like Gecko) Chrome/131.0.6778.139 Mobile Safari/537.36 (compatible; GoogleOther)"
40.77.167.2 - - [28/Dec/2024:09:14:00 -0500] "GET /anohj/w1154386.html HTTP/1.1" 200 79881 "-" "Mozilla/5.0 AppleWebKit/537.36 (KHTML, like Gecko; compatible; bingbot/2.0; +http://www.bing.com/bingbot.htm) Chrome/116.0.1938.76 Safari/537.36"
185.191.171.9 - - [28/Dec/2024:09:14:02 -0500] "GET /?b=198848466 HTTP/1.1" 200 21076 "-" "Mozilla/5.0 (compatible; SemrushBot/7~bl; +http://www.semrush.com/bot.html)"
40.77.167.2 - - [28/Dec/2024:09:14:02 -0500] "GET /upsnq/f2208461.html HTTP/1.1" 200 80238 "-" "Mozilla/5.0 AppleWebKit/537.36 (KHTML, like Gecko; compatible; bingbot/2.0; +http://www.bing.com/bingbot.htm) Chrome/116.0.1938.76 Safari/537.36"
66.249.68.69 - - [28/Dec/2024:09:14:08 -0500] "GET /?b=247189366 HTTP/1.1" 200 79588 "-" "Mozilla/5.0 (Linux; Android 6.0.1; Nexus 5X Build/MMB29P) AppleWebKit/537.36 (KHTML, like Gecko) Chrome/131.0.6778.139 Mobile Safari/537.36 (compatible; GoogleOther)"
66.249.68.68 - - [28/Dec/2024:09:14:19 -0500] "GET /?b=69973766 HTTP/1.1" 200 80792 "-" "Mozilla/5.0 (Linux; Android 6.0.1; Nexus 5X Build/MMB29P) AppleWebKit/537.36 (KHTML, like Gecko) Chrome/131.0.6778.139 Mobile Safari/537.36 (compatible; GoogleOther)"
85.208.96.211 - - [28/Dec/2024:09:14:20 -0500] "GET /?b=198391966 HTTP/1.1" 200 21069 "-" "Mozilla/5.0 (compatible; SemrushBot/7~bl; +http://www.semrush.com/bot.html)"
66.29.132.124 - - [28/Dec/2024:09:14:33 -0500] "POST /wp-cron.php?doing_wp_cron=1735395273.5620820522308349609375 HTTP/1.1" 200 0 "-" "WordPress/6.7.1; https://blog.diixadigital.com"
185.191.171.6 - - [28/Dec/2024:09:14:33 -0500] "GET /?b=89345966 HTTP/1.1" 200 21066 "-" "Mozilla/5.0 (compatible; SemrushBot/7~bl; +http://www.semrush.com/bot.html)"
66.249.68.68 - - [28/Dec/2024:09:14:32 -0500] "GET /?b=143109766 HTTP/1.1" 200 82681 "-" "Mozilla/5.0 (Linux; Android 6.0.1; Nexus 5X Build/MMB29P) AppleWebKit/537.36 (KHTML, like Gecko) Chrome/131.0.6778.139 Mobile Safari/537.36 (compatible; GoogleOther)"
52.167.144.25 - - [28/Dec/2024:09:14:32 -0500] "GET /teekz/g1775666.html HTTP/1.1" 200 79431 "-" "Mozilla/5.0 AppleWebKit/537.36 (KHTML, like Gecko; compatible; bingbot/2.0; +http://www.bing.com/bingbot.htm) Chrome/116.0.1938.76 Safari/537.36"
85.208.96.196 - - [28/Dec/2024:09:14:36 -0500] "GET /?b=318922766 HTTP/1.1" 200 21068 "-" "Mozilla/5.0 (compatible; SemrushBot/7~bl; +http://www.semrush.com/bot.html)"
66.249.68.68 - - [28/Dec/2024:09:14:44 -0500] "GET /?b=230579066 HTTP/1.1" 200 80130 "-" "Mozilla/5.0 (Linux; Android 6.0.1; Nexus 5X Build/MMB29P) AppleWebKit/537.36 (KHTML, like Gecko) Chrome/131.0.6778.139 Mobile Safari/537.36 (compatible; GoogleOther)"
52.167.144.17 - - [28/Dec/2024:09:14:47 -0500] "GET /oakqn/a957492.html HTTP/1.1" 200 80313 "-" "Mozilla/5.0 AppleWebKit/537.36 (KHTML, like Gecko; compatible; bingbot/2.0; +http://www.bing.com/bingbot.htm) Chrome/116.0.1938.76 Safari/537.36"
52.167.144.17 - - [28/Dec/2024:09:14:49 -0500] "GET /fwscd/u2618002.html HTTP/1.1" 200 79813 "-" "Mozilla/5.0 AppleWebKit/537.36 (KHTML, like Gecko; compatible; bingbot/2.0; +http://www.bing.com/bingbot.htm) Chrome/116.0.1938.76 Safari/537.36"
52.167.144.17 - - [28/Dec/2024:09:14:52 -0500] "GET /tldyg/t1667129.html HTTP/1.1" 200 79492 "-" "Mozilla/5.0 AppleWebKit/537.36 (KHTML, like Gecko; compatible; bingbot/2.0; +http://www.bing.com/bingbot.htm) Chrome/116.0.1938.76 Safari/537.36"
66.29.132.124 - - [28/Dec/2024:09:14:57 -0500] "POST /wp-cron.php?doing_wp_cron=1735395297.2692201137542724609375 HTTP/1.1" 200 0 "-" "WordPress/6.7.1; https://blog.diixadigital.com"
85.208.96.205 - - [28/Dec/2024:09:14:56 -0500] "GET /?b=146803366 HTTP/1.1" 200 21061 "-" "Mozilla/5.0 (compatible; SemrushBot/7~bl; +http://www.semrush.com/bot.html)"
66.29.132.124 - - [28/Dec/2024:09:14:57 -0500] "POST /wp-admin/admin-ajax.php?action=async_litespeed&nonce=0a3c28bef8&litespeed_type=imgoptm HTTP/1.1" 200 21 "-" "WordPress/6.7.1; https://blog.diixadigital.com"
66.249.68.69 - - [28/Dec/2024:09:14:57 -0500] "GET /?b=239479466 HTTP/1.1" 200 79931 "-" "Mozilla/5.0 (Linux; Android 6.0.1; Nexus 5X Build/MMB29P) AppleWebKit/537.36 (KHTML, like Gecko) Chrome/131.0.6778.139 Mobile Safari/537.36 (compatible; GoogleOther)"
185.191.171.19 - - [28/Dec/2024:09:15:09 -0500] "GET /?b=284988166 HTTP/1.1" 200 21051 "-" "Mozilla/5.0 (compatible; SemrushBot/7~bl; +http://www.semrush.com/bot.html)"
66.249.68.70 - - [28/Dec/2024:09:15:11 -0500] "GET /?b=295272766 HTTP/1.1" 200 79688 "-" "Mozilla/5.0 (Linux; Android 6.0.1; Nexus 5X Build/MMB29P) AppleWebKit/537.36 (KHTML, like Gecko) Chrome/131.0.6778.139 Mobile Safari/537.36 (compatible; GoogleOther)"
52.167.144.25 - - [28/Dec/2024:09:15:12 -0500] "GET /zsjvh/c767876.html HTTP/1.1" 200 79470 "-" "Mozilla/5.0 AppleWebKit/537.36 (KHTML, like Gecko; compatible; bingbot/2.0; +http://www.bing.com/bingbot.htm) Chrome/116.0.1938.76 Safari/537.36"
66.249.68.68 - - [28/Dec/2024:09:15:26 -0500] "GET /?b=184119466 HTTP/1.1" 200 81626 "-" "Mozilla/5.0 (Linux; Android 6.0.1; Nexus 5X Build/MMB29P) AppleWebKit/537.36 (KHTML, like Gecko) Chrome/131.0.6778.139 Mobile Safari/537.36 (compatible; GoogleOther)"
52.167.144.17 - - [28/Dec/2024:09:15:37 -0500] "GET /vfevf/r1302867.html HTTP/1.1" 200 79597 "-" "Mozilla/5.0 AppleWebKit/537.36 (KHTML, like Gecko; compatible; bingbot/2.0; +http://www.bing.com/bingbot.htm) Chrome/116.0.1938.76 Safari/537.36"
66.249.68.68 - - [28/Dec/2024:09:15:38 -0500] "GET /?b=267105966 HTTP/1.1" 200 79658 "-" "Mozilla/5.0 (Linux; Android 6.0.1; Nexus 5X Build/MMB29P) AppleWebKit/537.36 (KHTML, like Gecko) Chrome/131.0.6778.139 Mobile Safari/537.36 (compatible; GoogleOther)"
66.29.132.124 - - [28/Dec/2024:09:15:40 -0500] "POST /wp-cron.php?doing_wp_cron=1735395340.0953180789947509765625 HTTP/1.1" 200 0 "-" "WordPress/6.7.1; https://blog.diixadigital.com"
85.208.96.208 - - [28/Dec/2024:09:15:38 -0500] "GET /?b=103856266 HTTP/1.1" 200 21075 "-" "Mozilla/5.0 (compatible; SemrushBot/7~bl; +http://www.semrush.com/bot.html)"
66.249.68.68 - - [28/Dec/2024:09:15:50 -0500] "GET /?b=239923666 HTTP/1.1" 200 80329 "-" "Mozilla/5.0 (Linux; Android 6.0.1; Nexus 5X Build/MMB29P) AppleWebKit/537.36 (KHTML, like Gecko) Chrome/131.0.6778.139 Mobile Safari/537.36 (compatible; GoogleOther)"
52.167.144.17 - - [28/Dec/2024:09:15:57 -0500] "GET /gldbo/z122449.html HTTP/1.1" 200 80549 "-" "Mozilla/5.0 AppleWebKit/537.36 (KHTML, like Gecko; compatible; bingbot/2.0; +http://www.bing.com/bingbot.htm) Chrome/116.0.1938.76 Safari/537.36"
66.249.68.70 - - [28/Dec/2024:09:16:01 -0500] "GET /?b=130331366 HTTP/1.1" 200 80436 "-" "Mozilla/5.0 (Linux; Android 6.0.1; Nexus 5X Build/MMB29P) AppleWebKit/537.36 (KHTML, like Gecko) Chrome/131.0.6778.139 Mobile Safari/537.36 (compatible; GoogleOther)"
66.29.132.124 - - [28/Dec/2024:09:16:09 -0500] "POST /wp-cron.php?doing_wp_cron=1735395369.3762979507446289062500 HTTP/1.1" 200 0 "-" "WordPress/6.7.1; https://blog.diixadigital.com"
85.208.96.193 - - [28/Dec/2024:09:16:09 -0500] "GET /?b=208840266 HTTP/1.1" 200 21074 "-" "Mozilla/5.0 (compatible; SemrushBot/7~bl; +http://www.semrush.com/bot.html)"
66.29.132.124 - - [28/Dec/2024:09:16:09 -0500] "POST /wp-admin/admin-ajax.php?action=async_litespeed&nonce=0a3c28bef8&litespeed_type=imgoptm HTTP/1.1" 200 21 "-" "WordPress/6.7.1; https://blog.diixadigital.com"
85.208.96.210 - - [28/Dec/2024:09:16:11 -0500] "GET /?b=287181566 HTTP/1.1" 200 21068 "-" "Mozilla/5.0 (compatible; SemrushBot/7~bl; +http://www.semrush.com/bot.html)"
66.249.68.68 - - [28/Dec/2024:09:16:13 -0500] "GET /?b=226077366 HTTP/1.1" 200 80339 "-" "Mozilla/5.0 (Linux; Android 6.0.1; Nexus 5X Build/MMB29P) AppleWebKit/537.36 (KHTML, like Gecko) Chrome/131.0.6778.139 Mobile Safari/537.36 (compatible; GoogleOther)"
40.77.167.2 - - [28/Dec/2024:09:16:20 -0500] "GET /spuku/k2259062.html HTTP/1.1" 200 79766 "-" "Mozilla/5.0 AppleWebKit/537.36 (KHTML, like Gecko; compatible; bingbot/2.0; +http://www.bing.com/bingbot.htm) Chrome/116.0.1938.76 Safari/537.36"
66.249.68.68 - - [28/Dec/2024:09:16:27 -0500] "GET /?b=37083666 HTTP/1.1" 200 79569 "-" "Mozilla/5.0 (Linux; Android 6.0.1; Nexus 5X Build/MMB29P) AppleWebKit/537.36 (KHTML, like Gecko) Chrome/131.0.6778.139 Mobile Safari/537.36 (compatible; GoogleOther)"
66.29.132.124 - - [28/Dec/2024:09:16:29 -0500] "POST /wp-cron.php?doing_wp_cron=1735395389.8212730884552001953125 HTTP/1.1" 200 0 "-" "WordPress/6.7.1; https://blog.diixadigital.com"
85.208.96.201 - - [28/Dec/2024:09:16:29 -0500] "GET /?b=27121066 HTTP/1.1" 200 21066 "-" "Mozilla/5.0 (compatible; SemrushBot/7~bl; +http://www.semrush.com/bot.html)"
85.208.96.207 - - [28/Dec/2024:09:16:34 -0500] "GET /?b=274020366 HTTP/1.1" 200 21060 "-" "Mozilla/5.0 (compatible; SemrushBot/7~bl; +http://www.semrush.com/bot.html)"
85.208.96.208 - - [28/Dec/2024:09:16:39 -0500] "GET /?b=339546166 HTTP/1.1" 200 21064 "-" "Mozilla/5.0 (compatible; SemrushBot/7~bl; +http://www.semrush.com/bot.html)"
66.249.68.68 - - [28/Dec/2024:09:16:41 -0500] "GET /?b=130931866 HTTP/1.1" 200 80600 "-" "Mozilla/5.0 (Linux; Android 6.0.1; Nexus 5X Build/MMB29P) AppleWebKit/537.36 (KHTML, like Gecko) Chrome/131.0.6778.139 Mobile Safari/537.36 (compatible; GoogleOther)"
85.208.96.193 - - [28/Dec/2024:09:16:42 -0500] "GET /?b=218376866 HTTP/1.1" 200 21070 "-" "Mozilla/5.0 (compatible; SemrushBot/7~bl; +http://www.semrush.com/bot.html)"
185.191.171.5 - - [28/Dec/2024:09:16:46 -0500] "GET /?b=314394666 HTTP/1.1" 200 21066 "-" "Mozilla/5.0 (compatible; SemrushBot/7~bl; +http://www.semrush.com/bot.html)"
66.29.132.124 - - [28/Dec/2024:09:16:54 -0500] "POST /wp-cron.php?doing_wp_cron=1735395414.3560009002685546875000 HTTP/1.1" 200 0 "-" "WordPress/6.7.1; https://blog.diixadigital.com"
66.249.68.69 - - [28/Dec/2024:09:16:53 -0500] "GET /?b=134231866 HTTP/1.1" 200 79479 "-" "Mozilla/5.0 (Linux; Android 6.0.1; Nexus 5X Build/MMB29P) AppleWebKit/537.36 (KHTML, like Gecko) Chrome/131.0.6778.139 Mobile Safari/537.36 (compatible; GoogleOther)"
185.191.171.16 - - [28/Dec/2024:09:16:53 -0500] "GET /?b=274979366 HTTP/1.1" 200 21069 "-" "Mozilla/5.0 (compatible; SemrushBot/7~bl; +http://www.semrush.com/bot.html)"
66.29.132.124 - - [28/Dec/2024:09:16:56 -0500] "POST /wp-admin/admin-ajax.php?action=async_litespeed&nonce=0a3c28bef8&litespeed_type=imgoptm HTTP/1.1" 200 0 "-" "WordPress/6.7.1; https://blog.diixadigital.com"
85.208.96.194 - - [28/Dec/2024:09:16:58 -0500] "GET /?b=281291466 HTTP/1.1" 200 21066 "-" "Mozilla/5.0 (compatible; SemrushBot/7~bl; +http://www.semrush.com/bot.html)"
85.208.96.205 - - [28/Dec/2024:09:17:01 -0500] "GET /?b=235153866 HTTP/1.1" 200 21075 "-" "Mozilla/5.0 (compatible; SemrushBot/7~bl; +http://www.semrush.com/bot.html)"
66.249.68.70 - - [28/Dec/2024:09:17:06 -0500] "GET /?b=340635266 HTTP/1.1" 200 81664 "-" "Mozilla/5.0 (Linux; Android 6.0.1; Nexus 5X Build/MMB29P) AppleWebKit/537.36 (KHTML, like Gecko) Chrome/131.0.6778.139 Mobile Safari/537.36 (compatible; GoogleOther)"
85.208.96.207 - - [28/Dec/2024:09:17:09 -0500] "GET /?b=39890166 HTTP/1.1" 200 21069 "-" "Mozilla/5.0 (compatible; SemrushBot/7~bl; +http://www.semrush.com/bot.html)"
66.249.68.68 - - [28/Dec/2024:09:17:17 -0500] "GET /?b=183109066 HTTP/1.1" 200 80194 "-" "Mozilla/5.0 (Linux; Android 6.0.1; Nexus 5X Build/MMB29P) AppleWebKit/537.36 (KHTML, like Gecko) Chrome/131.0.6778.139 Mobile Safari/537.36 (compatible; GoogleOther)"
66.249.68.68 - - [28/Dec/2024:09:17:29 -0500] "GET /?b=102929866 HTTP/1.1" 200 80768 "-" "Mozilla/5.0 (Linux; Android 6.0.1; Nexus 5X Build/MMB29P) AppleWebKit/537.36 (KHTML, like Gecko) Chrome/131.0.6778.139 Mobile Safari/537.36 (compatible; GoogleOther)"
66.249.68.68 - - [28/Dec/2024:09:17:42 -0500] "GET /?b=316345766 HTTP/1.1" 200 80590 "-" "Mozilla/5.0 (Linux; Android 6.0.1; Nexus 5X Build/MMB29P) AppleWebKit/537.36 (KHTML, like Gecko) Chrome/131.0.6778.139 Mobile Safari/537.36 (compatible; GoogleOther)"
66.29.132.124 - - [28/Dec/2024:09:17:55 -0500] "POST /wp-cron.php?doing_wp_cron=1735395475.1555030345916748046875 HTTP/1.1" 200 0 "-" "WordPress/6.7.1; https://blog.diixadigital.com"
85.208.96.208 - - [28/Dec/2024:09:17:54 -0500] "GET /?b=246355266 HTTP/1.1" 200 21057 "-" "Mozilla/5.0 (compatible; SemrushBot/7~bl; +http://www.semrush.com/bot.html)"
66.29.132.124 - - [28/Dec/2024:09:17:56 -0500] "POST /wp-admin/admin-ajax.php?action=async_litespeed&nonce=0a3c28bef8&litespeed_type=imgoptm HTTP/1.1" 200 21 "-" "WordPress/6.7.1; https://blog.diixadigital.com"
66.249.68.68 - - [28/Dec/2024:09:17:55 -0500] "GET /?b=228858366 HTTP/1.1" 200 79818 "-" "Mozilla/5.0 (Linux; Android 6.0.1; Nexus 5X Build/MMB29P) AppleWebKit/537.36 (KHTML, like Gecko) Chrome/131.0.6778.139 Mobile Safari/537.36 (compatible; GoogleOther)"
185.191.171.12 - - [28/Dec/2024:09:17:58 -0500] "GET /?b=216404166 HTTP/1.1" 200 21063 "-" "Mozilla/5.0 (compatible; SemrushBot/7~bl; +http://www.semrush.com/bot.html)"
185.191.171.11 - - [28/Dec/2024:09:18:06 -0500] "GET /?b=188979166 HTTP/1.1" 200 21072 "-" "Mozilla/5.0 (compatible; SemrushBot/7~bl; +http://www.semrush.com/bot.html)"
66.249.68.68 - - [28/Dec/2024:09:18:07 -0500] "GET /?b=119951766 HTTP/1.1" 200 79986 "-" "Mozilla/5.0 (Linux; Android 6.0.1; Nexus 5X Build/MMB29P) AppleWebKit/537.36 (KHTML, like Gecko) Chrome/131.0.6778.139 Mobile Safari/537.36 (compatible; GoogleOther)"
185.191.171.6 - - [28/Dec/2024:09:18:10 -0500] "GET /?b=105596566 HTTP/1.1" 200 21064 "-" "Mozilla/5.0 (compatible; SemrushBot/7~bl; +http://www.semrush.com/bot.html)"
66.249.68.68 - - [28/Dec/2024:09:18:20 -0500] "GET /?b=35795566 HTTP/1.1" 200 81186 "-" "Mozilla/5.0 (Linux; Android 6.0.1; Nexus 5X Build/MMB29P) AppleWebKit/537.36 (KHTML, like Gecko) Chrome/131.0.6778.139 Mobile Safari/537.36 (compatible; GoogleOther)"
66.249.68.68 - - [28/Dec/2024:09:18:33 -0500] "GET /?b=322614566 HTTP/1.1" 200 79421 "-" "Mozilla/5.0 (Linux; Android 6.0.1; Nexus 5X Build/MMB29P) AppleWebKit/537.36 (KHTML, like Gecko) Chrome/131.0.6778.139 Mobile Safari/537.36 (compatible; GoogleOther)"
66.29.132.124 - - [28/Dec/2024:09:18:40 -0500] "POST /wp-cron.php?doing_wp_cron=1735395520.7544460296630859375000 HTTP/1.1" 200 0 "-" "WordPress/6.7.1; https://blog.diixadigital.com"
85.208.96.208 - - [28/Dec/2024:09:18:40 -0500] "GET /?b=100905466 HTTP/1.1" 200 21075 "-" "Mozilla/5.0 (compatible; SemrushBot/7~bl; +http://www.semrush.com/bot.html)"
66.249.68.68 - - [28/Dec/2024:09:18:46 -0500] "GET /?b=152475666 HTTP/1.1" 200 80562 "-" "Mozilla/5.0 (Linux; Android 6.0.1; Nexus 5X Build/MMB29P) AppleWebKit/537.36 (KHTML, like Gecko) Chrome/131.0.6778.139 Mobile Safari/537.36 (compatible; GoogleOther)"
66.29.132.124 - - [28/Dec/2024:09:18:52 -0500] "POST /wp-cron.php?doing_wp_cron=1735395531.9298229217529296875000 HTTP/1.1" 200 0 "-" "WordPress/6.7.1; https://blog.diixadigital.com"
185.191.171.19 - - [28/Dec/2024:09:18:51 -0500] "GET /?b=177194766 HTTP/1.1" 200 21067 "-" "Mozilla/5.0 (compatible; SemrushBot/7~bl; +http://www.semrush.com/bot.html)"
66.29.132.124 - - [28/Dec/2024:09:18:53 -0500] "POST /wp-admin/admin-ajax.php?action=async_litespeed&nonce=0a3c28bef8&litespeed_type=imgoptm HTTP/1.1" 200 0 "-" "WordPress/6.7.1; https://blog.diixadigital.com"
185.191.171.12 - - [28/Dec/2024:09:18:56 -0500] "GET /?b=190367066 HTTP/1.1" 200 21059 "-" "Mozilla/5.0 (compatible; SemrushBot/7~bl; +http://www.semrush.com/bot.html)"
66.249.68.69 - - [28/Dec/2024:09:18:58 -0500] "GET /?b=248592766 HTTP/1.1" 200 79370 "-" "Mozilla/5.0 (Linux; Android 6.0.1; Nexus 5X Build/MMB29P) AppleWebKit/537.36 (KHTML, like Gecko) Chrome/131.0.6778.139 Mobile Safari/537.36 (compatible; GoogleOther)"
66.249.68.68 - - [28/Dec/2024:09:19:11 -0500] "GET /?b=205200466 HTTP/1.1" 200 80950 "-" "Mozilla/5.0 (Linux; Android 6.0.1; Nexus 5X Build/MMB29P) AppleWebKit/537.36 (KHTML, like Gecko) Chrome/131.0.6778.139 Mobile Safari/537.36 (compatible; GoogleOther)"
52.167.144.25 - - [28/Dec/2024:09:19:25 -0500] "GET /ryyry/x1303887.html HTTP/1.1" 200 80917 "-" "Mozilla/5.0 AppleWebKit/537.36 (KHTML, like Gecko; compatible; bingbot/2.0; +http://www.bing.com/bingbot.htm) Chrome/116.0.1938.76 Safari/537.36"
66.249.68.68 - - [28/Dec/2024:09:19:26 -0500] "GET /?b=225974866 HTTP/1.1" 200 79873 "-" "Mozilla/5.0 (Linux; Android 6.0.1; Nexus 5X Build/MMB29P) AppleWebKit/537.36 (KHTML, like Gecko) Chrome/131.0.6778.139 Mobile Safari/537.36 (compatible; GoogleOther)"
66.29.132.124 - - [28/Dec/2024:09:19:27 -0500] "POST /wp-cron.php?doing_wp_cron=1735395567.7698860168457031250000 HTTP/1.1" 200 0 "-" "WordPress/6.7.1; https://blog.diixadigital.com"
85.208.96.202 - - [28/Dec/2024:09:19:27 -0500] "GET /?b=334307666 HTTP/1.1" 200 21058 "-" "Mozilla/5.0 (compatible; SemrushBot/7~bl; +http://www.semrush.com/bot.html)"
66.249.68.68 - - [28/Dec/2024:09:19:36 -0500] "GET /?b=240233266 HTTP/1.1" 200 80088 "-" "Mozilla/5.0 (Linux; Android 6.0.1; Nexus 5X Build/MMB29P) AppleWebKit/537.36 (KHTML, like Gecko) Chrome/131.0.6778.139 Mobile Safari/537.36 (compatible; GoogleOther)"
185.191.171.5 - - [28/Dec/2024:09:19:44 -0500] "GET /?b=324886966 HTTP/1.1" 200 21069 "-" "Mozilla/5.0 (compatible; SemrushBot/7~bl; +http://www.semrush.com/bot.html)"
66.249.68.69 - - [28/Dec/2024:09:19:49 -0500] "GET /?b=46209266 HTTP/1.1" 200 80797 "-" "Mozilla/5.0 (Linux; Android 6.0.1; Nexus 5X Build/MMB29P) AppleWebKit/537.36 (KHTML, like Gecko) Chrome/131.0.6778.139 Mobile Safari/537.36 (compatible; GoogleOther)"
66.249.68.69 - - [28/Dec/2024:09:20:02 -0500] "GET /?b=338391166 HTTP/1.1" 200 79913 "-" "Mozilla/5.0 (Linux; Android 6.0.1; Nexus 5X Build/MMB29P) AppleWebKit/537.36 (KHTML, like Gecko) Chrome/131.0.6778.139 Mobile Safari/537.36 (compatible; GoogleOther)"
85.208.96.212 - - [28/Dec/2024:09:20:10 -0500] "GET /?b=14536766 HTTP/1.1" 200 21059 "-" "Mozilla/5.0 (compatible; SemrushBot/7~bl; +http://www.semrush.com/bot.html)"
66.29.132.124 - - [28/Dec/2024:09:20:13 -0500] "POST /wp-cron.php?doing_wp_cron=1735395611.5607140064239501953125 HTTP/1.1" 200 0 "-" "WordPress/6.7.1; https://blog.diixadigital.com"
66.249.68.68 - - [28/Dec/2024:09:20:18 -0500] "GET /?b=181054766 HTTP/1.1" 200 82415 "-" "Mozilla/5.0 (Linux; Android 6.0.1; Nexus 5X Build/MMB29P) AppleWebKit/537.36 (KHTML, like Gecko) Chrome/131.0.6778.139 Mobile Safari/537.36 (compatible; GoogleOther)"
66.249.68.68 - - [28/Dec/2024:09:20:30 -0500] "GET /?b=249113266 HTTP/1.1" 200 81336 "-" "Mozilla/5.0 (Linux; Android 6.0.1; Nexus 5X Build/MMB29P) AppleWebKit/537.36 (KHTML, like Gecko) Chrome/131.0.6778.139 Mobile Safari/537.36 (compatible; GoogleOther)"
