66.29.132.124 - - [06/Jan/2025:14:45:10 -0500] "POST /wp-cron.php?doing_wp_cron=1736192710.1809449195861816406250 HTTP/1.1" 200 0 "-" "WordPress/6.7.1; https://misswavenigeria.com"
194.32.122.76 - - [06/Jan/2025:14:45:09 -0500] "GET / HTTP/1.0" 200 109055 "https://misswavenigeria.com/" "Mozilla/5.0 (Windows NT 10.0; Win64; x64) AppleWebKit/537.36 (KHTML, like Gecko) Chrome/103.0.5060.114 Safari/537.36"
66.29.132.124 - - [06/Jan/2025:14:45:10 -0500] "POST /wp-admin/admin-ajax.php?action=async_litespeed&nonce=gXiYEW5oJPLZ3M5hgrukl0ojuhoGi4ll&litespeed_type=imgoptm HTTP/1.1" 200 21 "-" "WordPress/6.7.1; https://misswavenigeria.com"
194.32.122.76 - - [06/Jan/2025:14:45:13 -0500] "GET /register/ HTTP/1.0" 200 75922 "https://misswavenigeria.com/register/" "Mozilla/5.0 (Windows NT 10.0; Win64; x64) AppleWebKit/537.36 (KHTML, like Gecko) Chrome/103.0.5060.114 Safari/537.36"
66.29.132.124 - - [06/Jan/2025:14:45:44 -0500] "POST /wp-cron.php?doing_wp_cron=1736192744.4906489849090576171875 HTTP/1.1" 200 0 "-" "WordPress/6.7.1; https://misswavenigeria.com"
74.80.208.176 - - [06/Jan/2025:14:45:44 -0500] "GET /o_models/vivian-miss-kano/ HTTP/1.1" 200 15658 "-" "Mozilla/5.0 (compatible; ImagesiftBot; +imagesift.com)"
66.29.132.124 - - [06/Jan/2025:14:45:44 -0500] "POST /wp-admin/admin-ajax.php?action=async_litespeed&nonce=iixNmccb2F8ZHcDhdWiVICg7yMLhXnkM&litespeed_type=imgoptm HTTP/1.1" 200 21 "-" "WordPress/6.7.1; https://misswavenigeria.com"
194.32.122.76 - - [06/Jan/2025:14:45:15 -0500] "POST /register/ HTTP/1.0" 200 76048 "https://misswavenigeria.com/register/" "Mozilla/5.0 (Windows NT 10.0; Win64; x64) AppleWebKit/537.36 (KHTML, like Gecko) Chrome/103.0.5060.114 Safari/537.36"
66.29.132.124 - - [06/Jan/2025:14:47:23 -0500] "POST /wp-cron.php?doing_wp_cron=1736192843.0454149246215820312500 HTTP/1.1" 200 0 "-" "WordPress/6.7.1; https://misswavenigeria.com"
194.32.122.76 - - [06/Jan/2025:14:47:22 -0500] "GET /register/ HTTP/1.0" 200 75922 "https://misswavenigeria.com/" "Mozilla/5.0 (Windows NT 10.0; Win64; x64) AppleWebKit/537.36 (KHTML, like Gecko) Chrome/103.0.5060.114 Safari/537.36"
66.29.132.124 - - [06/Jan/2025:14:47:23 -0500] "POST /wp-admin/admin-ajax.php?action=async_litespeed&nonce=AFGR0lhncTQ5Gs6J3bHOS2dCnbusLlJh&litespeed_type=imgoptm HTTP/1.1" 200 21 "-" "WordPress/6.7.1; https://misswavenigeria.com"
66.29.132.124 - - [06/Jan/2025:14:47:55 -0500] "POST /wp-cron.php?doing_wp_cron=1736192875.7439239025115966796875 HTTP/1.1" 200 0 "-" "WordPress/6.7.1; https://misswavenigeria.com"
74.80.208.176 - - [06/Jan/2025:14:47:55 -0500] "GET /contact/ HTTP/1.1" 200 17557 "-" "Mozilla/5.0 (compatible; ImagesiftBot; +imagesift.com)"
66.29.132.124 - - [06/Jan/2025:14:47:56 -0500] "POST /wp-admin/admin-ajax.php?action=async_litespeed&nonce=QIL5pRdvb7pj2GpkuvKBeGT4vxawIkDe&litespeed_type=imgoptm HTTP/1.1" 200 21 "-" "WordPress/6.7.1; https://misswavenigeria.com"
66.29.132.124 - - [06/Jan/2025:14:48:29 -0500] "POST /wp-cron.php?doing_wp_cron=1736192909.0985219478607177734375 HTTP/1.1" 200 0 "-" "WordPress/6.7.1; https://misswavenigeria.com"
194.32.122.76 - - [06/Jan/2025:14:48:28 -0500] "GET / HTTP/1.0" 200 109055 "https://misswavenigeria.com/" "Mozilla/5.0 (Windows NT 10.0; Win64; x64) AppleWebKit/537.36 (KHTML, like Gecko) Chrome/103.0.5060.66 Safari/537.36"
194.32.122.76 - - [06/Jan/2025:14:48:31 -0500] "GET /register/ HTTP/1.0" 200 75922 "https://misswavenigeria.com/register/" "Mozilla/5.0 (Windows NT 10.0; Win64; x64) AppleWebKit/537.36 (KHTML, like Gecko) Chrome/103.0.5060.66 Safari/537.36"
194.32.122.76 - - [06/Jan/2025:14:48:33 -0500] "POST /register/ HTTP/1.0" 200 76048 "https://misswavenigeria.com/register/" "Mozilla/5.0 (Windows NT 10.0; Win64; x64) AppleWebKit/537.36 (KHTML, like Gecko) Chrome/103.0.5060.66 Safari/537.36"
66.29.132.124 - - [06/Jan/2025:14:50:53 -0500] "POST /wp-cron.php?doing_wp_cron=1736193053.0154581069946289062500 HTTP/1.1" 200 0 "-" "WordPress/6.7.1; https://misswavenigeria.com"
194.32.122.76 - - [06/Jan/2025:14:50:52 -0500] "GET /register/ HTTP/1.0" 200 75922 "https://misswavenigeria.com/" "Mozilla/5.0 (Windows NT 10.0; Win64; x64) AppleWebKit/537.36 (KHTML, like Gecko) Chrome/103.0.5060.66 Safari/537.36"
66.29.132.124 - - [06/Jan/2025:14:50:53 -0500] "POST /wp-admin/admin-ajax.php?action=async_litespeed&nonce=dwVf7fTehTsqX8dgpJjtVLynMmP3NbRC&litespeed_type=imgoptm HTTP/1.1" 200 21 "-" "WordPress/6.7.1; https://misswavenigeria.com"
74.80.208.176 - - [06/Jan/2025:14:51:11 -0500] "GET /wp-json/ HTTP/1.1" 200 248797 "-" "Mozilla/5.0 (compatible; ImagesiftBot; +imagesift.com)"
66.29.132.124 - - [06/Jan/2025:14:51:50 -0500] "POST /wp-cron.php?doing_wp_cron=1736193110.2626509666442871093750 HTTP/1.1" 200 0 "-" "WordPress/6.7.1; https://misswavenigeria.com"
194.32.122.76 - - [06/Jan/2025:14:51:49 -0500] "GET / HTTP/1.0" 200 109053 "https://misswavenigeria.com/" "Mozilla/5.0 (Windows NT 6.1; Win64; x64) AppleWebKit/537.36 (KHTML, like Gecko) Chrome/103.0.0.0 Safari/537.36"
66.29.132.124 - - [06/Jan/2025:14:51:50 -0500] "POST /wp-admin/admin-ajax.php?action=async_litespeed&nonce=IUj6iD6wkkII5CA8W8NLvngA2mRdCxMk&litespeed_type=imgoptm HTTP/1.1" 200 21 "-" "WordPress/6.7.1; https://misswavenigeria.com"
194.32.122.76 - - [06/Jan/2025:14:51:53 -0500] "GET /register/ HTTP/1.0" 200 75922 "https://misswavenigeria.com/register/" "Mozilla/5.0 (Windows NT 6.1; Win64; x64) AppleWebKit/537.36 (KHTML, like Gecko) Chrome/103.0.0.0 Safari/537.36"
194.32.122.76 - - [06/Jan/2025:14:51:55 -0500] "POST /register/ HTTP/1.0" 200 76048 "https://misswavenigeria.com/register/" "Mozilla/5.0 (Windows NT 6.1; Win64; x64) AppleWebKit/537.36 (KHTML, like Gecko) Chrome/103.0.0.0 Safari/537.36"
66.29.132.124 - - [06/Jan/2025:14:53:52 -0500] "POST /wp-cron.php?doing_wp_cron=1736193232.3839089870452880859375 HTTP/1.1" 200 0 "-" "WordPress/6.7.1; https://misswavenigeria.com"
194.32.122.76 - - [06/Jan/2025:14:53:52 -0500] "GET /register/ HTTP/1.0" 200 75922 "https://misswavenigeria.com/" "Mozilla/5.0 (Windows NT 6.1; Win64; x64) AppleWebKit/537.36 (KHTML, like Gecko) Chrome/103.0.0.0 Safari/537.36"
66.29.132.124 - - [06/Jan/2025:14:53:52 -0500] "POST /wp-admin/admin-ajax.php?action=async_litespeed&nonce=h3YDGY13zus8r1eq0OKhBw3whnzyovWY&litespeed_type=imgoptm HTTP/1.1" 200 21 "-" "WordPress/6.7.1; https://misswavenigeria.com"
66.29.132.124 - - [06/Jan/2025:14:55:12 -0500] "POST /wp-cron.php?doing_wp_cron=1736193312.4256849288940429687500 HTTP/1.1" 200 0 "-" "WordPress/6.7.1; https://misswavenigeria.com"
194.32.122.76 - - [06/Jan/2025:14:55:11 -0500] "GET / HTTP/1.0" 200 109055 "https://misswavenigeria.com/" "Mozilla/5.0 (Windows NT 10.0; Win64; x64) AppleWebKit/537.36 (KHTML, like Gecko) Chrome/103.0.5060.53 Safari/537.36"
66.29.132.124 - - [06/Jan/2025:14:55:13 -0500] "POST /wp-admin/admin-ajax.php?action=async_litespeed&nonce=cj816sqH3r8UfQ48bT2oNTtuFbfG2d1x&litespeed_type=imgoptm HTTP/1.1" 200 21 "-" "WordPress/6.7.1; https://misswavenigeria.com"
194.32.122.76 - - [06/Jan/2025:14:55:15 -0500] "GET /register/ HTTP/1.0" 200 75922 "https://misswavenigeria.com/register/" "Mozilla/5.0 (Windows NT 10.0; Win64; x64) AppleWebKit/537.36 (KHTML, like Gecko) Chrome/103.0.5060.53 Safari/537.36"
194.32.122.76 - - [06/Jan/2025:14:55:17 -0500] "POST /register/ HTTP/1.0" 200 76048 "https://misswavenigeria.com/register/" "Mozilla/5.0 (Windows NT 10.0; Win64; x64) AppleWebKit/537.36 (KHTML, like Gecko) Chrome/103.0.5060.53 Safari/537.36"
66.29.132.124 - - [06/Jan/2025:14:57:03 -0500] "POST /wp-cron.php?doing_wp_cron=1736193423.7547938823699951171875 HTTP/1.1" 200 0 "-" "WordPress/6.7.1; https://misswavenigeria.com"
194.32.122.76 - - [06/Jan/2025:14:57:03 -0500] "GET /register/ HTTP/1.0" 200 75922 "https://misswavenigeria.com/" "Mozilla/5.0 (Windows NT 10.0; Win64; x64) AppleWebKit/537.36 (KHTML, like Gecko) Chrome/103.0.5060.53 Safari/537.36"
66.29.132.124 - - [06/Jan/2025:14:57:04 -0500] "POST /wp-admin/admin-ajax.php?action=async_litespeed&nonce=hTtFKnHh7VjKj50fYiDsRv4LmCpHHM6O&litespeed_type=imgoptm HTTP/1.1" 200 21 "-" "WordPress/6.7.1; https://misswavenigeria.com"
66.29.132.124 - - [06/Jan/2025:14:58:38 -0500] "POST /wp-cron.php?doing_wp_cron=1736193517.9454700946807861328125 HTTP/1.1" 200 0 "-" "WordPress/6.7.1; https://misswavenigeria.com"
194.32.122.76 - - [06/Jan/2025:14:58:34 -0500] "GET / HTTP/1.0" 200 109055 "https://misswavenigeria.com/" "Mozilla/5.0 (Windows NT 6.3; Win64; x64) AppleWebKit/537.36 (KHTML, like Gecko) Chrome/103.0.0.0 Safari/537.36"
66.29.132.124 - - [06/Jan/2025:14:58:38 -0500] "POST /wp-admin/admin-ajax.php?action=async_litespeed&nonce=f10f8iyjbwzINTwGqatOA6hP4TgZJPY5&litespeed_type=imgoptm HTTP/1.1" 200 21 "-" "WordPress/6.7.1; https://misswavenigeria.com"
194.32.122.76 - - [06/Jan/2025:14:58:40 -0500] "GET /register/ HTTP/1.0" 200 75922 "https://misswavenigeria.com/register/" "Mozilla/5.0 (Windows NT 6.3; Win64; x64) AppleWebKit/537.36 (KHTML, like Gecko) Chrome/103.0.0.0 Safari/537.36"
74.80.208.176 - - [06/Jan/2025:15:00:17 -0500] "GET /wp-json/tribe/tickets/v1/ HTTP/1.1" 200 0 "-" "Mozilla/5.0 (compatible; ImagesiftBot; +imagesift.com)"
66.29.132.124 - - [06/Jan/2025:15:00:18 -0500] "POST /wp-cron.php?doing_wp_cron=1736193618.0444209575653076171875 HTTP/1.1" 200 0 "-" "WordPress/6.7.1; https://misswavenigeria.com"
66.29.132.124 - - [06/Jan/2025:15:00:19 -0500] "POST /wp-admin/admin-ajax.php?action=async_litespeed&nonce=O32iVSwXeGCMEjks7Jhwj7agJAHlif4d&litespeed_type=imgoptm HTTP/1.1" 200 0 "-" "WordPress/6.7.1; https://misswavenigeria.com"
194.32.122.76 - - [06/Jan/2025:14:58:42 -0500] "POST /register/ HTTP/1.0" 200 76048 "https://misswavenigeria.com/register/" "Mozilla/5.0 (Windows NT 6.3; Win64; x64) AppleWebKit/537.36 (KHTML, like Gecko) Chrome/103.0.0.0 Safari/537.36"
66.29.132.124 - - [06/Jan/2025:15:00:57 -0500] "POST /wp-cron.php?doing_wp_cron=1736193657.7695329189300537109375 HTTP/1.1" 200 0 "-" "WordPress/6.7.1; https://misswavenigeria.com"
194.32.122.76 - - [06/Jan/2025:15:00:57 -0500] "GET /register/ HTTP/1.0" 200 75922 "https://misswavenigeria.com/" "Mozilla/5.0 (Windows NT 6.3; Win64; x64) AppleWebKit/537.36 (KHTML, like Gecko) Chrome/103.0.0.0 Safari/537.36"
66.29.132.124 - - [06/Jan/2025:15:00:58 -0500] "POST /wp-admin/admin-ajax.php?action=async_litespeed&nonce=2iJpwZ0WOglE6z6IpTF7q7q6iDLBbIWl&litespeed_type=imgoptm HTTP/1.1" 200 21 "-" "WordPress/6.7.1; https://misswavenigeria.com"
66.29.132.124 - - [06/Jan/2025:15:02:00 -0500] "POST /wp-cron.php?doing_wp_cron=1736193720.2098360061645507812500 HTTP/1.1" 200 0 "-" "WordPress/6.7.1; https://misswavenigeria.com"
194.32.122.76 - - [06/Jan/2025:15:01:59 -0500] "GET / HTTP/1.0" 200 109055 "https://misswavenigeria.com/" "Mozilla/5.0 (Windows NT 6.2; Win64; x64) AppleWebKit/537.36 (KHTML, like Gecko) Chrome/103.0.0.0 Safari/537.36"
66.29.132.124 - - [06/Jan/2025:15:02:00 -0500] "POST /wp-admin/admin-ajax.php?action=async_litespeed&nonce=EpzeHoUgftWk6PGfpz2UiYlEPwTGVRVr&litespeed_type=imgoptm HTTP/1.1" 200 21 "-" "WordPress/6.7.1; https://misswavenigeria.com"
194.32.122.76 - - [06/Jan/2025:15:02:02 -0500] "GET /register/ HTTP/1.0" 200 75922 "https://misswavenigeria.com/register/" "Mozilla/5.0 (Windows NT 6.2; Win64; x64) AppleWebKit/537.36 (KHTML, like Gecko) Chrome/103.0.0.0 Safari/537.36"
194.32.122.76 - - [06/Jan/2025:15:02:04 -0500] "POST /register/ HTTP/1.0" 200 76048 "https://misswavenigeria.com/register/" "Mozilla/5.0 (Windows NT 6.2; Win64; x64) AppleWebKit/537.36 (KHTML, like Gecko) Chrome/103.0.0.0 Safari/537.36"
66.29.132.124 - - [06/Jan/2025:15:03:35 -0500] "POST /wp-cron.php?doing_wp_cron=1736193815.5686810016632080078125 HTTP/1.1" 200 0 "-" "WordPress/6.7.1; https://misswavenigeria.com"
194.32.122.76 - - [06/Jan/2025:15:03:35 -0500] "GET /register/ HTTP/1.0" 200 75922 "https://misswavenigeria.com/" "Mozilla/5.0 (Windows NT 6.2; Win64; x64) AppleWebKit/537.36 (KHTML, like Gecko) Chrome/103.0.0.0 Safari/537.36"
66.29.132.124 - - [06/Jan/2025:15:03:35 -0500] "POST /wp-admin/admin-ajax.php?action=async_litespeed&nonce=1HL1mhsR5aVGj2jccTab3kx3ZnVMkzqN&litespeed_type=imgoptm HTTP/1.1" 200 21 "-" "WordPress/6.7.1; https://misswavenigeria.com"
66.29.132.124 - - [06/Jan/2025:15:05:27 -0500] "POST /wp-cron.php?doing_wp_cron=1736193927.2598719596862792968750 HTTP/1.1" 200 0 "-" "WordPress/6.7.1; https://misswavenigeria.com"
194.32.122.76 - - [06/Jan/2025:15:05:24 -0500] "GET / HTTP/1.0" 200 109053 "https://misswavenigeria.com/" "Mozilla/5.0 (Windows NT 10.0; Win64; x64) AppleWebKit/537.36 (KHTML, like Gecko) Chrome/103.0.0.0 Safari/537.36"
66.29.132.124 - - [06/Jan/2025:15:05:27 -0500] "POST /wp-admin/admin-ajax.php?action=async_litespeed&nonce=nyLAJ2GVHagLSloFiRj1faP4Pt862lP9&litespeed_type=imgoptm HTTP/1.1" 200 21 "-" "WordPress/6.7.1; https://misswavenigeria.com"
194.32.122.76 - - [06/Jan/2025:15:05:29 -0500] "GET /register/ HTTP/1.0" 200 75922 "https://misswavenigeria.com/register/" "Mozilla/5.0 (Windows NT 10.0; Win64; x64) AppleWebKit/537.36 (KHTML, like Gecko) Chrome/103.0.0.0 Safari/537.36"
194.32.122.76 - - [06/Jan/2025:15:05:31 -0500] "POST /register/ HTTP/1.0" 200 76048 "https://misswavenigeria.com/register/" "Mozilla/5.0 (Windows NT 10.0; Win64; x64) AppleWebKit/537.36 (KHTML, like Gecko) Chrome/103.0.0.0 Safari/537.36"
66.29.132.124 - - [06/Jan/2025:15:07:15 -0500] "POST /wp-cron.php?doing_wp_cron=1736194035.9223821163177490234375 HTTP/1.1" 200 0 "-" "WordPress/6.7.1; https://misswavenigeria.com"
194.32.122.76 - - [06/Jan/2025:15:07:15 -0500] "GET /register/ HTTP/1.0" 200 75922 "https://misswavenigeria.com/" "Mozilla/5.0 (Windows NT 10.0; Win64; x64) AppleWebKit/537.36 (KHTML, like Gecko) Chrome/103.0.0.0 Safari/537.36"
66.29.132.124 - - [06/Jan/2025:15:07:16 -0500] "POST /wp-admin/admin-ajax.php?action=async_litespeed&nonce=1SS2cPO4GUvhimAICbYPw4KwNEMaFWJW&litespeed_type=imgoptm HTTP/1.1" 200 21 "-" "WordPress/6.7.1; https://misswavenigeria.com"
66.29.132.124 - - [06/Jan/2025:15:08:48 -0500] "POST /wp-cron.php?doing_wp_cron=1736194128.2830440998077392578125 HTTP/1.1" 200 0 "-" "WordPress/6.7.1; https://misswavenigeria.com"
194.32.122.76 - - [06/Jan/2025:15:08:45 -0500] "GET / HTTP/1.0" 200 109055 "https://misswavenigeria.com/" "Mozilla/5.0 (Windows NT 6.3; WOW64) AppleWebKit/537.36 (KHTML, like Gecko) Chrome/103.0.5060.114 Safari/537.36"
66.29.132.124 - - [06/Jan/2025:15:08:48 -0500] "POST /wp-admin/admin-ajax.php?action=async_litespeed&nonce=KrBZK8Ccjfo5I7c6P5fSpZknLtBdWP2i&litespeed_type=imgoptm HTTP/1.1" 200 21 "-" "WordPress/6.7.1; https://misswavenigeria.com"
194.32.122.76 - - [06/Jan/2025:15:08:50 -0500] "GET /register/ HTTP/1.0" 200 75922 "https://misswavenigeria.com/register/" "Mozilla/5.0 (Windows NT 6.3; WOW64) AppleWebKit/537.36 (KHTML, like Gecko) Chrome/103.0.5060.114 Safari/537.36"
194.32.122.76 - - [06/Jan/2025:15:08:52 -0500] "POST /register/ HTTP/1.0" 200 76048 "https://misswavenigeria.com/register/" "Mozilla/5.0 (Windows NT 6.3; WOW64) AppleWebKit/537.36 (KHTML, like Gecko) Chrome/103.0.5060.114 Safari/537.36"
66.29.132.124 - - [06/Jan/2025:15:10:42 -0500] "POST /wp-cron.php?doing_wp_cron=1736194242.8988270759582519531250 HTTP/1.1" 200 0 "-" "WordPress/6.7.1; https://misswavenigeria.com"
194.32.122.76 - - [06/Jan/2025:15:10:42 -0500] "GET /register/ HTTP/1.0" 200 75922 "https://misswavenigeria.com/" "Mozilla/5.0 (Windows NT 6.3; WOW64) AppleWebKit/537.36 (KHTML, like Gecko) Chrome/103.0.5060.114 Safari/537.36"
66.29.132.124 - - [06/Jan/2025:15:10:43 -0500] "POST /wp-admin/admin-ajax.php?action=async_litespeed&nonce=QktkrH4DlPBoCzDGhabgxFDT52PUglWB&litespeed_type=imgoptm HTTP/1.1" 200 21 "-" "WordPress/6.7.1; https://misswavenigeria.com"
66.29.132.124 - - [06/Jan/2025:15:12:02 -0500] "POST /wp-cron.php?doing_wp_cron=1736194322.0477800369262695312500 HTTP/1.1" 200 0 "-" "WordPress/6.7.1; https://misswavenigeria.com"
194.32.122.76 - - [06/Jan/2025:15:12:01 -0500] "GET / HTTP/1.0" 200 109053 "https://misswavenigeria.com/" "Mozilla/5.0 (Windows NT 6.2; Win64; x64) AppleWebKit/537.36 (KHTML, like Gecko) Chrome/103.0.0.0 Safari/537.36"
66.29.132.124 - - [06/Jan/2025:15:12:02 -0500] "POST /wp-admin/admin-ajax.php?action=async_litespeed&nonce=6nWF8kBwG5VUI0PV86byKHZCBKTzUNDu&litespeed_type=imgoptm HTTP/1.1" 200 21 "-" "WordPress/6.7.1; https://misswavenigeria.com"
194.32.122.76 - - [06/Jan/2025:15:12:04 -0500] "GET /register/ HTTP/1.0" 200 75922 "https://misswavenigeria.com/register/" "Mozilla/5.0 (Windows NT 6.2; Win64; x64) AppleWebKit/537.36 (KHTML, like Gecko) Chrome/103.0.0.0 Safari/537.36"
66.29.132.124 - - [06/Jan/2025:15:12:43 -0500] "POST /wp-cron.php?doing_wp_cron=1736194363.9551520347595214843750 HTTP/1.1" 200 0 "-" "WordPress/6.7.1; https://misswavenigeria.com"
66.249.74.1 - - [06/Jan/2025:15:12:43 -0500] "GET /goods/D364315?k=product HTTP/1.1" 301 0 "-" "Mozilla/5.0 (Linux; Android 6.0.1; Nexus 5X Build/MMB29P) AppleWebKit/537.36 (KHTML, like Gecko) Chrome/131.0.6778.139 Mobile Safari/537.36 (compatible; Googlebot/2.1; +http://www.google.com/bot.html)"
66.29.132.124 - - [06/Jan/2025:15:12:44 -0500] "POST /wp-admin/admin-ajax.php?action=async_litespeed&nonce=losmOS2YNLKH4TGt0NqA3D18J7cjdYiN&litespeed_type=imgoptm HTTP/1.1" 200 21 "-" "WordPress/6.7.1; https://misswavenigeria.com"
194.32.122.76 - - [06/Jan/2025:15:12:06 -0500] "POST /register/ HTTP/1.0" 200 76048 "https://misswavenigeria.com/register/" "Mozilla/5.0 (Windows NT 6.2; Win64; x64) AppleWebKit/537.36 (KHTML, like Gecko) Chrome/103.0.0.0 Safari/537.36"
66.29.132.124 - - [06/Jan/2025:15:14:10 -0500] "POST /wp-cron.php?doing_wp_cron=1736194450.0516309738159179687500 HTTP/1.1" 200 0 "-" "WordPress/6.7.1; https://misswavenigeria.com"
194.32.122.76 - - [06/Jan/2025:15:14:09 -0500] "GET /register/ HTTP/1.0" 200 75922 "https://misswavenigeria.com/" "Mozilla/5.0 (Windows NT 6.2; Win64; x64) AppleWebKit/537.36 (KHTML, like Gecko) Chrome/103.0.0.0 Safari/537.36"
66.29.132.124 - - [06/Jan/2025:15:14:10 -0500] "POST /wp-admin/admin-ajax.php?action=async_litespeed&nonce=0GvCl6AbXULECTy2EPg5Zmz81v4ixgRT&litespeed_type=imgoptm HTTP/1.1" 200 21 "-" "WordPress/6.7.1; https://misswavenigeria.com"
66.29.132.124 - - [06/Jan/2025:15:14:30 -0500] "POST /wp-cron.php?doing_wp_cron=1736194470.4657859802246093750000 HTTP/1.1" 200 0 "-" "WordPress/6.7.1; https://misswavenigeria.com"
66.249.65.100 - - [06/Jan/2025:15:14:30 -0500] "GET /goods/D364315?k=product HTTP/1.1" 404 15611 "-" "Mozilla/5.0 (Linux; Android 6.0.1; Nexus 5X Build/MMB29P) AppleWebKit/537.36 (KHTML, like Gecko) Chrome/131.0.6778.139 Mobile Safari/537.36 (compatible; Googlebot/2.1; +http://www.google.com/bot.html)"
66.29.132.124 - - [06/Jan/2025:15:15:20 -0500] "POST /wp-cron.php?doing_wp_cron=1736194520.5224959850311279296875 HTTP/1.1" 200 0 "-" "WordPress/6.7.1; https://misswavenigeria.com"
194.32.122.76 - - [06/Jan/2025:15:15:20 -0500] "GET / HTTP/1.0" 200 109055 "https://misswavenigeria.com/" "Mozilla/5.0 (Windows NT 6.1; Win64; x64) AppleWebKit/537.36 (KHTML, like Gecko) Chrome/103.0.0.0 Safari/537.36"
66.29.132.124 - - [06/Jan/2025:15:15:20 -0500] "POST /wp-admin/admin-ajax.php?action=async_litespeed&nonce=4W2ayvPtHa0Xqe91l6wXGKacw1I2eJD0&litespeed_type=imgoptm HTTP/1.1" 200 21 "-" "WordPress/6.7.1; https://misswavenigeria.com"
194.32.122.76 - - [06/Jan/2025:15:15:23 -0500] "GET /register/ HTTP/1.0" 200 75922 "https://misswavenigeria.com/register/" "Mozilla/5.0 (Windows NT 6.1; Win64; x64) AppleWebKit/537.36 (KHTML, like Gecko) Chrome/103.0.0.0 Safari/537.36"
66.29.132.124 - - [06/Jan/2025:15:15:25 -0500] "POST /wp-cron.php?doing_wp_cron=1736194525.3542449474334716796875 HTTP/1.1" 200 0 "-" "WordPress/6.7.1; https://misswavenigeria.com"

Youez - 2016 - github.com/yon3zu
LinuXploit