165.231.182.81 - - [22/Dec/2024:10:10:44 -0500] "POST /register/ HTTP/1.0" 200 76048 "https://misswavenigeria.com/register/" "Mozilla/5.0 (Windows NT 6.3; WOW64) AppleWebKit/537.36 (KHTML, like Gecko) Chrome/103.0.0.0 Safari/537.36"
66.29.132.124 - - [22/Dec/2024:10:11:59 -0500] "POST /wp-cron.php?doing_wp_cron=1734880319.2583129405975341796875 HTTP/1.1" 200 0 "-" "WordPress/6.7.1; https://misswavenigeria.com"
165.231.182.81 - - [22/Dec/2024:10:11:59 -0500] "GET /register/ HTTP/1.0" 200 75922 "https://misswavenigeria.com/" "Mozilla/5.0 (Windows NT 6.3; WOW64) AppleWebKit/537.36 (KHTML, like Gecko) Chrome/103.0.0.0 Safari/537.36"
66.29.132.124 - - [22/Dec/2024:10:11:59 -0500] "POST /wp-admin/admin-ajax.php?action=async_litespeed&nonce=9vkYUinl0GKF7467A6jf509ciLZmSVek&litespeed_type=imgoptm HTTP/1.1" 200 21 "-" "WordPress/6.7.1; https://misswavenigeria.com"
66.29.132.124 - - [22/Dec/2024:10:13:44 -0500] "POST /wp-cron.php?doing_wp_cron=1734880424.4178640842437744140625 HTTP/1.1" 200 0 "-" "WordPress/6.7.1; https://misswavenigeria.com"
165.231.182.81 - - [22/Dec/2024:10:13:42 -0500] "GET / HTTP/1.0" 200 109053 "https://misswavenigeria.com/" "Mozilla/5.0 (Windows NT 10.0; Win64; x64) AppleWebKit/537.36 (KHTML, like Gecko) Chrome/103.0.5060.134 Safari/537.36"
66.29.132.124 - - [22/Dec/2024:10:13:44 -0500] "POST /wp-admin/admin-ajax.php?action=async_litespeed&nonce=W77BMa89XqzKk53JOaGa2gycSEzVJNBg&litespeed_type=imgoptm HTTP/1.1" 200 21 "-" "WordPress/6.7.1; https://misswavenigeria.com"
165.231.182.81 - - [22/Dec/2024:10:13:46 -0500] "GET /register/ HTTP/1.0" 200 75922 "https://misswavenigeria.com/register/" "Mozilla/5.0 (Windows NT 10.0; Win64; x64) AppleWebKit/537.36 (KHTML, like Gecko) Chrome/103.0.5060.134 Safari/537.36"
165.231.182.81 - - [22/Dec/2024:10:13:48 -0500] "POST /register/ HTTP/1.0" 200 76048 "https://misswavenigeria.com/register/" "Mozilla/5.0 (Windows NT 10.0; Win64; x64) AppleWebKit/537.36 (KHTML, like Gecko) Chrome/103.0.5060.134 Safari/537.36"
66.29.132.124 - - [22/Dec/2024:10:14:59 -0500] "POST /wp-cron.php?doing_wp_cron=1734880499.2372090816497802734375 HTTP/1.1" 200 0 "-" "WordPress/6.7.1; https://misswavenigeria.com"
165.231.182.81 - - [22/Dec/2024:10:14:59 -0500] "GET /register/ HTTP/1.0" 200 75922 "https://misswavenigeria.com/" "Mozilla/5.0 (Windows NT 10.0; Win64; x64) AppleWebKit/537.36 (KHTML, like Gecko) Chrome/103.0.5060.134 Safari/537.36"
66.29.132.124 - - [22/Dec/2024:10:14:59 -0500] "POST /wp-admin/admin-ajax.php?action=async_litespeed&nonce=UoBgIMvJS9nn6bUt2WSna3BB2hwJ0KYG&litespeed_type=imgoptm HTTP/1.1" 200 21 "-" "WordPress/6.7.1; https://misswavenigeria.com"
66.29.132.124 - - [22/Dec/2024:10:16:48 -0500] "POST /wp-cron.php?doing_wp_cron=1734880608.4109899997711181640625 HTTP/1.1" 200 0 "-" "WordPress/6.7.1; https://misswavenigeria.com"
165.231.182.81 - - [22/Dec/2024:10:16:46 -0500] "GET / HTTP/1.0" 200 109053 "https://misswavenigeria.com/" "Mozilla/5.0 (Windows NT 10.0; Win64; x64) AppleWebKit/537.36 (KHTML, like Gecko) Chrome/103.0.5042.0 Safari/537.36"
66.29.132.124 - - [22/Dec/2024:10:16:48 -0500] "POST /wp-admin/admin-ajax.php?action=async_litespeed&nonce=NdCtgmmJwtgBvT0KJ431FRVplXr93zWi&litespeed_type=imgoptm HTTP/1.1" 200 21 "-" "WordPress/6.7.1; https://misswavenigeria.com"
165.231.182.81 - - [22/Dec/2024:10:16:50 -0500] "GET /register/ HTTP/1.0" 200 75922 "https://misswavenigeria.com/register/" "Mozilla/5.0 (Windows NT 10.0; Win64; x64) AppleWebKit/537.36 (KHTML, like Gecko) Chrome/103.0.5042.0 Safari/537.36"
165.231.182.81 - - [22/Dec/2024:10:16:51 -0500] "POST /register/ HTTP/1.0" 200 76048 "https://misswavenigeria.com/register/" "Mozilla/5.0 (Windows NT 10.0; Win64; x64) AppleWebKit/537.36 (KHTML, like Gecko) Chrome/103.0.5042.0 Safari/537.36"
66.29.132.124 - - [22/Dec/2024:10:18:00 -0500] "POST /wp-cron.php?doing_wp_cron=1734880680.6872580051422119140625 HTTP/1.1" 200 0 "-" "WordPress/6.7.1; https://misswavenigeria.com"
165.231.182.81 - - [22/Dec/2024:10:18:00 -0500] "GET /register/ HTTP/1.0" 200 75922 "https://misswavenigeria.com/" "Mozilla/5.0 (Windows NT 10.0; Win64; x64) AppleWebKit/537.36 (KHTML, like Gecko) Chrome/103.0.5042.0 Safari/537.36"
66.29.132.124 - - [22/Dec/2024:10:18:00 -0500] "POST /wp-admin/admin-ajax.php?action=async_litespeed&nonce=x3auJi93Dkw45faePk4UJPLYkM47X5O7&litespeed_type=imgoptm HTTP/1.1" 200 21 "-" "WordPress/6.7.1; https://misswavenigeria.com"
66.29.132.124 - - [22/Dec/2024:10:19:51 -0500] "POST /wp-cron.php?doing_wp_cron=1734880791.4038538932800292968750 HTTP/1.1" 200 0 "-" "WordPress/6.7.1; https://misswavenigeria.com"
165.231.182.81 - - [22/Dec/2024:10:19:49 -0500] "GET / HTTP/1.0" 200 109055 "https://misswavenigeria.com/" "Mozilla/5.0 (Windows NT 6.3; Win64; x64) AppleWebKit/537.36 (KHTML, like Gecko) Chrome/103.0.0.0 Safari/537.36"
66.29.132.124 - - [22/Dec/2024:10:19:51 -0500] "POST /wp-admin/admin-ajax.php?action=async_litespeed&nonce=j03AAZm3XId6BGOTXNU4vfoGT0wOHFII&litespeed_type=imgoptm HTTP/1.1" 200 21 "-" "WordPress/6.7.1; https://misswavenigeria.com"
165.231.182.81 - - [22/Dec/2024:10:19:53 -0500] "GET /register/ HTTP/1.0" 200 75922 "https://misswavenigeria.com/register/" "Mozilla/5.0 (Windows NT 6.3; Win64; x64) AppleWebKit/537.36 (KHTML, like Gecko) Chrome/103.0.0.0 Safari/537.36"
66.29.132.124 - - [22/Dec/2024:10:20:47 -0500] "POST /wp-cron.php?doing_wp_cron=1734880846.9368219375610351562500 HTTP/1.1" 200 0 "-" "WordPress/6.7.1; https://misswavenigeria.com"
194.38.23.18 - - [22/Dec/2024:10:20:46 -0500] "GET /index.php?option=com_jce&task=plugin&plugin=imgmanager&file=imgmanager&method=form&action=upload HTTP/1.1" 301 0 "-" "ALittle Client"
66.29.132.124 - - [22/Dec/2024:10:20:47 -0500] "POST /wp-admin/admin-ajax.php?action=async_litespeed&nonce=yECeEhPn6ZQOM6c5gfFzfqc4UKmMwCFy&litespeed_type=imgoptm HTTP/1.1" 200 0 "-" "WordPress/6.7.1; https://misswavenigeria.com"
66.29.132.124 - - [22/Dec/2024:10:21:42 -0500] "POST /wp-cron.php?doing_wp_cron=1734880901.8023068904876708984375 HTTP/1.1" 200 0 "-" "WordPress/6.7.1; https://misswavenigeria.com"
194.38.23.18 - - [22/Dec/2024:10:21:41 -0500] "GET /?option=com_jce&task=plugin&plugin=imgmanager&file=imgmanager&method=form&action=upload HTTP/1.1" 200 109017 "-" "ALittle Client"
66.29.132.124 - - [22/Dec/2024:10:21:42 -0500] "POST /wp-admin/admin-ajax.php?action=async_litespeed&nonce=15ugBl90g1yU8CcsKhRb81rYV4rWRN8i&litespeed_type=imgoptm HTTP/1.1" 200 21 "-" "WordPress/6.7.1; https://misswavenigeria.com"
66.249.79.106 - - [22/Dec/2024:10:21:57 -0500] "GET /goods/W942834?k=product HTTP/1.1" 301 0 "-" "Mozilla/5.0 (Linux; Android 6.0.1; Nexus 5X Build/MMB29P) AppleWebKit/537.36 (KHTML, like Gecko) Chrome/131.0.6778.139 Mobile Safari/537.36 (compatible; Googlebot/2.1; +http://www.google.com/bot.html)"
66.249.79.130 - - [22/Dec/2024:10:21:58 -0500] "GET /goods/W942834?k=product HTTP/1.1" 404 15612 "-" "Mozilla/5.0 (Linux; Android 6.0.1; Nexus 5X Build/MMB29P) AppleWebKit/537.36 (KHTML, like Gecko) Chrome/131.0.6778.139 Mobile Safari/537.36 (compatible; Googlebot/2.1; +http://www.google.com/bot.html)"
66.249.79.105 - - [22/Dec/2024:10:22:11 -0500] "GET /goods/V863845?k=product HTTP/1.1" 301 0 "-" "Mozilla/5.0 (Linux; Android 6.0.1; Nexus 5X Build/MMB29P) AppleWebKit/537.36 (KHTML, like Gecko) Chrome/131.0.6778.139 Mobile Safari/537.36 (compatible; Googlebot/2.1; +http://www.google.com/bot.html)"
66.249.79.131 - - [22/Dec/2024:10:22:11 -0500] "GET /goods/V863845?k=product HTTP/1.1" 404 15610 "-" "Mozilla/5.0 (Linux; Android 6.0.1; Nexus 5X Build/MMB29P) AppleWebKit/537.36 (KHTML, like Gecko) Chrome/131.0.6778.139 Mobile Safari/537.36 (compatible; Googlebot/2.1; +http://www.google.com/bot.html)"
165.231.182.81 - - [22/Dec/2024:10:19:55 -0500] "POST /register/ HTTP/1.0" 200 76048 "https://misswavenigeria.com/register/" "Mozilla/5.0 (Windows NT 6.3; Win64; x64) AppleWebKit/537.36 (KHTML, like Gecko) Chrome/103.0.0.0 Safari/537.36"
66.29.132.124 - - [22/Dec/2024:10:22:26 -0500] "POST /wp-cron.php?doing_wp_cron=1734880946.4981620311737060546875 HTTP/1.1" 200 0 "-" "WordPress/6.7.1; https://misswavenigeria.com"
165.231.182.81 - - [22/Dec/2024:10:22:26 -0500] "GET /register/ HTTP/1.0" 200 75922 "https://misswavenigeria.com/" "Mozilla/5.0 (Windows NT 6.3; Win64; x64) AppleWebKit/537.36 (KHTML, like Gecko) Chrome/103.0.0.0 Safari/537.36"
66.29.132.124 - - [22/Dec/2024:10:22:59 -0500] "POST /wp-cron.php?doing_wp_cron=1734880979.4296040534973144531250 HTTP/1.1" 200 0 "-" "WordPress/6.7.1; https://misswavenigeria.com"
165.231.182.81 - - [22/Dec/2024:10:22:59 -0500] "GET / HTTP/1.0" 200 109055 "https://misswavenigeria.com/" "Mozilla/5.0 (Windows NT 6.3; WOW64) AppleWebKit/537.36 (KHTML, like Gecko) Chrome/103.0.5060.114 Safari/537.36"
66.29.132.124 - - [22/Dec/2024:10:22:59 -0500] "POST /wp-admin/admin-ajax.php?action=async_litespeed&nonce=7iGnj9tpXAEFBhLFo329dAn64W5hBSOD&litespeed_type=imgoptm HTTP/1.1" 200 21 "-" "WordPress/6.7.1; https://misswavenigeria.com"
165.231.182.81 - - [22/Dec/2024:10:23:01 -0500] "GET /register/ HTTP/1.0" 200 75922 "https://misswavenigeria.com/register/" "Mozilla/5.0 (Windows NT 6.3; WOW64) AppleWebKit/537.36 (KHTML, like Gecko) Chrome/103.0.5060.114 Safari/537.36"
165.231.182.81 - - [22/Dec/2024:10:23:03 -0500] "POST /register/ HTTP/1.0" 200 76048 "https://misswavenigeria.com/register/" "Mozilla/5.0 (Windows NT 6.3; WOW64) AppleWebKit/537.36 (KHTML, like Gecko) Chrome/103.0.5060.114 Safari/537.36"
66.29.132.124 - - [22/Dec/2024:10:25:11 -0500] "POST /wp-cron.php?doing_wp_cron=1734881111.3337221145629882812500 HTTP/1.1" 200 0 "-" "WordPress/6.7.1; https://misswavenigeria.com"
165.231.182.81 - - [22/Dec/2024:10:25:09 -0500] "GET /register/ HTTP/1.0" 200 75922 "https://misswavenigeria.com/" "Mozilla/5.0 (Windows NT 6.3; WOW64) AppleWebKit/537.36 (KHTML, like Gecko) Chrome/103.0.5060.114 Safari/537.36"
66.29.132.124 - - [22/Dec/2024:10:25:12 -0500] "POST /wp-admin/admin-ajax.php?action=async_litespeed&nonce=Arb1F3Ty9UwUZqWAjg0lbbfcgk9JN8Zv&litespeed_type=imgoptm HTTP/1.1" 200 21 "-" "WordPress/6.7.1; https://misswavenigeria.com"
66.29.132.124 - - [22/Dec/2024:10:26:05 -0500] "POST /wp-cron.php?doing_wp_cron=1734881164.8313980102539062500000 HTTP/1.1" 200 0 "-" "WordPress/6.7.1; https://misswavenigeria.com"
165.231.182.81 - - [22/Dec/2024:10:26:04 -0500] "GET / HTTP/1.0" 200 109055 "https://misswavenigeria.com/" "Mozilla/5.0 (Windows NT 6.1; Win64; x64) AppleWebKit/537.36 (KHTML, like Gecko) Chrome/103.0.5060.66 Safari/537.36"
66.29.132.124 - - [22/Dec/2024:10:26:05 -0500] "POST /wp-admin/admin-ajax.php?action=async_litespeed&nonce=CzsC0PlcUqF8hiqE1FA6be5qjKWfQmT7&litespeed_type=imgoptm HTTP/1.1" 200 21 "-" "WordPress/6.7.1; https://misswavenigeria.com"
165.231.182.81 - - [22/Dec/2024:10:26:07 -0500] "GET /register/ HTTP/1.0" 200 75922 "https://misswavenigeria.com/register/" "Mozilla/5.0 (Windows NT 6.1; Win64; x64) AppleWebKit/537.36 (KHTML, like Gecko) Chrome/103.0.5060.66 Safari/537.36"
165.231.182.81 - - [22/Dec/2024:10:26:09 -0500] "POST /register/ HTTP/1.0" 200 0 "https://misswavenigeria.com/register/" "Mozilla/5.0 (Windows NT 6.1; Win64; x64) AppleWebKit/537.36 (KHTML, like Gecko) Chrome/103.0.5060.66 Safari/537.36"
165.231.182.81 - - [22/Dec/2024:10:28:39 -0500] "GET /register/ HTTP/1.0" 200 75922 "https://misswavenigeria.com/" "Mozilla/5.0 (Windows NT 6.1; Win64; x64) AppleWebKit/537.36 (KHTML, like Gecko) Chrome/103.0.5060.66 Safari/537.36"
165.231.182.81 - - [22/Dec/2024:10:29:07 -0500] "GET / HTTP/1.0" 200 109055 "https://misswavenigeria.com/" "Mozilla/5.0 (Windows NT 6.1; WOW64) AppleWebKit/537.36 (KHTML, like Gecko) Chrome/103.0.0.0 Safari/537.36"
165.231.182.81 - - [22/Dec/2024:10:29:09 -0500] "GET /register/ HTTP/1.0" 200 75922 "https://misswavenigeria.com/register/" "Mozilla/5.0 (Windows NT 6.1; WOW64) AppleWebKit/537.36 (KHTML, like Gecko) Chrome/103.0.0.0 Safari/537.36"
66.29.132.124 - - [22/Dec/2024:10:29:11 -0500] "POST /wp-cron.php?doing_wp_cron=1734881351.1080229282379150390625 HTTP/1.1" 200 0 "-" "WordPress/6.7.1; https://misswavenigeria.com"
66.29.132.124 - - [22/Dec/2024:10:29:11 -0500] "POST /wp-admin/admin-ajax.php?action=async_litespeed&nonce=XPoz6TV0E3kPVk8bbXWUcxl8DQKgtxpr&litespeed_type=imgoptm HTTP/1.1" 200 21 "-" "WordPress/6.7.1; https://misswavenigeria.com"
165.231.182.81 - - [22/Dec/2024:10:29:10 -0500] "POST /register/ HTTP/1.0" 200 76048 "https://misswavenigeria.com/register/" "Mozilla/5.0 (Windows NT 6.1; WOW64) AppleWebKit/537.36 (KHTML, like Gecko) Chrome/103.0.0.0 Safari/537.36"
66.29.132.124 - - [22/Dec/2024:10:31:21 -0500] "POST /wp-cron.php?doing_wp_cron=1734881481.3902440071105957031250 HTTP/1.1" 200 0 "-" "WordPress/6.7.1; https://misswavenigeria.com"
165.231.182.81 - - [22/Dec/2024:10:31:21 -0500] "GET /register/ HTTP/1.0" 200 75922 "https://misswavenigeria.com/" "Mozilla/5.0 (Windows NT 6.1; WOW64) AppleWebKit/537.36 (KHTML, like Gecko) Chrome/103.0.0.0 Safari/537.36"
66.29.132.124 - - [22/Dec/2024:10:31:21 -0500] "POST /wp-admin/admin-ajax.php?action=async_litespeed&nonce=gE0gLm8On4XwJ4zjG1RaYHz9g5Werex6&litespeed_type=imgoptm HTTP/1.1" 200 21 "-" "WordPress/6.7.1; https://misswavenigeria.com"
66.29.132.124 - - [22/Dec/2024:10:32:12 -0500] "POST /wp-cron.php?doing_wp_cron=1734881532.8452489376068115234375 HTTP/1.1" 200 0 "-" "WordPress/6.7.1; https://misswavenigeria.com"
165.231.182.81 - - [22/Dec/2024:10:32:12 -0500] "GET / HTTP/1.0" 200 109053 "https://misswavenigeria.com/" "Mozilla/5.0 (Windows NT 6.3; WOW64) AppleWebKit/537.36 (KHTML, like Gecko) Chrome/103.0.5060.114 Safari/537.36"
66.29.132.124 - - [22/Dec/2024:10:32:13 -0500] "POST /wp-admin/admin-ajax.php?action=async_litespeed&nonce=XGfDRKdi6y3SIRqoRiOisQ0mRFn1zEeC&litespeed_type=imgoptm HTTP/1.1" 200 21 "-" "WordPress/6.7.1; https://misswavenigeria.com"
165.231.182.81 - - [22/Dec/2024:10:32:15 -0500] "GET /register/ HTTP/1.0" 200 75922 "https://misswavenigeria.com/register/" "Mozilla/5.0 (Windows NT 6.3; WOW64) AppleWebKit/537.36 (KHTML, like Gecko) Chrome/103.0.5060.114 Safari/537.36"
165.231.182.81 - - [22/Dec/2024:10:32:16 -0500] "POST /register/ HTTP/1.0" 200 76048 "https://misswavenigeria.com/register/" "Mozilla/5.0 (Windows NT 6.3; WOW64) AppleWebKit/537.36 (KHTML, like Gecko) Chrome/103.0.5060.114 Safari/537.36"
66.29.132.124 - - [22/Dec/2024:10:34:02 -0500] "POST /wp-cron.php?doing_wp_cron=1734881642.3202888965606689453125 HTTP/1.1" 200 0 "-" "WordPress/6.7.1; https://misswavenigeria.com"
165.231.182.81 - - [22/Dec/2024:10:34:01 -0500] "GET /register/ HTTP/1.0" 200 75922 "https://misswavenigeria.com/" "Mozilla/5.0 (Windows NT 6.3; WOW64) AppleWebKit/537.36 (KHTML, like Gecko) Chrome/103.0.5060.114 Safari/537.36"
66.29.132.124 - - [22/Dec/2024:10:34:02 -0500] "POST /wp-admin/admin-ajax.php?action=async_litespeed&nonce=g7jN00712sacGzYCDbZ9hyP6KKxWxBJd&litespeed_type=imgoptm HTTP/1.1" 200 21 "-" "WordPress/6.7.1; https://misswavenigeria.com"
66.29.132.124 - - [22/Dec/2024:10:35:20 -0500] "POST /wp-cron.php?doing_wp_cron=1734881720.9115250110626220703125 HTTP/1.1" 200 0 "-" "WordPress/6.7.1; https://misswavenigeria.com"
165.231.182.81 - - [22/Dec/2024:10:35:20 -0500] "GET / HTTP/1.0" 200 109055 "https://misswavenigeria.com/" "Mozilla/5.0 (Windows NT 6.1; Win64; x64) AppleWebKit/537.36 (KHTML, like Gecko) Chrome/103.0.5060.66 Safari/537.36"
66.29.132.124 - - [22/Dec/2024:10:35:21 -0500] "POST /wp-admin/admin-ajax.php?action=async_litespeed&nonce=ufxqGJs3agSupSBOsMGmlE08aFwLeEmz&litespeed_type=imgoptm HTTP/1.1" 200 21 "-" "WordPress/6.7.1; https://misswavenigeria.com"
165.231.182.81 - - [22/Dec/2024:10:35:23 -0500] "GET /register/ HTTP/1.0" 200 75922 "https://misswavenigeria.com/register/" "Mozilla/5.0 (Windows NT 6.1; Win64; x64) AppleWebKit/537.36 (KHTML, like Gecko) Chrome/103.0.5060.66 Safari/537.36"
66.29.132.124 - - [22/Dec/2024:10:35:25 -0500] "POST /wp-cron.php?doing_wp_cron=1734881725.4345319271087646484375 HTTP/1.1" 200 0 "-" "WordPress/6.7.1; https://misswavenigeria.com"
165.231.182.81 - - [22/Dec/2024:10:35:25 -0500] "POST /register/ HTTP/1.0" 200 76048 "https://misswavenigeria.com/register/" "Mozilla/5.0 (Windows NT 6.1; Win64; x64) AppleWebKit/537.36 (KHTML, like Gecko) Chrome/103.0.5060.66 Safari/537.36"
66.29.132.124 - - [22/Dec/2024:10:37:06 -0500] "POST /wp-cron.php?doing_wp_cron=1734881826.4272029399871826171875 HTTP/1.1" 200 0 "-" "WordPress/6.7.1; https://misswavenigeria.com"
165.231.182.81 - - [22/Dec/2024:10:37:06 -0500] "GET /register/ HTTP/1.0" 200 75922 "https://misswavenigeria.com/" "Mozilla/5.0 (Windows NT 6.1; Win64; x64) AppleWebKit/537.36 (KHTML, like Gecko) Chrome/103.0.5060.66 Safari/537.36"
66.29.132.124 - - [22/Dec/2024:10:37:06 -0500] "POST /wp-admin/admin-ajax.php?action=async_litespeed&nonce=TnbiaUlNnohrKrwrJqKVMdYOK5mq0hCt&litespeed_type=imgoptm HTTP/1.1" 200 21 "-" "WordPress/6.7.1; https://misswavenigeria.com"
66.29.132.124 - - [22/Dec/2024:10:38:33 -0500] "POST /wp-cron.php?doing_wp_cron=1734881913.5899829864501953125000 HTTP/1.1" 200 0 "-" "WordPress/6.7.1; https://misswavenigeria.com"
165.231.182.81 - - [22/Dec/2024:10:38:29 -0500] "GET / HTTP/1.0" 200 109055 "https://misswavenigeria.com/" "Mozilla/5.0 (Windows NT 6.1; Win64; x64) AppleWebKit/537.36 (KHTML, like Gecko) Chrome/103.0.0.0 Safari/537.36"
66.29.132.124 - - [22/Dec/2024:10:38:34 -0500] "POST /wp-admin/admin-ajax.php?action=async_litespeed&nonce=Foo9p6rHadkpU47EgWjkAdAFGHPX9xmu&litespeed_type=imgoptm HTTP/1.1" 200 21 "-" "WordPress/6.7.1; https://misswavenigeria.com"
165.231.182.81 - - [22/Dec/2024:10:38:36 -0500] "GET /register/ HTTP/1.0" 200 75922 "https://misswavenigeria.com/register/" "Mozilla/5.0 (Windows NT 6.1; Win64; x64) AppleWebKit/537.36 (KHTML, like Gecko) Chrome/103.0.0.0 Safari/537.36"
165.231.182.81 - - [22/Dec/2024:10:38:37 -0500] "POST /register/ HTTP/1.0" 200 76048 "https://misswavenigeria.com/register/" "Mozilla/5.0 (Windows NT 6.1; Win64; x64) AppleWebKit/537.36 (KHTML, like Gecko) Chrome/103.0.0.0 Safari/537.36"
66.29.132.124 - - [22/Dec/2024:10:40:15 -0500] "POST /wp-cron.php?doing_wp_cron=1734882014.9988050460815429687500 HTTP/1.1" 200 0 "-" "WordPress/6.7.1; https://misswavenigeria.com"
165.231.182.81 - - [22/Dec/2024:10:40:14 -0500] "GET /register/ HTTP/1.0" 200 75922 "https://misswavenigeria.com/" "Mozilla/5.0 (Windows NT 6.1; Win64; x64) AppleWebKit/537.36 (KHTML, like Gecko) Chrome/103.0.0.0 Safari/537.36"
66.29.132.124 - - [22/Dec/2024:10:40:15 -0500] "POST /wp-admin/admin-ajax.php?action=async_litespeed&nonce=YDnskVQEO9VhXjAMWVKL4enuWVJ6fVUc&litespeed_type=imgoptm HTTP/1.1" 200 21 "-" "WordPress/6.7.1; https://misswavenigeria.com"
66.29.132.124 - - [22/Dec/2024:10:41:35 -0500] "POST /wp-cron.php?doing_wp_cron=1734882095.7947559356689453125000 HTTP/1.1" 200 0 "-" "WordPress/6.7.1; https://misswavenigeria.com"
165.231.182.81 - - [22/Dec/2024:10:41:35 -0500] "GET / HTTP/1.0" 200 109053 "https://misswavenigeria.com/" "Mozilla/5.0 (Windows NT 10.0; Win64; x64) AppleWebKit/537.36 (KHTML, like Gecko) Chrome/103.0.5060.66 Safari/537.36"
66.29.132.124 - - [22/Dec/2024:10:41:36 -0500] "POST /wp-admin/admin-ajax.php?action=async_litespeed&nonce=cS9oN307virBgDbglGYGlP8WaMkolNPQ&litespeed_type=imgoptm HTTP/1.1" 200 21 "-" "WordPress/6.7.1; https://misswavenigeria.com"
165.231.182.81 - - [22/Dec/2024:10:41:38 -0500] "GET /register/ HTTP/1.0" 200 75922 "https://misswavenigeria.com/register/" "Mozilla/5.0 (Windows NT 10.0; Win64; x64) AppleWebKit/537.36 (KHTML, like Gecko) Chrome/103.0.5060.66 Safari/537.36"
185.77.223.54 - - [22/Dec/2024:10:41:52 -0500] "GET /contact/ HTTP/1.1" 200 17572 "-" "Mozilla/5.0 (X11; Ubuntu; Linux x86_64; rv:114.0) Gecko/20100101 Firefox/114.0"
185.77.223.54 - - [22/Dec/2024:10:41:54 -0500] "GET /wp-content/plugins/contact-form-7/includes/js/index.js?ver=6.0.2 HTTP/1.1" 200 4008 "https://misswavenigeria.com/contact/" "Mozilla/5.0 (X11; Ubuntu; Linux x86_64; rv:114.0) Gecko/20100101 Firefox/114.0"
185.77.223.54 - - [22/Dec/2024:10:42:08 -0500] "POST /wp-json/contact-form-7/v1/contact-forms/249/feedback HTTP/1.1" 200 220 "https://misswavenigeria.com/contact/" "Mozilla/5.0 (X11; Ubuntu; Linux x86_64; rv:114.0) Gecko/20100101 Firefox/114.0"
165.231.182.81 - - [22/Dec/2024:10:41:39 -0500] "POST /register/ HTTP/1.0" 200 76048 "https://misswavenigeria.com/register/" "Mozilla/5.0 (Windows NT 10.0; Win64; x64) AppleWebKit/537.36 (KHTML, like Gecko) Chrome/103.0.5060.66 Safari/537.36"
66.29.132.124 - - [22/Dec/2024:10:43:17 -0500] "POST /wp-cron.php?doing_wp_cron=1734882197.0594220161437988281250 HTTP/1.1" 200 0 "-" "WordPress/6.7.1; https://misswavenigeria.com"
165.231.182.81 - - [22/Dec/2024:10:43:16 -0500] "GET /register/ HTTP/1.0" 200 75922 "https://misswavenigeria.com/" "Mozilla/5.0 (Windows NT 10.0; Win64; x64) AppleWebKit/537.36 (KHTML, like Gecko) Chrome/103.0.5060.66 Safari/537.36"
66.29.132.124 - - [22/Dec/2024:10:43:17 -0500] "POST /wp-admin/admin-ajax.php?action=tribe_process_async_process_support_test&nonce=e66ea8da5c HTTP/1.1" 200 0 "-" "WordPress/6.7.1; https://misswavenigeria.com"
66.29.132.124 - - [22/Dec/2024:10:43:17 -0500] "POST /wp-admin/admin-ajax.php?action=async_litespeed&nonce=QvzYwq6szXE6oZcsq2EykAIRgacP8mHe&litespeed_type=imgoptm HTTP/1.1" 200 21 "-" "WordPress/6.7.1; https://misswavenigeria.com"
66.29.132.124 - - [22/Dec/2024:10:44:37 -0500] "POST /wp-cron.php?doing_wp_cron=1734882277.8757278919219970703125 HTTP/1.1" 200 0 "-" "WordPress/6.7.1; https://misswavenigeria.com"
165.231.182.81 - - [22/Dec/2024:10:44:37 -0500] "GET / HTTP/1.0" 200 109055 "https://misswavenigeria.com/" "Mozilla/5.0 (Windows NT 6.1) AppleWebKit/537.36 (KHTML, like Gecko) Chrome/103.0.5060.114 Safari/537.36"
66.29.132.124 - - [22/Dec/2024:10:44:38 -0500] "POST /wp-admin/admin-ajax.php?action=async_litespeed&nonce=ciWvB5p2JFALTLU7uJZqbFHVpUIogfNp&litespeed_type=imgoptm HTTP/1.1" 200 21 "-" "WordPress/6.7.1; https://misswavenigeria.com"
165.231.182.81 - - [22/Dec/2024:10:44:40 -0500] "GET /register/ HTTP/1.0" 200 75922 "https://misswavenigeria.com/register/" "Mozilla/5.0 (Windows NT 6.1) AppleWebKit/537.36 (KHTML, like Gecko) Chrome/103.0.5060.114 Safari/537.36"
165.231.182.81 - - [22/Dec/2024:10:44:41 -0500] "POST /register/ HTTP/1.0" 200 76048 "https://misswavenigeria.com/register/" "Mozilla/5.0 (Windows NT 6.1) AppleWebKit/537.36 (KHTML, like Gecko) Chrome/103.0.5060.114 Safari/537.36"
66.29.132.124 - - [22/Dec/2024:10:46:47 -0500] "POST /wp-cron.php?doing_wp_cron=1734882407.3735270500183105468750 HTTP/1.1" 200 0 "-" "WordPress/6.7.1; https://misswavenigeria.com"
165.231.182.81 - - [22/Dec/2024:10:46:47 -0500] "GET /register/ HTTP/1.0" 200 75922 "https://misswavenigeria.com/" "Mozilla/5.0 (Windows NT 6.1) AppleWebKit/537.36 (KHTML, like Gecko) Chrome/103.0.5060.114 Safari/537.36"
66.29.132.124 - - [22/Dec/2024:10:46:47 -0500] "POST /wp-admin/admin-ajax.php?action=async_litespeed&nonce=fugswlJQVgEgHerBHu2iyHkoKWxYEoG7&litespeed_type=imgoptm HTTP/1.1" 200 21 "-" "WordPress/6.7.1; https://misswavenigeria.com"
66.29.132.124 - - [22/Dec/2024:10:47:44 -0500] "POST /wp-cron.php?doing_wp_cron=1734882464.0985898971557617187500 HTTP/1.1" 200 0 "-" "WordPress/6.7.1; https://misswavenigeria.com"
165.231.182.81 - - [22/Dec/2024:10:47:43 -0500] "GET / HTTP/1.0" 200 109053 "https://misswavenigeria.com/" "Mozilla/5.0 (Windows NT 10.0; Win64; x64) AppleWebKit/537.36 (KHTML, like Gecko) Chrome/103.0.5060.66 Safari/537.36"
66.29.132.124 - - [22/Dec/2024:10:47:44 -0500] "POST /wp-admin/admin-ajax.php?action=async_litespeed&nonce=ZrVNuIQEneLDr9FgxLNAMzw5zbsJOyv3&litespeed_type=imgoptm HTTP/1.1" 200 21 "-" "WordPress/6.7.1; https://misswavenigeria.com"
165.231.182.81 - - [22/Dec/2024:10:47:46 -0500] "GET /register/ HTTP/1.0" 200 75922 "https://misswavenigeria.com/register/" "Mozilla/5.0 (Windows NT 10.0; Win64; x64) AppleWebKit/537.36 (KHTML, like Gecko) Chrome/103.0.5060.66 Safari/537.36"
165.231.182.81 - - [22/Dec/2024:10:47:48 -0500] "POST /register/ HTTP/1.0" 200 76048 "https://misswavenigeria.com/register/" "Mozilla/5.0 (Windows NT 10.0; Win64; x64) AppleWebKit/537.36 (KHTML, like Gecko) Chrome/103.0.5060.66 Safari/537.36"
66.29.132.124 - - [22/Dec/2024:10:49:20 -0500] "POST /wp-cron.php?doing_wp_cron=1734882560.4677839279174804687500 HTTP/1.1" 200 0 "-" "WordPress/6.7.1; https://misswavenigeria.com"
165.231.182.81 - - [22/Dec/2024:10:49:20 -0500] "GET /register/ HTTP/1.0" 200 75922 "https://misswavenigeria.com/" "Mozilla/5.0 (Windows NT 10.0; Win64; x64) AppleWebKit/537.36 (KHTML, like Gecko) Chrome/103.0.5060.66 Safari/537.36"
66.29.132.124 - - [22/Dec/2024:10:49:20 -0500] "POST /wp-admin/admin-ajax.php?action=async_litespeed&nonce=yui7BaPvuDL7ap3T5mDaqDCGsjSwtbs6&litespeed_type=imgoptm HTTP/1.1" 200 21 "-" "WordPress/6.7.1; https://misswavenigeria.com"
66.29.132.124 - - [22/Dec/2024:10:50:42 -0500] "POST /wp-cron.php?doing_wp_cron=1734882642.3076479434967041015625 HTTP/1.1" 200 0 "-" "WordPress/6.7.1; https://misswavenigeria.com"
165.231.182.81 - - [22/Dec/2024:10:50:42 -0500] "GET / HTTP/1.0" 200 109053 "https://misswavenigeria.com/" "Mozilla/5.0 (Windows NT 10.0; Win64; x64) AppleWebKit/537.36 (KHTML, like Gecko) Chrome/103.0.5060.66 Safari/537.36"
66.29.132.124 - - [22/Dec/2024:10:50:42 -0500] "POST /wp-admin/admin-ajax.php?action=async_litespeed&nonce=tzMdkDStcaXDcHTHD01xJAJpqeroggJ4&litespeed_type=imgoptm HTTP/1.1" 200 21 "-" "WordPress/6.7.1; https://misswavenigeria.com"
165.231.182.81 - - [22/Dec/2024:10:50:44 -0500] "GET /register/ HTTP/1.0" 200 75922 "https://misswavenigeria.com/register/" "Mozilla/5.0 (Windows NT 10.0; Win64; x64) AppleWebKit/537.36 (KHTML, like Gecko) Chrome/103.0.5060.66 Safari/537.36"
51.81.46.212 - - [22/Dec/2024:10:51:12 -0500] "GET / HTTP/1.1" 301 0 "-" "-"
51.81.46.212 - - [22/Dec/2024:10:51:12 -0500] "GET / HTTP/1.1" 200 109053 "-" "-"
165.231.182.81 - - [22/Dec/2024:10:50:46 -0500] "POST /register/ HTTP/1.0" 200 76048 "https://misswavenigeria.com/register/" "Mozilla/5.0 (Windows NT 10.0; Win64; x64) AppleWebKit/537.36 (KHTML, like Gecko) Chrome/103.0.5060.66 Safari/537.36"
66.29.132.124 - - [22/Dec/2024:10:52:17 -0500] "POST /wp-cron.php?doing_wp_cron=1734882737.9123990535736083984375 HTTP/1.1" 200 0 "-" "WordPress/6.7.1; https://misswavenigeria.com"
165.231.182.81 - - [22/Dec/2024:10:52:17 -0500] "GET /register/ HTTP/1.0" 200 75922 "https://misswavenigeria.com/" "Mozilla/5.0 (Windows NT 10.0; Win64; x64) AppleWebKit/537.36 (KHTML, like Gecko) Chrome/103.0.5060.66 Safari/537.36"
66.29.132.124 - - [22/Dec/2024:10:52:18 -0500] "POST /wp-admin/admin-ajax.php?action=async_litespeed&nonce=CO5TW1cDYsgq6JnatuIuP2oMEqvfInGs&litespeed_type=imgoptm HTTP/1.1" 200 21 "-" "WordPress/6.7.1; https://misswavenigeria.com"
66.29.132.124 - - [22/Dec/2024:10:53:45 -0500] "POST /wp-cron.php?doing_wp_cron=1734882825.0076920986175537109375 HTTP/1.1" 200 0 "-" "WordPress/6.7.1; https://misswavenigeria.com"
165.231.182.81 - - [22/Dec/2024:10:53:42 -0500] "GET / HTTP/1.0" 200 109055 "https://misswavenigeria.com/" "Mozilla/5.0 (Windows NT 6.2; Win64; x64) AppleWebKit/537.36 (KHTML, like Gecko) Chrome/103.0.0.0 Safari/537.36"
66.29.132.124 - - [22/Dec/2024:10:53:45 -0500] "POST /wp-admin/admin-ajax.php?action=async_litespeed&nonce=w9RurURGIVm30M0PxE9syklB4yXO7TP4&litespeed_type=imgoptm HTTP/1.1" 200 21 "-" "WordPress/6.7.1; https://misswavenigeria.com"
165.231.182.81 - - [22/Dec/2024:10:53:47 -0500] "GET /register/ HTTP/1.0" 200 75922 "https://misswavenigeria.com/register/" "Mozilla/5.0 (Windows NT 6.2; Win64; x64) AppleWebKit/537.36 (KHTML, like Gecko) Chrome/103.0.0.0 Safari/537.36"
165.231.182.81 - - [22/Dec/2024:10:53:49 -0500] "POST /register/ HTTP/1.0" 200 76048 "https://misswavenigeria.com/register/" "Mozilla/5.0 (Windows NT 6.2; Win64; x64) AppleWebKit/537.36 (KHTML, like Gecko) Chrome/103.0.0.0 Safari/537.36"
66.29.132.124 - - [22/Dec/2024:10:55:03 -0500] "POST /wp-cron.php?doing_wp_cron=1734882903.3261721134185791015625 HTTP/1.1" 200 0 "-" "WordPress/6.7.1; https://misswavenigeria.com"
165.231.182.81 - - [22/Dec/2024:10:55:02 -0500] "GET /register/ HTTP/1.0" 200 75922 "https://misswavenigeria.com/" "Mozilla/5.0 (Windows NT 6.2; Win64; x64) AppleWebKit/537.36 (KHTML, like Gecko) Chrome/103.0.0.0 Safari/537.36"
66.29.132.124 - - [22/Dec/2024:10:55:03 -0500] "POST /wp-admin/admin-ajax.php?action=async_litespeed&nonce=EkyMxXFyzUPjD3RNxiVqH3SfK5RnGVby&litespeed_type=imgoptm HTTP/1.1" 200 21 "-" "WordPress/6.7.1; https://misswavenigeria.com"
66.29.132.124 - - [22/Dec/2024:10:56:53 -0500] "POST /wp-cron.php?doing_wp_cron=1734883013.7468240261077880859375 HTTP/1.1" 200 0 "-" "WordPress/6.7.1; https://misswavenigeria.com"
165.231.182.81 - - [22/Dec/2024:10:56:51 -0500] "GET / HTTP/1.0" 200 109053 "https://misswavenigeria.com/" "Mozilla/5.0 (Windows NT 6.3; Win64; x64) AppleWebKit/537.36 (KHTML, like Gecko) Chrome/103.0.5060.114 Safari/537.36"
66.29.132.124 - - [22/Dec/2024:10:56:54 -0500] "POST /wp-admin/admin-ajax.php?action=async_litespeed&nonce=G9Z7SDUCGEELVoIJx3QhKbuu76KQJqK2&litespeed_type=imgoptm HTTP/1.1" 200 21 "-" "WordPress/6.7.1; https://misswavenigeria.com"
165.231.182.81 - - [22/Dec/2024:10:56:56 -0500] "GET /register/ HTTP/1.0" 200 75922 "https://misswavenigeria.com/register/" "Mozilla/5.0 (Windows NT 6.3; Win64; x64) AppleWebKit/537.36 (KHTML, like Gecko) Chrome/103.0.5060.114 Safari/537.36"
165.231.182.81 - - [22/Dec/2024:10:56:58 -0500] "POST /register/ HTTP/1.0" 200 76048 "https://misswavenigeria.com/register/" "Mozilla/5.0 (Windows NT 6.3; Win64; x64) AppleWebKit/537.36 (KHTML, like Gecko) Chrome/103.0.5060.114 Safari/537.36"
66.29.132.124 - - [22/Dec/2024:10:58:11 -0500] "POST /wp-cron.php?doing_wp_cron=1734883091.0915040969848632812500 HTTP/1.1" 200 0 "-" "WordPress/6.7.1; https://misswavenigeria.com"
165.231.182.81 - - [22/Dec/2024:10:58:10 -0500] "GET /register/ HTTP/1.0" 200 75922 "https://misswavenigeria.com/" "Mozilla/5.0 (Windows NT 6.3; Win64; x64) AppleWebKit/537.36 (KHTML, like Gecko) Chrome/103.0.5060.114 Safari/537.36"
66.29.132.124 - - [22/Dec/2024:10:58:11 -0500] "POST /wp-admin/admin-ajax.php?action=async_litespeed&nonce=NwZqSEn7nhqcVDTKW998BfZhBVdsezlK&litespeed_type=imgoptm HTTP/1.1" 200 21 "-" "WordPress/6.7.1; https://misswavenigeria.com"
66.29.132.124 - - [22/Dec/2024:10:59:54 -0500] "POST /wp-cron.php?doing_wp_cron=1734883194.1404209136962890625000 HTTP/1.1" 200 0 "-" "WordPress/6.7.1; https://misswavenigeria.com"
165.231.182.81 - - [22/Dec/2024:10:59:52 -0500] "GET / HTTP/1.0" 200 109055 "https://misswavenigeria.com/" "Mozilla/5.0 (Windows NT 6.1; Win64; x64) AppleWebKit/537.36 (KHTML, like Gecko) Chrome/103.0.0.0 Safari/537.36"
66.29.132.124 - - [22/Dec/2024:10:59:54 -0500] "POST /wp-admin/admin-ajax.php?action=async_litespeed&nonce=aP9nilnMVL2kfCnpwFoQy7loro2ZHS0W&litespeed_type=imgoptm HTTP/1.1" 200 21 "-" "WordPress/6.7.1; https://misswavenigeria.com"
165.231.182.81 - - [22/Dec/2024:10:59:56 -0500] "GET /register/ HTTP/1.0" 200 75922 "https://misswavenigeria.com/register/" "Mozilla/5.0 (Windows NT 6.1; Win64; x64) AppleWebKit/537.36 (KHTML, like Gecko) Chrome/103.0.0.0 Safari/537.36"
165.231.182.81 - - [22/Dec/2024:10:59:58 -0500] "POST /register/ HTTP/1.0" 200 76048 "https://misswavenigeria.com/register/" "Mozilla/5.0 (Windows NT 6.1; Win64; x64) AppleWebKit/537.36 (KHTML, like Gecko) Chrome/103.0.0.0 Safari/537.36"
66.29.132.124 - - [22/Dec/2024:11:01:23 -0500] "POST /wp-cron.php?doing_wp_cron=1734883283.9320321083068847656250 HTTP/1.1" 200 0 "-" "WordPress/6.7.1; https://misswavenigeria.com"
165.231.182.81 - - [22/Dec/2024:11:01:23 -0500] "GET /register/ HTTP/1.0" 200 75922 "https://misswavenigeria.com/" "Mozilla/5.0 (Windows NT 6.1; Win64; x64) AppleWebKit/537.36 (KHTML, like Gecko) Chrome/103.0.0.0 Safari/537.36"
66.29.132.124 - - [22/Dec/2024:11:01:24 -0500] "POST /wp-admin/admin-ajax.php?action=async_litespeed&nonce=9TJPkeqE2iDMfUvdOBPSOg0s7T3Tqnxg&litespeed_type=imgoptm HTTP/1.1" 200 21 "-" "WordPress/6.7.1; https://misswavenigeria.com"
66.29.132.124 - - [22/Dec/2024:11:03:05 -0500] "POST /wp-cron.php?doing_wp_cron=1734883385.7328848838806152343750 HTTP/1.1" 200 0 "-" "WordPress/6.7.1; https://misswavenigeria.com"
165.231.182.81 - - [22/Dec/2024:11:03:03 -0500] "GET / HTTP/1.0" 200 109053 "https://misswavenigeria.com/" "Mozilla/5.0 (Windows NT 6.3; WOW64) AppleWebKit/537.36 (KHTML, like Gecko) Chrome/103.0.5060.114 Safari/537.36"
66.29.132.124 - - [22/Dec/2024:11:03:06 -0500] "POST /wp-admin/admin-ajax.php?action=async_litespeed&nonce=ZGSpbaG3bmd7kYFHUnOOlpAGpMzAy7qj&litespeed_type=imgoptm HTTP/1.1" 200 21 "-" "WordPress/6.7.1; https://misswavenigeria.com"
165.231.182.81 - - [22/Dec/2024:11:03:08 -0500] "GET /register/ HTTP/1.0" 200 75922 "https://misswavenigeria.com/register/" "Mozilla/5.0 (Windows NT 6.3; WOW64) AppleWebKit/537.36 (KHTML, like Gecko) Chrome/103.0.5060.114 Safari/537.36"
165.231.182.81 - - [22/Dec/2024:11:03:10 -0500] "POST /register/ HTTP/1.0" 200 76048 "https://misswavenigeria.com/register/" "Mozilla/5.0 (Windows NT 6.3; WOW64) AppleWebKit/537.36 (KHTML, like Gecko) Chrome/103.0.5060.114 Safari/537.36"
66.29.132.124 - - [22/Dec/2024:11:04:36 -0500] "POST /wp-cron.php?doing_wp_cron=1734883476.1761469841003417968750 HTTP/1.1" 200 0 "-" "WordPress/6.7.1; https://misswavenigeria.com"
165.231.182.81 - - [22/Dec/2024:11:04:35 -0500] "GET /register/ HTTP/1.0" 200 75922 "https://misswavenigeria.com/" "Mozilla/5.0 (Windows NT 6.3; WOW64) AppleWebKit/537.36 (KHTML, like Gecko) Chrome/103.0.5060.114 Safari/537.36"
66.29.132.124 - - [22/Dec/2024:11:04:36 -0500] "POST /wp-admin/admin-ajax.php?action=async_litespeed&nonce=xTtUgn5shoO9Qf2uGhhcqD5KfrrCc4fG&litespeed_type=imgoptm HTTP/1.1" 200 21 "-" "WordPress/6.7.1; https://misswavenigeria.com"
66.29.132.124 - - [22/Dec/2024:11:06:12 -0500] "POST /wp-cron.php?doing_wp_cron=1734883572.5367200374603271484375 HTTP/1.1" 200 0 "-" "WordPress/6.7.1; https://misswavenigeria.com"
165.231.182.81 - - [22/Dec/2024:11:06:10 -0500] "GET / HTTP/1.0" 200 109053 "https://misswavenigeria.com/" "Mozilla/5.0 (Windows NT 6.1; Win64; x64) AppleWebKit/537.36 (KHTML, like Gecko) Chrome/103.0.5060.66 Safari/537.36"
66.29.132.124 - - [22/Dec/2024:11:06:12 -0500] "POST /wp-admin/admin-ajax.php?action=async_litespeed&nonce=yw112o80bozo8KIXhv8akEn3quYG6mL0&litespeed_type=imgoptm HTTP/1.1" 200 21 "-" "WordPress/6.7.1; https://misswavenigeria.com"
165.231.182.81 - - [22/Dec/2024:11:06:14 -0500] "GET /register/ HTTP/1.0" 200 75922 "https://misswavenigeria.com/register/" "Mozilla/5.0 (Windows NT 6.1; Win64; x64) AppleWebKit/537.36 (KHTML, like Gecko) Chrome/103.0.5060.66 Safari/537.36"
165.231.182.81 - - [22/Dec/2024:11:06:16 -0500] "POST /register/ HTTP/1.0" 200 76048 "https://misswavenigeria.com/register/" "Mozilla/5.0 (Windows NT 6.1; Win64; x64) AppleWebKit/537.36 (KHTML, like Gecko) Chrome/103.0.5060.66 Safari/537.36"
66.29.132.124 - - [22/Dec/2024:11:07:49 -0500] "POST /wp-cron.php?doing_wp_cron=1734883669.7075920104980468750000 HTTP/1.1" 200 0 "-" "WordPress/6.7.1; https://misswavenigeria.com"
165.231.182.81 - - [22/Dec/2024:11:07:49 -0500] "GET /register/ HTTP/1.0" 200 75922 "https://misswavenigeria.com/" "Mozilla/5.0 (Windows NT 6.1; Win64; x64) AppleWebKit/537.36 (KHTML, like Gecko) Chrome/103.0.5060.66 Safari/537.36"
66.29.132.124 - - [22/Dec/2024:11:07:50 -0500] "POST /wp-admin/admin-ajax.php?action=async_litespeed&nonce=l2Ll1tajbTmZSj7wSOahj6JGH0AwvJ2s&litespeed_type=imgoptm HTTP/1.1" 200 21 "-" "WordPress/6.7.1; https://misswavenigeria.com"
66.29.132.124 - - [22/Dec/2024:11:09:21 -0500] "POST /wp-cron.php?doing_wp_cron=1734883761.7971630096435546875000 HTTP/1.1" 200 0 "-" "WordPress/6.7.1; https://misswavenigeria.com"
165.231.182.81 - - [22/Dec/2024:11:09:19 -0500] "GET / HTTP/1.0" 200 109053 "https://misswavenigeria.com/" "Mozilla/5.0 (Windows NT 6.3; WOW64) AppleWebKit/537.36 (KHTML, like Gecko) Chrome/103.0.5060.114 Safari/537.36"
66.29.132.124 - - [22/Dec/2024:11:10:53 -0500] "POST /wp-cron.php?doing_wp_cron=1734883853.9108219146728515625000 HTTP/1.1" 200 0 "-" "WordPress/6.7.1; https://misswavenigeria.com"
165.231.182.81 - - [22/Dec/2024:11:10:53 -0500] "GET /register/ HTTP/1.0" 200 75922 "https://misswavenigeria.com/" "Mozilla/5.0 (Windows NT 6.3; WOW64) AppleWebKit/537.36 (KHTML, like Gecko) Chrome/103.0.5060.114 Safari/537.36"
66.29.132.124 - - [22/Dec/2024:11:10:54 -0500] "POST /wp-admin/admin-ajax.php?action=async_litespeed&nonce=nTzpioEJkNGajSkyqXM6Mqxlwvu3MsBx&litespeed_type=imgoptm HTTP/1.1" 200 21 "-" "WordPress/6.7.1; https://misswavenigeria.com"
66.29.132.124 - - [22/Dec/2024:11:09:22 -0500] "POST /wp-admin/admin-ajax.php?action=async_litespeed&nonce=qIqrZidyNKKbho6VWMuHBqNXEv2AmB9u&litespeed_type=imgoptm HTTP/1.1" 200 21 "-" "WordPress/6.7.1; https://misswavenigeria.com"
165.231.182.81 - - [22/Dec/2024:11:09:24 -0500] "GET /register/ HTTP/1.0" 200 75922 "https://misswavenigeria.com/register/" "Mozilla/5.0 (Windows NT 6.3; WOW64) AppleWebKit/537.36 (KHTML, like Gecko) Chrome/103.0.5060.114 Safari/537.36"
66.29.132.124 - - [22/Dec/2024:11:09:26 -0500] "POST /wp-cron.php?doing_wp_cron=1734883766.3680069446563720703125 HTTP/1.1" 200 0 "-" "WordPress/6.7.1; https://misswavenigeria.com"
165.231.182.81 - - [22/Dec/2024:11:09:26 -0500] "POST /register/ HTTP/1.0" 200 76048 "https://misswavenigeria.com/register/" "Mozilla/5.0 (Windows NT 6.3; WOW64) AppleWebKit/537.36 (KHTML, like Gecko) Chrome/103.0.5060.114 Safari/537.36"
66.29.132.124 - - [22/Dec/2024:11:12:46 -0500] "POST /wp-cron.php?doing_wp_cron=1734883966.5037178993225097656250 HTTP/1.1" 200 0 "-" "WordPress/6.7.1; https://misswavenigeria.com"
165.231.182.81 - - [22/Dec/2024:11:12:44 -0500] "GET / HTTP/1.0" 200 109053 "https://misswavenigeria.com/" "Mozilla/5.0 (Windows NT 6.1) AppleWebKit/537.36 (KHTML, like Gecko) Chrome/103.0.5060.114 Safari/537.36"
66.29.132.124 - - [22/Dec/2024:11:12:46 -0500] "POST /wp-admin/admin-ajax.php?action=async_litespeed&nonce=ZU0WHmkIRr0wQKtZENPiNw6g88xEC9ni&litespeed_type=imgoptm HTTP/1.1" 200 21 "-" "WordPress/6.7.1; https://misswavenigeria.com"
165.231.182.81 - - [22/Dec/2024:11:12:48 -0500] "GET /register/ HTTP/1.0" 200 75922 "https://misswavenigeria.com/register/" "Mozilla/5.0 (Windows NT 6.1) AppleWebKit/537.36 (KHTML, like Gecko) Chrome/103.0.5060.114 Safari/537.36"
165.231.182.81 - - [22/Dec/2024:11:12:50 -0500] "POST /register/ HTTP/1.0" 200 76048 "https://misswavenigeria.com/register/" "Mozilla/5.0 (Windows NT 6.1) AppleWebKit/537.36 (KHTML, like Gecko) Chrome/103.0.5060.114 Safari/537.36"
66.29.132.124 - - [22/Dec/2024:11:14:25 -0500] "POST /wp-cron.php?doing_wp_cron=1734884065.0001358985900878906250 HTTP/1.1" 200 0 "-" "WordPress/6.7.1; https://misswavenigeria.com"
165.231.182.81 - - [22/Dec/2024:11:14:24 -0500] "GET /register/ HTTP/1.0" 200 75922 "https://misswavenigeria.com/" "Mozilla/5.0 (Windows NT 6.1) AppleWebKit/537.36 (KHTML, like Gecko) Chrome/103.0.5060.114 Safari/537.36"
66.29.132.124 - - [22/Dec/2024:11:14:25 -0500] "POST /wp-admin/admin-ajax.php?action=async_litespeed&nonce=xJz8rIjSXqy76ZCjQxTcNnGRmynXAvUv&litespeed_type=imgoptm HTTP/1.1" 200 21 "-" "WordPress/6.7.1; https://misswavenigeria.com"
20.42.10.178 - - [22/Dec/2024:11:15:14 -0500] "GET /robots.txt HTTP/1.1" 301 0 "-" "Mozilla/5.0 AppleWebKit/537.36 (KHTML, like Gecko); compatible; OAI-SearchBot/1.0; +https://openai.com/searchbot"
51.8.102.202 - - [22/Dec/2024:11:15:15 -0500] "GET /robots.txt HTTP/1.1" 200 99 "-" "Mozilla/5.0 AppleWebKit/537.36 (KHTML, like Gecko); compatible; OAI-SearchBot/1.0; +https://openai.com/searchbot"
66.29.132.124 - - [22/Dec/2024:11:15:19 -0500] "POST /wp-cron.php?doing_wp_cron=1734884119.5242540836334228515625 HTTP/1.1" 200 0 "-" "WordPress/6.7.1; https://misswavenigeria.com"
66.249.79.105 - - [22/Dec/2024:11:15:19 -0500] "GET /buy/888428MS.html?product_id=13 HTTP/1.1" 301 0 "-" "Mozilla/5.0 (Linux; Android 6.0.1; Nexus 5X Build/MMB29P) AppleWebKit/537.36 (KHTML, like Gecko) Chrome/131.0.6778.204 Mobile Safari/537.36 (compatible; Googlebot/2.1; +http://www.google.com/bot.html)"
66.29.132.124 - - [22/Dec/2024:11:15:20 -0500] "POST /wp-admin/admin-ajax.php?action=async_litespeed&nonce=OU0vAVWp1x7RSymaXcRGnJ6g4FNHUgKj&litespeed_type=imgoptm HTTP/1.1" 200 21 "-" "WordPress/6.7.1; https://misswavenigeria.com"
66.249.79.131 - - [22/Dec/2024:11:15:20 -0500] "GET /buy/888428MS.html?product_id=13 HTTP/1.1" 404 15611 "-" "Mozilla/5.0 (Linux; Android 6.0.1; Nexus 5X Build/MMB29P) AppleWebKit/537.36 (KHTML, like Gecko) Chrome/131.0.6778.204 Mobile Safari/537.36 (compatible; Googlebot/2.1; +http://www.google.com/bot.html)"
66.29.132.124 - - [22/Dec/2024:11:15:28 -0500] "POST /wp-cron.php?doing_wp_cron=1734884128.9841809272766113281250 HTTP/1.1" 200 0 "-" "WordPress/6.7.1; https://misswavenigeria.com"
66.249.79.106 - - [22/Dec/2024:11:15:28 -0500] "GET /goods/R693203?k=product HTTP/1.1" 301 0 "-" "Mozilla/5.0 (Linux; Android 6.0.1; Nexus 5X Build/MMB29P) AppleWebKit/537.36 (KHTML, like Gecko) Chrome/131.0.6778.139 Mobile Safari/537.36 (compatible; Googlebot/2.1; +http://www.google.com/bot.html)"
66.249.79.131 - - [22/Dec/2024:11:15:29 -0500] "GET /goods/R693203?k=product HTTP/1.1" 404 15612 "-" "Mozilla/5.0 (Linux; Android 6.0.1; Nexus 5X Build/MMB29P) AppleWebKit/537.36 (KHTML, like Gecko) Chrome/131.0.6778.139 Mobile Safari/537.36 (compatible; Googlebot/2.1; +http://www.google.com/bot.html)"
66.29.132.124 - - [22/Dec/2024:11:15:52 -0500] "POST /wp-cron.php?doing_wp_cron=1734884152.5713639259338378906250 HTTP/1.1" 200 0 "-" "WordPress/6.7.1; https://misswavenigeria.com"
165.231.182.81 - - [22/Dec/2024:11:15:52 -0500] "GET / HTTP/1.0" 200 109053 "https://misswavenigeria.com/" "Mozilla/5.0 (Windows NT 10.0; Win64; x64) AppleWebKit/537.36 (KHTML, like Gecko) Chrome/103.0.5042.0 Safari/537.36"
66.29.132.124 - - [22/Dec/2024:11:15:52 -0500] "POST /wp-admin/admin-ajax.php?action=async_litespeed&nonce=IEAQF5pgi0rKqF50FgPCk9Wu9isinFx6&litespeed_type=imgoptm HTTP/1.1" 200 21 "-" "WordPress/6.7.1; https://misswavenigeria.com"
165.231.182.81 - - [22/Dec/2024:11:15:55 -0500] "GET /register/ HTTP/1.0" 200 75922 "https://misswavenigeria.com/register/" "Mozilla/5.0 (Windows NT 10.0; Win64; x64) AppleWebKit/537.36 (KHTML, like Gecko) Chrome/103.0.5042.0 Safari/537.36"
165.231.182.81 - - [22/Dec/2024:11:15:57 -0500] "POST /register/ HTTP/1.0" 200 76048 "https://misswavenigeria.com/register/" "Mozilla/5.0 (Windows NT 10.0; Win64; x64) AppleWebKit/537.36 (KHTML, like Gecko) Chrome/103.0.5042.0 Safari/537.36"
66.29.132.124 - - [22/Dec/2024:11:17:38 -0500] "POST /wp-cron.php?doing_wp_cron=1734884258.6389620304107666015625 HTTP/1.1" 200 0 "-" "WordPress/6.7.1; https://misswavenigeria.com"
165.231.182.81 - - [22/Dec/2024:11:17:37 -0500] "GET /register/ HTTP/1.0" 200 75922 "https://misswavenigeria.com/" "Mozilla/5.0 (Windows NT 10.0; Win64; x64) AppleWebKit/537.36 (KHTML, like Gecko) Chrome/103.0.5042.0 Safari/537.36"
66.29.132.124 - - [22/Dec/2024:11:17:39 -0500] "POST /wp-admin/admin-ajax.php?action=async_litespeed&nonce=viqoXFzoOtkFtISpqhEk4tHo16GaSHGF&litespeed_type=imgoptm HTTP/1.1" 200 21 "-" "WordPress/6.7.1; https://misswavenigeria.com"
66.29.132.124 - - [22/Dec/2024:11:18:56 -0500] "POST /wp-cron.php?doing_wp_cron=1734884336.3346750736236572265625 HTTP/1.1" 200 0 "-" "WordPress/6.7.1; https://misswavenigeria.com"
165.231.182.81 - - [22/Dec/2024:11:18:56 -0500] "GET / HTTP/1.0" 200 109055 "https://misswavenigeria.com/" "Mozilla/5.0 (Windows NT 10.0; WOW64) AppleWebKit/537.36 (KHTML, like Gecko) Chrome/103.0.0.0 Safari/537.36"
66.29.132.124 - - [22/Dec/2024:11:18:56 -0500] "POST /wp-admin/admin-ajax.php?action=async_litespeed&nonce=A9RbiGVMELp8MCdlGrNIYSoZ95JXPQQX&litespeed_type=imgoptm HTTP/1.1" 200 21 "-" "WordPress/6.7.1; https://misswavenigeria.com"
165.231.182.81 - - [22/Dec/2024:11:18:58 -0500] "GET /register/ HTTP/1.0" 200 75922 "https://misswavenigeria.com/register/" "Mozilla/5.0 (Windows NT 10.0; WOW64) AppleWebKit/537.36 (KHTML, like Gecko) Chrome/103.0.0.0 Safari/537.36"
199.195.248.220 - - [22/Dec/2024:11:18:59 -0500] "GET /wp-login.php HTTP/1.1" 200 6933 "-" "Mozilla/5.0 (Windows NT 5.1) AppleWebKit/537.36 (KHTML, like Gecko) Chrome/36.0.1985.125 Safari/537.36"
165.231.182.81 - - [22/Dec/2024:11:19:00 -0500] "POST /register/ HTTP/1.0" 200 76048 "https://misswavenigeria.com/register/" "Mozilla/5.0 (Windows NT 10.0; WOW64) AppleWebKit/537.36 (KHTML, like Gecko) Chrome/103.0.0.0 Safari/537.36"
66.29.132.124 - - [22/Dec/2024:11:20:12 -0500] "POST /wp-cron.php?doing_wp_cron=1734884412.9484829902648925781250 HTTP/1.1" 200 0 "-" "WordPress/6.7.1; https://misswavenigeria.com"
165.231.182.81 - - [22/Dec/2024:11:20:12 -0500] "GET /register/ HTTP/1.0" 200 75922 "https://misswavenigeria.com/" "Mozilla/5.0 (Windows NT 10.0; WOW64) AppleWebKit/537.36 (KHTML, like Gecko) Chrome/103.0.0.0 Safari/537.36"
66.29.132.124 - - [22/Dec/2024:11:20:13 -0500] "POST /wp-admin/admin-ajax.php?action=async_litespeed&nonce=tyYjRjDXX0xY8cmLcXcPckYESnD4L1h1&litespeed_type=imgoptm HTTP/1.1" 200 21 "-" "WordPress/6.7.1; https://misswavenigeria.com"
66.29.132.124 - - [22/Dec/2024:11:22:06 -0500] "POST /wp-cron.php?doing_wp_cron=1734884526.4885170459747314453125 HTTP/1.1" 200 0 "-" "WordPress/6.7.1; https://misswavenigeria.com"
165.231.182.81 - - [22/Dec/2024:11:22:03 -0500] "GET / HTTP/1.0" 200 109053 "https://misswavenigeria.com/" "Mozilla/5.0 (Windows NT 10.0; WOW64) AppleWebKit/537.36 (KHTML, like Gecko) Chrome/103.0.0.0 Safari/537.36"
66.29.132.124 - - [22/Dec/2024:11:22:06 -0500] "POST /wp-admin/admin-ajax.php?action=async_litespeed&nonce=2Oep4T51u1dHWssXaP830i7StaYjgLGn&litespeed_type=imgoptm HTTP/1.1" 200 21 "-" "WordPress/6.7.1; https://misswavenigeria.com"
165.231.182.81 - - [22/Dec/2024:11:22:08 -0500] "GET /register/ HTTP/1.0" 200 75922 "https://misswavenigeria.com/register/" "Mozilla/5.0 (Windows NT 10.0; WOW64) AppleWebKit/537.36 (KHTML, like Gecko) Chrome/103.0.0.0 Safari/537.36"
165.231.182.81 - - [22/Dec/2024:11:22:10 -0500] "POST /register/ HTTP/1.0" 200 76048 "https://misswavenigeria.com/register/" "Mozilla/5.0 (Windows NT 10.0; WOW64) AppleWebKit/537.36 (KHTML, like Gecko) Chrome/103.0.0.0 Safari/537.36"
66.29.132.124 - - [22/Dec/2024:11:23:30 -0500] "POST /wp-cron.php?doing_wp_cron=1734884610.9136610031127929687500 HTTP/1.1" 200 0 "-" "WordPress/6.7.1; https://misswavenigeria.com"
165.231.182.81 - - [22/Dec/2024:11:23:30 -0500] "GET /register/ HTTP/1.0" 200 75922 "https://misswavenigeria.com/" "Mozilla/5.0 (Windows NT 10.0; WOW64) AppleWebKit/537.36 (KHTML, like Gecko) Chrome/103.0.0.0 Safari/537.36"
66.29.132.124 - - [22/Dec/2024:11:23:31 -0500] "POST /wp-admin/admin-ajax.php?action=async_litespeed&nonce=dt0aQzvPtKeAKseMAJiyWrtJVbwcFM4t&litespeed_type=imgoptm HTTP/1.1" 200 21 "-" "WordPress/6.7.1; https://misswavenigeria.com"
66.29.132.124 - - [22/Dec/2024:11:25:10 -0500] "POST /wp-cron.php?doing_wp_cron=1734884710.6974589824676513671875 HTTP/1.1" 200 0 "-" "WordPress/6.7.1; https://misswavenigeria.com"
66.249.79.105 - - [22/Dec/2024:11:25:07 -0500] "GET /goods/K82378?k=product HTTP/1.1" 301 0 "-" "Mozilla/5.0 (Linux; Android 6.0.1; Nexus 5X Build/MMB29P) AppleWebKit/537.36 (KHTML, like Gecko) Chrome/131.0.6778.139 Mobile Safari/537.36 (compatible; Googlebot/2.1; +http://www.google.com/bot.html)"
66.249.79.131 - - [22/Dec/2024:11:25:11 -0500] "GET /goods/K82378?k=product HTTP/1.1" 404 15611 "-" "Mozilla/5.0 (Linux; Android 6.0.1; Nexus 5X Build/MMB29P) AppleWebKit/537.36 (KHTML, like Gecko) Chrome/131.0.6778.139 Mobile Safari/537.36 (compatible; Googlebot/2.1; +http://www.google.com/bot.html)"
66.29.132.124 - - [22/Dec/2024:11:25:11 -0500] "POST /wp-admin/admin-ajax.php?action=async_litespeed&nonce=lR428UuEl6cISxZgw7YeV7kOrho4sB4o&litespeed_type=imgoptm HTTP/1.1" 200 21 "-" "WordPress/6.7.1; https://misswavenigeria.com"
165.231.182.81 - - [22/Dec/2024:11:25:13 -0500] "GET / HTTP/1.0" 200 109053 "https://misswavenigeria.com/" "Mozilla/5.0 (Windows NT 10.0; Win64; x64) AppleWebKit/537.36 (KHTML, like Gecko) Chrome/103.0.5060.134 Safari/537.36"
165.231.182.81 - - [22/Dec/2024:11:25:15 -0500] "GET /register/ HTTP/1.0" 200 75922 "https://misswavenigeria.com/register/" "Mozilla/5.0 (Windows NT 10.0; Win64; x64) AppleWebKit/537.36 (KHTML, like Gecko) Chrome/103.0.5060.134 Safari/537.36"
66.29.132.124 - - [22/Dec/2024:11:26:01 -0500] "POST /wp-cron.php?doing_wp_cron=1734884761.7656819820404052734375 HTTP/1.1" 200 0 "-" "WordPress/6.7.1; https://misswavenigeria.com"
66.249.79.130 - - [22/Dec/2024:11:26:01 -0500] "GET /goods/450.html HTTP/1.1" 404 15611 "-" "Mozilla/5.0 (Linux; Android 6.0.1; Nexus 5X Build/MMB29P) AppleWebKit/537.36 (KHTML, like Gecko) Chrome/131.0.6778.139 Mobile Safari/537.36 (compatible; Googlebot/2.1; +http://www.google.com/bot.html)"
66.29.132.124 - - [22/Dec/2024:11:26:02 -0500] "POST /wp-admin/admin-ajax.php?action=async_litespeed&nonce=64TKAr0RZoUgOe3NvpUXEAgFHM5AaV2D&litespeed_type=imgoptm HTTP/1.1" 200 21 "-" "WordPress/6.7.1; https://misswavenigeria.com"
66.249.79.106 - - [22/Dec/2024:11:26:14 -0500] "GET /goods/L150889?k=product HTTP/1.1" 301 0 "-" "Mozilla/5.0 (Linux; Android 6.0.1; Nexus 5X Build/MMB29P) AppleWebKit/537.36 (KHTML, like Gecko) Chrome/131.0.6778.139 Mobile Safari/537.36 (compatible; Googlebot/2.1; +http://www.google.com/bot.html)"
66.249.79.130 - - [22/Dec/2024:11:26:14 -0500] "GET /goods/L150889?k=product HTTP/1.1" 404 15612 "-" "Mozilla/5.0 (Linux; Android 6.0.1; Nexus 5X Build/MMB29P) AppleWebKit/537.36 (KHTML, like Gecko) Chrome/131.0.6778.139 Mobile Safari/537.36 (compatible; Googlebot/2.1; +http://www.google.com/bot.html)"
66.29.132.124 - - [22/Dec/2024:11:26:26 -0500] "POST /wp-cron.php?doing_wp_cron=1734884786.9411389827728271484375 HTTP/1.1" 200 0 "-" "WordPress/6.7.1; https://misswavenigeria.com"
66.249.79.105 - - [22/Dec/2024:11:26:26 -0500] "GET /goods/T632027?k=product HTTP/1.1" 301 0 "-" "Mozilla/5.0 (Linux; Android 6.0.1; Nexus 5X Build/MMB29P) AppleWebKit/537.36 (KHTML, like Gecko) Chrome/131.0.6778.139 Mobile Safari/537.36 (compatible; Googlebot/2.1; +http://www.google.com/bot.html)"
