165.231.182.81 - - [22/Dec/2024:15:09:53 -0500] "GET / HTTP/1.0" 200 109055 "https://misswavenigeria.com/" "Mozilla/5.0 (Windows NT 6.3; Win64; x64) AppleWebKit/537.36 (KHTML, like Gecko) Chrome/103.0.5060.114 Safari/537.36"
66.29.132.124 - - [22/Dec/2024:15:09:53 -0500] "POST /wp-admin/admin-ajax.php?action=async_litespeed&nonce=sjbzEidlXH890G4SVHAlQfkZzGGHH12b&litespeed_type=imgoptm HTTP/1.1" 200 21 "-" "WordPress/6.7.1; https://misswavenigeria.com"
165.231.182.81 - - [22/Dec/2024:15:09:55 -0500] "GET /register/ HTTP/1.0" 200 75922 "https://misswavenigeria.com/register/" "Mozilla/5.0 (Windows NT 6.3; Win64; x64) AppleWebKit/537.36 (KHTML, like Gecko) Chrome/103.0.5060.114 Safari/537.36"
165.231.182.81 - - [22/Dec/2024:15:09:57 -0500] "POST /register/ HTTP/1.0" 200 76048 "https://misswavenigeria.com/register/" "Mozilla/5.0 (Windows NT 6.3; Win64; x64) AppleWebKit/537.36 (KHTML, like Gecko) Chrome/103.0.5060.114 Safari/537.36"
66.29.132.124 - - [22/Dec/2024:15:11:25 -0500] "POST /wp-cron.php?doing_wp_cron=1734898285.5732009410858154296875 HTTP/1.1" 200 0 "-" "WordPress/6.7.1; https://misswavenigeria.com"
165.231.182.81 - - [22/Dec/2024:15:11:25 -0500] "GET /register/ HTTP/1.0" 200 75922 "https://misswavenigeria.com/" "Mozilla/5.0 (Windows NT 6.3; Win64; x64) AppleWebKit/537.36 (KHTML, like Gecko) Chrome/103.0.5060.114 Safari/537.36"
66.29.132.124 - - [22/Dec/2024:15:11:25 -0500] "POST /wp-admin/admin-ajax.php?action=async_litespeed&nonce=Tv4SZQl0KFkEP9YF5GdexJfyfqvFXQCg&litespeed_type=imgoptm HTTP/1.1" 200 21 "-" "WordPress/6.7.1; https://misswavenigeria.com"
66.29.132.124 - - [22/Dec/2024:15:12:46 -0500] "POST /wp-cron.php?doing_wp_cron=1734898366.6234591007232666015625 HTTP/1.1" 200 0 "-" "WordPress/6.7.1; https://misswavenigeria.com"
165.231.182.81 - - [22/Dec/2024:15:12:46 -0500] "GET / HTTP/1.0" 200 109053 "https://misswavenigeria.com/" "Mozilla/5.0 (Windows NT 6.3; Win64; x64) AppleWebKit/537.36 (KHTML, like Gecko) Chrome/103.0.0.0 Safari/537.36"
66.29.132.124 - - [22/Dec/2024:15:12:47 -0500] "POST /wp-admin/admin-ajax.php?action=async_litespeed&nonce=0UAoqStJh5nbJuARbR1xt6OfAUIep9To&litespeed_type=imgoptm HTTP/1.1" 200 21 "-" "WordPress/6.7.1; https://misswavenigeria.com"
165.231.182.81 - - [22/Dec/2024:15:12:48 -0500] "GET /register/ HTTP/1.0" 200 75922 "https://misswavenigeria.com/register/" "Mozilla/5.0 (Windows NT 6.3; Win64; x64) AppleWebKit/537.36 (KHTML, like Gecko) Chrome/103.0.0.0 Safari/537.36"
165.231.182.81 - - [22/Dec/2024:15:12:50 -0500] "POST /register/ HTTP/1.0" 200 76048 "https://misswavenigeria.com/register/" "Mozilla/5.0 (Windows NT 6.3; Win64; x64) AppleWebKit/537.36 (KHTML, like Gecko) Chrome/103.0.0.0 Safari/537.36"
66.29.132.124 - - [22/Dec/2024:15:14:40 -0500] "POST /wp-cron.php?doing_wp_cron=1734898480.4338300228118896484375 HTTP/1.1" 200 0 "-" "WordPress/6.7.1; https://misswavenigeria.com"
165.231.182.81 - - [22/Dec/2024:15:14:40 -0500] "GET /register/ HTTP/1.0" 200 75922 "https://misswavenigeria.com/" "Mozilla/5.0 (Windows NT 6.3; Win64; x64) AppleWebKit/537.36 (KHTML, like Gecko) Chrome/103.0.0.0 Safari/537.36"
66.29.132.124 - - [22/Dec/2024:15:14:40 -0500] "POST /wp-admin/admin-ajax.php?action=async_litespeed&nonce=fn6AnmttaroC9yPiEMF7nFu8znnpkwJ5&litespeed_type=imgoptm HTTP/1.1" 200 21 "-" "WordPress/6.7.1; https://misswavenigeria.com"
43.133.91.48 - - [22/Dec/2024:15:15:02 -0500] "GET / HTTP/1.1" 301 0 "http://www.misswavenigeria.com" "Mozilla/5.0 (iPhone; CPU iPhone OS 13_2_3 like Mac OS X) AppleWebKit/605.1.15 (KHTML, like Gecko) Version/13.0.3 Mobile/15E148 Safari/604.1"
43.133.91.48 - - [22/Dec/2024:15:15:04 -0500] "GET / HTTP/1.1" 200 24479 "https://www.misswavenigeria.com/" "Mozilla/5.0 (iPhone; CPU iPhone OS 13_2_3 like Mac OS X) AppleWebKit/605.1.15 (KHTML, like Gecko) Version/13.0.3 Mobile/15E148 Safari/604.1"
165.231.182.81 - - [22/Dec/2024:15:15:42 -0500] "GET / HTTP/1.0" 200 109055 "https://misswavenigeria.com/" "Mozilla/5.0 (Windows NT 6.1; WOW64) AppleWebKit/537.36 (KHTML, like Gecko) Chrome/103.0.0.0 Safari/537.36"
165.231.182.81 - - [22/Dec/2024:15:15:44 -0500] "GET /register/ HTTP/1.0" 200 75922 "https://misswavenigeria.com/register/" "Mozilla/5.0 (Windows NT 6.1; WOW64) AppleWebKit/537.36 (KHTML, like Gecko) Chrome/103.0.0.0 Safari/537.36"
66.29.132.124 - - [22/Dec/2024:15:15:46 -0500] "POST /wp-cron.php?doing_wp_cron=1734898546.6766800880432128906250 HTTP/1.1" 200 0 "-" "WordPress/6.7.1; https://misswavenigeria.com"
66.29.132.124 - - [22/Dec/2024:15:15:47 -0500] "POST /wp-admin/admin-ajax.php?action=async_litespeed&nonce=0NPSxhJcKUanlEdXlpwpfoOPeCJwxmIt&litespeed_type=imgoptm HTTP/1.1" 200 21 "-" "WordPress/6.7.1; https://misswavenigeria.com"
165.231.182.81 - - [22/Dec/2024:15:15:46 -0500] "POST /register/ HTTP/1.0" 200 76048 "https://misswavenigeria.com/register/" "Mozilla/5.0 (Windows NT 6.1; WOW64) AppleWebKit/537.36 (KHTML, like Gecko) Chrome/103.0.0.0 Safari/537.36"
66.29.132.124 - - [22/Dec/2024:15:17:03 -0500] "POST /wp-cron.php?doing_wp_cron=1734898623.5499930381774902343750 HTTP/1.1" 200 0 "-" "WordPress/6.7.1; https://misswavenigeria.com"
165.231.182.81 - - [22/Dec/2024:15:17:03 -0500] "GET /register/ HTTP/1.0" 200 75922 "https://misswavenigeria.com/" "Mozilla/5.0 (Windows NT 6.1; WOW64) AppleWebKit/537.36 (KHTML, like Gecko) Chrome/103.0.0.0 Safari/537.36"
66.29.132.124 - - [22/Dec/2024:15:17:03 -0500] "POST /wp-admin/admin-ajax.php?action=async_litespeed&nonce=BFzsIj8T05HVbRYzMuBmrjqALFw7RbQj&litespeed_type=imgoptm HTTP/1.1" 200 21 "-" "WordPress/6.7.1; https://misswavenigeria.com"
66.29.132.124 - - [22/Dec/2024:15:18:38 -0500] "POST /wp-cron.php?doing_wp_cron=1734898718.2964849472045898437500 HTTP/1.1" 200 0 "-" "WordPress/6.7.1; https://misswavenigeria.com"
165.231.182.81 - - [22/Dec/2024:15:18:35 -0500] "GET / HTTP/1.0" 200 109055 "https://misswavenigeria.com/" "Mozilla/5.0 (Windows NT 6.1; Win64; x64) AppleWebKit/537.36 (KHTML, like Gecko) Chrome/103.0.5060.114 Safari/537.36"
66.29.132.124 - - [22/Dec/2024:15:18:38 -0500] "POST /wp-admin/admin-ajax.php?action=async_litespeed&nonce=L1HmSTXFNJlLYzjSVJMROlKbT4lqv8rJ&litespeed_type=imgoptm HTTP/1.1" 200 21 "-" "WordPress/6.7.1; https://misswavenigeria.com"
165.231.182.81 - - [22/Dec/2024:15:18:40 -0500] "GET /register/ HTTP/1.0" 200 75922 "https://misswavenigeria.com/register/" "Mozilla/5.0 (Windows NT 6.1; Win64; x64) AppleWebKit/537.36 (KHTML, like Gecko) Chrome/103.0.5060.114 Safari/537.36"
165.231.182.81 - - [22/Dec/2024:15:18:42 -0500] "POST /register/ HTTP/1.0" 200 76048 "https://misswavenigeria.com/register/" "Mozilla/5.0 (Windows NT 6.1; Win64; x64) AppleWebKit/537.36 (KHTML, like Gecko) Chrome/103.0.5060.114 Safari/537.36"
66.29.132.124 - - [22/Dec/2024:15:19:51 -0500] "POST /wp-cron.php?doing_wp_cron=1734898791.7083339691162109375000 HTTP/1.1" 200 0 "-" "WordPress/6.7.1; https://misswavenigeria.com"
165.231.182.81 - - [22/Dec/2024:15:19:51 -0500] "GET /register/ HTTP/1.0" 200 75922 "https://misswavenigeria.com/" "Mozilla/5.0 (Windows NT 6.1; Win64; x64) AppleWebKit/537.36 (KHTML, like Gecko) Chrome/103.0.5060.114 Safari/537.36"
66.29.132.124 - - [22/Dec/2024:15:19:51 -0500] "POST /wp-admin/admin-ajax.php?action=async_litespeed&nonce=WG5CLLY8NUft9fkJd7o4YCxBH6Oo3xpK&litespeed_type=imgoptm HTTP/1.1" 200 21 "-" "WordPress/6.7.1; https://misswavenigeria.com"
66.29.132.124 - - [22/Dec/2024:15:21:33 -0500] "POST /wp-cron.php?doing_wp_cron=1734898893.4612939357757568359375 HTTP/1.1" 200 0 "-" "WordPress/6.7.1; https://misswavenigeria.com"
66.29.132.124 - - [22/Dec/2024:15:21:33 -0500] "POST /wp-admin/admin-ajax.php?action=async_litespeed&nonce=NGq3lJ145LSth7tKpqgVq7tdoWq8bFVt&litespeed_type=imgoptm HTTP/1.1" 200 21 "-" "WordPress/6.7.1; https://misswavenigeria.com"
165.231.182.81 - - [22/Dec/2024:15:21:30 -0500] "GET / HTTP/1.0" 200 109053 "https://misswavenigeria.com/" "Mozilla/5.0 (Windows NT 6.1; Win64; x64) AppleWebKit/537.36 (KHTML, like Gecko) Chrome/103.0.5060.114 Safari/537.36"
165.231.182.81 - - [22/Dec/2024:15:21:36 -0500] "GET /register/ HTTP/1.0" 200 75922 "https://misswavenigeria.com/register/" "Mozilla/5.0 (Windows NT 6.1; Win64; x64) AppleWebKit/537.36 (KHTML, like Gecko) Chrome/103.0.5060.114 Safari/537.36"
165.231.182.81 - - [22/Dec/2024:15:21:38 -0500] "POST /register/ HTTP/1.0" 200 76048 "https://misswavenigeria.com/register/" "Mozilla/5.0 (Windows NT 6.1; Win64; x64) AppleWebKit/537.36 (KHTML, like Gecko) Chrome/103.0.5060.114 Safari/537.36"
66.29.132.124 - - [22/Dec/2024:15:23:11 -0500] "POST /wp-cron.php?doing_wp_cron=1734898991.4730770587921142578125 HTTP/1.1" 200 0 "-" "WordPress/6.7.1; https://misswavenigeria.com"
165.231.182.81 - - [22/Dec/2024:15:23:11 -0500] "GET /register/ HTTP/1.0" 200 75922 "https://misswavenigeria.com/" "Mozilla/5.0 (Windows NT 6.1; Win64; x64) AppleWebKit/537.36 (KHTML, like Gecko) Chrome/103.0.5060.114 Safari/537.36"
66.29.132.124 - - [22/Dec/2024:15:23:11 -0500] "POST /wp-admin/admin-ajax.php?action=async_litespeed&nonce=RElNPLjac98k22BRgUQHSFxXSb4R7Ksf&litespeed_type=imgoptm HTTP/1.1" 200 21 "-" "WordPress/6.7.1; https://misswavenigeria.com"
66.29.132.124 - - [22/Dec/2024:15:24:27 -0500] "POST /wp-cron.php?doing_wp_cron=1734899067.7617220878601074218750 HTTP/1.1" 200 0 "-" "WordPress/6.7.1; https://misswavenigeria.com"
165.231.182.81 - - [22/Dec/2024:15:24:27 -0500] "GET / HTTP/1.0" 200 109053 "https://misswavenigeria.com/" "Mozilla/5.0 (Windows NT 10.0; Win64; x64) AppleWebKit/537.36 (KHTML, like Gecko) Chrome/103.0.0.0 Safari/537.36"
66.29.132.124 - - [22/Dec/2024:15:24:27 -0500] "POST /wp-admin/admin-ajax.php?action=async_litespeed&nonce=wvHFro2NzHjrNrtw5aXatkSn9uyXFMr2&litespeed_type=imgoptm HTTP/1.1" 200 21 "-" "WordPress/6.7.1; https://misswavenigeria.com"
165.231.182.81 - - [22/Dec/2024:15:24:30 -0500] "GET /register/ HTTP/1.0" 200 75922 "https://misswavenigeria.com/register/" "Mozilla/5.0 (Windows NT 10.0; Win64; x64) AppleWebKit/537.36 (KHTML, like Gecko) Chrome/103.0.0.0 Safari/537.36"
165.231.182.81 - - [22/Dec/2024:15:24:31 -0500] "POST /register/ HTTP/1.0" 200 76048 "https://misswavenigeria.com/register/" "Mozilla/5.0 (Windows NT 10.0; Win64; x64) AppleWebKit/537.36 (KHTML, like Gecko) Chrome/103.0.0.0 Safari/537.36"
66.29.132.124 - - [22/Dec/2024:15:26:24 -0500] "POST /wp-cron.php?doing_wp_cron=1734899184.1351768970489501953125 HTTP/1.1" 200 0 "-" "WordPress/6.7.1; https://misswavenigeria.com"
165.231.182.81 - - [22/Dec/2024:15:26:23 -0500] "GET /register/ HTTP/1.0" 200 75922 "https://misswavenigeria.com/" "Mozilla/5.0 (Windows NT 10.0; Win64; x64) AppleWebKit/537.36 (KHTML, like Gecko) Chrome/103.0.0.0 Safari/537.36"
66.29.132.124 - - [22/Dec/2024:15:26:24 -0500] "POST /wp-admin/admin-ajax.php?action=async_litespeed&nonce=i3UnFjfSYVSxNXWnkqIKTnjT7soFX2Hx&litespeed_type=imgoptm HTTP/1.1" 200 21 "-" "WordPress/6.7.1; https://misswavenigeria.com"
66.29.132.124 - - [22/Dec/2024:15:27:27 -0500] "POST /wp-cron.php?doing_wp_cron=1734899247.6650440692901611328125 HTTP/1.1" 200 0 "-" "WordPress/6.7.1; https://misswavenigeria.com"
165.231.182.81 - - [22/Dec/2024:15:27:27 -0500] "GET / HTTP/1.0" 200 109053 "https://misswavenigeria.com/" "Mozilla/5.0 (Windows NT 10.0; Win64; x64) AppleWebKit/537.36 (KHTML, like Gecko) Chrome/103.0.5060.134 Safari/537.36"
66.29.132.124 - - [22/Dec/2024:15:27:28 -0500] "POST /wp-admin/admin-ajax.php?action=async_litespeed&nonce=E5y6PHazdYZEXKcTMz40wRcnKJ9sh1N3&litespeed_type=imgoptm HTTP/1.1" 200 21 "-" "WordPress/6.7.1; https://misswavenigeria.com"
165.231.182.81 - - [22/Dec/2024:15:27:30 -0500] "GET /register/ HTTP/1.0" 200 75922 "https://misswavenigeria.com/register/" "Mozilla/5.0 (Windows NT 10.0; Win64; x64) AppleWebKit/537.36 (KHTML, like Gecko) Chrome/103.0.5060.134 Safari/537.36"
66.29.132.124 - - [22/Dec/2024:15:27:32 -0500] "POST /wp-cron.php?doing_wp_cron=1734899252.1376650333404541015625 HTTP/1.1" 200 0 "-" "WordPress/6.7.1; https://misswavenigeria.com"
66.29.132.124 - - [22/Dec/2024:15:27:32 -0500] "POST /wp-admin/admin-ajax.php?action=async_litespeed&nonce=PMVccJUH1QdpxhxWxEGUGuKeYoaH7Xu4&litespeed_type=imgoptm HTTP/1.1" 200 21 "-" "WordPress/6.7.1; https://misswavenigeria.com"
165.231.182.81 - - [22/Dec/2024:15:27:31 -0500] "POST /register/ HTTP/1.0" 200 76048 "https://misswavenigeria.com/register/" "Mozilla/5.0 (Windows NT 10.0; Win64; x64) AppleWebKit/537.36 (KHTML, like Gecko) Chrome/103.0.5060.134 Safari/537.36"
66.29.132.124 - - [22/Dec/2024:15:29:12 -0500] "POST /wp-cron.php?doing_wp_cron=1734899352.1296091079711914062500 HTTP/1.1" 200 0 "-" "WordPress/6.7.1; https://misswavenigeria.com"
165.231.182.81 - - [22/Dec/2024:15:29:11 -0500] "GET /register/ HTTP/1.0" 200 75922 "https://misswavenigeria.com/" "Mozilla/5.0 (Windows NT 10.0; Win64; x64) AppleWebKit/537.36 (KHTML, like Gecko) Chrome/103.0.5060.134 Safari/537.36"
66.29.132.124 - - [22/Dec/2024:15:29:12 -0500] "POST /wp-admin/admin-ajax.php?action=async_litespeed&nonce=y3x7zTwKA7a3Qv8dbHwIwGJRUY6elUWm&litespeed_type=imgoptm HTTP/1.1" 200 21 "-" "WordPress/6.7.1; https://misswavenigeria.com"
66.29.132.124 - - [22/Dec/2024:15:30:27 -0500] "POST /wp-cron.php?doing_wp_cron=1734899427.4315769672393798828125 HTTP/1.1" 200 0 "-" "WordPress/6.7.1; https://misswavenigeria.com"
165.231.182.81 - - [22/Dec/2024:15:30:27 -0500] "GET / HTTP/1.0" 200 109055 "https://misswavenigeria.com/" "Mozilla/5.0 (Windows NT 10.0; Win64; x64) AppleWebKit/537.36 (KHTML, like Gecko) Chrome/103.0.0.0 Safari/537.36 Herring/95.1.8810.11"
66.29.132.124 - - [22/Dec/2024:15:30:28 -0500] "POST /wp-admin/admin-ajax.php?action=async_litespeed&nonce=3RTfz1j77AQwG1MGr7hv7dS9NoU8NVjR&litespeed_type=imgoptm HTTP/1.1" 200 21 "-" "WordPress/6.7.1; https://misswavenigeria.com"
165.231.182.81 - - [22/Dec/2024:15:30:30 -0500] "GET /register/ HTTP/1.0" 200 75922 "https://misswavenigeria.com/register/" "Mozilla/5.0 (Windows NT 10.0; Win64; x64) AppleWebKit/537.36 (KHTML, like Gecko) Chrome/103.0.0.0 Safari/537.36 Herring/95.1.8810.11"
66.29.132.124 - - [22/Dec/2024:15:30:32 -0500] "POST /wp-cron.php?doing_wp_cron=1734899432.3905169963836669921875 HTTP/1.1" 200 0 "-" "WordPress/6.7.1; https://misswavenigeria.com"
66.29.132.124 - - [22/Dec/2024:15:30:32 -0500] "POST /wp-admin/admin-ajax.php?action=async_litespeed&nonce=z2J5591hjTuwrg9Qj5ubfw6DeVZ6YbpE&litespeed_type=imgoptm HTTP/1.1" 200 21 "-" "WordPress/6.7.1; https://misswavenigeria.com"
165.231.182.81 - - [22/Dec/2024:15:30:32 -0500] "POST /register/ HTTP/1.0" 200 76048 "https://misswavenigeria.com/register/" "Mozilla/5.0 (Windows NT 10.0; Win64; x64) AppleWebKit/537.36 (KHTML, like Gecko) Chrome/103.0.0.0 Safari/537.36 Herring/95.1.8810.11"
66.29.132.124 - - [22/Dec/2024:15:32:42 -0500] "POST /wp-cron.php?doing_wp_cron=1734899562.7360761165618896484375 HTTP/1.1" 200 0 "-" "WordPress/6.7.1; https://misswavenigeria.com"
165.231.182.81 - - [22/Dec/2024:15:32:42 -0500] "GET /register/ HTTP/1.0" 200 75922 "https://misswavenigeria.com/" "Mozilla/5.0 (Windows NT 10.0; Win64; x64) AppleWebKit/537.36 (KHTML, like Gecko) Chrome/103.0.0.0 Safari/537.36 Herring/95.1.8810.11"
66.29.132.124 - - [22/Dec/2024:15:32:43 -0500] "POST /wp-admin/admin-ajax.php?action=async_litespeed&nonce=N8MIJsYdJiK3SUUjwcuI011417dET0qL&litespeed_type=imgoptm HTTP/1.1" 200 21 "-" "WordPress/6.7.1; https://misswavenigeria.com"
165.231.182.81 - - [22/Dec/2024:15:33:20 -0500] "GET / HTTP/1.0" 200 109053 "https://misswavenigeria.com/" "Mozilla/5.0 (Windows NT 10.0; Win64; x64) AppleWebKit/537.36 (KHTML, like Gecko) Chrome/103.0.5060.134 Safari/537.36"
165.231.182.81 - - [22/Dec/2024:15:33:23 -0500] "GET /register/ HTTP/1.0" 200 75922 "https://misswavenigeria.com/register/" "Mozilla/5.0 (Windows NT 10.0; Win64; x64) AppleWebKit/537.36 (KHTML, like Gecko) Chrome/103.0.5060.134 Safari/537.36"
165.231.182.81 - - [22/Dec/2024:15:33:24 -0500] "POST /register/ HTTP/1.0" 200 76048 "https://misswavenigeria.com/register/" "Mozilla/5.0 (Windows NT 10.0; Win64; x64) AppleWebKit/537.36 (KHTML, like Gecko) Chrome/103.0.5060.134 Safari/537.36"
66.29.132.124 - - [22/Dec/2024:15:35:26 -0500] "POST /wp-cron.php?doing_wp_cron=1734899726.1255691051483154296875 HTTP/1.1" 200 0 "-" "WordPress/6.7.1; https://misswavenigeria.com"
165.231.182.81 - - [22/Dec/2024:15:35:25 -0500] "GET /register/ HTTP/1.0" 200 75922 "https://misswavenigeria.com/" "Mozilla/5.0 (Windows NT 10.0; Win64; x64) AppleWebKit/537.36 (KHTML, like Gecko) Chrome/103.0.5060.134 Safari/537.36"
66.29.132.124 - - [22/Dec/2024:15:35:26 -0500] "POST /wp-admin/admin-ajax.php?action=async_litespeed&nonce=PrilZ9mp9qZrVchJZEqTTF2afKDg336I&litespeed_type=imgoptm HTTP/1.1" 200 21 "-" "WordPress/6.7.1; https://misswavenigeria.com"
66.29.132.124 - - [22/Dec/2024:15:36:14 -0500] "POST /wp-cron.php?doing_wp_cron=1734899774.1322178840637207031250 HTTP/1.1" 200 0 "-" "WordPress/6.7.1; https://misswavenigeria.com"
165.231.182.81 - - [22/Dec/2024:15:36:13 -0500] "GET / HTTP/1.0" 200 109053 "https://misswavenigeria.com/" "Mozilla/5.0 (Windows NT 10.0; Win64; x64) AppleWebKit/537.36 (KHTML, like Gecko) Chrome/103.0.5060.66 Safari/537.36"
66.29.132.124 - - [22/Dec/2024:15:36:14 -0500] "POST /wp-admin/admin-ajax.php?action=async_litespeed&nonce=cAOhdN7XCXlP5VeoUAv2Y4T5Du4kZxww&litespeed_type=imgoptm HTTP/1.1" 200 21 "-" "WordPress/6.7.1; https://misswavenigeria.com"
165.231.182.81 - - [22/Dec/2024:15:36:16 -0500] "GET /register/ HTTP/1.0" 200 75922 "https://misswavenigeria.com/register/" "Mozilla/5.0 (Windows NT 10.0; Win64; x64) AppleWebKit/537.36 (KHTML, like Gecko) Chrome/103.0.5060.66 Safari/537.36"
165.231.182.81 - - [22/Dec/2024:15:36:18 -0500] "POST /register/ HTTP/1.0" 200 76048 "https://misswavenigeria.com/register/" "Mozilla/5.0 (Windows NT 10.0; Win64; x64) AppleWebKit/537.36 (KHTML, like Gecko) Chrome/103.0.5060.66 Safari/537.36"
66.29.132.124 - - [22/Dec/2024:15:37:51 -0500] "POST /wp-cron.php?doing_wp_cron=1734899871.2715749740600585937500 HTTP/1.1" 200 0 "-" "WordPress/6.7.1; https://misswavenigeria.com"
165.231.182.81 - - [22/Dec/2024:15:37:50 -0500] "GET /register/ HTTP/1.0" 200 75922 "https://misswavenigeria.com/" "Mozilla/5.0 (Windows NT 10.0; Win64; x64) AppleWebKit/537.36 (KHTML, like Gecko) Chrome/103.0.5060.66 Safari/537.36"
66.29.132.124 - - [22/Dec/2024:15:37:51 -0500] "POST /wp-admin/admin-ajax.php?action=async_litespeed&nonce=P1skRUL5o7Spo2pfxhlkjTLdh3wqT1Ts&litespeed_type=imgoptm HTTP/1.1" 200 21 "-" "WordPress/6.7.1; https://misswavenigeria.com"
66.29.132.124 - - [22/Dec/2024:15:39:07 -0500] "POST /wp-cron.php?doing_wp_cron=1734899947.0613050460815429687500 HTTP/1.1" 200 0 "-" "WordPress/6.7.1; https://misswavenigeria.com"
165.231.182.81 - - [22/Dec/2024:15:39:06 -0500] "GET / HTTP/1.0" 200 109055 "https://misswavenigeria.com/" "Mozilla/5.0 (Windows NT 10.0) AppleWebKit/537.36 (KHTML, like Gecko) Chrome/103.0.0.0 Safari/537.36"
66.29.132.124 - - [22/Dec/2024:15:39:07 -0500] "POST /wp-admin/admin-ajax.php?action=async_litespeed&nonce=9hyjdW5aBWN8F31KXLpWHQumnOsHYPaU&litespeed_type=imgoptm HTTP/1.1" 200 21 "-" "WordPress/6.7.1; https://misswavenigeria.com"
165.231.182.81 - - [22/Dec/2024:15:39:09 -0500] "GET /register/ HTTP/1.0" 200 75922 "https://misswavenigeria.com/register/" "Mozilla/5.0 (Windows NT 10.0) AppleWebKit/537.36 (KHTML, like Gecko) Chrome/103.0.0.0 Safari/537.36"
165.231.182.81 - - [22/Dec/2024:15:39:11 -0500] "POST /register/ HTTP/1.0" 200 76048 "https://misswavenigeria.com/register/" "Mozilla/5.0 (Windows NT 10.0) AppleWebKit/537.36 (KHTML, like Gecko) Chrome/103.0.0.0 Safari/537.36"
66.29.132.124 - - [22/Dec/2024:15:40:32 -0500] "POST /wp-cron.php?doing_wp_cron=1734900032.2285850048065185546875 HTTP/1.1" 200 0 "-" "WordPress/6.7.1; https://misswavenigeria.com"
165.231.182.81 - - [22/Dec/2024:15:40:32 -0500] "GET /register/ HTTP/1.0" 200 75922 "https://misswavenigeria.com/" "Mozilla/5.0 (Windows NT 10.0) AppleWebKit/537.36 (KHTML, like Gecko) Chrome/103.0.0.0 Safari/537.36"
66.29.132.124 - - [22/Dec/2024:15:40:32 -0500] "POST /wp-admin/admin-ajax.php?action=async_litespeed&nonce=oj2sAdgi9blNd6cLqA6fzWXdeN4xPFaA&litespeed_type=imgoptm HTTP/1.1" 200 21 "-" "WordPress/6.7.1; https://misswavenigeria.com"
66.29.132.124 - - [22/Dec/2024:15:42:06 -0500] "POST /wp-cron.php?doing_wp_cron=1734900126.0832359790802001953125 HTTP/1.1" 200 0 "-" "WordPress/6.7.1; https://misswavenigeria.com"
165.231.182.81 - - [22/Dec/2024:15:42:02 -0500] "GET / HTTP/1.0" 200 109053 "https://misswavenigeria.com/" "Mozilla/5.0 (Windows NT 6.1; Win64; x64) AppleWebKit/537.36 (KHTML, like Gecko) Chrome/103.0.0.0 Safari/537.36"
66.29.132.124 - - [22/Dec/2024:15:42:06 -0500] "POST /wp-admin/admin-ajax.php?action=async_litespeed&nonce=UyumybsCN1UTbXouz4xah4PHWYinljeR&litespeed_type=imgoptm HTTP/1.1" 200 21 "-" "WordPress/6.7.1; https://misswavenigeria.com"
165.231.182.81 - - [22/Dec/2024:15:42:08 -0500] "GET /register/ HTTP/1.0" 200 75922 "https://misswavenigeria.com/register/" "Mozilla/5.0 (Windows NT 6.1; Win64; x64) AppleWebKit/537.36 (KHTML, like Gecko) Chrome/103.0.0.0 Safari/537.36"
165.231.182.81 - - [22/Dec/2024:15:42:10 -0500] "POST /register/ HTTP/1.0" 200 76048 "https://misswavenigeria.com/register/" "Mozilla/5.0 (Windows NT 6.1; Win64; x64) AppleWebKit/537.36 (KHTML, like Gecko) Chrome/103.0.0.0 Safari/537.36"
66.29.132.124 - - [22/Dec/2024:15:43:39 -0500] "POST /wp-cron.php?doing_wp_cron=1734900219.0377349853515625000000 HTTP/1.1" 200 0 "-" "WordPress/6.7.1; https://misswavenigeria.com"
165.231.182.81 - - [22/Dec/2024:15:43:38 -0500] "GET /register/ HTTP/1.0" 200 75922 "https://misswavenigeria.com/" "Mozilla/5.0 (Windows NT 6.1; Win64; x64) AppleWebKit/537.36 (KHTML, like Gecko) Chrome/103.0.0.0 Safari/537.36"
66.29.132.124 - - [22/Dec/2024:15:43:39 -0500] "POST /wp-admin/admin-ajax.php?action=async_litespeed&nonce=tXDdjKOEyAlDBRSOHIJs25x3p7QD9CC5&litespeed_type=imgoptm HTTP/1.1" 200 21 "-" "WordPress/6.7.1; https://misswavenigeria.com"
66.29.132.124 - - [22/Dec/2024:15:44:58 -0500] "POST /wp-cron.php?doing_wp_cron=1734900298.6504619121551513671875 HTTP/1.1" 200 0 "-" "WordPress/6.7.1; https://misswavenigeria.com"
165.231.182.81 - - [22/Dec/2024:15:44:58 -0500] "GET / HTTP/1.0" 200 109055 "https://misswavenigeria.com/" "Mozilla/5.0 (Windows NT 10.0; Win64; x64) AppleWebKit/537.36 (KHTML, like Gecko) Chrome/103.0.5042.0 Safari/537.36"
66.29.132.124 - - [22/Dec/2024:15:44:58 -0500] "POST /wp-admin/admin-ajax.php?action=async_litespeed&nonce=yEcmENvZDHbtHr2ZADSUxXH3u8w4YEJB&litespeed_type=imgoptm HTTP/1.1" 200 21 "-" "WordPress/6.7.1; https://misswavenigeria.com"
165.231.182.81 - - [22/Dec/2024:15:45:00 -0500] "GET /register/ HTTP/1.0" 200 75922 "https://misswavenigeria.com/register/" "Mozilla/5.0 (Windows NT 10.0; Win64; x64) AppleWebKit/537.36 (KHTML, like Gecko) Chrome/103.0.5042.0 Safari/537.36"
165.231.182.81 - - [22/Dec/2024:15:45:02 -0500] "POST /register/ HTTP/1.0" 200 76048 "https://misswavenigeria.com/register/" "Mozilla/5.0 (Windows NT 10.0; Win64; x64) AppleWebKit/537.36 (KHTML, like Gecko) Chrome/103.0.5042.0 Safari/537.36"
66.29.132.124 - - [22/Dec/2024:15:46:34 -0500] "POST /wp-cron.php?doing_wp_cron=1734900394.7875189781188964843750 HTTP/1.1" 200 0 "-" "WordPress/6.7.1; https://misswavenigeria.com"
165.231.182.81 - - [22/Dec/2024:15:46:34 -0500] "GET /register/ HTTP/1.0" 200 75922 "https://misswavenigeria.com/" "Mozilla/5.0 (Windows NT 10.0; Win64; x64) AppleWebKit/537.36 (KHTML, like Gecko) Chrome/103.0.5042.0 Safari/537.36"
66.29.132.124 - - [22/Dec/2024:15:46:35 -0500] "POST /wp-admin/admin-ajax.php?action=async_litespeed&nonce=S5jBHLfXGjJJgHSf8GiYnBek2AgZfVpG&litespeed_type=imgoptm HTTP/1.1" 200 21 "-" "WordPress/6.7.1; https://misswavenigeria.com"
66.29.132.124 - - [22/Dec/2024:15:47:59 -0500] "POST /wp-cron.php?doing_wp_cron=1734900479.7046349048614501953125 HTTP/1.1" 200 0 "-" "WordPress/6.7.1; https://misswavenigeria.com"
165.231.182.81 - - [22/Dec/2024:15:47:57 -0500] "GET / HTTP/1.0" 200 109055 "https://misswavenigeria.com/" "Mozilla/5.0 (Windows NT 10.0; Win64; x64) AppleWebKit/537.36 (KHTML, like Gecko) Chrome/103.0.0.0 Safari/537.36 OpenWave/97.4.2043.44"
66.29.132.124 - - [22/Dec/2024:15:47:59 -0500] "POST /wp-admin/admin-ajax.php?action=async_litespeed&nonce=4krMQrOyVavn8hkxrEysGUw7prUdYBUE&litespeed_type=imgoptm HTTP/1.1" 200 21 "-" "WordPress/6.7.1; https://misswavenigeria.com"
165.231.182.81 - - [22/Dec/2024:15:48:02 -0500] "GET /register/ HTTP/1.0" 200 75922 "https://misswavenigeria.com/register/" "Mozilla/5.0 (Windows NT 10.0; Win64; x64) AppleWebKit/537.36 (KHTML, like Gecko) Chrome/103.0.0.0 Safari/537.36 OpenWave/97.4.2043.44"
165.231.182.81 - - [22/Dec/2024:15:48:04 -0500] "POST /register/ HTTP/1.0" 200 76048 "https://misswavenigeria.com/register/" "Mozilla/5.0 (Windows NT 10.0; Win64; x64) AppleWebKit/537.36 (KHTML, like Gecko) Chrome/103.0.0.0 Safari/537.36 OpenWave/97.4.2043.44"
66.29.132.124 - - [22/Dec/2024:15:49:21 -0500] "POST /wp-cron.php?doing_wp_cron=1734900561.8017029762268066406250 HTTP/1.1" 200 0 "-" "WordPress/6.7.1; https://misswavenigeria.com"
165.231.182.81 - - [22/Dec/2024:15:49:21 -0500] "GET /register/ HTTP/1.0" 200 75922 "https://misswavenigeria.com/" "Mozilla/5.0 (Windows NT 10.0; Win64; x64) AppleWebKit/537.36 (KHTML, like Gecko) Chrome/103.0.0.0 Safari/537.36 OpenWave/97.4.2043.44"
66.29.132.124 - - [22/Dec/2024:15:49:22 -0500] "POST /wp-admin/admin-ajax.php?action=async_litespeed&nonce=JMwfOf8Ob4QDWjgHPHLzJxV7tlmIm5bC&litespeed_type=imgoptm HTTP/1.1" 200 21 "-" "WordPress/6.7.1; https://misswavenigeria.com"
66.29.132.124 - - [22/Dec/2024:15:50:58 -0500] "POST /wp-cron.php?doing_wp_cron=1734900658.8843500614166259765625 HTTP/1.1" 200 0 "-" "WordPress/6.7.1; https://misswavenigeria.com"
165.231.182.81 - - [22/Dec/2024:15:50:54 -0500] "GET / HTTP/1.0" 200 109055 "https://misswavenigeria.com/" "Mozilla/5.0 (Windows NT 10.0; WOW64) AppleWebKit/537.36 (KHTML, like Gecko) Chrome/103.0.0.0 Safari/537.36"
66.29.132.124 - - [22/Dec/2024:15:51:00 -0500] "POST /wp-admin/admin-ajax.php?action=async_litespeed&nonce=nLeqBbCHGrfO0rLkLnpMR05DemMHU2nK&litespeed_type=imgoptm HTTP/1.1" 200 21 "-" "WordPress/6.7.1; https://misswavenigeria.com"
165.231.182.81 - - [22/Dec/2024:15:51:01 -0500] "GET /register/ HTTP/1.0" 200 75922 "https://misswavenigeria.com/register/" "Mozilla/5.0 (Windows NT 10.0; WOW64) AppleWebKit/537.36 (KHTML, like Gecko) Chrome/103.0.0.0 Safari/537.36"
165.231.182.81 - - [22/Dec/2024:15:51:03 -0500] "POST /register/ HTTP/1.0" 200 76048 "https://misswavenigeria.com/register/" "Mozilla/5.0 (Windows NT 10.0; WOW64) AppleWebKit/537.36 (KHTML, like Gecko) Chrome/103.0.0.0 Safari/537.36"
66.29.132.124 - - [22/Dec/2024:15:52:36 -0500] "POST /wp-cron.php?doing_wp_cron=1734900756.5577230453491210937500 HTTP/1.1" 200 0 "-" "WordPress/6.7.1; https://misswavenigeria.com"
165.231.182.81 - - [22/Dec/2024:15:52:36 -0500] "GET /register/ HTTP/1.0" 200 75922 "https://misswavenigeria.com/" "Mozilla/5.0 (Windows NT 10.0; WOW64) AppleWebKit/537.36 (KHTML, like Gecko) Chrome/103.0.0.0 Safari/537.36"
66.29.132.124 - - [22/Dec/2024:15:52:37 -0500] "POST /wp-admin/admin-ajax.php?action=async_litespeed&nonce=pisU5JadeNI6xzXpCzNOjcyrO5qctrdo&litespeed_type=imgoptm HTTP/1.1" 200 21 "-" "WordPress/6.7.1; https://misswavenigeria.com"
66.29.132.124 - - [22/Dec/2024:15:53:45 -0500] "POST /wp-cron.php?doing_wp_cron=1734900825.6707749366760253906250 HTTP/1.1" 200 0 "-" "WordPress/6.7.1; https://misswavenigeria.com"
165.231.182.81 - - [22/Dec/2024:15:53:45 -0500] "GET / HTTP/1.0" 200 109053 "https://misswavenigeria.com/" "Mozilla/5.0 (Windows NT 6.1) AppleWebKit/537.36 (KHTML, like Gecko) Chrome/103.0.5060.114 Safari/537.36"
66.29.132.124 - - [22/Dec/2024:15:53:46 -0500] "POST /wp-admin/admin-ajax.php?action=async_litespeed&nonce=8cdLcIo5ro1sGkvZcvPXbtcG6Wk4LwGi&litespeed_type=imgoptm HTTP/1.1" 200 21 "-" "WordPress/6.7.1; https://misswavenigeria.com"
165.231.182.81 - - [22/Dec/2024:15:53:50 -0500] "GET /register/ HTTP/1.0" 200 75922 "https://misswavenigeria.com/register/" "Mozilla/5.0 (Windows NT 6.1) AppleWebKit/537.36 (KHTML, like Gecko) Chrome/103.0.5060.114 Safari/537.36"
165.231.182.81 - - [22/Dec/2024:15:53:51 -0500] "POST /register/ HTTP/1.0" 200 76048 "https://misswavenigeria.com/register/" "Mozilla/5.0 (Windows NT 6.1) AppleWebKit/537.36 (KHTML, like Gecko) Chrome/103.0.5060.114 Safari/537.36"
66.29.132.124 - - [22/Dec/2024:15:56:23 -0500] "POST /wp-cron.php?doing_wp_cron=1734900983.7196550369262695312500 HTTP/1.1" 200 0 "-" "WordPress/6.7.1; https://misswavenigeria.com"
165.231.182.81 - - [22/Dec/2024:15:56:22 -0500] "GET /register/ HTTP/1.0" 200 75922 "https://misswavenigeria.com/" "Mozilla/5.0 (Windows NT 6.1) AppleWebKit/537.36 (KHTML, like Gecko) Chrome/103.0.5060.114 Safari/537.36"
66.29.132.124 - - [22/Dec/2024:15:56:25 -0500] "POST /wp-admin/admin-ajax.php?action=async_litespeed&nonce=qI90C6ezAkjMmkvKpoyL0UAub5QAEnNN&litespeed_type=imgoptm HTTP/1.1" 200 0 "-" "WordPress/6.7.1; https://misswavenigeria.com"
66.29.132.124 - - [22/Dec/2024:15:56:37 -0500] "POST /wp-cron.php?doing_wp_cron=1734900997.0478680133819580078125 HTTP/1.1" 200 0 "-" "WordPress/6.7.1; https://misswavenigeria.com"
165.231.182.81 - - [22/Dec/2024:15:56:35 -0500] "GET / HTTP/1.0" 200 109053 "https://misswavenigeria.com/" "Mozilla/5.0 (Windows NT 6.1; Win64; x64) AppleWebKit/537.36 (KHTML, like Gecko) Chrome/103.0.0.0 Safari/537.36"
66.29.132.124 - - [22/Dec/2024:15:56:39 -0500] "POST /wp-admin/admin-ajax.php?action=async_litespeed&nonce=DWlg8dGBqzp6wxw1s36KSuzNZCsS8kU4&litespeed_type=imgoptm HTTP/1.1" 200 21 "-" "WordPress/6.7.1; https://misswavenigeria.com"
165.231.182.81 - - [22/Dec/2024:15:56:42 -0500] "GET /register/ HTTP/1.0" 200 75922 "https://misswavenigeria.com/register/" "Mozilla/5.0 (Windows NT 6.1; Win64; x64) AppleWebKit/537.36 (KHTML, like Gecko) Chrome/103.0.0.0 Safari/537.36"
165.231.182.81 - - [22/Dec/2024:15:56:43 -0500] "POST /register/ HTTP/1.0" 200 76048 "https://misswavenigeria.com/register/" "Mozilla/5.0 (Windows NT 6.1; Win64; x64) AppleWebKit/537.36 (KHTML, like Gecko) Chrome/103.0.0.0 Safari/537.36"
66.29.132.124 - - [22/Dec/2024:15:58:52 -0500] "POST /wp-cron.php?doing_wp_cron=1734901132.8011960983276367187500 HTTP/1.1" 200 0 "-" "WordPress/6.7.1; https://misswavenigeria.com"
165.231.182.81 - - [22/Dec/2024:15:58:52 -0500] "GET /register/ HTTP/1.0" 200 75922 "https://misswavenigeria.com/" "Mozilla/5.0 (Windows NT 6.1; Win64; x64) AppleWebKit/537.36 (KHTML, like Gecko) Chrome/103.0.0.0 Safari/537.36"
66.29.132.124 - - [22/Dec/2024:15:58:53 -0500] "POST /wp-admin/admin-ajax.php?action=async_litespeed&nonce=abCth3rOJVH6QBrG3mLIfJgmtiDPVDoK&litespeed_type=imgoptm HTTP/1.1" 200 21 "-" "WordPress/6.7.1; https://misswavenigeria.com"
66.249.79.132 - - [22/Dec/2024:15:59:19 -0500] "GET /robots.txt HTTP/1.1" 200 99 "-" "Mozilla/5.0 (compatible; Googlebot/2.1; +http://www.google.com/bot.html)"
66.249.79.132 - - [22/Dec/2024:15:59:19 -0500] "GET /goods/272010.html HTTP/1.1" 404 15611 "-" "Mozilla/5.0 (Linux; Android 6.0.1; Nexus 5X Build/MMB29P) AppleWebKit/537.36 (KHTML, like Gecko) Chrome/131.0.6778.139 Mobile Safari/537.36 (compatible; Googlebot/2.1; +http://www.google.com/bot.html)"
66.29.132.124 - - [22/Dec/2024:15:59:30 -0500] "POST /wp-cron.php?doing_wp_cron=1734901170.4826030731201171875000 HTTP/1.1" 200 0 "-" "WordPress/6.7.1; https://misswavenigeria.com"
165.231.182.81 - - [22/Dec/2024:15:59:30 -0500] "GET / HTTP/1.0" 200 109053 "https://misswavenigeria.com/" "Mozilla/5.0 (Windows NT 6.3; WOW64) AppleWebKit/537.36 (KHTML, like Gecko) Chrome/103.0.5060.114 Safari/537.36"
165.231.182.81 - - [22/Dec/2024:15:59:33 -0500] "GET /register/ HTTP/1.0" 200 75922 "https://misswavenigeria.com/register/" "Mozilla/5.0 (Windows NT 6.3; WOW64) AppleWebKit/537.36 (KHTML, like Gecko) Chrome/103.0.5060.114 Safari/537.36"
66.29.132.124 - - [22/Dec/2024:15:59:35 -0500] "POST /wp-cron.php?doing_wp_cron=1734901175.0832788944244384765625 HTTP/1.1" 200 0 "-" "WordPress/6.7.1; https://misswavenigeria.com"
66.29.132.124 - - [22/Dec/2024:15:59:35 -0500] "POST /wp-admin/admin-ajax.php?action=async_litespeed&nonce=tFIy96aJoVOyYEGl435orObaNQunNbdk&litespeed_type=imgoptm HTTP/1.1" 200 21 "-" "WordPress/6.7.1; https://misswavenigeria.com"
165.231.182.81 - - [22/Dec/2024:15:59:34 -0500] "POST /register/ HTTP/1.0" 200 76048 "https://misswavenigeria.com/register/" "Mozilla/5.0 (Windows NT 6.3; WOW64) AppleWebKit/537.36 (KHTML, like Gecko) Chrome/103.0.5060.114 Safari/537.36"
66.29.132.124 - - [22/Dec/2024:16:02:03 -0500] "POST /wp-cron.php?doing_wp_cron=1734901323.8640310764312744140625 HTTP/1.1" 200 0 "-" "WordPress/6.7.1; https://misswavenigeria.com"
165.231.182.81 - - [22/Dec/2024:16:02:02 -0500] "GET /register/ HTTP/1.0" 200 75922 "https://misswavenigeria.com/" "Mozilla/5.0 (Windows NT 6.3; WOW64) AppleWebKit/537.36 (KHTML, like Gecko) Chrome/103.0.5060.114 Safari/537.36"
66.29.132.124 - - [22/Dec/2024:16:02:04 -0500] "POST /wp-admin/admin-ajax.php?action=async_litespeed&nonce=EkRioA8PoEoc9XcfKPNMlRCcA0JY8tJe&litespeed_type=imgoptm HTTP/1.1" 200 21 "-" "WordPress/6.7.1; https://misswavenigeria.com"
66.29.132.124 - - [22/Dec/2024:16:02:29 -0500] "POST /wp-cron.php?doing_wp_cron=1734901349.9566729068756103515625 HTTP/1.1" 200 0 "-" "WordPress/6.7.1; https://misswavenigeria.com"
165.231.182.81 - - [22/Dec/2024:16:02:29 -0500] "GET / HTTP/1.0" 200 109055 "https://misswavenigeria.com/" "Mozilla/5.0 (Windows NT 10.0; Win64; x64) AppleWebKit/537.36 (KHTML, like Gecko) Chrome/103.0.5060.114 Safari/537.36"
165.231.182.81 - - [22/Dec/2024:16:02:32 -0500] "GET /register/ HTTP/1.0" 200 75922 "https://misswavenigeria.com/register/" "Mozilla/5.0 (Windows NT 10.0; Win64; x64) AppleWebKit/537.36 (KHTML, like Gecko) Chrome/103.0.5060.114 Safari/537.36"
66.29.132.124 - - [22/Dec/2024:16:02:34 -0500] "POST /wp-cron.php?doing_wp_cron=1734901354.8680839538574218750000 HTTP/1.1" 200 0 "-" "WordPress/6.7.1; https://misswavenigeria.com"
66.29.132.124 - - [22/Dec/2024:16:02:35 -0500] "POST /wp-admin/admin-ajax.php?action=async_litespeed&nonce=8hAYACOC4xiNR9qU5mth99twsiDNA1oS&litespeed_type=imgoptm HTTP/1.1" 200 21 "-" "WordPress/6.7.1; https://misswavenigeria.com"
66.29.132.124 - - [22/Dec/2024:16:03:43 -0500] "POST /wp-cron.php?doing_wp_cron=1734901423.9206619262695312500000 HTTP/1.1" 200 0 "-" "WordPress/6.7.1; https://misswavenigeria.com"
66.249.79.106 - - [22/Dec/2024:16:03:42 -0500] "GET /goods/J279925?k=product HTTP/1.1" 301 0 "-" "Mozilla/5.0 (Linux; Android 6.0.1; Nexus 5X Build/MMB29P) AppleWebKit/537.36 (KHTML, like Gecko) Chrome/131.0.6778.139 Mobile Safari/537.36 (compatible; Googlebot/2.1; +http://www.google.com/bot.html)"
66.249.79.132 - - [22/Dec/2024:16:03:44 -0500] "GET /goods/J279925?k=product HTTP/1.1" 404 15610 "-" "Mozilla/5.0 (Linux; Android 6.0.1; Nexus 5X Build/MMB29P) AppleWebKit/537.36 (KHTML, like Gecko) Chrome/131.0.6778.139 Mobile Safari/537.36 (compatible; Googlebot/2.1; +http://www.google.com/bot.html)"
66.29.132.124 - - [22/Dec/2024:16:03:45 -0500] "POST /wp-admin/admin-ajax.php?action=async_litespeed&nonce=YlE0sYcCGl3DYWYY5WFWo2jjTkeI3HXL&litespeed_type=imgoptm HTTP/1.1" 200 21 "-" "WordPress/6.7.1; https://misswavenigeria.com"
165.231.182.81 - - [22/Dec/2024:16:02:34 -0500] "POST /register/ HTTP/1.0" 200 76048 "https://misswavenigeria.com/register/" "Mozilla/5.0 (Windows NT 10.0; Win64; x64) AppleWebKit/537.36 (KHTML, like Gecko) Chrome/103.0.5060.114 Safari/537.36"
66.29.132.124 - - [22/Dec/2024:16:04:47 -0500] "POST /wp-cron.php?doing_wp_cron=1734901487.5663490295410156250000 HTTP/1.1" 200 0 "-" "WordPress/6.7.1; https://misswavenigeria.com"
165.231.182.81 - - [22/Dec/2024:16:04:47 -0500] "GET /register/ HTTP/1.0" 200 75922 "https://misswavenigeria.com/" "Mozilla/5.0 (Windows NT 10.0; Win64; x64) AppleWebKit/537.36 (KHTML, like Gecko) Chrome/103.0.5060.114 Safari/537.36"
66.29.132.124 - - [22/Dec/2024:16:04:47 -0500] "POST /wp-admin/admin-ajax.php?action=async_litespeed&nonce=461pGHB8EMtMggZYrvCZA3Uw92GkHR0m&litespeed_type=imgoptm HTTP/1.1" 200 21 "-" "WordPress/6.7.1; https://misswavenigeria.com"
66.29.132.124 - - [22/Dec/2024:16:05:27 -0500] "POST /wp-cron.php?doing_wp_cron=1734901527.3546578884124755859375 HTTP/1.1" 200 0 "-" "WordPress/6.7.1; https://misswavenigeria.com"
165.231.182.81 - - [22/Dec/2024:16:05:27 -0500] "GET / HTTP/1.0" 200 109055 "https://misswavenigeria.com/" "Mozilla/5.0 (Windows NT 6.1) AppleWebKit/537.36 (KHTML, like Gecko) Chrome/103.0.5060.114 Safari/537.36"
165.231.182.81 - - [22/Dec/2024:16:05:29 -0500] "GET /register/ HTTP/1.0" 200 75922 "https://misswavenigeria.com/register/" "Mozilla/5.0 (Windows NT 6.1) AppleWebKit/537.36 (KHTML, like Gecko) Chrome/103.0.5060.114 Safari/537.36"
66.29.132.124 - - [22/Dec/2024:16:06:05 -0500] "POST /wp-cron.php?doing_wp_cron=1734901565.4761829376220703125000 HTTP/1.1" 200 0 "-" "WordPress/6.7.1; https://misswavenigeria.com"
66.249.79.131 - - [22/Dec/2024:16:06:05 -0500] "GET /goods/405958.html HTTP/1.1" 404 15611 "-" "Mozilla/5.0 (Linux; Android 6.0.1; Nexus 5X Build/MMB29P) AppleWebKit/537.36 (KHTML, like Gecko) Chrome/131.0.6778.139 Mobile Safari/537.36 (compatible; Googlebot/2.1; +http://www.google.com/bot.html)"
66.29.132.124 - - [22/Dec/2024:16:06:05 -0500] "POST /wp-admin/admin-ajax.php?action=async_litespeed&nonce=fNxRdHFN50JcGLvC372yQokNtJuZ1TmM&litespeed_type=imgoptm HTTP/1.1" 200 21 "-" "WordPress/6.7.1; https://misswavenigeria.com"
165.231.182.81 - - [22/Dec/2024:16:05:31 -0500] "POST /register/ HTTP/1.0" 200 76048 "https://misswavenigeria.com/register/" "Mozilla/5.0 (Windows NT 6.1) AppleWebKit/537.36 (KHTML, like Gecko) Chrome/103.0.5060.114 Safari/537.36"
66.29.132.124 - - [22/Dec/2024:16:06:54 -0500] "POST /wp-cron.php?doing_wp_cron=1734901614.0076739788055419921875 HTTP/1.1" 200 0 "-" "WordPress/6.7.1; https://misswavenigeria.com"
165.231.182.81 - - [22/Dec/2024:16:06:53 -0500] "GET /register/ HTTP/1.0" 200 75922 "https://misswavenigeria.com/" "Mozilla/5.0 (Windows NT 6.1) AppleWebKit/537.36 (KHTML, like Gecko) Chrome/103.0.5060.114 Safari/537.36"
66.29.132.124 - - [22/Dec/2024:16:06:54 -0500] "POST /wp-admin/admin-ajax.php?action=async_litespeed&nonce=91bQivBN1LeX2y0m9vEdiZZFtNsVpzSi&litespeed_type=imgoptm HTTP/1.1" 200 21 "-" "WordPress/6.7.1; https://misswavenigeria.com"
66.29.132.124 - - [22/Dec/2024:16:08:25 -0500] "POST /wp-cron.php?doing_wp_cron=1734901705.7805230617523193359375 HTTP/1.1" 200 0 "-" "WordPress/6.7.1; https://misswavenigeria.com"
165.231.182.81 - - [22/Dec/2024:16:08:22 -0500] "GET / HTTP/1.0" 200 109055 "https://misswavenigeria.com/" "Mozilla/5.0 (Windows NT 10.0) AppleWebKit/537.36 (KHTML, like Gecko) Chrome/103.0.0.0 Safari/537.36"
66.29.132.124 - - [22/Dec/2024:16:08:26 -0500] "POST /wp-admin/admin-ajax.php?action=async_litespeed&nonce=X3AMNuNUaOGWxgxMr8BX0mhXyvUOZuFd&litespeed_type=imgoptm HTTP/1.1" 200 21 "-" "WordPress/6.7.1; https://misswavenigeria.com"
165.231.182.81 - - [22/Dec/2024:16:08:28 -0500] "GET /register/ HTTP/1.0" 200 75922 "https://misswavenigeria.com/register/" "Mozilla/5.0 (Windows NT 10.0) AppleWebKit/537.36 (KHTML, like Gecko) Chrome/103.0.0.0 Safari/537.36"
165.231.182.81 - - [22/Dec/2024:16:08:30 -0500] "POST /register/ HTTP/1.0" 200 76048 "https://misswavenigeria.com/register/" "Mozilla/5.0 (Windows NT 10.0) AppleWebKit/537.36 (KHTML, like Gecko) Chrome/103.0.0.0 Safari/537.36"
66.29.132.124 - - [22/Dec/2024:16:09:34 -0500] "POST /wp-cron.php?doing_wp_cron=1734901774.2643969058990478515625 HTTP/1.1" 200 0 "-" "WordPress/6.7.1; https://misswavenigeria.com"
165.231.182.81 - - [22/Dec/2024:16:09:34 -0500] "GET /register/ HTTP/1.0" 200 75922 "https://misswavenigeria.com/" "Mozilla/5.0 (Windows NT 10.0) AppleWebKit/537.36 (KHTML, like Gecko) Chrome/103.0.0.0 Safari/537.36"
66.29.132.124 - - [22/Dec/2024:16:09:34 -0500] "POST /wp-admin/admin-ajax.php?action=async_litespeed&nonce=e37fDmkwjzW05FpOQmHQnZ0N1Zv11Zv8&litespeed_type=imgoptm HTTP/1.1" 200 21 "-" "WordPress/6.7.1; https://misswavenigeria.com"
66.29.132.124 - - [22/Dec/2024:16:11:22 -0500] "POST /wp-cron.php?doing_wp_cron=1734901882.7697629928588867187500 HTTP/1.1" 200 0 "-" "WordPress/6.7.1; https://misswavenigeria.com"
165.231.182.81 - - [22/Dec/2024:16:11:20 -0500] "GET / HTTP/1.0" 200 109053 "https://misswavenigeria.com/" "Mozilla/5.0 (Windows NT 10.0; WOW64) AppleWebKit/537.36 (KHTML, like Gecko) Chrome/103.0.5060.114 Safari/537.36"
66.29.132.124 - - [22/Dec/2024:16:11:23 -0500] "POST /wp-admin/admin-ajax.php?action=async_litespeed&nonce=EjSkkumCbmvljOB1YPnQi9SzctDXjpIX&litespeed_type=imgoptm HTTP/1.1" 200 0 "-" "WordPress/6.7.1; https://misswavenigeria.com"
165.231.182.81 - - [22/Dec/2024:16:11:25 -0500] "GET /register/ HTTP/1.0" 200 75922 "https://misswavenigeria.com/register/" "Mozilla/5.0 (Windows NT 10.0; WOW64) AppleWebKit/537.36 (KHTML, like Gecko) Chrome/103.0.5060.114 Safari/537.36"
66.29.132.124 - - [22/Dec/2024:16:11:27 -0500] "POST /wp-cron.php?doing_wp_cron=1734901887.7032489776611328125000 HTTP/1.1" 200 0 "-" "WordPress/6.7.1; https://misswavenigeria.com"
165.231.182.81 - - [22/Dec/2024:16:11:27 -0500] "POST /register/ HTTP/1.0" 200 76048 "https://misswavenigeria.com/register/" "Mozilla/5.0 (Windows NT 10.0; WOW64) AppleWebKit/537.36 (KHTML, like Gecko) Chrome/103.0.5060.114 Safari/537.36"
66.29.132.124 - - [22/Dec/2024:16:12:49 -0500] "POST /wp-cron.php?doing_wp_cron=1734901969.4011681079864501953125 HTTP/1.1" 200 0 "-" "WordPress/6.7.1; https://misswavenigeria.com"
165.231.182.81 - - [22/Dec/2024:16:12:49 -0500] "GET /register/ HTTP/1.0" 200 75922 "https://misswavenigeria.com/" "Mozilla/5.0 (Windows NT 10.0; WOW64) AppleWebKit/537.36 (KHTML, like Gecko) Chrome/103.0.5060.114 Safari/537.36"
66.29.132.124 - - [22/Dec/2024:16:12:49 -0500] "POST /wp-admin/admin-ajax.php?action=async_litespeed&nonce=DgPvidFV9sozYQnYYzl3mw9wEmIVAuom&litespeed_type=imgoptm HTTP/1.1" 200 21 "-" "WordPress/6.7.1; https://misswavenigeria.com"
66.29.132.124 - - [22/Dec/2024:16:14:17 -0500] "POST /wp-cron.php?doing_wp_cron=1734902057.5197749137878417968750 HTTP/1.1" 200 0 "-" "WordPress/6.7.1; https://misswavenigeria.com"
165.231.182.81 - - [22/Dec/2024:16:14:13 -0500] "GET / HTTP/1.0" 200 109055 "https://misswavenigeria.com/" "Mozilla/5.0 (Windows NT 6.1; WOW64) AppleWebKit/537.36 (KHTML, like Gecko) Chrome/103.0.0.0 Safari/537.36"
66.29.132.124 - - [22/Dec/2024:16:14:18 -0500] "POST /wp-admin/admin-ajax.php?action=async_litespeed&nonce=C1Z814L3sT2w8zHyze1em9YYxyUsep0f&litespeed_type=imgoptm HTTP/1.1" 200 21 "-" "WordPress/6.7.1; https://misswavenigeria.com"
165.231.182.81 - - [22/Dec/2024:16:14:20 -0500] "GET /register/ HTTP/1.0" 200 75922 "https://misswavenigeria.com/register/" "Mozilla/5.0 (Windows NT 6.1; WOW64) AppleWebKit/537.36 (KHTML, like Gecko) Chrome/103.0.0.0 Safari/537.36"
165.231.182.81 - - [22/Dec/2024:16:14:23 -0500] "POST /register/ HTTP/1.0" 200 76048 "https://misswavenigeria.com/register/" "Mozilla/5.0 (Windows NT 6.1; WOW64) AppleWebKit/537.36 (KHTML, like Gecko) Chrome/103.0.0.0 Safari/537.36"
66.29.132.124 - - [22/Dec/2024:16:15:53 -0500] "POST /wp-cron.php?doing_wp_cron=1734902153.8708739280700683593750 HTTP/1.1" 200 0 "-" "WordPress/6.7.1; https://misswavenigeria.com"
165.231.182.81 - - [22/Dec/2024:16:15:53 -0500] "GET /register/ HTTP/1.0" 200 75922 "https://misswavenigeria.com/" "Mozilla/5.0 (Windows NT 6.1; WOW64) AppleWebKit/537.36 (KHTML, like Gecko) Chrome/103.0.0.0 Safari/537.36"
66.29.132.124 - - [22/Dec/2024:16:15:54 -0500] "POST /wp-admin/admin-ajax.php?action=async_litespeed&nonce=tqyzqvI4b870oVx8q1VCLR5zEBNmqIDE&litespeed_type=imgoptm HTTP/1.1" 200 21 "-" "WordPress/6.7.1; https://misswavenigeria.com"
66.29.132.124 - - [22/Dec/2024:16:17:11 -0500] "POST /wp-cron.php?doing_wp_cron=1734902231.2105269432067871093750 HTTP/1.1" 200 0 "-" "WordPress/6.7.1; https://misswavenigeria.com"
165.231.182.81 - - [22/Dec/2024:16:17:11 -0500] "GET / HTTP/1.0" 200 109053 "https://misswavenigeria.com/" "Mozilla/5.0 (Windows NT 10.0; Win64; x64) AppleWebKit/537.36 (KHTML, like Gecko) Chrome/103.0.5042.0 Safari/537.36"
66.29.132.124 - - [22/Dec/2024:16:17:11 -0500] "POST /wp-admin/admin-ajax.php?action=async_litespeed&nonce=it1VKa9cq2f7mMEXFdvI0kXbiAin7pqf&litespeed_type=imgoptm HTTP/1.1" 200 21 "-" "WordPress/6.7.1; https://misswavenigeria.com"
165.231.182.81 - - [22/Dec/2024:16:17:14 -0500] "GET /register/ HTTP/1.0" 200 75922 "https://misswavenigeria.com/register/" "Mozilla/5.0 (Windows NT 10.0; Win64; x64) AppleWebKit/537.36 (KHTML, like Gecko) Chrome/103.0.5042.0 Safari/537.36"
165.231.182.81 - - [22/Dec/2024:16:17:15 -0500] "POST /register/ HTTP/1.0" 200 76048 "https://misswavenigeria.com/register/" "Mozilla/5.0 (Windows NT 10.0; Win64; x64) AppleWebKit/537.36 (KHTML, like Gecko) Chrome/103.0.5042.0 Safari/537.36"
66.29.132.124 - - [22/Dec/2024:16:18:37 -0500] "POST /wp-cron.php?doing_wp_cron=1734902317.2712850570678710937500 HTTP/1.1" 200 0 "-" "WordPress/6.7.1; https://misswavenigeria.com"
165.231.182.81 - - [22/Dec/2024:16:18:37 -0500] "GET /register/ HTTP/1.0" 200 75922 "https://misswavenigeria.com/" "Mozilla/5.0 (Windows NT 10.0; Win64; x64) AppleWebKit/537.36 (KHTML, like Gecko) Chrome/103.0.5042.0 Safari/537.36"
66.29.132.124 - - [22/Dec/2024:16:18:37 -0500] "POST /wp-admin/admin-ajax.php?action=async_litespeed&nonce=h2DEtz8XrnmT9HuyNmoHT16DlseJWeYg&litespeed_type=imgoptm HTTP/1.1" 200 21 "-" "WordPress/6.7.1; https://misswavenigeria.com"
66.29.132.124 - - [22/Dec/2024:16:20:08 -0500] "POST /wp-cron.php?doing_wp_cron=1734902408.3892159461975097656250 HTTP/1.1" 200 0 "-" "WordPress/6.7.1; https://misswavenigeria.com"
165.231.182.81 - - [22/Dec/2024:16:20:03 -0500] "GET / HTTP/1.0" 200 109055 "https://misswavenigeria.com/" "Mozilla/5.0 (Windows NT 10.0; Win64; x64) AppleWebKit/537.36 (KHTML, like Gecko) Chrome/103.0.5060.134 Safari/537.36"
66.29.132.124 - - [22/Dec/2024:16:20:09 -0500] "POST /wp-admin/admin-ajax.php?action=async_litespeed&nonce=EUj6IuD4wUjfRrnriPLWRJCZyPcGz20h&litespeed_type=imgoptm HTTP/1.1" 200 21 "-" "WordPress/6.7.1; https://misswavenigeria.com"
165.231.182.81 - - [22/Dec/2024:16:20:12 -0500] "GET /register/ HTTP/1.0" 200 75922 "https://misswavenigeria.com/register/" "Mozilla/5.0 (Windows NT 10.0; Win64; x64) AppleWebKit/537.36 (KHTML, like Gecko) Chrome/103.0.5060.134 Safari/537.36"
165.231.182.81 - - [22/Dec/2024:16:20:14 -0500] "POST /register/ HTTP/1.0" 200 76048 "https://misswavenigeria.com/register/" "Mozilla/5.0 (Windows NT 10.0; Win64; x64) AppleWebKit/537.36 (KHTML, like Gecko) Chrome/103.0.5060.134 Safari/537.36"
66.29.132.124 - - [22/Dec/2024:16:22:18 -0500] "POST /wp-cron.php?doing_wp_cron=1734902538.5249109268188476562500 HTTP/1.1" 200 0 "-" "WordPress/6.7.1; https://misswavenigeria.com"
165.231.182.81 - - [22/Dec/2024:16:22:18 -0500] "GET /register/ HTTP/1.0" 200 75922 "https://misswavenigeria.com/" "Mozilla/5.0 (Windows NT 10.0; Win64; x64) AppleWebKit/537.36 (KHTML, like Gecko) Chrome/103.0.5060.134 Safari/537.36"
66.29.132.124 - - [22/Dec/2024:16:22:18 -0500] "POST /wp-admin/admin-ajax.php?action=async_litespeed&nonce=pkABSkRloue82RVr6Z1jbnmLO97ZR0JU&litespeed_type=imgoptm HTTP/1.1" 200 21 "-" "WordPress/6.7.1; https://misswavenigeria.com"
66.29.132.124 - - [22/Dec/2024:16:22:57 -0500] "POST /wp-cron.php?doing_wp_cron=1734902577.2002460956573486328125 HTTP/1.1" 200 0 "-" "WordPress/6.7.1; https://misswavenigeria.com"
165.231.182.81 - - [22/Dec/2024:16:22:56 -0500] "GET / HTTP/1.0" 200 109055 "https://misswavenigeria.com/" "Mozilla/5.0 (Windows NT 10.0; WOW64) AppleWebKit/537.36 (KHTML, like Gecko) Chrome/103.0.0.0 Safari/537.36"
66.29.132.124 - - [22/Dec/2024:16:22:57 -0500] "POST /wp-admin/admin-ajax.php?action=async_litespeed&nonce=ivKIZmxX7RxkwiZOqLk4Sk8iT2tAEils&litespeed_type=imgoptm HTTP/1.1" 200 21 "-" "WordPress/6.7.1; https://misswavenigeria.com"
165.231.182.81 - - [22/Dec/2024:16:22:59 -0500] "GET /register/ HTTP/1.0" 200 75922 "https://misswavenigeria.com/register/" "Mozilla/5.0 (Windows NT 10.0; WOW64) AppleWebKit/537.36 (KHTML, like Gecko) Chrome/103.0.0.0 Safari/537.36"
165.231.182.81 - - [22/Dec/2024:16:23:01 -0500] "POST /register/ HTTP/1.0" 200 76048 "https://misswavenigeria.com/register/" "Mozilla/5.0 (Windows NT 10.0; WOW64) AppleWebKit/537.36 (KHTML, like Gecko) Chrome/103.0.0.0 Safari/537.36"
66.29.132.124 - - [22/Dec/2024:16:24:52 -0500] "POST /wp-cron.php?doing_wp_cron=1734902692.5852549076080322265625 HTTP/1.1" 200 0 "-" "WordPress/6.7.1; https://misswavenigeria.com"
165.231.182.81 - - [22/Dec/2024:16:24:52 -0500] "GET /register/ HTTP/1.0" 200 75922 "https://misswavenigeria.com/" "Mozilla/5.0 (Windows NT 10.0; WOW64) AppleWebKit/537.36 (KHTML, like Gecko) Chrome/103.0.0.0 Safari/537.36"
66.29.132.124 - - [22/Dec/2024:16:24:53 -0500] "POST /wp-admin/admin-ajax.php?action=async_litespeed&nonce=bTw4lkV0HTKy6o0bHZQucHi6JpXtb24Z&litespeed_type=imgoptm HTTP/1.1" 200 21 "-" "WordPress/6.7.1; https://misswavenigeria.com"
66.29.132.124 - - [22/Dec/2024:16:25:47 -0500] "POST /wp-cron.php?doing_wp_cron=1734902747.6870610713958740234375 HTTP/1.1" 200 0 "-" "WordPress/6.7.1; https://misswavenigeria.com"
165.231.182.81 - - [22/Dec/2024:16:25:47 -0500] "GET / HTTP/1.0" 200 109053 "https://misswavenigeria.com/" "Mozilla/5.0 (Windows NT 10.0) AppleWebKit/537.36 (KHTML, like Gecko) Chrome/103.0.0.0 Safari/537.36"
66.29.132.124 - - [22/Dec/2024:16:25:48 -0500] "POST /wp-admin/admin-ajax.php?action=async_litespeed&nonce=HEa0MdLvupmOo4bdymr2nGY1hBiNygp0&litespeed_type=imgoptm HTTP/1.1" 200 21 "-" "WordPress/6.7.1; https://misswavenigeria.com"
165.231.182.81 - - [22/Dec/2024:16:25:50 -0500] "GET /register/ HTTP/1.0" 200 75922 "https://misswavenigeria.com/register/" "Mozilla/5.0 (Windows NT 10.0) AppleWebKit/537.36 (KHTML, like Gecko) Chrome/103.0.0.0 Safari/537.36"
165.231.182.81 - - [22/Dec/2024:16:25:52 -0500] "POST /register/ HTTP/1.0" 200 76048 "https://misswavenigeria.com/register/" "Mozilla/5.0 (Windows NT 10.0) AppleWebKit/537.36 (KHTML, like Gecko) Chrome/103.0.0.0 Safari/537.36"
