154.47.21.189 - - [22/Dec/2024:08:48:22 -0500] "GET /register/ HTTP/1.0" 200 75922 "https://misswavenigeria.com/register/" "Mozilla/5.0 (Windows NT 10.0; Win64; x64) AppleWebKit/537.36 (KHTML, like Gecko) Chrome/103.0.5060.53 Safari/537.36"
154.47.21.189 - - [22/Dec/2024:08:48:24 -0500] "POST /register/ HTTP/1.0" 200 76048 "https://misswavenigeria.com/register/" "Mozilla/5.0 (Windows NT 10.0; Win64; x64) AppleWebKit/537.36 (KHTML, like Gecko) Chrome/103.0.5060.53 Safari/537.36"
66.29.132.124 - - [22/Dec/2024:08:49:55 -0500] "POST /wp-cron.php?doing_wp_cron=1734875395.7577478885650634765625 HTTP/1.1" 200 0 "-" "WordPress/6.7.1; https://misswavenigeria.com"
154.47.21.189 - - [22/Dec/2024:08:49:55 -0500] "GET /register/ HTTP/1.0" 200 75922 "https://misswavenigeria.com/" "Mozilla/5.0 (Windows NT 10.0; Win64; x64) AppleWebKit/537.36 (KHTML, like Gecko) Chrome/103.0.5060.53 Safari/537.36"
66.29.132.124 - - [22/Dec/2024:08:49:56 -0500] "POST /wp-admin/admin-ajax.php?action=async_litespeed&nonce=rDH0MwWlJ68fubpybLx28ePFi5uvKHGK&litespeed_type=imgoptm HTTP/1.1" 200 21 "-" "WordPress/6.7.1; https://misswavenigeria.com"
66.29.132.124 - - [22/Dec/2024:08:51:29 -0500] "POST /wp-cron.php?doing_wp_cron=1734875489.7925360202789306640625 HTTP/1.1" 200 0 "-" "WordPress/6.7.1; https://misswavenigeria.com"
154.47.21.189 - - [22/Dec/2024:08:51:25 -0500] "GET / HTTP/1.0" 200 109055 "https://misswavenigeria.com/" "Mozilla/5.0 (Windows NT 6.3; WOW64) AppleWebKit/537.36 (KHTML, like Gecko) Chrome/103.0.0.0 Safari/537.36"
66.29.132.124 - - [22/Dec/2024:08:51:30 -0500] "POST /wp-admin/admin-ajax.php?action=async_litespeed&nonce=qxfZ7FjBHPm9aHNoJQR08yaFcqZmy7aK&litespeed_type=imgoptm HTTP/1.1" 200 21 "-" "WordPress/6.7.1; https://misswavenigeria.com"
154.47.21.189 - - [22/Dec/2024:08:51:33 -0500] "GET /register/ HTTP/1.0" 200 75922 "https://misswavenigeria.com/register/" "Mozilla/5.0 (Windows NT 6.3; WOW64) AppleWebKit/537.36 (KHTML, like Gecko) Chrome/103.0.0.0 Safari/537.36"
66.29.132.124 - - [22/Dec/2024:08:51:35 -0500] "POST /wp-cron.php?doing_wp_cron=1734875495.1968390941619873046875 HTTP/1.1" 200 0 "-" "WordPress/6.7.1; https://misswavenigeria.com"
66.29.132.124 - - [22/Dec/2024:08:51:35 -0500] "POST /wp-admin/admin-ajax.php?action=async_litespeed&nonce=Adf1tq6XD9Uw1DbcquoMr42y0oggLB2d&litespeed_type=imgoptm HTTP/1.1" 200 21 "-" "WordPress/6.7.1; https://misswavenigeria.com"
154.47.21.189 - - [22/Dec/2024:08:51:34 -0500] "POST /register/ HTTP/1.0" 200 76048 "https://misswavenigeria.com/register/" "Mozilla/5.0 (Windows NT 6.3; WOW64) AppleWebKit/537.36 (KHTML, like Gecko) Chrome/103.0.0.0 Safari/537.36"
66.29.132.124 - - [22/Dec/2024:08:53:13 -0500] "POST /wp-cron.php?doing_wp_cron=1734875593.0007719993591308593750 HTTP/1.1" 200 0 "-" "WordPress/6.7.1; https://misswavenigeria.com"
154.47.21.189 - - [22/Dec/2024:08:53:12 -0500] "GET /register/ HTTP/1.0" 200 75922 "https://misswavenigeria.com/" "Mozilla/5.0 (Windows NT 6.3; WOW64) AppleWebKit/537.36 (KHTML, like Gecko) Chrome/103.0.0.0 Safari/537.36"
66.29.132.124 - - [22/Dec/2024:08:53:13 -0500] "POST /wp-admin/admin-ajax.php?action=async_litespeed&nonce=7d7THTPLhJ88pgvrcDWYQBm8KJBIIlyM&litespeed_type=imgoptm HTTP/1.1" 200 21 "-" "WordPress/6.7.1; https://misswavenigeria.com"
66.29.132.124 - - [22/Dec/2024:08:54:29 -0500] "POST /wp-cron.php?doing_wp_cron=1734875669.7178208827972412109375 HTTP/1.1" 200 0 "-" "WordPress/6.7.1; https://misswavenigeria.com"
154.47.21.189 - - [22/Dec/2024:08:54:29 -0500] "GET / HTTP/1.0" 200 109053 "https://misswavenigeria.com/" "Mozilla/5.0 (Windows NT 6.3; Win64; x64) AppleWebKit/537.36 (KHTML, like Gecko) Chrome/103.0.5060.53 Safari/537.36"
66.249.79.107 - - [22/Dec/2024:08:54:29 -0500] "GET /goods/I909384?k=product HTTP/1.1" 301 0 "-" "Mozilla/5.0 (Linux; Android 6.0.1; Nexus 5X Build/MMB29P) AppleWebKit/537.36 (KHTML, like Gecko) Chrome/131.0.6778.139 Mobile Safari/537.36 (compatible; Googlebot/2.1; +http://www.google.com/bot.html)"
66.29.132.124 - - [22/Dec/2024:08:54:29 -0500] "POST /wp-admin/admin-ajax.php?action=async_litespeed&nonce=wYE9bo3kIpPdTIexUEi6n40mit1z4cnY&litespeed_type=imgoptm HTTP/1.1" 200 21 "-" "WordPress/6.7.1; https://misswavenigeria.com"
66.249.79.131 - - [22/Dec/2024:08:54:30 -0500] "GET /goods/I909384?k=product HTTP/1.1" 404 15610 "-" "Mozilla/5.0 (Linux; Android 6.0.1; Nexus 5X Build/MMB29P) AppleWebKit/537.36 (KHTML, like Gecko) Chrome/131.0.6778.139 Mobile Safari/537.36 (compatible; Googlebot/2.1; +http://www.google.com/bot.html)"
154.47.21.189 - - [22/Dec/2024:08:54:31 -0500] "GET /register/ HTTP/1.0" 200 75922 "https://misswavenigeria.com/register/" "Mozilla/5.0 (Windows NT 6.3; Win64; x64) AppleWebKit/537.36 (KHTML, like Gecko) Chrome/103.0.5060.53 Safari/537.36"
66.29.132.124 - - [22/Dec/2024:08:54:33 -0500] "POST /wp-cron.php?doing_wp_cron=1734875673.7772209644317626953125 HTTP/1.1" 200 0 "-" "WordPress/6.7.1; https://misswavenigeria.com"
66.29.132.124 - - [22/Dec/2024:08:54:34 -0500] "POST /wp-admin/admin-ajax.php?action=async_litespeed&nonce=OdfPTf8KYjcnpyIg2bKzvhCnvReXhsn1&litespeed_type=imgoptm HTTP/1.1" 200 21 "-" "WordPress/6.7.1; https://misswavenigeria.com"
154.47.21.189 - - [22/Dec/2024:08:54:33 -0500] "POST /register/ HTTP/1.0" 200 76048 "https://misswavenigeria.com/register/" "Mozilla/5.0 (Windows NT 6.3; Win64; x64) AppleWebKit/537.36 (KHTML, like Gecko) Chrome/103.0.5060.53 Safari/537.36"
66.29.132.124 - - [22/Dec/2024:08:56:17 -0500] "POST /wp-cron.php?doing_wp_cron=1734875777.6464169025421142578125 HTTP/1.1" 200 0 "-" "WordPress/6.7.1; https://misswavenigeria.com"
154.47.21.189 - - [22/Dec/2024:08:56:17 -0500] "GET /register/ HTTP/1.0" 200 75922 "https://misswavenigeria.com/" "Mozilla/5.0 (Windows NT 6.3; Win64; x64) AppleWebKit/537.36 (KHTML, like Gecko) Chrome/103.0.5060.53 Safari/537.36"
66.29.132.124 - - [22/Dec/2024:08:56:17 -0500] "POST /wp-admin/admin-ajax.php?action=async_litespeed&nonce=rHXby1xWC2ryHITonsablsS4qP6oeHwU&litespeed_type=imgoptm HTTP/1.1" 200 21 "-" "WordPress/6.7.1; https://misswavenigeria.com"
66.29.132.124 - - [22/Dec/2024:08:57:35 -0500] "POST /wp-cron.php?doing_wp_cron=1734875855.5372059345245361328125 HTTP/1.1" 200 0 "-" "WordPress/6.7.1; https://misswavenigeria.com"
154.47.21.189 - - [22/Dec/2024:08:57:35 -0500] "GET / HTTP/1.0" 200 109053 "https://misswavenigeria.com/" "Mozilla/5.0 (Windows NT 10.0; Win64; x64) AppleWebKit/537.36 (KHTML, like Gecko) Chrome/103.0.5060.114 Safari/537.36"
66.29.132.124 - - [22/Dec/2024:08:57:35 -0500] "POST /wp-admin/admin-ajax.php?action=async_litespeed&nonce=I0hJ3HuoObfmpKUX8Ukoe4WQD7cxCQtc&litespeed_type=imgoptm HTTP/1.1" 200 21 "-" "WordPress/6.7.1; https://misswavenigeria.com"
154.47.21.189 - - [22/Dec/2024:08:57:37 -0500] "GET /register/ HTTP/1.0" 200 75922 "https://misswavenigeria.com/register/" "Mozilla/5.0 (Windows NT 10.0; Win64; x64) AppleWebKit/537.36 (KHTML, like Gecko) Chrome/103.0.5060.114 Safari/537.36"
154.47.21.189 - - [22/Dec/2024:08:57:39 -0500] "POST /register/ HTTP/1.0" 200 76048 "https://misswavenigeria.com/register/" "Mozilla/5.0 (Windows NT 10.0; Win64; x64) AppleWebKit/537.36 (KHTML, like Gecko) Chrome/103.0.5060.114 Safari/537.36"
66.29.132.124 - - [22/Dec/2024:08:59:16 -0500] "POST /wp-cron.php?doing_wp_cron=1734875956.7343080043792724609375 HTTP/1.1" 200 0 "-" "WordPress/6.7.1; https://misswavenigeria.com"
154.47.21.189 - - [22/Dec/2024:08:59:16 -0500] "GET /register/ HTTP/1.0" 200 75922 "https://misswavenigeria.com/" "Mozilla/5.0 (Windows NT 10.0; Win64; x64) AppleWebKit/537.36 (KHTML, like Gecko) Chrome/103.0.5060.114 Safari/537.36"
66.29.132.124 - - [22/Dec/2024:08:59:17 -0500] "POST /wp-admin/admin-ajax.php?action=async_litespeed&nonce=ROqlZ8g6Y59qJZBMU2z3nbbICS0W61Wx&litespeed_type=imgoptm HTTP/1.1" 200 21 "-" "WordPress/6.7.1; https://misswavenigeria.com"
66.29.132.124 - - [22/Dec/2024:09:00:51 -0500] "POST /wp-cron.php?doing_wp_cron=1734876051.0322160720825195312500 HTTP/1.1" 200 0 "-" "WordPress/6.7.1; https://misswavenigeria.com"
154.47.21.189 - - [22/Dec/2024:09:00:42 -0500] "GET / HTTP/1.0" 200 109055 "https://misswavenigeria.com/" "Mozilla/5.0 (Windows NT 6.1; Win64; x64) AppleWebKit/537.36 (KHTML, like Gecko) Chrome/103.0.0.0 Safari/537.36"
66.29.132.124 - - [22/Dec/2024:09:00:51 -0500] "POST /wp-admin/admin-ajax.php?action=async_litespeed&nonce=Q8XyBSgx1gSRvWU3Xd1o5k4kHPyvki4D&litespeed_type=imgoptm HTTP/1.1" 200 0 "-" "WordPress/6.7.1; https://misswavenigeria.com"
154.47.21.189 - - [22/Dec/2024:09:00:54 -0500] "GET /register/ HTTP/1.0" 200 75922 "https://misswavenigeria.com/register/" "Mozilla/5.0 (Windows NT 6.1; Win64; x64) AppleWebKit/537.36 (KHTML, like Gecko) Chrome/103.0.0.0 Safari/537.36"
43.159.139.164 - - [22/Dec/2024:09:01:31 -0500] "GET / HTTP/1.1" 200 24483 "http://misswavenigeria.com" "Mozilla/5.0 (iPhone; CPU iPhone OS 13_2_3 like Mac OS X) AppleWebKit/605.1.15 (KHTML, like Gecko) Version/13.0.3 Mobile/15E148 Safari/604.1"
154.47.21.189 - - [22/Dec/2024:09:00:56 -0500] "POST /register/ HTTP/1.0" 200 76048 "https://misswavenigeria.com/register/" "Mozilla/5.0 (Windows NT 6.1; Win64; x64) AppleWebKit/537.36 (KHTML, like Gecko) Chrome/103.0.0.0 Safari/537.36"
66.29.132.124 - - [22/Dec/2024:09:02:46 -0500] "POST /wp-cron.php?doing_wp_cron=1734876166.9687590599060058593750 HTTP/1.1" 200 0 "-" "WordPress/6.7.1; https://misswavenigeria.com"
154.47.21.189 - - [22/Dec/2024:09:02:46 -0500] "GET /register/ HTTP/1.0" 200 75922 "https://misswavenigeria.com/" "Mozilla/5.0 (Windows NT 6.1; Win64; x64) AppleWebKit/537.36 (KHTML, like Gecko) Chrome/103.0.0.0 Safari/537.36"
66.29.132.124 - - [22/Dec/2024:09:02:47 -0500] "POST /wp-admin/admin-ajax.php?action=async_litespeed&nonce=WxKkoM1WkIDSdBtYtdUqWVmhiUB0O9R2&litespeed_type=imgoptm HTTP/1.1" 200 21 "-" "WordPress/6.7.1; https://misswavenigeria.com"
66.29.132.124 - - [22/Dec/2024:09:03:51 -0500] "POST /wp-cron.php?doing_wp_cron=1734876231.3014760017395019531250 HTTP/1.1" 200 0 "-" "WordPress/6.7.1; https://misswavenigeria.com"
66.29.132.124 - - [22/Dec/2024:09:03:51 -0500] "POST /wp-admin/admin-ajax.php?action=async_litespeed&nonce=WFLSUqjWSJwhgtp11bbC4aD5CvlNi5xG&litespeed_type=imgoptm HTTP/1.1" 200 21 "-" "WordPress/6.7.1; https://misswavenigeria.com"
154.47.21.189 - - [22/Dec/2024:09:03:50 -0500] "GET / HTTP/1.0" 200 109055 "https://misswavenigeria.com/" "Mozilla/5.0 (Windows NT 6.1; Win64; x64) AppleWebKit/537.36 (KHTML, like Gecko) Chrome/103.0.0.0 Safari/537.36"
154.47.21.189 - - [22/Dec/2024:09:03:53 -0500] "GET /register/ HTTP/1.0" 200 75922 "https://misswavenigeria.com/register/" "Mozilla/5.0 (Windows NT 6.1; Win64; x64) AppleWebKit/537.36 (KHTML, like Gecko) Chrome/103.0.0.0 Safari/537.36"
154.47.21.189 - - [22/Dec/2024:09:03:55 -0500] "POST /register/ HTTP/1.0" 200 76048 "https://misswavenigeria.com/register/" "Mozilla/5.0 (Windows NT 6.1; Win64; x64) AppleWebKit/537.36 (KHTML, like Gecko) Chrome/103.0.0.0 Safari/537.36"
66.29.132.124 - - [22/Dec/2024:09:05:46 -0500] "POST /wp-cron.php?doing_wp_cron=1734876346.7843890190124511718750 HTTP/1.1" 200 0 "-" "WordPress/6.7.1; https://misswavenigeria.com"
154.47.21.189 - - [22/Dec/2024:09:05:46 -0500] "GET /register/ HTTP/1.0" 200 75922 "https://misswavenigeria.com/" "Mozilla/5.0 (Windows NT 6.1; Win64; x64) AppleWebKit/537.36 (KHTML, like Gecko) Chrome/103.0.0.0 Safari/537.36"
66.29.132.124 - - [22/Dec/2024:09:05:47 -0500] "POST /wp-admin/admin-ajax.php?action=async_litespeed&nonce=zC7H24ipy26rcg22lWy4JKRPyVm44koi&litespeed_type=imgoptm HTTP/1.1" 200 21 "-" "WordPress/6.7.1; https://misswavenigeria.com"
66.29.132.124 - - [22/Dec/2024:09:06:57 -0500] "POST /wp-cron.php?doing_wp_cron=1734876417.5872199535369873046875 HTTP/1.1" 200 0 "-" "WordPress/6.7.1; https://misswavenigeria.com"
154.47.21.189 - - [22/Dec/2024:09:06:57 -0500] "GET / HTTP/1.0" 200 109055 "https://misswavenigeria.com/" "Mozilla/5.0 (Windows NT 10.0; Win64; x64) AppleWebKit/537.36 (KHTML, like Gecko) Chrome/103.0.5060.134 Safari/537.36"
66.29.132.124 - - [22/Dec/2024:09:06:57 -0500] "POST /wp-admin/admin-ajax.php?action=async_litespeed&nonce=31Dz1F5zQOLReKGNlq0qNzfCak7MXOYV&litespeed_type=imgoptm HTTP/1.1" 200 21 "-" "WordPress/6.7.1; https://misswavenigeria.com"
154.47.21.189 - - [22/Dec/2024:09:07:01 -0500] "GET /register/ HTTP/1.0" 200 75922 "https://misswavenigeria.com/register/" "Mozilla/5.0 (Windows NT 10.0; Win64; x64) AppleWebKit/537.36 (KHTML, like Gecko) Chrome/103.0.5060.134 Safari/537.36"
154.47.21.189 - - [22/Dec/2024:09:07:02 -0500] "POST /register/ HTTP/1.0" 200 76048 "https://misswavenigeria.com/register/" "Mozilla/5.0 (Windows NT 10.0; Win64; x64) AppleWebKit/537.36 (KHTML, like Gecko) Chrome/103.0.5060.134 Safari/537.36"
66.29.132.124 - - [22/Dec/2024:09:08:47 -0500] "POST /wp-cron.php?doing_wp_cron=1734876527.6419498920440673828125 HTTP/1.1" 200 0 "-" "WordPress/6.7.1; https://misswavenigeria.com"
154.47.21.189 - - [22/Dec/2024:09:08:47 -0500] "GET /register/ HTTP/1.0" 200 75922 "https://misswavenigeria.com/" "Mozilla/5.0 (Windows NT 10.0; Win64; x64) AppleWebKit/537.36 (KHTML, like Gecko) Chrome/103.0.5060.134 Safari/537.36"
66.29.132.124 - - [22/Dec/2024:09:08:47 -0500] "POST /wp-admin/admin-ajax.php?action=async_litespeed&nonce=lsc2J8iNewPo3i6B6Cmj9dPRPJazhgmi&litespeed_type=imgoptm HTTP/1.1" 200 21 "-" "WordPress/6.7.1; https://misswavenigeria.com"
66.29.132.124 - - [22/Dec/2024:09:10:07 -0500] "POST /wp-cron.php?doing_wp_cron=1734876607.0445768833160400390625 HTTP/1.1" 200 0 "-" "WordPress/6.7.1; https://misswavenigeria.com"
154.47.21.189 - - [22/Dec/2024:09:10:06 -0500] "GET / HTTP/1.0" 200 109055 "https://misswavenigeria.com/" "Mozilla/5.0 (Windows NT 6.3) AppleWebKit/537.36 (KHTML, like Gecko) Chrome/103.0.0.0 Safari/537.36"
66.29.132.124 - - [22/Dec/2024:09:10:07 -0500] "POST /wp-admin/admin-ajax.php?action=async_litespeed&nonce=gYZPSmNQ1w4JIBc320xy1yuj9s8CyoMR&litespeed_type=imgoptm HTTP/1.1" 200 21 "-" "WordPress/6.7.1; https://misswavenigeria.com"
154.47.21.189 - - [22/Dec/2024:09:10:10 -0500] "GET /register/ HTTP/1.0" 200 75922 "https://misswavenigeria.com/register/" "Mozilla/5.0 (Windows NT 6.3) AppleWebKit/537.36 (KHTML, like Gecko) Chrome/103.0.0.0 Safari/537.36"
154.47.21.189 - - [22/Dec/2024:09:10:11 -0500] "POST /register/ HTTP/1.0" 200 76048 "https://misswavenigeria.com/register/" "Mozilla/5.0 (Windows NT 6.3) AppleWebKit/537.36 (KHTML, like Gecko) Chrome/103.0.0.0 Safari/537.36"
66.29.132.124 - - [22/Dec/2024:09:11:37 -0500] "POST /wp-cron.php?doing_wp_cron=1734876697.8828990459442138671875 HTTP/1.1" 200 0 "-" "WordPress/6.7.1; https://misswavenigeria.com"
154.47.21.189 - - [22/Dec/2024:09:11:37 -0500] "GET /register/ HTTP/1.0" 200 75922 "https://misswavenigeria.com/" "Mozilla/5.0 (Windows NT 6.3) AppleWebKit/537.36 (KHTML, like Gecko) Chrome/103.0.0.0 Safari/537.36"
66.29.132.124 - - [22/Dec/2024:09:11:38 -0500] "POST /wp-admin/admin-ajax.php?action=async_litespeed&nonce=qrCwX1gsNvhnUTaGiCHVvS9ZXwZh23zK&litespeed_type=imgoptm HTTP/1.1" 200 21 "-" "WordPress/6.7.1; https://misswavenigeria.com"
66.29.132.124 - - [22/Dec/2024:09:13:16 -0500] "POST /wp-cron.php?doing_wp_cron=1734876796.2286489009857177734375 HTTP/1.1" 200 0 "-" "WordPress/6.7.1; https://misswavenigeria.com"
154.47.21.189 - - [22/Dec/2024:09:13:12 -0500] "GET / HTTP/1.0" 200 109053 "https://misswavenigeria.com/" "Mozilla/5.0 (Windows NT 10.0; Win64; x64) AppleWebKit/537.36 (KHTML, like Gecko) Chrome/103.0.5060.134 Safari/537.36"
66.29.132.124 - - [22/Dec/2024:09:13:16 -0500] "POST /wp-admin/admin-ajax.php?action=async_litespeed&nonce=ywRNFotwDzxhpUxVsCECgN2efCB6DwAW&litespeed_type=imgoptm HTTP/1.1" 200 21 "-" "WordPress/6.7.1; https://misswavenigeria.com"
154.47.21.189 - - [22/Dec/2024:09:13:19 -0500] "GET /register/ HTTP/1.0" 200 75922 "https://misswavenigeria.com/register/" "Mozilla/5.0 (Windows NT 10.0; Win64; x64) AppleWebKit/537.36 (KHTML, like Gecko) Chrome/103.0.5060.134 Safari/537.36"
107.189.2.39 - - [22/Dec/2024:09:14:31 -0500] "GET /wp-login.php HTTP/1.1" 200 6933 "-" "Mozilla/5.0 (X11; Ubuntu; Linux i686; rv:31.0) Gecko/20100101 Firefox/31.0"
154.47.21.189 - - [22/Dec/2024:09:13:21 -0500] "POST /register/ HTTP/1.0" 200 76048 "https://misswavenigeria.com/register/" "Mozilla/5.0 (Windows NT 10.0; Win64; x64) AppleWebKit/537.36 (KHTML, like Gecko) Chrome/103.0.5060.134 Safari/537.36"
66.29.132.124 - - [22/Dec/2024:09:14:40 -0500] "POST /wp-cron.php?doing_wp_cron=1734876880.6951489448547363281250 HTTP/1.1" 200 0 "-" "WordPress/6.7.1; https://misswavenigeria.com"
154.47.21.189 - - [22/Dec/2024:09:14:40 -0500] "GET /register/ HTTP/1.0" 200 75922 "https://misswavenigeria.com/" "Mozilla/5.0 (Windows NT 10.0; Win64; x64) AppleWebKit/537.36 (KHTML, like Gecko) Chrome/103.0.5060.134 Safari/537.36"
66.29.132.124 - - [22/Dec/2024:09:14:40 -0500] "POST /wp-admin/admin-ajax.php?action=async_litespeed&nonce=s3wtUQbaQodb8omDVRNLMex0jGnHMD9V&litespeed_type=imgoptm HTTP/1.1" 200 21 "-" "WordPress/6.7.1; https://misswavenigeria.com"
66.29.132.124 - - [22/Dec/2024:09:16:20 -0500] "POST /wp-cron.php?doing_wp_cron=1734876980.1150419712066650390625 HTTP/1.1" 200 0 "-" "WordPress/6.7.1; https://misswavenigeria.com"
154.47.21.189 - - [22/Dec/2024:09:16:18 -0500] "GET / HTTP/1.0" 200 109053 "https://misswavenigeria.com/" "Mozilla/5.0 (Windows NT 10.0; Win64; x64) AppleWebKit/537.36 (KHTML, like Gecko) Chrome/103.0.5042.0 Safari/537.36"
66.29.132.124 - - [22/Dec/2024:09:16:20 -0500] "POST /wp-admin/admin-ajax.php?action=async_litespeed&nonce=tMXvmLft69n5wLKlAuTctXRIO6rMBIzl&litespeed_type=imgoptm HTTP/1.1" 200 21 "-" "WordPress/6.7.1; https://misswavenigeria.com"
154.47.21.189 - - [22/Dec/2024:09:16:22 -0500] "GET /register/ HTTP/1.0" 200 75922 "https://misswavenigeria.com/register/" "Mozilla/5.0 (Windows NT 10.0; Win64; x64) AppleWebKit/537.36 (KHTML, like Gecko) Chrome/103.0.5042.0 Safari/537.36"
154.47.21.189 - - [22/Dec/2024:09:16:24 -0500] "POST /register/ HTTP/1.0" 200 76048 "https://misswavenigeria.com/register/" "Mozilla/5.0 (Windows NT 10.0; Win64; x64) AppleWebKit/537.36 (KHTML, like Gecko) Chrome/103.0.5042.0 Safari/537.36"
66.29.132.124 - - [22/Dec/2024:09:18:15 -0500] "POST /wp-cron.php?doing_wp_cron=1734877095.9114570617675781250000 HTTP/1.1" 200 0 "-" "WordPress/6.7.1; https://misswavenigeria.com"
154.47.21.189 - - [22/Dec/2024:09:18:15 -0500] "GET /register/ HTTP/1.0" 200 75922 "https://misswavenigeria.com/" "Mozilla/5.0 (Windows NT 10.0; Win64; x64) AppleWebKit/537.36 (KHTML, like Gecko) Chrome/103.0.5042.0 Safari/537.36"
66.29.132.124 - - [22/Dec/2024:09:18:16 -0500] "POST /wp-admin/admin-ajax.php?action=async_litespeed&nonce=3Ktb2TBOwnkFJyzdMfZ1TBOI89moH4rJ&litespeed_type=imgoptm HTTP/1.1" 200 21 "-" "WordPress/6.7.1; https://misswavenigeria.com"
66.29.132.124 - - [22/Dec/2024:09:19:22 -0500] "POST /wp-cron.php?doing_wp_cron=1734877162.9851789474487304687500 HTTP/1.1" 200 0 "-" "WordPress/6.7.1; https://misswavenigeria.com"
66.249.79.131 - - [22/Dec/2024:09:19:22 -0500] "GET /goods/320815.html HTTP/1.1" 404 15612 "-" "Mozilla/5.0 (Linux; Android 6.0.1; Nexus 5X Build/MMB29P) AppleWebKit/537.36 (KHTML, like Gecko) Chrome/131.0.6778.139 Mobile Safari/537.36 (compatible; Googlebot/2.1; +http://www.google.com/bot.html)"
66.29.132.124 - - [22/Dec/2024:09:19:23 -0500] "POST /wp-admin/admin-ajax.php?action=async_litespeed&nonce=Yl9lFUpvqWBjppBYtc9iSXbDzHILeQVF&litespeed_type=imgoptm HTTP/1.1" 200 21 "-" "WordPress/6.7.1; https://misswavenigeria.com"
66.29.132.124 - - [22/Dec/2024:09:19:25 -0500] "POST /wp-cron.php?doing_wp_cron=1734877165.5728399753570556640625 HTTP/1.1" 200 0 "-" "WordPress/6.7.1; https://misswavenigeria.com"
154.47.21.189 - - [22/Dec/2024:09:19:25 -0500] "GET / HTTP/1.0" 200 109055 "https://misswavenigeria.com/" "Mozilla/5.0 (Windows NT 10.0; Win64; x64) AppleWebKit/537.36 (KHTML, like Gecko) Chrome/103.0.5060.66 Safari/537.36"
154.47.21.189 - - [22/Dec/2024:09:19:27 -0500] "GET /register/ HTTP/1.0" 200 75922 "https://misswavenigeria.com/register/" "Mozilla/5.0 (Windows NT 10.0; Win64; x64) AppleWebKit/537.36 (KHTML, like Gecko) Chrome/103.0.5060.66 Safari/537.36"
66.29.132.124 - - [22/Dec/2024:09:19:58 -0500] "POST /wp-cron.php?doing_wp_cron=1734877198.7864921092987060546875 HTTP/1.1" 200 0 "-" "WordPress/6.7.1; https://misswavenigeria.com"
66.249.79.106 - - [22/Dec/2024:09:19:58 -0500] "GET /goods/Q734802?k=product HTTP/1.1" 301 0 "-" "Mozilla/5.0 (Linux; Android 6.0.1; Nexus 5X Build/MMB29P) AppleWebKit/537.36 (KHTML, like Gecko) Chrome/131.0.6778.139 Mobile Safari/537.36 (compatible; Googlebot/2.1; +http://www.google.com/bot.html)"
66.29.132.124 - - [22/Dec/2024:09:19:59 -0500] "POST /wp-admin/admin-ajax.php?action=async_litespeed&nonce=ipYzmkPqjlZVCiR1ob3SeGxyTHgN0nCv&litespeed_type=imgoptm HTTP/1.1" 200 21 "-" "WordPress/6.7.1; https://misswavenigeria.com"
66.249.79.130 - - [22/Dec/2024:09:19:59 -0500] "GET /goods/Q734802?k=product HTTP/1.1" 404 15612 "-" "Mozilla/5.0 (Linux; Android 6.0.1; Nexus 5X Build/MMB29P) AppleWebKit/537.36 (KHTML, like Gecko) Chrome/131.0.6778.139 Mobile Safari/537.36 (compatible; Googlebot/2.1; +http://www.google.com/bot.html)"
66.249.79.132 - - [22/Dec/2024:09:20:06 -0500] "GET /goods/541983.html HTTP/1.1" 404 15612 "-" "Mozilla/5.0 (Linux; Android 6.0.1; Nexus 5X Build/MMB29P) AppleWebKit/537.36 (KHTML, like Gecko) Chrome/131.0.6778.139 Mobile Safari/537.36 (compatible; Googlebot/2.1; +http://www.google.com/bot.html)"
154.47.21.189 - - [22/Dec/2024:09:19:29 -0500] "POST /register/ HTTP/1.0" 200 76048 "https://misswavenigeria.com/register/" "Mozilla/5.0 (Windows NT 10.0; Win64; x64) AppleWebKit/537.36 (KHTML, like Gecko) Chrome/103.0.5060.66 Safari/537.36"
66.29.132.124 - - [22/Dec/2024:09:21:18 -0500] "POST /wp-cron.php?doing_wp_cron=1734877278.9436810016632080078125 HTTP/1.1" 200 0 "-" "WordPress/6.7.1; https://misswavenigeria.com"
154.47.21.189 - - [22/Dec/2024:09:21:18 -0500] "GET /register/ HTTP/1.0" 200 75922 "https://misswavenigeria.com/" "Mozilla/5.0 (Windows NT 10.0; Win64; x64) AppleWebKit/537.36 (KHTML, like Gecko) Chrome/103.0.5060.66 Safari/537.36"
66.29.132.124 - - [22/Dec/2024:09:21:19 -0500] "POST /wp-admin/admin-ajax.php?action=async_litespeed&nonce=FX2jBeUl1cbqozZpCzgLw94OGwRHy5jL&litespeed_type=imgoptm HTTP/1.1" 200 21 "-" "WordPress/6.7.1; https://misswavenigeria.com"
66.29.132.124 - - [22/Dec/2024:09:22:32 -0500] "POST /wp-cron.php?doing_wp_cron=1734877352.4259300231933593750000 HTTP/1.1" 200 0 "-" "WordPress/6.7.1; https://misswavenigeria.com"
154.47.21.189 - - [22/Dec/2024:09:22:32 -0500] "GET / HTTP/1.0" 200 109055 "https://misswavenigeria.com/" "Mozilla/5.0 (Windows NT 6.3; Win64; x64) AppleWebKit/537.36 (KHTML, like Gecko) Chrome/103.0.5060.114 Safari/537.36"
66.29.132.124 - - [22/Dec/2024:09:22:32 -0500] "POST /wp-admin/admin-ajax.php?action=async_litespeed&nonce=lCtWdX39zdWsGRYMyaTnMkS4KS31b0ds&litespeed_type=imgoptm HTTP/1.1" 200 21 "-" "WordPress/6.7.1; https://misswavenigeria.com"
154.47.21.189 - - [22/Dec/2024:09:22:34 -0500] "GET /register/ HTTP/1.0" 200 75922 "https://misswavenigeria.com/register/" "Mozilla/5.0 (Windows NT 6.3; Win64; x64) AppleWebKit/537.36 (KHTML, like Gecko) Chrome/103.0.5060.114 Safari/537.36"
66.249.79.105 - - [22/Dec/2024:09:23:05 -0500] "GET /goods/M200316?k=product HTTP/1.1" 301 0 "-" "Mozilla/5.0 (Linux; Android 6.0.1; Nexus 5X Build/MMB29P) AppleWebKit/537.36 (KHTML, like Gecko) Chrome/131.0.6778.139 Mobile Safari/537.36 (compatible; Googlebot/2.1; +http://www.google.com/bot.html)"
66.249.79.131 - - [22/Dec/2024:09:23:06 -0500] "GET /goods/M200316?k=product HTTP/1.1" 404 15612 "-" "Mozilla/5.0 (Linux; Android 6.0.1; Nexus 5X Build/MMB29P) AppleWebKit/537.36 (KHTML, like Gecko) Chrome/131.0.6778.139 Mobile Safari/537.36 (compatible; Googlebot/2.1; +http://www.google.com/bot.html)"
154.47.21.189 - - [22/Dec/2024:09:22:36 -0500] "POST /register/ HTTP/1.0" 200 76048 "https://misswavenigeria.com/register/" "Mozilla/5.0 (Windows NT 6.3; Win64; x64) AppleWebKit/537.36 (KHTML, like Gecko) Chrome/103.0.5060.114 Safari/537.36"
66.29.132.124 - - [22/Dec/2024:09:24:24 -0500] "POST /wp-cron.php?doing_wp_cron=1734877464.9165179729461669921875 HTTP/1.1" 200 0 "-" "WordPress/6.7.1; https://misswavenigeria.com"
154.47.21.189 - - [22/Dec/2024:09:24:24 -0500] "GET /register/ HTTP/1.0" 200 75922 "https://misswavenigeria.com/" "Mozilla/5.0 (Windows NT 6.3; Win64; x64) AppleWebKit/537.36 (KHTML, like Gecko) Chrome/103.0.5060.114 Safari/537.36"
66.29.132.124 - - [22/Dec/2024:09:24:25 -0500] "POST /wp-admin/admin-ajax.php?action=async_litespeed&nonce=YV54Zy94F4lTPQj6nfdsDsjwmxjxKp9B&litespeed_type=imgoptm HTTP/1.1" 200 21 "-" "WordPress/6.7.1; https://misswavenigeria.com"
66.29.132.124 - - [22/Dec/2024:09:25:35 -0500] "POST /wp-cron.php?doing_wp_cron=1734877535.7463879585266113281250 HTTP/1.1" 200 0 "-" "WordPress/6.7.1; https://misswavenigeria.com"
154.47.21.189 - - [22/Dec/2024:09:25:35 -0500] "GET / HTTP/1.0" 200 109053 "https://misswavenigeria.com/" "Mozilla/5.0 (Windows NT 10.0; Win64; x64) AppleWebKit/537.36 (KHTML, like Gecko) Chrome/103.0.0.0 Safari/537.36 OpenWave/97.4.2043.44"
66.29.132.124 - - [22/Dec/2024:09:25:35 -0500] "POST /wp-admin/admin-ajax.php?action=async_litespeed&nonce=BkGkuAEVCjNLCWAyHqsl07Y3WODj476N&litespeed_type=imgoptm HTTP/1.1" 200 21 "-" "WordPress/6.7.1; https://misswavenigeria.com"
154.47.21.189 - - [22/Dec/2024:09:25:38 -0500] "GET /register/ HTTP/1.0" 200 75922 "https://misswavenigeria.com/register/" "Mozilla/5.0 (Windows NT 10.0; Win64; x64) AppleWebKit/537.36 (KHTML, like Gecko) Chrome/103.0.0.0 Safari/537.36 OpenWave/97.4.2043.44"
154.47.21.189 - - [22/Dec/2024:09:25:40 -0500] "POST /register/ HTTP/1.0" 200 76048 "https://misswavenigeria.com/register/" "Mozilla/5.0 (Windows NT 10.0; Win64; x64) AppleWebKit/537.36 (KHTML, like Gecko) Chrome/103.0.0.0 Safari/537.36 OpenWave/97.4.2043.44"
66.29.132.124 - - [22/Dec/2024:09:27:15 -0500] "POST /wp-cron.php?doing_wp_cron=1734877635.5111000537872314453125 HTTP/1.1" 200 0 "-" "WordPress/6.7.1; https://misswavenigeria.com"
154.47.21.189 - - [22/Dec/2024:09:27:15 -0500] "GET /register/ HTTP/1.0" 200 75922 "https://misswavenigeria.com/" "Mozilla/5.0 (Windows NT 10.0; Win64; x64) AppleWebKit/537.36 (KHTML, like Gecko) Chrome/103.0.0.0 Safari/537.36 OpenWave/97.4.2043.44"
66.29.132.124 - - [22/Dec/2024:09:27:16 -0500] "POST /wp-admin/admin-ajax.php?action=async_litespeed&nonce=h4bVRGw9tiOKlfDGh1hejx4NsmzUQP04&litespeed_type=imgoptm HTTP/1.1" 200 21 "-" "WordPress/6.7.1; https://misswavenigeria.com"
66.29.132.124 - - [22/Dec/2024:09:28:40 -0500] "POST /wp-cron.php?doing_wp_cron=1734877720.8042850494384765625000 HTTP/1.1" 200 0 "-" "WordPress/6.7.1; https://misswavenigeria.com"
154.47.21.189 - - [22/Dec/2024:09:28:38 -0500] "GET / HTTP/1.0" 200 109055 "https://misswavenigeria.com/" "Mozilla/5.0 (Windows NT 6.1; WOW64) AppleWebKit/537.36 (KHTML, like Gecko) Chrome/103.0.0.0 Safari/537.36"
66.29.132.124 - - [22/Dec/2024:09:28:41 -0500] "POST /wp-admin/admin-ajax.php?action=async_litespeed&nonce=cuNsobqgEoCoHfdItc03GwSC0wZaSffQ&litespeed_type=imgoptm HTTP/1.1" 200 21 "-" "WordPress/6.7.1; https://misswavenigeria.com"
154.47.21.189 - - [22/Dec/2024:09:28:43 -0500] "GET /register/ HTTP/1.0" 200 75922 "https://misswavenigeria.com/register/" "Mozilla/5.0 (Windows NT 6.1; WOW64) AppleWebKit/537.36 (KHTML, like Gecko) Chrome/103.0.0.0 Safari/537.36"
154.47.21.189 - - [22/Dec/2024:09:28:44 -0500] "POST /register/ HTTP/1.0" 200 76048 "https://misswavenigeria.com/register/" "Mozilla/5.0 (Windows NT 6.1; WOW64) AppleWebKit/537.36 (KHTML, like Gecko) Chrome/103.0.0.0 Safari/537.36"
66.29.132.124 - - [22/Dec/2024:09:29:56 -0500] "POST /wp-cron.php?doing_wp_cron=1734877796.6736791133880615234375 HTTP/1.1" 200 0 "-" "WordPress/6.7.1; https://misswavenigeria.com"
154.47.21.189 - - [22/Dec/2024:09:29:56 -0500] "GET /register/ HTTP/1.0" 200 75922 "https://misswavenigeria.com/" "Mozilla/5.0 (Windows NT 6.1; WOW64) AppleWebKit/537.36 (KHTML, like Gecko) Chrome/103.0.0.0 Safari/537.36"
66.29.132.124 - - [22/Dec/2024:09:29:56 -0500] "POST /wp-admin/admin-ajax.php?action=async_litespeed&nonce=sePbKGb7Ptwh2r1XI8gR1UfeGsnbTtZx&litespeed_type=imgoptm HTTP/1.1" 200 21 "-" "WordPress/6.7.1; https://misswavenigeria.com"
66.29.132.124 - - [22/Dec/2024:09:31:47 -0500] "POST /wp-cron.php?doing_wp_cron=1734877907.3045279979705810546875 HTTP/1.1" 200 0 "-" "WordPress/6.7.1; https://misswavenigeria.com"
154.47.21.189 - - [22/Dec/2024:09:31:45 -0500] "GET / HTTP/1.0" 200 109053 "https://misswavenigeria.com/" "Mozilla/5.0 (Windows NT 6.3; Win64; x64) AppleWebKit/537.36 (KHTML, like Gecko) Chrome/103.0.5060.53 Safari/537.36"
66.29.132.124 - - [22/Dec/2024:09:31:47 -0500] "POST /wp-admin/admin-ajax.php?action=async_litespeed&nonce=1O3Cy5BdKQFaPKpCAJaaXufQ7SZDlADg&litespeed_type=imgoptm HTTP/1.1" 200 21 "-" "WordPress/6.7.1; https://misswavenigeria.com"
154.47.21.189 - - [22/Dec/2024:09:31:49 -0500] "GET /register/ HTTP/1.0" 200 75922 "https://misswavenigeria.com/register/" "Mozilla/5.0 (Windows NT 6.3; Win64; x64) AppleWebKit/537.36 (KHTML, like Gecko) Chrome/103.0.5060.53 Safari/537.36"
154.47.21.189 - - [22/Dec/2024:09:31:51 -0500] "POST /register/ HTTP/1.0" 200 76048 "https://misswavenigeria.com/register/" "Mozilla/5.0 (Windows NT 6.3; Win64; x64) AppleWebKit/537.36 (KHTML, like Gecko) Chrome/103.0.5060.53 Safari/537.36"
66.29.132.124 - - [22/Dec/2024:09:33:06 -0500] "POST /wp-cron.php?doing_wp_cron=1734877986.5084259510040283203125 HTTP/1.1" 200 0 "-" "WordPress/6.7.1; https://misswavenigeria.com"
154.47.21.189 - - [22/Dec/2024:09:33:06 -0500] "GET /register/ HTTP/1.0" 200 75922 "https://misswavenigeria.com/" "Mozilla/5.0 (Windows NT 6.3; Win64; x64) AppleWebKit/537.36 (KHTML, like Gecko) Chrome/103.0.5060.53 Safari/537.36"
66.29.132.124 - - [22/Dec/2024:09:33:06 -0500] "POST /wp-admin/admin-ajax.php?action=async_litespeed&nonce=JdIPdlWSo513prs2WCf4fCrQgkP7cYYf&litespeed_type=imgoptm HTTP/1.1" 200 21 "-" "WordPress/6.7.1; https://misswavenigeria.com"
66.29.132.124 - - [22/Dec/2024:09:34:48 -0500] "POST /wp-cron.php?doing_wp_cron=1734878088.0976929664611816406250 HTTP/1.1" 200 0 "-" "WordPress/6.7.1; https://misswavenigeria.com"
154.47.21.189 - - [22/Dec/2024:09:34:45 -0500] "GET / HTTP/1.0" 200 109053 "https://misswavenigeria.com/" "Mozilla/5.0 (Windows NT 6.3; WOW64) AppleWebKit/537.36 (KHTML, like Gecko) Chrome/103.0.5060.114 Safari/537.36"
66.29.132.124 - - [22/Dec/2024:09:34:48 -0500] "POST /wp-admin/admin-ajax.php?action=async_litespeed&nonce=D3M8xR2p1m6NSzugMeGAQTVpvWA9EK9d&litespeed_type=imgoptm HTTP/1.1" 200 21 "-" "WordPress/6.7.1; https://misswavenigeria.com"
154.47.21.189 - - [22/Dec/2024:09:34:50 -0500] "GET /register/ HTTP/1.0" 200 75922 "https://misswavenigeria.com/register/" "Mozilla/5.0 (Windows NT 6.3; WOW64) AppleWebKit/537.36 (KHTML, like Gecko) Chrome/103.0.5060.114 Safari/537.36"
107.189.11.221 - - [22/Dec/2024:09:35:23 -0500] "GET /wp-login.php HTTP/1.1" 200 6933 "-" "Mozilla/5.0 (Windows NT 5.1) AppleWebKit/537.36 (KHTML, like Gecko) Chrome/36.0.1985.125 Safari/537.36"
154.47.21.189 - - [22/Dec/2024:09:34:51 -0500] "POST /register/ HTTP/1.0" 200 76048 "https://misswavenigeria.com/register/" "Mozilla/5.0 (Windows NT 6.3; WOW64) AppleWebKit/537.36 (KHTML, like Gecko) Chrome/103.0.5060.114 Safari/537.36"
66.29.132.124 - - [22/Dec/2024:09:36:38 -0500] "POST /wp-cron.php?doing_wp_cron=1734878198.6974821090698242187500 HTTP/1.1" 200 0 "-" "WordPress/6.7.1; https://misswavenigeria.com"
154.47.21.189 - - [22/Dec/2024:09:36:38 -0500] "GET /register/ HTTP/1.0" 200 75922 "https://misswavenigeria.com/" "Mozilla/5.0 (Windows NT 6.3; WOW64) AppleWebKit/537.36 (KHTML, like Gecko) Chrome/103.0.5060.114 Safari/537.36"
66.29.132.124 - - [22/Dec/2024:09:36:38 -0500] "POST /wp-admin/admin-ajax.php?action=async_litespeed&nonce=8nGL2MoucFv2S3OXENXTBmqV8529x1x8&litespeed_type=imgoptm HTTP/1.1" 200 21 "-" "WordPress/6.7.1; https://misswavenigeria.com"
66.29.132.124 - - [22/Dec/2024:09:37:59 -0500] "POST /wp-cron.php?doing_wp_cron=1734878279.9745531082153320312500 HTTP/1.1" 200 0 "-" "WordPress/6.7.1; https://misswavenigeria.com"
154.47.21.189 - - [22/Dec/2024:09:37:59 -0500] "GET / HTTP/1.0" 200 109055 "https://misswavenigeria.com/" "Mozilla/5.0 (Windows NT 10.0; Win64; x64) AppleWebKit/537.36 (KHTML, like Gecko) Chrome/103.0.5060.114 Safari/537.36"
66.29.132.124 - - [22/Dec/2024:09:38:00 -0500] "POST /wp-admin/admin-ajax.php?action=async_litespeed&nonce=7ra2ImiMka8rNSkXrddkEt5aNY4oQKit&litespeed_type=imgoptm HTTP/1.1" 200 21 "-" "WordPress/6.7.1; https://misswavenigeria.com"
154.47.21.189 - - [22/Dec/2024:09:38:02 -0500] "GET /register/ HTTP/1.0" 200 75922 "https://misswavenigeria.com/register/" "Mozilla/5.0 (Windows NT 10.0; Win64; x64) AppleWebKit/537.36 (KHTML, like Gecko) Chrome/103.0.5060.114 Safari/537.36"
154.47.21.189 - - [22/Dec/2024:09:38:03 -0500] "POST /register/ HTTP/1.0" 200 0 "https://misswavenigeria.com/register/" "Mozilla/5.0 (Windows NT 10.0; Win64; x64) AppleWebKit/537.36 (KHTML, like Gecko) Chrome/103.0.5060.114 Safari/537.36"
154.47.21.189 - - [22/Dec/2024:09:40:34 -0500] "GET /register/ HTTP/1.0" 200 75922 "https://misswavenigeria.com/" "Mozilla/5.0 (Windows NT 10.0; Win64; x64) AppleWebKit/537.36 (KHTML, like Gecko) Chrome/103.0.5060.114 Safari/537.36"
154.47.21.189 - - [22/Dec/2024:09:41:08 -0500] "GET / HTTP/1.0" 200 109055 "https://misswavenigeria.com/" "Mozilla/5.0 (Windows NT 10.0; WOW64) AppleWebKit/537.36 (KHTML, like Gecko) Chrome/103.0.5060.114 Safari/537.36"
154.47.21.189 - - [22/Dec/2024:09:41:10 -0500] "GET /register/ HTTP/1.0" 200 75922 "https://misswavenigeria.com/register/" "Mozilla/5.0 (Windows NT 10.0; WOW64) AppleWebKit/537.36 (KHTML, like Gecko) Chrome/103.0.5060.114 Safari/537.36"
66.29.132.124 - - [22/Dec/2024:09:41:17 -0500] "POST /wp-cron.php?doing_wp_cron=1734878476.4163269996643066406250 HTTP/1.1" 200 0 "-" "WordPress/6.7.1; https://misswavenigeria.com"
154.47.21.189 - - [22/Dec/2024:09:41:12 -0500] "POST /register/ HTTP/1.0" 200 0 "https://misswavenigeria.com/register/" "Mozilla/5.0 (Windows NT 10.0; WOW64) AppleWebKit/537.36 (KHTML, like Gecko) Chrome/103.0.5060.114 Safari/537.36"
154.47.21.189 - - [22/Dec/2024:09:43:42 -0500] "GET /register/ HTTP/1.0" 200 75922 "https://misswavenigeria.com/" "Mozilla/5.0 (Windows NT 10.0; WOW64) AppleWebKit/537.36 (KHTML, like Gecko) Chrome/103.0.5060.114 Safari/537.36"
154.47.21.189 - - [22/Dec/2024:09:44:17 -0500] "GET / HTTP/1.0" 200 109055 "https://misswavenigeria.com/" "Mozilla/5.0 (Windows NT 10.0; Win64; x64) AppleWebKit/537.36 (KHTML, like Gecko) Chrome/103.0.0.0 Safari/537.36 Herring/95.1.8810.11"
154.47.21.189 - - [22/Dec/2024:09:44:20 -0500] "GET /register/ HTTP/1.0" 200 75922 "https://misswavenigeria.com/register/" "Mozilla/5.0 (Windows NT 10.0; Win64; x64) AppleWebKit/537.36 (KHTML, like Gecko) Chrome/103.0.0.0 Safari/537.36 Herring/95.1.8810.11"
66.29.132.124 - - [22/Dec/2024:09:44:23 -0500] "POST /wp-cron.php?doing_wp_cron=1734878662.6072840690612792968750 HTTP/1.1" 200 0 "-" "WordPress/6.7.1; https://misswavenigeria.com"
66.29.132.124 - - [22/Dec/2024:09:46:44 -0500] "POST /wp-cron.php?doing_wp_cron=1734878804.8379690647125244140625 HTTP/1.1" 200 0 "-" "WordPress/6.7.1; https://misswavenigeria.com"
154.47.21.189 - - [22/Dec/2024:09:46:44 -0500] "GET /register/ HTTP/1.0" 200 75922 "https://misswavenigeria.com/" "Mozilla/5.0 (Windows NT 10.0; Win64; x64) AppleWebKit/537.36 (KHTML, like Gecko) Chrome/103.0.0.0 Safari/537.36 Herring/95.1.8810.11"
66.29.132.124 - - [22/Dec/2024:09:46:45 -0500] "POST /wp-admin/admin-ajax.php?action=async_litespeed&nonce=uZtbXkV6ePujgBhNtyuQF1Aj0P32YXGG&litespeed_type=imgoptm HTTP/1.1" 200 21 "-" "WordPress/6.7.1; https://misswavenigeria.com"
66.29.132.124 - - [22/Dec/2024:09:44:24 -0500] "POST /wp-admin/admin-ajax.php?action=async_litespeed&nonce=cIAyyLNwowlBkFKftVwgUPb3AWvjyT3K&litespeed_type=imgoptm HTTP/1.1" 200 0 "-" "WordPress/6.7.1; https://misswavenigeria.com"
154.47.21.189 - - [22/Dec/2024:09:44:22 -0500] "POST /register/ HTTP/1.0" 200 76048 "https://misswavenigeria.com/register/" "Mozilla/5.0 (Windows NT 10.0; Win64; x64) AppleWebKit/537.36 (KHTML, like Gecko) Chrome/103.0.0.0 Safari/537.36 Herring/95.1.8810.11"
154.47.21.189 - - [22/Dec/2024:09:47:21 -0500] "GET / HTTP/1.0" 200 109053 "https://misswavenigeria.com/" "Mozilla/5.0 (Windows NT 6.1; Win64; x64) AppleWebKit/537.36 (KHTML, like Gecko) Chrome/103.0.5060.66 Safari/537.36"
154.47.21.189 - - [22/Dec/2024:09:47:24 -0500] "GET /register/ HTTP/1.0" 200 75922 "https://misswavenigeria.com/register/" "Mozilla/5.0 (Windows NT 6.1; Win64; x64) AppleWebKit/537.36 (KHTML, like Gecko) Chrome/103.0.5060.66 Safari/537.36"
66.29.132.124 - - [22/Dec/2024:09:47:25 -0500] "POST /wp-cron.php?doing_wp_cron=1734878845.7363309860229492187500 HTTP/1.1" 200 0 "-" "WordPress/6.7.1; https://misswavenigeria.com"
154.47.21.189 - - [22/Dec/2024:09:47:25 -0500] "POST /register/ HTTP/1.0" 200 76048 "https://misswavenigeria.com/register/" "Mozilla/5.0 (Windows NT 6.1; Win64; x64) AppleWebKit/537.36 (KHTML, like Gecko) Chrome/103.0.5060.66 Safari/537.36"
66.29.132.124 - - [22/Dec/2024:09:48:45 -0500] "POST /wp-cron.php?doing_wp_cron=1734878925.6050291061401367187500 HTTP/1.1" 200 0 "-" "WordPress/6.7.1; https://misswavenigeria.com"
154.47.21.189 - - [22/Dec/2024:09:48:45 -0500] "GET /register/ HTTP/1.0" 200 75922 "https://misswavenigeria.com/" "Mozilla/5.0 (Windows NT 6.1; Win64; x64) AppleWebKit/537.36 (KHTML, like Gecko) Chrome/103.0.5060.66 Safari/537.36"
66.29.132.124 - - [22/Dec/2024:09:48:45 -0500] "POST /wp-admin/admin-ajax.php?action=async_litespeed&nonce=kFnRmJtKuBVuMum8LMCdjriBYPmrXvKt&litespeed_type=imgoptm HTTP/1.1" 200 21 "-" "WordPress/6.7.1; https://misswavenigeria.com"
66.29.132.124 - - [22/Dec/2024:09:50:49 -0500] "POST /wp-cron.php?doing_wp_cron=1734879049.3522269725799560546875 HTTP/1.1" 200 0 "-" "WordPress/6.7.1; https://misswavenigeria.com"
66.249.79.130 - - [22/Dec/2024:09:50:46 -0500] "GET /goods/10587.html HTTP/1.1" 404 15612 "-" "Mozilla/5.0 (Linux; Android 6.0.1; Nexus 5X Build/MMB29P) AppleWebKit/537.36 (KHTML, like Gecko) Chrome/131.0.6778.139 Mobile Safari/537.36 (compatible; Googlebot/2.1; +http://www.google.com/bot.html)"
66.29.132.124 - - [22/Dec/2024:09:50:49 -0500] "POST /wp-admin/admin-ajax.php?action=async_litespeed&nonce=yPfy7keQXRhBP32AIcvjIVb3u4rjwhI9&litespeed_type=imgoptm HTTP/1.1" 200 21 "-" "WordPress/6.7.1; https://misswavenigeria.com"
66.249.79.106 - - [22/Dec/2024:09:51:01 -0500] "GET /goods/U331546?k=product HTTP/1.1" 301 0 "-" "Mozilla/5.0 (Linux; Android 6.0.1; Nexus 5X Build/MMB29P) AppleWebKit/537.36 (KHTML, like Gecko) Chrome/131.0.6778.139 Mobile Safari/537.36 (compatible; Googlebot/2.1; +http://www.google.com/bot.html)"
66.249.79.106 - - [22/Dec/2024:09:51:01 -0500] "GET /goods/R277463?k=product HTTP/1.1" 301 0 "-" "Mozilla/5.0 (Linux; Android 6.0.1; Nexus 5X Build/MMB29P) AppleWebKit/537.36 (KHTML, like Gecko) Chrome/131.0.6778.139 Mobile Safari/537.36 (compatible; Googlebot/2.1; +http://www.google.com/bot.html)"
66.249.79.130 - - [22/Dec/2024:09:51:02 -0500] "GET /goods/U331546?k=product HTTP/1.1" 404 15612 "-" "Mozilla/5.0 (Linux; Android 6.0.1; Nexus 5X Build/MMB29P) AppleWebKit/537.36 (KHTML, like Gecko) Chrome/131.0.6778.139 Mobile Safari/537.36 (compatible; Googlebot/2.1; +http://www.google.com/bot.html)"
66.249.79.132 - - [22/Dec/2024:09:51:02 -0500] "GET /goods/R277463?k=product HTTP/1.1" 404 15612 "-" "Mozilla/5.0 (Linux; Android 6.0.1; Nexus 5X Build/MMB29P) AppleWebKit/537.36 (KHTML, like Gecko) Chrome/131.0.6778.139 Mobile Safari/537.36 (compatible; Googlebot/2.1; +http://www.google.com/bot.html)"
51.222.253.6 - - [22/Dec/2024:09:52:48 -0500] "GET /robots.txt HTTP/1.1" 200 99 "-" "Mozilla/5.0 (compatible; AhrefsBot/7.0; +http://ahrefs.com/robot/)"
66.29.132.124 - - [22/Dec/2024:09:53:56 -0500] "POST /wp-cron.php?doing_wp_cron=1734879236.7012510299682617187500 HTTP/1.1" 200 0 "-" "WordPress/6.7.1; https://misswavenigeria.com"
165.231.182.81 - - [22/Dec/2024:09:53:55 -0500] "GET / HTTP/1.0" 200 109053 "https://misswavenigeria.com/" "Mozilla/5.0 (Windows NT 10.0; Win64; x64) AppleWebKit/537.36 (KHTML, like Gecko) Chrome/103.0.0.0 Safari/537.36 OpenWave/97.4.2043.44"
66.29.132.124 - - [22/Dec/2024:09:53:56 -0500] "POST /wp-admin/admin-ajax.php?action=async_litespeed&nonce=eDTvO8pO95oMTD0IywkGFAtjvb0helaE&litespeed_type=imgoptm HTTP/1.1" 200 21 "-" "WordPress/6.7.1; https://misswavenigeria.com"
165.231.182.81 - - [22/Dec/2024:09:53:58 -0500] "GET /register/ HTTP/1.0" 200 75922 "https://misswavenigeria.com/register/" "Mozilla/5.0 (Windows NT 10.0; Win64; x64) AppleWebKit/537.36 (KHTML, like Gecko) Chrome/103.0.0.0 Safari/537.36 OpenWave/97.4.2043.44"
165.231.182.81 - - [22/Dec/2024:09:53:59 -0500] "POST /register/ HTTP/1.0" 200 76048 "https://misswavenigeria.com/register/" "Mozilla/5.0 (Windows NT 10.0; Win64; x64) AppleWebKit/537.36 (KHTML, like Gecko) Chrome/103.0.0.0 Safari/537.36 OpenWave/97.4.2043.44"
66.29.132.124 - - [22/Dec/2024:09:55:14 -0500] "POST /wp-cron.php?doing_wp_cron=1734879314.4422929286956787109375 HTTP/1.1" 200 0 "-" "WordPress/6.7.1; https://misswavenigeria.com"
165.231.182.81 - - [22/Dec/2024:09:55:14 -0500] "GET /register/ HTTP/1.0" 200 75922 "https://misswavenigeria.com/" "Mozilla/5.0 (Windows NT 10.0; Win64; x64) AppleWebKit/537.36 (KHTML, like Gecko) Chrome/103.0.0.0 Safari/537.36 OpenWave/97.4.2043.44"
66.29.132.124 - - [22/Dec/2024:09:55:14 -0500] "POST /wp-admin/admin-ajax.php?action=async_litespeed&nonce=f8hM04ESv3VJCKsOKsz6dl6zO1c7QCw9&litespeed_type=imgoptm HTTP/1.1" 200 21 "-" "WordPress/6.7.1; https://misswavenigeria.com"
66.29.132.124 - - [22/Dec/2024:09:57:34 -0500] "POST /wp-cron.php?doing_wp_cron=1734879454.1225678920745849609375 HTTP/1.1" 200 0 "-" "WordPress/6.7.1; https://misswavenigeria.com"
165.231.182.81 - - [22/Dec/2024:09:57:32 -0500] "GET / HTTP/1.0" 200 109055 "https://misswavenigeria.com/" "Mozilla/5.0 (Windows NT 6.3; Win64; x64) AppleWebKit/537.36 (KHTML, like Gecko) Chrome/103.0.5060.114 Safari/537.36"
66.29.132.124 - - [22/Dec/2024:09:57:34 -0500] "POST /wp-admin/admin-ajax.php?action=async_litespeed&nonce=EwWryPwFeaWmDsAaFDNDppQTQP9dtiL7&litespeed_type=imgoptm HTTP/1.1" 200 21 "-" "WordPress/6.7.1; https://misswavenigeria.com"
165.231.182.81 - - [22/Dec/2024:09:57:36 -0500] "GET /register/ HTTP/1.0" 200 75922 "https://misswavenigeria.com/register/" "Mozilla/5.0 (Windows NT 6.3; Win64; x64) AppleWebKit/537.36 (KHTML, like Gecko) Chrome/103.0.5060.114 Safari/537.36"
165.231.182.81 - - [22/Dec/2024:09:57:37 -0500] "POST /register/ HTTP/1.0" 200 76048 "https://misswavenigeria.com/register/" "Mozilla/5.0 (Windows NT 6.3; Win64; x64) AppleWebKit/537.36 (KHTML, like Gecko) Chrome/103.0.5060.114 Safari/537.36"
66.29.132.124 - - [22/Dec/2024:09:58:53 -0500] "POST /wp-cron.php?doing_wp_cron=1734879533.4562609195709228515625 HTTP/1.1" 200 0 "-" "WordPress/6.7.1; https://misswavenigeria.com"
165.231.182.81 - - [22/Dec/2024:09:58:53 -0500] "GET /register/ HTTP/1.0" 200 75922 "https://misswavenigeria.com/" "Mozilla/5.0 (Windows NT 6.3; Win64; x64) AppleWebKit/537.36 (KHTML, like Gecko) Chrome/103.0.5060.114 Safari/537.36"
66.29.132.124 - - [22/Dec/2024:09:58:53 -0500] "POST /wp-admin/admin-ajax.php?action=async_litespeed&nonce=NHQMhLXICVoqlhowCOEDSxhfcYgCqLXj&litespeed_type=imgoptm HTTP/1.1" 200 21 "-" "WordPress/6.7.1; https://misswavenigeria.com"
66.29.132.124 - - [22/Dec/2024:10:00:57 -0500] "POST /wp-cron.php?doing_wp_cron=1734879656.9860639572143554687500 HTTP/1.1" 200 0 "-" "WordPress/6.7.1; https://misswavenigeria.com"
165.231.182.81 - - [22/Dec/2024:10:00:55 -0500] "GET / HTTP/1.0" 200 109055 "https://misswavenigeria.com/" "Mozilla/5.0 (Windows NT 6.1) AppleWebKit/537.36 (KHTML, like Gecko) Chrome/103.0.5060.114 Safari/537.36"
66.29.132.124 - - [22/Dec/2024:10:00:57 -0500] "POST /wp-admin/admin-ajax.php?action=async_litespeed&nonce=NL06k3wjRcEF20yLMkwrneNqFxqgi7jy&litespeed_type=imgoptm HTTP/1.1" 200 21 "-" "WordPress/6.7.1; https://misswavenigeria.com"
165.231.182.81 - - [22/Dec/2024:10:00:59 -0500] "GET /register/ HTTP/1.0" 200 75922 "https://misswavenigeria.com/register/" "Mozilla/5.0 (Windows NT 6.1) AppleWebKit/537.36 (KHTML, like Gecko) Chrome/103.0.5060.114 Safari/537.36"
165.231.182.81 - - [22/Dec/2024:10:01:00 -0500] "POST /register/ HTTP/1.0" 200 76048 "https://misswavenigeria.com/register/" "Mozilla/5.0 (Windows NT 6.1) AppleWebKit/537.36 (KHTML, like Gecko) Chrome/103.0.5060.114 Safari/537.36"
66.29.132.124 - - [22/Dec/2024:10:02:12 -0500] "POST /wp-cron.php?doing_wp_cron=1734879732.9783890247344970703125 HTTP/1.1" 200 0 "-" "WordPress/6.7.1; https://misswavenigeria.com"
165.231.182.81 - - [22/Dec/2024:10:02:12 -0500] "GET /register/ HTTP/1.0" 200 75922 "https://misswavenigeria.com/" "Mozilla/5.0 (Windows NT 6.1) AppleWebKit/537.36 (KHTML, like Gecko) Chrome/103.0.5060.114 Safari/537.36"
66.29.132.124 - - [22/Dec/2024:10:02:13 -0500] "POST /wp-admin/admin-ajax.php?action=async_litespeed&nonce=AluI5TaUmWnCO0UMUSki0BQaVMtbJB7Q&litespeed_type=imgoptm HTTP/1.1" 200 21 "-" "WordPress/6.7.1; https://misswavenigeria.com"
66.29.132.124 - - [22/Dec/2024:10:04:18 -0500] "POST /wp-cron.php?doing_wp_cron=1734879858.1310310363769531250000 HTTP/1.1" 200 0 "-" "WordPress/6.7.1; https://misswavenigeria.com"
165.231.182.81 - - [22/Dec/2024:10:04:16 -0500] "GET / HTTP/1.0" 200 109053 "https://misswavenigeria.com/" "Mozilla/5.0 (Windows NT 10.0; Win64; x64) AppleWebKit/537.36 (KHTML, like Gecko) Chrome/103.0.5060.66 Safari/537.36"
66.29.132.124 - - [22/Dec/2024:10:04:18 -0500] "POST /wp-admin/admin-ajax.php?action=async_litespeed&nonce=QishhTOpOUquA8OEjk3y2krj6zukLXDG&litespeed_type=imgoptm HTTP/1.1" 200 21 "-" "WordPress/6.7.1; https://misswavenigeria.com"
165.231.182.81 - - [22/Dec/2024:10:04:20 -0500] "GET /register/ HTTP/1.0" 200 75922 "https://misswavenigeria.com/register/" "Mozilla/5.0 (Windows NT 10.0; Win64; x64) AppleWebKit/537.36 (KHTML, like Gecko) Chrome/103.0.5060.66 Safari/537.36"
165.231.182.81 - - [22/Dec/2024:10:04:21 -0500] "POST /register/ HTTP/1.0" 200 76048 "https://misswavenigeria.com/register/" "Mozilla/5.0 (Windows NT 10.0; Win64; x64) AppleWebKit/537.36 (KHTML, like Gecko) Chrome/103.0.5060.66 Safari/537.36"
66.29.132.124 - - [22/Dec/2024:10:05:47 -0500] "POST /wp-cron.php?doing_wp_cron=1734879947.0874540805816650390625 HTTP/1.1" 200 0 "-" "WordPress/6.7.1; https://misswavenigeria.com"
165.231.182.81 - - [22/Dec/2024:10:05:46 -0500] "GET /register/ HTTP/1.0" 200 75922 "https://misswavenigeria.com/" "Mozilla/5.0 (Windows NT 10.0; Win64; x64) AppleWebKit/537.36 (KHTML, like Gecko) Chrome/103.0.5060.66 Safari/537.36"
66.29.132.124 - - [22/Dec/2024:10:05:47 -0500] "POST /wp-admin/admin-ajax.php?action=async_litespeed&nonce=a2ZCu40APrqojTopF5RNvS6GPJQ3wroF&litespeed_type=imgoptm HTTP/1.1" 200 21 "-" "WordPress/6.7.1; https://misswavenigeria.com"
66.29.132.124 - - [22/Dec/2024:10:07:28 -0500] "POST /wp-cron.php?doing_wp_cron=1734880048.0027639865875244140625 HTTP/1.1" 200 0 "-" "WordPress/6.7.1; https://misswavenigeria.com"
66.29.132.124 - - [22/Dec/2024:10:07:28 -0500] "POST /wp-admin/admin-ajax.php?action=async_litespeed&nonce=QputF0WY4Xb8r0PsoAkFzT5ZaPd0bOea&litespeed_type=imgoptm HTTP/1.1" 200 21 "-" "WordPress/6.7.1; https://misswavenigeria.com"
165.231.182.81 - - [22/Dec/2024:10:07:25 -0500] "GET / HTTP/1.0" 200 109055 "https://misswavenigeria.com/" "Mozilla/5.0 (Windows NT 6.1; Win64; x64) AppleWebKit/537.36 (KHTML, like Gecko) Chrome/103.0.0.0 Safari/537.36"
165.231.182.81 - - [22/Dec/2024:10:07:31 -0500] "GET /register/ HTTP/1.0" 200 75922 "https://misswavenigeria.com/register/" "Mozilla/5.0 (Windows NT 6.1; Win64; x64) AppleWebKit/537.36 (KHTML, like Gecko) Chrome/103.0.0.0 Safari/537.36"
66.29.132.124 - - [22/Dec/2024:10:07:32 -0500] "POST /wp-cron.php?doing_wp_cron=1734880052.7055718898773193359375 HTTP/1.1" 200 0 "-" "WordPress/6.7.1; https://misswavenigeria.com"
66.29.132.124 - - [22/Dec/2024:10:07:32 -0500] "POST /wp-admin/admin-ajax.php?action=async_litespeed&nonce=mCY1XvLP5Ks0XwtgQnq8sRFHtKAtCwx0&litespeed_type=imgoptm HTTP/1.1" 200 21 "-" "WordPress/6.7.1; https://misswavenigeria.com"
165.231.182.81 - - [22/Dec/2024:10:07:32 -0500] "POST /register/ HTTP/1.0" 200 76048 "https://misswavenigeria.com/register/" "Mozilla/5.0 (Windows NT 6.1; Win64; x64) AppleWebKit/537.36 (KHTML, like Gecko) Chrome/103.0.0.0 Safari/537.36"
66.29.132.124 - - [22/Dec/2024:10:08:48 -0500] "POST /wp-cron.php?doing_wp_cron=1734880128.1183729171752929687500 HTTP/1.1" 200 0 "-" "WordPress/6.7.1; https://misswavenigeria.com"
165.231.182.81 - - [22/Dec/2024:10:08:47 -0500] "GET /register/ HTTP/1.0" 200 75922 "https://misswavenigeria.com/" "Mozilla/5.0 (Windows NT 6.1; Win64; x64) AppleWebKit/537.36 (KHTML, like Gecko) Chrome/103.0.0.0 Safari/537.36"
66.29.132.124 - - [22/Dec/2024:10:08:48 -0500] "POST /wp-admin/admin-ajax.php?action=async_litespeed&nonce=CsiKr39xNUL4254yLks1rBz8q4m3E5YL&litespeed_type=imgoptm HTTP/1.1" 200 21 "-" "WordPress/6.7.1; https://misswavenigeria.com"
66.29.132.124 - - [22/Dec/2024:10:10:40 -0500] "POST /wp-cron.php?doing_wp_cron=1734880240.6923940181732177734375 HTTP/1.1" 200 0 "-" "WordPress/6.7.1; https://misswavenigeria.com"
165.231.182.81 - - [22/Dec/2024:10:10:38 -0500] "GET / HTTP/1.0" 200 109053 "https://misswavenigeria.com/" "Mozilla/5.0 (Windows NT 6.3; WOW64) AppleWebKit/537.36 (KHTML, like Gecko) Chrome/103.0.0.0 Safari/537.36"
66.29.132.124 - - [22/Dec/2024:10:10:40 -0500] "POST /wp-admin/admin-ajax.php?action=async_litespeed&nonce=CaVBY1dwoK4ns4ZFPKXdTfldlSPWO773&litespeed_type=imgoptm HTTP/1.1" 200 21 "-" "WordPress/6.7.1; https://misswavenigeria.com"
165.231.182.81 - - [22/Dec/2024:10:10:42 -0500] "GET /register/ HTTP/1.0" 200 75922 "https://misswavenigeria.com/register/" "Mozilla/5.0 (Windows NT 6.3; WOW64) AppleWebKit/537.36 (KHTML, like Gecko) Chrome/103.0.0.0 Safari/537.36"
