86.160.15.41 - - [23/Dec/2024:13:34:45 -0500] "GET /wp-content/themes/gerold/assets/css/gerold-custom.css?ver=1.1.2 HTTP/1.1" 200 0 "https://cynthiaadediran.com/" "Mozilla/5.0 (Macintosh; Intel Mac OS X 10_15_7) AppleWebKit/605.1.15 (KHTML, like Gecko) Version/18.1 Safari/605.1.15"
86.160.15.41 - - [23/Dec/2024:13:34:45 -0500] "GET /wp-content/uploads/elementor/css/post-32.css?ver=1732204945 HTTP/1.1" 200 313 "https://cynthiaadediran.com/" "Mozilla/5.0 (Macintosh; Intel Mac OS X 10_15_7) AppleWebKit/605.1.15 (KHTML, like Gecko) Version/18.1 Safari/605.1.15"
86.160.15.41 - - [23/Dec/2024:13:34:45 -0500] "GET /wp-content/uploads/elementor/css/post-100.css?ver=1732204947 HTTP/1.1" 200 1347 "https://cynthiaadediran.com/" "Mozilla/5.0 (Macintosh; Intel Mac OS X 10_15_7) AppleWebKit/605.1.15 (KHTML, like Gecko) Version/18.1 Safari/605.1.15"
86.160.15.41 - - [23/Dec/2024:13:34:45 -0500] "GET /wp-content/plugins/tj-gerold-core/inc/icons/flaticon/css/flaticon_gerold.css?ver=1.0.0 HTTP/1.1" 200 797 "https://cynthiaadediran.com/" "Mozilla/5.0 (Macintosh; Intel Mac OS X 10_15_7) AppleWebKit/605.1.15 (KHTML, like Gecko) Version/18.1 Safari/605.1.15"
86.160.15.41 - - [23/Dec/2024:13:34:46 -0500] "GET /wp-content/plugins/woocommerce/assets/js/frontend/woocommerce.min.js?ver=9.5.1 HTTP/1.1" 200 1061 "https://cynthiaadediran.com/" "Mozilla/5.0 (Macintosh; Intel Mac OS X 10_15_7) AppleWebKit/605.1.15 (KHTML, like Gecko) Version/18.1 Safari/605.1.15"
86.160.15.41 - - [23/Dec/2024:13:34:46 -0500] "GET /wp-content/plugins/woocommerce/assets/js/frontend/add-to-cart.min.js?ver=9.5.1 HTTP/1.1" 200 1225 "https://cynthiaadediran.com/" "Mozilla/5.0 (Macintosh; Intel Mac OS X 10_15_7) AppleWebKit/605.1.15 (KHTML, like Gecko) Version/18.1 Safari/605.1.15"
86.160.15.41 - - [23/Dec/2024:13:34:46 -0500] "GET /wp-content/plugins/woocommerce/assets/js/jquery-blockui/jquery.blockUI.min.js?ver=2.7.0-wc.9.5.1 HTTP/1.1" 200 3277 "https://cynthiaadediran.com/" "Mozilla/5.0 (Macintosh; Intel Mac OS X 10_15_7) AppleWebKit/605.1.15 (KHTML, like Gecko) Version/18.1 Safari/605.1.15"
86.160.15.41 - - [23/Dec/2024:13:34:46 -0500] "GET /wp-content/plugins/woocommerce/assets/js/js-cookie/js.cookie.min.js?ver=2.1.4-wc.9.5.1 HTTP/1.1" 200 760 "https://cynthiaadediran.com/" "Mozilla/5.0 (Macintosh; Intel Mac OS X 10_15_7) AppleWebKit/605.1.15 (KHTML, like Gecko) Version/18.1 Safari/605.1.15"
86.160.15.41 - - [23/Dec/2024:13:34:46 -0500] "GET /wp-content/plugins/woocommerce/assets/client/blocks/wc-blocks.css?ver=wc-9.5.1 HTTP/1.1" 200 2367 "https://cynthiaadediran.com/" "Mozilla/5.0 (Macintosh; Intel Mac OS X 10_15_7) AppleWebKit/605.1.15 (KHTML, like Gecko) Version/18.1 Safari/605.1.15"
86.160.15.41 - - [23/Dec/2024:13:34:46 -0500] "GET /wp-includes/js/dist/i18n.min.js?ver=5e580eb46a90c2b997e6 HTTP/1.1" 200 3542 "https://cynthiaadediran.com/" "Mozilla/5.0 (Macintosh; Intel Mac OS X 10_15_7) AppleWebKit/605.1.15 (KHTML, like Gecko) Version/18.1 Safari/605.1.15"
86.160.15.41 - - [23/Dec/2024:13:34:45 -0500] "GET /wp-content/themes/gerold/assets/css/bootstrap.min.css?ver=6.7.1 HTTP/1.1" 200 28306 "https://cynthiaadediran.com/" "Mozilla/5.0 (Macintosh; Intel Mac OS X 10_15_7) AppleWebKit/605.1.15 (KHTML, like Gecko) Version/18.1 Safari/605.1.15"
86.160.15.41 - - [23/Dec/2024:13:34:45 -0500] "GET /wp-content/themes/gerold/assets/css/font-awesome-pro.min.css?ver=6.7.1 HTTP/1.1" 200 96869 "https://cynthiaadediran.com/" "Mozilla/5.0 (Macintosh; Intel Mac OS X 10_15_7) AppleWebKit/605.1.15 (KHTML, like Gecko) Version/18.1 Safari/605.1.15"
86.160.15.41 - - [23/Dec/2024:13:34:45 -0500] "GET /wp-content/themes/gerold/assets/css/gerold-core.css?ver=1.1.2 HTTP/1.1" 200 12767 "https://cynthiaadediran.com/" "Mozilla/5.0 (Macintosh; Intel Mac OS X 10_15_7) AppleWebKit/605.1.15 (KHTML, like Gecko) Version/18.1 Safari/605.1.15"
86.160.15.41 - - [23/Dec/2024:13:34:45 -0500] "GET /wp-content/themes/gerold/assets/css/animate.min.css?ver=6.7.1 HTTP/1.1" 200 4285 "https://cynthiaadediran.com/" "Mozilla/5.0 (Macintosh; Intel Mac OS X 10_15_7) AppleWebKit/605.1.15 (KHTML, like Gecko) Version/18.1 Safari/605.1.15"
86.160.15.41 - - [23/Dec/2024:13:34:45 -0500] "GET /wp-content/themes/gerold/assets/css/swiper.min.css?ver=6.7.1 HTTP/1.1" 200 4423 "https://cynthiaadediran.com/" "Mozilla/5.0 (Macintosh; Intel Mac OS X 10_15_7) AppleWebKit/605.1.15 (KHTML, like Gecko) Version/18.1 Safari/605.1.15"
86.160.15.41 - - [23/Dec/2024:13:34:45 -0500] "GET /wp-content/plugins/elementor/assets/css/frontend.min.css?ver=3.26.3 HTTP/1.1" 200 6458 "https://cynthiaadediran.com/" "Mozilla/5.0 (Macintosh; Intel Mac OS X 10_15_7) AppleWebKit/605.1.15 (KHTML, like Gecko) Version/18.1 Safari/605.1.15"
86.160.15.41 - - [23/Dec/2024:13:34:46 -0500] "GET /wp-includes/js/jquery/jquery-migrate.min.js?ver=3.4.1 HTTP/1.1" 200 4678 "https://cynthiaadediran.com/" "Mozilla/5.0 (Macintosh; Intel Mac OS X 10_15_7) AppleWebKit/605.1.15 (KHTML, like Gecko) Version/18.1 Safari/605.1.15"
86.160.15.41 - - [23/Dec/2024:13:34:46 -0500] "GET /wp-content/themes/gerold/assets/js/nice-select.js?ver=6.7.1 HTTP/1.1" 200 930 "https://cynthiaadediran.com/" "Mozilla/5.0 (Macintosh; Intel Mac OS X 10_15_7) AppleWebKit/605.1.15 (KHTML, like Gecko) Version/18.1 Safari/605.1.15"
86.160.15.41 - - [23/Dec/2024:13:34:46 -0500] "GET /wp-content/plugins/contact-form-7/includes/js/index.js?ver=6.0.2 HTTP/1.1" 200 4008 "https://cynthiaadediran.com/" "Mozilla/5.0 (Macintosh; Intel Mac OS X 10_15_7) AppleWebKit/605.1.15 (KHTML, like Gecko) Version/18.1 Safari/605.1.15"
86.160.15.41 - - [23/Dec/2024:13:34:46 -0500] "GET /wp-content/plugins/contact-form-7/includes/swv/js/index.js?ver=6.0.2 HTTP/1.1" 200 3369 "https://cynthiaadediran.com/" "Mozilla/5.0 (Macintosh; Intel Mac OS X 10_15_7) AppleWebKit/605.1.15 (KHTML, like Gecko) Version/18.1 Safari/605.1.15"
86.160.15.41 - - [23/Dec/2024:13:34:46 -0500] "GET /wp-content/themes/gerold/assets/js/meanmenu.js?ver=6.7.1 HTTP/1.1" 200 3200 "https://cynthiaadediran.com/" "Mozilla/5.0 (Macintosh; Intel Mac OS X 10_15_7) AppleWebKit/605.1.15 (KHTML, like Gecko) Version/18.1 Safari/605.1.15"
86.160.15.41 - - [23/Dec/2024:13:34:46 -0500] "GET /wp-content/plugins/tj-gerold-core/assets/js/tjcore.js?ver=1.1.2 HTTP/1.1" 200 1742 "https://cynthiaadediran.com/" "Mozilla/5.0 (Macintosh; Intel Mac OS X 10_15_7) AppleWebKit/605.1.15 (KHTML, like Gecko) Version/18.1 Safari/605.1.15"
86.160.15.41 - - [23/Dec/2024:13:34:46 -0500] "GET /wp-content/themes/gerold/assets/js/wow.min.js?ver=6.7.1 HTTP/1.1" 200 2572 "https://cynthiaadediran.com/" "Mozilla/5.0 (Macintosh; Intel Mac OS X 10_15_7) AppleWebKit/605.1.15 (KHTML, like Gecko) Version/18.1 Safari/605.1.15"
86.160.15.41 - - [23/Dec/2024:13:34:46 -0500] "GET /wp-content/themes/gerold/assets/js/bootstrap.bundle.min.js?ver=6.7.1 HTTP/1.1" 200 22905 "https://cynthiaadediran.com/" "Mozilla/5.0 (Macintosh; Intel Mac OS X 10_15_7) AppleWebKit/605.1.15 (KHTML, like Gecko) Version/18.1 Safari/605.1.15"
86.160.15.41 - - [23/Dec/2024:13:34:46 -0500] "GET /wp-content/themes/gerold/assets/js/smooth-scroll.js?ver=6.7.1 HTTP/1.1" 200 6535 "https://cynthiaadediran.com/" "Mozilla/5.0 (Macintosh; Intel Mac OS X 10_15_7) AppleWebKit/605.1.15 (KHTML, like Gecko) Version/18.1 Safari/605.1.15"
86.160.15.41 - - [23/Dec/2024:13:34:46 -0500] "GET /wp-content/themes/gerold/assets/js/gsap.min.js?ver=6.7.1 HTTP/1.1" 200 27126 "https://cynthiaadediran.com/" "Mozilla/5.0 (Macintosh; Intel Mac OS X 10_15_7) AppleWebKit/605.1.15 (KHTML, like Gecko) Version/18.1 Safari/605.1.15"
86.160.15.41 - - [23/Dec/2024:13:34:46 -0500] "GET /wp-content/themes/gerold/assets/js/isotope.pkgd.min.js?ver=6.7.1 HTTP/1.1" 200 9601 "https://cynthiaadediran.com/" "Mozilla/5.0 (Macintosh; Intel Mac OS X 10_15_7) AppleWebKit/605.1.15 (KHTML, like Gecko) Version/18.1 Safari/605.1.15"
86.160.15.41 - - [23/Dec/2024:13:34:46 -0500] "GET /wp-content/uploads/2024/05/Screenshot-2024-08-02-at-09.05.02-e1722586179554-550x475.png HTTP/1.1" 200 420558 "https://cynthiaadediran.com/" "Mozilla/5.0 (Macintosh; Intel Mac OS X 10_15_7) AppleWebKit/605.1.15 (KHTML, like Gecko) Version/18.1 Safari/605.1.15"
86.160.15.41 - - [23/Dec/2024:13:34:46 -0500] "GET /wp-content/themes/gerold/assets/js/main.js?ver=1.1.2 HTTP/1.1" 200 2661 "https://cynthiaadediran.com/" "Mozilla/5.0 (Macintosh; Intel Mac OS X 10_15_7) AppleWebKit/605.1.15 (KHTML, like Gecko) Version/18.1 Safari/605.1.15"
86.160.15.41 - - [23/Dec/2024:13:34:46 -0500] "GET /wp-content/plugins/woocommerce/assets/js/frontend/order-attribution.min.js?ver=9.5.1 HTTP/1.1" 200 1006 "https://cynthiaadediran.com/" "Mozilla/5.0 (Macintosh; Intel Mac OS X 10_15_7) AppleWebKit/605.1.15 (KHTML, like Gecko) Version/18.1 Safari/605.1.15"
86.160.15.41 - - [23/Dec/2024:13:34:46 -0500] "GET /wp-content/themes/gerold/assets/css/gerold-light-mode.css?ver=1.1.2 HTTP/1.1" 304 0 "https://cynthiaadediran.com/" "Mozilla/5.0 (Macintosh; Intel Mac OS X 10_15_7) AppleWebKit/605.1.15 (KHTML, like Gecko) Version/18.1 Safari/605.1.15"
86.160.15.41 - - [23/Dec/2024:13:34:46 -0500] "GET /wp-content/plugins/elementor/assets/js/webpack.runtime.min.js?ver=3.26.3 HTTP/1.1" 200 2236 "https://cynthiaadediran.com/" "Mozilla/5.0 (Macintosh; Intel Mac OS X 10_15_7) AppleWebKit/605.1.15 (KHTML, like Gecko) Version/18.1 Safari/605.1.15"
86.160.15.41 - - [23/Dec/2024:13:34:46 -0500] "GET /wp-content/themes/gerold/assets/css/gerold-unit.css?ver=1.1.2 HTTP/1.1" 304 0 "https://cynthiaadediran.com/" "Mozilla/5.0 (Macintosh; Intel Mac OS X 10_15_7) AppleWebKit/605.1.15 (KHTML, like Gecko) Version/18.1 Safari/605.1.15"
86.160.15.41 - - [23/Dec/2024:13:34:46 -0500] "GET /wp-includes/js/jquery/jquery.min.js?ver=3.7.1 HTTP/1.1" 304 0 "https://cynthiaadediran.com/" "Mozilla/5.0 (Macintosh; Intel Mac OS X 10_15_7) AppleWebKit/605.1.15 (KHTML, like Gecko) Version/18.1 Safari/605.1.15"
86.160.15.41 - - [23/Dec/2024:13:34:46 -0500] "GET /wp-content/uploads/2024/07/CGE-LOGO.jpg.webp HTTP/1.1" 304 0 "https://cynthiaadediran.com/" "Mozilla/5.0 (Macintosh; Intel Mac OS X 10_15_7) AppleWebKit/605.1.15 (KHTML, like Gecko) Version/18.1 Safari/605.1.15"
86.160.15.41 - - [23/Dec/2024:13:34:46 -0500] "GET /wp-includes/js/dist/hooks.min.js?ver=4d63a3d491d11ffd8ac6 HTTP/1.1" 304 0 "https://cynthiaadediran.com/" "Mozilla/5.0 (Macintosh; Intel Mac OS X 10_15_7) AppleWebKit/605.1.15 (KHTML, like Gecko) Version/18.1 Safari/605.1.15"
86.160.15.41 - - [23/Dec/2024:13:34:46 -0500] "GET /wp-content/plugins/woocommerce/assets/js/sourcebuster/sourcebuster.min.js?ver=9.5.1 HTTP/1.1" 200 4609 "https://cynthiaadediran.com/" "Mozilla/5.0 (Macintosh; Intel Mac OS X 10_15_7) AppleWebKit/605.1.15 (KHTML, like Gecko) Version/18.1 Safari/605.1.15"
86.160.15.41 - - [23/Dec/2024:13:34:46 -0500] "GET /wp-content/themes/gerold/assets/js/swiper.min.js?ver=6.7.1 HTTP/1.1" 200 49227 "https://cynthiaadediran.com/" "Mozilla/5.0 (Macintosh; Intel Mac OS X 10_15_7) AppleWebKit/605.1.15 (KHTML, like Gecko) Version/18.1 Safari/605.1.15"
86.160.15.41 - - [23/Dec/2024:13:34:46 -0500] "GET /wp-content/plugins/elementor/assets/js/frontend-modules.min.js?ver=3.26.3 HTTP/1.1" 200 14959 "https://cynthiaadediran.com/" "Mozilla/5.0 (Macintosh; Intel Mac OS X 10_15_7) AppleWebKit/605.1.15 (KHTML, like Gecko) Version/18.1 Safari/605.1.15"
86.160.15.41 - - [23/Dec/2024:13:34:46 -0500] "GET /wp-content/themes/gerold/assets/js/magnific-popup.js?ver=6.7.1 HTTP/1.1" 200 7043 "https://cynthiaadediran.com/" "Mozilla/5.0 (Macintosh; Intel Mac OS X 10_15_7) AppleWebKit/605.1.15 (KHTML, like Gecko) Version/18.1 Safari/605.1.15"
86.160.15.41 - - [23/Dec/2024:13:34:46 -0500] "GET /wp-includes/js/jquery/ui/core.min.js?ver=1.13.3 HTTP/1.1" 200 6811 "https://cynthiaadediran.com/" "Mozilla/5.0 (Macintosh; Intel Mac OS X 10_15_7) AppleWebKit/605.1.15 (KHTML, like Gecko) Version/18.1 Safari/605.1.15"
86.160.15.41 - - [23/Dec/2024:13:34:46 -0500] "GET /wp-content/plugins/elementor/assets/js/frontend.min.js?ver=3.26.3 HTTP/1.1" 200 13417 "https://cynthiaadediran.com/" "Mozilla/5.0 (Macintosh; Intel Mac OS X 10_15_7) AppleWebKit/605.1.15 (KHTML, like Gecko) Version/18.1 Safari/605.1.15"
86.160.15.41 - - [23/Dec/2024:13:34:47 -0500] "GET /wp-content/plugins/woocommerce/assets/css/woocommerce-smallscreen.css?ver=9.5.1 HTTP/1.1" 200 1127 "https://cynthiaadediran.com/" "Mozilla/5.0 (Macintosh; Intel Mac OS X 10_15_7) AppleWebKit/605.1.15 (KHTML, like Gecko) Version/18.1 Safari/605.1.15"
86.160.15.41 - - [23/Dec/2024:13:34:47 -0500] "GET /wp-content/uploads/2024/07/cropped-Cynthia-Adediran-Logo-White.png HTTP/1.1" 200 9427 "https://cynthiaadediran.com/" "Mozilla/5.0 (Macintosh; Intel Mac OS X 10_15_7) AppleWebKit/605.1.15 (KHTML, like Gecko) Version/18.1 Safari/605.1.15"
86.160.15.41 - - [23/Dec/2024:13:34:47 -0500] "GET /wp-content/fonts/sora/xMQ9uFFYT72X5wkB_18qmnndmSdSnh2BAfO5mnuyOo1lfiQwV6-x.woff2 HTTP/1.1" 200 25064 "https://cynthiaadediran.com/" "Mozilla/5.0 (Macintosh; Intel Mac OS X 10_15_7) AppleWebKit/605.1.15 (KHTML, like Gecko) Version/18.1 Safari/605.1.15"
86.160.15.41 - - [23/Dec/2024:13:34:47 -0500] "GET /wp-content/plugins/tj-gerold-core/inc/icons/flaticon/fonts/flaticon_gerold.woff2?9ece749f93b45dc5cc6e2c206d60c453 HTTP/1.1" 200 9844 "https://cynthiaadediran.com/" "Mozilla/5.0 (Macintosh; Intel Mac OS X 10_15_7) AppleWebKit/605.1.15 (KHTML, like Gecko) Version/18.1 Safari/605.1.15"
86.160.15.41 - - [23/Dec/2024:13:34:48 -0500] "GET /wp-content/uploads/2024/05/Screenshot-2024-08-02-at-08.45.49-e1722586621747-550x475.png HTTP/1.1" 200 203839 "https://cynthiaadediran.com/" "Mozilla/5.0 (Macintosh; Intel Mac OS X 10_15_7) AppleWebKit/605.1.15 (KHTML, like Gecko) Version/18.1 Safari/605.1.15"
86.160.15.41 - - [23/Dec/2024:13:34:48 -0500] "GET /wp-content/uploads/2024/07/IMG_0389-scaled-e1721758373808.jpg HTTP/1.1" 200 296815 "https://cynthiaadediran.com/" "Mozilla/5.0 (Macintosh; Intel Mac OS X 10_15_7) AppleWebKit/605.1.15 (KHTML, like Gecko) Version/18.1 Safari/605.1.15"
86.160.15.41 - - [23/Dec/2024:13:34:49 -0500] "GET /wp-content/themes/gerold/assets/fonts/flaticon_gerold.woff2?5df17bbe8cd19f777619d1e48053f6e5 HTTP/1.1" 200 8740 "https://cynthiaadediran.com/" "Mozilla/5.0 (Macintosh; Intel Mac OS X 10_15_7) AppleWebKit/605.1.15 (KHTML, like Gecko) Version/18.1 Safari/605.1.15"
86.160.15.41 - - [23/Dec/2024:13:34:49 -0500] "GET /wp-content/uploads/2024/05/Screenshot-2024-04-15-at-16.43.47-550x475.png HTTP/1.1" 200 144355 "https://cynthiaadediran.com/" "Mozilla/5.0 (Macintosh; Intel Mac OS X 10_15_7) AppleWebKit/605.1.15 (KHTML, like Gecko) Version/18.1 Safari/605.1.15"
86.160.15.41 - - [23/Dec/2024:13:34:49 -0500] "GET /wp-content/uploads/2024/07/seo_75L.jpg HTTP/1.1" 200 52970 "https://cynthiaadediran.com/" "Mozilla/5.0 (Macintosh; Intel Mac OS X 10_15_7) AppleWebKit/605.1.15 (KHTML, like Gecko) Version/18.1 Safari/605.1.15"
86.160.15.41 - - [23/Dec/2024:13:34:49 -0500] "GET /wp-content/uploads/2024/07/ppc-advertising-2023-guide-banner.webp HTTP/1.1" 200 76946 "https://cynthiaadediran.com/" "Mozilla/5.0 (Macintosh; Intel Mac OS X 10_15_7) AppleWebKit/605.1.15 (KHTML, like Gecko) Version/18.1 Safari/605.1.15"
86.160.15.41 - - [23/Dec/2024:13:34:49 -0500] "GET /wp-content/uploads/2024/07/book24logo-small.png.jpeg HTTP/1.1" 200 3243 "https://cynthiaadediran.com/" "Mozilla/5.0 (Macintosh; Intel Mac OS X 10_15_7) AppleWebKit/605.1.15 (KHTML, like Gecko) Version/18.1 Safari/605.1.15"
86.160.15.41 - - [23/Dec/2024:13:34:49 -0500] "GET /wp-content/uploads/2024/07/DIIXA-LOGO.png HTTP/1.1" 200 36058 "https://cynthiaadediran.com/" "Mozilla/5.0 (Macintosh; Intel Mac OS X 10_15_7) AppleWebKit/605.1.15 (KHTML, like Gecko) Version/18.1 Safari/605.1.15"
86.160.15.41 - - [23/Dec/2024:13:34:49 -0500] "GET /wp-content/uploads/2024/07/importance-of-email-marketing.jpg HTTP/1.1" 200 40371 "https://cynthiaadediran.com/" "Mozilla/5.0 (Macintosh; Intel Mac OS X 10_15_7) AppleWebKit/605.1.15 (KHTML, like Gecko) Version/18.1 Safari/605.1.15"
86.160.15.41 - - [23/Dec/2024:13:34:49 -0500] "GET /wp-content/uploads/2024/07/SMM-1170x630-1.jpg HTTP/1.1" 200 108735 "https://cynthiaadediran.com/" "Mozilla/5.0 (Macintosh; Intel Mac OS X 10_15_7) AppleWebKit/605.1.15 (KHTML, like Gecko) Version/18.1 Safari/605.1.15"
86.160.15.41 - - [23/Dec/2024:13:34:49 -0500] "GET /wp-content/uploads/2024/07/Wave-studio-logo-scaled-e1721752794172.jpg HTTP/1.1" 200 65840 "https://cynthiaadediran.com/" "Mozilla/5.0 (Macintosh; Intel Mac OS X 10_15_7) AppleWebKit/605.1.15 (KHTML, like Gecko) Version/18.1 Safari/605.1.15"
86.160.15.41 - - [23/Dec/2024:13:34:49 -0500] "GET /wp-content/uploads/2024/07/faster-video-editing.jpg HTTP/1.1" 200 36298 "https://cynthiaadediran.com/" "Mozilla/5.0 (Macintosh; Intel Mac OS X 10_15_7) AppleWebKit/605.1.15 (KHTML, like Gecko) Version/18.1 Safari/605.1.15"
86.160.15.41 - - [23/Dec/2024:13:34:49 -0500] "GET /wp-content/uploads/2024/07/Bimpe-scaled-e1721753978687.jpg HTTP/1.1" 200 155726 "https://cynthiaadediran.com/" "Mozilla/5.0 (Macintosh; Intel Mac OS X 10_15_7) AppleWebKit/605.1.15 (KHTML, like Gecko) Version/18.1 Safari/605.1.15"
86.160.15.41 - - [23/Dec/2024:13:34:49 -0500] "GET /wp-content/uploads/2024/07/IMG_0632.jpg HTTP/1.1" 200 423102 "https://cynthiaadediran.com/" "Mozilla/5.0 (Macintosh; Intel Mac OS X 10_15_7) AppleWebKit/605.1.15 (KHTML, like Gecko) Version/18.1 Safari/605.1.15"
86.160.15.41 - - [23/Dec/2024:13:34:50 -0500] "GET /wp-content/themes/gerold/assets/images/icons/down-arrow.svg HTTP/1.1" 200 455 "https://cynthiaadediran.com/" "Mozilla/5.0 (Macintosh; Intel Mac OS X 10_15_7) AppleWebKit/605.1.15 (KHTML, like Gecko) Version/18.1 Safari/605.1.15"
86.160.15.41 - - [23/Dec/2024:13:34:49 -0500] "GET /wp-content/uploads/2024/07/IMG_0631.jpg HTTP/1.1" 200 897016 "https://cynthiaadediran.com/" "Mozilla/5.0 (Macintosh; Intel Mac OS X 10_15_7) AppleWebKit/605.1.15 (KHTML, like Gecko) Version/18.1 Safari/605.1.15"
86.160.15.41 - - [23/Dec/2024:13:34:49 -0500] "GET /wp-content/uploads/2024/07/Tayo.jpg HTTP/1.1" 200 952742 "https://cynthiaadediran.com/" "Mozilla/5.0 (Macintosh; Intel Mac OS X 10_15_7) AppleWebKit/605.1.15 (KHTML, like Gecko) Version/18.1 Safari/605.1.15"
86.160.15.41 - - [23/Dec/2024:13:34:51 -0500] "GET /wp-content/uploads/2024/07/cropped-cropped-Cynthia-Adediran-Logo-32x32.png HTTP/1.1" 200 1323 "https://cynthiaadediran.com/" "Mozilla/5.0 (Macintosh; Intel Mac OS X 10_15_7) AppleWebKit/605.1.15 (KHTML, like Gecko) Version/18.1 Safari/605.1.15"
86.160.15.41 - - [23/Dec/2024:13:34:51 -0500] "GET /wp-content/uploads/2024/07/cropped-cropped-Cynthia-Adediran-Logo-192x192.png HTTP/1.1" 200 13554 "https://cynthiaadediran.com/" "Mozilla/5.0 (Macintosh; Intel Mac OS X 10_15_7) AppleWebKit/605.1.15 (KHTML, like Gecko) Version/18.1 Safari/605.1.15"
86.160.15.41 - - [23/Dec/2024:13:34:51 -0500] "GET /wp-content/uploads/2024/07/cropped-cropped-Cynthia-Adediran-Logo-180x180.png HTTP/1.1" 200 12604 "-" "Safari/18619.2.8.111.5 CFNetwork/1410.4 Darwin/22.6.0"
86.160.15.41 - - [23/Dec/2024:13:34:51 -0500] "GET /wp-json/contact-form-7/v1/contact-forms/486/refill HTTP/1.1" 200 2 "https://cynthiaadediran.com/" "Mozilla/5.0 (Macintosh; Intel Mac OS X 10_15_7) AppleWebKit/605.1.15 (KHTML, like Gecko) Version/18.1 Safari/605.1.15"
86.160.15.41 - - [23/Dec/2024:13:34:49 -0500] "GET /wp-json/contact-form-7/v1/contact-forms/486/feedback/schema HTTP/1.1" 200 1293 "https://cynthiaadediran.com/" "Mozilla/5.0 (Macintosh; Intel Mac OS X 10_15_7) AppleWebKit/605.1.15 (KHTML, like Gecko) Version/18.1 Safari/605.1.15"
40.94.104.97 - - [23/Dec/2024:13:39:01 -0500] "GET / HTTP/1.1" 200 0 "-" "Mozilla/5.0 (Windows NT 10.0; Win64; x64) AppleWebKit/537.36 (KHTML, like Gecko) Chrome/125.0.6422.143 Safari/537.36"
66.29.132.124 - - [23/Dec/2024:13:39:46 -0500] "POST /wp-cron.php?doing_wp_cron=1734979185.6634340286254882812500 HTTP/1.1" 200 0 "-" "WordPress/6.7.1; https://cynthiaadediran.com"
66.29.132.124 - - [23/Dec/2024:13:39:52 -0500] "POST /wp-admin/admin-ajax.php?action=async_litespeed&nonce=K83gFoEhE25tnZIsEbiW6wSoaP52GeBr&litespeed_type=imgoptm HTTP/1.1" 200 0 "-" "WordPress/6.7.1; https://cynthiaadediran.com"
66.249.79.97 - - [23/Dec/2024:13:40:50 -0500] "GET /?_gl=1*1ix4f11*_gcl_au*MTYxMTI1OTI3MS4xNzIxODg2NjU0*_ga*ODYyMzk4MzA3LjE2OTk0NTM1Nzg.*_ga_7H42SVMQ0V*MTcyMTg4NjY1NS4xMjEuMS4xNzIxODg2NjY5LjQ2LjAuMA..&_ga=2.198040047.1958808748.1721886654-862398307.1699453578&_bdsid=2ulvIJ.n~ZXCIW.1721886656070.1721886848&_bd_prev_page=https://cynthiaadediran.com/detail.php?pykml/d664356.html HTTP/1.1" 200 44795 "-" "Mozilla/5.0 (compatible; Googlebot/2.1; +http://www.google.com/bot.html)"
40.77.167.48 - - [23/Dec/2024:13:40:52 -0500] "GET /nacjk/i493125.html HTTP/1.1" 200 44247 "-" "Mozilla/5.0 AppleWebKit/537.36 (KHTML, like Gecko; compatible; bingbot/2.0; +http://www.bing.com/bingbot.htm) Chrome/116.0.1938.76 Safari/537.36"
66.249.79.96 - - [23/Dec/2024:13:41:33 -0500] "GET /?_gl=1*1ix4f11*_gcl_au*MTYxMTI1OTI3MS4xNzIxODg2NjU0*_ga*ODYyMzk4MzA3LjE2OTk0NTM1Nzg.*_ga_7H42SVMQ0V*MTcyMTg4NjY1NS4xMjEuMS4xNzIxODg2NjY5LjQ2LjAuMA..&_ga=2.198040047.1958808748.1721886654-862398307.1699453578&_bdsid=2ulvIJ.n~ZXCIW.1721886656070.1721886848&_bd_prev_page=https://cynthiaadediran.com/detail.php?ktitx/g1850713.html HTTP/1.1" 200 44841 "-" "Mozilla/5.0 (compatible; Googlebot/2.1; +http://www.google.com/bot.html)"
40.77.167.48 - - [23/Dec/2024:13:42:33 -0500] "GET /wfmnw/h3051992.html HTTP/1.1" 200 44011 "-" "Mozilla/5.0 AppleWebKit/537.36 (KHTML, like Gecko; compatible; bingbot/2.0; +http://www.bing.com/bingbot.htm) Chrome/116.0.1938.76 Safari/537.36"
66.249.79.96 - - [23/Dec/2024:13:43:22 -0500] "GET /?_gl=1*1ix4f11*_gcl_au*MTYxMTI1OTI3MS4xNzIxODg2NjU0*_ga*ODYyMzk4MzA3LjE2OTk0NTM1Nzg.*_ga_7H42SVMQ0V*MTcyMTg4NjY1NS4xMjEuMS4xNzIxODg2NjY5LjQ2LjAuMA..&_ga=2.198040047.1958808748.1721886654-862398307.1699453578&_bdsid=2ulvIJ.n~ZXCIW.1721886656070.1721886848&_bd_prev_page=https://cynthiaadediran.com/detail.php?dywck/c1343085.html HTTP/1.1" 200 45575 "-" "Mozilla/5.0 (Linux; Android 6.0.1; Nexus 5X Build/MMB29P) AppleWebKit/537.36 (KHTML, like Gecko) Chrome/131.0.6778.139 Mobile Safari/537.36 (compatible; Googlebot/2.1; +http://www.google.com/bot.html)"
40.77.167.70 - - [23/Dec/2024:13:43:56 -0500] "GET /fzppg/m2458157.html HTTP/1.1" 200 44477 "-" "Mozilla/5.0 AppleWebKit/537.36 (KHTML, like Gecko; compatible; bingbot/2.0; +http://www.bing.com/bingbot.htm) Chrome/116.0.1938.76 Safari/537.36"
52.167.144.188 - - [23/Dec/2024:13:46:08 -0500] "GET /aalkd/c1632673.html HTTP/1.1" 200 43877 "-" "Mozilla/5.0 AppleWebKit/537.36 (KHTML, like Gecko; compatible; bingbot/2.0; +http://www.bing.com/bingbot.htm) Chrome/116.0.1938.76 Safari/537.36"
52.167.144.188 - - [23/Dec/2024:13:46:11 -0500] "GET /btidv/w284749.html HTTP/1.1" 200 43734 "-" "Mozilla/5.0 AppleWebKit/537.36 (KHTML, like Gecko; compatible; bingbot/2.0; +http://www.bing.com/bingbot.htm) Chrome/116.0.1938.76 Safari/537.36"
52.167.144.188 - - [23/Dec/2024:13:48:06 -0500] "GET /gmcku/f1054098.html HTTP/1.1" 200 44071 "-" "Mozilla/5.0 AppleWebKit/537.36 (KHTML, like Gecko; compatible; bingbot/2.0; +http://www.bing.com/bingbot.htm) Chrome/116.0.1938.76 Safari/537.36"
52.167.144.158 - - [23/Dec/2024:13:48:33 -0500] "GET /nztax/k1363399.html HTTP/1.1" 200 44258 "-" "Mozilla/5.0 AppleWebKit/537.36 (KHTML, like Gecko; compatible; bingbot/2.0; +http://www.bing.com/bingbot.htm) Chrome/116.0.1938.76 Safari/537.36"
66.249.79.98 - - [23/Dec/2024:13:50:23 -0500] "GET /?_gl=1*1ix4f11*_gcl_au*MTYxMTI1OTI3MS4xNzIxODg2NjU0*_ga*ODYyMzk4MzA3LjE2OTk0NTM1Nzg.*_ga_7H42SVMQ0V*MTcyMTg4NjY1NS4xMjEuMS4xNzIxODg2NjY5LjQ2LjAuMA..&_ga=2.198040047.1958808748.1721886654-862398307.1699453578&_bdsid=2ulvIJ.n~ZXCIW.1721886656070.1721886848&_bd_prev_page=https://cynthiaadediran.com/detail.php?ruraa/t761482.html HTTP/1.1" 200 44625 "-" "Mozilla/5.0 (compatible; Googlebot/2.1; +http://www.google.com/bot.html)"
52.167.144.158 - - [23/Dec/2024:13:51:02 -0500] "GET /tqxca/h2071636.html HTTP/1.1" 200 43912 "-" "Mozilla/5.0 AppleWebKit/537.36 (KHTML, like Gecko; compatible; bingbot/2.0; +http://www.bing.com/bingbot.htm) Chrome/116.0.1938.76 Safari/537.36"
66.249.79.96 - - [23/Dec/2024:13:51:43 -0500] "GET /?_gl=1*1ix4f11*_gcl_au*MTYxMTI1OTI3MS4xNzIxODg2NjU0*_ga*ODYyMzk4MzA3LjE2OTk0NTM1Nzg.*_ga_7H42SVMQ0V*MTcyMTg4NjY1NS4xMjEuMS4xNzIxODg2NjY5LjQ2LjAuMA..&_ga=2.198040047.1958808748.1721886654-862398307.1699453578&_bdsid=2ulvIJ.n~ZXCIW.1721886656070.1721886848&_bd_prev_page=https://cynthiaadediran.com/detail.php?vxpoe/i2296927.html HTTP/1.1" 200 44718 "-" "Mozilla/5.0 (Linux; Android 6.0.1; Nexus 5X Build/MMB29P) AppleWebKit/537.36 (KHTML, like Gecko) Chrome/131.0.6778.139 Mobile Safari/537.36 (compatible; Googlebot/2.1; +http://www.google.com/bot.html)"
52.167.144.188 - - [23/Dec/2024:13:52:18 -0500] "GET /hpmci/t2131162.html HTTP/1.1" 200 44194 "-" "Mozilla/5.0 AppleWebKit/537.36 (KHTML, like Gecko; compatible; bingbot/2.0; +http://www.bing.com/bingbot.htm) Chrome/116.0.1938.76 Safari/537.36"
66.249.79.96 - - [23/Dec/2024:13:54:07 -0500] "GET /?_gl=1*1ix4f11*_gcl_au*MTYxMTI1OTI3MS4xNzIxODg2NjU0*_ga*ODYyMzk4MzA3LjE2OTk0NTM1Nzg.*_ga_7H42SVMQ0V*MTcyMTg4NjY1NS4xMjEuMS4xNzIxODg2NjY5LjQ2LjAuMA..&_ga=2.198040047.1958808748.1721886654-862398307.1699453578&_bdsid=2ulvIJ.n~ZXCIW.1721886656070.1721886848&_bd_prev_page=https://cynthiaadediran.com/detail.php?jvfoj/r359650.html HTTP/1.1" 200 45672 "-" "Mozilla/5.0 (compatible; Googlebot/2.1; +http://www.google.com/bot.html)"
52.167.144.163 - - [23/Dec/2024:13:54:59 -0500] "GET /drnpw/c2199837.html HTTP/1.1" 200 43759 "-" "Mozilla/5.0 AppleWebKit/537.36 (KHTML, like Gecko; compatible; bingbot/2.0; +http://www.bing.com/bingbot.htm) Chrome/116.0.1938.76 Safari/537.36"
44.244.66.11 - - [23/Dec/2024:13:56:40 -0500] "GET / HTTP/1.1" 200 0 "-" "Mozilla/5.0 (Windows NT 10.0; Win64; x64) AppleWebKit/537.36 (KHTML, like Gecko) Chrome/113.0.0.0 Safari/537.36"
52.88.7.87 - - [23/Dec/2024:13:56:49 -0500] "GET / HTTP/1.1" 200 0 "-" "Mozilla/5.0 (Windows NT 10.0; Win64; x64) AppleWebKit/537.36 (KHTML, like Gecko) Chrome/113.0.0.0 Safari/537.36"
52.167.144.163 - - [23/Dec/2024:13:57:58 -0500] "GET /sjjht/t1485738.html HTTP/1.1" 200 44341 "-" "Mozilla/5.0 AppleWebKit/537.36 (KHTML, like Gecko; compatible; bingbot/2.0; +http://www.bing.com/bingbot.htm) Chrome/116.0.1938.76 Safari/537.36"
66.29.132.124 - - [23/Dec/2024:13:58:01 -0500] "POST /wp-cron.php?doing_wp_cron=1734980281.0521459579467773437500 HTTP/1.1" 200 0 "-" "WordPress/6.7.1; https://cynthiaadediran.com"
66.29.132.124 - - [23/Dec/2024:13:58:14 -0500] "POST /wp-admin/admin-ajax.php?action=async_litespeed&nonce=ylJ9uZG2zn9nlMZnwaF2vIZUECgIbRk6&litespeed_type=imgoptm HTTP/1.1" 200 0 "-" "WordPress/6.7.1; https://cynthiaadediran.com"
52.167.144.175 - - [23/Dec/2024:14:00:04 -0500] "GET /vmchc/r306220.html HTTP/1.1" 200 44441 "-" "Mozilla/5.0 AppleWebKit/537.36 (KHTML, like Gecko; compatible; bingbot/2.0; +http://www.bing.com/bingbot.htm) Chrome/116.0.1938.76 Safari/537.36"
66.249.79.96 - - [23/Dec/2024:14:00:34 -0500] "GET /robots.txt HTTP/1.1" 200 73 "-" "Mozilla/5.0 (compatible; Googlebot/2.1; +http://www.google.com/bot.html)"
66.249.79.96 - - [23/Dec/2024:14:00:34 -0500] "GET /?_gl=1*1ix4f11*_gcl_au*MTYxMTI1OTI3MS4xNzIxODg2NjU0*_ga*ODYyMzk4MzA3LjE2OTk0NTM1Nzg.*_ga_7H42SVMQ0V*MTcyMTg4NjY1NS4xMjEuMS4xNzIxODg2NjY5LjQ2LjAuMA..&_ga=2.198040047.1958808748.1721886654-862398307.1699453578&_bdsid=2ulvIJ.n~ZXCIW.1721886656070.1721886848&_bd_prev_page=https://cynthiaadediran.com/detail.php?kapvt/k2103723.html HTTP/1.1" 200 45014 "-" "Mozilla/5.0 (compatible; Googlebot/2.1; +http://www.google.com/bot.html)"
40.77.167.42 - - [23/Dec/2024:14:01:33 -0500] "GET /nzdqw/f1810074.html HTTP/1.1" 200 44289 "-" "Mozilla/5.0 AppleWebKit/537.36 (KHTML, like Gecko; compatible; bingbot/2.0; +http://www.bing.com/bingbot.htm) Chrome/116.0.1938.76 Safari/537.36"
40.77.167.65 - - [23/Dec/2024:14:05:35 -0500] "GET /shutv/n2779726.html HTTP/1.1" 200 44001 "-" "Mozilla/5.0 AppleWebKit/537.36 (KHTML, like Gecko; compatible; bingbot/2.0; +http://www.bing.com/bingbot.htm) Chrome/116.0.1938.76 Safari/537.36"
66.249.79.97 - - [23/Dec/2024:14:05:50 -0500] "GET /robots.txt HTTP/1.1" 200 73 "-" "Mozilla/5.0 (compatible; Googlebot/2.1; +http://www.google.com/bot.html)"
66.249.79.96 - - [23/Dec/2024:14:05:55 -0500] "GET /?_gl=1*1ix4f11*_gcl_au*MTYxMTI1OTI3MS4xNzIxODg2NjU0*_ga*ODYyMzk4MzA3LjE2OTk0NTM1Nzg.*_ga_7H42SVMQ0V*MTcyMTg4NjY1NS4xMjEuMS4xNzIxODg2NjY5LjQ2LjAuMA..&_ga=2.198040047.1958808748.1721886654-862398307.1699453578&_bdsid=2ulvIJ.n~ZXCIW.1721886656070.1721886848&_bd_prev_page=https://cynthiaadediran.com/detail.php?tlbej/e2281219.html HTTP/1.1" 200 45337 "-" "Mozilla/5.0 (Linux; Android 6.0.1; Nexus 5X Build/MMB29P) AppleWebKit/537.36 (KHTML, like Gecko) Chrome/131.0.6778.139 Mobile Safari/537.36 (compatible; Googlebot/2.1; +http://www.google.com/bot.html)"
52.167.144.136 - - [23/Dec/2024:14:07:06 -0500] "GET /iphzl/v157218.html HTTP/1.1" 200 44749 "-" "Mozilla/5.0 AppleWebKit/537.36 (KHTML, like Gecko; compatible; bingbot/2.0; +http://www.bing.com/bingbot.htm) Chrome/116.0.1938.76 Safari/537.36"
52.167.144.136 - - [23/Dec/2024:14:07:35 -0500] "GET /vwoqr/b292606.html HTTP/1.1" 200 43754 "-" "Mozilla/5.0 AppleWebKit/537.36 (KHTML, like Gecko; compatible; bingbot/2.0; +http://www.bing.com/bingbot.htm) Chrome/116.0.1938.76 Safari/537.36"
40.77.167.76 - - [23/Dec/2024:14:09:07 -0500] "GET /qhqar/k1160677.html HTTP/1.1" 200 44239 "-" "Mozilla/5.0 AppleWebKit/537.36 (KHTML, like Gecko; compatible; bingbot/2.0; +http://www.bing.com/bingbot.htm) Chrome/116.0.1938.76 Safari/537.36"
40.77.167.154 - - [23/Dec/2024:14:10:08 -0500] "GET /wokso/j1385784.html HTTP/1.1" 200 44527 "-" "Mozilla/5.0 AppleWebKit/537.36 (KHTML, like Gecko; compatible; bingbot/2.0; +http://www.bing.com/bingbot.htm) Chrome/116.0.1938.76 Safari/537.36"
40.77.167.65 - - [23/Dec/2024:14:12:35 -0500] "GET /uewec/e1364251.html HTTP/1.1" 200 43775 "-" "Mozilla/5.0 AppleWebKit/537.36 (KHTML, like Gecko; compatible; bingbot/2.0; +http://www.bing.com/bingbot.htm) Chrome/116.0.1938.76 Safari/537.36"
40.77.167.75 - - [23/Dec/2024:14:14:28 -0500] "GET /pixxa/p166104.html HTTP/1.1" 200 43801 "-" "Mozilla/5.0 AppleWebKit/537.36 (KHTML, like Gecko; compatible; bingbot/2.0; +http://www.bing.com/bingbot.htm) Chrome/116.0.1938.76 Safari/537.36"
40.77.167.75 - - [23/Dec/2024:14:14:59 -0500] "GET /mlvd/i2121297.html HTTP/1.1" 200 44041 "-" "Mozilla/5.0 AppleWebKit/537.36 (KHTML, like Gecko; compatible; bingbot/2.0; +http://www.bing.com/bingbot.htm) Chrome/116.0.1938.76 Safari/537.36"
103.131.71.45 - - [23/Dec/2024:14:15:04 -0500] "GET /robots.txt HTTP/1.1" 200 73 "-" "Mozilla/5.0 (compatible; coccocbot-image/1.0; +http://help.coccoc.com/searchengine)"
103.131.71.44 - - [23/Dec/2024:14:15:10 -0500] "GET /wp-content/uploads/2024/05/Screenshot-2024-04-15-at-16.43.47-550x475.png HTTP/1.1" 304 0 "-" "Mozilla/5.0 (compatible; coccocbot-image/1.0; +http://help.coccoc.com/searchengine)"
40.77.167.15 - - [23/Dec/2024:14:16:02 -0500] "GET /vaali/b1591098.html HTTP/1.1" 200 45244 "-" "Mozilla/5.0 AppleWebKit/537.36 (KHTML, like Gecko; compatible; bingbot/2.0; +http://www.bing.com/bingbot.htm) Chrome/116.0.1938.76 Safari/537.36"
40.77.167.15 - - [23/Dec/2024:14:16:04 -0500] "GET /plslr/b2885898.html HTTP/1.1" 200 43852 "-" "Mozilla/5.0 AppleWebKit/537.36 (KHTML, like Gecko; compatible; bingbot/2.0; +http://www.bing.com/bingbot.htm) Chrome/116.0.1938.76 Safari/537.36"
40.77.167.15 - - [23/Dec/2024:14:17:11 -0500] "GET /upemf/d231118.html HTTP/1.1" 200 44857 "-" "Mozilla/5.0 AppleWebKit/537.36 (KHTML, like Gecko; compatible; bingbot/2.0; +http://www.bing.com/bingbot.htm) Chrome/116.0.1938.76 Safari/537.36"
40.77.167.23 - - [23/Dec/2024:14:17:15 -0500] "GET /sudbp/m1299233.html HTTP/1.1" 200 43960 "-" "Mozilla/5.0 AppleWebKit/537.36 (KHTML, like Gecko; compatible; bingbot/2.0; +http://www.bing.com/bingbot.htm) Chrome/116.0.1938.76 Safari/537.36"
143.244.41.194 - - [23/Dec/2024:14:18:27 -0500] "GET / HTTP/1.0" 200 0 "https://cynthiaadediran.com/" "Mozilla/5.0 (Windows NT 10.0.0; Win64; x64; ) AppleWebKit/537.36 (KHTML, like Gecko) Chrome/124.0.6367.91 Chrome/124.0.6367.91 Not-A.Brand/99  Safari/537.36"
40.77.167.23 - - [23/Dec/2024:14:19:36 -0500] "GET /akrcp/n2414270.html HTTP/1.1" 200 43725 "-" "Mozilla/5.0 AppleWebKit/537.36 (KHTML, like Gecko; compatible; bingbot/2.0; +http://www.bing.com/bingbot.htm) Chrome/116.0.1938.76 Safari/537.36"
66.29.132.124 - - [23/Dec/2024:14:19:58 -0500] "POST /wp-cron.php?doing_wp_cron=1734981597.9486858844757080078125 HTTP/1.1" 200 0 "-" "WordPress/6.7.1; https://cynthiaadediran.com"
40.77.167.23 - - [23/Dec/2024:14:20:06 -0500] "GET /hymaq/t1527858.html HTTP/1.1" 200 44285 "-" "Mozilla/5.0 AppleWebKit/537.36 (KHTML, like Gecko; compatible; bingbot/2.0; +http://www.bing.com/bingbot.htm) Chrome/116.0.1938.76 Safari/537.36"
66.29.132.124 - - [23/Dec/2024:14:20:09 -0500] "POST /wp-admin/admin-ajax.php?action=async_litespeed&nonce=BGbQxIRuwPHfQzRulr6nqwusd3GVx3iv&litespeed_type=imgoptm HTTP/1.1" 200 0 "-" "WordPress/6.7.1; https://cynthiaadediran.com"
40.77.167.20 - - [23/Dec/2024:14:20:18 -0500] "GET /uyfmb/x1690336.html HTTP/1.1" 200 45146 "-" "Mozilla/5.0 AppleWebKit/537.36 (KHTML, like Gecko; compatible; bingbot/2.0; +http://www.bing.com/bingbot.htm) Chrome/116.0.1938.76 Safari/537.36"
66.249.79.98 - - [23/Dec/2024:14:21:28 -0500] "GET /?_gl=1*1ix4f11*_gcl_au*MTYxMTI1OTI3MS4xNzIxODg2NjU0*_ga*ODYyMzk4MzA3LjE2OTk0NTM1Nzg.*_ga_7H42SVMQ0V*MTcyMTg4NjY1NS4xMjEuMS4xNzIxODg2NjY5LjQ2LjAuMA..&_ga=2.198040047.1958808748.1721886654-862398307.1699453578&_bdsid=2ulvIJ.n~ZXCIW.1721886656070.1721886848&_bd_prev_page=https://cynthiaadediran.com/detail.php?jdlzh/o1873237.html HTTP/1.1" 200 45552 "-" "Mozilla/5.0 (compatible; Googlebot/2.1; +http://www.google.com/bot.html)"
66.249.79.98 - - [23/Dec/2024:14:23:03 -0500] "GET /sitemap.rss HTTP/1.1" 200 44419 "-" "Mozilla/5.0 (compatible; Googlebot/2.1; +http://www.google.com/bot.html)"
40.77.167.23 - - [23/Dec/2024:14:23:56 -0500] "GET /sprxw/u2733245.html HTTP/1.1" 200 43887 "-" "Mozilla/5.0 AppleWebKit/537.36 (KHTML, like Gecko; compatible; bingbot/2.0; +http://www.bing.com/bingbot.htm) Chrome/116.0.1938.76 Safari/537.36"
40.77.167.23 - - [23/Dec/2024:14:25:06 -0500] "GET /wngdo/o1693473.html HTTP/1.1" 200 44536 "-" "Mozilla/5.0 AppleWebKit/537.36 (KHTML, like Gecko; compatible; bingbot/2.0; +http://www.bing.com/bingbot.htm) Chrome/116.0.1938.76 Safari/537.36"
40.77.167.23 - - [23/Dec/2024:14:25:09 -0500] "GET /znjlk/b309766.html HTTP/1.1" 200 44318 "-" "Mozilla/5.0 AppleWebKit/537.36 (KHTML, like Gecko; compatible; bingbot/2.0; +http://www.bing.com/bingbot.htm) Chrome/116.0.1938.76 Safari/537.36"
40.77.167.23 - - [23/Dec/2024:14:25:57 -0500] "GET /gasqe/c367227.html HTTP/1.1" 200 43783 "-" "Mozilla/5.0 AppleWebKit/537.36 (KHTML, like Gecko; compatible; bingbot/2.0; +http://www.bing.com/bingbot.htm) Chrome/116.0.1938.76 Safari/537.36"
52.167.144.199 - - [23/Dec/2024:14:26:19 -0500] "GET /vtxce/k1101709.html HTTP/1.1" 200 44100 "-" "Mozilla/5.0 AppleWebKit/537.36 (KHTML, like Gecko; compatible; bingbot/2.0; +http://www.bing.com/bingbot.htm) Chrome/116.0.1938.76 Safari/537.36"
52.167.144.159 - - [23/Dec/2024:14:26:26 -0500] "GET /ugfij/e279895.html HTTP/1.1" 200 43540 "-" "Mozilla/5.0 AppleWebKit/537.36 (KHTML, like Gecko; compatible; bingbot/2.0; +http://www.bing.com/bingbot.htm) Chrome/116.0.1938.76 Safari/537.36"
52.167.144.150 - - [23/Dec/2024:14:28:20 -0500] "GET /cgqwl/d741992.html HTTP/1.1" 200 44093 "-" "Mozilla/5.0 AppleWebKit/537.36 (KHTML, like Gecko; compatible; bingbot/2.0; +http://www.bing.com/bingbot.htm) Chrome/116.0.1938.76 Safari/537.36"
52.167.144.150 - - [23/Dec/2024:14:29:01 -0500] "GET /jsmut/m1415063.html HTTP/1.1" 200 43955 "-" "Mozilla/5.0 AppleWebKit/537.36 (KHTML, like Gecko; compatible; bingbot/2.0; +http://www.bing.com/bingbot.htm) Chrome/116.0.1938.76 Safari/537.36"
66.249.79.98 - - [23/Dec/2024:14:31:06 -0500] "GET /?_gl=1*1ix4f11*_gcl_au*MTYxMTI1OTI3MS4xNzIxODg2NjU0*_ga*ODYyMzk4MzA3LjE2OTk0NTM1Nzg.*_ga_7H42SVMQ0V*MTcyMTg4NjY1NS4xMjEuMS4xNzIxODg2NjY5LjQ2LjAuMA..&_ga=2.198040047.1958808748.1721886654-862398307.1699453578&_bdsid=2ulvIJ.n~ZXCIW.1721886656070.1721886848&_bd_prev_page=https://cynthiaadediran.com/detail.php?lqxvl/w2263999.html HTTP/1.1" 200 44636 "-" "Mozilla/5.0 (compatible; Googlebot/2.1; +http://www.google.com/bot.html)"
66.249.79.96 - - [23/Dec/2024:14:31:16 -0500] "GET /?_gl=1*1ix4f11*_gcl_au*MTYxMTI1OTI3MS4xNzIxODg2NjU0*_ga*ODYyMzk4MzA3LjE2OTk0NTM1Nzg.*_ga_7H42SVMQ0V*MTcyMTg4NjY1NS4xMjEuMS4xNzIxODg2NjY5LjQ2LjAuMA..&_ga=2.198040047.1958808748.1721886654-862398307.1699453578&_bdsid=2ulvIJ.n~ZXCIW.1721886656070.1721886848&_bd_prev_page=https://cynthiaadediran.com/detail.php?iwzwy/t314074.html HTTP/1.1" 200 44787 "-" "Mozilla/5.0 (Linux; Android 6.0.1; Nexus 5X Build/MMB29P) AppleWebKit/537.36 (KHTML, like Gecko) Chrome/131.0.6778.139 Mobile Safari/537.36 (compatible; Googlebot/2.1; +http://www.google.com/bot.html)"
66.249.79.98 - - [23/Dec/2024:14:32:03 -0500] "GET /?_gl=1*1ix4f11*_gcl_au*MTYxMTI1OTI3MS4xNzIxODg2NjU0*_ga*ODYyMzk4MzA3LjE2OTk0NTM1Nzg.*_ga_7H42SVMQ0V*MTcyMTg4NjY1NS4xMjEuMS4xNzIxODg2NjY5LjQ2LjAuMA..&_ga=2.198040047.1958808748.1721886654-862398307.1699453578&_bdsid=2ulvIJ.n~ZXCIW.1721886656070.1721886848&_bd_prev_page=https://cynthiaadediran.com/detail.php?tbmml/r2589670.html HTTP/1.1" 200 45009 "-" "Mozilla/5.0 (Linux; Android 6.0.1; Nexus 5X Build/MMB29P) AppleWebKit/537.36 (KHTML, like Gecko) Chrome/131.0.6778.139 Mobile Safari/537.36 (compatible; Googlebot/2.1; +http://www.google.com/bot.html)"
66.249.79.98 - - [23/Dec/2024:14:38:43 -0500] "GET /?_gl=1*1ix4f11*_gcl_au*MTYxMTI1OTI3MS4xNzIxODg2NjU0*_ga*ODYyMzk4MzA3LjE2OTk0NTM1Nzg.*_ga_7H42SVMQ0V*MTcyMTg4NjY1NS4xMjEuMS4xNzIxODg2NjY5LjQ2LjAuMA..&_ga=2.198040047.1958808748.1721886654-862398307.1699453578&_bdsid=2ulvIJ.n~ZXCIW.1721886656070.1721886848&_bd_prev_page=https://cynthiaadediran.com/detail.php?tesoy/m2828449.html HTTP/1.1" 200 44828 "-" "Mozilla/5.0 (compatible; Googlebot/2.1; +http://www.google.com/bot.html)"
52.167.144.190 - - [23/Dec/2024:14:39:06 -0500] "GET /ynwtg/m1659359.html HTTP/1.1" 200 44228 "-" "Mozilla/5.0 AppleWebKit/537.36 (KHTML, like Gecko; compatible; bingbot/2.0; +http://www.bing.com/bingbot.htm) Chrome/116.0.1938.76 Safari/537.36"
52.167.144.23 - - [23/Dec/2024:14:39:33 -0500] "GET /zhkwi/k1701919.html HTTP/1.1" 200 43908 "-" "Mozilla/5.0 AppleWebKit/537.36 (KHTML, like Gecko; compatible; bingbot/2.0; +http://www.bing.com/bingbot.htm) Chrome/116.0.1938.76 Safari/537.36"
66.249.79.98 - - [23/Dec/2024:14:40:41 -0500] "GET /?_gl=1*1ix4f11*_gcl_au*MTYxMTI1OTI3MS4xNzIxODg2NjU0*_ga*ODYyMzk4MzA3LjE2OTk0NTM1Nzg.*_ga_7H42SVMQ0V*MTcyMTg4NjY1NS4xMjEuMS4xNzIxODg2NjY5LjQ2LjAuMA..&_ga=2.198040047.1958808748.1721886654-862398307.1699453578&_bdsid=2ulvIJ.n~ZXCIW.1721886656070.1721886848&_bd_prev_page=https://cynthiaadediran.com/detail.php?zfasx/b1727572.html HTTP/1.1" 200 45087 "-" "Mozilla/5.0 (Linux; Android 6.0.1; Nexus 5X Build/MMB29P) AppleWebKit/537.36 (KHTML, like Gecko) Chrome/131.0.6778.139 Mobile Safari/537.36 (compatible; Googlebot/2.1; +http://www.google.com/bot.html)"
66.249.79.98 - - [23/Dec/2024:14:44:49 -0500] "GET /?_gl=1*1ix4f11*_gcl_au*MTYxMTI1OTI3MS4xNzIxODg2NjU0*_ga*ODYyMzk4MzA3LjE2OTk0NTM1Nzg.*_ga_7H42SVMQ0V*MTcyMTg4NjY1NS4xMjEuMS4xNzIxODg2NjY5LjQ2LjAuMA..&_ga=2.198040047.1958808748.1721886654-862398307.1699453578&_bdsid=2ulvIJ.n~ZXCIW.1721886656070.1721886848&_bd_prev_page=https://cynthiaadediran.com/detail.php?ksbmx/b271520.html HTTP/1.1" 200 44364 "-" "Mozilla/5.0 (Linux; Android 6.0.1; Nexus 5X Build/MMB29P) AppleWebKit/537.36 (KHTML, like Gecko) Chrome/131.0.6778.204 Mobile Safari/537.36 (compatible; Googlebot/2.1; +http://www.google.com/bot.html)"
52.167.144.157 - - [23/Dec/2024:14:45:12 -0500] "GET /ykygu/t910228.html HTTP/1.1" 200 43582 "-" "Mozilla/5.0 AppleWebKit/537.36 (KHTML, like Gecko; compatible; bingbot/2.0; +http://www.bing.com/bingbot.htm) Chrome/116.0.1938.76 Safari/537.36"
52.167.144.190 - - [23/Dec/2024:14:45:42 -0500] "GET /qrqvi/c1039041.html HTTP/1.1" 200 43892 "-" "Mozilla/5.0 AppleWebKit/537.36 (KHTML, like Gecko; compatible; bingbot/2.0; +http://www.bing.com/bingbot.htm) Chrome/116.0.1938.76 Safari/537.36"
52.167.144.190 - - [23/Dec/2024:14:46:38 -0500] "GET /cbqci/p860694.html HTTP/1.1" 200 44082 "-" "Mozilla/5.0 AppleWebKit/537.36 (KHTML, like Gecko; compatible; bingbot/2.0; +http://www.bing.com/bingbot.htm) Chrome/116.0.1938.76 Safari/537.36"
40.77.167.48 - - [23/Dec/2024:14:48:44 -0500] "GET /ttyhb/a2027351.html HTTP/1.1" 200 45133 "-" "Mozilla/5.0 AppleWebKit/537.36 (KHTML, like Gecko; compatible; bingbot/2.0; +http://www.bing.com/bingbot.htm) Chrome/116.0.1938.76 Safari/537.36"
40.77.167.35 - - [23/Dec/2024:14:49:11 -0500] "GET /aqhdq/o2875615.html HTTP/1.1" 200 45142 "-" "Mozilla/5.0 AppleWebKit/537.36 (KHTML, like Gecko; compatible; bingbot/2.0; +http://www.bing.com/bingbot.htm) Chrome/116.0.1938.76 Safari/537.36"
66.249.79.96 - - [23/Dec/2024:14:49:21 -0500] "GET /?_gl=1*1ix4f11*_gcl_au*MTYxMTI1OTI3MS4xNzIxODg2NjU0*_ga*ODYyMzk4MzA3LjE2OTk0NTM1Nzg.*_ga_7H42SVMQ0V*MTcyMTg4NjY1NS4xMjEuMS4xNzIxODg2NjY5LjQ2LjAuMA..&_ga=2.198040047.1958808748.1721886654-862398307.1699453578&_bdsid=2ulvIJ.n~ZXCIW.1721886656070.1721886848&_bd_prev_page=https://cynthiaadediran.com/detail.php?fekhj/n1181870.html HTTP/1.1" 200 44751 "-" "Mozilla/5.0 (compatible; Googlebot/2.1; +http://www.google.com/bot.html)"
52.167.144.184 - - [23/Dec/2024:14:49:39 -0500] "GET /mpuzn/x664272.html HTTP/1.1" 200 43818 "-" "Mozilla/5.0 AppleWebKit/537.36 (KHTML, like Gecko; compatible; bingbot/2.0; +http://www.bing.com/bingbot.htm) Chrome/116.0.1938.76 Safari/537.36"
20.229.51.198 - - [23/Dec/2024:14:49:45 -0500] "GET / HTTP/1.1" 200 0 "-" "curl/8.6.0"
52.167.144.184 - - [23/Dec/2024:14:50:09 -0500] "GET /bavql/z1259154.html HTTP/1.1" 200 44000 "-" "Mozilla/5.0 AppleWebKit/537.36 (KHTML, like Gecko; compatible; bingbot/2.0; +http://www.bing.com/bingbot.htm) Chrome/116.0.1938.76 Safari/537.36"
66.29.132.124 - - [23/Dec/2024:14:50:12 -0500] "POST /wp-cron.php?doing_wp_cron=1734983412.0733830928802490234375 HTTP/1.1" 200 0 "-" "WordPress/6.7.1; https://cynthiaadediran.com"
66.29.132.124 - - [23/Dec/2024:14:50:18 -0500] "POST /wp-admin/admin-ajax.php?action=async_litespeed&nonce=TYqNVslz85KalaYqjUjL5ky9T5if2Eh3&litespeed_type=imgoptm HTTP/1.1" 200 0 "-" "WordPress/6.7.1; https://cynthiaadediran.com"
40.77.167.48 - - [23/Dec/2024:14:52:23 -0500] "GET /ikpru/s2676849.html HTTP/1.1" 200 44148 "-" "Mozilla/5.0 AppleWebKit/537.36 (KHTML, like Gecko; compatible; bingbot/2.0; +http://www.bing.com/bingbot.htm) Chrome/116.0.1938.76 Safari/537.36"
66.249.79.97 - - [23/Dec/2024:14:53:49 -0500] "GET /?_gl=1*1ix4f11*_gcl_au*MTYxMTI1OTI3MS4xNzIxODg2NjU0*_ga*ODYyMzk4MzA3LjE2OTk0NTM1Nzg.*_ga_7H42SVMQ0V*MTcyMTg4NjY1NS4xMjEuMS4xNzIxODg2NjY5LjQ2LjAuMA..&_ga=2.198040047.1958808748.1721886654-862398307.1699453578&_bdsid=2ulvIJ.n~ZXCIW.1721886656070.1721886848&_bd_prev_page=https://cynthiaadediran.com/detail.php?zoonm/x900300.html HTTP/1.1" 200 44784 "-" "Mozilla/5.0 (compatible; Googlebot/2.1; +http://www.google.com/bot.html)"
40.77.167.35 - - [23/Dec/2024:14:54:41 -0500] "GET /hwvnn/n2098370.html HTTP/1.1" 200 44076 "-" "Mozilla/5.0 AppleWebKit/537.36 (KHTML, like Gecko; compatible; bingbot/2.0; +http://www.bing.com/bingbot.htm) Chrome/116.0.1938.76 Safari/537.36"
40.77.167.48 - - [23/Dec/2024:14:56:53 -0500] "GET /imakw/l1356094.html HTTP/1.1" 200 45023 "-" "Mozilla/5.0 AppleWebKit/537.36 (KHTML, like Gecko; compatible; bingbot/2.0; +http://www.bing.com/bingbot.htm) Chrome/116.0.1938.76 Safari/537.36"
52.167.144.184 - - [23/Dec/2024:14:58:00 -0500] "GET /hsmof/m550095.html HTTP/1.1" 200 44281 "-" "Mozilla/5.0 AppleWebKit/537.36 (KHTML, like Gecko; compatible; bingbot/2.0; +http://www.bing.com/bingbot.htm) Chrome/116.0.1938.76 Safari/537.36"
66.249.79.97 - - [23/Dec/2024:15:02:00 -0500] "GET /?_gl=1*1ix4f11*_gcl_au*MTYxMTI1OTI3MS4xNzIxODg2NjU0*_ga*ODYyMzk4MzA3LjE2OTk0NTM1Nzg.*_ga_7H42SVMQ0V*MTcyMTg4NjY1NS4xMjEuMS4xNzIxODg2NjY5LjQ2LjAuMA..&_ga=2.198040047.1958808748.1721886654-862398307.1699453578&_bdsid=2ulvIJ.n~ZXCIW.1721886656070.1721886848&_bd_prev_page=https://cynthiaadediran.com/detail.php?ztwir/v2950190.html HTTP/1.1" 200 44741 "-" "Mozilla/5.0 (Linux; Android 6.0.1; Nexus 5X Build/MMB29P) AppleWebKit/537.36 (KHTML, like Gecko) Chrome/131.0.6778.139 Mobile Safari/537.36 (compatible; Googlebot/2.1; +http://www.google.com/bot.html)"
40.77.167.71 - - [23/Dec/2024:15:08:32 -0500] "GET /rkzdo/y2302455.html HTTP/1.1" 200 44650 "-" "Mozilla/5.0 AppleWebKit/537.36 (KHTML, like Gecko; compatible; bingbot/2.0; +http://www.bing.com/bingbot.htm) Chrome/116.0.1938.76 Safari/537.36"
52.167.144.210 - - [23/Dec/2024:15:12:51 -0500] "GET /kzlky/u273567.html HTTP/1.1" 200 44953 "-" "Mozilla/5.0 AppleWebKit/537.36 (KHTML, like Gecko; compatible; bingbot/2.0; +http://www.bing.com/bingbot.htm) Chrome/116.0.1938.76 Safari/537.36"
66.249.79.98 - - [23/Dec/2024:15:13:32 -0500] "GET /?_gl=1*1ix4f11*_gcl_au*MTYxMTI1OTI3MS4xNzIxODg2NjU0*_ga*ODYyMzk4MzA3LjE2OTk0NTM1Nzg.*_ga_7H42SVMQ0V*MTcyMTg4NjY1NS4xMjEuMS4xNzIxODg2NjY5LjQ2LjAuMA..&_ga=2.198040047.1958808748.1721886654-862398307.1699453578&_bdsid=2ulvIJ.n~ZXCIW.1721886656070.1721886848&_bd_prev_page=https://cynthiaadediran.com/detail.php?bshcn/n2902524.html HTTP/1.1" 200 45355 "-" "Mozilla/5.0 (compatible; Googlebot/2.1; +http://www.google.com/bot.html)"
52.167.144.210 - - [23/Dec/2024:15:15:01 -0500] "GET /vqlzp/y257295.html HTTP/1.1" 200 44507 "-" "Mozilla/5.0 AppleWebKit/537.36 (KHTML, like Gecko; compatible; bingbot/2.0; +http://www.bing.com/bingbot.htm) Chrome/116.0.1938.76 Safari/537.36"
40.77.167.7 - - [23/Dec/2024:15:15:46 -0500] "GET /wavfh/w3027255.html HTTP/1.1" 200 43882 "-" "Mozilla/5.0 AppleWebKit/537.36 (KHTML, like Gecko; compatible; bingbot/2.0; +http://www.bing.com/bingbot.htm) Chrome/116.0.1938.76 Safari/537.36"
52.167.144.161 - - [23/Dec/2024:15:15:53 -0500] "GET /xyjtt/w1987047.html HTTP/1.1" 200 44559 "-" "Mozilla/5.0 AppleWebKit/537.36 (KHTML, like Gecko; compatible; bingbot/2.0; +http://www.bing.com/bingbot.htm) Chrome/116.0.1938.76 Safari/537.36"
40.77.167.7 - - [23/Dec/2024:15:19:10 -0500] "GET /rivke/t1892196.html HTTP/1.1" 200 44009 "-" "Mozilla/5.0 AppleWebKit/537.36 (KHTML, like Gecko; compatible; bingbot/2.0; +http://www.bing.com/bingbot.htm) Chrome/116.0.1938.76 Safari/537.36"
52.167.144.171 - - [23/Dec/2024:15:23:45 -0500] "GET /hjjjx/x430116.html HTTP/1.1" 200 44350 "-" "Mozilla/5.0 AppleWebKit/537.36 (KHTML, like Gecko; compatible; bingbot/2.0; +http://www.bing.com/bingbot.htm) Chrome/116.0.1938.76 Safari/537.36"
66.249.79.96 - - [23/Dec/2024:15:30:42 -0500] "GET /?_gl=1*1ix4f11*_gcl_au*MTYxMTI1OTI3MS4xNzIxODg2NjU0*_ga*ODYyMzk4MzA3LjE2OTk0NTM1Nzg.*_ga_7H42SVMQ0V*MTcyMTg4NjY1NS4xMjEuMS4xNzIxODg2NjY5LjQ2LjAuMA..&_ga=2.198040047.1958808748.1721886654-862398307.1699453578&_bdsid=2ulvIJ.n~ZXCIW.1721886656070.1721886848&_bd_prev_page=https://cynthiaadediran.com/detail.php?ayncm/m683059.html HTTP/1.1" 200 45079 "-" "Mozilla/5.0 (compatible; Googlebot/2.1; +http://www.google.com/bot.html)"
40.77.167.230 - - [23/Dec/2024:15:32:16 -0500] "GET /qkaor/f345052.html HTTP/1.1" 200 43995 "-" "Mozilla/5.0 AppleWebKit/537.36 (KHTML, like Gecko; compatible; bingbot/2.0; +http://www.bing.com/bingbot.htm) Chrome/116.0.1938.76 Safari/537.36"
66.249.79.97 - - [23/Dec/2024:15:33:12 -0500] "GET /?_gl=1*1ix4f11*_gcl_au*MTYxMTI1OTI3MS4xNzIxODg2NjU0*_ga*ODYyMzk4MzA3LjE2OTk0NTM1Nzg.*_ga_7H42SVMQ0V*MTcyMTg4NjY1NS4xMjEuMS4xNzIxODg2NjY5LjQ2LjAuMA..&_ga=2.198040047.1958808748.1721886654-862398307.1699453578&_bdsid=2ulvIJ.n~ZXCIW.1721886656070.1721886848&_bd_prev_page=https://cynthiaadediran.com/detail.php?hbigx/v1667610.html HTTP/1.1" 200 44804 "-" "Mozilla/5.0 (Linux; Android 6.0.1; Nexus 5X Build/MMB29P) AppleWebKit/537.36 (KHTML, like Gecko) Chrome/131.0.6778.139 Mobile Safari/537.36 (compatible; Googlebot/2.1; +http://www.google.com/bot.html)"
18.226.248.82 - - [23/Dec/2024:15:37:31 -0500] "GET /.git/config HTTP/1.1" 403 1242 "-" "Mozilla/5.0 Macintosh Intel Mac OS X 10_15_7 AppleWebKit/605.1.15 KHTML like Gecko Version/16.0 Safari/605.1.15"
66.249.79.97 - - [23/Dec/2024:15:38:26 -0500] "GET /?_gl=1*1ix4f11*_gcl_au*MTYxMTI1OTI3MS4xNzIxODg2NjU0*_ga*ODYyMzk4MzA3LjE2OTk0NTM1Nzg.*_ga_7H42SVMQ0V*MTcyMTg4NjY1NS4xMjEuMS4xNzIxODg2NjY5LjQ2LjAuMA..&_ga=2.198040047.1958808748.1721886654-862398307.1699453578&_bdsid=2ulvIJ.n~ZXCIW.1721886656070.1721886848&_bd_prev_page=https://cynthiaadediran.com/detail.php?yjdax/x2424524.html HTTP/1.1" 200 45248 "-" "Mozilla/5.0 (Linux; Android 6.0.1; Nexus 5X Build/MMB29P) AppleWebKit/537.36 (KHTML, like Gecko) Chrome/131.0.6778.139 Mobile Safari/537.36 (compatible; Googlebot/2.1; +http://www.google.com/bot.html)"
66.249.79.96 - - [23/Dec/2024:15:40:19 -0500] "GET /?_gl=1*1ix4f11*_gcl_au*MTYxMTI1OTI3MS4xNzIxODg2NjU0*_ga*ODYyMzk4MzA3LjE2OTk0NTM1Nzg.*_ga_7H42SVMQ0V*MTcyMTg4NjY1NS4xMjEuMS4xNzIxODg2NjY5LjQ2LjAuMA..&_ga=2.198040047.1958808748.1721886654-862398307.1699453578&_bdsid=2ulvIJ.n~ZXCIW.1721886656070.1721886848&_bd_prev_page=https://cynthiaadediran.com/detail.php?hdrpu/s1437793.html HTTP/1.1" 200 45003 "-" "Mozilla/5.0 (compatible; Googlebot/2.1; +http://www.google.com/bot.html)"
52.167.144.157 - - [23/Dec/2024:15:42:26 -0500] "GET /byhst/q493133.html HTTP/1.1" 200 44829 "-" "Mozilla/5.0 AppleWebKit/537.36 (KHTML, like Gecko; compatible; bingbot/2.0; +http://www.bing.com/bingbot.htm) Chrome/116.0.1938.76 Safari/537.36"
