185.191.171.13 - - [21/Dec/2024:11:30:19 -0500] "GET /dishonorary/microphotograph40993.html HTTP/1.1" 301 0 "-" "Mozilla/5.0 (compatible; SemrushBot/7~bl; +http://www.semrush.com/bot.html)"
185.191.171.13 - - [21/Dec/2024:11:30:24 -0500] "GET /dishonorary/microphotograph40993.html/ HTTP/1.1" 200 0 "-" "Mozilla/5.0 (compatible; SemrushBot/7~bl; +http://www.semrush.com/bot.html)"
185.191.171.8 - - [21/Dec/2024:11:30:34 -0500] "GET /Caryophyllaceae/furyl280669.html HTTP/1.1" 301 0 "-" "Mozilla/5.0 (compatible; SemrushBot/7~bl; +http://www.semrush.com/bot.html)"
185.191.171.12 - - [21/Dec/2024:11:30:37 -0500] "GET /Caryophyllaceae/furyl280669.html/ HTTP/1.1" 200 0 "-" "Mozilla/5.0 (compatible; SemrushBot/7~bl; +http://www.semrush.com/bot.html)"
85.208.96.199 - - [21/Dec/2024:11:30:49 -0500] "GET /extraplanetary/disjunctively946153.html HTTP/1.1" 301 0 "-" "Mozilla/5.0 (compatible; SemrushBot/7~bl; +http://www.semrush.com/bot.html)"
185.191.171.6 - - [21/Dec/2024:11:30:52 -0500] "GET /extraplanetary/disjunctively946153.html/ HTTP/1.1" 200 0 "-" "Mozilla/5.0 (compatible; SemrushBot/7~bl; +http://www.semrush.com/bot.html)"
85.208.96.209 - - [21/Dec/2024:11:31:23 -0500] "GET /extraplanetary/disjunctively899073.html HTTP/1.1" 301 0 "-" "Mozilla/5.0 (compatible; SemrushBot/7~bl; +http://www.semrush.com/bot.html)"
85.208.96.210 - - [21/Dec/2024:11:31:26 -0500] "GET /extraplanetary/disjunctively899073.html/ HTTP/1.1" 200 0 "-" "Mozilla/5.0 (compatible; SemrushBot/7~bl; +http://www.semrush.com/bot.html)"
85.208.96.212 - - [21/Dec/2024:11:31:28 -0500] "GET /haberdash/Majagga373920.html HTTP/1.1" 301 0 "-" "Mozilla/5.0 (compatible; SemrushBot/7~bl; +http://www.semrush.com/bot.html)"
185.191.171.16 - - [21/Dec/2024:11:31:32 -0500] "GET /haberdash/Majagga373920.html/ HTTP/1.1" 200 0 "-" "Mozilla/5.0 (compatible; SemrushBot/7~bl; +http://www.semrush.com/bot.html)"
185.191.171.16 - - [21/Dec/2024:11:31:35 -0500] "GET /extraplanetary/disjunctively600423.html HTTP/1.1" 301 0 "-" "Mozilla/5.0 (compatible; SemrushBot/7~bl; +http://www.semrush.com/bot.html)"
85.208.96.210 - - [21/Dec/2024:11:31:39 -0500] "GET /extraplanetary/disjunctively600423.html/ HTTP/1.1" 200 0 "-" "Mozilla/5.0 (compatible; SemrushBot/7~bl; +http://www.semrush.com/bot.html)"
85.208.96.198 - - [21/Dec/2024:11:31:42 -0500] "GET /mechanalize/distrainable1174288.html HTTP/1.1" 301 0 "-" "Mozilla/5.0 (compatible; SemrushBot/7~bl; +http://www.semrush.com/bot.html)"
85.208.96.210 - - [21/Dec/2024:11:31:45 -0500] "GET /mechanalize/distrainable1174288.html/ HTTP/1.1" 200 0 "-" "Mozilla/5.0 (compatible; SemrushBot/7~bl; +http://www.semrush.com/bot.html)"
185.191.171.8 - - [21/Dec/2024:11:31:49 -0500] "GET /Anobiidae/Caryophyllaceae34719.html HTTP/1.1" 301 0 "-" "Mozilla/5.0 (compatible; SemrushBot/7~bl; +http://www.semrush.com/bot.html)"
85.208.96.205 - - [21/Dec/2024:11:31:52 -0500] "GET /affreightment/balaustre234358.html HTTP/1.1" 301 0 "-" "Mozilla/5.0 (compatible; SemrushBot/7~bl; +http://www.semrush.com/bot.html)"
185.191.171.2 - - [21/Dec/2024:11:31:55 -0500] "GET /affreightment/balaustre234358.html/ HTTP/1.1" 200 0 "-" "Mozilla/5.0 (compatible; SemrushBot/7~bl; +http://www.semrush.com/bot.html)"
85.208.96.205 - - [21/Dec/2024:11:31:57 -0500] "GET /Anobiidae/Caryophyllaceae34719.html/ HTTP/1.1" 200 0 "-" "Mozilla/5.0 (compatible; SemrushBot/7~bl; +http://www.semrush.com/bot.html)"
216.244.66.247 - - [21/Dec/2024:11:32:00 -0500] "GET /robots.txt HTTP/1.1" 301 0 "-" "Mozilla/5.0 (compatible; DotBot/1.2; +https://opensiteexplorer.org/dotbot; help@moz.com)"
185.191.171.16 - - [21/Dec/2024:11:32:01 -0500] "GET /mechanalize/distrainable1180503.html HTTP/1.1" 301 0 "-" "Mozilla/5.0 (compatible; SemrushBot/7~bl; +http://www.semrush.com/bot.html)"
216.244.66.247 - - [21/Dec/2024:11:32:01 -0500] "GET /robots.txt/ HTTP/1.1" 200 0 "-" "Mozilla/5.0 (compatible; DotBot/1.2; +https://opensiteexplorer.org/dotbot; help@moz.com)"
185.191.171.19 - - [21/Dec/2024:11:32:04 -0500] "GET /allophylian/energetical583107.html HTTP/1.1" 301 0 "-" "Mozilla/5.0 (compatible; SemrushBot/7~bl; +http://www.semrush.com/bot.html)"
185.191.171.8 - - [21/Dec/2024:11:32:07 -0500] "GET /criticism/equidurable1239966.html HTTP/1.1" 301 0 "-" "Mozilla/5.0 (compatible; SemrushBot/7~bl; +http://www.semrush.com/bot.html)"
85.208.96.198 - - [21/Dec/2024:11:32:09 -0500] "GET /criticism/equidurable1239966.html/ HTTP/1.1" 200 0 "-" "Mozilla/5.0 (compatible; SemrushBot/7~bl; +http://www.semrush.com/bot.html)"
185.191.171.14 - - [21/Dec/2024:11:32:12 -0500] "GET /allophylian/energetical583107.html/ HTTP/1.1" 200 0 "-" "Mozilla/5.0 (compatible; SemrushBot/7~bl; +http://www.semrush.com/bot.html)"
85.208.96.206 - - [21/Dec/2024:11:32:15 -0500] "GET /mechanalize/distrainable1180503.html/ HTTP/1.1" 200 0 "-" "Mozilla/5.0 (compatible; SemrushBot/7~bl; +http://www.semrush.com/bot.html)"
85.208.96.193 - - [21/Dec/2024:11:32:22 -0500] "GET /affreightment/balaustre1218638.html HTTP/1.1" 301 0 "-" "Mozilla/5.0 (compatible; SemrushBot/7~bl; +http://www.semrush.com/bot.html)"
85.208.96.210 - - [21/Dec/2024:11:32:25 -0500] "GET /affreightment/balaustre1218638.html/ HTTP/1.1" 200 0 "-" "Mozilla/5.0 (compatible; SemrushBot/7~bl; +http://www.semrush.com/bot.html)"
185.191.171.6 - - [21/Dec/2024:11:32:33 -0500] "GET /microphotograph/gauzily1603093.html HTTP/1.1" 301 0 "-" "Mozilla/5.0 (compatible; SemrushBot/7~bl; +http://www.semrush.com/bot.html)"
85.208.96.194 - - [21/Dec/2024:11:32:35 -0500] "GET /microphotograph/gauzily1603093.html/ HTTP/1.1" 200 0 "-" "Mozilla/5.0 (compatible; SemrushBot/7~bl; +http://www.semrush.com/bot.html)"
185.191.171.4 - - [21/Dec/2024:11:32:38 -0500] "GET /arisard/cavesson330294.html HTTP/1.1" 301 0 "-" "Mozilla/5.0 (compatible; SemrushBot/7~bl; +http://www.semrush.com/bot.html)"
185.191.171.4 - - [21/Dec/2024:11:32:41 -0500] "GET /arisard/cavesson330294.html/ HTTP/1.1" 200 0 "-" "Mozilla/5.0 (compatible; SemrushBot/7~bl; +http://www.semrush.com/bot.html)"
85.208.96.197 - - [21/Dec/2024:11:33:15 -0500] "GET /energetical/certified594372.html HTTP/1.1" 301 0 "-" "Mozilla/5.0 (compatible; SemrushBot/7~bl; +http://www.semrush.com/bot.html)"
85.208.96.198 - - [21/Dec/2024:11:33:17 -0500] "GET /energetical/certified594372.html/ HTTP/1.1" 200 0 "-" "Mozilla/5.0 (compatible; SemrushBot/7~bl; +http://www.semrush.com/bot.html)"
185.191.171.8 - - [21/Dec/2024:11:33:29 -0500] "GET /extraplanetary/disjunctively681493.html HTTP/1.1" 301 0 "-" "Mozilla/5.0 (compatible; SemrushBot/7~bl; +http://www.semrush.com/bot.html)"
85.208.96.194 - - [21/Dec/2024:11:33:32 -0500] "GET /extraplanetary/disjunctively681493.html/ HTTP/1.1" 200 0 "-" "Mozilla/5.0 (compatible; SemrushBot/7~bl; +http://www.semrush.com/bot.html)"
85.208.96.210 - - [21/Dec/2024:11:33:40 -0500] "GET /disjunctively/bitterness253803.html HTTP/1.1" 301 0 "-" "Mozilla/5.0 (compatible; SemrushBot/7~bl; +http://www.semrush.com/bot.html)"
185.191.171.16 - - [21/Dec/2024:11:33:43 -0500] "GET /disjunctively/bitterness253803.html/ HTTP/1.1" 200 0 "-" "Mozilla/5.0 (compatible; SemrushBot/7~bl; +http://www.semrush.com/bot.html)"
85.208.96.193 - - [21/Dec/2024:11:33:46 -0500] "GET /distrainable/dishonorary871173.html HTTP/1.1" 301 0 "-" "Mozilla/5.0 (compatible; SemrushBot/7~bl; +http://www.semrush.com/bot.html)"
185.191.171.4 - - [21/Dec/2024:11:33:49 -0500] "GET /distrainable/dishonorary871173.html/ HTTP/1.1" 200 0 "-" "Mozilla/5.0 (compatible; SemrushBot/7~bl; +http://www.semrush.com/bot.html)"
85.208.96.208 - - [21/Dec/2024:11:33:52 -0500] "GET /mechanalize/distrainable539478.html HTTP/1.1" 301 0 "-" "Mozilla/5.0 (compatible; SemrushBot/7~bl; +http://www.semrush.com/bot.html)"
85.208.96.206 - - [21/Dec/2024:11:33:55 -0500] "GET /mechanalize/distrainable539478.html/ HTTP/1.1" 200 0 "-" "Mozilla/5.0 (compatible; SemrushBot/7~bl; +http://www.semrush.com/bot.html)"
85.208.96.203 - - [21/Dec/2024:11:34:20 -0500] "GET /affreightment/balaustre1171833.html HTTP/1.1" 301 0 "-" "Mozilla/5.0 (compatible; SemrushBot/7~bl; +http://www.semrush.com/bot.html)"
185.191.171.13 - - [21/Dec/2024:11:34:25 -0500] "GET /affreightment/balaustre1171833.html/ HTTP/1.1" 200 0 "-" "Mozilla/5.0 (compatible; SemrushBot/7~bl; +http://www.semrush.com/bot.html)"
185.191.171.6 - - [21/Dec/2024:11:34:34 -0500] "GET /Anobiidae/Caryophyllaceae226504.html HTTP/1.1" 301 0 "-" "Mozilla/5.0 (compatible; SemrushBot/7~bl; +http://www.semrush.com/bot.html)"
85.208.96.206 - - [21/Dec/2024:11:34:38 -0500] "GET /Anobiidae/Caryophyllaceae226504.html/ HTTP/1.1" 200 0 "-" "Mozilla/5.0 (compatible; SemrushBot/7~bl; +http://www.semrush.com/bot.html)"
66.29.132.124 - - [21/Dec/2024:11:35:10 -0500] "POST /wp-cron.php?doing_wp_cron=1734798910.6460568904876708984375 HTTP/1.1" 200 0 "-" "WordPress/6.7.1; https://wavestudioz.com"
85.208.96.198 - - [21/Dec/2024:11:35:09 -0500] "GET /knifeless/affreightment712923.html HTTP/1.1" 301 0 "-" "Mozilla/5.0 (compatible; SemrushBot/7~bl; +http://www.semrush.com/bot.html)"
85.208.96.206 - - [21/Dec/2024:11:35:13 -0500] "GET /knifeless/affreightment712923.html/ HTTP/1.1" 200 0 "-" "Mozilla/5.0 (compatible; SemrushBot/7~bl; +http://www.semrush.com/bot.html)"
85.208.96.195 - - [21/Dec/2024:11:35:25 -0500] "GET /Caprimulgi/crea1600087.html HTTP/1.1" 301 0 "-" "Mozilla/5.0 (compatible; SemrushBot/7~bl; +http://www.semrush.com/bot.html)"
85.208.96.195 - - [21/Dec/2024:11:35:27 -0500] "GET /knifeless/affreightment952338.html HTTP/1.1" 301 0 "-" "Mozilla/5.0 (compatible; SemrushBot/7~bl; +http://www.semrush.com/bot.html)"
185.191.171.8 - - [21/Dec/2024:11:35:30 -0500] "GET /knifeless/affreightment952338.html/ HTTP/1.1" 200 0 "-" "Mozilla/5.0 (compatible; SemrushBot/7~bl; +http://www.semrush.com/bot.html)"
185.191.171.8 - - [21/Dec/2024:11:35:33 -0500] "GET /Caprimulgi/crea1600087.html/ HTTP/1.1" 200 0 "-" "Mozilla/5.0 (compatible; SemrushBot/7~bl; +http://www.semrush.com/bot.html)"
47.128.126.35 - - [21/Dec/2024:11:35:40 -0500] "GET / HTTP/1.1" 200 0 "-" "Mozilla/5.0 (Linux; Android 5.0) AppleWebKit/537.36 (KHTML, like Gecko) Mobile Safari/537.36 (compatible; Bytespider; spider-feedback@bytedance.com)"
185.191.171.8 - - [21/Dec/2024:11:35:51 -0500] "GET /distrainable/dishonorary98038.html HTTP/1.1" 301 0 "-" "Mozilla/5.0 (compatible; SemrushBot/7~bl; +http://www.semrush.com/bot.html)"
85.208.96.206 - - [21/Dec/2024:11:35:55 -0500] "GET /mechanalize/distrainable83418.html HTTP/1.1" 301 0 "-" "Mozilla/5.0 (compatible; SemrushBot/7~bl; +http://www.semrush.com/bot.html)"
185.191.171.4 - - [21/Dec/2024:11:35:58 -0500] "GET /mechanalize/distrainable83418.html/ HTTP/1.1" 200 0 "-" "Mozilla/5.0 (compatible; SemrushBot/7~bl; +http://www.semrush.com/bot.html)"
185.191.171.6 - - [21/Dec/2024:11:36:01 -0500] "GET /distrainable/dishonorary98038.html/ HTTP/1.1" 200 0 "-" "Mozilla/5.0 (compatible; SemrushBot/7~bl; +http://www.semrush.com/bot.html)"
85.208.96.200 - - [21/Dec/2024:11:36:04 -0500] "GET /allophylian/energetical104057.html HTTP/1.1" 301 0 "-" "Mozilla/5.0 (compatible; SemrushBot/7~bl; +http://www.semrush.com/bot.html)"
85.208.96.206 - - [21/Dec/2024:11:36:07 -0500] "GET /Dryopes/philogeant502446.html HTTP/1.1" 301 0 "-" "Mozilla/5.0 (compatible; SemrushBot/7~bl; +http://www.semrush.com/bot.html)"
85.208.96.210 - - [21/Dec/2024:11:36:11 -0500] "GET /microphotograph/gauzily1654848.html HTTP/1.1" 301 0 "-" "Mozilla/5.0 (compatible; SemrushBot/7~bl; +http://www.semrush.com/bot.html)"
85.208.96.205 - - [21/Dec/2024:11:36:14 -0500] "GET /microphotograph/gauzily1654848.html/ HTTP/1.1" 200 0 "-" "Mozilla/5.0 (compatible; SemrushBot/7~bl; +http://www.semrush.com/bot.html)"
185.191.171.14 - - [21/Dec/2024:11:36:18 -0500] "GET /chancery/haberdash95080.html HTTP/1.1" 301 0 "-" "Mozilla/5.0 (compatible; SemrushBot/7~bl; +http://www.semrush.com/bot.html)"
185.191.171.15 - - [21/Dec/2024:11:36:21 -0500] "GET /chancery/haberdash95080.html/ HTTP/1.1" 200 0 "-" "Mozilla/5.0 (compatible; SemrushBot/7~bl; +http://www.semrush.com/bot.html)"
185.191.171.4 - - [21/Dec/2024:11:36:24 -0500] "GET /Dryopes/philogeant502446.html/ HTTP/1.1" 200 0 "-" "Mozilla/5.0 (compatible; SemrushBot/7~bl; +http://www.semrush.com/bot.html)"
85.208.96.206 - - [21/Dec/2024:11:36:27 -0500] "GET /allophylian/energetical104057.html/ HTTP/1.1" 200 0 "-" "Mozilla/5.0 (compatible; SemrushBot/7~bl; +http://www.semrush.com/bot.html)"
51.222.253.5 - - [21/Dec/2024:11:36:31 -0500] "GET /wp-content/plugins/elementor/modules/kit-elements-defaults/utils/ HTTP/1.1" 200 659 "-" "Mozilla/5.0 (compatible; AhrefsBot/7.0; +http://ahrefs.com/robot/)"
185.191.171.15 - - [21/Dec/2024:11:36:33 -0500] "GET /jupon/Caprimulgi429202.html HTTP/1.1" 301 0 "-" "Mozilla/5.0 (compatible; SemrushBot/7~bl; +http://www.semrush.com/bot.html)"
85.208.96.212 - - [21/Dec/2024:11:36:36 -0500] "GET /jupon/Caprimulgi429202.html/ HTTP/1.1" 200 0 "-" "Mozilla/5.0 (compatible; SemrushBot/7~bl; +http://www.semrush.com/bot.html)"
185.191.171.10 - - [21/Dec/2024:11:36:40 -0500] "GET /journalist/chancery1544615.html HTTP/1.1" 301 0 "-" "Mozilla/5.0 (compatible; SemrushBot/7~bl; +http://www.semrush.com/bot.html)"
185.191.171.16 - - [21/Dec/2024:11:36:43 -0500] "GET /journalist/chancery1544615.html/ HTTP/1.1" 200 0 "-" "Mozilla/5.0 (compatible; SemrushBot/7~bl; +http://www.semrush.com/bot.html)"
85.208.96.204 - - [21/Dec/2024:11:36:46 -0500] "GET /gibberish/homometrically568317.html HTTP/1.1" 301 0 "-" "Mozilla/5.0 (compatible; SemrushBot/7~bl; +http://www.semrush.com/bot.html)"
85.208.96.206 - - [21/Dec/2024:11:36:49 -0500] "GET /gibberish/homometrically568317.html/ HTTP/1.1" 200 0 "-" "Mozilla/5.0 (compatible; SemrushBot/7~bl; +http://www.semrush.com/bot.html)"
85.208.96.203 - - [21/Dec/2024:11:37:16 -0500] "GET /coynye/chaplaincy1700380.html HTTP/1.1" 301 0 "-" "Mozilla/5.0 (compatible; SemrushBot/7~bl; +http://www.semrush.com/bot.html)"
85.208.96.199 - - [21/Dec/2024:11:37:18 -0500] "GET /coynye/chaplaincy1700380.html/ HTTP/1.1" 200 0 "-" "Mozilla/5.0 (compatible; SemrushBot/7~bl; +http://www.semrush.com/bot.html)"
185.191.171.6 - - [21/Dec/2024:11:37:29 -0500] "GET /cauda/lupulinum1708554.html HTTP/1.1" 301 0 "-" "Mozilla/5.0 (compatible; SemrushBot/7~bl; +http://www.semrush.com/bot.html)"
85.208.96.210 - - [21/Dec/2024:11:37:32 -0500] "GET /criticism/equidurable1016666.html HTTP/1.1" 301 0 "-" "Mozilla/5.0 (compatible; SemrushBot/7~bl; +http://www.semrush.com/bot.html)"
185.191.171.19 - - [21/Dec/2024:11:37:35 -0500] "GET /criticism/equidurable1016666.html/ HTTP/1.1" 200 0 "-" "Mozilla/5.0 (compatible; SemrushBot/7~bl; +http://www.semrush.com/bot.html)"
85.208.96.206 - - [21/Dec/2024:11:37:38 -0500] "GET /cauda/lupulinum1708554.html/ HTTP/1.1" 200 0 "-" "Mozilla/5.0 (compatible; SemrushBot/7~bl; +http://www.semrush.com/bot.html)"
185.191.171.14 - - [21/Dec/2024:11:37:44 -0500] "GET /gibberish/homometrically559462.html HTTP/1.1" 301 0 "-" "Mozilla/5.0 (compatible; SemrushBot/7~bl; +http://www.semrush.com/bot.html)"
85.208.96.202 - - [21/Dec/2024:11:37:47 -0500] "GET /mechanalize/distrainable1460508.html HTTP/1.1" 301 0 "-" "Mozilla/5.0 (compatible; SemrushBot/7~bl; +http://www.semrush.com/bot.html)"
185.191.171.4 - - [21/Dec/2024:11:37:50 -0500] "GET /mechanalize/distrainable1460508.html/ HTTP/1.1" 200 0 "-" "Mozilla/5.0 (compatible; SemrushBot/7~bl; +http://www.semrush.com/bot.html)"
185.191.171.4 - - [21/Dec/2024:11:37:54 -0500] "GET /gibberish/homometrically559462.html/ HTTP/1.1" 200 0 "-" "Mozilla/5.0 (compatible; SemrushBot/7~bl; +http://www.semrush.com/bot.html)"
85.208.96.203 - - [21/Dec/2024:11:38:00 -0500] "GET /distrainable/dishonorary1401868.html HTTP/1.1" 301 0 "-" "Mozilla/5.0 (compatible; SemrushBot/7~bl; +http://www.semrush.com/bot.html)"
185.191.171.13 - - [21/Dec/2024:11:38:03 -0500] "GET /distrainable/dishonorary1401868.html/ HTTP/1.1" 200 0 "-" "Mozilla/5.0 (compatible; SemrushBot/7~bl; +http://www.semrush.com/bot.html)"
185.191.171.6 - - [21/Dec/2024:11:38:19 -0500] "GET /fang/arisard1325969.html HTTP/1.1" 301 0 "-" "Mozilla/5.0 (compatible; SemrushBot/7~bl; +http://www.semrush.com/bot.html)"
185.191.171.4 - - [21/Dec/2024:11:38:22 -0500] "GET /fang/arisard1325969.html/ HTTP/1.1" 200 0 "-" "Mozilla/5.0 (compatible; SemrushBot/7~bl; +http://www.semrush.com/bot.html)"
185.191.171.13 - - [21/Dec/2024:11:38:36 -0500] "GET /gibberish/homometrically1216932.html HTTP/1.1" 301 0 "-" "Mozilla/5.0 (compatible; SemrushBot/7~bl; +http://www.semrush.com/bot.html)"
185.191.171.4 - - [21/Dec/2024:11:38:39 -0500] "GET /gibberish/homometrically1216932.html/ HTTP/1.1" 200 0 "-" "Mozilla/5.0 (compatible; SemrushBot/7~bl; +http://www.semrush.com/bot.html)"
85.208.96.209 - - [21/Dec/2024:11:39:23 -0500] "GET /equidurable/aeronautical38536.html HTTP/1.1" 301 0 "-" "Mozilla/5.0 (compatible; SemrushBot/7~bl; +http://www.semrush.com/bot.html)"
185.191.171.6 - - [21/Dec/2024:11:39:26 -0500] "GET /equidurable/aeronautical38536.html/ HTTP/1.1" 200 0 "-" "Mozilla/5.0 (compatible; SemrushBot/7~bl; +http://www.semrush.com/bot.html)"
185.191.171.1 - - [21/Dec/2024:11:39:33 -0500] "GET /esere/opportunist509836.html HTTP/1.1" 301 0 "-" "Mozilla/5.0 (compatible; SemrushBot/7~bl; +http://www.semrush.com/bot.html)"
85.208.96.199 - - [21/Dec/2024:11:39:35 -0500] "GET /esere/opportunist509836.html/ HTTP/1.1" 200 0 "-" "Mozilla/5.0 (compatible; SemrushBot/7~bl; +http://www.semrush.com/bot.html)"
185.191.171.14 - - [21/Dec/2024:11:39:44 -0500] "GET /extraplanetary/disjunctively56748.html HTTP/1.1" 301 0 "-" "Mozilla/5.0 (compatible; SemrushBot/7~bl; +http://www.semrush.com/bot.html)"
185.191.171.10 - - [21/Dec/2024:11:39:47 -0500] "GET /extraplanetary/disjunctively56748.html/ HTTP/1.1" 200 0 "-" "Mozilla/5.0 (compatible; SemrushBot/7~bl; +http://www.semrush.com/bot.html)"
85.208.96.204 - - [21/Dec/2024:11:39:50 -0500] "GET /gally/coynye588730.html HTTP/1.1" 301 0 "-" "Mozilla/5.0 (compatible; SemrushBot/7~bl; +http://www.semrush.com/bot.html)"
185.191.171.15 - - [21/Dec/2024:11:39:53 -0500] "GET /gally/coynye588730.html/ HTTP/1.1" 200 0 "-" "Mozilla/5.0 (compatible; SemrushBot/7~bl; +http://www.semrush.com/bot.html)"
85.208.96.207 - - [21/Dec/2024:11:40:00 -0500] "GET /knifeless/affreightment1301423.html HTTP/1.1" 301 0 "-" "Mozilla/5.0 (compatible; SemrushBot/7~bl; +http://www.semrush.com/bot.html)"
85.208.96.195 - - [21/Dec/2024:11:40:04 -0500] "GET /knifeless/affreightment1301423.html/ HTTP/1.1" 200 0 "-" "Mozilla/5.0 (compatible; SemrushBot/7~bl; +http://www.semrush.com/bot.html)"
85.208.96.204 - - [21/Dec/2024:11:40:09 -0500] "GET /Anobiidae/Caryophyllaceae183439.html HTTP/1.1" 301 0 "-" "Mozilla/5.0 (compatible; SemrushBot/7~bl; +http://www.semrush.com/bot.html)"
85.208.96.201 - - [21/Dec/2024:11:40:10 -0500] "GET /robots.txt HTTP/1.1" 301 0 "-" "Mozilla/5.0 (compatible; SemrushBot/7~bl; +http://www.semrush.com/bot.html)"
85.208.96.201 - - [21/Dec/2024:11:40:13 -0500] "GET /robots.txt/ HTTP/1.1" 200 0 "-" "Mozilla/5.0 (compatible; SemrushBot/7~bl; +http://www.semrush.com/bot.html)"
85.208.96.210 - - [21/Dec/2024:11:40:14 -0500] "GET /equidurable/aeronautical898296.html HTTP/1.1" 301 0 "-" "Mozilla/5.0 (compatible; SemrushBot/7~bl; +http://www.semrush.com/bot.html)"
185.191.171.12 - - [21/Dec/2024:11:40:18 -0500] "GET /knifeless/affreightment467733.html HTTP/1.1" 301 0 "-" "Mozilla/5.0 (compatible; SemrushBot/7~bl; +http://www.semrush.com/bot.html)"
185.191.171.15 - - [21/Dec/2024:11:40:22 -0500] "GET /equidurable/aeronautical211731.html HTTP/1.1" 301 0 "-" "Mozilla/5.0 (compatible; SemrushBot/7~bl; +http://www.semrush.com/bot.html)"
85.208.96.202 - - [21/Dec/2024:11:40:26 -0500] "GET /disjunctively/bitterness1384493.html HTTP/1.1" 301 0 "-" "Mozilla/5.0 (compatible; SemrushBot/7~bl; +http://www.semrush.com/bot.html)"
185.191.171.2 - - [21/Dec/2024:11:40:28 -0500] "GET /disjunctively/bitterness1384493.html/ HTTP/1.1" 200 0 "-" "Mozilla/5.0 (compatible; SemrushBot/7~bl; +http://www.semrush.com/bot.html)"
185.191.171.15 - - [21/Dec/2024:11:40:32 -0500] "GET /equidurable/aeronautical211731.html/ HTTP/1.1" 200 0 "-" "Mozilla/5.0 (compatible; SemrushBot/7~bl; +http://www.semrush.com/bot.html)"
85.208.96.208 - - [21/Dec/2024:11:40:36 -0500] "GET /allophylian/energetical728692.html HTTP/1.1" 301 0 "-" "Mozilla/5.0 (compatible; SemrushBot/7~bl; +http://www.semrush.com/bot.html)"
85.208.96.208 - - [21/Dec/2024:11:40:39 -0500] "GET /allophylian/energetical728692.html/ HTTP/1.1" 200 0 "-" "Mozilla/5.0 (compatible; SemrushBot/7~bl; +http://www.semrush.com/bot.html)"
185.191.171.15 - - [21/Dec/2024:11:40:43 -0500] "GET /knifeless/affreightment467733.html/ HTTP/1.1" 200 0 "-" "Mozilla/5.0 (compatible; SemrushBot/7~bl; +http://www.semrush.com/bot.html)"
185.191.171.16 - - [21/Dec/2024:11:40:46 -0500] "GET /equidurable/aeronautical898296.html/ HTTP/1.1" 200 0 "-" "Mozilla/5.0 (compatible; SemrushBot/7~bl; +http://www.semrush.com/bot.html)"
85.208.96.202 - - [21/Dec/2024:11:40:49 -0500] "GET /Anobiidae/Caryophyllaceae183439.html/ HTTP/1.1" 200 0 "-" "Mozilla/5.0 (compatible; SemrushBot/7~bl; +http://www.semrush.com/bot.html)"
185.191.171.17 - - [21/Dec/2024:11:40:54 -0500] "GET /Dryopes/philogeant977591.html HTTP/1.1" 301 0 "-" "Mozilla/5.0 (compatible; SemrushBot/7~bl; +http://www.semrush.com/bot.html)"
85.208.96.196 - - [21/Dec/2024:11:40:57 -0500] "GET /Dryopes/philogeant977591.html/ HTTP/1.1" 200 0 "-" "Mozilla/5.0 (compatible; SemrushBot/7~bl; +http://www.semrush.com/bot.html)"
185.191.171.10 - - [21/Dec/2024:11:41:00 -0500] "GET /gibberish/homometrically592297.html HTTP/1.1" 301 0 "-" "Mozilla/5.0 (compatible; SemrushBot/7~bl; +http://www.semrush.com/bot.html)"
185.191.171.12 - - [21/Dec/2024:11:41:03 -0500] "GET /gibberish/homometrically592297.html/ HTTP/1.1" 200 0 "-" "Mozilla/5.0 (compatible; SemrushBot/7~bl; +http://www.semrush.com/bot.html)"
185.191.171.12 - - [21/Dec/2024:11:41:28 -0500] "GET /claquer/journalist1701595.html HTTP/1.1" 301 0 "-" "Mozilla/5.0 (compatible; SemrushBot/7~bl; +http://www.semrush.com/bot.html)"
185.191.171.14 - - [21/Dec/2024:11:41:31 -0500] "GET /claquer/journalist1701595.html/ HTTP/1.1" 200 0 "-" "Mozilla/5.0 (compatible; SemrushBot/7~bl; +http://www.semrush.com/bot.html)"
85.208.96.202 - - [21/Dec/2024:11:41:37 -0500] "GET /disjunctively/bitterness74008.html HTTP/1.1" 301 0 "-" "Mozilla/5.0 (compatible; SemrushBot/7~bl; +http://www.semrush.com/bot.html)"
85.208.96.196 - - [21/Dec/2024:11:41:40 -0500] "GET /disjunctively/bitterness74008.html/ HTTP/1.1" 200 0 "-" "Mozilla/5.0 (compatible; SemrushBot/7~bl; +http://www.semrush.com/bot.html)"
185.191.171.4 - - [21/Dec/2024:11:41:46 -0500] "GET /distrainable/dishonorary1158658.html HTTP/1.1" 301 0 "-" "Mozilla/5.0 (compatible; SemrushBot/7~bl; +http://www.semrush.com/bot.html)"
85.208.96.210 - - [21/Dec/2024:11:41:48 -0500] "GET /distrainable/dishonorary1158658.html/ HTTP/1.1" 200 0 "-" "Mozilla/5.0 (compatible; SemrushBot/7~bl; +http://www.semrush.com/bot.html)"
185.191.171.9 - - [21/Dec/2024:11:41:57 -0500] "GET /energetical/certified1413212.html HTTP/1.1" 301 0 "-" "Mozilla/5.0 (compatible; SemrushBot/7~bl; +http://www.semrush.com/bot.html)"
185.191.171.16 - - [21/Dec/2024:11:42:01 -0500] "GET /energetical/certified1413212.html/ HTTP/1.1" 200 0 "-" "Mozilla/5.0 (compatible; SemrushBot/7~bl; +http://www.semrush.com/bot.html)"
85.208.96.211 - - [21/Dec/2024:11:42:07 -0500] "GET /allophylian/energetical162137.html HTTP/1.1" 301 0 "-" "Mozilla/5.0 (compatible; SemrushBot/7~bl; +http://www.semrush.com/bot.html)"
85.208.96.200 - - [21/Dec/2024:11:42:10 -0500] "GET /allophylian/energetical162137.html/ HTTP/1.1" 200 0 "-" "Mozilla/5.0 (compatible; SemrushBot/7~bl; +http://www.semrush.com/bot.html)"
185.191.171.8 - - [21/Dec/2024:11:42:23 -0500] "GET /affreightment/balaustre1638453.html HTTP/1.1" 301 0 "-" "Mozilla/5.0 (compatible; SemrushBot/7~bl; +http://www.semrush.com/bot.html)"
185.191.171.6 - - [21/Dec/2024:11:42:27 -0500] "GET /affreightment/balaustre1638453.html/ HTTP/1.1" 200 0 "-" "Mozilla/5.0 (compatible; SemrushBot/7~bl; +http://www.semrush.com/bot.html)"
185.191.171.13 - - [21/Dec/2024:11:42:38 -0500] "GET /disjunctively/bitterness1454453.html HTTP/1.1" 301 0 "-" "Mozilla/5.0 (compatible; SemrushBot/7~bl; +http://www.semrush.com/bot.html)"
47.128.21.210 - - [21/Dec/2024:11:42:39 -0500] "GET /wp-content/plugins/elementor/includes/widgets/icon.php HTTP/1.1" 403 1242 "-" "Mozilla/5.0 (Linux; Android 5.0) AppleWebKit/537.36 (KHTML, like Gecko) Mobile Safari/537.36 (compatible; Bytespider; spider-feedback@bytedance.com)"
185.191.171.16 - - [21/Dec/2024:11:42:41 -0500] "GET /disjunctively/bitterness1454453.html/ HTTP/1.1" 200 0 "-" "Mozilla/5.0 (compatible; SemrushBot/7~bl; +http://www.semrush.com/bot.html)"
85.208.96.198 - - [21/Dec/2024:11:43:24 -0500] "GET /extraplanetary/disjunctively197218.html HTTP/1.1" 301 0 "-" "Mozilla/5.0 (compatible; SemrushBot/7~bl; +http://www.semrush.com/bot.html)"
185.191.171.7 - - [21/Dec/2024:11:43:27 -0500] "GET /extraplanetary/disjunctively197218.html/ HTTP/1.1" 200 0 "-" "Mozilla/5.0 (compatible; SemrushBot/7~bl; +http://www.semrush.com/bot.html)"
185.191.171.10 - - [21/Dec/2024:11:43:52 -0500] "GET /equidurable/aeronautical403791.html HTTP/1.1" 301 0 "-" "Mozilla/5.0 (compatible; SemrushBot/7~bl; +http://www.semrush.com/bot.html)"
85.208.96.200 - - [21/Dec/2024:11:43:54 -0500] "GET /equidurable/aeronautical403791.html/ HTTP/1.1" 200 0 "-" "Mozilla/5.0 (compatible; SemrushBot/7~bl; +http://www.semrush.com/bot.html)"
85.208.96.201 - - [21/Dec/2024:11:44:01 -0500] "GET /microphotograph/gauzily560513.html HTTP/1.1" 301 0 "-" "Mozilla/5.0 (compatible; SemrushBot/7~bl; +http://www.semrush.com/bot.html)"
185.191.171.11 - - [21/Dec/2024:11:44:04 -0500] "GET /Dryopes/philogeant571306.html HTTP/1.1" 301 0 "-" "Mozilla/5.0 (compatible; SemrushBot/7~bl; +http://www.semrush.com/bot.html)"
85.208.96.194 - - [21/Dec/2024:11:44:07 -0500] "GET /disjunctively/bitterness591173.html HTTP/1.1" 301 0 "-" "Mozilla/5.0 (compatible; SemrushBot/7~bl; +http://www.semrush.com/bot.html)"
85.208.96.209 - - [21/Dec/2024:11:44:10 -0500] "GET /disjunctively/bitterness591173.html/ HTTP/1.1" 200 0 "-" "Mozilla/5.0 (compatible; SemrushBot/7~bl; +http://www.semrush.com/bot.html)"
85.208.96.193 - - [21/Dec/2024:11:44:12 -0500] "GET /Dryopes/philogeant571306.html/ HTTP/1.1" 200 0 "-" "Mozilla/5.0 (compatible; SemrushBot/7~bl; +http://www.semrush.com/bot.html)"
185.191.171.4 - - [21/Dec/2024:11:44:15 -0500] "GET /chaplaincy/metallographical334885.html HTTP/1.1" 301 0 "-" "Mozilla/5.0 (compatible; SemrushBot/7~bl; +http://www.semrush.com/bot.html)"
185.191.171.18 - - [21/Dec/2024:11:44:19 -0500] "GET /admitter/allophylian1404212.html HTTP/1.1" 301 0 "-" "Mozilla/5.0 (compatible; SemrushBot/7~bl; +http://www.semrush.com/bot.html)"
185.191.171.13 - - [21/Dec/2024:11:44:23 -0500] "GET /microphotograph/gauzily1711553.html HTTP/1.1" 301 0 "-" "Mozilla/5.0 (compatible; SemrushBot/7~bl; +http://www.semrush.com/bot.html)"
185.191.171.14 - - [21/Dec/2024:11:44:27 -0500] "GET /diatomic/cutleress543564.html HTTP/1.1" 301 0 "-" "Mozilla/5.0 (compatible; SemrushBot/7~bl; +http://www.semrush.com/bot.html)"
185.191.171.16 - - [21/Dec/2024:11:44:30 -0500] "GET /diatomic/cutleress543564.html/ HTTP/1.1" 200 0 "-" "Mozilla/5.0 (compatible; SemrushBot/7~bl; +http://www.semrush.com/bot.html)"
85.208.96.206 - - [21/Dec/2024:11:44:33 -0500] "GET /microphotograph/gauzily1711553.html/ HTTP/1.1" 200 0 "-" "Mozilla/5.0 (compatible; SemrushBot/7~bl; +http://www.semrush.com/bot.html)"
185.191.171.6 - - [21/Dec/2024:11:44:36 -0500] "GET /dishonorary/microphotograph251148.html HTTP/1.1" 301 0 "-" "Mozilla/5.0 (compatible; SemrushBot/7~bl; +http://www.semrush.com/bot.html)"
85.208.96.205 - - [21/Dec/2024:11:44:38 -0500] "GET /dishonorary/microphotograph251148.html/ HTTP/1.1" 200 0 "-" "Mozilla/5.0 (compatible; SemrushBot/7~bl; +http://www.semrush.com/bot.html)"
85.208.96.206 - - [21/Dec/2024:11:44:41 -0500] "GET /admitter/allophylian1404212.html/ HTTP/1.1" 200 0 "-" "Mozilla/5.0 (compatible; SemrushBot/7~bl; +http://www.semrush.com/bot.html)"
185.191.171.18 - - [21/Dec/2024:11:44:44 -0500] "GET /chaplaincy/metallographical334885.html/ HTTP/1.1" 200 0 "-" "Mozilla/5.0 (compatible; SemrushBot/7~bl; +http://www.semrush.com/bot.html)"
85.208.96.194 - - [21/Dec/2024:11:44:46 -0500] "GET /chaplaincy/metallographical758440.html HTTP/1.1" 301 0 "-" "Mozilla/5.0 (compatible; SemrushBot/7~bl; +http://www.semrush.com/bot.html)"
85.208.96.209 - - [21/Dec/2024:11:44:49 -0500] "GET /chaplaincy/metallographical758440.html/ HTTP/1.1" 200 0 "-" "Mozilla/5.0 (compatible; SemrushBot/7~bl; +http://www.semrush.com/bot.html)"
85.208.96.206 - - [21/Dec/2024:11:44:54 -0500] "GET /microphotograph/gauzily560513.html/ HTTP/1.1" 200 0 "-" "Mozilla/5.0 (compatible; SemrushBot/7~bl; +http://www.semrush.com/bot.html)"
85.208.96.198 - - [21/Dec/2024:11:44:57 -0500] "GET /extraplanetary/disjunctively479753.html HTTP/1.1" 301 0 "-" "Mozilla/5.0 (compatible; SemrushBot/7~bl; +http://www.semrush.com/bot.html)"
85.208.96.212 - - [21/Dec/2024:11:44:59 -0500] "GET /gauzily/extraplanetary1313453.html HTTP/1.1" 301 0 "-" "Mozilla/5.0 (compatible; SemrushBot/7~bl; +http://www.semrush.com/bot.html)"
85.208.96.207 - - [21/Dec/2024:11:45:02 -0500] "GET /gauzily/extraplanetary1313453.html/ HTTP/1.1" 200 0 "-" "Mozilla/5.0 (compatible; SemrushBot/7~bl; +http://www.semrush.com/bot.html)"
185.191.171.14 - - [21/Dec/2024:11:45:05 -0500] "GET /extraplanetary/disjunctively479753.html/ HTTP/1.1" 200 0 "-" "Mozilla/5.0 (compatible; SemrushBot/7~bl; +http://www.semrush.com/bot.html)"
85.208.96.211 - - [21/Dec/2024:11:45:30 -0500] "GET /equidurable/aeronautical806721.html HTTP/1.1" 301 0 "-" "Mozilla/5.0 (compatible; SemrushBot/7~bl; +http://www.semrush.com/bot.html)"
185.191.171.18 - - [21/Dec/2024:11:45:33 -0500] "GET /equidurable/aeronautical806721.html/ HTTP/1.1" 200 0 "-" "Mozilla/5.0 (compatible; SemrushBot/7~bl; +http://www.semrush.com/bot.html)"
85.208.96.206 - - [21/Dec/2024:11:45:48 -0500] "GET /gibberish/homometrically1324622.html HTTP/1.1" 301 0 "-" "Mozilla/5.0 (compatible; SemrushBot/7~bl; +http://www.semrush.com/bot.html)"
85.208.96.206 - - [21/Dec/2024:11:45:52 -0500] "GET /gibberish/homometrically1324622.html/ HTTP/1.1" 200 0 "-" "Mozilla/5.0 (compatible; SemrushBot/7~bl; +http://www.semrush.com/bot.html)"
85.208.96.212 - - [21/Dec/2024:11:45:55 -0500] "GET /microphotograph/gauzily1516578.html HTTP/1.1" 301 0 "-" "Mozilla/5.0 (compatible; SemrushBot/7~bl; +http://www.semrush.com/bot.html)"
85.208.96.200 - - [21/Dec/2024:11:45:57 -0500] "GET /equidurable/aeronautical1730336.html HTTP/1.1" 301 0 "-" "Mozilla/5.0 (compatible; SemrushBot/7~bl; +http://www.semrush.com/bot.html)"
216.244.66.247 - - [21/Dec/2024:11:46:01 -0500] "GET /wp-content/plugins/elementor/app/assets/js/package.js HTTP/1.1" 200 2247 "-" "Mozilla/5.0 (compatible; DotBot/1.2; +https://opensiteexplorer.org/dotbot; help@moz.com)"
185.191.171.16 - - [21/Dec/2024:11:46:00 -0500] "GET /equidurable/aeronautical1730336.html/ HTTP/1.1" 200 0 "-" "Mozilla/5.0 (compatible; SemrushBot/7~bl; +http://www.semrush.com/bot.html)"
85.208.96.207 - - [21/Dec/2024:11:46:02 -0500] "GET /microphotograph/gauzily1516578.html/ HTTP/1.1" 200 0 "-" "Mozilla/5.0 (compatible; SemrushBot/7~bl; +http://www.semrush.com/bot.html)"
216.244.66.247 - - [21/Dec/2024:11:46:06 -0500] "GET /wp-content/plugins/elementor/assets/js/announcements-app.js HTTP/1.1" 200 100178 "-" "Mozilla/5.0 (compatible; DotBot/1.2; +https://opensiteexplorer.org/dotbot; help@moz.com)"
216.244.66.247 - - [21/Dec/2024:11:46:12 -0500] "GET /wp-content/plugins/elementor/assets/js/counter.3f74a246dff765f39aea.bundle.js HTTP/1.1" 200 1628 "-" "Mozilla/5.0 (compatible; DotBot/1.2; +https://opensiteexplorer.org/dotbot; help@moz.com)"
185.191.171.6 - - [21/Dec/2024:11:46:17 -0500] "GET /equidurable/aeronautical296541.html HTTP/1.1" 301 0 "-" "Mozilla/5.0 (compatible; SemrushBot/7~bl; +http://www.semrush.com/bot.html)"
216.244.66.247 - - [21/Dec/2024:11:46:19 -0500] "GET /wp-content/plugins/elementor/assets/js/image-carousel.eb05c92d71778c099df7.bundle.js HTTP/1.1" 200 6905 "-" "Mozilla/5.0 (compatible; DotBot/1.2; +https://opensiteexplorer.org/dotbot; help@moz.com)"
185.191.171.6 - - [21/Dec/2024:11:46:20 -0500] "GET /equidurable/aeronautical296541.html/ HTTP/1.1" 200 0 "-" "Mozilla/5.0 (compatible; SemrushBot/7~bl; +http://www.semrush.com/bot.html)"
216.244.66.247 - - [21/Dec/2024:11:46:22 -0500] "GET /wp-content/plugins/elementor/assets/js/lightbox.c35dbfc7181d730b570c.bundle.js HTTP/1.1" 200 52905 "-" "Mozilla/5.0 (compatible; DotBot/1.2; +https://opensiteexplorer.org/dotbot; help@moz.com)"
216.244.66.247 - - [21/Dec/2024:11:46:27 -0500] "GET /wp-content/plugins/elementor/assets/js/new-template.min.js HTTP/1.1" 200 6830 "-" "Mozilla/5.0 (compatible; DotBot/1.2; +https://opensiteexplorer.org/dotbot; help@moz.com)"
216.244.66.247 - - [21/Dec/2024:11:46:29 -0500] "GET /wp-content/plugins/elementor/assets/js/text-path.319e063b5962349cf10f.bundle.js HTTP/1.1" 200 7267 "-" "Mozilla/5.0 (compatible; DotBot/1.2; +https://opensiteexplorer.org/dotbot; help@moz.com)"
216.244.66.247 - - [21/Dec/2024:11:46:34 -0500] "GET /wp-content/plugins/elementor/assets/lib/tipsy/tipsy.js HTTP/1.1" 200 7812 "-" "Mozilla/5.0 (compatible; DotBot/1.2; +https://opensiteexplorer.org/dotbot; help@moz.com)"
85.208.96.208 - - [21/Dec/2024:11:46:37 -0500] "GET /opportunist/Dryopes1532496.html HTTP/1.1" 301 0 "-" "Mozilla/5.0 (compatible; SemrushBot/7~bl; +http://www.semrush.com/bot.html)"
47.128.124.149 - - [21/Dec/2024:11:46:40 -0500] "GET /wp-content/plugins/elementor/modules/styleguide/controls/switcher.php HTTP/1.1" 403 1242 "-" "Mozilla/5.0 (Linux; Android 5.0) AppleWebKit/537.36 (KHTML, like Gecko) Mobile Safari/537.36 (compatible; Bytespider; spider-feedback@bytedance.com)"
85.208.96.209 - - [21/Dec/2024:11:46:39 -0500] "GET /opportunist/Dryopes1532496.html/ HTTP/1.1" 200 0 "-" "Mozilla/5.0 (compatible; SemrushBot/7~bl; +http://www.semrush.com/bot.html)"
85.208.96.203 - - [21/Dec/2024:11:46:50 -0500] "GET /chaplaincy/metallographical628255.html HTTP/1.1" 301 0 "-" "Mozilla/5.0 (compatible; SemrushBot/7~bl; +http://www.semrush.com/bot.html)"
185.191.171.4 - - [21/Dec/2024:11:46:53 -0500] "GET /chaplaincy/metallographical628255.html/ HTTP/1.1" 200 0 "-" "Mozilla/5.0 (compatible; SemrushBot/7~bl; +http://www.semrush.com/bot.html)"
216.244.66.247 - - [21/Dec/2024:11:46:57 -0500] "GET /wp-content/plugins/elementor/core/breakpoints/?MA HTTP/1.1" 200 2017 "-" "Mozilla/5.0 (compatible; DotBot/1.2; +https://opensiteexplorer.org/dotbot; help@moz.com)"
185.191.171.3 - - [21/Dec/2024:11:47:26 -0500] "GET /affreightment/balaustre1268138.html HTTP/1.1" 301 0 "-" "Mozilla/5.0 (compatible; SemrushBot/7~bl; +http://www.semrush.com/bot.html)"
216.244.66.247 - - [21/Dec/2024:11:47:29 -0500] "GET /wp-content/plugins/elementor/assets/css/modules/?SA HTTP/1.1" 200 4033 "-" "Mozilla/5.0 (compatible; DotBot/1.2; +https://opensiteexplorer.org/dotbot; help@moz.com)"
85.208.96.207 - - [21/Dec/2024:11:47:29 -0500] "GET /affreightment/balaustre1268138.html/ HTTP/1.1" 200 0 "-" "Mozilla/5.0 (compatible; SemrushBot/7~bl; +http://www.semrush.com/bot.html)"
216.244.66.247 - - [21/Dec/2024:11:47:30 -0500] "GET /wp-content/plugins/elementor/modules/apps/images/?MA HTTP/1.1" 200 10942 "-" "Mozilla/5.0 (compatible; DotBot/1.2; +https://opensiteexplorer.org/dotbot; help@moz.com)"
216.244.66.247 - - [21/Dec/2024:11:47:32 -0500] "GET /wp-content/plugins/elementor/modules/compatibility-tag/views/?SA HTTP/1.1" 200 1873 "-" "Mozilla/5.0 (compatible; DotBot/1.2; +https://opensiteexplorer.org/dotbot; help@moz.com)"
85.208.96.209 - - [21/Dec/2024:11:47:50 -0500] "GET /gibberish/homometrically195582.html HTTP/1.1" 301 0 "-" "Mozilla/5.0 (compatible; SemrushBot/7~bl; +http://www.semrush.com/bot.html)"
85.208.96.211 - - [21/Dec/2024:11:47:52 -0500] "GET /distrainable/dishonorary1472433.html HTTP/1.1" 301 0 "-" "Mozilla/5.0 (compatible; SemrushBot/7~bl; +http://www.semrush.com/bot.html)"
85.208.96.208 - - [21/Dec/2024:11:47:55 -0500] "GET /distrainable/dishonorary1472433.html/ HTTP/1.1" 200 0 "-" "Mozilla/5.0 (compatible; SemrushBot/7~bl; +http://www.semrush.com/bot.html)"
85.208.96.201 - - [21/Dec/2024:11:47:57 -0500] "GET /gibberish/homometrically195582.html/ HTTP/1.1" 200 0 "-" "Mozilla/5.0 (compatible; SemrushBot/7~bl; +http://www.semrush.com/bot.html)"
85.208.96.209 - - [21/Dec/2024:11:48:10 -0500] "GET /mechanalize/distrainable64883.html HTTP/1.1" 301 0 "-" "Mozilla/5.0 (compatible; SemrushBot/7~bl; +http://www.semrush.com/bot.html)"
85.208.96.211 - - [21/Dec/2024:11:48:13 -0500] "GET /mechanalize/distrainable64883.html/ HTTP/1.1" 200 0 "-" "Mozilla/5.0 (compatible; SemrushBot/7~bl; +http://www.semrush.com/bot.html)"
85.208.96.206 - - [21/Dec/2024:11:48:16 -0500] "GET /extraplanetary/disjunctively903198.html HTTP/1.1" 301 0 "-" "Mozilla/5.0 (compatible; SemrushBot/7~bl; +http://www.semrush.com/bot.html)"
85.208.96.200 - - [21/Dec/2024:11:48:19 -0500] "GET /extraplanetary/disjunctively903198.html/ HTTP/1.1" 200 0 "-" "Mozilla/5.0 (compatible; SemrushBot/7~bl; +http://www.semrush.com/bot.html)"
85.208.96.208 - - [21/Dec/2024:11:48:22 -0500] "GET /knifeless/affreightment801253.html HTTP/1.1" 301 0 "-" "Mozilla/5.0 (compatible; SemrushBot/7~bl; +http://www.semrush.com/bot.html)"
85.208.96.196 - - [21/Dec/2024:11:48:24 -0500] "GET /affreightment/balaustre1558043.html HTTP/1.1" 301 0 "-" "Mozilla/5.0 (compatible; SemrushBot/7~bl; +http://www.semrush.com/bot.html)"
185.191.171.18 - - [21/Dec/2024:11:48:27 -0500] "GET /energetical/certified684957.html HTTP/1.1" 301 0 "-" "Mozilla/5.0 (compatible; SemrushBot/7~bl; +http://www.semrush.com/bot.html)"
185.191.171.9 - - [21/Dec/2024:11:48:30 -0500] "GET /gibberish/homometrically360142.html HTTP/1.1" 301 0 "-" "Mozilla/5.0 (compatible; SemrushBot/7~bl; +http://www.semrush.com/bot.html)"
216.244.66.247 - - [21/Dec/2024:11:48:32 -0500] "GET /wp-content/plugins/elementor/assets/css/modules/announcements/?NA HTTP/1.1" 200 2133 "-" "Mozilla/5.0 (compatible; DotBot/1.2; +https://opensiteexplorer.org/dotbot; help@moz.com)"
216.244.66.247 - - [21/Dec/2024:11:48:33 -0500] "GET /wp-content/plugins/elementor/packages/elementor-ui/components/?NA HTTP/1.1" 200 2339 "-" "Mozilla/5.0 (compatible; DotBot/1.2; +https://opensiteexplorer.org/dotbot; help@moz.com)"
185.191.171.11 - - [21/Dec/2024:11:48:33 -0500] "GET /gibberish/homometrically360142.html/ HTTP/1.1" 200 0 "-" "Mozilla/5.0 (compatible; SemrushBot/7~bl; +http://www.semrush.com/bot.html)"
85.208.96.203 - - [21/Dec/2024:11:48:36 -0500] "GET /Meletian/Algaroth1335956.html HTTP/1.1" 301 0 "-" "Mozilla/5.0 (compatible; SemrushBot/7~bl; +http://www.semrush.com/bot.html)"
85.208.96.203 - - [21/Dec/2024:11:48:38 -0500] "GET /Meletian/Algaroth1335956.html/ HTTP/1.1" 200 0 "-" "Mozilla/5.0 (compatible; SemrushBot/7~bl; +http://www.semrush.com/bot.html)"
85.208.96.200 - - [21/Dec/2024:11:48:40 -0500] "GET /energetical/certified684957.html/ HTTP/1.1" 200 0 "-" "Mozilla/5.0 (compatible; SemrushBot/7~bl; +http://www.semrush.com/bot.html)"
85.208.96.208 - - [21/Dec/2024:11:48:43 -0500] "GET /affreightment/balaustre1558043.html/ HTTP/1.1" 200 0 "-" "Mozilla/5.0 (compatible; SemrushBot/7~bl; +http://www.semrush.com/bot.html)"
85.208.96.206 - - [21/Dec/2024:11:48:47 -0500] "GET /knifeless/affreightment801253.html/ HTTP/1.1" 200 0 "-" "Mozilla/5.0 (compatible; SemrushBot/7~bl; +http://www.semrush.com/bot.html)"
185.191.171.8 - - [21/Dec/2024:11:49:00 -0500] "GET /mechanalize/distrainable507468.html HTTP/1.1" 301 0 "-" "Mozilla/5.0 (compatible; SemrushBot/7~bl; +http://www.semrush.com/bot.html)"
185.191.171.13 - - [21/Dec/2024:11:49:05 -0500] "GET /mechanalize/distrainable507468.html/ HTTP/1.1" 200 0 "-" "Mozilla/5.0 (compatible; SemrushBot/7~bl; +http://www.semrush.com/bot.html)"
185.191.171.11 - - [21/Dec/2024:11:49:31 -0500] "GET /diatomic/cutleress296174.html HTTP/1.1" 301 0 "-" "Mozilla/5.0 (compatible; SemrushBot/7~bl; +http://www.semrush.com/bot.html)"
185.191.171.10 - - [21/Dec/2024:11:49:33 -0500] "GET /diatomic/cutleress296174.html/ HTTP/1.1" 200 0 "-" "Mozilla/5.0 (compatible; SemrushBot/7~bl; +http://www.semrush.com/bot.html)"
185.191.171.1 - - [21/Dec/2024:11:49:36 -0500] "GET /disjunctively/bitterness186263.html HTTP/1.1" 301 0 "-" "Mozilla/5.0 (compatible; SemrushBot/7~bl; +http://www.semrush.com/bot.html)"
85.208.96.209 - - [21/Dec/2024:11:49:39 -0500] "GET /disjunctively/bitterness186263.html/ HTTP/1.1" 200 0 "-" "Mozilla/5.0 (compatible; SemrushBot/7~bl; +http://www.semrush.com/bot.html)"
185.191.171.13 - - [21/Dec/2024:11:49:51 -0500] "GET /energetical/certified540252.html HTTP/1.1" 301 0 "-" "Mozilla/5.0 (compatible; SemrushBot/7~bl; +http://www.semrush.com/bot.html)"
85.208.96.198 - - [21/Dec/2024:11:49:53 -0500] "GET /disjunctively/bitterness1219273.html HTTP/1.1" 301 0 "-" "Mozilla/5.0 (compatible; SemrushBot/7~bl; +http://www.semrush.com/bot.html)"
185.191.171.8 - - [21/Dec/2024:11:49:56 -0500] "GET /extraplanetary/disjunctively558843.html HTTP/1.1" 301 0 "-" "Mozilla/5.0 (compatible; SemrushBot/7~bl; +http://www.semrush.com/bot.html)"
185.191.171.13 - - [21/Dec/2024:11:50:01 -0500] "GET /extraplanetary/disjunctively558843.html/ HTTP/1.1" 200 0 "-" "Mozilla/5.0 (compatible; SemrushBot/7~bl; +http://www.semrush.com/bot.html)"
85.208.96.204 - - [21/Dec/2024:11:50:05 -0500] "GET /disjunctively/bitterness1219273.html/ HTTP/1.1" 200 0 "-" "Mozilla/5.0 (compatible; SemrushBot/7~bl; +http://www.semrush.com/bot.html)"
85.208.96.202 - - [21/Dec/2024:11:50:09 -0500] "GET /energetical/certified540252.html/ HTTP/1.1" 200 0 "-" "Mozilla/5.0 (compatible; SemrushBot/7~bl; +http://www.semrush.com/bot.html)"
185.191.171.1 - - [21/Dec/2024:11:50:30 -0500] "GET /affreightment/balaustre589493.html HTTP/1.1" 301 0 "-" "Mozilla/5.0 (compatible; SemrushBot/7~bl; +http://www.semrush.com/bot.html)"
185.191.171.11 - - [21/Dec/2024:11:50:36 -0500] "GET /affreightment/balaustre589493.html/ HTTP/1.1" 200 0 "-" "Mozilla/5.0 (compatible; SemrushBot/7~bl; +http://www.semrush.com/bot.html)"
185.191.171.15 - - [21/Dec/2024:11:50:39 -0500] "GET /gibberish/homometrically638057.html HTTP/1.1" 301 0 "-" "Mozilla/5.0 (compatible; SemrushBot/7~bl; +http://www.semrush.com/bot.html)"
47.128.121.220 - - [21/Dec/2024:11:50:40 -0500] "GET / HTTP/1.1" 200 0 "-" "Mozilla/5.0 (Linux; Android 5.0) AppleWebKit/537.36 (KHTML, like Gecko) Mobile Safari/537.36 (compatible; Bytespider; spider-feedback@bytedance.com)"
85.208.96.211 - - [21/Dec/2024:11:50:42 -0500] "GET /robots.txt HTTP/1.1" 301 0 "-" "Mozilla/5.0 (compatible; SemrushBot/7~bl; +http://www.semrush.com/bot.html)"
185.191.171.13 - - [21/Dec/2024:11:50:42 -0500] "GET /gibberish/homometrically638057.html/ HTTP/1.1" 200 0 "-" "Mozilla/5.0 (compatible; SemrushBot/7~bl; +http://www.semrush.com/bot.html)"
85.208.96.211 - - [21/Dec/2024:11:50:43 -0500] "GET /robots.txt/ HTTP/1.1" 200 0 "-" "Mozilla/5.0 (compatible; SemrushBot/7~bl; +http://www.semrush.com/bot.html)"
85.208.96.210 - - [21/Dec/2024:11:50:45 -0500] "GET /affreightment/balaustre687393.html HTTP/1.1" 301 0 "-" "Mozilla/5.0 (compatible; SemrushBot/7~bl; +http://www.semrush.com/bot.html)"
85.208.96.204 - - [21/Dec/2024:11:50:47 -0500] "GET /affreightment/balaustre687393.html/ HTTP/1.1" 200 0 "-" "Mozilla/5.0 (compatible; SemrushBot/7~bl; +http://www.semrush.com/bot.html)"
185.191.171.6 - - [21/Dec/2024:11:50:59 -0500] "GET /allophylian/energetical1612047.html HTTP/1.1" 301 0 "-" "Mozilla/5.0 (compatible; SemrushBot/7~bl; +http://www.semrush.com/bot.html)"
185.191.171.15 - - [21/Dec/2024:11:51:03 -0500] "GET /allophylian/energetical1612047.html/ HTTP/1.1" 200 0 "-" "Mozilla/5.0 (compatible; SemrushBot/7~bl; +http://www.semrush.com/bot.html)"
85.208.96.204 - - [21/Dec/2024:11:51:48 -0500] "GET /admitter/allophylian825007.html HTTP/1.1" 301 0 "-" "Mozilla/5.0 (compatible; SemrushBot/7~bl; +http://www.semrush.com/bot.html)"
85.208.96.210 - - [21/Dec/2024:11:51:53 -0500] "GET /Caryophyllaceae/furyl637839.html HTTP/1.1" 301 0 "-" "Mozilla/5.0 (compatible; SemrushBot/7~bl; +http://www.semrush.com/bot.html)"
185.191.171.10 - - [21/Dec/2024:11:51:56 -0500] "GET /Caryophyllaceae/furyl637839.html/ HTTP/1.1" 200 0 "-" "Mozilla/5.0 (compatible; SemrushBot/7~bl; +http://www.semrush.com/bot.html)"
185.191.171.14 - - [21/Dec/2024:11:52:00 -0500] "GET /admitter/allophylian825007.html/ HTTP/1.1" 200 0 "-" "Mozilla/5.0 (compatible; SemrushBot/7~bl; +http://www.semrush.com/bot.html)"
85.208.96.198 - - [21/Dec/2024:11:52:07 -0500] "GET /Anobiidae/Caryophyllaceae9199.html HTTP/1.1" 301 0 "-" "Mozilla/5.0 (compatible; SemrushBot/7~bl; +http://www.semrush.com/bot.html)"
85.208.96.205 - - [21/Dec/2024:11:52:09 -0500] "GET /Anobiidae/Caryophyllaceae9199.html/ HTTP/1.1" 200 0 "-" "Mozilla/5.0 (compatible; SemrushBot/7~bl; +http://www.semrush.com/bot.html)"
185.191.171.12 - - [21/Dec/2024:11:52:17 -0500] "GET /equidurable/aeronautical1157566.html HTTP/1.1" 301 0 "-" "Mozilla/5.0 (compatible; SemrushBot/7~bl; +http://www.semrush.com/bot.html)"
185.191.171.9 - - [21/Dec/2024:11:52:20 -0500] "GET /equidurable/aeronautical1157566.html/ HTTP/1.1" 200 0 "-" "Mozilla/5.0 (compatible; SemrushBot/7~bl; +http://www.semrush.com/bot.html)"
85.208.96.208 - - [21/Dec/2024:11:52:23 -0500] "GET /gibberish/homometrically875107.html HTTP/1.1" 301 0 "-" "Mozilla/5.0 (compatible; SemrushBot/7~bl; +http://www.semrush.com/bot.html)"
185.191.171.11 - - [21/Dec/2024:11:52:26 -0500] "GET /gibberish/homometrically69082.html HTTP/1.1" 301 0 "-" "Mozilla/5.0 (compatible; SemrushBot/7~bl; +http://www.semrush.com/bot.html)"
185.191.171.15 - - [21/Dec/2024:11:52:30 -0500] "GET /cavesson/diatomic945569.html HTTP/1.1" 301 0 "-" "Mozilla/5.0 (compatible; SemrushBot/7~bl; +http://www.semrush.com/bot.html)"
85.208.96.210 - - [21/Dec/2024:11:52:33 -0500] "GET /certified/innateness1281697.html HTTP/1.1" 301 0 "-" "Mozilla/5.0 (compatible; SemrushBot/7~bl; +http://www.semrush.com/bot.html)"
85.208.96.205 - - [21/Dec/2024:11:52:35 -0500] "GET /mechanalize/distrainable423648.html HTTP/1.1" 301 0 "-" "Mozilla/5.0 (compatible; SemrushBot/7~bl; +http://www.semrush.com/bot.html)"
185.191.171.11 - - [21/Dec/2024:11:52:39 -0500] "GET /mechanalize/distrainable423648.html/ HTTP/1.1" 200 0 "-" "Mozilla/5.0 (compatible; SemrushBot/7~bl; +http://www.semrush.com/bot.html)"
185.191.171.13 - - [21/Dec/2024:11:52:42 -0500] "GET /claquer/journalist801905.html HTTP/1.1" 301 0 "-" "Mozilla/5.0 (compatible; SemrushBot/7~bl; +http://www.semrush.com/bot.html)"
185.191.171.2 - - [21/Dec/2024:11:52:46 -0500] "GET /claquer/journalist801905.html/ HTTP/1.1" 200 0 "-" "Mozilla/5.0 (compatible; SemrushBot/7~bl; +http://www.semrush.com/bot.html)"
185.191.171.14 - - [21/Dec/2024:11:52:50 -0500] "GET /certified/innateness1281697.html/ HTTP/1.1" 200 0 "-" "Mozilla/5.0 (compatible; SemrushBot/7~bl; +http://www.semrush.com/bot.html)"
85.208.96.208 - - [21/Dec/2024:11:52:52 -0500] "GET /cavesson/diatomic945569.html/ HTTP/1.1" 200 0 "-" "Mozilla/5.0 (compatible; SemrushBot/7~bl; +http://www.semrush.com/bot.html)"
216.244.66.247 - - [21/Dec/2024:11:52:55 -0500] "GET /wp-content/plugins/elementor/assets/lib/share-link/?MD HTTP/1.1" 200 2058 "-" "Mozilla/5.0 (compatible; DotBot/1.2; +https://opensiteexplorer.org/dotbot; help@moz.com)"
85.208.96.198 - - [21/Dec/2024:11:52:55 -0500] "GET /gibberish/homometrically69082.html/ HTTP/1.1" 200 0 "-" "Mozilla/5.0 (compatible; SemrushBot/7~bl; +http://www.semrush.com/bot.html)"
216.244.66.247 - - [21/Dec/2024:11:52:57 -0500] "GET /wp-content/plugins/elementor/modules/styleguide/controls/?MD HTTP/1.1" 200 1773 "-" "Mozilla/5.0 (compatible; DotBot/1.2; +https://opensiteexplorer.org/dotbot; help@moz.com)"
185.191.171.10 - - [21/Dec/2024:11:52:58 -0500] "GET /gibberish/homometrically875107.html/ HTTP/1.1" 200 0 "-" "Mozilla/5.0 (compatible; SemrushBot/7~bl; +http://www.semrush.com/bot.html)"
185.191.171.11 - - [21/Dec/2024:11:53:02 -0500] "GET /disjunctively/bitterness278663.html HTTP/1.1" 301 0 "-" "Mozilla/5.0 (compatible; SemrushBot/7~bl; +http://www.semrush.com/bot.html)"
85.208.96.205 - - [21/Dec/2024:11:53:05 -0500] "GET /disjunctively/bitterness278663.html/ HTTP/1.1" 200 0 "-" "Mozilla/5.0 (compatible; SemrushBot/7~bl; +http://www.semrush.com/bot.html)"
185.191.171.13 - - [21/Dec/2024:11:53:18 -0500] "GET /cosmos/gibberish279962.html HTTP/1.1" 301 0 "-" "Mozilla/5.0 (compatible; SemrushBot/7~bl; +http://www.semrush.com/bot.html)"
85.208.96.202 - - [21/Dec/2024:11:53:20 -0500] "GET /cosmos/gibberish279962.html/ HTTP/1.1" 200 0 "-" "Mozilla/5.0 (compatible; SemrushBot/7~bl; +http://www.semrush.com/bot.html)"
185.191.171.8 - - [21/Dec/2024:11:53:32 -0500] "GET /homometrically/jupon1109287.html HTTP/1.1" 301 0 "-" "Mozilla/5.0 (compatible; SemrushBot/7~bl; +http://www.semrush.com/bot.html)"
185.191.171.11 - - [21/Dec/2024:11:53:36 -0500] "GET /homometrically/jupon1109287.html/ HTTP/1.1" 200 0 "-" "Mozilla/5.0 (compatible; SemrushBot/7~bl; +http://www.semrush.com/bot.html)"
185.191.171.7 - - [21/Dec/2024:11:53:51 -0500] "GET /Anobiidae/Caryophyllaceae582959.html HTTP/1.1" 301 0 "-" "Mozilla/5.0 (compatible; SemrushBot/7~bl; +http://www.semrush.com/bot.html)"
185.191.171.17 - - [21/Dec/2024:11:53:54 -0500] "GET /Anobiidae/Caryophyllaceae582959.html/ HTTP/1.1" 200 0 "-" "Mozilla/5.0 (compatible; SemrushBot/7~bl; +http://www.semrush.com/bot.html)"
185.191.171.10 - - [21/Dec/2024:11:54:24 -0500] "GET /gibberish/homometrically71777.html HTTP/1.1" 301 0 "-" "Mozilla/5.0 (compatible; SemrushBot/7~bl; +http://www.semrush.com/bot.html)"
85.208.96.209 - - [21/Dec/2024:11:54:29 -0500] "GET /gibberish/homometrically71777.html/ HTTP/1.1" 200 0 "-" "Mozilla/5.0 (compatible; SemrushBot/7~bl; +http://www.semrush.com/bot.html)"
185.191.171.6 - - [21/Dec/2024:11:54:33 -0500] "GET /knifeless/affreightment1257148.html HTTP/1.1" 301 0 "-" "Mozilla/5.0 (compatible; SemrushBot/7~bl; +http://www.semrush.com/bot.html)"
