85.208.96.201 - - [21/Dec/2024:10:39:45 -0500] "GET /mechanalize/distrainable69393.html HTTP/1.1" 301 0 "-" "Mozilla/5.0 (compatible; SemrushBot/7~bl; +http://www.semrush.com/bot.html)"
85.208.96.208 - - [21/Dec/2024:10:39:48 -0500] "GET /mechanalize/distrainable69393.html/ HTTP/1.1" 200 0 "-" "Mozilla/5.0 (compatible; SemrushBot/7~bl; +http://www.semrush.com/bot.html)"
185.191.171.13 - - [21/Dec/2024:10:39:51 -0500] "GET /disjunctively/bitterness483373.html HTTP/1.1" 301 0 "-" "Mozilla/5.0 (compatible; SemrushBot/7~bl; +http://www.semrush.com/bot.html)"
85.208.96.200 - - [21/Dec/2024:10:39:54 -0500] "GET /disjunctively/bitterness483373.html/ HTTP/1.1" 200 0 "-" "Mozilla/5.0 (compatible; SemrushBot/7~bl; +http://www.semrush.com/bot.html)"
85.208.96.208 - - [21/Dec/2024:10:40:03 -0500] "GET /microphotograph/gauzily1004528.html HTTP/1.1" 301 0 "-" "Mozilla/5.0 (compatible; SemrushBot/7~bl; +http://www.semrush.com/bot.html)"
85.208.96.197 - - [21/Dec/2024:10:40:06 -0500] "GET /microphotograph/gauzily1004528.html/ HTTP/1.1" 200 0 "-" "Mozilla/5.0 (compatible; SemrushBot/7~bl; +http://www.semrush.com/bot.html)"
85.208.96.201 - - [21/Dec/2024:10:40:09 -0500] "GET /Anobiidae/Caryophyllaceae928854.html HTTP/1.1" 301 0 "-" "Mozilla/5.0 (compatible; SemrushBot/7~bl; +http://www.semrush.com/bot.html)"
85.208.96.197 - - [21/Dec/2024:10:40:11 -0500] "GET /Anobiidae/Caryophyllaceae928854.html/ HTTP/1.1" 200 0 "-" "Mozilla/5.0 (compatible; SemrushBot/7~bl; +http://www.semrush.com/bot.html)"
185.191.171.17 - - [21/Dec/2024:10:40:14 -0500] "GET /gibberish/homometrically1573552.html HTTP/1.1" 301 0 "-" "Mozilla/5.0 (compatible; SemrushBot/7~bl; +http://www.semrush.com/bot.html)"
85.208.96.197 - - [21/Dec/2024:10:40:17 -0500] "GET /criticism/equidurable174671.html HTTP/1.1" 301 0 "-" "Mozilla/5.0 (compatible; SemrushBot/7~bl; +http://www.semrush.com/bot.html)"
85.208.96.209 - - [21/Dec/2024:10:40:19 -0500] "GET /criticism/equidurable174671.html/ HTTP/1.1" 200 0 "-" "Mozilla/5.0 (compatible; SemrushBot/7~bl; +http://www.semrush.com/bot.html)"
85.208.96.193 - - [21/Dec/2024:10:40:22 -0500] "GET /gibberish/homometrically1573552.html/ HTTP/1.1" 200 0 "-" "Mozilla/5.0 (compatible; SemrushBot/7~bl; +http://www.semrush.com/bot.html)"
185.191.171.7 - - [21/Dec/2024:10:40:36 -0500] "GET /mechanalize/distrainable758488.html HTTP/1.1" 301 0 "-" "Mozilla/5.0 (compatible; SemrushBot/7~bl; +http://www.semrush.com/bot.html)"
185.191.171.4 - - [21/Dec/2024:10:40:39 -0500] "GET /mechanalize/distrainable758488.html/ HTTP/1.1" 200 0 "-" "Mozilla/5.0 (compatible; SemrushBot/7~bl; +http://www.semrush.com/bot.html)"
85.208.96.198 - - [21/Dec/2024:10:40:42 -0500] "GET /gibberish/homometrically849642.html HTTP/1.1" 301 0 "-" "Mozilla/5.0 (compatible; SemrushBot/7~bl; +http://www.semrush.com/bot.html)"
85.208.96.210 - - [21/Dec/2024:10:40:46 -0500] "GET /mechanalize/distrainable115318.html HTTP/1.1" 301 0 "-" "Mozilla/5.0 (compatible; SemrushBot/7~bl; +http://www.semrush.com/bot.html)"
85.208.96.206 - - [21/Dec/2024:10:40:49 -0500] "GET /mechanalize/distrainable115318.html/ HTTP/1.1" 200 0 "-" "Mozilla/5.0 (compatible; SemrushBot/7~bl; +http://www.semrush.com/bot.html)"
185.191.171.11 - - [21/Dec/2024:10:40:53 -0500] "GET /gibberish/homometrically849642.html/ HTTP/1.1" 200 0 "-" "Mozilla/5.0 (compatible; SemrushBot/7~bl; +http://www.semrush.com/bot.html)"
85.208.96.209 - - [21/Dec/2024:10:41:06 -0500] "GET /equidurable/aeronautical1479481.html HTTP/1.1" 301 0 "-" "Mozilla/5.0 (compatible; SemrushBot/7~bl; +http://www.semrush.com/bot.html)"
185.191.171.8 - - [21/Dec/2024:10:41:09 -0500] "GET /equidurable/aeronautical1479481.html/ HTTP/1.1" 200 0 "-" "Mozilla/5.0 (compatible; SemrushBot/7~bl; +http://www.semrush.com/bot.html)"
185.191.171.8 - - [21/Dec/2024:10:41:42 -0500] "GET /microphotograph/gauzily1022128.html HTTP/1.1" 301 0 "-" "Mozilla/5.0 (compatible; SemrushBot/7~bl; +http://www.semrush.com/bot.html)"
185.191.171.17 - - [21/Dec/2024:10:41:45 -0500] "GET /microphotograph/gauzily1022128.html/ HTTP/1.1" 200 0 "-" "Mozilla/5.0 (compatible; SemrushBot/7~bl; +http://www.semrush.com/bot.html)"
47.128.63.144 - - [21/Dec/2024:10:41:54 -0500] "GET / HTTP/1.1" 200 0 "-" "Mozilla/5.0 (Linux; Android 5.0) AppleWebKit/537.36 (KHTML, like Gecko) Mobile Safari/537.36 (compatible; Bytespider; spider-feedback@bytedance.com)"
85.208.96.210 - - [21/Dec/2024:10:42:06 -0500] "GET /dishonorary/microphotograph545563.html HTTP/1.1" 301 0 "-" "Mozilla/5.0 (compatible; SemrushBot/7~bl; +http://www.semrush.com/bot.html)"
85.208.96.194 - - [21/Dec/2024:10:42:09 -0500] "GET /dishonorary/microphotograph545563.html/ HTTP/1.1" 200 0 "-" "Mozilla/5.0 (compatible; SemrushBot/7~bl; +http://www.semrush.com/bot.html)"
185.191.171.9 - - [21/Dec/2024:10:42:29 -0500] "GET /knifeless/affreightment900693.html HTTP/1.1" 301 0 "-" "Mozilla/5.0 (compatible; SemrushBot/7~bl; +http://www.semrush.com/bot.html)"
185.191.171.16 - - [21/Dec/2024:10:42:33 -0500] "GET /knifeless/affreightment900693.html/ HTTP/1.1" 200 0 "-" "Mozilla/5.0 (compatible; SemrushBot/7~bl; +http://www.semrush.com/bot.html)"
185.191.171.13 - - [21/Dec/2024:10:42:39 -0500] "GET /equidurable/aeronautical1729676.html HTTP/1.1" 301 0 "-" "Mozilla/5.0 (compatible; SemrushBot/7~bl; +http://www.semrush.com/bot.html)"
185.191.171.17 - - [21/Dec/2024:10:42:42 -0500] "GET /equidurable/aeronautical1729676.html/ HTTP/1.1" 200 0 "-" "Mozilla/5.0 (compatible; SemrushBot/7~bl; +http://www.semrush.com/bot.html)"
185.191.171.3 - - [21/Dec/2024:10:42:58 -0500] "GET /microphotograph/gauzily391828.html HTTP/1.1" 301 0 "-" "Mozilla/5.0 (compatible; SemrushBot/7~bl; +http://www.semrush.com/bot.html)"
185.191.171.1 - - [21/Dec/2024:10:43:02 -0500] "GET /distrainable/dishonorary1227353.html HTTP/1.1" 301 0 "-" "Mozilla/5.0 (compatible; SemrushBot/7~bl; +http://www.semrush.com/bot.html)"
185.191.171.9 - - [21/Dec/2024:10:43:05 -0500] "GET /mechanalize/distrainable1492188.html HTTP/1.1" 301 0 "-" "Mozilla/5.0 (compatible; SemrushBot/7~bl; +http://www.semrush.com/bot.html)"
185.191.171.1 - - [21/Dec/2024:10:43:08 -0500] "GET /gibberish/homometrically263067.html HTTP/1.1" 301 0 "-" "Mozilla/5.0 (compatible; SemrushBot/7~bl; +http://www.semrush.com/bot.html)"
85.208.96.205 - - [21/Dec/2024:10:43:11 -0500] "GET /gibberish/homometrically263067.html/ HTTP/1.1" 200 0 "-" "Mozilla/5.0 (compatible; SemrushBot/7~bl; +http://www.semrush.com/bot.html)"
185.191.171.5 - - [21/Dec/2024:10:43:15 -0500] "GET /mechanalize/distrainable1492188.html/ HTTP/1.1" 200 0 "-" "Mozilla/5.0 (compatible; SemrushBot/7~bl; +http://www.semrush.com/bot.html)"
85.208.96.205 - - [21/Dec/2024:10:43:18 -0500] "GET /distrainable/dishonorary1227353.html/ HTTP/1.1" 200 0 "-" "Mozilla/5.0 (compatible; SemrushBot/7~bl; +http://www.semrush.com/bot.html)"
185.191.171.12 - - [21/Dec/2024:10:43:21 -0500] "GET /microphotograph/gauzily391828.html/ HTTP/1.1" 200 0 "-" "Mozilla/5.0 (compatible; SemrushBot/7~bl; +http://www.semrush.com/bot.html)"
185.191.171.11 - - [21/Dec/2024:10:43:35 -0500] "GET /chaplaincy/metallographical993840.html HTTP/1.1" 301 0 "-" "Mozilla/5.0 (compatible; SemrushBot/7~bl; +http://www.semrush.com/bot.html)"
85.208.96.207 - - [21/Dec/2024:10:43:38 -0500] "GET /chaplaincy/metallographical993840.html/ HTTP/1.1" 200 0 "-" "Mozilla/5.0 (compatible; SemrushBot/7~bl; +http://www.semrush.com/bot.html)"
85.208.96.207 - - [21/Dec/2024:10:43:45 -0500] "GET /affreightment/balaustre869223.html HTTP/1.1" 301 0 "-" "Mozilla/5.0 (compatible; SemrushBot/7~bl; +http://www.semrush.com/bot.html)"
185.191.171.11 - - [21/Dec/2024:10:43:49 -0500] "GET /equidurable/aeronautical854351.html HTTP/1.1" 301 0 "-" "Mozilla/5.0 (compatible; SemrushBot/7~bl; +http://www.semrush.com/bot.html)"
185.191.171.12 - - [21/Dec/2024:10:43:53 -0500] "GET /distrainable/dishonorary1175763.html HTTP/1.1" 301 0 "-" "Mozilla/5.0 (compatible; SemrushBot/7~bl; +http://www.semrush.com/bot.html)"
185.191.171.5 - - [21/Dec/2024:10:43:57 -0500] "GET /distrainable/dishonorary1175763.html/ HTTP/1.1" 200 0 "-" "Mozilla/5.0 (compatible; SemrushBot/7~bl; +http://www.semrush.com/bot.html)"
185.191.171.10 - - [21/Dec/2024:10:44:00 -0500] "GET /equidurable/aeronautical854351.html/ HTTP/1.1" 200 0 "-" "Mozilla/5.0 (compatible; SemrushBot/7~bl; +http://www.semrush.com/bot.html)"
185.191.171.14 - - [21/Dec/2024:10:44:03 -0500] "GET /affreightment/balaustre869223.html/ HTTP/1.1" 200 0 "-" "Mozilla/5.0 (compatible; SemrushBot/7~bl; +http://www.semrush.com/bot.html)"
185.191.171.5 - - [21/Dec/2024:10:44:07 -0500] "GET /knifeless/affreightment351958.html HTTP/1.1" 301 0 "-" "Mozilla/5.0 (compatible; SemrushBot/7~bl; +http://www.semrush.com/bot.html)"
185.191.171.12 - - [21/Dec/2024:10:44:12 -0500] "GET /knifeless/affreightment351958.html/ HTTP/1.1" 200 0 "-" "Mozilla/5.0 (compatible; SemrushBot/7~bl; +http://www.semrush.com/bot.html)"
185.191.171.2 - - [21/Dec/2024:10:44:16 -0500] "GET /gibberish/homometrically1541432.html HTTP/1.1" 301 0 "-" "Mozilla/5.0 (compatible; SemrushBot/7~bl; +http://www.semrush.com/bot.html)"
185.191.171.10 - - [21/Dec/2024:10:44:19 -0500] "GET /allophylian/energetical1070847.html HTTP/1.1" 301 0 "-" "Mozilla/5.0 (compatible; SemrushBot/7~bl; +http://www.semrush.com/bot.html)"
185.191.171.19 - - [21/Dec/2024:10:44:22 -0500] "GET /allophylian/energetical1002867.html HTTP/1.1" 301 0 "-" "Mozilla/5.0 (compatible; SemrushBot/7~bl; +http://www.semrush.com/bot.html)"
185.191.171.11 - - [21/Dec/2024:10:44:26 -0500] "GET /allophylian/energetical1002867.html/ HTTP/1.1" 200 0 "-" "Mozilla/5.0 (compatible; SemrushBot/7~bl; +http://www.semrush.com/bot.html)"
185.191.171.5 - - [21/Dec/2024:10:44:29 -0500] "GET /knifeless/affreightment891453.html HTTP/1.1" 301 0 "-" "Mozilla/5.0 (compatible; SemrushBot/7~bl; +http://www.semrush.com/bot.html)"
185.191.171.8 - - [21/Dec/2024:10:44:32 -0500] "GET /knifeless/affreightment891453.html/ HTTP/1.1" 200 0 "-" "Mozilla/5.0 (compatible; SemrushBot/7~bl; +http://www.semrush.com/bot.html)"
85.208.96.208 - - [21/Dec/2024:10:44:35 -0500] "GET /allophylian/energetical1070847.html/ HTTP/1.1" 200 0 "-" "Mozilla/5.0 (compatible; SemrushBot/7~bl; +http://www.semrush.com/bot.html)"
185.191.171.1 - - [21/Dec/2024:10:44:38 -0500] "GET /gibberish/homometrically1541432.html/ HTTP/1.1" 200 0 "-" "Mozilla/5.0 (compatible; SemrushBot/7~bl; +http://www.semrush.com/bot.html)"
85.208.96.208 - - [21/Dec/2024:10:44:41 -0500] "GET /mechanalize/distrainable455603.html HTTP/1.1" 301 0 "-" "Mozilla/5.0 (compatible; SemrushBot/7~bl; +http://www.semrush.com/bot.html)"
185.191.171.8 - - [21/Dec/2024:10:44:44 -0500] "GET /mechanalize/distrainable455603.html/ HTTP/1.1" 200 0 "-" "Mozilla/5.0 (compatible; SemrushBot/7~bl; +http://www.semrush.com/bot.html)"
185.191.171.11 - - [21/Dec/2024:10:44:48 -0500] "GET /equidurable/aeronautical1228076.html HTTP/1.1" 301 0 "-" "Mozilla/5.0 (compatible; SemrushBot/7~bl; +http://www.semrush.com/bot.html)"
185.191.171.10 - - [21/Dec/2024:10:44:51 -0500] "GET /equidurable/aeronautical1228076.html/ HTTP/1.1" 200 0 "-" "Mozilla/5.0 (compatible; SemrushBot/7~bl; +http://www.semrush.com/bot.html)"
185.191.171.10 - - [21/Dec/2024:10:45:05 -0500] "GET /allophylian/energetical995552.html HTTP/1.1" 301 0 "-" "Mozilla/5.0 (compatible; SemrushBot/7~bl; +http://www.semrush.com/bot.html)"
85.208.96.196 - - [21/Dec/2024:10:45:07 -0500] "GET /allophylian/energetical995552.html/ HTTP/1.1" 200 0 "-" "Mozilla/5.0 (compatible; SemrushBot/7~bl; +http://www.semrush.com/bot.html)"
185.191.171.14 - - [21/Dec/2024:10:45:46 -0500] "GET /balaustre/mechanalize43113.html HTTP/1.1" 301 0 "-" "Mozilla/5.0 (compatible; SemrushBot/7~bl; +http://www.semrush.com/bot.html)"
185.191.171.1 - - [21/Dec/2024:10:45:48 -0500] "GET /balaustre/mechanalize43113.html/ HTTP/1.1" 200 0 "-" "Mozilla/5.0 (compatible; SemrushBot/7~bl; +http://www.semrush.com/bot.html)"
216.244.66.247 - - [21/Dec/2024:10:46:04 -0500] "GET /wp-content/plugins/elementor/app/assets/js/ui/ HTTP/1.1" 200 4765 "-" "Mozilla/5.0 (compatible; DotBot/1.2; +https://opensiteexplorer.org/dotbot; help@moz.com)"
85.208.96.200 - - [21/Dec/2024:10:46:07 -0500] "GET /Algaroth/esere626941.html HTTP/1.1" 301 0 "-" "Mozilla/5.0 (compatible; SemrushBot/7~bl; +http://www.semrush.com/bot.html)"
185.191.171.5 - - [21/Dec/2024:10:46:11 -0500] "GET /Algaroth/esere626941.html/ HTTP/1.1" 200 0 "-" "Mozilla/5.0 (compatible; SemrushBot/7~bl; +http://www.semrush.com/bot.html)"
85.208.96.193 - - [21/Dec/2024:10:46:22 -0500] "GET /equidurable/aeronautical398511.html HTTP/1.1" 301 0 "-" "Mozilla/5.0 (compatible; SemrushBot/7~bl; +http://www.semrush.com/bot.html)"
85.208.96.194 - - [21/Dec/2024:10:46:24 -0500] "GET /equidurable/aeronautical398511.html/ HTTP/1.1" 200 0 "-" "Mozilla/5.0 (compatible; SemrushBot/7~bl; +http://www.semrush.com/bot.html)"
185.191.171.7 - - [21/Dec/2024:10:46:42 -0500] "GET /knifeless/affreightment460198.html HTTP/1.1" 301 0 "-" "Mozilla/5.0 (compatible; SemrushBot/7~bl; +http://www.semrush.com/bot.html)"
185.191.171.4 - - [21/Dec/2024:10:46:45 -0500] "GET /knifeless/affreightment460198.html/ HTTP/1.1" 200 0 "-" "Mozilla/5.0 (compatible; SemrushBot/7~bl; +http://www.semrush.com/bot.html)"
185.191.171.7 - - [21/Dec/2024:10:46:54 -0500] "GET /affreightment/balaustre1152418.html HTTP/1.1" 301 0 "-" "Mozilla/5.0 (compatible; SemrushBot/7~bl; +http://www.semrush.com/bot.html)"
85.208.96.206 - - [21/Dec/2024:10:46:57 -0500] "GET /affreightment/balaustre1152418.html/ HTTP/1.1" 200 0 "-" "Mozilla/5.0 (compatible; SemrushBot/7~bl; +http://www.semrush.com/bot.html)"
185.191.171.16 - - [21/Dec/2024:10:47:01 -0500] "GET /gibberish/homometrically430212.html HTTP/1.1" 301 0 "-" "Mozilla/5.0 (compatible; SemrushBot/7~bl; +http://www.semrush.com/bot.html)"
185.191.171.6 - - [21/Dec/2024:10:47:05 -0500] "GET /mechanalize/distrainable1565448.html HTTP/1.1" 301 0 "-" "Mozilla/5.0 (compatible; SemrushBot/7~bl; +http://www.semrush.com/bot.html)"
185.191.171.2 - - [21/Dec/2024:10:47:08 -0500] "GET /mechanalize/distrainable1565448.html/ HTTP/1.1" 200 0 "-" "Mozilla/5.0 (compatible; SemrushBot/7~bl; +http://www.semrush.com/bot.html)"
85.208.96.206 - - [21/Dec/2024:10:47:11 -0500] "GET /gibberish/homometrically430212.html/ HTTP/1.1" 200 0 "-" "Mozilla/5.0 (compatible; SemrushBot/7~bl; +http://www.semrush.com/bot.html)"
185.191.171.4 - - [21/Dec/2024:10:47:17 -0500] "GET /distrainable/dishonorary205948.html HTTP/1.1" 301 0 "-" "Mozilla/5.0 (compatible; SemrushBot/7~bl; +http://www.semrush.com/bot.html)"
185.191.171.10 - - [21/Dec/2024:10:47:20 -0500] "GET /distrainable/dishonorary205948.html/ HTTP/1.1" 200 0 "-" "Mozilla/5.0 (compatible; SemrushBot/7~bl; +http://www.semrush.com/bot.html)"
85.208.96.207 - - [21/Dec/2024:10:47:46 -0500] "GET /robots.txt HTTP/1.1" 301 0 "-" "Mozilla/5.0 (compatible; SemrushBot/7~bl; +http://www.semrush.com/bot.html)"
85.208.96.203 - - [21/Dec/2024:10:47:48 -0500] "GET /robots.txt/ HTTP/1.1" 200 0 "-" "Mozilla/5.0 (compatible; SemrushBot/7~bl; +http://www.semrush.com/bot.html)"
85.208.96.194 - - [21/Dec/2024:10:47:49 -0500] "GET /Anobiidae/Caryophyllaceae1080379.html HTTP/1.1" 301 0 "-" "Mozilla/5.0 (compatible; SemrushBot/7~bl; +http://www.semrush.com/bot.html)"
85.208.96.211 - - [21/Dec/2024:10:47:51 -0500] "GET /criticism/equidurable532501.html HTTP/1.1" 301 0 "-" "Mozilla/5.0 (compatible; SemrushBot/7~bl; +http://www.semrush.com/bot.html)"
85.208.96.198 - - [21/Dec/2024:10:47:54 -0500] "GET /distrainable/dishonorary815348.html HTTP/1.1" 301 0 "-" "Mozilla/5.0 (compatible; SemrushBot/7~bl; +http://www.semrush.com/bot.html)"
85.208.96.203 - - [21/Dec/2024:10:47:56 -0500] "GET /chancery/haberdash1524310.html HTTP/1.1" 301 0 "-" "Mozilla/5.0 (compatible; SemrushBot/7~bl; +http://www.semrush.com/bot.html)"
185.191.171.16 - - [21/Dec/2024:10:47:59 -0500] "GET /chancery/haberdash1524310.html/ HTTP/1.1" 200 0 "-" "Mozilla/5.0 (compatible; SemrushBot/7~bl; +http://www.semrush.com/bot.html)"
185.191.171.3 - - [21/Dec/2024:10:48:02 -0500] "GET /distrainable/dishonorary815348.html/ HTTP/1.1" 200 0 "-" "Mozilla/5.0 (compatible; SemrushBot/7~bl; +http://www.semrush.com/bot.html)"
185.191.171.14 - - [21/Dec/2024:10:48:05 -0500] "GET /criticism/equidurable532501.html/ HTTP/1.1" 200 0 "-" "Mozilla/5.0 (compatible; SemrushBot/7~bl; +http://www.semrush.com/bot.html)"
85.208.96.194 - - [21/Dec/2024:10:48:08 -0500] "GET /Anobiidae/Caryophyllaceae1080379.html/ HTTP/1.1" 200 0 "-" "Mozilla/5.0 (compatible; SemrushBot/7~bl; +http://www.semrush.com/bot.html)"
185.191.171.7 - - [21/Dec/2024:10:48:17 -0500] "GET /allophylian/energetical1244592.html HTTP/1.1" 301 0 "-" "Mozilla/5.0 (compatible; SemrushBot/7~bl; +http://www.semrush.com/bot.html)"
85.208.96.194 - - [21/Dec/2024:10:48:20 -0500] "GET /knifeless/affreightment1655513.html HTTP/1.1" 301 0 "-" "Mozilla/5.0 (compatible; SemrushBot/7~bl; +http://www.semrush.com/bot.html)"
85.208.96.207 - - [21/Dec/2024:10:48:22 -0500] "GET /allophylian/energetical580742.html HTTP/1.1" 301 0 "-" "Mozilla/5.0 (compatible; SemrushBot/7~bl; +http://www.semrush.com/bot.html)"
85.208.96.198 - - [21/Dec/2024:10:48:25 -0500] "GET /gauzily/extraplanetary1093948.html HTTP/1.1" 301 0 "-" "Mozilla/5.0 (compatible; SemrushBot/7~bl; +http://www.semrush.com/bot.html)"
185.191.171.7 - - [21/Dec/2024:10:48:27 -0500] "GET /gauzily/extraplanetary1093948.html/ HTTP/1.1" 200 0 "-" "Mozilla/5.0 (compatible; SemrushBot/7~bl; +http://www.semrush.com/bot.html)"
185.191.171.7 - - [21/Dec/2024:10:48:30 -0500] "GET /allophylian/energetical580742.html/ HTTP/1.1" 200 0 "-" "Mozilla/5.0 (compatible; SemrushBot/7~bl; +http://www.semrush.com/bot.html)"
185.191.171.2 - - [21/Dec/2024:10:48:33 -0500] "GET /knifeless/affreightment1655513.html/ HTTP/1.1" 200 0 "-" "Mozilla/5.0 (compatible; SemrushBot/7~bl; +http://www.semrush.com/bot.html)"
85.208.96.211 - - [21/Dec/2024:10:48:35 -0500] "GET /allophylian/energetical1244592.html/ HTTP/1.1" 200 0 "-" "Mozilla/5.0 (compatible; SemrushBot/7~bl; +http://www.semrush.com/bot.html)"
85.208.96.206 - - [21/Dec/2024:10:48:41 -0500] "GET /distrainable/dishonorary911268.html HTTP/1.1" 301 0 "-" "Mozilla/5.0 (compatible; SemrushBot/7~bl; +http://www.semrush.com/bot.html)"
85.208.96.193 - - [21/Dec/2024:10:48:44 -0500] "GET /distrainable/dishonorary911268.html/ HTTP/1.1" 200 0 "-" "Mozilla/5.0 (compatible; SemrushBot/7~bl; +http://www.semrush.com/bot.html)"
85.208.96.212 - - [21/Dec/2024:10:49:03 -0500] "GET /equidurable/aeronautical1316571.html HTTP/1.1" 301 0 "-" "Mozilla/5.0 (compatible; SemrushBot/7~bl; +http://www.semrush.com/bot.html)"
185.191.171.6 - - [21/Dec/2024:10:49:07 -0500] "GET /equidurable/aeronautical1316571.html/ HTTP/1.1" 200 0 "-" "Mozilla/5.0 (compatible; SemrushBot/7~bl; +http://www.semrush.com/bot.html)"
85.208.96.194 - - [21/Dec/2024:10:49:10 -0500] "GET /cauda/lupulinum549374.html HTTP/1.1" 301 0 "-" "Mozilla/5.0 (compatible; SemrushBot/7~bl; +http://www.semrush.com/bot.html)"
185.191.171.2 - - [21/Dec/2024:10:49:13 -0500] "GET /cauda/lupulinum549374.html/ HTTP/1.1" 200 0 "-" "Mozilla/5.0 (compatible; SemrushBot/7~bl; +http://www.semrush.com/bot.html)"
185.191.171.8 - - [21/Dec/2024:10:49:28 -0500] "GET /allophylian/energetical560227.html HTTP/1.1" 301 0 "-" "Mozilla/5.0 (compatible; SemrushBot/7~bl; +http://www.semrush.com/bot.html)"
185.191.171.16 - - [21/Dec/2024:10:49:31 -0500] "GET /allophylian/energetical560227.html/ HTTP/1.1" 200 0 "-" "Mozilla/5.0 (compatible; SemrushBot/7~bl; +http://www.semrush.com/bot.html)"
216.244.66.247 - - [21/Dec/2024:10:49:43 -0500] "GET /wp-content/plugins/elementor/assets/js/ai-admin.js HTTP/1.1" 200 1606746 "-" "Mozilla/5.0 (compatible; DotBot/1.2; +https://opensiteexplorer.org/dotbot; help@moz.com)"
85.208.96.193 - - [21/Dec/2024:10:50:02 -0500] "GET /Anobiidae/Caryophyllaceae1497499.html HTTP/1.1" 301 0 "-" "Mozilla/5.0 (compatible; SemrushBot/7~bl; +http://www.semrush.com/bot.html)"
85.208.96.205 - - [21/Dec/2024:10:50:06 -0500] "GET /Caprimulgi/crea766012.html HTTP/1.1" 301 0 "-" "Mozilla/5.0 (compatible; SemrushBot/7~bl; +http://www.semrush.com/bot.html)"
216.244.66.247 - - [21/Dec/2024:10:50:09 -0500] "GET /wp-content/plugins/elementor/assets/js/kit-library.61bec15242b147d7ac1b.bundle.js HTTP/1.1" 200 230996 "-" "Mozilla/5.0 (compatible; DotBot/1.2; +https://opensiteexplorer.org/dotbot; help@moz.com)"
85.208.96.204 - - [21/Dec/2024:10:50:09 -0500] "GET /Caprimulgi/crea766012.html/ HTTP/1.1" 200 0 "-" "Mozilla/5.0 (compatible; SemrushBot/7~bl; +http://www.semrush.com/bot.html)"
85.208.96.205 - - [21/Dec/2024:10:50:12 -0500] "GET /Anobiidae/Caryophyllaceae1497499.html/ HTTP/1.1" 200 0 "-" "Mozilla/5.0 (compatible; SemrushBot/7~bl; +http://www.semrush.com/bot.html)"
216.244.66.247 - - [21/Dec/2024:10:50:38 -0500] "GET /wp-content/plugins/elementor/assets/js/kit-library.ac1a4cd5deae5526ce49.bundle.js HTTP/1.1" 200 232171 "-" "Mozilla/5.0 (compatible; DotBot/1.2; +https://opensiteexplorer.org/dotbot; help@moz.com)"
85.208.96.207 - - [21/Dec/2024:10:50:43 -0500] "GET /allophylian/energetical1678597.html HTTP/1.1" 301 0 "-" "Mozilla/5.0 (compatible; SemrushBot/7~bl; +http://www.semrush.com/bot.html)"
185.191.171.8 - - [21/Dec/2024:10:50:46 -0500] "GET /Anobiidae/Caryophyllaceae1407299.html HTTP/1.1" 301 0 "-" "Mozilla/5.0 (compatible; SemrushBot/7~bl; +http://www.semrush.com/bot.html)"
85.208.96.211 - - [21/Dec/2024:10:50:48 -0500] "GET /Anobiidae/Caryophyllaceae1407299.html/ HTTP/1.1" 200 0 "-" "Mozilla/5.0 (compatible; SemrushBot/7~bl; +http://www.semrush.com/bot.html)"
185.191.171.9 - - [21/Dec/2024:10:50:52 -0500] "GET /allophylian/energetical1678597.html/ HTTP/1.1" 200 0 "-" "Mozilla/5.0 (compatible; SemrushBot/7~bl; +http://www.semrush.com/bot.html)"
85.208.96.200 - - [21/Dec/2024:10:51:00 -0500] "GET /balaustre/mechanalize241498.html HTTP/1.1" 301 0 "-" "Mozilla/5.0 (compatible; SemrushBot/7~bl; +http://www.semrush.com/bot.html)"
185.191.171.9 - - [21/Dec/2024:10:51:03 -0500] "GET /admitter/allophylian1026252.html HTTP/1.1" 301 0 "-" "Mozilla/5.0 (compatible; SemrushBot/7~bl; +http://www.semrush.com/bot.html)"
185.191.171.5 - - [21/Dec/2024:10:51:05 -0500] "GET /distrainable/dishonorary651008.html HTTP/1.1" 301 0 "-" "Mozilla/5.0 (compatible; SemrushBot/7~bl; +http://www.semrush.com/bot.html)"
216.244.66.247 - - [21/Dec/2024:10:51:08 -0500] "GET /wp-content/plugins/elementor/assets/js/onboarding.6aace3f2fdf9ebb9bde5.bundle.min.js HTTP/1.1" 200 52731 "-" "Mozilla/5.0 (compatible; DotBot/1.2; +https://opensiteexplorer.org/dotbot; help@moz.com)"
185.191.171.10 - - [21/Dec/2024:10:51:08 -0500] "GET /distrainable/dishonorary651008.html/ HTTP/1.1" 200 0 "-" "Mozilla/5.0 (compatible; SemrushBot/7~bl; +http://www.semrush.com/bot.html)"
185.191.171.7 - - [21/Dec/2024:10:51:11 -0500] "GET /admitter/allophylian1026252.html/ HTTP/1.1" 200 0 "-" "Mozilla/5.0 (compatible; SemrushBot/7~bl; +http://www.semrush.com/bot.html)"
185.191.171.13 - - [21/Dec/2024:10:51:14 -0500] "GET /balaustre/mechanalize241498.html/ HTTP/1.1" 200 0 "-" "Mozilla/5.0 (compatible; SemrushBot/7~bl; +http://www.semrush.com/bot.html)"
185.191.171.5 - - [21/Dec/2024:10:51:19 -0500] "GET /affreightment/balaustre1493528.html HTTP/1.1" 301 0 "-" "Mozilla/5.0 (compatible; SemrushBot/7~bl; +http://www.semrush.com/bot.html)"
185.191.171.12 - - [21/Dec/2024:10:51:22 -0500] "GET /affreightment/balaustre1493528.html/ HTTP/1.1" 200 0 "-" "Mozilla/5.0 (compatible; SemrushBot/7~bl; +http://www.semrush.com/bot.html)"
216.244.66.247 - - [21/Dec/2024:10:51:36 -0500] "GET /wp-content/plugins/elementor/assets/js/packages/finder.js HTTP/1.1" 200 2671 "-" "Mozilla/5.0 (compatible; DotBot/1.2; +https://opensiteexplorer.org/dotbot; help@moz.com)"
185.191.171.17 - - [21/Dec/2024:10:51:47 -0500] "GET /disjunctively/bitterness570108.html HTTP/1.1" 301 0 "-" "Mozilla/5.0 (compatible; SemrushBot/7~bl; +http://www.semrush.com/bot.html)"
85.208.96.207 - - [21/Dec/2024:10:51:51 -0500] "GET /Anobiidae/Caryophyllaceae595884.html HTTP/1.1" 301 0 "-" "Mozilla/5.0 (compatible; SemrushBot/7~bl; +http://www.semrush.com/bot.html)"
85.208.96.193 - - [21/Dec/2024:10:51:54 -0500] "GET /arisard/cavesson98799.html HTTP/1.1" 301 0 "-" "Mozilla/5.0 (compatible; SemrushBot/7~bl; +http://www.semrush.com/bot.html)"
85.208.96.207 - - [21/Dec/2024:10:51:56 -0500] "GET /arisard/cavesson98799.html/ HTTP/1.1" 200 0 "-" "Mozilla/5.0 (compatible; SemrushBot/7~bl; +http://www.semrush.com/bot.html)"
85.208.96.193 - - [21/Dec/2024:10:51:59 -0500] "GET /Anobiidae/Caryophyllaceae595884.html/ HTTP/1.1" 200 0 "-" "Mozilla/5.0 (compatible; SemrushBot/7~bl; +http://www.semrush.com/bot.html)"
216.244.66.247 - - [21/Dec/2024:10:52:02 -0500] "GET /wp-content/plugins/elementor/core/kits/controls/ HTTP/1.1" 200 1737 "-" "Mozilla/5.0 (compatible; DotBot/1.2; +https://opensiteexplorer.org/dotbot; help@moz.com)"
85.208.96.205 - - [21/Dec/2024:10:52:01 -0500] "GET /disjunctively/bitterness570108.html/ HTTP/1.1" 200 0 "-" "Mozilla/5.0 (compatible; SemrushBot/7~bl; +http://www.semrush.com/bot.html)"
185.191.171.9 - - [21/Dec/2024:10:52:07 -0500] "GET /lupulinum/Anobiidae788064.html HTTP/1.1" 301 0 "-" "Mozilla/5.0 (compatible; SemrushBot/7~bl; +http://www.semrush.com/bot.html)"
185.191.171.4 - - [21/Dec/2024:10:52:10 -0500] "GET /lupulinum/Anobiidae788064.html/ HTTP/1.1" 200 0 "-" "Mozilla/5.0 (compatible; SemrushBot/7~bl; +http://www.semrush.com/bot.html)"
185.191.171.5 - - [21/Dec/2024:10:52:17 -0500] "GET /diatomic/cutleress1023384.html HTTP/1.1" 301 0 "-" "Mozilla/5.0 (compatible; SemrushBot/7~bl; +http://www.semrush.com/bot.html)"
85.208.96.207 - - [21/Dec/2024:10:52:20 -0500] "GET /diatomic/cutleress1023384.html/ HTTP/1.1" 200 0 "-" "Mozilla/5.0 (compatible; SemrushBot/7~bl; +http://www.semrush.com/bot.html)"
85.208.96.202 - - [21/Dec/2024:10:52:23 -0500] "GET /extraplanetary/disjunctively737813.html HTTP/1.1" 301 0 "-" "Mozilla/5.0 (compatible; SemrushBot/7~bl; +http://www.semrush.com/bot.html)"
85.208.96.199 - - [21/Dec/2024:10:52:25 -0500] "GET /extraplanetary/disjunctively737813.html/ HTTP/1.1" 200 0 "-" "Mozilla/5.0 (compatible; SemrushBot/7~bl; +http://www.semrush.com/bot.html)"
216.244.66.247 - - [21/Dec/2024:10:52:27 -0500] "GET /wp-content/plugins/elementor/modules/apps/images/fiverr.svg HTTP/1.1" 200 1160 "-" "Mozilla/5.0 (compatible; DotBot/1.2; +https://opensiteexplorer.org/dotbot; help@moz.com)"
85.208.96.207 - - [21/Dec/2024:10:52:36 -0500] "GET /equidurable/aeronautical367656.html HTTP/1.1" 301 0 "-" "Mozilla/5.0 (compatible; SemrushBot/7~bl; +http://www.semrush.com/bot.html)"
85.208.96.209 - - [21/Dec/2024:10:52:38 -0500] "GET /equidurable/aeronautical367656.html/ HTTP/1.1" 200 0 "-" "Mozilla/5.0 (compatible; SemrushBot/7~bl; +http://www.semrush.com/bot.html)"
85.208.96.198 - - [21/Dec/2024:10:52:41 -0500] "GET /knifeless/affreightment797128.html HTTP/1.1" 301 0 "-" "Mozilla/5.0 (compatible; SemrushBot/7~bl; +http://www.semrush.com/bot.html)"
185.191.171.8 - - [21/Dec/2024:10:52:44 -0500] "GET /knifeless/affreightment797128.html/ HTTP/1.1" 200 0 "-" "Mozilla/5.0 (compatible; SemrushBot/7~bl; +http://www.semrush.com/bot.html)"
216.244.66.247 - - [21/Dec/2024:10:52:52 -0500] "GET /wp-content/plugins/elementor/modules/apps/images/profile-builder.svg HTTP/1.1" 200 3700 "-" "Mozilla/5.0 (compatible; DotBot/1.2; +https://opensiteexplorer.org/dotbot; help@moz.com)"
85.208.96.211 - - [21/Dec/2024:10:52:55 -0500] "GET /diatomic/cutleress784079.html HTTP/1.1" 301 0 "-" "Mozilla/5.0 (compatible; SemrushBot/7~bl; +http://www.semrush.com/bot.html)"
185.191.171.13 - - [21/Dec/2024:10:52:58 -0500] "GET /diatomic/cutleress784079.html/ HTTP/1.1" 200 0 "-" "Mozilla/5.0 (compatible; SemrushBot/7~bl; +http://www.semrush.com/bot.html)"
185.191.171.16 - - [21/Dec/2024:10:53:01 -0500] "GET /lupulinum/Anobiidae1371889.html HTTP/1.1" 301 0 "-" "Mozilla/5.0 (compatible; SemrushBot/7~bl; +http://www.semrush.com/bot.html)"
85.208.96.208 - - [21/Dec/2024:10:53:04 -0500] "GET /microphotograph/gauzily903053.html HTTP/1.1" 301 0 "-" "Mozilla/5.0 (compatible; SemrushBot/7~bl; +http://www.semrush.com/bot.html)"
185.191.171.19 - - [21/Dec/2024:10:53:07 -0500] "GET /microphotograph/gauzily903053.html/ HTTP/1.1" 200 0 "-" "Mozilla/5.0 (compatible; SemrushBot/7~bl; +http://www.semrush.com/bot.html)"
85.208.96.209 - - [21/Dec/2024:10:53:10 -0500] "GET /lupulinum/Anobiidae1371889.html/ HTTP/1.1" 200 0 "-" "Mozilla/5.0 (compatible; SemrushBot/7~bl; +http://www.semrush.com/bot.html)"
216.244.66.247 - - [21/Dec/2024:10:53:15 -0500] "GET /wp-content/plugins/elementor/assets/js/packages/icons/icons.js HTTP/1.1" 200 74815 "-" "Mozilla/5.0 (compatible; DotBot/1.2; +https://opensiteexplorer.org/dotbot; help@moz.com)"
216.244.66.247 - - [21/Dec/2024:10:53:38 -0500] "GET /wp-content/plugins/elementor/assets/js/packages/editor/?MA HTTP/1.1" 200 2996 "-" "Mozilla/5.0 (compatible; DotBot/1.2; +https://opensiteexplorer.org/dotbot; help@moz.com)"
185.191.171.4 - - [21/Dec/2024:10:53:47 -0500] "GET /equidurable/aeronautical556361.html HTTP/1.1" 301 0 "-" "Mozilla/5.0 (compatible; SemrushBot/7~bl; +http://www.semrush.com/bot.html)"
85.208.96.209 - - [21/Dec/2024:10:53:50 -0500] "GET /equidurable/aeronautical556361.html/ HTTP/1.1" 200 0 "-" "Mozilla/5.0 (compatible; SemrushBot/7~bl; +http://www.semrush.com/bot.html)"
216.244.66.247 - - [21/Dec/2024:10:53:59 -0500] "GET /wp-content/plugins/elementor/assets/js/packages/ui/?MA HTTP/1.1" 200 3877 "-" "Mozilla/5.0 (compatible; DotBot/1.2; +https://opensiteexplorer.org/dotbot; help@moz.com)"
185.191.171.4 - - [21/Dec/2024:10:54:05 -0500] "GET /allophylian/energetical905132.html HTTP/1.1" 301 0 "-" "Mozilla/5.0 (compatible; SemrushBot/7~bl; +http://www.semrush.com/bot.html)"
85.208.96.203 - - [21/Dec/2024:10:54:07 -0500] "GET /cauda/lupulinum1326414.html HTTP/1.1" 301 0 "-" "Mozilla/5.0 (compatible; SemrushBot/7~bl; +http://www.semrush.com/bot.html)"
185.191.171.3 - - [21/Dec/2024:10:54:10 -0500] "GET /cauda/lupulinum1326414.html/ HTTP/1.1" 200 0 "-" "Mozilla/5.0 (compatible; SemrushBot/7~bl; +http://www.semrush.com/bot.html)"
85.208.96.209 - - [21/Dec/2024:10:54:13 -0500] "GET /allophylian/energetical905132.html/ HTTP/1.1" 200 0 "-" "Mozilla/5.0 (compatible; SemrushBot/7~bl; +http://www.semrush.com/bot.html)"
216.244.66.247 - - [21/Dec/2024:10:54:19 -0500] "GET /wp-content/plugins/elementor/core/responsive/files/?MA HTTP/1.1" 200 1752 "-" "Mozilla/5.0 (compatible; DotBot/1.2; +https://opensiteexplorer.org/dotbot; help@moz.com)"
216.244.66.247 - - [21/Dec/2024:10:54:39 -0500] "GET /wp-content/plugins/elementor/modules/dev-tools/?NA HTTP/1.1" 200 2335 "-" "Mozilla/5.0 (compatible; DotBot/1.2; +https://opensiteexplorer.org/dotbot; help@moz.com)"
85.208.96.197 - - [21/Dec/2024:10:54:43 -0500] "GET /gibberish/homometrically669297.html HTTP/1.1" 301 0 "-" "Mozilla/5.0 (compatible; SemrushBot/7~bl; +http://www.semrush.com/bot.html)"
185.191.171.8 - - [21/Dec/2024:10:54:46 -0500] "GET /gibberish/homometrically669297.html/ HTTP/1.1" 200 0 "-" "Mozilla/5.0 (compatible; SemrushBot/7~bl; +http://www.semrush.com/bot.html)"
85.208.96.201 - - [21/Dec/2024:10:54:49 -0500] "GET /equidurable/aeronautical702331.html HTTP/1.1" 301 0 "-" "Mozilla/5.0 (compatible; SemrushBot/7~bl; +http://www.semrush.com/bot.html)"
185.191.171.8 - - [21/Dec/2024:10:54:52 -0500] "GET /equidurable/aeronautical702331.html/ HTTP/1.1" 200 0 "-" "Mozilla/5.0 (compatible; SemrushBot/7~bl; +http://www.semrush.com/bot.html)"
216.244.66.247 - - [21/Dec/2024:10:55:02 -0500] "GET /wp-content/plugins/elementor/assets/svg-paths/?SD HTTP/1.1" 200 3715 "-" "Mozilla/5.0 (compatible; DotBot/1.2; +https://opensiteexplorer.org/dotbot; help@moz.com)"
85.208.96.197 - - [21/Dec/2024:10:55:02 -0500] "GET /opportunist/Dryopes209691.html HTTP/1.1" 301 0 "-" "Mozilla/5.0 (compatible; SemrushBot/7~bl; +http://www.semrush.com/bot.html)"
85.208.96.197 - - [21/Dec/2024:10:55:05 -0500] "GET /affreightment/balaustre1027788.html HTTP/1.1" 301 0 "-" "Mozilla/5.0 (compatible; SemrushBot/7~bl; +http://www.semrush.com/bot.html)"
185.191.171.7 - - [21/Dec/2024:10:55:08 -0500] "GET /admitter/allophylian587957.html HTTP/1.1" 301 0 "-" "Mozilla/5.0 (compatible; SemrushBot/7~bl; +http://www.semrush.com/bot.html)"
185.191.171.12 - - [21/Dec/2024:10:55:12 -0500] "GET /admitter/allophylian587957.html/ HTTP/1.1" 200 0 "-" "Mozilla/5.0 (compatible; SemrushBot/7~bl; +http://www.semrush.com/bot.html)"
185.191.171.12 - - [21/Dec/2024:10:55:15 -0500] "GET /affreightment/balaustre1027788.html/ HTTP/1.1" 200 0 "-" "Mozilla/5.0 (compatible; SemrushBot/7~bl; +http://www.semrush.com/bot.html)"
216.244.66.247 - - [21/Dec/2024:10:55:20 -0500] "GET /wp-content/plugins/elementor/includes/template-library/?MD HTTP/1.1" 200 2857 "-" "Mozilla/5.0 (compatible; DotBot/1.2; +https://opensiteexplorer.org/dotbot; help@moz.com)"
185.191.171.10 - - [21/Dec/2024:10:55:20 -0500] "GET /opportunist/Dryopes209691.html/ HTTP/1.1" 200 0 "-" "Mozilla/5.0 (compatible; SemrushBot/7~bl; +http://www.semrush.com/bot.html)"
185.191.171.3 - - [21/Dec/2024:10:55:24 -0500] "GET /metallographical/isomagnetic91830.html HTTP/1.1" 301 0 "-" "Mozilla/5.0 (compatible; SemrushBot/7~bl; +http://www.semrush.com/bot.html)"
85.208.96.195 - - [21/Dec/2024:10:55:26 -0500] "GET /metallographical/isomagnetic91830.html/ HTTP/1.1" 200 0 "-" "Mozilla/5.0 (compatible; SemrushBot/7~bl; +http://www.semrush.com/bot.html)"
216.244.66.247 - - [21/Dec/2024:10:55:37 -0500] "GET /wp-content/plugins/elementor/modules/lazyload/?SD HTTP/1.1" 200 1724 "-" "Mozilla/5.0 (compatible; DotBot/1.2; +https://opensiteexplorer.org/dotbot; help@moz.com)"
85.208.96.202 - - [21/Dec/2024:10:55:48 -0500] "GET /distrainable/dishonorary823268.html HTTP/1.1" 301 0 "-" "Mozilla/5.0 (compatible; SemrushBot/7~bl; +http://www.semrush.com/bot.html)"
85.208.96.212 - - [21/Dec/2024:10:55:51 -0500] "GET /gauzily/extraplanetary1649503.html HTTP/1.1" 301 0 "-" "Mozilla/5.0 (compatible; SemrushBot/7~bl; +http://www.semrush.com/bot.html)"
216.244.66.247 - - [21/Dec/2024:10:55:53 -0500] "GET /wp-content/plugins/elementor/modules/compatibility-tag/views/?MD HTTP/1.1" 200 1874 "-" "Mozilla/5.0 (compatible; DotBot/1.2; +https://opensiteexplorer.org/dotbot; help@moz.com)"
85.208.96.211 - - [21/Dec/2024:10:55:54 -0500] "GET /gauzily/extraplanetary1649503.html/ HTTP/1.1" 200 0 "-" "Mozilla/5.0 (compatible; SemrushBot/7~bl; +http://www.semrush.com/bot.html)"
185.191.171.3 - - [21/Dec/2024:10:55:58 -0500] "GET /distrainable/dishonorary823268.html/ HTTP/1.1" 200 0 "-" "Mozilla/5.0 (compatible; SemrushBot/7~bl; +http://www.semrush.com/bot.html)"
185.191.171.8 - - [21/Dec/2024:10:56:08 -0500] "GET /journalist/chancery1504410.html HTTP/1.1" 301 0 "-" "Mozilla/5.0 (compatible; SemrushBot/7~bl; +http://www.semrush.com/bot.html)"
185.191.171.3 - - [21/Dec/2024:10:56:12 -0500] "GET /journalist/chancery1504410.html/ HTTP/1.1" 200 0 "-" "Mozilla/5.0 (compatible; SemrushBot/7~bl; +http://www.semrush.com/bot.html)"
185.191.171.12 - - [21/Dec/2024:10:56:16 -0500] "GET /Majagga/gally986775.html HTTP/1.1" 301 0 "-" "Mozilla/5.0 (compatible; SemrushBot/7~bl; +http://www.semrush.com/bot.html)"
85.208.96.210 - - [21/Dec/2024:10:56:20 -0500] "GET /equidurable/aeronautical1622756.html HTTP/1.1" 301 0 "-" "Mozilla/5.0 (compatible; SemrushBot/7~bl; +http://www.semrush.com/bot.html)"
85.208.96.201 - - [21/Dec/2024:10:56:23 -0500] "GET /gibberish/homometrically683707.html HTTP/1.1" 301 0 "-" "Mozilla/5.0 (compatible; SemrushBot/7~bl; +http://www.semrush.com/bot.html)"
85.208.96.206 - - [21/Dec/2024:10:56:27 -0500] "GET /gibberish/homometrically683707.html/ HTTP/1.1" 200 0 "-" "Mozilla/5.0 (compatible; SemrushBot/7~bl; +http://www.semrush.com/bot.html)"
85.208.96.210 - - [21/Dec/2024:10:56:31 -0500] "GET /equidurable/aeronautical1622756.html/ HTTP/1.1" 200 0 "-" "Mozilla/5.0 (compatible; SemrushBot/7~bl; +http://www.semrush.com/bot.html)"
85.208.96.198 - - [21/Dec/2024:10:56:35 -0500] "GET /Majagga/gally986775.html/ HTTP/1.1" 200 0 "-" "Mozilla/5.0 (compatible; SemrushBot/7~bl; +http://www.semrush.com/bot.html)"
85.208.96.210 - - [21/Dec/2024:10:56:38 -0500] "GET /Anobiidae/Caryophyllaceae376764.html HTTP/1.1" 301 0 "-" "Mozilla/5.0 (compatible; SemrushBot/7~bl; +http://www.semrush.com/bot.html)"
85.208.96.201 - - [21/Dec/2024:10:56:41 -0500] "GET /Anobiidae/Caryophyllaceae376764.html/ HTTP/1.1" 200 0 "-" "Mozilla/5.0 (compatible; SemrushBot/7~bl; +http://www.semrush.com/bot.html)"
85.208.96.209 - - [21/Dec/2024:10:57:02 -0500] "GET /equidurable/aeronautical401921.html HTTP/1.1" 301 0 "-" "Mozilla/5.0 (compatible; SemrushBot/7~bl; +http://www.semrush.com/bot.html)"
85.208.96.207 - - [21/Dec/2024:10:57:05 -0500] "GET /knifeless/affreightment1497113.html HTTP/1.1" 301 0 "-" "Mozilla/5.0 (compatible; SemrushBot/7~bl; +http://www.semrush.com/bot.html)"
85.208.96.196 - - [21/Dec/2024:10:57:07 -0500] "GET /gauzily/extraplanetary1378573.html HTTP/1.1" 301 0 "-" "Mozilla/5.0 (compatible; SemrushBot/7~bl; +http://www.semrush.com/bot.html)"
185.191.171.8 - - [21/Dec/2024:10:57:10 -0500] "GET /disjunctively/bitterness380028.html HTTP/1.1" 301 0 "-" "Mozilla/5.0 (compatible; SemrushBot/7~bl; +http://www.semrush.com/bot.html)"
185.191.171.3 - - [21/Dec/2024:10:57:13 -0500] "GET /disjunctively/bitterness380028.html/ HTTP/1.1" 200 0 "-" "Mozilla/5.0 (compatible; SemrushBot/7~bl; +http://www.semrush.com/bot.html)"
185.191.171.2 - - [21/Dec/2024:10:57:16 -0500] "GET /gauzily/extraplanetary1378573.html/ HTTP/1.1" 200 0 "-" "Mozilla/5.0 (compatible; SemrushBot/7~bl; +http://www.semrush.com/bot.html)"
185.191.171.5 - - [21/Dec/2024:10:57:19 -0500] "GET /knifeless/affreightment1497113.html/ HTTP/1.1" 200 0 "-" "Mozilla/5.0 (compatible; SemrushBot/7~bl; +http://www.semrush.com/bot.html)"
185.191.171.12 - - [21/Dec/2024:10:57:25 -0500] "GET /equidurable/aeronautical401921.html/ HTTP/1.1" 200 0 "-" "Mozilla/5.0 (compatible; SemrushBot/7~bl; +http://www.semrush.com/bot.html)"
185.191.171.15 - - [21/Dec/2024:10:58:02 -0500] "GET /opportunist/Dryopes1590356.html HTTP/1.1" 301 0 "-" "Mozilla/5.0 (compatible; SemrushBot/7~bl; +http://www.semrush.com/bot.html)"
185.191.171.4 - - [21/Dec/2024:10:58:06 -0500] "GET /robots.txt HTTP/1.1" 301 0 "-" "Mozilla/5.0 (compatible; SemrushBot/7~bl; +http://www.semrush.com/bot.html)"
185.191.171.9 - - [21/Dec/2024:10:58:06 -0500] "GET /opportunist/Dryopes1590356.html/ HTTP/1.1" 200 0 "-" "Mozilla/5.0 (compatible; SemrushBot/7~bl; +http://www.semrush.com/bot.html)"
85.208.96.194 - - [21/Dec/2024:10:58:07 -0500] "GET /robots.txt/ HTTP/1.1" 200 0 "-" "Mozilla/5.0 (compatible; SemrushBot/7~bl; +http://www.semrush.com/bot.html)"
185.191.171.14 - - [21/Dec/2024:10:58:10 -0500] "GET /affreightment/balaustre122983.html HTTP/1.1" 301 0 "-" "Mozilla/5.0 (compatible; SemrushBot/7~bl; +http://www.semrush.com/bot.html)"
185.191.171.7 - - [21/Dec/2024:10:58:13 -0500] "GET /aeronautical/cattyman1355446.html HTTP/1.1" 301 0 "-" "Mozilla/5.0 (compatible; SemrushBot/7~bl; +http://www.semrush.com/bot.html)"
185.191.171.6 - - [21/Dec/2024:10:58:16 -0500] "GET /aeronautical/cattyman1355446.html/ HTTP/1.1" 200 0 "-" "Mozilla/5.0 (compatible; SemrushBot/7~bl; +http://www.semrush.com/bot.html)"
185.191.171.11 - - [21/Dec/2024:10:58:19 -0500] "GET /affreightment/balaustre122983.html/ HTTP/1.1" 200 0 "-" "Mozilla/5.0 (compatible; SemrushBot/7~bl; +http://www.semrush.com/bot.html)"
85.208.96.194 - - [21/Dec/2024:10:58:45 -0500] "GET /Caprimulgi/crea666792.html HTTP/1.1" 301 0 "-" "Mozilla/5.0 (compatible; SemrushBot/7~bl; +http://www.semrush.com/bot.html)"
185.191.171.5 - - [21/Dec/2024:10:58:48 -0500] "GET /Caprimulgi/crea666792.html/ HTTP/1.1" 200 0 "-" "Mozilla/5.0 (compatible; SemrushBot/7~bl; +http://www.semrush.com/bot.html)"
47.128.127.150 - - [21/Dec/2024:10:58:48 -0500] "GET / HTTP/1.1" 200 0 "-" "Mozilla/5.0 (Linux; Android 5.0) AppleWebKit/537.36 (KHTML, like Gecko) Mobile Safari/537.36 (compatible; Bytespider; spider-feedback@bytedance.com)"
185.191.171.9 - - [21/Dec/2024:10:58:56 -0500] "GET /gauzily/extraplanetary1215608.html HTTP/1.1" 301 0 "-" "Mozilla/5.0 (compatible; SemrushBot/7~bl; +http://www.semrush.com/bot.html)"
185.191.171.10 - - [21/Dec/2024:10:59:01 -0500] "GET /gauzily/extraplanetary1215608.html/ HTTP/1.1" 200 0 "-" "Mozilla/5.0 (compatible; SemrushBot/7~bl; +http://www.semrush.com/bot.html)"
185.191.171.14 - - [21/Dec/2024:10:59:05 -0500] "GET /gibberish/homometrically668472.html HTTP/1.1" 301 0 "-" "Mozilla/5.0 (compatible; SemrushBot/7~bl; +http://www.semrush.com/bot.html)"
185.191.171.9 - - [21/Dec/2024:10:59:08 -0500] "GET /gibberish/homometrically668472.html/ HTTP/1.1" 200 0 "-" "Mozilla/5.0 (compatible; SemrushBot/7~bl; +http://www.semrush.com/bot.html)"
85.208.96.205 - - [21/Dec/2024:10:59:12 -0500] "GET /affreightment/balaustre1399203.html HTTP/1.1" 301 0 "-" "Mozilla/5.0 (compatible; SemrushBot/7~bl; +http://www.semrush.com/bot.html)"
85.208.96.194 - - [21/Dec/2024:10:59:14 -0500] "GET /extraplanetary/disjunctively961773.html HTTP/1.1" 301 0 "-" "Mozilla/5.0 (compatible; SemrushBot/7~bl; +http://www.semrush.com/bot.html)"
85.208.96.202 - - [21/Dec/2024:10:59:17 -0500] "GET /extraplanetary/disjunctively961773.html/ HTTP/1.1" 200 0 "-" "Mozilla/5.0 (compatible; SemrushBot/7~bl; +http://www.semrush.com/bot.html)"
185.191.171.8 - - [21/Dec/2024:10:59:20 -0500] "GET /affreightment/balaustre1399203.html/ HTTP/1.1" 200 0 "-" "Mozilla/5.0 (compatible; SemrushBot/7~bl; +http://www.semrush.com/bot.html)"
185.191.171.19 - - [21/Dec/2024:10:59:40 -0500] "GET /allophylian/energetical1177877.html HTTP/1.1" 301 0 "-" "Mozilla/5.0 (compatible; SemrushBot/7~bl; +http://www.semrush.com/bot.html)"
185.191.171.9 - - [21/Dec/2024:10:59:43 -0500] "GET /allophylian/energetical1177877.html/ HTTP/1.1" 200 0 "-" "Mozilla/5.0 (compatible; SemrushBot/7~bl; +http://www.semrush.com/bot.html)"
185.191.171.5 - - [21/Dec/2024:10:59:50 -0500] "GET /criticism/equidurable117251.html HTTP/1.1" 301 0 "-" "Mozilla/5.0 (compatible; SemrushBot/7~bl; +http://www.semrush.com/bot.html)"
185.191.171.11 - - [21/Dec/2024:10:59:53 -0500] "GET /microphotograph/gauzily1683613.html HTTP/1.1" 301 0 "-" "Mozilla/5.0 (compatible; SemrushBot/7~bl; +http://www.semrush.com/bot.html)"
185.191.171.15 - - [21/Dec/2024:10:59:56 -0500] "GET /microphotograph/gauzily1683613.html/ HTTP/1.1" 200 0 "-" "Mozilla/5.0 (compatible; SemrushBot/7~bl; +http://www.semrush.com/bot.html)"
85.208.96.202 - - [21/Dec/2024:10:59:59 -0500] "GET /criticism/equidurable117251.html/ HTTP/1.1" 200 0 "-" "Mozilla/5.0 (compatible; SemrushBot/7~bl; +http://www.semrush.com/bot.html)"
85.208.96.212 - - [21/Dec/2024:11:00:09 -0500] "GET /claquer/journalist191570.html HTTP/1.1" 301 0 "-" "Mozilla/5.0 (compatible; SemrushBot/7~bl; +http://www.semrush.com/bot.html)"
185.191.171.12 - - [21/Dec/2024:11:00:14 -0500] "GET /claquer/journalist191570.html/ HTTP/1.1" 200 0 "-" "Mozilla/5.0 (compatible; SemrushBot/7~bl; +http://www.semrush.com/bot.html)"
185.191.171.1 - - [21/Dec/2024:11:00:20 -0500] "GET /extraplanetary/disjunctively668513.html HTTP/1.1" 301 0 "-" "Mozilla/5.0 (compatible; SemrushBot/7~bl; +http://www.semrush.com/bot.html)"
185.191.171.15 - - [21/Dec/2024:11:00:24 -0500] "GET /disjunctively/bitterness705243.html HTTP/1.1" 301 0 "-" "Mozilla/5.0 (compatible; SemrushBot/7~bl; +http://www.semrush.com/bot.html)"
85.208.96.207 - - [21/Dec/2024:11:00:27 -0500] "GET /disjunctively/bitterness705243.html/ HTTP/1.1" 200 0 "-" "Mozilla/5.0 (compatible; SemrushBot/7~bl; +http://www.semrush.com/bot.html)"
185.191.171.8 - - [21/Dec/2024:11:00:30 -0500] "GET /extraplanetary/disjunctively668513.html/ HTTP/1.1" 200 0 "-" "Mozilla/5.0 (compatible; SemrushBot/7~bl; +http://www.semrush.com/bot.html)"
85.208.96.193 - - [21/Dec/2024:11:00:33 -0500] "GET /isomagnetic/caroline448495.html HTTP/1.1" 301 0 "-" "Mozilla/5.0 (compatible; SemrushBot/7~bl; +http://www.semrush.com/bot.html)"
185.191.171.14 - - [21/Dec/2024:11:00:36 -0500] "GET /isomagnetic/caroline448495.html/ HTTP/1.1" 200 0 "-" "Mozilla/5.0 (compatible; SemrushBot/7~bl; +http://www.semrush.com/bot.html)"
185.191.171.13 - - [21/Dec/2024:11:00:40 -0500] "GET /allophylian/energetical863772.html HTTP/1.1" 301 0 "-" "Mozilla/5.0 (compatible; SemrushBot/7~bl; +http://www.semrush.com/bot.html)"
185.191.171.6 - - [21/Dec/2024:11:00:43 -0500] "GET /allophylian/energetical863772.html/ HTTP/1.1" 200 0 "-" "Mozilla/5.0 (compatible; SemrushBot/7~bl; +http://www.semrush.com/bot.html)"
85.208.96.206 - - [21/Dec/2024:11:01:19 -0500] "GET /dishonorary/microphotograph592533.html HTTP/1.1" 301 0 "-" "Mozilla/5.0 (compatible; SemrushBot/7~bl; +http://www.semrush.com/bot.html)"
85.208.96.202 - - [21/Dec/2024:11:01:21 -0500] "GET /dishonorary/microphotograph592533.html/ HTTP/1.1" 200 0 "-" "Mozilla/5.0 (compatible; SemrushBot/7~bl; +http://www.semrush.com/bot.html)"
185.191.171.11 - - [21/Dec/2024:11:01:25 -0500] "GET /knifeless/affreightment565083.html HTTP/1.1" 301 0 "-" "Mozilla/5.0 (compatible; SemrushBot/7~bl; +http://www.semrush.com/bot.html)"
85.208.96.210 - - [21/Dec/2024:11:01:27 -0500] "GET /Anobiidae/Caryophyllaceae559749.html HTTP/1.1" 301 0 "-" "Mozilla/5.0 (compatible; SemrushBot/7~bl; +http://www.semrush.com/bot.html)"
185.191.171.15 - - [21/Dec/2024:11:01:30 -0500] "GET /Anobiidae/Caryophyllaceae559749.html/ HTTP/1.1" 200 0 "-" "Mozilla/5.0 (compatible; SemrushBot/7~bl; +http://www.semrush.com/bot.html)"
185.191.171.11 - - [21/Dec/2024:11:01:34 -0500] "GET /knifeless/affreightment565083.html/ HTTP/1.1" 200 0 "-" "Mozilla/5.0 (compatible; SemrushBot/7~bl; +http://www.semrush.com/bot.html)"
185.191.171.7 - - [21/Dec/2024:11:01:41 -0500] "GET /opportunist/Dryopes1079846.html HTTP/1.1" 301 0 "-" "Mozilla/5.0 (compatible; SemrushBot/7~bl; +http://www.semrush.com/bot.html)"
85.208.96.193 - - [21/Dec/2024:11:01:43 -0500] "GET /opportunist/Dryopes1079846.html/ HTTP/1.1" 200 0 "-" "Mozilla/5.0 (compatible; SemrushBot/7~bl; +http://www.semrush.com/bot.html)"
185.191.171.7 - - [21/Dec/2024:11:02:03 -0500] "GET /allophylian/energetical174842.html HTTP/1.1" 301 0 "-" "Mozilla/5.0 (compatible; SemrushBot/7~bl; +http://www.semrush.com/bot.html)"
185.191.171.16 - - [21/Dec/2024:11:02:06 -0500] "GET /allophylian/energetical174842.html/ HTTP/1.1" 200 0 "-" "Mozilla/5.0 (compatible; SemrushBot/7~bl; +http://www.semrush.com/bot.html)"
185.191.171.5 - - [21/Dec/2024:11:02:10 -0500] "GET /Anobiidae/Caryophyllaceae1338329.html HTTP/1.1" 301 0 "-" "Mozilla/5.0 (compatible; SemrushBot/7~bl; +http://www.semrush.com/bot.html)"
85.208.96.199 - - [21/Dec/2024:11:02:12 -0500] "GET /Anobiidae/Caryophyllaceae1338329.html/ HTTP/1.1" 200 0 "-" "Mozilla/5.0 (compatible; SemrushBot/7~bl; +http://www.semrush.com/bot.html)"
85.208.96.210 - - [21/Dec/2024:11:02:16 -0500] "GET /admitter/allophylian379672.html HTTP/1.1" 301 0 "-" "Mozilla/5.0 (compatible; SemrushBot/7~bl; +http://www.semrush.com/bot.html)"
85.208.96.209 - - [21/Dec/2024:11:02:19 -0500] "GET /admitter/allophylian379672.html/ HTTP/1.1" 200 0 "-" "Mozilla/5.0 (compatible; SemrushBot/7~bl; +http://www.semrush.com/bot.html)"
85.208.96.212 - - [21/Dec/2024:11:02:42 -0500] "GET /knifeless/affreightment675303.html HTTP/1.1" 301 0 "-" "Mozilla/5.0 (compatible; SemrushBot/7~bl; +http://www.semrush.com/bot.html)"
185.191.171.13 - - [21/Dec/2024:11:02:47 -0500] "GET /knifeless/affreightment675303.html/ HTTP/1.1" 200 0 "-" "Mozilla/5.0 (compatible; SemrushBot/7~bl; +http://www.semrush.com/bot.html)"
85.208.96.206 - - [21/Dec/2024:11:02:49 -0500] "GET /gibberish/homometrically648892.html HTTP/1.1" 301 0 "-" "Mozilla/5.0 (compatible; SemrushBot/7~bl; +http://www.semrush.com/bot.html)"
185.191.171.4 - - [21/Dec/2024:11:02:53 -0500] "GET /gibberish/homometrically648892.html/ HTTP/1.1" 200 0 "-" "Mozilla/5.0 (compatible; SemrushBot/7~bl; +http://www.semrush.com/bot.html)"
185.191.171.2 - - [21/Dec/2024:11:03:05 -0500] "GET /Dryopes/philogeant549746.html HTTP/1.1" 301 0 "-" "Mozilla/5.0 (compatible; SemrushBot/7~bl; +http://www.semrush.com/bot.html)"
85.208.96.211 - - [21/Dec/2024:11:03:08 -0500] "GET /Dryopes/philogeant549746.html/ HTTP/1.1" 200 0 "-" "Mozilla/5.0 (compatible; SemrushBot/7~bl; +http://www.semrush.com/bot.html)"
85.208.96.198 - - [21/Dec/2024:11:03:12 -0500] "GET /Anobiidae/Caryophyllaceae948874.html HTTP/1.1" 301 0 "-" "Mozilla/5.0 (compatible; SemrushBot/7~bl; +http://www.semrush.com/bot.html)"
185.191.171.17 - - [21/Dec/2024:11:03:15 -0500] "GET /Anobiidae/Caryophyllaceae948874.html/ HTTP/1.1" 200 0 "-" "Mozilla/5.0 (compatible; SemrushBot/7~bl; +http://www.semrush.com/bot.html)"
85.208.96.210 - - [21/Dec/2024:11:03:38 -0500] "GET /Anobiidae/Caryophyllaceae558429.html HTTP/1.1" 301 0 "-" "Mozilla/5.0 (compatible; SemrushBot/7~bl; +http://www.semrush.com/bot.html)"
85.208.96.210 - - [21/Dec/2024:11:03:41 -0500] "GET /motmot/criticism176716.html HTTP/1.1" 301 0 "-" "Mozilla/5.0 (compatible; SemrushBot/7~bl; +http://www.semrush.com/bot.html)"
185.191.171.3 - - [21/Dec/2024:11:03:44 -0500] "GET /motmot/criticism176716.html/ HTTP/1.1" 200 0 "-" "Mozilla/5.0 (compatible; SemrushBot/7~bl; +http://www.semrush.com/bot.html)"
185.191.171.3 - - [21/Dec/2024:11:03:47 -0500] "GET /Anobiidae/Caryophyllaceae558429.html/ HTTP/1.1" 200 0 "-" "Mozilla/5.0 (compatible; SemrushBot/7~bl; +http://www.semrush.com/bot.html)"
185.191.171.4 - - [21/Dec/2024:11:03:51 -0500] "GET /innateness/cosmos496892.html HTTP/1.1" 301 0 "-" "Mozilla/5.0 (compatible; SemrushBot/7~bl; +http://www.semrush.com/bot.html)"
85.208.96.204 - - [21/Dec/2024:11:03:53 -0500] "GET /microphotograph/gauzily1711773.html HTTP/1.1" 301 0 "-" "Mozilla/5.0 (compatible; SemrushBot/7~bl; +http://www.semrush.com/bot.html)"
185.191.171.11 - - [21/Dec/2024:11:03:57 -0500] "GET /microphotograph/gauzily1711773.html/ HTTP/1.1" 200 0 "-" "Mozilla/5.0 (compatible; SemrushBot/7~bl; +http://www.semrush.com/bot.html)"
