185.191.171.15 - - [21/Dec/2024:18:39:05 -0500] "GET /gauzily/extraplanetary1078823.html HTTP/1.1" 301 0 "-" "Mozilla/5.0 (compatible; SemrushBot/7~bl; +http://www.semrush.com/bot.html)"
185.191.171.15 - - [21/Dec/2024:18:39:09 -0500] "GET /gauzily/extraplanetary1078823.html/ HTTP/1.1" 200 0 "-" "Mozilla/5.0 (compatible; SemrushBot/7~bl; +http://www.semrush.com/bot.html)"
85.208.96.204 - - [21/Dec/2024:18:39:11 -0500] "GET /admitter/allophylian303222.html HTTP/1.1" 301 0 "-" "Mozilla/5.0 (compatible; SemrushBot/7~bl; +http://www.semrush.com/bot.html)"
185.191.171.14 - - [21/Dec/2024:18:39:15 -0500] "GET /admitter/allophylian303222.html/ HTTP/1.1" 200 0 "-" "Mozilla/5.0 (compatible; SemrushBot/7~bl; +http://www.semrush.com/bot.html)"
85.208.96.204 - - [21/Dec/2024:18:39:21 -0500] "GET /equidurable/aeronautical774986.html HTTP/1.1" 301 0 "-" "Mozilla/5.0 (compatible; SemrushBot/7~bl; +http://www.semrush.com/bot.html)"
185.191.171.12 - - [21/Dec/2024:18:39:24 -0500] "GET /equidurable/aeronautical774986.html/ HTTP/1.1" 200 0 "-" "Mozilla/5.0 (compatible; SemrushBot/7~bl; +http://www.semrush.com/bot.html)"
85.208.96.207 - - [21/Dec/2024:18:39:38 -0500] "GET /metallographical/isomagnetic212115.html HTTP/1.1" 301 0 "-" "Mozilla/5.0 (compatible; SemrushBot/7~bl; +http://www.semrush.com/bot.html)"
85.208.96.193 - - [21/Dec/2024:18:39:40 -0500] "GET /metallographical/isomagnetic212115.html/ HTTP/1.1" 200 0 "-" "Mozilla/5.0 (compatible; SemrushBot/7~bl; +http://www.semrush.com/bot.html)"
185.191.171.14 - - [21/Dec/2024:18:39:54 -0500] "GET /knifeless/affreightment1138898.html HTTP/1.1" 301 0 "-" "Mozilla/5.0 (compatible; SemrushBot/7~bl; +http://www.semrush.com/bot.html)"
185.191.171.15 - - [21/Dec/2024:18:39:58 -0500] "GET /knifeless/affreightment1138898.html/ HTTP/1.1" 200 0 "-" "Mozilla/5.0 (compatible; SemrushBot/7~bl; +http://www.semrush.com/bot.html)"
185.191.171.4 - - [21/Dec/2024:18:40:13 -0500] "GET /extraplanetary/disjunctively208878.html HTTP/1.1" 301 0 "-" "Mozilla/5.0 (compatible; SemrushBot/7~bl; +http://www.semrush.com/bot.html)"
185.191.171.11 - - [21/Dec/2024:18:40:15 -0500] "GET /robots.txt HTTP/1.1" 301 0 "-" "Mozilla/5.0 (compatible; SemrushBot/7~bl; +http://www.semrush.com/bot.html)"
85.208.96.196 - - [21/Dec/2024:18:40:16 -0500] "GET /robots.txt/ HTTP/1.1" 200 0 "-" "Mozilla/5.0 (compatible; SemrushBot/7~bl; +http://www.semrush.com/bot.html)"
185.191.171.12 - - [21/Dec/2024:18:40:17 -0500] "GET /extraplanetary/disjunctively208878.html/ HTTP/1.1" 200 0 "-" "Mozilla/5.0 (compatible; SemrushBot/7~bl; +http://www.semrush.com/bot.html)"
185.191.171.13 - - [21/Dec/2024:18:40:21 -0500] "GET /microphotograph/gauzily292223.html HTTP/1.1" 301 0 "-" "Mozilla/5.0 (compatible; SemrushBot/7~bl; +http://www.semrush.com/bot.html)"
185.191.171.1 - - [21/Dec/2024:18:40:24 -0500] "GET /dishonorary/microphotograph368298.html HTTP/1.1" 301 0 "-" "Mozilla/5.0 (compatible; SemrushBot/7~bl; +http://www.semrush.com/bot.html)"
185.191.171.7 - - [21/Dec/2024:18:40:26 -0500] "GET /distrainable/dishonorary1359078.html HTTP/1.1" 301 0 "-" "Mozilla/5.0 (compatible; SemrushBot/7~bl; +http://www.semrush.com/bot.html)"
85.208.96.193 - - [21/Dec/2024:18:40:29 -0500] "GET /distrainable/dishonorary1359078.html/ HTTP/1.1" 200 0 "-" "Mozilla/5.0 (compatible; SemrushBot/7~bl; +http://www.semrush.com/bot.html)"
85.208.96.200 - - [21/Dec/2024:18:40:31 -0500] "GET /dishonorary/microphotograph368298.html/ HTTP/1.1" 200 0 "-" "Mozilla/5.0 (compatible; SemrushBot/7~bl; +http://www.semrush.com/bot.html)"
185.191.171.12 - - [21/Dec/2024:18:40:34 -0500] "GET /microphotograph/gauzily292223.html/ HTTP/1.1" 200 0 "-" "Mozilla/5.0 (compatible; SemrushBot/7~bl; +http://www.semrush.com/bot.html)"
85.208.96.201 - - [21/Dec/2024:18:40:52 -0500] "GET /equidurable/aeronautical1072976.html HTTP/1.1" 301 0 "-" "Mozilla/5.0 (compatible; SemrushBot/7~bl; +http://www.semrush.com/bot.html)"
185.191.171.1 - - [21/Dec/2024:18:40:55 -0500] "GET /equidurable/aeronautical1072976.html/ HTTP/1.1" 200 0 "-" "Mozilla/5.0 (compatible; SemrushBot/7~bl; +http://www.semrush.com/bot.html)"
85.208.96.203 - - [21/Dec/2024:18:40:58 -0500] "GET /equidurable/aeronautical813981.html HTTP/1.1" 301 0 "-" "Mozilla/5.0 (compatible; SemrushBot/7~bl; +http://www.semrush.com/bot.html)"
85.208.96.211 - - [21/Dec/2024:18:41:00 -0500] "GET /microphotograph/gauzily838868.html HTTP/1.1" 301 0 "-" "Mozilla/5.0 (compatible; SemrushBot/7~bl; +http://www.semrush.com/bot.html)"
85.208.96.211 - - [21/Dec/2024:18:41:02 -0500] "GET /microphotograph/gauzily838868.html/ HTTP/1.1" 200 0 "-" "Mozilla/5.0 (compatible; SemrushBot/7~bl; +http://www.semrush.com/bot.html)"
85.208.96.206 - - [21/Dec/2024:18:41:05 -0500] "GET /equidurable/aeronautical813981.html/ HTTP/1.1" 200 0 "-" "Mozilla/5.0 (compatible; SemrushBot/7~bl; +http://www.semrush.com/bot.html)"
85.208.96.204 - - [21/Dec/2024:18:41:12 -0500] "GET /gauzily/extraplanetary1007818.html HTTP/1.1" 301 0 "-" "Mozilla/5.0 (compatible; SemrushBot/7~bl; +http://www.semrush.com/bot.html)"
85.208.96.195 - - [21/Dec/2024:18:41:15 -0500] "GET /gauzily/extraplanetary1007818.html/ HTTP/1.1" 200 0 "-" "Mozilla/5.0 (compatible; SemrushBot/7~bl; +http://www.semrush.com/bot.html)"
85.208.96.202 - - [21/Dec/2024:18:41:22 -0500] "GET /energetical/certified567147.html HTTP/1.1" 301 0 "-" "Mozilla/5.0 (compatible; SemrushBot/7~bl; +http://www.semrush.com/bot.html)"
185.191.171.17 - - [21/Dec/2024:18:41:25 -0500] "GET /energetical/certified567147.html/ HTTP/1.1" 200 0 "-" "Mozilla/5.0 (compatible; SemrushBot/7~bl; +http://www.semrush.com/bot.html)"
185.191.171.14 - - [21/Dec/2024:18:41:51 -0500] "GET /energetical/certified1249147.html HTTP/1.1" 301 0 "-" "Mozilla/5.0 (compatible; SemrushBot/7~bl; +http://www.semrush.com/bot.html)"
85.208.96.205 - - [21/Dec/2024:18:41:53 -0500] "GET /energetical/certified1249147.html/ HTTP/1.1" 200 0 "-" "Mozilla/5.0 (compatible; SemrushBot/7~bl; +http://www.semrush.com/bot.html)"
85.208.96.203 - - [21/Dec/2024:18:42:00 -0500] "GET /pudu/fang804634.html HTTP/1.1" 301 0 "-" "Mozilla/5.0 (compatible; SemrushBot/7~bl; +http://www.semrush.com/bot.html)"
185.191.171.9 - - [21/Dec/2024:18:42:03 -0500] "GET /pudu/fang804634.html/ HTTP/1.1" 200 0 "-" "Mozilla/5.0 (compatible; SemrushBot/7~bl; +http://www.semrush.com/bot.html)"
85.208.96.211 - - [21/Dec/2024:18:42:10 -0500] "GET /homometrically/jupon585357.html HTTP/1.1" 301 0 "-" "Mozilla/5.0 (compatible; SemrushBot/7~bl; +http://www.semrush.com/bot.html)"
47.128.119.226 - - [21/Dec/2024:18:42:10 -0500] "GET / HTTP/1.1" 200 0 "-" "Mozilla/5.0 (Linux; Android 5.0) AppleWebKit/537.36 (KHTML, like Gecko) Mobile Safari/537.36 (compatible; Bytespider; spider-feedback@bytedance.com)"
185.191.171.14 - - [21/Dec/2024:18:42:13 -0500] "GET /homometrically/jupon585357.html/ HTTP/1.1" 200 0 "-" "Mozilla/5.0 (compatible; SemrushBot/7~bl; +http://www.semrush.com/bot.html)"
185.191.171.19 - - [21/Dec/2024:18:42:27 -0500] "GET /gibberish/homometrically1589062.html HTTP/1.1" 301 0 "-" "Mozilla/5.0 (compatible; SemrushBot/7~bl; +http://www.semrush.com/bot.html)"
185.191.171.16 - - [21/Dec/2024:18:42:30 -0500] "GET /gibberish/homometrically1589062.html/ HTTP/1.1" 200 0 "-" "Mozilla/5.0 (compatible; SemrushBot/7~bl; +http://www.semrush.com/bot.html)"
85.208.96.209 - - [21/Dec/2024:18:42:47 -0500] "GET /gauzily/extraplanetary572438.html HTTP/1.1" 301 0 "-" "Mozilla/5.0 (compatible; SemrushBot/7~bl; +http://www.semrush.com/bot.html)"
85.208.96.193 - - [21/Dec/2024:18:42:50 -0500] "GET /gauzily/extraplanetary572438.html/ HTTP/1.1" 200 0 "-" "Mozilla/5.0 (compatible; SemrushBot/7~bl; +http://www.semrush.com/bot.html)"
216.244.66.247 - - [21/Dec/2024:18:42:54 -0500] "GET /wp-content/plugins/elementor/assets/lib/jquery-hover-intent/jquery-hover-intent.js HTTP/1.1" 200 2063 "-" "Mozilla/5.0 (compatible; DotBot/1.2; +https://opensiteexplorer.org/dotbot; help@moz.com)"
185.191.171.16 - - [21/Dec/2024:18:42:58 -0500] "GET /metallographical/isomagnetic1422390.html HTTP/1.1" 301 0 "-" "Mozilla/5.0 (compatible; SemrushBot/7~bl; +http://www.semrush.com/bot.html)"
85.208.96.198 - - [21/Dec/2024:18:43:01 -0500] "GET /metallographical/isomagnetic1422390.html/ HTTP/1.1" 200 0 "-" "Mozilla/5.0 (compatible; SemrushBot/7~bl; +http://www.semrush.com/bot.html)"
85.208.96.203 - - [21/Dec/2024:18:43:06 -0500] "GET /Caprimulgi/crea834762.html HTTP/1.1" 301 0 "-" "Mozilla/5.0 (compatible; SemrushBot/7~bl; +http://www.semrush.com/bot.html)"
85.208.96.198 - - [21/Dec/2024:18:43:09 -0500] "GET /homometrically/jupon872622.html HTTP/1.1" 301 0 "-" "Mozilla/5.0 (compatible; SemrushBot/7~bl; +http://www.semrush.com/bot.html)"
185.191.171.16 - - [21/Dec/2024:18:43:12 -0500] "GET /homometrically/jupon872622.html/ HTTP/1.1" 200 0 "-" "Mozilla/5.0 (compatible; SemrushBot/7~bl; +http://www.semrush.com/bot.html)"
185.191.171.12 - - [21/Dec/2024:18:43:16 -0500] "GET /Caprimulgi/crea834762.html/ HTTP/1.1" 200 0 "-" "Mozilla/5.0 (compatible; SemrushBot/7~bl; +http://www.semrush.com/bot.html)"
185.191.171.12 - - [21/Dec/2024:18:43:23 -0500] "GET /knifeless/affreightment1734823.html HTTP/1.1" 301 0 "-" "Mozilla/5.0 (compatible; SemrushBot/7~bl; +http://www.semrush.com/bot.html)"
85.208.96.201 - - [21/Dec/2024:18:43:26 -0500] "GET /knifeless/affreightment1734823.html/ HTTP/1.1" 200 0 "-" "Mozilla/5.0 (compatible; SemrushBot/7~bl; +http://www.semrush.com/bot.html)"
216.244.66.247 - - [21/Dec/2024:18:43:45 -0500] "GET /wp-content/plugins/elementor/app/assets/js/ui/grid/grid.scss HTTP/1.1" 200 3821 "-" "Mozilla/5.0 (compatible; DotBot/1.2; +https://opensiteexplorer.org/dotbot; help@moz.com)"
185.191.171.14 - - [21/Dec/2024:18:43:46 -0500] "GET /dishonorary/microphotograph1478363.html HTTP/1.1" 301 0 "-" "Mozilla/5.0 (compatible; SemrushBot/7~bl; +http://www.semrush.com/bot.html)"
216.244.66.247 - - [21/Dec/2024:18:43:49 -0500] "GET /wp-content/plugins/elementor/assets/js/packages/env/env.min.js HTTP/1.1" 200 1154 "-" "Mozilla/5.0 (compatible; DotBot/1.2; +https://opensiteexplorer.org/dotbot; help@moz.com)"
85.208.96.197 - - [21/Dec/2024:18:43:49 -0500] "GET /dishonorary/microphotograph1478363.html/ HTTP/1.1" 200 0 "-" "Mozilla/5.0 (compatible; SemrushBot/7~bl; +http://www.semrush.com/bot.html)"
216.244.66.247 - - [21/Dec/2024:18:43:52 -0500] "GET /wp-content/plugins/elementor/packages/elementor-ui/styles/_maps/typography/size.js HTTP/1.1" 200 477 "-" "Mozilla/5.0 (compatible; DotBot/1.2; +https://opensiteexplorer.org/dotbot; help@moz.com)"
85.208.96.197 - - [21/Dec/2024:18:43:52 -0500] "GET /disjunctively/bitterness876788.html HTTP/1.1" 301 0 "-" "Mozilla/5.0 (compatible; SemrushBot/7~bl; +http://www.semrush.com/bot.html)"
85.208.96.206 - - [21/Dec/2024:18:43:57 -0500] "GET /disjunctively/bitterness876788.html/ HTTP/1.1" 200 0 "-" "Mozilla/5.0 (compatible; SemrushBot/7~bl; +http://www.semrush.com/bot.html)"
85.208.96.196 - - [21/Dec/2024:18:44:13 -0500] "GET /extraplanetary/disjunctively559063.html HTTP/1.1" 301 0 "-" "Mozilla/5.0 (compatible; SemrushBot/7~bl; +http://www.semrush.com/bot.html)"
85.208.96.208 - - [21/Dec/2024:18:44:16 -0500] "GET /extraplanetary/disjunctively559063.html/ HTTP/1.1" 200 0 "-" "Mozilla/5.0 (compatible; SemrushBot/7~bl; +http://www.semrush.com/bot.html)"
85.208.96.195 - - [21/Dec/2024:18:44:18 -0500] "GET /criticism/equidurable281811.html HTTP/1.1" 301 0 "-" "Mozilla/5.0 (compatible; SemrushBot/7~bl; +http://www.semrush.com/bot.html)"
85.208.96.203 - - [21/Dec/2024:18:44:20 -0500] "GET /criticism/equidurable281811.html/ HTTP/1.1" 200 0 "-" "Mozilla/5.0 (compatible; SemrushBot/7~bl; +http://www.semrush.com/bot.html)"
85.208.96.195 - - [21/Dec/2024:18:44:25 -0500] "GET /diatomic/cutleress1327149.html HTTP/1.1" 301 0 "-" "Mozilla/5.0 (compatible; SemrushBot/7~bl; +http://www.semrush.com/bot.html)"
185.191.171.1 - - [21/Dec/2024:18:44:28 -0500] "GET /diatomic/cutleress1327149.html/ HTTP/1.1" 200 0 "-" "Mozilla/5.0 (compatible; SemrushBot/7~bl; +http://www.semrush.com/bot.html)"
185.191.171.12 - - [21/Dec/2024:18:44:36 -0500] "GET /extraplanetary/disjunctively504008.html HTTP/1.1" 301 0 "-" "Mozilla/5.0 (compatible; SemrushBot/7~bl; +http://www.semrush.com/bot.html)"
185.191.171.9 - - [21/Dec/2024:18:44:39 -0500] "GET /extraplanetary/disjunctively504008.html/ HTTP/1.1" 200 0 "-" "Mozilla/5.0 (compatible; SemrushBot/7~bl; +http://www.semrush.com/bot.html)"
185.191.171.10 - - [21/Dec/2024:18:44:51 -0500] "GET /knifeless/affreightment757198.html HTTP/1.1" 301 0 "-" "Mozilla/5.0 (compatible; SemrushBot/7~bl; +http://www.semrush.com/bot.html)"
185.191.171.16 - - [21/Dec/2024:18:44:55 -0500] "GET /knifeless/affreightment757198.html/ HTTP/1.1" 200 0 "-" "Mozilla/5.0 (compatible; SemrushBot/7~bl; +http://www.semrush.com/bot.html)"
185.191.171.11 - - [21/Dec/2024:18:44:58 -0500] "GET /equidurable/aeronautical129121.html HTTP/1.1" 301 0 "-" "Mozilla/5.0 (compatible; SemrushBot/7~bl; +http://www.semrush.com/bot.html)"
185.191.171.12 - - [21/Dec/2024:18:45:02 -0500] "GET /gibberish/homometrically1023717.html HTTP/1.1" 301 0 "-" "Mozilla/5.0 (compatible; SemrushBot/7~bl; +http://www.semrush.com/bot.html)"
185.191.171.13 - - [21/Dec/2024:18:45:05 -0500] "GET /dishonorary/microphotograph1249233.html HTTP/1.1" 301 0 "-" "Mozilla/5.0 (compatible; SemrushBot/7~bl; +http://www.semrush.com/bot.html)"
85.208.96.195 - - [21/Dec/2024:18:45:07 -0500] "GET /dishonorary/microphotograph1249233.html/ HTTP/1.1" 200 0 "-" "Mozilla/5.0 (compatible; SemrushBot/7~bl; +http://www.semrush.com/bot.html)"
185.191.171.1 - - [21/Dec/2024:18:45:12 -0500] "GET /gibberish/homometrically1023717.html/ HTTP/1.1" 200 0 "-" "Mozilla/5.0 (compatible; SemrushBot/7~bl; +http://www.semrush.com/bot.html)"
185.191.171.17 - - [21/Dec/2024:18:45:16 -0500] "GET /equidurable/aeronautical129121.html/ HTTP/1.1" 200 0 "-" "Mozilla/5.0 (compatible; SemrushBot/7~bl; +http://www.semrush.com/bot.html)"
85.208.96.211 - - [21/Dec/2024:18:45:24 -0500] "GET /gibberish/homometrically452542.html HTTP/1.1" 301 0 "-" "Mozilla/5.0 (compatible; SemrushBot/7~bl; +http://www.semrush.com/bot.html)"
85.208.96.195 - - [21/Dec/2024:18:45:27 -0500] "GET /gibberish/homometrically452542.html/ HTTP/1.1" 200 0 "-" "Mozilla/5.0 (compatible; SemrushBot/7~bl; +http://www.semrush.com/bot.html)"
216.244.66.247 - - [21/Dec/2024:18:45:39 -0500] "GET /wp-content/plugins/elementor/assets/css/modules/lazyload/?SA HTTP/1.1" 200 2081 "-" "Mozilla/5.0 (compatible; DotBot/1.2; +https://opensiteexplorer.org/dotbot; help@moz.com)"
85.208.96.204 - - [21/Dec/2024:18:46:00 -0500] "GET /allophylian/energetical1110942.html HTTP/1.1" 301 0 "-" "Mozilla/5.0 (compatible; SemrushBot/7~bl; +http://www.semrush.com/bot.html)"
185.191.171.12 - - [21/Dec/2024:18:46:04 -0500] "GET /allophylian/energetical1110942.html/ HTTP/1.1" 200 0 "-" "Mozilla/5.0 (compatible; SemrushBot/7~bl; +http://www.semrush.com/bot.html)"
185.191.171.13 - - [21/Dec/2024:18:46:10 -0500] "GET /affreightment/balaustre1248668.html HTTP/1.1" 301 0 "-" "Mozilla/5.0 (compatible; SemrushBot/7~bl; +http://www.semrush.com/bot.html)"
47.128.35.84 - - [21/Dec/2024:18:46:11 -0500] "GET /wp-content/plugins/elementor/core/kits/documents/tabs/theme-style-images.php HTTP/1.1" 403 1242 "-" "Mozilla/5.0 (Linux; Android 5.0) AppleWebKit/537.36 (KHTML, like Gecko) Mobile Safari/537.36 (compatible; Bytespider; spider-feedback@bytedance.com)"
85.208.96.197 - - [21/Dec/2024:18:46:12 -0500] "GET /gauzily/extraplanetary1112593.html HTTP/1.1" 301 0 "-" "Mozilla/5.0 (compatible; SemrushBot/7~bl; +http://www.semrush.com/bot.html)"
85.208.96.208 - - [21/Dec/2024:18:46:14 -0500] "GET /gauzily/extraplanetary1112593.html/ HTTP/1.1" 200 0 "-" "Mozilla/5.0 (compatible; SemrushBot/7~bl; +http://www.semrush.com/bot.html)"
185.191.171.14 - - [21/Dec/2024:18:46:18 -0500] "GET /affreightment/balaustre1248668.html/ HTTP/1.1" 200 0 "-" "Mozilla/5.0 (compatible; SemrushBot/7~bl; +http://www.semrush.com/bot.html)"
216.244.66.247 - - [21/Dec/2024:18:46:39 -0500] "GET /wp-content/plugins/elementor/app/modules/kit-library/data/kits/?MA HTTP/1.1" 200 2100 "-" "Mozilla/5.0 (compatible; DotBot/1.2; +https://opensiteexplorer.org/dotbot; help@moz.com)"
216.244.66.247 - - [21/Dec/2024:18:46:41 -0500] "GET /wp-content/plugins/elementor/core/base/background-process/?NA HTTP/1.1" 200 2130 "-" "Mozilla/5.0 (compatible; DotBot/1.2; +https://opensiteexplorer.org/dotbot; help@moz.com)"
216.244.66.247 - - [21/Dec/2024:18:46:42 -0500] "GET /wp-content/plugins/elementor/core/base/elements-iteration-actions/?NA HTTP/1.1" 200 2080 "-" "Mozilla/5.0 (compatible; DotBot/1.2; +https://opensiteexplorer.org/dotbot; help@moz.com)"
185.191.171.13 - - [21/Dec/2024:18:46:41 -0500] "GET /opportunist/Dryopes367596.html HTTP/1.1" 301 0 "-" "Mozilla/5.0 (compatible; SemrushBot/7~bl; +http://www.semrush.com/bot.html)"
216.244.66.247 - - [21/Dec/2024:18:46:44 -0500] "GET /wp-content/plugins/elementor/packages/elementor-ui/styles/_maps/font/?MA HTTP/1.1" 200 1829 "-" "Mozilla/5.0 (compatible; DotBot/1.2; +https://opensiteexplorer.org/dotbot; help@moz.com)"
85.208.96.207 - - [21/Dec/2024:18:46:44 -0500] "GET /opportunist/Dryopes367596.html/ HTTP/1.1" 200 0 "-" "Mozilla/5.0 (compatible; SemrushBot/7~bl; +http://www.semrush.com/bot.html)"
85.208.96.207 - - [21/Dec/2024:18:46:57 -0500] "GET /extraplanetary/disjunctively1195028.html HTTP/1.1" 301 0 "-" "Mozilla/5.0 (compatible; SemrushBot/7~bl; +http://www.semrush.com/bot.html)"
185.191.171.3 - - [21/Dec/2024:18:47:00 -0500] "GET /extraplanetary/disjunctively1195028.html/ HTTP/1.1" 200 0 "-" "Mozilla/5.0 (compatible; SemrushBot/7~bl; +http://www.semrush.com/bot.html)"
185.191.171.15 - - [21/Dec/2024:18:47:04 -0500] "GET /knifeless/affreightment841788.html HTTP/1.1" 301 0 "-" "Mozilla/5.0 (compatible; SemrushBot/7~bl; +http://www.semrush.com/bot.html)"
185.191.171.5 - - [21/Dec/2024:18:47:07 -0500] "GET /knifeless/affreightment841788.html/ HTTP/1.1" 200 0 "-" "Mozilla/5.0 (compatible; SemrushBot/7~bl; +http://www.semrush.com/bot.html)"
185.191.171.11 - - [21/Dec/2024:18:47:10 -0500] "GET /mechanalize/distrainable369858.html HTTP/1.1" 301 0 "-" "Mozilla/5.0 (compatible; SemrushBot/7~bl; +http://www.semrush.com/bot.html)"
85.208.96.195 - - [21/Dec/2024:18:47:13 -0500] "GET /mechanalize/distrainable369858.html/ HTTP/1.1" 200 0 "-" "Mozilla/5.0 (compatible; SemrushBot/7~bl; +http://www.semrush.com/bot.html)"
85.208.96.195 - - [21/Dec/2024:18:47:23 -0500] "GET /metallographical/isomagnetic1473595.html HTTP/1.1" 301 0 "-" "Mozilla/5.0 (compatible; SemrushBot/7~bl; +http://www.semrush.com/bot.html)"
85.208.96.201 - - [21/Dec/2024:18:47:25 -0500] "GET /metallographical/isomagnetic1473595.html/ HTTP/1.1" 200 0 "-" "Mozilla/5.0 (compatible; SemrushBot/7~bl; +http://www.semrush.com/bot.html)"
185.191.171.1 - - [21/Dec/2024:18:47:29 -0500] "GET /dishonorary/microphotograph1728448.html HTTP/1.1" 301 0 "-" "Mozilla/5.0 (compatible; SemrushBot/7~bl; +http://www.semrush.com/bot.html)"
185.191.171.12 - - [21/Dec/2024:18:47:34 -0500] "GET /dishonorary/microphotograph1728448.html/ HTTP/1.1" 200 0 "-" "Mozilla/5.0 (compatible; SemrushBot/7~bl; +http://www.semrush.com/bot.html)"
216.244.66.247 - - [21/Dec/2024:18:47:37 -0500] "GET /wp-content/plugins/elementor/app/assets/js/loader/commands/?NA HTTP/1.1" 200 2623 "-" "Mozilla/5.0 (compatible; DotBot/1.2; +https://opensiteexplorer.org/dotbot; help@moz.com)"
85.208.96.195 - - [21/Dec/2024:18:47:47 -0500] "GET /equidurable/aeronautical1174396.html HTTP/1.1" 301 0 "-" "Mozilla/5.0 (compatible; SemrushBot/7~bl; +http://www.semrush.com/bot.html)"
185.191.171.9 - - [21/Dec/2024:18:47:51 -0500] "GET /equidurable/aeronautical1174396.html/ HTTP/1.1" 200 0 "-" "Mozilla/5.0 (compatible; SemrushBot/7~bl; +http://www.semrush.com/bot.html)"
85.208.96.197 - - [21/Dec/2024:18:47:56 -0500] "GET /metallographical/isomagnetic1544215.html HTTP/1.1" 301 0 "-" "Mozilla/5.0 (compatible; SemrushBot/7~bl; +http://www.semrush.com/bot.html)"
85.208.96.207 - - [21/Dec/2024:18:47:59 -0500] "GET /metallographical/isomagnetic1544215.html/ HTTP/1.1" 200 0 "-" "Mozilla/5.0 (compatible; SemrushBot/7~bl; +http://www.semrush.com/bot.html)"
85.208.96.206 - - [21/Dec/2024:18:48:20 -0500] "GET /admitter/allophylian307567.html HTTP/1.1" 301 0 "-" "Mozilla/5.0 (compatible; SemrushBot/7~bl; +http://www.semrush.com/bot.html)"
85.208.96.193 - - [21/Dec/2024:18:48:22 -0500] "GET /admitter/allophylian307567.html/ HTTP/1.1" 200 0 "-" "Mozilla/5.0 (compatible; SemrushBot/7~bl; +http://www.semrush.com/bot.html)"
85.208.96.201 - - [21/Dec/2024:18:48:26 -0500] "GET /allophylian/energetical488507.html HTTP/1.1" 301 0 "-" "Mozilla/5.0 (compatible; SemrushBot/7~bl; +http://www.semrush.com/bot.html)"
85.208.96.202 - - [21/Dec/2024:18:48:29 -0500] "GET /allophylian/energetical488507.html/ HTTP/1.1" 200 0 "-" "Mozilla/5.0 (compatible; SemrushBot/7~bl; +http://www.semrush.com/bot.html)"
85.208.96.201 - - [21/Dec/2024:18:48:35 -0500] "GET /microphotograph/gauzily1470378.html HTTP/1.1" 301 0 "-" "Mozilla/5.0 (compatible; SemrushBot/7~bl; +http://www.semrush.com/bot.html)"
85.208.96.199 - - [21/Dec/2024:18:48:37 -0500] "GET /equidurable/aeronautical837301.html HTTP/1.1" 301 0 "-" "Mozilla/5.0 (compatible; SemrushBot/7~bl; +http://www.semrush.com/bot.html)"
85.208.96.203 - - [21/Dec/2024:18:48:40 -0500] "GET /equidurable/aeronautical837301.html/ HTTP/1.1" 200 0 "-" "Mozilla/5.0 (compatible; SemrushBot/7~bl; +http://www.semrush.com/bot.html)"
85.208.96.201 - - [21/Dec/2024:18:48:42 -0500] "GET /microphotograph/gauzily1470378.html/ HTTP/1.1" 200 0 "-" "Mozilla/5.0 (compatible; SemrushBot/7~bl; +http://www.semrush.com/bot.html)"
85.208.96.201 - - [21/Dec/2024:18:48:58 -0500] "GET /disjunctively/bitterness1504888.html HTTP/1.1" 301 0 "-" "Mozilla/5.0 (compatible; SemrushBot/7~bl; +http://www.semrush.com/bot.html)"
85.208.96.207 - - [21/Dec/2024:18:49:02 -0500] "GET /Anobiidae/Caryophyllaceae216329.html HTTP/1.1" 301 0 "-" "Mozilla/5.0 (compatible; SemrushBot/7~bl; +http://www.semrush.com/bot.html)"
185.191.171.8 - - [21/Dec/2024:18:49:05 -0500] "GET /extraplanetary/disjunctively1052303.html HTTP/1.1" 301 0 "-" "Mozilla/5.0 (compatible; SemrushBot/7~bl; +http://www.semrush.com/bot.html)"
85.208.96.201 - - [21/Dec/2024:18:49:08 -0500] "GET /extraplanetary/disjunctively1052303.html/ HTTP/1.1" 200 0 "-" "Mozilla/5.0 (compatible; SemrushBot/7~bl; +http://www.semrush.com/bot.html)"
185.191.171.15 - - [21/Dec/2024:18:49:13 -0500] "GET /Anobiidae/Caryophyllaceae216329.html/ HTTP/1.1" 200 0 "-" "Mozilla/5.0 (compatible; SemrushBot/7~bl; +http://www.semrush.com/bot.html)"
185.191.171.8 - - [21/Dec/2024:18:49:16 -0500] "GET /disjunctively/bitterness1504888.html/ HTTP/1.1" 200 0 "-" "Mozilla/5.0 (compatible; SemrushBot/7~bl; +http://www.semrush.com/bot.html)"
85.208.96.200 - - [21/Dec/2024:18:49:27 -0500] "GET /distrainable/dishonorary1136878.html HTTP/1.1" 301 0 "-" "Mozilla/5.0 (compatible; SemrushBot/7~bl; +http://www.semrush.com/bot.html)"
85.208.96.204 - - [21/Dec/2024:18:49:29 -0500] "GET /distrainable/dishonorary1136878.html/ HTTP/1.1" 200 0 "-" "Mozilla/5.0 (compatible; SemrushBot/7~bl; +http://www.semrush.com/bot.html)"
85.208.96.209 - - [21/Dec/2024:18:49:42 -0500] "GET /equidurable/aeronautical807161.html HTTP/1.1" 301 0 "-" "Mozilla/5.0 (compatible; SemrushBot/7~bl; +http://www.semrush.com/bot.html)"
85.208.96.199 - - [21/Dec/2024:18:49:45 -0500] "GET /equidurable/aeronautical807161.html/ HTTP/1.1" 200 0 "-" "Mozilla/5.0 (compatible; SemrushBot/7~bl; +http://www.semrush.com/bot.html)"
85.208.96.204 - - [21/Dec/2024:18:50:04 -0500] "GET /distrainable/dishonorary1226033.html HTTP/1.1" 301 0 "-" "Mozilla/5.0 (compatible; SemrushBot/7~bl; +http://www.semrush.com/bot.html)"
85.208.96.210 - - [21/Dec/2024:18:50:06 -0500] "GET /distrainable/dishonorary1226033.html/ HTTP/1.1" 200 0 "-" "Mozilla/5.0 (compatible; SemrushBot/7~bl; +http://www.semrush.com/bot.html)"
47.128.22.227 - - [21/Dec/2024:18:50:11 -0500] "GET /wp-content/plugins/elementor/modules/history/module.php HTTP/1.1" 403 1242 "-" "Mozilla/5.0 (Linux; Android 5.0) AppleWebKit/537.36 (KHTML, like Gecko) Mobile Safari/537.36 (compatible; Bytespider; spider-feedback@bytedance.com)"
185.191.171.16 - - [21/Dec/2024:18:50:14 -0500] "GET /mechanalize/distrainable327233.html HTTP/1.1" 301 0 "-" "Mozilla/5.0 (compatible; SemrushBot/7~bl; +http://www.semrush.com/bot.html)"
185.191.171.4 - - [21/Dec/2024:18:50:17 -0500] "GET /coynye/chaplaincy589050.html HTTP/1.1" 301 0 "-" "Mozilla/5.0 (compatible; SemrushBot/7~bl; +http://www.semrush.com/bot.html)"
185.191.171.11 - - [21/Dec/2024:18:50:23 -0500] "GET /coynye/chaplaincy589050.html/ HTTP/1.1" 200 0 "-" "Mozilla/5.0 (compatible; SemrushBot/7~bl; +http://www.semrush.com/bot.html)"
185.191.171.9 - - [21/Dec/2024:18:50:26 -0500] "GET /mechanalize/distrainable327233.html/ HTTP/1.1" 200 0 "-" "Mozilla/5.0 (compatible; SemrushBot/7~bl; +http://www.semrush.com/bot.html)"
85.208.96.197 - - [21/Dec/2024:18:50:42 -0500] "GET /robots.txt HTTP/1.1" 301 0 "-" "Mozilla/5.0 (compatible; SemrushBot/7~bl; +http://www.semrush.com/bot.html)"
185.191.171.6 - - [21/Dec/2024:18:50:43 -0500] "GET /robots.txt/ HTTP/1.1" 200 0 "-" "Mozilla/5.0 (compatible; SemrushBot/7~bl; +http://www.semrush.com/bot.html)"
85.208.96.210 - - [21/Dec/2024:18:50:45 -0500] "GET /extraplanetary/disjunctively461493.html HTTP/1.1" 301 0 "-" "Mozilla/5.0 (compatible; SemrushBot/7~bl; +http://www.semrush.com/bot.html)"
85.208.96.202 - - [21/Dec/2024:18:50:47 -0500] "GET /extraplanetary/disjunctively461493.html/ HTTP/1.1" 200 0 "-" "Mozilla/5.0 (compatible; SemrushBot/7~bl; +http://www.semrush.com/bot.html)"
85.208.96.211 - - [21/Dec/2024:18:50:57 -0500] "GET /equidurable/aeronautical315846.html HTTP/1.1" 301 0 "-" "Mozilla/5.0 (compatible; SemrushBot/7~bl; +http://www.semrush.com/bot.html)"
185.191.171.15 - - [21/Dec/2024:18:51:00 -0500] "GET /equidurable/aeronautical315846.html/ HTTP/1.1" 200 0 "-" "Mozilla/5.0 (compatible; SemrushBot/7~bl; +http://www.semrush.com/bot.html)"
185.191.171.12 - - [21/Dec/2024:18:51:10 -0500] "GET /equidurable/aeronautical133631.html HTTP/1.1" 301 0 "-" "Mozilla/5.0 (compatible; SemrushBot/7~bl; +http://www.semrush.com/bot.html)"
85.208.96.207 - - [21/Dec/2024:18:51:12 -0500] "GET /equidurable/aeronautical133631.html/ HTTP/1.1" 200 0 "-" "Mozilla/5.0 (compatible; SemrushBot/7~bl; +http://www.semrush.com/bot.html)"
185.191.171.16 - - [21/Dec/2024:18:51:19 -0500] "GET /allophylian/energetical338467.html HTTP/1.1" 301 0 "-" "Mozilla/5.0 (compatible; SemrushBot/7~bl; +http://www.semrush.com/bot.html)"
185.191.171.15 - - [21/Dec/2024:18:51:22 -0500] "GET /allophylian/energetical338467.html/ HTTP/1.1" 200 0 "-" "Mozilla/5.0 (compatible; SemrushBot/7~bl; +http://www.semrush.com/bot.html)"
85.208.96.202 - - [21/Dec/2024:18:51:29 -0500] "GET /dishonorary/microphotograph1415553.html HTTP/1.1" 301 0 "-" "Mozilla/5.0 (compatible; SemrushBot/7~bl; +http://www.semrush.com/bot.html)"
85.208.96.207 - - [21/Dec/2024:18:51:32 -0500] "GET /dishonorary/microphotograph1415553.html/ HTTP/1.1" 200 0 "-" "Mozilla/5.0 (compatible; SemrushBot/7~bl; +http://www.semrush.com/bot.html)"
85.208.96.199 - - [21/Dec/2024:18:51:34 -0500] "GET /haberdash/Majagga803195.html HTTP/1.1" 301 0 "-" "Mozilla/5.0 (compatible; SemrushBot/7~bl; +http://www.semrush.com/bot.html)"
185.191.171.18 - - [21/Dec/2024:18:51:37 -0500] "GET /haberdash/Majagga803195.html/ HTTP/1.1" 200 0 "-" "Mozilla/5.0 (compatible; SemrushBot/7~bl; +http://www.semrush.com/bot.html)"
85.208.96.195 - - [21/Dec/2024:18:51:59 -0500] "GET /bitterness/knifeless588193.html HTTP/1.1" 301 0 "-" "Mozilla/5.0 (compatible; SemrushBot/7~bl; +http://www.semrush.com/bot.html)"
85.208.96.201 - - [21/Dec/2024:18:52:01 -0500] "GET /bitterness/knifeless588193.html/ HTTP/1.1" 200 0 "-" "Mozilla/5.0 (compatible; SemrushBot/7~bl; +http://www.semrush.com/bot.html)"
85.208.96.197 - - [21/Dec/2024:18:52:05 -0500] "GET /knifeless/affreightment1154518.html HTTP/1.1" 301 0 "-" "Mozilla/5.0 (compatible; SemrushBot/7~bl; +http://www.semrush.com/bot.html)"
185.191.171.8 - - [21/Dec/2024:18:52:08 -0500] "GET /knifeless/affreightment1154518.html/ HTTP/1.1" 200 0 "-" "Mozilla/5.0 (compatible; SemrushBot/7~bl; +http://www.semrush.com/bot.html)"
85.208.96.205 - - [21/Dec/2024:18:52:24 -0500] "GET /crea/admitter1354722.html HTTP/1.1" 301 0 "-" "Mozilla/5.0 (compatible; SemrushBot/7~bl; +http://www.semrush.com/bot.html)"
185.191.171.10 - - [21/Dec/2024:18:52:27 -0500] "GET /crea/admitter1354722.html/ HTTP/1.1" 200 0 "-" "Mozilla/5.0 (compatible; SemrushBot/7~bl; +http://www.semrush.com/bot.html)"
185.191.171.16 - - [21/Dec/2024:18:52:30 -0500] "GET /gibberish/homometrically635252.html HTTP/1.1" 301 0 "-" "Mozilla/5.0 (compatible; SemrushBot/7~bl; +http://www.semrush.com/bot.html)"
185.191.171.11 - - [21/Dec/2024:18:52:34 -0500] "GET /gibberish/homometrically635252.html/ HTTP/1.1" 200 0 "-" "Mozilla/5.0 (compatible; SemrushBot/7~bl; +http://www.semrush.com/bot.html)"
85.208.96.201 - - [21/Dec/2024:18:52:39 -0500] "GET /gibberish/homometrically464642.html HTTP/1.1" 301 0 "-" "Mozilla/5.0 (compatible; SemrushBot/7~bl; +http://www.semrush.com/bot.html)"
185.191.171.14 - - [21/Dec/2024:18:52:42 -0500] "GET /gibberish/homometrically464642.html/ HTTP/1.1" 200 0 "-" "Mozilla/5.0 (compatible; SemrushBot/7~bl; +http://www.semrush.com/bot.html)"
85.208.96.207 - - [21/Dec/2024:18:52:55 -0500] "GET /extraplanetary/disjunctively557303.html HTTP/1.1" 301 0 "-" "Mozilla/5.0 (compatible; SemrushBot/7~bl; +http://www.semrush.com/bot.html)"
85.208.96.211 - - [21/Dec/2024:18:52:57 -0500] "GET /caroline/claquer1179215.html HTTP/1.1" 301 0 "-" "Mozilla/5.0 (compatible; SemrushBot/7~bl; +http://www.semrush.com/bot.html)"
185.191.171.18 - - [21/Dec/2024:18:53:00 -0500] "GET /caroline/claquer1179215.html/ HTTP/1.1" 200 0 "-" "Mozilla/5.0 (compatible; SemrushBot/7~bl; +http://www.semrush.com/bot.html)"
85.208.96.195 - - [21/Dec/2024:18:53:02 -0500] "GET /dishonorary/microphotograph1421823.html HTTP/1.1" 301 0 "-" "Mozilla/5.0 (compatible; SemrushBot/7~bl; +http://www.semrush.com/bot.html)"
85.208.96.210 - - [21/Dec/2024:18:53:05 -0500] "GET /dishonorary/microphotograph1421823.html/ HTTP/1.1" 200 0 "-" "Mozilla/5.0 (compatible; SemrushBot/7~bl; +http://www.semrush.com/bot.html)"
85.208.96.195 - - [21/Dec/2024:18:53:08 -0500] "GET /extraplanetary/disjunctively557303.html/ HTTP/1.1" 200 0 "-" "Mozilla/5.0 (compatible; SemrushBot/7~bl; +http://www.semrush.com/bot.html)"
185.191.171.12 - - [21/Dec/2024:18:53:12 -0500] "GET /equidurable/aeronautical1554556.html HTTP/1.1" 301 0 "-" "Mozilla/5.0 (compatible; SemrushBot/7~bl; +http://www.semrush.com/bot.html)"
85.208.96.196 - - [21/Dec/2024:18:53:15 -0500] "GET /equidurable/aeronautical1554556.html/ HTTP/1.1" 200 0 "-" "Mozilla/5.0 (compatible; SemrushBot/7~bl; +http://www.semrush.com/bot.html)"
85.208.96.195 - - [21/Dec/2024:18:53:26 -0500] "GET /dishonorary/microphotograph153083.html HTTP/1.1" 301 0 "-" "Mozilla/5.0 (compatible; SemrushBot/7~bl; +http://www.semrush.com/bot.html)"
85.208.96.210 - - [21/Dec/2024:18:53:29 -0500] "GET /dishonorary/microphotograph153083.html/ HTTP/1.1" 200 0 "-" "Mozilla/5.0 (compatible; SemrushBot/7~bl; +http://www.semrush.com/bot.html)"
85.208.96.193 - - [21/Dec/2024:18:53:32 -0500] "GET /mechanalize/distrainable1127428.html HTTP/1.1" 301 0 "-" "Mozilla/5.0 (compatible; SemrushBot/7~bl; +http://www.semrush.com/bot.html)"
185.191.171.17 - - [21/Dec/2024:18:53:35 -0500] "GET /mechanalize/distrainable1127428.html/ HTTP/1.1" 200 0 "-" "Mozilla/5.0 (compatible; SemrushBot/7~bl; +http://www.semrush.com/bot.html)"
185.191.171.4 - - [21/Dec/2024:18:53:57 -0500] "GET /extraplanetary/disjunctively1357608.html HTTP/1.1" 301 0 "-" "Mozilla/5.0 (compatible; SemrushBot/7~bl; +http://www.semrush.com/bot.html)"
185.191.171.12 - - [21/Dec/2024:18:54:01 -0500] "GET /extraplanetary/disjunctively1357608.html/ HTTP/1.1" 200 0 "-" "Mozilla/5.0 (compatible; SemrushBot/7~bl; +http://www.semrush.com/bot.html)"
47.128.63.217 - - [21/Dec/2024:18:54:12 -0500] "GET / HTTP/1.1" 200 0 "-" "Mozilla/5.0 (Linux; Android 5.0) AppleWebKit/537.36 (KHTML, like Gecko) Mobile Safari/537.36 (compatible; Bytespider; spider-feedback@bytedance.com)"
185.191.171.18 - - [21/Dec/2024:18:54:13 -0500] "GET /chaplaincy/metallographical1071115.html HTTP/1.1" 301 0 "-" "Mozilla/5.0 (compatible; SemrushBot/7~bl; +http://www.semrush.com/bot.html)"
185.191.171.11 - - [21/Dec/2024:18:54:16 -0500] "GET /chaplaincy/metallographical1071115.html/ HTTP/1.1" 200 0 "-" "Mozilla/5.0 (compatible; SemrushBot/7~bl; +http://www.semrush.com/bot.html)"
216.244.66.247 - - [21/Dec/2024:18:54:22 -0500] "GET /wp-content/plugins/elementor/app/assets/styles/?MD HTTP/1.1" 200 5696 "-" "Mozilla/5.0 (compatible; DotBot/1.2; +https://opensiteexplorer.org/dotbot; help@moz.com)"
185.191.171.9 - - [21/Dec/2024:18:54:21 -0500] "GET /extraplanetary/disjunctively1436753.html HTTP/1.1" 301 0 "-" "Mozilla/5.0 (compatible; SemrushBot/7~bl; +http://www.semrush.com/bot.html)"
216.244.66.247 - - [21/Dec/2024:18:54:24 -0500] "GET /wp-content/plugins/elementor/assets/lib/nprogress/?MD HTTP/1.1" 200 2049 "-" "Mozilla/5.0 (compatible; DotBot/1.2; +https://opensiteexplorer.org/dotbot; help@moz.com)"
85.208.96.206 - - [21/Dec/2024:18:54:24 -0500] "GET /extraplanetary/disjunctively1436753.html/ HTTP/1.1" 200 0 "-" "Mozilla/5.0 (compatible; SemrushBot/7~bl; +http://www.semrush.com/bot.html)"
185.191.171.14 - - [21/Dec/2024:18:54:43 -0500] "GET /dishonorary/microphotograph1360333.html HTTP/1.1" 301 0 "-" "Mozilla/5.0 (compatible; SemrushBot/7~bl; +http://www.semrush.com/bot.html)"
85.208.96.209 - - [21/Dec/2024:18:54:46 -0500] "GET /dishonorary/microphotograph1360333.html/ HTTP/1.1" 200 0 "-" "Mozilla/5.0 (compatible; SemrushBot/7~bl; +http://www.semrush.com/bot.html)"
85.208.96.207 - - [21/Dec/2024:18:55:10 -0500] "GET /gibberish/homometrically588612.html HTTP/1.1" 301 0 "-" "Mozilla/5.0 (compatible; SemrushBot/7~bl; +http://www.semrush.com/bot.html)"
85.208.96.210 - - [21/Dec/2024:18:55:12 -0500] "GET /extraplanetary/disjunctively907928.html HTTP/1.1" 301 0 "-" "Mozilla/5.0 (compatible; SemrushBot/7~bl; +http://www.semrush.com/bot.html)"
185.191.171.13 - - [21/Dec/2024:18:55:16 -0500] "GET /extraplanetary/disjunctively907928.html/ HTTP/1.1" 200 0 "-" "Mozilla/5.0 (compatible; SemrushBot/7~bl; +http://www.semrush.com/bot.html)"
216.244.66.247 - - [21/Dec/2024:18:55:20 -0500] "GET /wp-content/plugins/elementor/assets/lib/font-awesome/fonts/?SD HTTP/1.1" 200 4088 "-" "Mozilla/5.0 (compatible; DotBot/1.2; +https://opensiteexplorer.org/dotbot; help@moz.com)"
85.208.96.206 - - [21/Dec/2024:18:55:20 -0500] "GET /gibberish/homometrically588612.html/ HTTP/1.1" 200 0 "-" "Mozilla/5.0 (compatible; SemrushBot/7~bl; +http://www.semrush.com/bot.html)"
185.191.171.18 - - [21/Dec/2024:18:55:37 -0500] "GET /dishonorary/microphotograph1579728.html HTTP/1.1" 301 0 "-" "Mozilla/5.0 (compatible; SemrushBot/7~bl; +http://www.semrush.com/bot.html)"
185.191.171.12 - - [21/Dec/2024:18:55:40 -0500] "GET /dishonorary/microphotograph1579728.html/ HTTP/1.1" 200 0 "-" "Mozilla/5.0 (compatible; SemrushBot/7~bl; +http://www.semrush.com/bot.html)"
185.191.171.12 - - [21/Dec/2024:18:55:43 -0500] "GET /gibberish/homometrically655382.html HTTP/1.1" 301 0 "-" "Mozilla/5.0 (compatible; SemrushBot/7~bl; +http://www.semrush.com/bot.html)"
85.208.96.206 - - [21/Dec/2024:18:55:47 -0500] "GET /pudu/fang1277194.html HTTP/1.1" 301 0 "-" "Mozilla/5.0 (compatible; SemrushBot/7~bl; +http://www.semrush.com/bot.html)"
185.191.171.5 - - [21/Dec/2024:18:55:51 -0500] "GET /pudu/fang1277194.html/ HTTP/1.1" 200 0 "-" "Mozilla/5.0 (compatible; SemrushBot/7~bl; +http://www.semrush.com/bot.html)"
85.208.96.195 - - [21/Dec/2024:18:55:53 -0500] "GET /gibberish/homometrically655382.html/ HTTP/1.1" 200 0 "-" "Mozilla/5.0 (compatible; SemrushBot/7~bl; +http://www.semrush.com/bot.html)"
85.208.96.201 - - [21/Dec/2024:18:56:04 -0500] "GET /furyl/pudu1706039.html HTTP/1.1" 301 0 "-" "Mozilla/5.0 (compatible; SemrushBot/7~bl; +http://www.semrush.com/bot.html)"
185.191.171.8 - - [21/Dec/2024:18:56:07 -0500] "GET /chaplaincy/metallographical562200.html HTTP/1.1" 301 0 "-" "Mozilla/5.0 (compatible; SemrushBot/7~bl; +http://www.semrush.com/bot.html)"
185.191.171.5 - - [21/Dec/2024:18:56:10 -0500] "GET /chaplaincy/metallographical562200.html/ HTTP/1.1" 200 0 "-" "Mozilla/5.0 (compatible; SemrushBot/7~bl; +http://www.semrush.com/bot.html)"
185.191.171.8 - - [21/Dec/2024:18:56:13 -0500] "GET /furyl/pudu1706039.html/ HTTP/1.1" 200 0 "-" "Mozilla/5.0 (compatible; SemrushBot/7~bl; +http://www.semrush.com/bot.html)"
185.191.171.18 - - [21/Dec/2024:18:56:20 -0500] "GET /extraplanetary/disjunctively1642618.html HTTP/1.1" 301 0 "-" "Mozilla/5.0 (compatible; SemrushBot/7~bl; +http://www.semrush.com/bot.html)"
85.208.96.199 - - [21/Dec/2024:18:56:22 -0500] "GET /extraplanetary/disjunctively1642618.html/ HTTP/1.1" 200 0 "-" "Mozilla/5.0 (compatible; SemrushBot/7~bl; +http://www.semrush.com/bot.html)"
85.208.96.199 - - [21/Dec/2024:18:56:28 -0500] "GET /dishonorary/microphotograph251588.html HTTP/1.1" 301 0 "-" "Mozilla/5.0 (compatible; SemrushBot/7~bl; +http://www.semrush.com/bot.html)"
85.208.96.206 - - [21/Dec/2024:18:56:31 -0500] "GET /dishonorary/microphotograph251588.html/ HTTP/1.1" 200 0 "-" "Mozilla/5.0 (compatible; SemrushBot/7~bl; +http://www.semrush.com/bot.html)"
85.208.96.200 - - [21/Dec/2024:18:56:54 -0500] "GET /dishonorary/microphotograph1325738.html HTTP/1.1" 301 0 "-" "Mozilla/5.0 (compatible; SemrushBot/7~bl; +http://www.semrush.com/bot.html)"
85.208.96.209 - - [21/Dec/2024:18:56:58 -0500] "GET /extraplanetary/disjunctively815803.html HTTP/1.1" 301 0 "-" "Mozilla/5.0 (compatible; SemrushBot/7~bl; +http://www.semrush.com/bot.html)"
185.191.171.8 - - [21/Dec/2024:18:57:00 -0500] "GET /extraplanetary/disjunctively815803.html/ HTTP/1.1" 200 0 "-" "Mozilla/5.0 (compatible; SemrushBot/7~bl; +http://www.semrush.com/bot.html)"
85.208.96.206 - - [21/Dec/2024:18:57:03 -0500] "GET /dishonorary/microphotograph1325738.html/ HTTP/1.1" 200 0 "-" "Mozilla/5.0 (compatible; SemrushBot/7~bl; +http://www.semrush.com/bot.html)"
185.191.171.8 - - [21/Dec/2024:18:57:06 -0500] "GET /extraplanetary/disjunctively109108.html HTTP/1.1" 301 0 "-" "Mozilla/5.0 (compatible; SemrushBot/7~bl; +http://www.semrush.com/bot.html)"
185.191.171.4 - - [21/Dec/2024:18:57:09 -0500] "GET /extraplanetary/disjunctively109108.html/ HTTP/1.1" 200 0 "-" "Mozilla/5.0 (compatible; SemrushBot/7~bl; +http://www.semrush.com/bot.html)"
85.208.96.197 - - [21/Dec/2024:18:57:12 -0500] "GET /homometrically/jupon1175287.html HTTP/1.1" 301 0 "-" "Mozilla/5.0 (compatible; SemrushBot/7~bl; +http://www.semrush.com/bot.html)"
85.208.96.211 - - [21/Dec/2024:18:57:14 -0500] "GET /homometrically/jupon1175287.html/ HTTP/1.1" 200 0 "-" "Mozilla/5.0 (compatible; SemrushBot/7~bl; +http://www.semrush.com/bot.html)"
185.191.171.8 - - [21/Dec/2024:18:57:18 -0500] "GET /affreightment/balaustre590538.html HTTP/1.1" 301 0 "-" "Mozilla/5.0 (compatible; SemrushBot/7~bl; +http://www.semrush.com/bot.html)"
85.208.96.204 - - [21/Dec/2024:18:57:20 -0500] "GET /affreightment/balaustre590538.html/ HTTP/1.1" 200 0 "-" "Mozilla/5.0 (compatible; SemrushBot/7~bl; +http://www.semrush.com/bot.html)"
85.208.96.196 - - [21/Dec/2024:18:57:27 -0500] "GET /affreightment/balaustre1072228.html HTTP/1.1" 301 0 "-" "Mozilla/5.0 (compatible; SemrushBot/7~bl; +http://www.semrush.com/bot.html)"
185.191.171.4 - - [21/Dec/2024:18:57:30 -0500] "GET /affreightment/balaustre1072228.html/ HTTP/1.1" 200 0 "-" "Mozilla/5.0 (compatible; SemrushBot/7~bl; +http://www.semrush.com/bot.html)"
185.191.171.16 - - [21/Dec/2024:18:57:34 -0500] "GET /disjunctively/bitterness1669558.html HTTP/1.1" 301 0 "-" "Mozilla/5.0 (compatible; SemrushBot/7~bl; +http://www.semrush.com/bot.html)"
185.191.171.14 - - [21/Dec/2024:18:57:38 -0500] "GET /disjunctively/bitterness1669558.html/ HTTP/1.1" 200 0 "-" "Mozilla/5.0 (compatible; SemrushBot/7~bl; +http://www.semrush.com/bot.html)"
85.208.96.202 - - [21/Dec/2024:18:57:58 -0500] "GET /metallographical/isomagnetic1709325.html HTTP/1.1" 301 0 "-" "Mozilla/5.0 (compatible; SemrushBot/7~bl; +http://www.semrush.com/bot.html)"
85.208.96.202 - - [21/Dec/2024:18:58:01 -0500] "GET /metallographical/isomagnetic1709325.html/ HTTP/1.1" 200 0 "-" "Mozilla/5.0 (compatible; SemrushBot/7~bl; +http://www.semrush.com/bot.html)"
47.128.119.70 - - [21/Dec/2024:18:58:12 -0500] "GET /wp-content/plugins/elementor/core/debug/classes/theme-missing.php HTTP/1.1" 403 1242 "-" "Mozilla/5.0 (Linux; Android 5.0) AppleWebKit/537.36 (KHTML, like Gecko) Mobile Safari/537.36 (compatible; Bytespider; spider-feedback@bytedance.com)"
85.208.96.211 - - [21/Dec/2024:18:58:14 -0500] "GET /distrainable/dishonorary716843.html HTTP/1.1" 301 0 "-" "Mozilla/5.0 (compatible; SemrushBot/7~bl; +http://www.semrush.com/bot.html)"
185.191.171.2 - - [21/Dec/2024:18:58:17 -0500] "GET /distrainable/dishonorary716843.html/ HTTP/1.1" 200 0 "-" "Mozilla/5.0 (compatible; SemrushBot/7~bl; +http://www.semrush.com/bot.html)"
185.191.171.12 - - [21/Dec/2024:18:58:23 -0500] "GET /gibberish/homometrically790627.html HTTP/1.1" 301 0 "-" "Mozilla/5.0 (compatible; SemrushBot/7~bl; +http://www.semrush.com/bot.html)"
185.191.171.11 - - [21/Dec/2024:18:58:28 -0500] "GET /gibberish/homometrically790627.html/ HTTP/1.1" 200 0 "-" "Mozilla/5.0 (compatible; SemrushBot/7~bl; +http://www.semrush.com/bot.html)"
85.208.96.197 - - [21/Dec/2024:18:58:43 -0500] "GET /distrainable/dishonorary218103.html HTTP/1.1" 301 0 "-" "Mozilla/5.0 (compatible; SemrushBot/7~bl; +http://www.semrush.com/bot.html)"
185.191.171.10 - - [21/Dec/2024:18:58:46 -0500] "GET /distrainable/dishonorary218103.html/ HTTP/1.1" 200 0 "-" "Mozilla/5.0 (compatible; SemrushBot/7~bl; +http://www.semrush.com/bot.html)"
185.191.171.13 - - [21/Dec/2024:18:59:16 -0500] "GET /knifeless/affreightment838873.html HTTP/1.1" 301 0 "-" "Mozilla/5.0 (compatible; SemrushBot/7~bl; +http://www.semrush.com/bot.html)"
185.191.171.11 - - [21/Dec/2024:18:59:19 -0500] "GET /knifeless/affreightment838873.html/ HTTP/1.1" 200 0 "-" "Mozilla/5.0 (compatible; SemrushBot/7~bl; +http://www.semrush.com/bot.html)"
85.208.96.195 - - [21/Dec/2024:18:59:21 -0500] "GET /jupon/Caprimulgi800562.html HTTP/1.1" 301 0 "-" "Mozilla/5.0 (compatible; SemrushBot/7~bl; +http://www.semrush.com/bot.html)"
185.191.171.12 - - [21/Dec/2024:18:59:25 -0500] "GET /jupon/Caprimulgi800562.html/ HTTP/1.1" 200 0 "-" "Mozilla/5.0 (compatible; SemrushBot/7~bl; +http://www.semrush.com/bot.html)"
185.191.171.12 - - [21/Dec/2024:18:59:48 -0500] "GET /mechanalize/distrainable1098553.html HTTP/1.1" 301 0 "-" "Mozilla/5.0 (compatible; SemrushBot/7~bl; +http://www.semrush.com/bot.html)"
85.208.96.205 - - [21/Dec/2024:18:59:50 -0500] "GET /mechanalize/distrainable577043.html HTTP/1.1" 301 0 "-" "Mozilla/5.0 (compatible; SemrushBot/7~bl; +http://www.semrush.com/bot.html)"
85.208.96.209 - - [21/Dec/2024:18:59:53 -0500] "GET /mechanalize/distrainable577043.html/ HTTP/1.1" 200 0 "-" "Mozilla/5.0 (compatible; SemrushBot/7~bl; +http://www.semrush.com/bot.html)"
185.191.171.10 - - [21/Dec/2024:18:59:55 -0500] "GET /mechanalize/distrainable1098553.html/ HTTP/1.1" 200 0 "-" "Mozilla/5.0 (compatible; SemrushBot/7~bl; +http://www.semrush.com/bot.html)"
185.191.171.3 - - [21/Dec/2024:18:59:58 -0500] "GET /homometrically/jupon1246072.html HTTP/1.1" 301 0 "-" "Mozilla/5.0 (compatible; SemrushBot/7~bl; +http://www.semrush.com/bot.html)"
85.208.96.195 - - [21/Dec/2024:19:00:01 -0500] "GET /homometrically/jupon1246072.html/ HTTP/1.1" 200 0 "-" "Mozilla/5.0 (compatible; SemrushBot/7~bl; +http://www.semrush.com/bot.html)"
185.191.171.19 - - [21/Dec/2024:19:00:07 -0500] "GET /chaplaincy/metallographical459020.html HTTP/1.1" 301 0 "-" "Mozilla/5.0 (compatible; SemrushBot/7~bl; +http://www.semrush.com/bot.html)"
185.191.171.3 - - [21/Dec/2024:19:00:10 -0500] "GET /chaplaincy/metallographical459020.html/ HTTP/1.1" 200 0 "-" "Mozilla/5.0 (compatible; SemrushBot/7~bl; +http://www.semrush.com/bot.html)"
185.191.171.17 - - [21/Dec/2024:19:00:17 -0500] "GET /arisard/cavesson156549.html HTTP/1.1" 301 0 "-" "Mozilla/5.0 (compatible; SemrushBot/7~bl; +http://www.semrush.com/bot.html)"
85.208.96.206 - - [21/Dec/2024:19:00:20 -0500] "GET /arisard/cavesson156549.html/ HTTP/1.1" 200 0 "-" "Mozilla/5.0 (compatible; SemrushBot/7~bl; +http://www.semrush.com/bot.html)"
185.191.171.1 - - [21/Dec/2024:19:00:25 -0500] "GET /Meletian/Algaroth1422691.html HTTP/1.1" 301 0 "-" "Mozilla/5.0 (compatible; SemrushBot/7~bl; +http://www.semrush.com/bot.html)"
85.208.96.210 - - [21/Dec/2024:19:00:30 -0500] "GET /Meletian/Algaroth1422691.html/ HTTP/1.1" 200 0 "-" "Mozilla/5.0 (compatible; SemrushBot/7~bl; +http://www.semrush.com/bot.html)"
85.208.96.205 - - [21/Dec/2024:19:00:32 -0500] "GET /microphotograph/gauzily419383.html HTTP/1.1" 301 0 "-" "Mozilla/5.0 (compatible; SemrushBot/7~bl; +http://www.semrush.com/bot.html)"
85.208.96.202 - - [21/Dec/2024:19:00:35 -0500] "GET /microphotograph/gauzily419383.html/ HTTP/1.1" 200 0 "-" "Mozilla/5.0 (compatible; SemrushBot/7~bl; +http://www.semrush.com/bot.html)"
85.208.96.206 - - [21/Dec/2024:19:00:45 -0500] "GET /gibberish/homometrically1520862.html HTTP/1.1" 301 0 "-" "Mozilla/5.0 (compatible; SemrushBot/7~bl; +http://www.semrush.com/bot.html)"
85.208.96.207 - - [21/Dec/2024:19:00:47 -0500] "GET /gibberish/homometrically1520862.html/ HTTP/1.1" 200 0 "-" "Mozilla/5.0 (compatible; SemrushBot/7~bl; +http://www.semrush.com/bot.html)"
85.208.96.206 - - [21/Dec/2024:19:00:54 -0500] "GET /robots.txt HTTP/1.1" 301 0 "-" "Mozilla/5.0 (compatible; SemrushBot/7~bl; +http://www.semrush.com/bot.html)"
185.191.171.12 - - [21/Dec/2024:19:00:56 -0500] "GET /robots.txt/ HTTP/1.1" 200 0 "-" "Mozilla/5.0 (compatible; SemrushBot/7~bl; +http://www.semrush.com/bot.html)"
85.208.96.209 - - [21/Dec/2024:19:00:57 -0500] "GET /extraplanetary/disjunctively993838.html HTTP/1.1" 301 0 "-" "Mozilla/5.0 (compatible; SemrushBot/7~bl; +http://www.semrush.com/bot.html)"
185.191.171.2 - - [21/Dec/2024:19:01:00 -0500] "GET /extraplanetary/disjunctively993838.html/ HTTP/1.1" 200 0 "-" "Mozilla/5.0 (compatible; SemrushBot/7~bl; +http://www.semrush.com/bot.html)"
85.208.96.194 - - [21/Dec/2024:19:01:09 -0500] "GET /homometrically/jupon1339132.html HTTP/1.1" 301 0 "-" "Mozilla/5.0 (compatible; SemrushBot/7~bl; +http://www.semrush.com/bot.html)"
85.208.96.197 - - [21/Dec/2024:19:01:11 -0500] "GET /homometrically/jupon1339132.html/ HTTP/1.1" 200 0 "-" "Mozilla/5.0 (compatible; SemrushBot/7~bl; +http://www.semrush.com/bot.html)"
85.208.96.198 - - [21/Dec/2024:19:01:26 -0500] "GET /disjunctively/bitterness77583.html HTTP/1.1" 301 0 "-" "Mozilla/5.0 (compatible; SemrushBot/7~bl; +http://www.semrush.com/bot.html)"
185.191.171.8 - - [21/Dec/2024:19:01:29 -0500] "GET /disjunctively/bitterness77583.html/ HTTP/1.1" 200 0 "-" "Mozilla/5.0 (compatible; SemrushBot/7~bl; +http://www.semrush.com/bot.html)"
85.208.96.210 - - [21/Dec/2024:19:01:33 -0500] "GET /mechanalize/distrainable391803.html HTTP/1.1" 301 0 "-" "Mozilla/5.0 (compatible; SemrushBot/7~bl; +http://www.semrush.com/bot.html)"
185.191.171.12 - - [21/Dec/2024:19:01:36 -0500] "GET /Anobiidae/Caryophyllaceae729039.html HTTP/1.1" 301 0 "-" "Mozilla/5.0 (compatible; SemrushBot/7~bl; +http://www.semrush.com/bot.html)"
85.208.96.198 - - [21/Dec/2024:19:01:39 -0500] "GET /extraplanetary/disjunctively241548.html HTTP/1.1" 301 0 "-" "Mozilla/5.0 (compatible; SemrushBot/7~bl; +http://www.semrush.com/bot.html)"
185.191.171.14 - - [21/Dec/2024:19:01:43 -0500] "GET /extraplanetary/disjunctively241548.html/ HTTP/1.1" 200 0 "-" "Mozilla/5.0 (compatible; SemrushBot/7~bl; +http://www.semrush.com/bot.html)"
185.191.171.14 - - [21/Dec/2024:19:01:46 -0500] "GET /Anobiidae/Caryophyllaceae729039.html/ HTTP/1.1" 200 0 "-" "Mozilla/5.0 (compatible; SemrushBot/7~bl; +http://www.semrush.com/bot.html)"
85.208.96.198 - - [21/Dec/2024:19:01:48 -0500] "GET /mechanalize/distrainable391803.html/ HTTP/1.1" 200 0 "-" "Mozilla/5.0 (compatible; SemrushBot/7~bl; +http://www.semrush.com/bot.html)"
47.128.58.182 - - [21/Dec/2024:19:02:12 -0500] "GET /wp-content/plugins/elementor/includes/controls/code.php HTTP/1.1" 403 1242 "-" "Mozilla/5.0 (Linux; Android 5.0) AppleWebKit/537.36 (KHTML, like Gecko) Mobile Safari/537.36 (compatible; Bytespider; spider-feedback@bytedance.com)"
85.208.96.194 - - [21/Dec/2024:19:02:12 -0500] "GET /Anobiidae/Caryophyllaceae884854.html HTTP/1.1" 301 0 "-" "Mozilla/5.0 (compatible; SemrushBot/7~bl; +http://www.semrush.com/bot.html)"
185.191.171.15 - - [21/Dec/2024:19:02:16 -0500] "GET /Anobiidae/Caryophyllaceae884854.html/ HTTP/1.1" 200 0 "-" "Mozilla/5.0 (compatible; SemrushBot/7~bl; +http://www.semrush.com/bot.html)"
85.208.96.205 - - [21/Dec/2024:19:02:19 -0500] "GET /equidurable/aeronautical1351826.html HTTP/1.1" 301 0 "-" "Mozilla/5.0 (compatible; SemrushBot/7~bl; +http://www.semrush.com/bot.html)"
185.191.171.15 - - [21/Dec/2024:19:02:22 -0500] "GET /equidurable/aeronautical1351826.html/ HTTP/1.1" 200 0 "-" "Mozilla/5.0 (compatible; SemrushBot/7~bl; +http://www.semrush.com/bot.html)"
85.208.96.210 - - [21/Dec/2024:19:02:43 -0500] "GET /opportunist/Dryopes1033591.html HTTP/1.1" 301 0 "-" "Mozilla/5.0 (compatible; SemrushBot/7~bl; +http://www.semrush.com/bot.html)"
185.191.171.1 - - [21/Dec/2024:19:02:46 -0500] "GET /opportunist/Dryopes1033591.html/ HTTP/1.1" 200 0 "-" "Mozilla/5.0 (compatible; SemrushBot/7~bl; +http://www.semrush.com/bot.html)"
85.208.96.201 - - [21/Dec/2024:19:02:48 -0500] "GET /gibberish/homometrically1648297.html HTTP/1.1" 301 0 "-" "Mozilla/5.0 (compatible; SemrushBot/7~bl; +http://www.semrush.com/bot.html)"
185.191.171.1 - - [21/Dec/2024:19:02:51 -0500] "GET /gibberish/homometrically1648297.html/ HTTP/1.1" 200 0 "-" "Mozilla/5.0 (compatible; SemrushBot/7~bl; +http://www.semrush.com/bot.html)"
