185.191.171.5 - - [21/Dec/2024:12:20:59 -0500] "GET /disjunctively/bitterness1529198.html/ HTTP/1.1" 200 0 "-" "Mozilla/5.0 (compatible; SemrushBot/7~bl; +http://www.semrush.com/bot.html)"
185.191.171.16 - - [21/Dec/2024:12:21:03 -0500] "GET /certified/innateness1268607.html HTTP/1.1" 301 0 "-" "Mozilla/5.0 (compatible; SemrushBot/7~bl; +http://www.semrush.com/bot.html)"
85.208.96.206 - - [21/Dec/2024:12:21:06 -0500] "GET /equidurable/aeronautical1593111.html HTTP/1.1" 301 0 "-" "Mozilla/5.0 (compatible; SemrushBot/7~bl; +http://www.semrush.com/bot.html)"
85.208.96.212 - - [21/Dec/2024:12:21:08 -0500] "GET /diatomic/cutleress1199439.html HTTP/1.1" 301 0 "-" "Mozilla/5.0 (compatible; SemrushBot/7~bl; +http://www.semrush.com/bot.html)"
85.208.96.196 - - [21/Dec/2024:12:21:10 -0500] "GET /knifeless/affreightment943868.html HTTP/1.1" 301 0 "-" "Mozilla/5.0 (compatible; SemrushBot/7~bl; +http://www.semrush.com/bot.html)"
185.191.171.8 - - [21/Dec/2024:12:21:13 -0500] "GET /knifeless/affreightment943868.html/ HTTP/1.1" 200 0 "-" "Mozilla/5.0 (compatible; SemrushBot/7~bl; +http://www.semrush.com/bot.html)"
85.208.96.210 - - [21/Dec/2024:12:21:16 -0500] "GET /diatomic/cutleress1199439.html/ HTTP/1.1" 200 0 "-" "Mozilla/5.0 (compatible; SemrushBot/7~bl; +http://www.semrush.com/bot.html)"
185.191.171.12 - - [21/Dec/2024:12:21:19 -0500] "GET /equidurable/aeronautical1593111.html/ HTTP/1.1" 200 0 "-" "Mozilla/5.0 (compatible; SemrushBot/7~bl; +http://www.semrush.com/bot.html)"
185.191.171.4 - - [21/Dec/2024:12:21:22 -0500] "GET /affreightment/balaustre1033233.html HTTP/1.1" 301 0 "-" "Mozilla/5.0 (compatible; SemrushBot/7~bl; +http://www.semrush.com/bot.html)"
85.208.96.208 - - [21/Dec/2024:12:21:24 -0500] "GET /extraplanetary/disjunctively845063.html HTTP/1.1" 301 0 "-" "Mozilla/5.0 (compatible; SemrushBot/7~bl; +http://www.semrush.com/bot.html)"
185.191.171.15 - - [21/Dec/2024:12:21:27 -0500] "GET /extraplanetary/disjunctively845063.html/ HTTP/1.1" 200 0 "-" "Mozilla/5.0 (compatible; SemrushBot/7~bl; +http://www.semrush.com/bot.html)"
185.191.171.4 - - [21/Dec/2024:12:21:30 -0500] "GET /affreightment/balaustre1033233.html/ HTTP/1.1" 200 0 "-" "Mozilla/5.0 (compatible; SemrushBot/7~bl; +http://www.semrush.com/bot.html)"
185.191.171.3 - - [21/Dec/2024:12:21:33 -0500] "GET /certified/innateness1268607.html/ HTTP/1.1" 200 0 "-" "Mozilla/5.0 (compatible; SemrushBot/7~bl; +http://www.semrush.com/bot.html)"
185.191.171.4 - - [21/Dec/2024:12:21:44 -0500] "GET /knifeless/affreightment644118.html HTTP/1.1" 301 0 "-" "Mozilla/5.0 (compatible; SemrushBot/7~bl; +http://www.semrush.com/bot.html)"
85.208.96.202 - - [21/Dec/2024:12:21:46 -0500] "GET /knifeless/affreightment644118.html/ HTTP/1.1" 200 0 "-" "Mozilla/5.0 (compatible; SemrushBot/7~bl; +http://www.semrush.com/bot.html)"
185.191.171.15 - - [21/Dec/2024:12:22:30 -0500] "GET /robots.txt HTTP/1.1" 301 0 "-" "Mozilla/5.0 (compatible; SemrushBot/7~bl; +http://www.semrush.com/bot.html)"
185.191.171.15 - - [21/Dec/2024:12:22:32 -0500] "GET /robots.txt/ HTTP/1.1" 200 0 "-" "Mozilla/5.0 (compatible; SemrushBot/7~bl; +http://www.semrush.com/bot.html)"
185.191.171.1 - - [21/Dec/2024:12:22:34 -0500] "GET /gibberish/homometrically582892.html HTTP/1.1" 301 0 "-" "Mozilla/5.0 (compatible; SemrushBot/7~bl; +http://www.semrush.com/bot.html)"
185.191.171.8 - - [21/Dec/2024:12:22:36 -0500] "GET /knifeless/affreightment1467908.html HTTP/1.1" 301 0 "-" "Mozilla/5.0 (compatible; SemrushBot/7~bl; +http://www.semrush.com/bot.html)"
185.191.171.9 - - [21/Dec/2024:12:22:39 -0500] "GET /cattyman/Meletian1195991.html HTTP/1.1" 301 0 "-" "Mozilla/5.0 (compatible; SemrushBot/7~bl; +http://www.semrush.com/bot.html)"
85.208.96.211 - - [21/Dec/2024:12:22:41 -0500] "GET /extraplanetary/disjunctively946208.html HTTP/1.1" 301 0 "-" "Mozilla/5.0 (compatible; SemrushBot/7~bl; +http://www.semrush.com/bot.html)"
185.191.171.12 - - [21/Dec/2024:12:22:44 -0500] "GET /extraplanetary/disjunctively946208.html/ HTTP/1.1" 200 0 "-" "Mozilla/5.0 (compatible; SemrushBot/7~bl; +http://www.semrush.com/bot.html)"
185.191.171.13 - - [21/Dec/2024:12:22:47 -0500] "GET /cattyman/Meletian1195991.html/ HTTP/1.1" 200 0 "-" "Mozilla/5.0 (compatible; SemrushBot/7~bl; +http://www.semrush.com/bot.html)"
85.208.96.204 - - [21/Dec/2024:12:22:50 -0500] "GET /knifeless/affreightment1467908.html/ HTTP/1.1" 200 0 "-" "Mozilla/5.0 (compatible; SemrushBot/7~bl; +http://www.semrush.com/bot.html)"
85.208.96.204 - - [21/Dec/2024:12:22:52 -0500] "GET /gibberish/homometrically582892.html/ HTTP/1.1" 200 0 "-" "Mozilla/5.0 (compatible; SemrushBot/7~bl; +http://www.semrush.com/bot.html)"
85.208.96.204 - - [21/Dec/2024:12:22:55 -0500] "GET /affreightment/balaustre409918.html HTTP/1.1" 301 0 "-" "Mozilla/5.0 (compatible; SemrushBot/7~bl; +http://www.semrush.com/bot.html)"
185.191.171.5 - - [21/Dec/2024:12:22:58 -0500] "GET /affreightment/balaustre409918.html/ HTTP/1.1" 200 0 "-" "Mozilla/5.0 (compatible; SemrushBot/7~bl; +http://www.semrush.com/bot.html)"
185.191.171.3 - - [21/Dec/2024:12:23:01 -0500] "GET /isomagnetic/caroline592045.html HTTP/1.1" 301 0 "-" "Mozilla/5.0 (compatible; SemrushBot/7~bl; +http://www.semrush.com/bot.html)"
85.208.96.204 - - [21/Dec/2024:12:23:03 -0500] "GET /isomagnetic/caroline592045.html/ HTTP/1.1" 200 0 "-" "Mozilla/5.0 (compatible; SemrushBot/7~bl; +http://www.semrush.com/bot.html)"
185.191.171.7 - - [21/Dec/2024:12:23:22 -0500] "GET /dishonorary/microphotograph718483.html HTTP/1.1" 301 0 "-" "Mozilla/5.0 (compatible; SemrushBot/7~bl; +http://www.semrush.com/bot.html)"
185.191.171.17 - - [21/Dec/2024:12:23:25 -0500] "GET /dishonorary/microphotograph718483.html/ HTTP/1.1" 200 0 "-" "Mozilla/5.0 (compatible; SemrushBot/7~bl; +http://www.semrush.com/bot.html)"
85.208.96.200 - - [21/Dec/2024:12:23:31 -0500] "GET /mechanalize/distrainable945763.html HTTP/1.1" 301 0 "-" "Mozilla/5.0 (compatible; SemrushBot/7~bl; +http://www.semrush.com/bot.html)"
185.191.171.14 - - [21/Dec/2024:12:23:34 -0500] "GET /mechanalize/distrainable945763.html/ HTTP/1.1" 200 0 "-" "Mozilla/5.0 (compatible; SemrushBot/7~bl; +http://www.semrush.com/bot.html)"
185.191.171.18 - - [21/Dec/2024:12:23:44 -0500] "GET /microphotograph/gauzily520693.html HTTP/1.1" 301 0 "-" "Mozilla/5.0 (compatible; SemrushBot/7~bl; +http://www.semrush.com/bot.html)"
185.191.171.19 - - [21/Dec/2024:12:23:47 -0500] "GET /microphotograph/gauzily520693.html/ HTTP/1.1" 200 0 "-" "Mozilla/5.0 (compatible; SemrushBot/7~bl; +http://www.semrush.com/bot.html)"
85.208.96.201 - - [21/Dec/2024:12:24:17 -0500] "GET /haberdash/Majagga1686935.html HTTP/1.1" 301 0 "-" "Mozilla/5.0 (compatible; SemrushBot/7~bl; +http://www.semrush.com/bot.html)"
185.191.171.19 - - [21/Dec/2024:12:24:20 -0500] "GET /haberdash/Majagga1686935.html/ HTTP/1.1" 200 0 "-" "Mozilla/5.0 (compatible; SemrushBot/7~bl; +http://www.semrush.com/bot.html)"
85.208.96.195 - - [21/Dec/2024:12:24:46 -0500] "GET /chaplaincy/metallographical11045.html HTTP/1.1" 301 0 "-" "Mozilla/5.0 (compatible; SemrushBot/7~bl; +http://www.semrush.com/bot.html)"
85.208.96.193 - - [21/Dec/2024:12:24:48 -0500] "GET /chaplaincy/metallographical11045.html/ HTTP/1.1" 200 0 "-" "Mozilla/5.0 (compatible; SemrushBot/7~bl; +http://www.semrush.com/bot.html)"
185.191.171.9 - - [21/Dec/2024:12:24:51 -0500] "GET /distrainable/dishonorary199623.html HTTP/1.1" 301 0 "-" "Mozilla/5.0 (compatible; SemrushBot/7~bl; +http://www.semrush.com/bot.html)"
85.208.96.208 - - [21/Dec/2024:12:24:53 -0500] "GET /distrainable/dishonorary199623.html/ HTTP/1.1" 200 0 "-" "Mozilla/5.0 (compatible; SemrushBot/7~bl; +http://www.semrush.com/bot.html)"
85.208.96.203 - - [21/Dec/2024:12:24:57 -0500] "GET /affreightment/balaustre1706323.html HTTP/1.1" 301 0 "-" "Mozilla/5.0 (compatible; SemrushBot/7~bl; +http://www.semrush.com/bot.html)"
85.208.96.199 - - [21/Dec/2024:12:24:59 -0500] "GET /affreightment/balaustre1706323.html/ HTTP/1.1" 200 0 "-" "Mozilla/5.0 (compatible; SemrushBot/7~bl; +http://www.semrush.com/bot.html)"
85.208.96.202 - - [21/Dec/2024:12:25:03 -0500] "GET /chaplaincy/metallographical408365.html HTTP/1.1" 301 0 "-" "Mozilla/5.0 (compatible; SemrushBot/7~bl; +http://www.semrush.com/bot.html)"
185.191.171.9 - - [21/Dec/2024:12:25:06 -0500] "GET /chaplaincy/metallographical408365.html/ HTTP/1.1" 200 0 "-" "Mozilla/5.0 (compatible; SemrushBot/7~bl; +http://www.semrush.com/bot.html)"
85.208.96.211 - - [21/Dec/2024:12:25:09 -0500] "GET /mechanalize/distrainable1158503.html HTTP/1.1" 301 0 "-" "Mozilla/5.0 (compatible; SemrushBot/7~bl; +http://www.semrush.com/bot.html)"
85.208.96.204 - - [21/Dec/2024:12:25:12 -0500] "GET /mechanalize/distrainable1158503.html/ HTTP/1.1" 200 0 "-" "Mozilla/5.0 (compatible; SemrushBot/7~bl; +http://www.semrush.com/bot.html)"
185.191.171.5 - - [21/Dec/2024:12:25:16 -0500] "GET /lupulinum/Anobiidae266994.html HTTP/1.1" 301 0 "-" "Mozilla/5.0 (compatible; SemrushBot/7~bl; +http://www.semrush.com/bot.html)"
85.208.96.209 - - [21/Dec/2024:12:25:19 -0500] "GET /lupulinum/Anobiidae266994.html/ HTTP/1.1" 200 0 "-" "Mozilla/5.0 (compatible; SemrushBot/7~bl; +http://www.semrush.com/bot.html)"
85.208.96.200 - - [21/Dec/2024:12:25:22 -0500] "GET /distrainable/dishonorary745113.html HTTP/1.1" 301 0 "-" "Mozilla/5.0 (compatible; SemrushBot/7~bl; +http://www.semrush.com/bot.html)"
85.208.96.201 - - [21/Dec/2024:12:25:24 -0500] "GET /equidurable/aeronautical917546.html HTTP/1.1" 301 0 "-" "Mozilla/5.0 (compatible; SemrushBot/7~bl; +http://www.semrush.com/bot.html)"
85.208.96.204 - - [21/Dec/2024:12:25:27 -0500] "GET /equidurable/aeronautical917546.html/ HTTP/1.1" 200 0 "-" "Mozilla/5.0 (compatible; SemrushBot/7~bl; +http://www.semrush.com/bot.html)"
185.191.171.9 - - [21/Dec/2024:12:25:30 -0500] "GET /distrainable/dishonorary745113.html/ HTTP/1.1" 200 0 "-" "Mozilla/5.0 (compatible; SemrushBot/7~bl; +http://www.semrush.com/bot.html)"
47.128.117.125 - - [21/Dec/2024:12:25:44 -0500] "GET / HTTP/1.1" 200 0 "-" "Mozilla/5.0 (Linux; Android 5.0) AppleWebKit/537.36 (KHTML, like Gecko) Mobile Safari/537.36 (compatible; Bytespider; spider-feedback@bytedance.com)"
216.244.66.247 - - [21/Dec/2024:12:25:45 -0500] "GET /robots.txt HTTP/1.1" 301 0 "-" "Mozilla/5.0 (compatible; DotBot/1.2; +https://opensiteexplorer.org/dotbot; help@moz.com)"
85.208.96.195 - - [21/Dec/2024:12:25:46 -0500] "GET /gibberish/homometrically458537.html HTTP/1.1" 301 0 "-" "Mozilla/5.0 (compatible; SemrushBot/7~bl; +http://www.semrush.com/bot.html)"
216.244.66.247 - - [21/Dec/2024:12:25:46 -0500] "GET /robots.txt/ HTTP/1.1" 200 0 "-" "Mozilla/5.0 (compatible; DotBot/1.2; +https://opensiteexplorer.org/dotbot; help@moz.com)"
85.208.96.198 - - [21/Dec/2024:12:25:48 -0500] "GET /gibberish/homometrically458537.html/ HTTP/1.1" 200 0 "-" "Mozilla/5.0 (compatible; SemrushBot/7~bl; +http://www.semrush.com/bot.html)"
85.208.96.200 - - [21/Dec/2024:12:25:58 -0500] "GET /disjunctively/bitterness725703.html HTTP/1.1" 301 0 "-" "Mozilla/5.0 (compatible; SemrushBot/7~bl; +http://www.semrush.com/bot.html)"
185.191.171.9 - - [21/Dec/2024:12:26:01 -0500] "GET /disjunctively/bitterness725703.html/ HTTP/1.1" 200 0 "-" "Mozilla/5.0 (compatible; SemrushBot/7~bl; +http://www.semrush.com/bot.html)"
185.191.171.6 - - [21/Dec/2024:12:26:30 -0500] "GET /microphotograph/gauzily1700498.html HTTP/1.1" 301 0 "-" "Mozilla/5.0 (compatible; SemrushBot/7~bl; +http://www.semrush.com/bot.html)"
185.191.171.12 - - [21/Dec/2024:12:26:33 -0500] "GET /microphotograph/gauzily1700498.html/ HTTP/1.1" 200 0 "-" "Mozilla/5.0 (compatible; SemrushBot/7~bl; +http://www.semrush.com/bot.html)"
185.191.171.1 - - [21/Dec/2024:12:26:36 -0500] "GET /journalist/chancery669015.html HTTP/1.1" 301 0 "-" "Mozilla/5.0 (compatible; SemrushBot/7~bl; +http://www.semrush.com/bot.html)"
185.191.171.4 - - [21/Dec/2024:12:26:39 -0500] "GET /philogeant/motmot1369291.html HTTP/1.1" 301 0 "-" "Mozilla/5.0 (compatible; SemrushBot/7~bl; +http://www.semrush.com/bot.html)"
185.191.171.3 - - [21/Dec/2024:12:26:42 -0500] "GET /Meletian/Algaroth1155941.html HTTP/1.1" 301 0 "-" "Mozilla/5.0 (compatible; SemrushBot/7~bl; +http://www.semrush.com/bot.html)"
85.208.96.210 - - [21/Dec/2024:12:26:46 -0500] "GET /allophylian/energetical1169517.html HTTP/1.1" 301 0 "-" "Mozilla/5.0 (compatible; SemrushBot/7~bl; +http://www.semrush.com/bot.html)"
85.208.96.212 - - [21/Dec/2024:12:26:49 -0500] "GET /allophylian/energetical1169517.html/ HTTP/1.1" 200 0 "-" "Mozilla/5.0 (compatible; SemrushBot/7~bl; +http://www.semrush.com/bot.html)"
185.191.171.4 - - [21/Dec/2024:12:26:52 -0500] "GET /Meletian/Algaroth1155941.html/ HTTP/1.1" 200 0 "-" "Mozilla/5.0 (compatible; SemrushBot/7~bl; +http://www.semrush.com/bot.html)"
85.208.96.198 - - [21/Dec/2024:12:26:54 -0500] "GET /philogeant/motmot1369291.html/ HTTP/1.1" 200 0 "-" "Mozilla/5.0 (compatible; SemrushBot/7~bl; +http://www.semrush.com/bot.html)"
185.191.171.8 - - [21/Dec/2024:12:26:57 -0500] "GET /journalist/chancery669015.html/ HTTP/1.1" 200 0 "-" "Mozilla/5.0 (compatible; SemrushBot/7~bl; +http://www.semrush.com/bot.html)"
185.191.171.8 - - [21/Dec/2024:12:27:10 -0500] "GET /allophylian/energetical1143227.html HTTP/1.1" 301 0 "-" "Mozilla/5.0 (compatible; SemrushBot/7~bl; +http://www.semrush.com/bot.html)"
185.191.171.3 - - [21/Dec/2024:12:27:13 -0500] "GET /allophylian/energetical1143227.html/ HTTP/1.1" 200 0 "-" "Mozilla/5.0 (compatible; SemrushBot/7~bl; +http://www.semrush.com/bot.html)"
85.208.96.196 - - [21/Dec/2024:12:27:22 -0500] "GET /gibberish/homometrically848047.html HTTP/1.1" 301 0 "-" "Mozilla/5.0 (compatible; SemrushBot/7~bl; +http://www.semrush.com/bot.html)"
185.191.171.16 - - [21/Dec/2024:12:27:26 -0500] "GET /gibberish/homometrically848047.html/ HTTP/1.1" 200 0 "-" "Mozilla/5.0 (compatible; SemrushBot/7~bl; +http://www.semrush.com/bot.html)"
85.208.96.197 - - [21/Dec/2024:12:27:30 -0500] "GET /extraplanetary/disjunctively973598.html HTTP/1.1" 301 0 "-" "Mozilla/5.0 (compatible; SemrushBot/7~bl; +http://www.semrush.com/bot.html)"
85.208.96.209 - - [21/Dec/2024:12:27:33 -0500] "GET /extraplanetary/disjunctively973598.html/ HTTP/1.1" 200 0 "-" "Mozilla/5.0 (compatible; SemrushBot/7~bl; +http://www.semrush.com/bot.html)"
85.208.96.205 - - [21/Dec/2024:12:27:49 -0500] "GET /affreightment/balaustre861413.html HTTP/1.1" 301 0 "-" "Mozilla/5.0 (compatible; SemrushBot/7~bl; +http://www.semrush.com/bot.html)"
185.191.171.14 - - [21/Dec/2024:12:27:52 -0500] "GET /affreightment/balaustre861413.html/ HTTP/1.1" 200 0 "-" "Mozilla/5.0 (compatible; SemrushBot/7~bl; +http://www.semrush.com/bot.html)"
85.208.96.210 - - [21/Dec/2024:12:28:26 -0500] "GET /gibberish/homometrically170502.html HTTP/1.1" 301 0 "-" "Mozilla/5.0 (compatible; SemrushBot/7~bl; +http://www.semrush.com/bot.html)"
85.208.96.202 - - [21/Dec/2024:12:28:29 -0500] "GET /gibberish/homometrically170502.html/ HTTP/1.1" 200 0 "-" "Mozilla/5.0 (compatible; SemrushBot/7~bl; +http://www.semrush.com/bot.html)"
185.191.171.9 - - [21/Dec/2024:12:28:48 -0500] "GET /gibberish/homometrically1310322.html HTTP/1.1" 301 0 "-" "Mozilla/5.0 (compatible; SemrushBot/7~bl; +http://www.semrush.com/bot.html)"
185.191.171.18 - - [21/Dec/2024:12:28:50 -0500] "GET /philogeant/motmot1347291.html HTTP/1.1" 301 0 "-" "Mozilla/5.0 (compatible; SemrushBot/7~bl; +http://www.semrush.com/bot.html)"
185.191.171.5 - - [21/Dec/2024:12:28:53 -0500] "GET /philogeant/motmot1347291.html/ HTTP/1.1" 200 0 "-" "Mozilla/5.0 (compatible; SemrushBot/7~bl; +http://www.semrush.com/bot.html)"
185.191.171.1 - - [21/Dec/2024:12:28:56 -0500] "GET /gibberish/homometrically1310322.html/ HTTP/1.1" 200 0 "-" "Mozilla/5.0 (compatible; SemrushBot/7~bl; +http://www.semrush.com/bot.html)"
185.191.171.4 - - [21/Dec/2024:12:29:04 -0500] "GET /gauzily/extraplanetary1066943.html HTTP/1.1" 301 0 "-" "Mozilla/5.0 (compatible; SemrushBot/7~bl; +http://www.semrush.com/bot.html)"
85.208.96.198 - - [21/Dec/2024:12:29:07 -0500] "GET /gauzily/extraplanetary1066943.html/ HTTP/1.1" 200 0 "-" "Mozilla/5.0 (compatible; SemrushBot/7~bl; +http://www.semrush.com/bot.html)"
185.191.171.15 - - [21/Dec/2024:12:29:09 -0500] "GET /knifeless/affreightment400963.html HTTP/1.1" 301 0 "-" "Mozilla/5.0 (compatible; SemrushBot/7~bl; +http://www.semrush.com/bot.html)"
85.208.96.202 - - [21/Dec/2024:12:29:12 -0500] "GET /equidurable/aeronautical676151.html HTTP/1.1" 301 0 "-" "Mozilla/5.0 (compatible; SemrushBot/7~bl; +http://www.semrush.com/bot.html)"
185.191.171.15 - - [21/Dec/2024:12:29:15 -0500] "GET /equidurable/aeronautical676151.html/ HTTP/1.1" 200 0 "-" "Mozilla/5.0 (compatible; SemrushBot/7~bl; +http://www.semrush.com/bot.html)"
185.191.171.6 - - [21/Dec/2024:12:29:18 -0500] "GET /knifeless/affreightment400963.html/ HTTP/1.1" 200 0 "-" "Mozilla/5.0 (compatible; SemrushBot/7~bl; +http://www.semrush.com/bot.html)"
85.208.96.198 - - [21/Dec/2024:12:29:21 -0500] "GET /extraplanetary/disjunctively824053.html HTTP/1.1" 301 0 "-" "Mozilla/5.0 (compatible; SemrushBot/7~bl; +http://www.semrush.com/bot.html)"
85.208.96.202 - - [21/Dec/2024:12:29:23 -0500] "GET /allophylian/energetical308272.html HTTP/1.1" 301 0 "-" "Mozilla/5.0 (compatible; SemrushBot/7~bl; +http://www.semrush.com/bot.html)"
185.191.171.4 - - [21/Dec/2024:12:29:26 -0500] "GET /journalist/chancery558080.html HTTP/1.1" 301 0 "-" "Mozilla/5.0 (compatible; SemrushBot/7~bl; +http://www.semrush.com/bot.html)"
85.208.96.198 - - [21/Dec/2024:12:29:29 -0500] "GET /journalist/chancery558080.html/ HTTP/1.1" 200 0 "-" "Mozilla/5.0 (compatible; SemrushBot/7~bl; +http://www.semrush.com/bot.html)"
85.208.96.209 - - [21/Dec/2024:12:29:31 -0500] "GET /allophylian/energetical308272.html/ HTTP/1.1" 200 0 "-" "Mozilla/5.0 (compatible; SemrushBot/7~bl; +http://www.semrush.com/bot.html)"
85.208.96.202 - - [21/Dec/2024:12:29:33 -0500] "GET /distrainable/dishonorary438763.html HTTP/1.1" 301 0 "-" "Mozilla/5.0 (compatible; SemrushBot/7~bl; +http://www.semrush.com/bot.html)"
85.208.96.198 - - [21/Dec/2024:12:29:36 -0500] "GET /distrainable/dishonorary438763.html/ HTTP/1.1" 200 0 "-" "Mozilla/5.0 (compatible; SemrushBot/7~bl; +http://www.semrush.com/bot.html)"
85.208.96.198 - - [21/Dec/2024:12:29:38 -0500] "GET /extraplanetary/disjunctively824053.html/ HTTP/1.1" 200 0 "-" "Mozilla/5.0 (compatible; SemrushBot/7~bl; +http://www.semrush.com/bot.html)"
85.208.96.212 - - [21/Dec/2024:12:29:46 -0500] "GET /gibberish/homometrically670947.html HTTP/1.1" 301 0 "-" "Mozilla/5.0 (compatible; SemrushBot/7~bl; +http://www.semrush.com/bot.html)"
185.191.171.15 - - [21/Dec/2024:12:29:49 -0500] "GET /gibberish/homometrically670947.html/ HTTP/1.1" 200 0 "-" "Mozilla/5.0 (compatible; SemrushBot/7~bl; +http://www.semrush.com/bot.html)"
185.191.171.10 - - [21/Dec/2024:12:30:33 -0500] "GET /Caryophyllaceae/furyl1198454.html HTTP/1.1" 301 0 "-" "Mozilla/5.0 (compatible; SemrushBot/7~bl; +http://www.semrush.com/bot.html)"
85.208.96.195 - - [21/Dec/2024:12:30:37 -0500] "GET /Caryophyllaceae/furyl1198454.html/ HTTP/1.1" 200 0 "-" "Mozilla/5.0 (compatible; SemrushBot/7~bl; +http://www.semrush.com/bot.html)"
185.191.171.12 - - [21/Dec/2024:12:30:49 -0500] "GET /allophylian/energetical105762.html HTTP/1.1" 301 0 "-" "Mozilla/5.0 (compatible; SemrushBot/7~bl; +http://www.semrush.com/bot.html)"
185.191.171.8 - - [21/Dec/2024:12:30:52 -0500] "GET /knifeless/affreightment294318.html HTTP/1.1" 301 0 "-" "Mozilla/5.0 (compatible; SemrushBot/7~bl; +http://www.semrush.com/bot.html)"
185.191.171.8 - - [21/Dec/2024:12:30:55 -0500] "GET /diatomic/cutleress382359.html HTTP/1.1" 301 0 "-" "Mozilla/5.0 (compatible; SemrushBot/7~bl; +http://www.semrush.com/bot.html)"
85.208.96.207 - - [21/Dec/2024:12:30:58 -0500] "GET /affreightment/balaustre1106493.html HTTP/1.1" 301 0 "-" "Mozilla/5.0 (compatible; SemrushBot/7~bl; +http://www.semrush.com/bot.html)"
85.208.96.193 - - [21/Dec/2024:12:31:00 -0500] "GET /affreightment/balaustre1106493.html/ HTTP/1.1" 200 0 "-" "Mozilla/5.0 (compatible; SemrushBot/7~bl; +http://www.semrush.com/bot.html)"
85.208.96.203 - - [21/Dec/2024:12:31:03 -0500] "GET /diatomic/cutleress382359.html/ HTTP/1.1" 200 0 "-" "Mozilla/5.0 (compatible; SemrushBot/7~bl; +http://www.semrush.com/bot.html)"
185.191.171.7 - - [21/Dec/2024:12:31:05 -0500] "GET /knifeless/affreightment294318.html/ HTTP/1.1" 200 0 "-" "Mozilla/5.0 (compatible; SemrushBot/7~bl; +http://www.semrush.com/bot.html)"
85.208.96.212 - - [21/Dec/2024:12:31:08 -0500] "GET /allophylian/energetical105762.html/ HTTP/1.1" 200 0 "-" "Mozilla/5.0 (compatible; SemrushBot/7~bl; +http://www.semrush.com/bot.html)"
185.191.171.18 - - [21/Dec/2024:12:31:14 -0500] "GET /microphotograph/gauzily1466363.html HTTP/1.1" 301 0 "-" "Mozilla/5.0 (compatible; SemrushBot/7~bl; +http://www.semrush.com/bot.html)"
85.208.96.212 - - [21/Dec/2024:12:31:16 -0500] "GET /microphotograph/gauzily1466363.html/ HTTP/1.1" 200 0 "-" "Mozilla/5.0 (compatible; SemrushBot/7~bl; +http://www.semrush.com/bot.html)"
185.191.171.17 - - [21/Dec/2024:12:31:25 -0500] "GET /equidurable/aeronautical219541.html HTTP/1.1" 301 0 "-" "Mozilla/5.0 (compatible; SemrushBot/7~bl; +http://www.semrush.com/bot.html)"
85.208.96.193 - - [21/Dec/2024:12:31:28 -0500] "GET /equidurable/aeronautical219541.html/ HTTP/1.1" 200 0 "-" "Mozilla/5.0 (compatible; SemrushBot/7~bl; +http://www.semrush.com/bot.html)"
185.191.171.9 - - [21/Dec/2024:12:31:48 -0500] "GET /gauzily/extraplanetary1563483.html HTTP/1.1" 301 0 "-" "Mozilla/5.0 (compatible; SemrushBot/7~bl; +http://www.semrush.com/bot.html)"
85.208.96.198 - - [21/Dec/2024:12:31:50 -0500] "GET /gibberish/homometrically1377917.html HTTP/1.1" 301 0 "-" "Mozilla/5.0 (compatible; SemrushBot/7~bl; +http://www.semrush.com/bot.html)"
85.208.96.198 - - [21/Dec/2024:12:31:53 -0500] "GET /gibberish/homometrically1377917.html/ HTTP/1.1" 200 0 "-" "Mozilla/5.0 (compatible; SemrushBot/7~bl; +http://www.semrush.com/bot.html)"
185.191.171.2 - - [21/Dec/2024:12:31:56 -0500] "GET /gauzily/extraplanetary1563483.html/ HTTP/1.1" 200 0 "-" "Mozilla/5.0 (compatible; SemrushBot/7~bl; +http://www.semrush.com/bot.html)"
85.208.96.207 - - [21/Dec/2024:12:32:25 -0500] "GET /equidurable/aeronautical903906.html HTTP/1.1" 301 0 "-" "Mozilla/5.0 (compatible; SemrushBot/7~bl; +http://www.semrush.com/bot.html)"
85.208.96.206 - - [21/Dec/2024:12:32:28 -0500] "GET /equidurable/aeronautical903906.html/ HTTP/1.1" 200 0 "-" "Mozilla/5.0 (compatible; SemrushBot/7~bl; +http://www.semrush.com/bot.html)"
85.208.96.210 - - [21/Dec/2024:12:32:47 -0500] "GET /mechanalize/distrainable375963.html HTTP/1.1" 301 0 "-" "Mozilla/5.0 (compatible; SemrushBot/7~bl; +http://www.semrush.com/bot.html)"
185.191.171.11 - - [21/Dec/2024:12:32:51 -0500] "GET /mechanalize/distrainable375963.html/ HTTP/1.1" 200 0 "-" "Mozilla/5.0 (compatible; SemrushBot/7~bl; +http://www.semrush.com/bot.html)"
47.128.37.59 - - [21/Dec/2024:12:32:53 -0500] "GET /wp-content/plugins/elementor/app/modules/import-export/runners/revert/taxonomies.php HTTP/1.1" 403 1242 "-" "Mozilla/5.0 (Linux; Android 5.0) AppleWebKit/537.36 (KHTML, like Gecko) Mobile Safari/537.36 (compatible; Bytespider; spider-feedback@bytedance.com)"
85.208.96.207 - - [21/Dec/2024:12:32:54 -0500] "GET /chaplaincy/metallographical306945.html HTTP/1.1" 301 0 "-" "Mozilla/5.0 (compatible; SemrushBot/7~bl; +http://www.semrush.com/bot.html)"
85.208.96.211 - - [21/Dec/2024:12:32:56 -0500] "GET /chaplaincy/metallographical306945.html/ HTTP/1.1" 200 0 "-" "Mozilla/5.0 (compatible; SemrushBot/7~bl; +http://www.semrush.com/bot.html)"
185.191.171.2 - - [21/Dec/2024:12:33:07 -0500] "GET /robots.txt HTTP/1.1" 301 0 "-" "Mozilla/5.0 (compatible; SemrushBot/7~bl; +http://www.semrush.com/bot.html)"
185.191.171.2 - - [21/Dec/2024:12:33:09 -0500] "GET /robots.txt/ HTTP/1.1" 200 0 "-" "Mozilla/5.0 (compatible; SemrushBot/7~bl; +http://www.semrush.com/bot.html)"
85.208.96.207 - - [21/Dec/2024:12:33:10 -0500] "GET /distrainable/dishonorary1484368.html HTTP/1.1" 301 0 "-" "Mozilla/5.0 (compatible; SemrushBot/7~bl; +http://www.semrush.com/bot.html)"
85.208.96.202 - - [21/Dec/2024:12:33:13 -0500] "GET /Majagga/gally575485.html HTTP/1.1" 301 0 "-" "Mozilla/5.0 (compatible; SemrushBot/7~bl; +http://www.semrush.com/bot.html)"
185.191.171.9 - - [21/Dec/2024:12:33:16 -0500] "GET /gibberish/homometrically379832.html HTTP/1.1" 301 0 "-" "Mozilla/5.0 (compatible; SemrushBot/7~bl; +http://www.semrush.com/bot.html)"
85.208.96.211 - - [21/Dec/2024:12:33:18 -0500] "GET /gibberish/homometrically379832.html/ HTTP/1.1" 200 0 "-" "Mozilla/5.0 (compatible; SemrushBot/7~bl; +http://www.semrush.com/bot.html)"
185.191.171.18 - - [21/Dec/2024:12:33:21 -0500] "GET /Majagga/gally575485.html/ HTTP/1.1" 200 0 "-" "Mozilla/5.0 (compatible; SemrushBot/7~bl; +http://www.semrush.com/bot.html)"
85.208.96.193 - - [21/Dec/2024:12:33:24 -0500] "GET /aeronautical/cattyman887726.html HTTP/1.1" 301 0 "-" "Mozilla/5.0 (compatible; SemrushBot/7~bl; +http://www.semrush.com/bot.html)"
85.208.96.203 - - [21/Dec/2024:12:33:26 -0500] "GET /gibberish/homometrically1434292.html HTTP/1.1" 301 0 "-" "Mozilla/5.0 (compatible; SemrushBot/7~bl; +http://www.semrush.com/bot.html)"
85.208.96.206 - - [21/Dec/2024:12:33:29 -0500] "GET /disjunctively/bitterness1618078.html HTTP/1.1" 301 0 "-" "Mozilla/5.0 (compatible; SemrushBot/7~bl; +http://www.semrush.com/bot.html)"
85.208.96.210 - - [21/Dec/2024:12:33:33 -0500] "GET /haberdash/Majagga581270.html HTTP/1.1" 301 0 "-" "Mozilla/5.0 (compatible; SemrushBot/7~bl; +http://www.semrush.com/bot.html)"
85.208.96.210 - - [21/Dec/2024:12:33:36 -0500] "GET /haberdash/Majagga581270.html/ HTTP/1.1" 200 0 "-" "Mozilla/5.0 (compatible; SemrushBot/7~bl; +http://www.semrush.com/bot.html)"
185.191.171.9 - - [21/Dec/2024:12:33:40 -0500] "GET /disjunctively/bitterness1618078.html/ HTTP/1.1" 200 0 "-" "Mozilla/5.0 (compatible; SemrushBot/7~bl; +http://www.semrush.com/bot.html)"
185.191.171.13 - - [21/Dec/2024:12:33:43 -0500] "GET /gibberish/homometrically1434292.html/ HTTP/1.1" 200 0 "-" "Mozilla/5.0 (compatible; SemrushBot/7~bl; +http://www.semrush.com/bot.html)"
85.208.96.207 - - [21/Dec/2024:12:33:46 -0500] "GET /aeronautical/cattyman887726.html/ HTTP/1.1" 200 0 "-" "Mozilla/5.0 (compatible; SemrushBot/7~bl; +http://www.semrush.com/bot.html)"
85.208.96.207 - - [21/Dec/2024:12:33:50 -0500] "GET /microphotograph/gauzily588508.html HTTP/1.1" 301 0 "-" "Mozilla/5.0 (compatible; SemrushBot/7~bl; +http://www.semrush.com/bot.html)"
185.191.171.13 - - [21/Dec/2024:12:33:53 -0500] "GET /microphotograph/gauzily588508.html/ HTTP/1.1" 200 0 "-" "Mozilla/5.0 (compatible; SemrushBot/7~bl; +http://www.semrush.com/bot.html)"
85.208.96.206 - - [21/Dec/2024:12:33:56 -0500] "GET /distrainable/dishonorary1484368.html/ HTTP/1.1" 200 0 "-" "Mozilla/5.0 (compatible; SemrushBot/7~bl; +http://www.semrush.com/bot.html)"
185.191.171.11 - - [21/Dec/2024:12:34:50 -0500] "GET /Anobiidae/Caryophyllaceae80204.html HTTP/1.1" 301 0 "-" "Mozilla/5.0 (compatible; SemrushBot/7~bl; +http://www.semrush.com/bot.html)"
85.208.96.208 - - [21/Dec/2024:12:34:53 -0500] "GET /knifeless/affreightment1543808.html HTTP/1.1" 301 0 "-" "Mozilla/5.0 (compatible; SemrushBot/7~bl; +http://www.semrush.com/bot.html)"
185.191.171.3 - - [21/Dec/2024:12:34:56 -0500] "GET /distrainable/dishonorary447178.html HTTP/1.1" 301 0 "-" "Mozilla/5.0 (compatible; SemrushBot/7~bl; +http://www.semrush.com/bot.html)"
66.29.132.124 - - [21/Dec/2024:12:35:00 -0500] "POST /wp-cron.php?doing_wp_cron=1734802500.5051269531250000000000 HTTP/1.1" 200 0 "-" "WordPress/6.7.1; https://wavestudioz.com"
185.191.171.3 - - [21/Dec/2024:12:34:59 -0500] "GET /criticism/equidurable1632391.html HTTP/1.1" 301 0 "-" "Mozilla/5.0 (compatible; SemrushBot/7~bl; +http://www.semrush.com/bot.html)"
85.208.96.193 - - [21/Dec/2024:12:35:02 -0500] "GET /criticism/equidurable1632391.html/ HTTP/1.1" 200 0 "-" "Mozilla/5.0 (compatible; SemrushBot/7~bl; +http://www.semrush.com/bot.html)"
85.208.96.193 - - [21/Dec/2024:12:35:05 -0500] "GET /distrainable/dishonorary447178.html/ HTTP/1.1" 200 0 "-" "Mozilla/5.0 (compatible; SemrushBot/7~bl; +http://www.semrush.com/bot.html)"
185.191.171.11 - - [21/Dec/2024:12:35:09 -0500] "GET /gibberish/homometrically568592.html HTTP/1.1" 301 0 "-" "Mozilla/5.0 (compatible; SemrushBot/7~bl; +http://www.semrush.com/bot.html)"
185.191.171.16 - - [21/Dec/2024:12:35:12 -0500] "GET /affreightment/balaustre1239098.html HTTP/1.1" 301 0 "-" "Mozilla/5.0 (compatible; SemrushBot/7~bl; +http://www.semrush.com/bot.html)"
185.191.171.3 - - [21/Dec/2024:12:35:16 -0500] "GET /affreightment/balaustre1239098.html/ HTTP/1.1" 200 0 "-" "Mozilla/5.0 (compatible; SemrushBot/7~bl; +http://www.semrush.com/bot.html)"
185.191.171.16 - - [21/Dec/2024:12:35:19 -0500] "GET /gibberish/homometrically568592.html/ HTTP/1.1" 200 0 "-" "Mozilla/5.0 (compatible; SemrushBot/7~bl; +http://www.semrush.com/bot.html)"
85.208.96.206 - - [21/Dec/2024:12:35:22 -0500] "GET /knifeless/affreightment1543808.html/ HTTP/1.1" 200 0 "-" "Mozilla/5.0 (compatible; SemrushBot/7~bl; +http://www.semrush.com/bot.html)"
185.191.171.5 - - [21/Dec/2024:12:35:25 -0500] "GET /Anobiidae/Caryophyllaceae80204.html/ HTTP/1.1" 200 0 "-" "Mozilla/5.0 (compatible; SemrushBot/7~bl; +http://www.semrush.com/bot.html)"
85.208.96.193 - - [21/Dec/2024:12:35:27 -0500] "GET /distrainable/dishonorary217278.html HTTP/1.1" 301 0 "-" "Mozilla/5.0 (compatible; SemrushBot/7~bl; +http://www.semrush.com/bot.html)"
185.191.171.12 - - [21/Dec/2024:12:35:30 -0500] "GET /distrainable/dishonorary217278.html/ HTTP/1.1" 200 0 "-" "Mozilla/5.0 (compatible; SemrushBot/7~bl; +http://www.semrush.com/bot.html)"
185.191.171.11 - - [21/Dec/2024:12:35:49 -0500] "GET /gibberish/homometrically1525867.html HTTP/1.1" 301 0 "-" "Mozilla/5.0 (compatible; SemrushBot/7~bl; +http://www.semrush.com/bot.html)"
85.208.96.210 - - [21/Dec/2024:12:35:53 -0500] "GET /distrainable/dishonorary90723.html HTTP/1.1" 301 0 "-" "Mozilla/5.0 (compatible; SemrushBot/7~bl; +http://www.semrush.com/bot.html)"
85.208.96.196 - - [21/Dec/2024:12:35:55 -0500] "GET /distrainable/dishonorary90723.html/ HTTP/1.1" 200 0 "-" "Mozilla/5.0 (compatible; SemrushBot/7~bl; +http://www.semrush.com/bot.html)"
185.191.171.11 - - [21/Dec/2024:12:35:59 -0500] "GET /gibberish/homometrically1525867.html/ HTTP/1.1" 200 0 "-" "Mozilla/5.0 (compatible; SemrushBot/7~bl; +http://www.semrush.com/bot.html)"
185.191.171.13 - - [21/Dec/2024:12:36:24 -0500] "GET /certified/innateness1683527.html HTTP/1.1" 301 0 "-" "Mozilla/5.0 (compatible; SemrushBot/7~bl; +http://www.semrush.com/bot.html)"
185.191.171.11 - - [21/Dec/2024:12:36:29 -0500] "GET /certified/innateness1683527.html/ HTTP/1.1" 200 0 "-" "Mozilla/5.0 (compatible; SemrushBot/7~bl; +http://www.semrush.com/bot.html)"
47.128.125.168 - - [21/Dec/2024:12:36:53 -0500] "GET /wp-content/plugins/elementor/includes/compatibility.php HTTP/1.1" 403 1242 "-" "Mozilla/5.0 (Linux; Android 5.0) AppleWebKit/537.36 (KHTML, like Gecko) Mobile Safari/537.36 (compatible; Bytespider; spider-feedback@bytedance.com)"
85.208.96.203 - - [21/Dec/2024:12:36:56 -0500] "GET /affreightment/balaustre871588.html HTTP/1.1" 301 0 "-" "Mozilla/5.0 (compatible; SemrushBot/7~bl; +http://www.semrush.com/bot.html)"
185.191.171.1 - - [21/Dec/2024:12:37:00 -0500] "GET /knifeless/affreightment537253.html HTTP/1.1" 301 0 "-" "Mozilla/5.0 (compatible; SemrushBot/7~bl; +http://www.semrush.com/bot.html)"
185.191.171.3 - - [21/Dec/2024:12:37:03 -0500] "GET /knifeless/affreightment537253.html/ HTTP/1.1" 200 0 "-" "Mozilla/5.0 (compatible; SemrushBot/7~bl; +http://www.semrush.com/bot.html)"
185.191.171.2 - - [21/Dec/2024:12:37:07 -0500] "GET /affreightment/balaustre871588.html/ HTTP/1.1" 200 0 "-" "Mozilla/5.0 (compatible; SemrushBot/7~bl; +http://www.semrush.com/bot.html)"
85.208.96.206 - - [21/Dec/2024:12:37:09 -0500] "GET /innateness/cosmos1705407.html HTTP/1.1" 301 0 "-" "Mozilla/5.0 (compatible; SemrushBot/7~bl; +http://www.semrush.com/bot.html)"
185.191.171.2 - - [21/Dec/2024:12:37:13 -0500] "GET /innateness/cosmos1705407.html/ HTTP/1.1" 200 0 "-" "Mozilla/5.0 (compatible; SemrushBot/7~bl; +http://www.semrush.com/bot.html)"
85.208.96.203 - - [21/Dec/2024:12:37:21 -0500] "GET /Anobiidae/Caryophyllaceae159019.html HTTP/1.1" 301 0 "-" "Mozilla/5.0 (compatible; SemrushBot/7~bl; +http://www.semrush.com/bot.html)"
85.208.96.208 - - [21/Dec/2024:12:37:24 -0500] "GET /Anobiidae/Caryophyllaceae812419.html HTTP/1.1" 301 0 "-" "Mozilla/5.0 (compatible; SemrushBot/7~bl; +http://www.semrush.com/bot.html)"
216.244.66.247 - - [21/Dec/2024:12:37:26 -0500] "GET /wp-content/plugins/elementor/assets/js/beta-tester.js HTTP/1.1" 200 23085 "-" "Mozilla/5.0 (compatible; DotBot/1.2; +https://opensiteexplorer.org/dotbot; help@moz.com)"
85.208.96.205 - - [21/Dec/2024:12:37:26 -0500] "GET /distrainable/dishonorary687088.html HTTP/1.1" 301 0 "-" "Mozilla/5.0 (compatible; SemrushBot/7~bl; +http://www.semrush.com/bot.html)"
85.208.96.208 - - [21/Dec/2024:12:37:28 -0500] "GET /distrainable/dishonorary687088.html/ HTTP/1.1" 200 0 "-" "Mozilla/5.0 (compatible; SemrushBot/7~bl; +http://www.semrush.com/bot.html)"
185.191.171.1 - - [21/Dec/2024:12:37:32 -0500] "GET /Anobiidae/Caryophyllaceae812419.html/ HTTP/1.1" 200 0 "-" "Mozilla/5.0 (compatible; SemrushBot/7~bl; +http://www.semrush.com/bot.html)"
85.208.96.205 - - [21/Dec/2024:12:37:34 -0500] "GET /cutleress/cauda1175834.html HTTP/1.1" 301 0 "-" "Mozilla/5.0 (compatible; SemrushBot/7~bl; +http://www.semrush.com/bot.html)"
85.208.96.207 - - [21/Dec/2024:12:37:36 -0500] "GET /cutleress/cauda1175834.html/ HTTP/1.1" 200 0 "-" "Mozilla/5.0 (compatible; SemrushBot/7~bl; +http://www.semrush.com/bot.html)"
85.208.96.204 - - [21/Dec/2024:12:37:39 -0500] "GET /Anobiidae/Caryophyllaceae159019.html/ HTTP/1.1" 200 0 "-" "Mozilla/5.0 (compatible; SemrushBot/7~bl; +http://www.semrush.com/bot.html)"
185.191.171.3 - - [21/Dec/2024:12:37:42 -0500] "GET /chaplaincy/metallographical379875.html HTTP/1.1" 301 0 "-" "Mozilla/5.0 (compatible; SemrushBot/7~bl; +http://www.semrush.com/bot.html)"
185.191.171.17 - - [21/Dec/2024:12:37:45 -0500] "GET /distrainable/dishonorary428698.html HTTP/1.1" 301 0 "-" "Mozilla/5.0 (compatible; SemrushBot/7~bl; +http://www.semrush.com/bot.html)"
185.191.171.1 - - [21/Dec/2024:12:37:48 -0500] "GET /distrainable/dishonorary428698.html/ HTTP/1.1" 200 0 "-" "Mozilla/5.0 (compatible; SemrushBot/7~bl; +http://www.semrush.com/bot.html)"
185.191.171.3 - - [21/Dec/2024:12:37:51 -0500] "GET /gibberish/homometrically818402.html HTTP/1.1" 301 0 "-" "Mozilla/5.0 (compatible; SemrushBot/7~bl; +http://www.semrush.com/bot.html)"
85.208.96.202 - - [21/Dec/2024:12:37:53 -0500] "GET /gibberish/homometrically818402.html/ HTTP/1.1" 200 0 "-" "Mozilla/5.0 (compatible; SemrushBot/7~bl; +http://www.semrush.com/bot.html)"
216.244.66.247 - - [21/Dec/2024:12:37:57 -0500] "GET /wp-content/plugins/elementor/assets/js/a730ee9caa710006b307.bundle.js HTTP/1.1" 200 272042 "-" "Mozilla/5.0 (compatible; DotBot/1.2; +https://opensiteexplorer.org/dotbot; help@moz.com)"
185.191.171.17 - - [21/Dec/2024:12:37:56 -0500] "GET /chaplaincy/metallographical379875.html/ HTTP/1.1" 200 0 "-" "Mozilla/5.0 (compatible; SemrushBot/7~bl; +http://www.semrush.com/bot.html)"
216.244.66.247 - - [21/Dec/2024:12:38:01 -0500] "GET /wp-content/plugins/elementor/assets/js/image-carousel.8007d415cd5f258d2d69.bundle.js HTTP/1.1" 200 929 "-" "Mozilla/5.0 (compatible; DotBot/1.2; +https://opensiteexplorer.org/dotbot; help@moz.com)"
216.244.66.247 - - [21/Dec/2024:12:38:03 -0500] "GET /wp-content/plugins/elementor/assets/js/packages/editor-app-bar.strings.js HTTP/1.1" 200 0 "-" "Mozilla/5.0 (compatible; DotBot/1.2; +https://opensiteexplorer.org/dotbot; help@moz.com)"
216.244.66.247 - - [21/Dec/2024:12:38:05 -0500] "GET /wp-content/plugins/elementor/assets/js/packages/editor.js HTTP/1.1" 200 11183 "-" "Mozilla/5.0 (compatible; DotBot/1.2; +https://opensiteexplorer.org/dotbot; help@moz.com)"
216.244.66.247 - - [21/Dec/2024:12:38:29 -0500] "GET /wp-content/plugins/elementor/app/assets/styles/tokens/_ratio.scss HTTP/1.1" 200 301 "-" "Mozilla/5.0 (compatible; DotBot/1.2; +https://opensiteexplorer.org/dotbot; help@moz.com)"
85.208.96.200 - - [21/Dec/2024:12:38:33 -0500] "GET /disjunctively/bitterness975403.html HTTP/1.1" 301 0 "-" "Mozilla/5.0 (compatible; SemrushBot/7~bl; +http://www.semrush.com/bot.html)"
185.191.171.14 - - [21/Dec/2024:12:38:36 -0500] "GET /disjunctively/bitterness975403.html/ HTTP/1.1" 200 0 "-" "Mozilla/5.0 (compatible; SemrushBot/7~bl; +http://www.semrush.com/bot.html)"
51.222.253.6 - - [21/Dec/2024:12:38:40 -0500] "GET /wp-content/plugins/elementor/app/modules/import-export/assets/js/pages/import/import-complete/components/connect-pro-notice/?ND HTTP/1.1" 200 702 "-" "Mozilla/5.0 (compatible; AhrefsBot/7.0; +http://ahrefs.com/robot/)"
185.191.171.16 - - [21/Dec/2024:12:38:50 -0500] "GET /microphotograph/gauzily1413178.html HTTP/1.1" 301 0 "-" "Mozilla/5.0 (compatible; SemrushBot/7~bl; +http://www.semrush.com/bot.html)"
85.208.96.198 - - [21/Dec/2024:12:38:52 -0500] "GET /coynye/chaplaincy1211265.html HTTP/1.1" 301 0 "-" "Mozilla/5.0 (compatible; SemrushBot/7~bl; +http://www.semrush.com/bot.html)"
85.208.96.208 - - [21/Dec/2024:12:38:55 -0500] "GET /cavesson/diatomic946394.html HTTP/1.1" 301 0 "-" "Mozilla/5.0 (compatible; SemrushBot/7~bl; +http://www.semrush.com/bot.html)"
216.244.66.247 - - [21/Dec/2024:12:38:58 -0500] "GET /wp-content/plugins/elementor/core/dynamic-tags/?MA HTTP/1.1" 200 2872 "-" "Mozilla/5.0 (compatible; DotBot/1.2; +https://opensiteexplorer.org/dotbot; help@moz.com)"
85.208.96.207 - - [21/Dec/2024:12:38:58 -0500] "GET /chaplaincy/metallographical413535.html HTTP/1.1" 301 0 "-" "Mozilla/5.0 (compatible; SemrushBot/7~bl; +http://www.semrush.com/bot.html)"
185.191.171.8 - - [21/Dec/2024:12:39:02 -0500] "GET /chaplaincy/metallographical413535.html/ HTTP/1.1" 200 0 "-" "Mozilla/5.0 (compatible; SemrushBot/7~bl; +http://www.semrush.com/bot.html)"
85.208.96.198 - - [21/Dec/2024:12:39:04 -0500] "GET /cavesson/diatomic946394.html/ HTTP/1.1" 200 0 "-" "Mozilla/5.0 (compatible; SemrushBot/7~bl; +http://www.semrush.com/bot.html)"
85.208.96.208 - - [21/Dec/2024:12:39:07 -0500] "GET /coynye/chaplaincy1211265.html/ HTTP/1.1" 200 0 "-" "Mozilla/5.0 (compatible; SemrushBot/7~bl; +http://www.semrush.com/bot.html)"
85.208.96.208 - - [21/Dec/2024:12:39:09 -0500] "GET /microphotograph/gauzily1413178.html/ HTTP/1.1" 200 0 "-" "Mozilla/5.0 (compatible; SemrushBot/7~bl; +http://www.semrush.com/bot.html)"
216.244.66.247 - - [21/Dec/2024:12:39:27 -0500] "GET /wp-content/plugins/elementor/app/assets/?NA HTTP/1.1" 200 1936 "-" "Mozilla/5.0 (compatible; DotBot/1.2; +https://opensiteexplorer.org/dotbot; help@moz.com)"
216.244.66.247 - - [21/Dec/2024:12:39:28 -0500] "GET /wp-content/plugins/elementor/core/app/modules/?SA HTTP/1.1" 200 2574 "-" "Mozilla/5.0 (compatible; DotBot/1.2; +https://opensiteexplorer.org/dotbot; help@moz.com)"
216.244.66.247 - - [21/Dec/2024:12:39:29 -0500] "GET /wp-content/plugins/elementor/core/settings/base/?SA HTTP/1.1" 200 2606 "-" "Mozilla/5.0 (compatible; DotBot/1.2; +https://opensiteexplorer.org/dotbot; help@moz.com)"
85.208.96.207 - - [21/Dec/2024:12:39:29 -0500] "GET /gibberish/homometrically902937.html HTTP/1.1" 301 0 "-" "Mozilla/5.0 (compatible; SemrushBot/7~bl; +http://www.semrush.com/bot.html)"
216.244.66.247 - - [21/Dec/2024:12:39:31 -0500] "GET /wp-content/plugins/elementor/modules/ai/?NA HTTP/1.1" 200 1970 "-" "Mozilla/5.0 (compatible; DotBot/1.2; +https://opensiteexplorer.org/dotbot; help@moz.com)"
216.244.66.247 - - [21/Dec/2024:12:39:32 -0500] "GET /wp-content/plugins/elementor/modules/apps/?NA HTTP/1.1" 200 2879 "-" "Mozilla/5.0 (compatible; DotBot/1.2; +https://opensiteexplorer.org/dotbot; help@moz.com)"
85.208.96.211 - - [21/Dec/2024:12:39:32 -0500] "GET /gibberish/homometrically902937.html/ HTTP/1.1" 200 0 "-" "Mozilla/5.0 (compatible; SemrushBot/7~bl; +http://www.semrush.com/bot.html)"
85.208.96.211 - - [21/Dec/2024:12:39:41 -0500] "GET /lupulinum/Anobiidae1555039.html HTTP/1.1" 301 0 "-" "Mozilla/5.0 (compatible; SemrushBot/7~bl; +http://www.semrush.com/bot.html)"
85.208.96.210 - - [21/Dec/2024:12:39:44 -0500] "GET /lupulinum/Anobiidae1555039.html/ HTTP/1.1" 200 0 "-" "Mozilla/5.0 (compatible; SemrushBot/7~bl; +http://www.semrush.com/bot.html)"
85.208.96.196 - - [21/Dec/2024:12:39:50 -0500] "GET /mechanalize/distrainable1524583.html HTTP/1.1" 301 0 "-" "Mozilla/5.0 (compatible; SemrushBot/7~bl; +http://www.semrush.com/bot.html)"
216.244.66.247 - - [21/Dec/2024:12:39:51 -0500] "GET /wp-content/plugins/elementor/app/assets/styles/tokens/maps/?SA HTTP/1.1" 200 4553 "-" "Mozilla/5.0 (compatible; DotBot/1.2; +https://opensiteexplorer.org/dotbot; help@moz.com)"
216.244.66.247 - - [21/Dec/2024:12:39:52 -0500] "GET /wp-content/plugins/elementor/assets/js/packages/locations/?MA HTTP/1.1" 200 3060 "-" "Mozilla/5.0 (compatible; DotBot/1.2; +https://opensiteexplorer.org/dotbot; help@moz.com)"
85.208.96.210 - - [21/Dec/2024:12:39:52 -0500] "GET /equidurable/aeronautical796601.html HTTP/1.1" 301 0 "-" "Mozilla/5.0 (compatible; SemrushBot/7~bl; +http://www.semrush.com/bot.html)"
216.244.66.247 - - [21/Dec/2024:12:39:54 -0500] "GET /wp-content/plugins/elementor/core/utils/import-export/parsers/?SA HTTP/1.1" 200 2791 "-" "Mozilla/5.0 (compatible; DotBot/1.2; +https://opensiteexplorer.org/dotbot; help@moz.com)"
216.244.66.247 - - [21/Dec/2024:12:39:55 -0500] "GET /wp-content/plugins/elementor/includes/settings/admin-menu-items/?NA HTTP/1.1" 200 2828 "-" "Mozilla/5.0 (compatible; DotBot/1.2; +https://opensiteexplorer.org/dotbot; help@moz.com)"
85.208.96.208 - - [21/Dec/2024:12:39:55 -0500] "GET /equidurable/aeronautical796601.html/ HTTP/1.1" 200 0 "-" "Mozilla/5.0 (compatible; SemrushBot/7~bl; +http://www.semrush.com/bot.html)"
216.244.66.247 - - [21/Dec/2024:12:39:56 -0500] "GET /wp-content/plugins/elementor/modules/styleguide/controls/?NA HTTP/1.1" 200 1772 "-" "Mozilla/5.0 (compatible; DotBot/1.2; +https://opensiteexplorer.org/dotbot; help@moz.com)"
185.191.171.5 - - [21/Dec/2024:12:39:58 -0500] "GET /mechanalize/distrainable1524583.html/ HTTP/1.1" 200 0 "-" "Mozilla/5.0 (compatible; SemrushBot/7~bl; +http://www.semrush.com/bot.html)"
85.208.96.201 - - [21/Dec/2024:12:40:28 -0500] "GET /extraplanetary/disjunctively656633.html HTTP/1.1" 301 0 "-" "Mozilla/5.0 (compatible; SemrushBot/7~bl; +http://www.semrush.com/bot.html)"
185.191.171.15 - - [21/Dec/2024:12:40:32 -0500] "GET /extraplanetary/disjunctively656633.html/ HTTP/1.1" 200 0 "-" "Mozilla/5.0 (compatible; SemrushBot/7~bl; +http://www.semrush.com/bot.html)"
47.128.112.221 - - [21/Dec/2024:12:40:54 -0500] "GET / HTTP/1.1" 200 0 "-" "Mozilla/5.0 (Linux; Android 5.0) AppleWebKit/537.36 (KHTML, like Gecko) Mobile Safari/537.36 (compatible; Bytespider; spider-feedback@bytedance.com)"
85.208.96.210 - - [21/Dec/2024:12:40:55 -0500] "GET /gibberish/homometrically1457557.html HTTP/1.1" 301 0 "-" "Mozilla/5.0 (compatible; SemrushBot/7~bl; +http://www.semrush.com/bot.html)"
85.208.96.210 - - [21/Dec/2024:12:40:58 -0500] "GET /gibberish/homometrically1457557.html/ HTTP/1.1" 200 0 "-" "Mozilla/5.0 (compatible; SemrushBot/7~bl; +http://www.semrush.com/bot.html)"
185.191.171.11 - - [21/Dec/2024:12:41:09 -0500] "GET /affreightment/balaustre1674258.html HTTP/1.1" 301 0 "-" "Mozilla/5.0 (compatible; SemrushBot/7~bl; +http://www.semrush.com/bot.html)"
85.208.96.207 - - [21/Dec/2024:12:41:12 -0500] "GET /affreightment/balaustre1674258.html/ HTTP/1.1" 200 0 "-" "Mozilla/5.0 (compatible; SemrushBot/7~bl; +http://www.semrush.com/bot.html)"
85.208.96.200 - - [21/Dec/2024:12:41:18 -0500] "GET /gibberish/homometrically1693782.html HTTP/1.1" 301 0 "-" "Mozilla/5.0 (compatible; SemrushBot/7~bl; +http://www.semrush.com/bot.html)"
185.191.171.14 - - [21/Dec/2024:12:41:21 -0500] "GET /gibberish/homometrically1693782.html/ HTTP/1.1" 200 0 "-" "Mozilla/5.0 (compatible; SemrushBot/7~bl; +http://www.semrush.com/bot.html)"
185.191.171.16 - - [21/Dec/2024:12:41:25 -0500] "GET /gauzily/extraplanetary597133.html HTTP/1.1" 301 0 "-" "Mozilla/5.0 (compatible; SemrushBot/7~bl; +http://www.semrush.com/bot.html)"
185.191.171.11 - - [21/Dec/2024:12:41:28 -0500] "GET /Meletian/Algaroth1205881.html HTTP/1.1" 301 0 "-" "Mozilla/5.0 (compatible; SemrushBot/7~bl; +http://www.semrush.com/bot.html)"
85.208.96.203 - - [21/Dec/2024:12:41:31 -0500] "GET /equidurable/aeronautical893181.html HTTP/1.1" 301 0 "-" "Mozilla/5.0 (compatible; SemrushBot/7~bl; +http://www.semrush.com/bot.html)"
85.208.96.206 - - [21/Dec/2024:12:41:33 -0500] "GET /Anobiidae/Caryophyllaceae923134.html HTTP/1.1" 301 0 "-" "Mozilla/5.0 (compatible; SemrushBot/7~bl; +http://www.semrush.com/bot.html)"
185.191.171.13 - - [21/Dec/2024:12:41:37 -0500] "GET /Anobiidae/Caryophyllaceae923134.html/ HTTP/1.1" 200 0 "-" "Mozilla/5.0 (compatible; SemrushBot/7~bl; +http://www.semrush.com/bot.html)"
185.191.171.1 - - [21/Dec/2024:12:41:41 -0500] "GET /equidurable/aeronautical893181.html/ HTTP/1.1" 200 0 "-" "Mozilla/5.0 (compatible; SemrushBot/7~bl; +http://www.semrush.com/bot.html)"
85.208.96.207 - - [21/Dec/2024:12:41:44 -0500] "GET /esere/opportunist947086.html HTTP/1.1" 301 0 "-" "Mozilla/5.0 (compatible; SemrushBot/7~bl; +http://www.semrush.com/bot.html)"
185.191.171.9 - - [21/Dec/2024:12:41:47 -0500] "GET /diatomic/cutleress342649.html HTTP/1.1" 301 0 "-" "Mozilla/5.0 (compatible; SemrushBot/7~bl; +http://www.semrush.com/bot.html)"
185.191.171.13 - - [21/Dec/2024:12:41:50 -0500] "GET /diatomic/cutleress342649.html/ HTTP/1.1" 200 0 "-" "Mozilla/5.0 (compatible; SemrushBot/7~bl; +http://www.semrush.com/bot.html)"
185.191.171.7 - - [21/Dec/2024:12:41:54 -0500] "GET /equidurable/aeronautical822396.html HTTP/1.1" 301 0 "-" "Mozilla/5.0 (compatible; SemrushBot/7~bl; +http://www.semrush.com/bot.html)"
85.208.96.201 - - [21/Dec/2024:12:41:56 -0500] "GET /equidurable/aeronautical822396.html/ HTTP/1.1" 200 0 "-" "Mozilla/5.0 (compatible; SemrushBot/7~bl; +http://www.semrush.com/bot.html)"
85.208.96.210 - - [21/Dec/2024:12:41:59 -0500] "GET /esere/opportunist947086.html/ HTTP/1.1" 200 0 "-" "Mozilla/5.0 (compatible; SemrushBot/7~bl; +http://www.semrush.com/bot.html)"
85.208.96.211 - - [21/Dec/2024:12:42:01 -0500] "GET /Meletian/Algaroth1205881.html/ HTTP/1.1" 200 0 "-" "Mozilla/5.0 (compatible; SemrushBot/7~bl; +http://www.semrush.com/bot.html)"
85.208.96.211 - - [21/Dec/2024:12:42:04 -0500] "GET /gauzily/extraplanetary597133.html/ HTTP/1.1" 200 0 "-" "Mozilla/5.0 (compatible; SemrushBot/7~bl; +http://www.semrush.com/bot.html)"
216.244.66.247 - - [21/Dec/2024:12:42:19 -0500] "GET /wp-content/plugins/elementor/assets/lib/jquery-numerator/?ND HTTP/1.1" 200 2118 "-" "Mozilla/5.0 (compatible; DotBot/1.2; +https://opensiteexplorer.org/dotbot; help@moz.com)"
216.244.66.247 - - [21/Dec/2024:12:42:50 -0500] "GET /wp-content/plugins/elementor/app/modules/kit-library/connect/?ND HTTP/1.1" 200 1800 "-" "Mozilla/5.0 (compatible; DotBot/1.2; +https://opensiteexplorer.org/dotbot; help@moz.com)"
185.191.171.13 - - [21/Dec/2024:12:42:52 -0500] "GET /energetical/certified191662.html HTTP/1.1" 301 0 "-" "Mozilla/5.0 (compatible; SemrushBot/7~bl; +http://www.semrush.com/bot.html)"
185.191.171.13 - - [21/Dec/2024:12:42:55 -0500] "GET /energetical/certified191662.html/ HTTP/1.1" 200 0 "-" "Mozilla/5.0 (compatible; SemrushBot/7~bl; +http://www.semrush.com/bot.html)"
85.208.96.210 - - [21/Dec/2024:12:43:00 -0500] "GET /affreightment/balaustre1308893.html HTTP/1.1" 301 0 "-" "Mozilla/5.0 (compatible; SemrushBot/7~bl; +http://www.semrush.com/bot.html)"
85.208.96.203 - - [21/Dec/2024:12:43:03 -0500] "GET /haberdash/Majagga1322890.html HTTP/1.1" 301 0 "-" "Mozilla/5.0 (compatible; SemrushBot/7~bl; +http://www.semrush.com/bot.html)"
185.191.171.8 - - [21/Dec/2024:12:43:04 -0500] "GET /robots.txt HTTP/1.1" 301 0 "-" "Mozilla/5.0 (compatible; SemrushBot/7~bl; +http://www.semrush.com/bot.html)"
85.208.96.201 - - [21/Dec/2024:12:43:05 -0500] "GET /distrainable/dishonorary412033.html HTTP/1.1" 301 0 "-" "Mozilla/5.0 (compatible; SemrushBot/7~bl; +http://www.semrush.com/bot.html)"
185.191.171.9 - - [21/Dec/2024:12:43:06 -0500] "GET /robots.txt/ HTTP/1.1" 200 0 "-" "Mozilla/5.0 (compatible; SemrushBot/7~bl; +http://www.semrush.com/bot.html)"
185.191.171.10 - - [21/Dec/2024:12:43:08 -0500] "GET /gauzily/extraplanetary1010953.html HTTP/1.1" 301 0 "-" "Mozilla/5.0 (compatible; SemrushBot/7~bl; +http://www.semrush.com/bot.html)"
185.191.171.15 - - [21/Dec/2024:12:43:11 -0500] "GET /gauzily/extraplanetary1010953.html/ HTTP/1.1" 200 0 "-" "Mozilla/5.0 (compatible; SemrushBot/7~bl; +http://www.semrush.com/bot.html)"
85.208.96.205 - - [21/Dec/2024:12:43:14 -0500] "GET /distrainable/dishonorary412033.html/ HTTP/1.1" 200 0 "-" "Mozilla/5.0 (compatible; SemrushBot/7~bl; +http://www.semrush.com/bot.html)"
185.191.171.1 - - [21/Dec/2024:12:43:16 -0500] "GET /haberdash/Majagga1322890.html/ HTTP/1.1" 200 0 "-" "Mozilla/5.0 (compatible; SemrushBot/7~bl; +http://www.semrush.com/bot.html)"
85.208.96.193 - - [21/Dec/2024:12:43:19 -0500] "GET /affreightment/balaustre1308893.html/ HTTP/1.1" 200 0 "-" "Mozilla/5.0 (compatible; SemrushBot/7~bl; +http://www.semrush.com/bot.html)"
185.191.171.12 - - [21/Dec/2024:12:43:29 -0500] "GET /distrainable/dishonorary649798.html HTTP/1.1" 301 0 "-" "Mozilla/5.0 (compatible; SemrushBot/7~bl; +http://www.semrush.com/bot.html)"
85.208.96.206 - - [21/Dec/2024:12:43:32 -0500] "GET /distrainable/dishonorary649798.html/ HTTP/1.1" 200 0 "-" "Mozilla/5.0 (compatible; SemrushBot/7~bl; +http://www.semrush.com/bot.html)"
216.244.66.247 - - [21/Dec/2024:12:43:33 -0500] "GET /wp-content/plugins/elementor/data/base/?MD HTTP/1.1" 200 2834 "-" "Mozilla/5.0 (compatible; DotBot/1.2; +https://opensiteexplorer.org/dotbot; help@moz.com)"
185.191.171.16 - - [21/Dec/2024:12:43:49 -0500] "GET /chaplaincy/metallographical94315.html HTTP/1.1" 301 0 "-" "Mozilla/5.0 (compatible; SemrushBot/7~bl; +http://www.semrush.com/bot.html)"
