154.47.21.189 - - [22/Dec/2024:02:54:18 -0500] "GET /register/ HTTP/1.0" 200 75922 "https://misswavenigeria.com/register/" "Mozilla/5.0 (Windows NT 10.0; Win64; x64) AppleWebKit/537.36 (KHTML, like Gecko) Chrome/103.0.5060.53 Safari/537.36"
154.47.21.189 - - [22/Dec/2024:02:54:19 -0500] "POST /register/ HTTP/1.0" 200 76048 "https://misswavenigeria.com/register/" "Mozilla/5.0 (Windows NT 10.0; Win64; x64) AppleWebKit/537.36 (KHTML, like Gecko) Chrome/103.0.5060.53 Safari/537.36"
66.29.132.124 - - [22/Dec/2024:02:55:47 -0500] "POST /wp-cron.php?doing_wp_cron=1734854147.3057670593261718750000 HTTP/1.1" 200 0 "-" "WordPress/6.7.1; https://misswavenigeria.com"
154.47.21.189 - - [22/Dec/2024:02:55:47 -0500] "GET /register/ HTTP/1.0" 200 75922 "https://misswavenigeria.com/" "Mozilla/5.0 (Windows NT 10.0; Win64; x64) AppleWebKit/537.36 (KHTML, like Gecko) Chrome/103.0.5060.53 Safari/537.36"
66.29.132.124 - - [22/Dec/2024:02:55:47 -0500] "POST /wp-admin/admin-ajax.php?action=async_litespeed&nonce=CwVrlxI5QDeFuBcR2J9u7Zet4Oif62oI&litespeed_type=imgoptm HTTP/1.1" 200 21 "-" "WordPress/6.7.1; https://misswavenigeria.com"
66.29.132.124 - - [22/Dec/2024:02:57:27 -0500] "POST /wp-cron.php?doing_wp_cron=1734854247.0394461154937744140625 HTTP/1.1" 200 0 "-" "WordPress/6.7.1; https://misswavenigeria.com"
154.47.21.189 - - [22/Dec/2024:02:57:25 -0500] "GET / HTTP/1.0" 200 109055 "https://misswavenigeria.com/" "Mozilla/5.0 (Windows NT 6.3; WOW64) AppleWebKit/537.36 (KHTML, like Gecko) Chrome/103.0.5060.114 Safari/537.36"
66.29.132.124 - - [22/Dec/2024:02:57:27 -0500] "POST /wp-admin/admin-ajax.php?action=async_litespeed&nonce=NIWOFKX6lFN3zL7Kefd8b3EO4Eog1anm&litespeed_type=imgoptm HTTP/1.1" 200 21 "-" "WordPress/6.7.1; https://misswavenigeria.com"
154.47.21.189 - - [22/Dec/2024:02:57:29 -0500] "GET /register/ HTTP/1.0" 200 75922 "https://misswavenigeria.com/register/" "Mozilla/5.0 (Windows NT 6.3; WOW64) AppleWebKit/537.36 (KHTML, like Gecko) Chrome/103.0.5060.114 Safari/537.36"
154.47.21.189 - - [22/Dec/2024:02:57:30 -0500] "POST /register/ HTTP/1.0" 200 76048 "https://misswavenigeria.com/register/" "Mozilla/5.0 (Windows NT 6.3; WOW64) AppleWebKit/537.36 (KHTML, like Gecko) Chrome/103.0.5060.114 Safari/537.36"
66.29.132.124 - - [22/Dec/2024:02:58:38 -0500] "POST /wp-cron.php?doing_wp_cron=1734854318.2754890918731689453125 HTTP/1.1" 200 0 "-" "WordPress/6.7.1; https://misswavenigeria.com"
154.47.21.189 - - [22/Dec/2024:02:58:38 -0500] "GET /register/ HTTP/1.0" 200 75922 "https://misswavenigeria.com/" "Mozilla/5.0 (Windows NT 6.3; WOW64) AppleWebKit/537.36 (KHTML, like Gecko) Chrome/103.0.5060.114 Safari/537.36"
66.29.132.124 - - [22/Dec/2024:02:58:38 -0500] "POST /wp-admin/admin-ajax.php?action=async_litespeed&nonce=y2E0mqpmE7RllYjtQcTsakQMQIjahnpU&litespeed_type=imgoptm HTTP/1.1" 200 21 "-" "WordPress/6.7.1; https://misswavenigeria.com"
66.29.132.124 - - [22/Dec/2024:03:00:41 -0500] "POST /wp-cron.php?doing_wp_cron=1734854441.2663340568542480468750 HTTP/1.1" 200 0 "-" "WordPress/6.7.1; https://misswavenigeria.com"
66.249.79.130 - - [22/Dec/2024:03:00:39 -0500] "GET /goods/399583.html HTTP/1.1" 404 15608 "-" "Mozilla/5.0 (Linux; Android 6.0.1; Nexus 5X Build/MMB29P) AppleWebKit/537.36 (KHTML, like Gecko) Chrome/131.0.6778.139 Mobile Safari/537.36 (compatible; Googlebot/2.1; +http://www.google.com/bot.html)"
66.29.132.124 - - [22/Dec/2024:03:00:41 -0500] "POST /wp-admin/admin-ajax.php?action=async_litespeed&nonce=aL1gbe0Pmt5uYIlNkYUgnlDufZdpoVjq&litespeed_type=imgoptm HTTP/1.1" 200 21 "-" "WordPress/6.7.1; https://misswavenigeria.com"
154.47.21.189 - - [22/Dec/2024:03:00:43 -0500] "GET / HTTP/1.0" 200 109053 "https://misswavenigeria.com/" "Mozilla/5.0 (Windows NT 10.0; WOW64) AppleWebKit/537.36 (KHTML, like Gecko) Chrome/103.0.0.0 Safari/537.36"
154.47.21.189 - - [22/Dec/2024:03:00:45 -0500] "GET /register/ HTTP/1.0" 200 75922 "https://misswavenigeria.com/register/" "Mozilla/5.0 (Windows NT 10.0; WOW64) AppleWebKit/537.36 (KHTML, like Gecko) Chrome/103.0.0.0 Safari/537.36"
154.47.21.189 - - [22/Dec/2024:03:00:47 -0500] "POST /register/ HTTP/1.0" 200 76048 "https://misswavenigeria.com/register/" "Mozilla/5.0 (Windows NT 10.0; WOW64) AppleWebKit/537.36 (KHTML, like Gecko) Chrome/103.0.0.0 Safari/537.36"
66.29.132.124 - - [22/Dec/2024:03:02:09 -0500] "POST /wp-cron.php?doing_wp_cron=1734854529.8896210193634033203125 HTTP/1.1" 200 0 "-" "WordPress/6.7.1; https://misswavenigeria.com"
154.47.21.189 - - [22/Dec/2024:03:02:09 -0500] "GET /register/ HTTP/1.0" 200 75922 "https://misswavenigeria.com/" "Mozilla/5.0 (Windows NT 10.0; WOW64) AppleWebKit/537.36 (KHTML, like Gecko) Chrome/103.0.0.0 Safari/537.36"
66.29.132.124 - - [22/Dec/2024:03:02:10 -0500] "POST /wp-admin/admin-ajax.php?action=async_litespeed&nonce=ncXrg45qIOOLGF4GFv86Ah6IJByilhw8&litespeed_type=imgoptm HTTP/1.1" 200 21 "-" "WordPress/6.7.1; https://misswavenigeria.com"
66.29.132.124 - - [22/Dec/2024:03:04:01 -0500] "POST /wp-cron.php?doing_wp_cron=1734854641.2282381057739257812500 HTTP/1.1" 200 0 "-" "WordPress/6.7.1; https://misswavenigeria.com"
154.47.21.189 - - [22/Dec/2024:03:03:59 -0500] "GET / HTTP/1.0" 200 109053 "https://misswavenigeria.com/" "Mozilla/5.0 (Windows NT 6.1; Win64; x64) AppleWebKit/537.36 (KHTML, like Gecko) Chrome/103.0.5060.66 Safari/537.36"
66.29.132.124 - - [22/Dec/2024:03:04:01 -0500] "POST /wp-admin/admin-ajax.php?action=async_litespeed&nonce=33JcxDOQPg3vERFNl7N7GW5rACiRMtv3&litespeed_type=imgoptm HTTP/1.1" 200 21 "-" "WordPress/6.7.1; https://misswavenigeria.com"
154.47.21.189 - - [22/Dec/2024:03:04:03 -0500] "GET /register/ HTTP/1.0" 200 75922 "https://misswavenigeria.com/register/" "Mozilla/5.0 (Windows NT 6.1; Win64; x64) AppleWebKit/537.36 (KHTML, like Gecko) Chrome/103.0.5060.66 Safari/537.36"
154.47.21.189 - - [22/Dec/2024:03:04:05 -0500] "POST /register/ HTTP/1.0" 200 76048 "https://misswavenigeria.com/register/" "Mozilla/5.0 (Windows NT 6.1; Win64; x64) AppleWebKit/537.36 (KHTML, like Gecko) Chrome/103.0.5060.66 Safari/537.36"
66.29.132.124 - - [22/Dec/2024:03:05:30 -0500] "POST /wp-cron.php?doing_wp_cron=1734854730.0008370876312255859375 HTTP/1.1" 200 0 "-" "WordPress/6.7.1; https://misswavenigeria.com"
154.47.21.189 - - [22/Dec/2024:03:05:29 -0500] "GET /register/ HTTP/1.0" 200 75922 "https://misswavenigeria.com/" "Mozilla/5.0 (Windows NT 6.1; Win64; x64) AppleWebKit/537.36 (KHTML, like Gecko) Chrome/103.0.5060.66 Safari/537.36"
66.29.132.124 - - [22/Dec/2024:03:05:30 -0500] "POST /wp-admin/admin-ajax.php?action=async_litespeed&nonce=0rWtNQspt5rhgCKYT5e2D0KM1igaD3qL&litespeed_type=imgoptm HTTP/1.1" 200 21 "-" "WordPress/6.7.1; https://misswavenigeria.com"
66.29.132.124 - - [22/Dec/2024:03:07:13 -0500] "POST /wp-cron.php?doing_wp_cron=1734854833.3997559547424316406250 HTTP/1.1" 200 0 "-" "WordPress/6.7.1; https://misswavenigeria.com"
154.47.21.189 - - [22/Dec/2024:03:07:11 -0500] "GET / HTTP/1.0" 200 109051 "https://misswavenigeria.com/" "Mozilla/5.0 (Windows NT 6.3; Win64; x64) AppleWebKit/537.36 (KHTML, like Gecko) Chrome/103.0.5060.53 Safari/537.36"
66.29.132.124 - - [22/Dec/2024:03:07:13 -0500] "POST /wp-admin/admin-ajax.php?action=async_litespeed&nonce=DwD7FQnloqZqxS2fRn1Ef34mo4MibWTR&litespeed_type=imgoptm HTTP/1.1" 200 21 "-" "WordPress/6.7.1; https://misswavenigeria.com"
154.47.21.189 - - [22/Dec/2024:03:07:15 -0500] "GET /register/ HTTP/1.0" 200 75922 "https://misswavenigeria.com/register/" "Mozilla/5.0 (Windows NT 6.3; Win64; x64) AppleWebKit/537.36 (KHTML, like Gecko) Chrome/103.0.5060.53 Safari/537.36"
154.47.21.189 - - [22/Dec/2024:03:07:17 -0500] "POST /register/ HTTP/1.0" 200 76048 "https://misswavenigeria.com/register/" "Mozilla/5.0 (Windows NT 6.3; Win64; x64) AppleWebKit/537.36 (KHTML, like Gecko) Chrome/103.0.5060.53 Safari/537.36"
66.29.132.124 - - [22/Dec/2024:03:08:34 -0500] "POST /wp-cron.php?doing_wp_cron=1734854914.7465190887451171875000 HTTP/1.1" 200 0 "-" "WordPress/6.7.1; https://misswavenigeria.com"
154.47.21.189 - - [22/Dec/2024:03:08:34 -0500] "GET /register/ HTTP/1.0" 200 75922 "https://misswavenigeria.com/" "Mozilla/5.0 (Windows NT 6.3; Win64; x64) AppleWebKit/537.36 (KHTML, like Gecko) Chrome/103.0.5060.53 Safari/537.36"
66.29.132.124 - - [22/Dec/2024:03:08:34 -0500] "POST /wp-admin/admin-ajax.php?action=async_litespeed&nonce=GAaoN5QEvfgBGIXWAkY6MtW5A0Ehfcz5&litespeed_type=imgoptm HTTP/1.1" 200 21 "-" "WordPress/6.7.1; https://misswavenigeria.com"
66.29.132.124 - - [22/Dec/2024:03:10:26 -0500] "POST /wp-cron.php?doing_wp_cron=1734855026.8933489322662353515625 HTTP/1.1" 200 0 "-" "WordPress/6.7.1; https://misswavenigeria.com"
154.47.21.189 - - [22/Dec/2024:03:10:25 -0500] "GET / HTTP/1.0" 200 109055 "https://misswavenigeria.com/" "Mozilla/5.0 (Windows NT 10.0; Win64; x64) AppleWebKit/537.36 (KHTML, like Gecko) Chrome/103.0.0.0 Safari/537.36 Herring/95.1.8810.11"
66.29.132.124 - - [22/Dec/2024:03:10:27 -0500] "POST /wp-admin/admin-ajax.php?action=async_litespeed&nonce=QTnctEEuY3YJxjYWFO319bdxsuPfRbq9&litespeed_type=imgoptm HTTP/1.1" 200 21 "-" "WordPress/6.7.1; https://misswavenigeria.com"
154.47.21.189 - - [22/Dec/2024:03:10:29 -0500] "GET /register/ HTTP/1.0" 200 75922 "https://misswavenigeria.com/register/" "Mozilla/5.0 (Windows NT 10.0; Win64; x64) AppleWebKit/537.36 (KHTML, like Gecko) Chrome/103.0.0.0 Safari/537.36 Herring/95.1.8810.11"
154.47.21.189 - - [22/Dec/2024:03:10:30 -0500] "POST /register/ HTTP/1.0" 200 76048 "https://misswavenigeria.com/register/" "Mozilla/5.0 (Windows NT 10.0; Win64; x64) AppleWebKit/537.36 (KHTML, like Gecko) Chrome/103.0.0.0 Safari/537.36 Herring/95.1.8810.11"
66.29.132.124 - - [22/Dec/2024:03:11:39 -0500] "POST /wp-cron.php?doing_wp_cron=1734855099.9085071086883544921875 HTTP/1.1" 200 0 "-" "WordPress/6.7.1; https://misswavenigeria.com"
154.47.21.189 - - [22/Dec/2024:03:11:39 -0500] "GET /register/ HTTP/1.0" 200 75922 "https://misswavenigeria.com/" "Mozilla/5.0 (Windows NT 10.0; Win64; x64) AppleWebKit/537.36 (KHTML, like Gecko) Chrome/103.0.0.0 Safari/537.36 Herring/95.1.8810.11"
66.29.132.124 - - [22/Dec/2024:03:11:40 -0500] "POST /wp-admin/admin-ajax.php?action=async_litespeed&nonce=pD0iOnWXnvTpXMHwcNkM512Z7oylsOGN&litespeed_type=imgoptm HTTP/1.1" 200 21 "-" "WordPress/6.7.1; https://misswavenigeria.com"
66.29.132.124 - - [22/Dec/2024:03:13:38 -0500] "POST /wp-cron.php?doing_wp_cron=1734855218.3108990192413330078125 HTTP/1.1" 200 0 "-" "WordPress/6.7.1; https://misswavenigeria.com"
154.47.21.189 - - [22/Dec/2024:03:13:36 -0500] "GET / HTTP/1.0" 200 109053 "https://misswavenigeria.com/" "Mozilla/5.0 (Windows NT 6.1) AppleWebKit/537.36 (KHTML, like Gecko) Chrome/103.0.0.0 Safari/537.36"
66.29.132.124 - - [22/Dec/2024:03:13:38 -0500] "POST /wp-admin/admin-ajax.php?action=async_litespeed&nonce=Xgm2v0cH9Q7i1YzboAtKmZzKuek9Hxdw&litespeed_type=imgoptm HTTP/1.1" 200 21 "-" "WordPress/6.7.1; https://misswavenigeria.com"
154.47.21.189 - - [22/Dec/2024:03:13:40 -0500] "GET /register/ HTTP/1.0" 200 75922 "https://misswavenigeria.com/register/" "Mozilla/5.0 (Windows NT 6.1) AppleWebKit/537.36 (KHTML, like Gecko) Chrome/103.0.0.0 Safari/537.36"
154.47.21.189 - - [22/Dec/2024:03:13:42 -0500] "POST /register/ HTTP/1.0" 200 76048 "https://misswavenigeria.com/register/" "Mozilla/5.0 (Windows NT 6.1) AppleWebKit/537.36 (KHTML, like Gecko) Chrome/103.0.0.0 Safari/537.36"
66.29.132.124 - - [22/Dec/2024:03:14:58 -0500] "POST /wp-cron.php?doing_wp_cron=1734855298.9160149097442626953125 HTTP/1.1" 200 0 "-" "WordPress/6.7.1; https://misswavenigeria.com"
154.47.21.189 - - [22/Dec/2024:03:14:58 -0500] "GET /register/ HTTP/1.0" 200 75922 "https://misswavenigeria.com/" "Mozilla/5.0 (Windows NT 6.1) AppleWebKit/537.36 (KHTML, like Gecko) Chrome/103.0.0.0 Safari/537.36"
66.29.132.124 - - [22/Dec/2024:03:14:59 -0500] "POST /wp-admin/admin-ajax.php?action=async_litespeed&nonce=BIyuxZRUHdGnpCx61K1CJTNCSYk0sHss&litespeed_type=imgoptm HTTP/1.1" 200 21 "-" "WordPress/6.7.1; https://misswavenigeria.com"
66.29.132.124 - - [22/Dec/2024:03:16:49 -0500] "POST /wp-cron.php?doing_wp_cron=1734855409.2139019966125488281250 HTTP/1.1" 200 0 "-" "WordPress/6.7.1; https://misswavenigeria.com"
154.47.21.189 - - [22/Dec/2024:03:16:47 -0500] "GET / HTTP/1.0" 200 109053 "https://misswavenigeria.com/" "Mozilla/5.0 (Windows NT 10.0; Win64; x64) AppleWebKit/537.36 (KHTML, like Gecko) Chrome/103.0.5060.134 Safari/537.36"
66.29.132.124 - - [22/Dec/2024:03:16:49 -0500] "POST /wp-admin/admin-ajax.php?action=async_litespeed&nonce=3TINMIDXCfO3NGMN8wlU33h0XyrUPStD&litespeed_type=imgoptm HTTP/1.1" 200 21 "-" "WordPress/6.7.1; https://misswavenigeria.com"
154.47.21.189 - - [22/Dec/2024:03:16:51 -0500] "GET /register/ HTTP/1.0" 200 75922 "https://misswavenigeria.com/register/" "Mozilla/5.0 (Windows NT 10.0; Win64; x64) AppleWebKit/537.36 (KHTML, like Gecko) Chrome/103.0.5060.134 Safari/537.36"
154.47.21.189 - - [22/Dec/2024:03:16:53 -0500] "POST /register/ HTTP/1.0" 200 76048 "https://misswavenigeria.com/register/" "Mozilla/5.0 (Windows NT 10.0; Win64; x64) AppleWebKit/537.36 (KHTML, like Gecko) Chrome/103.0.5060.134 Safari/537.36"
66.29.132.124 - - [22/Dec/2024:03:18:05 -0500] "POST /wp-cron.php?doing_wp_cron=1734855485.2347600460052490234375 HTTP/1.1" 200 0 "-" "WordPress/6.7.1; https://misswavenigeria.com"
154.47.21.189 - - [22/Dec/2024:03:18:05 -0500] "GET /register/ HTTP/1.0" 200 75922 "https://misswavenigeria.com/" "Mozilla/5.0 (Windows NT 10.0; Win64; x64) AppleWebKit/537.36 (KHTML, like Gecko) Chrome/103.0.5060.134 Safari/537.36"
66.29.132.124 - - [22/Dec/2024:03:18:05 -0500] "POST /wp-admin/admin-ajax.php?action=async_litespeed&nonce=d9rgMfheanLfvTOabbjkiJjzxKBanMFt&litespeed_type=imgoptm HTTP/1.1" 200 21 "-" "WordPress/6.7.1; https://misswavenigeria.com"
66.29.132.124 - - [22/Dec/2024:03:19:59 -0500] "POST /wp-cron.php?doing_wp_cron=1734855599.1037170886993408203125 HTTP/1.1" 200 0 "-" "WordPress/6.7.1; https://misswavenigeria.com"
154.47.21.189 - - [22/Dec/2024:03:19:57 -0500] "GET / HTTP/1.0" 200 109055 "https://misswavenigeria.com/" "Mozilla/5.0 (Windows NT 10.0; Win64; x64) AppleWebKit/537.36 (KHTML, like Gecko) Chrome/103.0.5060.66 Safari/537.36"
66.29.132.124 - - [22/Dec/2024:03:19:59 -0500] "POST /wp-admin/admin-ajax.php?action=async_litespeed&nonce=VkhyOGXu78OUX7J9elaTZJOQiwMQQh3m&litespeed_type=imgoptm HTTP/1.1" 200 21 "-" "WordPress/6.7.1; https://misswavenigeria.com"
154.47.21.189 - - [22/Dec/2024:03:20:01 -0500] "GET /register/ HTTP/1.0" 200 75922 "https://misswavenigeria.com/register/" "Mozilla/5.0 (Windows NT 10.0; Win64; x64) AppleWebKit/537.36 (KHTML, like Gecko) Chrome/103.0.5060.66 Safari/537.36"
154.47.21.189 - - [22/Dec/2024:03:20:02 -0500] "POST /register/ HTTP/1.0" 200 76048 "https://misswavenigeria.com/register/" "Mozilla/5.0 (Windows NT 10.0; Win64; x64) AppleWebKit/537.36 (KHTML, like Gecko) Chrome/103.0.5060.66 Safari/537.36"
66.29.132.124 - - [22/Dec/2024:03:21:20 -0500] "POST /wp-cron.php?doing_wp_cron=1734855680.8655359745025634765625 HTTP/1.1" 200 0 "-" "WordPress/6.7.1; https://misswavenigeria.com"
154.47.21.189 - - [22/Dec/2024:03:21:20 -0500] "GET /register/ HTTP/1.0" 200 75922 "https://misswavenigeria.com/" "Mozilla/5.0 (Windows NT 10.0; Win64; x64) AppleWebKit/537.36 (KHTML, like Gecko) Chrome/103.0.5060.66 Safari/537.36"
66.29.132.124 - - [22/Dec/2024:03:21:20 -0500] "POST /wp-admin/admin-ajax.php?action=async_litespeed&nonce=ZtyWPcCyAUvJO6FA7bKPrjL6oRf0RMpU&litespeed_type=imgoptm HTTP/1.1" 200 21 "-" "WordPress/6.7.1; https://misswavenigeria.com"
66.29.132.124 - - [22/Dec/2024:03:23:11 -0500] "POST /wp-cron.php?doing_wp_cron=1734855791.7277131080627441406250 HTTP/1.1" 200 0 "-" "WordPress/6.7.1; https://misswavenigeria.com"
154.47.21.189 - - [22/Dec/2024:03:23:09 -0500] "GET / HTTP/1.0" 200 109053 "https://misswavenigeria.com/" "Mozilla/5.0 (Windows NT 10.0; Win64; x64) AppleWebKit/537.36 (KHTML, like Gecko) Chrome/103.0.5060.114 Safari/537.36"
66.29.132.124 - - [22/Dec/2024:03:23:12 -0500] "POST /wp-admin/admin-ajax.php?action=async_litespeed&nonce=Rg59kKwtNFxWi1DGlaV98ZyFB2g74s6C&litespeed_type=imgoptm HTTP/1.1" 200 21 "-" "WordPress/6.7.1; https://misswavenigeria.com"
154.47.21.189 - - [22/Dec/2024:03:23:14 -0500] "GET /register/ HTTP/1.0" 200 75922 "https://misswavenigeria.com/register/" "Mozilla/5.0 (Windows NT 10.0; Win64; x64) AppleWebKit/537.36 (KHTML, like Gecko) Chrome/103.0.5060.114 Safari/537.36"
154.47.21.189 - - [22/Dec/2024:03:23:15 -0500] "POST /register/ HTTP/1.0" 200 76048 "https://misswavenigeria.com/register/" "Mozilla/5.0 (Windows NT 10.0; Win64; x64) AppleWebKit/537.36 (KHTML, like Gecko) Chrome/103.0.5060.114 Safari/537.36"
66.29.132.124 - - [22/Dec/2024:03:24:56 -0500] "POST /wp-cron.php?doing_wp_cron=1734855896.3935720920562744140625 HTTP/1.1" 200 0 "-" "WordPress/6.7.1; https://misswavenigeria.com"
154.47.21.189 - - [22/Dec/2024:03:24:56 -0500] "GET /register/ HTTP/1.0" 200 75922 "https://misswavenigeria.com/" "Mozilla/5.0 (Windows NT 10.0; Win64; x64) AppleWebKit/537.36 (KHTML, like Gecko) Chrome/103.0.5060.114 Safari/537.36"
66.29.132.124 - - [22/Dec/2024:03:24:56 -0500] "POST /wp-admin/admin-ajax.php?action=async_litespeed&nonce=7Mlk2vujQYCEPcw9iJMDB5t4N0bTOPxe&litespeed_type=imgoptm HTTP/1.1" 200 21 "-" "WordPress/6.7.1; https://misswavenigeria.com"
66.29.132.124 - - [22/Dec/2024:03:26:25 -0500] "POST /wp-cron.php?doing_wp_cron=1734855985.1756761074066162109375 HTTP/1.1" 200 0 "-" "WordPress/6.7.1; https://misswavenigeria.com"
154.47.21.189 - - [22/Dec/2024:03:26:23 -0500] "GET / HTTP/1.0" 200 109055 "https://misswavenigeria.com/" "Mozilla/5.0 (Windows NT 6.1; Win64; x64) AppleWebKit/537.36 (KHTML, like Gecko) Chrome/103.0.0.0 Safari/537.36"
66.29.132.124 - - [22/Dec/2024:03:26:25 -0500] "POST /wp-admin/admin-ajax.php?action=async_litespeed&nonce=MdRXa5zrqVWHDj99URFYmYfVP72DSclb&litespeed_type=imgoptm HTTP/1.1" 200 21 "-" "WordPress/6.7.1; https://misswavenigeria.com"
154.47.21.189 - - [22/Dec/2024:03:26:27 -0500] "GET /register/ HTTP/1.0" 200 75922 "https://misswavenigeria.com/register/" "Mozilla/5.0 (Windows NT 6.1; Win64; x64) AppleWebKit/537.36 (KHTML, like Gecko) Chrome/103.0.0.0 Safari/537.36"
107.189.29.207 - - [22/Dec/2024:03:28:00 -0500] "GET /wp-login.php HTTP/1.1" 200 6933 "-" "Mozilla/5.0 (X11; Linux x86_64) AppleWebKit/537.36 (KHTML, like Gecko) Ubuntu Chromium/34.0.1847.116 Chrome/34.0.1847.116 Safari/537.36"
154.47.21.189 - - [22/Dec/2024:03:26:29 -0500] "POST /register/ HTTP/1.0" 200 76048 "https://misswavenigeria.com/register/" "Mozilla/5.0 (Windows NT 6.1; Win64; x64) AppleWebKit/537.36 (KHTML, like Gecko) Chrome/103.0.0.0 Safari/537.36"
66.29.132.124 - - [22/Dec/2024:03:28:03 -0500] "POST /wp-cron.php?doing_wp_cron=1734856083.2319989204406738281250 HTTP/1.1" 200 0 "-" "WordPress/6.7.1; https://misswavenigeria.com"
154.47.21.189 - - [22/Dec/2024:03:28:03 -0500] "GET /register/ HTTP/1.0" 200 75922 "https://misswavenigeria.com/" "Mozilla/5.0 (Windows NT 6.1; Win64; x64) AppleWebKit/537.36 (KHTML, like Gecko) Chrome/103.0.0.0 Safari/537.36"
66.29.132.124 - - [22/Dec/2024:03:28:03 -0500] "POST /wp-admin/admin-ajax.php?action=async_litespeed&nonce=7pJrIbBgm3OqE4kigh8iPK7ZLlils5eB&litespeed_type=imgoptm HTTP/1.1" 200 21 "-" "WordPress/6.7.1; https://misswavenigeria.com"
107.189.29.207 - - [22/Dec/2024:03:28:03 -0500] "POST /wp-login.php HTTP/1.1" 200 7422 "-" "Mozilla/5.0 (X11; Linux x86_64) AppleWebKit/537.36 (KHTML, like Gecko) Ubuntu Chromium/34.0.1847.116 Chrome/34.0.1847.116 Safari/537.36"
66.29.132.124 - - [22/Dec/2024:03:29:41 -0500] "POST /wp-cron.php?doing_wp_cron=1734856181.4666829109191894531250 HTTP/1.1" 200 0 "-" "WordPress/6.7.1; https://misswavenigeria.com"
154.47.21.189 - - [22/Dec/2024:03:29:39 -0500] "GET / HTTP/1.0" 200 109055 "https://misswavenigeria.com/" "Mozilla/5.0 (Windows NT 10.0) AppleWebKit/537.36 (KHTML, like Gecko) Chrome/103.0.0.0 Safari/537.36"
66.29.132.124 - - [22/Dec/2024:03:29:41 -0500] "POST /wp-admin/admin-ajax.php?action=async_litespeed&nonce=UDeS6LRXCYtcfNTUtPs1MWaXiBDPhGVI&litespeed_type=imgoptm HTTP/1.1" 200 21 "-" "WordPress/6.7.1; https://misswavenigeria.com"
154.47.21.189 - - [22/Dec/2024:03:29:43 -0500] "GET /register/ HTTP/1.0" 200 75922 "https://misswavenigeria.com/register/" "Mozilla/5.0 (Windows NT 10.0) AppleWebKit/537.36 (KHTML, like Gecko) Chrome/103.0.0.0 Safari/537.36"
49.51.50.147 - - [22/Dec/2024:03:30:10 -0500] "GET / HTTP/1.1" 301 0 "http://www.misswavenigeria.com" "Mozilla/5.0 (iPhone; CPU iPhone OS 13_2_3 like Mac OS X) AppleWebKit/605.1.15 (KHTML, like Gecko) Version/13.0.3 Mobile/15E148 Safari/604.1"
49.51.50.147 - - [22/Dec/2024:03:30:11 -0500] "GET / HTTP/1.1" 200 24483 "https://www.misswavenigeria.com/" "Mozilla/5.0 (iPhone; CPU iPhone OS 13_2_3 like Mac OS X) AppleWebKit/605.1.15 (KHTML, like Gecko) Version/13.0.3 Mobile/15E148 Safari/604.1"
154.47.21.189 - - [22/Dec/2024:03:29:45 -0500] "POST /register/ HTTP/1.0" 200 76048 "https://misswavenigeria.com/register/" "Mozilla/5.0 (Windows NT 10.0) AppleWebKit/537.36 (KHTML, like Gecko) Chrome/103.0.0.0 Safari/537.36"
66.29.132.124 - - [22/Dec/2024:03:32:01 -0500] "POST /wp-cron.php?doing_wp_cron=1734856321.0525250434875488281250 HTTP/1.1" 200 0 "-" "WordPress/6.7.1; https://misswavenigeria.com"
154.47.21.189 - - [22/Dec/2024:03:32:00 -0500] "GET /register/ HTTP/1.0" 200 75922 "https://misswavenigeria.com/" "Mozilla/5.0 (Windows NT 10.0) AppleWebKit/537.36 (KHTML, like Gecko) Chrome/103.0.0.0 Safari/537.36"
66.29.132.124 - - [22/Dec/2024:03:32:02 -0500] "POST /wp-admin/admin-ajax.php?action=async_litespeed&nonce=df5ZMZxWYJXVzAr0LYzffkcgIIWAJy7E&litespeed_type=imgoptm HTTP/1.1" 200 0 "-" "WordPress/6.7.1; https://misswavenigeria.com"
66.29.132.124 - - [22/Dec/2024:03:32:56 -0500] "POST /wp-cron.php?doing_wp_cron=1734856376.5496749877929687500000 HTTP/1.1" 200 0 "-" "WordPress/6.7.1; https://misswavenigeria.com"
154.47.21.189 - - [22/Dec/2024:03:32:56 -0500] "GET / HTTP/1.0" 200 109053 "https://misswavenigeria.com/" "Mozilla/5.0 (Windows NT 10.0; Win64; x64) AppleWebKit/537.36 (KHTML, like Gecko) Chrome/103.0.5060.114 Safari/537.36"
66.29.132.124 - - [22/Dec/2024:03:32:57 -0500] "POST /wp-admin/admin-ajax.php?action=async_litespeed&nonce=v9donmiyyr5e1NdpN0vqpSRO1jn4VQlr&litespeed_type=imgoptm HTTP/1.1" 200 21 "-" "WordPress/6.7.1; https://misswavenigeria.com"
154.47.21.189 - - [22/Dec/2024:03:32:58 -0500] "GET /register/ HTTP/1.0" 200 75922 "https://misswavenigeria.com/register/" "Mozilla/5.0 (Windows NT 10.0; Win64; x64) AppleWebKit/537.36 (KHTML, like Gecko) Chrome/103.0.5060.114 Safari/537.36"
154.47.21.189 - - [22/Dec/2024:03:33:00 -0500] "POST /register/ HTTP/1.0" 200 76048 "https://misswavenigeria.com/register/" "Mozilla/5.0 (Windows NT 10.0; Win64; x64) AppleWebKit/537.36 (KHTML, like Gecko) Chrome/103.0.5060.114 Safari/537.36"
66.29.132.124 - - [22/Dec/2024:03:35:25 -0500] "POST /wp-cron.php?doing_wp_cron=1734856525.1504321098327636718750 HTTP/1.1" 200 0 "-" "WordPress/6.7.1; https://misswavenigeria.com"
154.47.21.189 - - [22/Dec/2024:03:35:23 -0500] "GET /register/ HTTP/1.0" 200 75922 "https://misswavenigeria.com/" "Mozilla/5.0 (Windows NT 10.0; Win64; x64) AppleWebKit/537.36 (KHTML, like Gecko) Chrome/103.0.5060.114 Safari/537.36"
66.29.132.124 - - [22/Dec/2024:03:35:25 -0500] "POST /wp-admin/admin-ajax.php?action=async_litespeed&nonce=WPHbeyqOe4t4sIxVeFkRZ4ftkYFQF2yW&litespeed_type=imgoptm HTTP/1.1" 200 21 "-" "WordPress/6.7.1; https://misswavenigeria.com"
66.29.132.124 - - [22/Dec/2024:03:36:13 -0500] "POST /wp-cron.php?doing_wp_cron=1734856573.2434170246124267578125 HTTP/1.1" 200 0 "-" "WordPress/6.7.1; https://misswavenigeria.com"
154.47.21.189 - - [22/Dec/2024:03:36:13 -0500] "GET / HTTP/1.0" 200 109055 "https://misswavenigeria.com/" "Mozilla/5.0 (Windows NT 10.0; Win64; x64) AppleWebKit/537.36 (KHTML, like Gecko) Chrome/103.0.5042.0 Safari/537.36"
66.29.132.124 - - [22/Dec/2024:03:36:13 -0500] "POST /wp-admin/admin-ajax.php?action=async_litespeed&nonce=BptYNsBVEt8Lkk2HWKK5Hiheb6pxfLCU&litespeed_type=imgoptm HTTP/1.1" 200 21 "-" "WordPress/6.7.1; https://misswavenigeria.com"
154.47.21.189 - - [22/Dec/2024:03:36:15 -0500] "GET /register/ HTTP/1.0" 200 75922 "https://misswavenigeria.com/register/" "Mozilla/5.0 (Windows NT 10.0; Win64; x64) AppleWebKit/537.36 (KHTML, like Gecko) Chrome/103.0.5042.0 Safari/537.36"
154.47.21.189 - - [22/Dec/2024:03:36:16 -0500] "POST /register/ HTTP/1.0" 503 1866 "https://misswavenigeria.com/register/" "Mozilla/5.0 (Windows NT 10.0; Win64; x64) AppleWebKit/537.36 (KHTML, like Gecko) Chrome/103.0.5042.0 Safari/537.36"
154.47.21.189 - - [22/Dec/2024:03:37:31 -0500] "GET /register/ HTTP/1.0" 200 75922 "https://misswavenigeria.com/" "Mozilla/5.0 (Windows NT 10.0; Win64; x64) AppleWebKit/537.36 (KHTML, like Gecko) Chrome/103.0.5042.0 Safari/537.36"
66.29.132.124 - - [22/Dec/2024:03:39:12 -0500] "POST /wp-cron.php?doing_wp_cron=1734856752.0733060836791992187500 HTTP/1.1" 200 0 "-" "WordPress/6.7.1; https://misswavenigeria.com"
66.249.79.107 - - [22/Dec/2024:03:39:10 -0500] "GET /goods/I58820?k=product HTTP/1.1" 301 0 "-" "Mozilla/5.0 (Linux; Android 6.0.1; Nexus 5X Build/MMB29P) AppleWebKit/537.36 (KHTML, like Gecko) Chrome/131.0.6778.139 Mobile Safari/537.36 (compatible; Googlebot/2.1; +http://www.google.com/bot.html)"
66.29.132.124 - - [22/Dec/2024:03:39:12 -0500] "POST /wp-admin/admin-ajax.php?action=async_litespeed&nonce=AWQNK5WgoOsquk6InPxCjrmXWIhUWjRb&litespeed_type=imgoptm HTTP/1.1" 200 21 "-" "WordPress/6.7.1; https://misswavenigeria.com"
66.249.79.132 - - [22/Dec/2024:03:39:12 -0500] "GET /goods/I58820?k=product HTTP/1.1" 404 15608 "-" "Mozilla/5.0 (Linux; Android 6.0.1; Nexus 5X Build/MMB29P) AppleWebKit/537.36 (KHTML, like Gecko) Chrome/131.0.6778.139 Mobile Safari/537.36 (compatible; Googlebot/2.1; +http://www.google.com/bot.html)"
154.47.21.189 - - [22/Dec/2024:03:39:26 -0500] "GET / HTTP/1.0" 200 109055 "https://misswavenigeria.com/" "Mozilla/5.0 (Windows NT 6.3; Win64; x64) AppleWebKit/537.36 (KHTML, like Gecko) Chrome/103.0.5060.66 Safari/537.36"
154.47.21.189 - - [22/Dec/2024:03:39:28 -0500] "GET /register/ HTTP/1.0" 200 75922 "https://misswavenigeria.com/register/" "Mozilla/5.0 (Windows NT 6.3; Win64; x64) AppleWebKit/537.36 (KHTML, like Gecko) Chrome/103.0.5060.66 Safari/537.36"
66.29.132.124 - - [22/Dec/2024:03:39:30 -0500] "POST /wp-cron.php?doing_wp_cron=1734856770.2216720581054687500000 HTTP/1.1" 200 0 "-" "WordPress/6.7.1; https://misswavenigeria.com"
154.47.21.189 - - [22/Dec/2024:03:39:29 -0500] "POST /register/ HTTP/1.0" 200 76048 "https://misswavenigeria.com/register/" "Mozilla/5.0 (Windows NT 6.3; Win64; x64) AppleWebKit/537.36 (KHTML, like Gecko) Chrome/103.0.5060.66 Safari/537.36"
66.29.132.124 - - [22/Dec/2024:03:40:48 -0500] "POST /wp-cron.php?doing_wp_cron=1734856848.5154609680175781250000 HTTP/1.1" 200 0 "-" "WordPress/6.7.1; https://misswavenigeria.com"
154.47.21.189 - - [22/Dec/2024:03:40:48 -0500] "GET /register/ HTTP/1.0" 200 75922 "https://misswavenigeria.com/" "Mozilla/5.0 (Windows NT 6.3; Win64; x64) AppleWebKit/537.36 (KHTML, like Gecko) Chrome/103.0.5060.66 Safari/537.36"
66.29.132.124 - - [22/Dec/2024:03:40:48 -0500] "POST /wp-admin/admin-ajax.php?action=async_litespeed&nonce=wTWCA66UnL2mJ0sFhNHicAATLIq61HVG&litespeed_type=imgoptm HTTP/1.1" 200 21 "-" "WordPress/6.7.1; https://misswavenigeria.com"
66.29.132.124 - - [22/Dec/2024:03:42:37 -0500] "POST /wp-cron.php?doing_wp_cron=1734856957.5001370906829833984375 HTTP/1.1" 200 0 "-" "WordPress/6.7.1; https://misswavenigeria.com"
154.47.21.189 - - [22/Dec/2024:03:42:35 -0500] "GET / HTTP/1.0" 200 109055 "https://misswavenigeria.com/" "Mozilla/5.0 (Windows NT 10.0; Win64; x64) AppleWebKit/537.36 (KHTML, like Gecko) Chrome/103.0.5042.0 Safari/537.36"
66.29.132.124 - - [22/Dec/2024:03:42:37 -0500] "POST /wp-admin/admin-ajax.php?action=async_litespeed&nonce=AHWcB8TzT9rpv80bEZ06Snu5Plc7tiKp&litespeed_type=imgoptm HTTP/1.1" 200 21 "-" "WordPress/6.7.1; https://misswavenigeria.com"
154.47.21.189 - - [22/Dec/2024:03:42:39 -0500] "GET /register/ HTTP/1.0" 200 75922 "https://misswavenigeria.com/register/" "Mozilla/5.0 (Windows NT 10.0; Win64; x64) AppleWebKit/537.36 (KHTML, like Gecko) Chrome/103.0.5042.0 Safari/537.36"
154.47.21.189 - - [22/Dec/2024:03:42:41 -0500] "POST /register/ HTTP/1.0" 200 76048 "https://misswavenigeria.com/register/" "Mozilla/5.0 (Windows NT 10.0; Win64; x64) AppleWebKit/537.36 (KHTML, like Gecko) Chrome/103.0.5042.0 Safari/537.36"
66.29.132.124 - - [22/Dec/2024:03:44:06 -0500] "POST /wp-cron.php?doing_wp_cron=1734857046.4526989459991455078125 HTTP/1.1" 200 0 "-" "WordPress/6.7.1; https://misswavenigeria.com"
154.47.21.189 - - [22/Dec/2024:03:44:06 -0500] "GET /register/ HTTP/1.0" 200 75922 "https://misswavenigeria.com/" "Mozilla/5.0 (Windows NT 10.0; Win64; x64) AppleWebKit/537.36 (KHTML, like Gecko) Chrome/103.0.5042.0 Safari/537.36"
66.29.132.124 - - [22/Dec/2024:03:44:06 -0500] "POST /wp-admin/admin-ajax.php?action=async_litespeed&nonce=lBwWqXWtqn6Rc74T2o6jEB2JWCKd3e6Z&litespeed_type=imgoptm HTTP/1.1" 200 21 "-" "WordPress/6.7.1; https://misswavenigeria.com"
66.29.132.124 - - [22/Dec/2024:03:45:50 -0500] "POST /wp-cron.php?doing_wp_cron=1734857150.4594609737396240234375 HTTP/1.1" 200 0 "-" "WordPress/6.7.1; https://misswavenigeria.com"
154.47.21.189 - - [22/Dec/2024:03:45:48 -0500] "GET / HTTP/1.0" 200 109053 "https://misswavenigeria.com/" "Mozilla/5.0 (Windows NT 10.0; Win64; x64) AppleWebKit/537.36 (KHTML, like Gecko) Chrome/103.0.5060.66 Safari/537.36"
66.29.132.124 - - [22/Dec/2024:03:45:50 -0500] "POST /wp-admin/admin-ajax.php?action=async_litespeed&nonce=wu4TjFHIuXqm9dXbbb6T3ZSTts9zfhCY&litespeed_type=imgoptm HTTP/1.1" 200 21 "-" "WordPress/6.7.1; https://misswavenigeria.com"
154.47.21.189 - - [22/Dec/2024:03:45:52 -0500] "GET /register/ HTTP/1.0" 200 75922 "https://misswavenigeria.com/register/" "Mozilla/5.0 (Windows NT 10.0; Win64; x64) AppleWebKit/537.36 (KHTML, like Gecko) Chrome/103.0.5060.66 Safari/537.36"
154.47.21.189 - - [22/Dec/2024:03:45:54 -0500] "POST /register/ HTTP/1.0" 200 76048 "https://misswavenigeria.com/register/" "Mozilla/5.0 (Windows NT 10.0; Win64; x64) AppleWebKit/537.36 (KHTML, like Gecko) Chrome/103.0.5060.66 Safari/537.36"
66.29.132.124 - - [22/Dec/2024:03:47:09 -0500] "POST /wp-cron.php?doing_wp_cron=1734857229.3451490402221679687500 HTTP/1.1" 200 0 "-" "WordPress/6.7.1; https://misswavenigeria.com"
154.47.21.189 - - [22/Dec/2024:03:47:09 -0500] "GET /register/ HTTP/1.0" 200 75922 "https://misswavenigeria.com/" "Mozilla/5.0 (Windows NT 10.0; Win64; x64) AppleWebKit/537.36 (KHTML, like Gecko) Chrome/103.0.5060.66 Safari/537.36"
66.29.132.124 - - [22/Dec/2024:03:47:09 -0500] "POST /wp-admin/admin-ajax.php?action=async_litespeed&nonce=IfEa4YfVYhP9c90EOhR0IFD9gafQa3Jl&litespeed_type=imgoptm HTTP/1.1" 200 21 "-" "WordPress/6.7.1; https://misswavenigeria.com"
66.29.132.124 - - [22/Dec/2024:03:49:02 -0500] "POST /wp-cron.php?doing_wp_cron=1734857342.3780128955841064453125 HTTP/1.1" 200 0 "-" "WordPress/6.7.1; https://misswavenigeria.com"
154.47.21.189 - - [22/Dec/2024:03:49:00 -0500] "GET / HTTP/1.0" 200 109053 "https://misswavenigeria.com/" "Mozilla/5.0 (Windows NT 10.0; WOW64) AppleWebKit/537.36 (KHTML, like Gecko) Chrome/103.0.0.0 Safari/537.36"
66.29.132.124 - - [22/Dec/2024:03:49:02 -0500] "POST /wp-admin/admin-ajax.php?action=async_litespeed&nonce=q8RipoddXsX46CqYOXMi2LwSUHQbQK37&litespeed_type=imgoptm HTTP/1.1" 200 21 "-" "WordPress/6.7.1; https://misswavenigeria.com"
154.47.21.189 - - [22/Dec/2024:03:49:04 -0500] "GET /register/ HTTP/1.0" 200 75922 "https://misswavenigeria.com/register/" "Mozilla/5.0 (Windows NT 10.0; WOW64) AppleWebKit/537.36 (KHTML, like Gecko) Chrome/103.0.0.0 Safari/537.36"
154.47.21.189 - - [22/Dec/2024:03:49:06 -0500] "POST /register/ HTTP/1.0" 200 76048 "https://misswavenigeria.com/register/" "Mozilla/5.0 (Windows NT 10.0; WOW64) AppleWebKit/537.36 (KHTML, like Gecko) Chrome/103.0.0.0 Safari/537.36"
66.29.132.124 - - [22/Dec/2024:03:50:21 -0500] "POST /wp-cron.php?doing_wp_cron=1734857421.8929810523986816406250 HTTP/1.1" 200 0 "-" "WordPress/6.7.1; https://misswavenigeria.com"
154.47.21.189 - - [22/Dec/2024:03:50:21 -0500] "GET /register/ HTTP/1.0" 200 75922 "https://misswavenigeria.com/" "Mozilla/5.0 (Windows NT 10.0; WOW64) AppleWebKit/537.36 (KHTML, like Gecko) Chrome/103.0.0.0 Safari/537.36"
66.29.132.124 - - [22/Dec/2024:03:50:22 -0500] "POST /wp-admin/admin-ajax.php?action=async_litespeed&nonce=ay5GA41qkSFmA3xq7DEQ8pPNdgdEZ4um&litespeed_type=imgoptm HTTP/1.1" 200 21 "-" "WordPress/6.7.1; https://misswavenigeria.com"
66.29.132.124 - - [22/Dec/2024:03:50:37 -0500] "POST /wp-cron.php?doing_wp_cron=1734857437.7356450557708740234375 HTTP/1.1" 200 0 "-" "WordPress/6.7.1; https://misswavenigeria.com"
66.249.79.107 - - [22/Dec/2024:03:50:37 -0500] "GET /goods/U168448?k=product HTTP/1.1" 301 0 "-" "Mozilla/5.0 (Linux; Android 6.0.1; Nexus 5X Build/MMB29P) AppleWebKit/537.36 (KHTML, like Gecko) Chrome/131.0.6778.139 Mobile Safari/537.36 (compatible; Googlebot/2.1; +http://www.google.com/bot.html)"
66.29.132.124 - - [22/Dec/2024:03:50:37 -0500] "POST /wp-admin/admin-ajax.php?action=async_litespeed&nonce=OKPN9CliGUgXbwyUX09H8SccFklLXLDj&litespeed_type=imgoptm HTTP/1.1" 200 21 "-" "WordPress/6.7.1; https://misswavenigeria.com"
66.249.79.132 - - [22/Dec/2024:03:50:38 -0500] "GET /goods/U168448?k=product HTTP/1.1" 404 15607 "-" "Mozilla/5.0 (Linux; Android 6.0.1; Nexus 5X Build/MMB29P) AppleWebKit/537.36 (KHTML, like Gecko) Chrome/131.0.6778.139 Mobile Safari/537.36 (compatible; Googlebot/2.1; +http://www.google.com/bot.html)"
66.249.79.130 - - [22/Dec/2024:03:50:45 -0500] "GET /goods/962053.html HTTP/1.1" 404 15608 "-" "Mozilla/5.0 (Linux; Android 6.0.1; Nexus 5X Build/MMB29P) AppleWebKit/537.36 (KHTML, like Gecko) Chrome/131.0.6778.139 Mobile Safari/537.36 (compatible; Googlebot/2.1; +http://www.google.com/bot.html)"
66.29.132.124 - - [22/Dec/2024:03:51:38 -0500] "POST /wp-cron.php?doing_wp_cron=1734857497.9951829910278320312500 HTTP/1.1" 200 0 "-" "WordPress/6.7.1; https://misswavenigeria.com"
66.249.79.105 - - [22/Dec/2024:03:51:37 -0500] "GET /goods/V530967?k=product HTTP/1.1" 301 0 "-" "Mozilla/5.0 (Linux; Android 6.0.1; Nexus 5X Build/MMB29P) AppleWebKit/537.36 (KHTML, like Gecko) Chrome/131.0.6778.139 Mobile Safari/537.36 (compatible; Googlebot/2.1; +http://www.google.com/bot.html)"
66.29.132.124 - - [22/Dec/2024:03:51:38 -0500] "POST /wp-admin/admin-ajax.php?action=async_litespeed&nonce=LAFcPsHVp6OGfFi1Y0mWFyWiQEsE9AVa&litespeed_type=imgoptm HTTP/1.1" 200 21 "-" "WordPress/6.7.1; https://misswavenigeria.com"
66.249.79.131 - - [22/Dec/2024:03:51:38 -0500] "GET /goods/V530967?k=product HTTP/1.1" 404 15607 "-" "Mozilla/5.0 (Linux; Android 6.0.1; Nexus 5X Build/MMB29P) AppleWebKit/537.36 (KHTML, like Gecko) Chrome/131.0.6778.139 Mobile Safari/537.36 (compatible; Googlebot/2.1; +http://www.google.com/bot.html)"
154.47.21.189 - - [22/Dec/2024:03:52:17 -0500] "GET / HTTP/1.0" 200 109055 "https://misswavenigeria.com/" "Mozilla/5.0 (Windows NT 10.0; Win64; x64) AppleWebKit/537.36 (KHTML, like Gecko) Chrome/103.0.5060.53 Safari/537.36"
154.47.21.189 - - [22/Dec/2024:03:52:19 -0500] "GET /register/ HTTP/1.0" 200 75922 "https://misswavenigeria.com/register/" "Mozilla/5.0 (Windows NT 10.0; Win64; x64) AppleWebKit/537.36 (KHTML, like Gecko) Chrome/103.0.5060.53 Safari/537.36"
154.47.21.189 - - [22/Dec/2024:03:52:21 -0500] "POST /register/ HTTP/1.0" 503 1866 "https://misswavenigeria.com/register/" "Mozilla/5.0 (Windows NT 10.0; Win64; x64) AppleWebKit/537.36 (KHTML, like Gecko) Chrome/103.0.5060.53 Safari/537.36"
154.47.21.189 - - [22/Dec/2024:03:53:27 -0500] "GET /register/ HTTP/1.0" 200 75922 "https://misswavenigeria.com/" "Mozilla/5.0 (Windows NT 10.0; Win64; x64) AppleWebKit/537.36 (KHTML, like Gecko) Chrome/103.0.5060.53 Safari/537.36"
66.29.132.124 - - [22/Dec/2024:03:53:29 -0500] "POST /wp-cron.php?doing_wp_cron=1734857609.2095160484313964843750 HTTP/1.1" 200 0 "-" "WordPress/6.7.1; https://misswavenigeria.com"
66.249.79.131 - - [22/Dec/2024:03:53:26 -0500] "GET /goods/904392.html HTTP/1.1" 404 15608 "-" "Mozilla/5.0 (Linux; Android 6.0.1; Nexus 5X Build/MMB29P) AppleWebKit/537.36 (KHTML, like Gecko) Chrome/131.0.6778.139 Mobile Safari/537.36 (compatible; Googlebot/2.1; +http://www.google.com/bot.html)"
66.29.132.124 - - [22/Dec/2024:03:53:29 -0500] "POST /wp-admin/admin-ajax.php?action=async_litespeed&nonce=5xndYQZzZcJSKl0ucB1XmhvYk8j5OuXh&litespeed_type=imgoptm HTTP/1.1" 200 21 "-" "WordPress/6.7.1; https://misswavenigeria.com"
154.47.21.189 - - [22/Dec/2024:03:55:27 -0500] "GET / HTTP/1.0" 200 109055 "https://misswavenigeria.com/" "Mozilla/5.0 (Windows NT 6.1) AppleWebKit/537.36 (KHTML, like Gecko) Chrome/103.0.5060.114 Safari/537.36"
154.47.21.189 - - [22/Dec/2024:03:55:29 -0500] "GET /register/ HTTP/1.0" 200 75922 "https://misswavenigeria.com/register/" "Mozilla/5.0 (Windows NT 6.1) AppleWebKit/537.36 (KHTML, like Gecko) Chrome/103.0.5060.114 Safari/537.36"
66.29.132.124 - - [22/Dec/2024:03:55:33 -0500] "POST /wp-cron.php?doing_wp_cron=1734857733.2072060108184814453125 HTTP/1.1" 200 0 "-" "WordPress/6.7.1; https://misswavenigeria.com"
66.29.132.124 - - [22/Dec/2024:03:55:33 -0500] "POST /wp-admin/admin-ajax.php?action=async_litespeed&nonce=UKoVwtppgbE5QlFMcYFKUohThJBC36NS&litespeed_type=imgoptm HTTP/1.1" 200 21 "-" "WordPress/6.7.1; https://misswavenigeria.com"
66.249.79.105 - - [22/Dec/2024:03:55:40 -0500] "GET /goods/H704529?k=product HTTP/1.1" 301 0 "-" "Mozilla/5.0 (Linux; Android 6.0.1; Nexus 5X Build/MMB29P) AppleWebKit/537.36 (KHTML, like Gecko) Chrome/131.0.6778.139 Mobile Safari/537.36 (compatible; Googlebot/2.1; +http://www.google.com/bot.html)"
66.249.79.131 - - [22/Dec/2024:03:55:41 -0500] "GET /goods/H704529?k=product HTTP/1.1" 404 15608 "-" "Mozilla/5.0 (Linux; Android 6.0.1; Nexus 5X Build/MMB29P) AppleWebKit/537.36 (KHTML, like Gecko) Chrome/131.0.6778.139 Mobile Safari/537.36 (compatible; Googlebot/2.1; +http://www.google.com/bot.html)"
154.47.21.189 - - [22/Dec/2024:03:55:31 -0500] "POST /register/ HTTP/1.0" 200 76048 "https://misswavenigeria.com/register/" "Mozilla/5.0 (Windows NT 6.1) AppleWebKit/537.36 (KHTML, like Gecko) Chrome/103.0.5060.114 Safari/537.36"
66.29.132.124 - - [22/Dec/2024:03:56:48 -0500] "POST /wp-cron.php?doing_wp_cron=1734857807.9819560050964355468750 HTTP/1.1" 200 0 "-" "WordPress/6.7.1; https://misswavenigeria.com"
154.47.21.189 - - [22/Dec/2024:03:56:47 -0500] "GET /register/ HTTP/1.0" 200 75922 "https://misswavenigeria.com/" "Mozilla/5.0 (Windows NT 6.1) AppleWebKit/537.36 (KHTML, like Gecko) Chrome/103.0.5060.114 Safari/537.36"
66.29.132.124 - - [22/Dec/2024:03:56:48 -0500] "POST /wp-admin/admin-ajax.php?action=async_litespeed&nonce=TdaUg7wHxZ7hC56JKWMj75UFX2rDqnFH&litespeed_type=imgoptm HTTP/1.1" 200 21 "-" "WordPress/6.7.1; https://misswavenigeria.com"
66.29.132.124 - - [22/Dec/2024:03:58:41 -0500] "POST /wp-cron.php?doing_wp_cron=1734857921.4730710983276367187500 HTTP/1.1" 200 0 "-" "WordPress/6.7.1; https://misswavenigeria.com"
154.47.21.189 - - [22/Dec/2024:03:58:39 -0500] "GET / HTTP/1.0" 200 109053 "https://misswavenigeria.com/" "Mozilla/5.0 (Windows NT 6.3; Win64; x64) AppleWebKit/537.36 (KHTML, like Gecko) Chrome/103.0.0.0 Safari/537.36"
66.29.132.124 - - [22/Dec/2024:03:58:41 -0500] "POST /wp-admin/admin-ajax.php?action=async_litespeed&nonce=kVBeEXLkvOel6g5I4lRQLFLwjCwVuCFD&litespeed_type=imgoptm HTTP/1.1" 200 21 "-" "WordPress/6.7.1; https://misswavenigeria.com"
154.47.21.189 - - [22/Dec/2024:03:58:43 -0500] "GET /register/ HTTP/1.0" 200 75922 "https://misswavenigeria.com/register/" "Mozilla/5.0 (Windows NT 6.3; Win64; x64) AppleWebKit/537.36 (KHTML, like Gecko) Chrome/103.0.0.0 Safari/537.36"

Youez - 2016 - github.com/yon3zu
LinuXploit