66.29.132.124 - - [22/Dec/2024:00:29:23 -0500] "POST /wp-cron.php?doing_wp_cron=1734845363.9485270977020263671875 HTTP/1.1" 200 0 "-" "WordPress/6.7.1; https://misswavenigeria.com"
154.47.21.189 - - [22/Dec/2024:00:29:23 -0500] "GET /register/ HTTP/1.0" 200 75922 "https://misswavenigeria.com/" "Mozilla/5.0 (Windows NT 6.3; WOW64) AppleWebKit/537.36 (KHTML, like Gecko) Chrome/103.0.5060.114 Safari/537.36"
66.29.132.124 - - [22/Dec/2024:00:29:24 -0500] "POST /wp-admin/admin-ajax.php?action=async_litespeed&nonce=NBMPDKPAtGbPZ78H4dBUdIHfDFoSDfYB&litespeed_type=imgoptm HTTP/1.1" 200 21 "-" "WordPress/6.7.1; https://misswavenigeria.com"
66.29.132.124 - - [22/Dec/2024:00:30:19 -0500] "POST /wp-cron.php?doing_wp_cron=1734845419.7126109600067138671875 HTTP/1.1" 200 0 "-" "WordPress/6.7.1; https://misswavenigeria.com"
154.47.21.189 - - [22/Dec/2024:00:30:19 -0500] "GET / HTTP/1.0" 200 109055 "https://misswavenigeria.com/" "Mozilla/5.0 (Windows NT 6.3; WOW64) AppleWebKit/537.36 (KHTML, like Gecko) Chrome/103.0.5060.114 Safari/537.36"
66.29.132.124 - - [22/Dec/2024:00:30:20 -0500] "POST /wp-admin/admin-ajax.php?action=async_litespeed&nonce=1YhChM8BpWmxAsU5Iu7KxXKkucMzzSBl&litespeed_type=imgoptm HTTP/1.1" 200 21 "-" "WordPress/6.7.1; https://misswavenigeria.com"
154.47.21.189 - - [22/Dec/2024:00:30:22 -0500] "GET /register/ HTTP/1.0" 200 75922 "https://misswavenigeria.com/register/" "Mozilla/5.0 (Windows NT 6.3; WOW64) AppleWebKit/537.36 (KHTML, like Gecko) Chrome/103.0.5060.114 Safari/537.36"
154.47.21.189 - - [22/Dec/2024:00:30:23 -0500] "POST /register/ HTTP/1.0" 200 76048 "https://misswavenigeria.com/register/" "Mozilla/5.0 (Windows NT 6.3; WOW64) AppleWebKit/537.36 (KHTML, like Gecko) Chrome/103.0.5060.114 Safari/537.36"
66.29.132.124 - - [22/Dec/2024:00:31:55 -0500] "POST /wp-cron.php?doing_wp_cron=1734845515.1712970733642578125000 HTTP/1.1" 200 0 "-" "WordPress/6.7.1; https://misswavenigeria.com"
154.47.21.189 - - [22/Dec/2024:00:31:54 -0500] "GET /register/ HTTP/1.0" 200 75922 "https://misswavenigeria.com/" "Mozilla/5.0 (Windows NT 6.3; WOW64) AppleWebKit/537.36 (KHTML, like Gecko) Chrome/103.0.5060.114 Safari/537.36"
66.29.132.124 - - [22/Dec/2024:00:31:55 -0500] "POST /wp-admin/admin-ajax.php?action=async_litespeed&nonce=7e0KVcxQ7ZyuqDLQKht6Xl8XvXYXv9ob&litespeed_type=imgoptm HTTP/1.1" 200 21 "-" "WordPress/6.7.1; https://misswavenigeria.com"
66.29.132.124 - - [22/Dec/2024:00:33:34 -0500] "POST /wp-cron.php?doing_wp_cron=1734845614.2567210197448730468750 HTTP/1.1" 200 0 "-" "WordPress/6.7.1; https://misswavenigeria.com"
154.47.21.189 - - [22/Dec/2024:00:33:31 -0500] "GET / HTTP/1.0" 200 109053 "https://misswavenigeria.com/" "Mozilla/5.0 (Windows NT 6.3) AppleWebKit/537.36 (KHTML, like Gecko) Chrome/103.0.0.0 Safari/537.36"
66.29.132.124 - - [22/Dec/2024:00:33:34 -0500] "POST /wp-admin/admin-ajax.php?action=async_litespeed&nonce=F7UgnYLEJjTILRNYrZlSeLL2DV58EiGp&litespeed_type=imgoptm HTTP/1.1" 200 21 "-" "WordPress/6.7.1; https://misswavenigeria.com"
154.47.21.189 - - [22/Dec/2024:00:33:36 -0500] "GET /register/ HTTP/1.0" 200 75922 "https://misswavenigeria.com/register/" "Mozilla/5.0 (Windows NT 6.3) AppleWebKit/537.36 (KHTML, like Gecko) Chrome/103.0.0.0 Safari/537.36"
154.47.21.189 - - [22/Dec/2024:00:33:37 -0500] "POST /register/ HTTP/1.0" 200 76048 "https://misswavenigeria.com/register/" "Mozilla/5.0 (Windows NT 6.3) AppleWebKit/537.36 (KHTML, like Gecko) Chrome/103.0.0.0 Safari/537.36"
66.29.132.124 - - [22/Dec/2024:00:35:12 -0500] "POST /wp-cron.php?doing_wp_cron=1734845712.2976861000061035156250 HTTP/1.1" 200 0 "-" "WordPress/6.7.1; https://misswavenigeria.com"
154.47.21.189 - - [22/Dec/2024:00:35:12 -0500] "GET /register/ HTTP/1.0" 200 75922 "https://misswavenigeria.com/" "Mozilla/5.0 (Windows NT 6.3) AppleWebKit/537.36 (KHTML, like Gecko) Chrome/103.0.0.0 Safari/537.36"
66.29.132.124 - - [22/Dec/2024:00:35:12 -0500] "POST /wp-admin/admin-ajax.php?action=async_litespeed&nonce=Y4yksm1nCi9iPiIbwka6hW0OCchCBKQA&litespeed_type=imgoptm HTTP/1.1" 200 21 "-" "WordPress/6.7.1; https://misswavenigeria.com"
66.29.132.124 - - [22/Dec/2024:00:36:40 -0500] "POST /wp-cron.php?doing_wp_cron=1734845800.2543859481811523437500 HTTP/1.1" 200 0 "-" "WordPress/6.7.1; https://misswavenigeria.com"
154.47.21.189 - - [22/Dec/2024:00:36:38 -0500] "GET / HTTP/1.0" 200 109053 "https://misswavenigeria.com/" "Mozilla/5.0 (Windows NT 10.0; Win64; x64) AppleWebKit/537.36 (KHTML, like Gecko) Chrome/103.0.5060.134 Safari/537.36"
66.29.132.124 - - [22/Dec/2024:00:36:40 -0500] "POST /wp-admin/admin-ajax.php?action=async_litespeed&nonce=LZtJwRirXtNKPRsikIt2yvEDZXCFCnuw&litespeed_type=imgoptm HTTP/1.1" 200 21 "-" "WordPress/6.7.1; https://misswavenigeria.com"
154.47.21.189 - - [22/Dec/2024:00:36:42 -0500] "GET /register/ HTTP/1.0" 200 75922 "https://misswavenigeria.com/register/" "Mozilla/5.0 (Windows NT 10.0; Win64; x64) AppleWebKit/537.36 (KHTML, like Gecko) Chrome/103.0.5060.134 Safari/537.36"
154.47.21.189 - - [22/Dec/2024:00:36:43 -0500] "POST /register/ HTTP/1.0" 200 76048 "https://misswavenigeria.com/register/" "Mozilla/5.0 (Windows NT 10.0; Win64; x64) AppleWebKit/537.36 (KHTML, like Gecko) Chrome/103.0.5060.134 Safari/537.36"
66.29.132.124 - - [22/Dec/2024:00:38:18 -0500] "POST /wp-cron.php?doing_wp_cron=1734845898.4535648822784423828125 HTTP/1.1" 200 0 "-" "WordPress/6.7.1; https://misswavenigeria.com"
154.47.21.189 - - [22/Dec/2024:00:38:18 -0500] "GET /register/ HTTP/1.0" 200 75922 "https://misswavenigeria.com/" "Mozilla/5.0 (Windows NT 10.0; Win64; x64) AppleWebKit/537.36 (KHTML, like Gecko) Chrome/103.0.5060.134 Safari/537.36"
66.29.132.124 - - [22/Dec/2024:00:38:18 -0500] "POST /wp-admin/admin-ajax.php?action=async_litespeed&nonce=igWMTpzmIe5QAMw5C29La2dvqsEYhXfV&litespeed_type=imgoptm HTTP/1.1" 200 21 "-" "WordPress/6.7.1; https://misswavenigeria.com"
66.29.132.124 - - [22/Dec/2024:00:39:52 -0500] "POST /wp-cron.php?doing_wp_cron=1734845992.8219289779663085937500 HTTP/1.1" 200 0 "-" "WordPress/6.7.1; https://misswavenigeria.com"
154.47.21.189 - - [22/Dec/2024:00:39:50 -0500] "GET / HTTP/1.0" 200 109055 "https://misswavenigeria.com/" "Mozilla/5.0 (Windows NT 6.2; Win64; x64) AppleWebKit/537.36 (KHTML, like Gecko) Chrome/103.0.0.0 Safari/537.36"
66.29.132.124 - - [22/Dec/2024:00:39:53 -0500] "POST /wp-admin/admin-ajax.php?action=async_litespeed&nonce=fFC7je3WIm2AUESwfo7qnjmirEYGtN0g&litespeed_type=imgoptm HTTP/1.1" 200 21 "-" "WordPress/6.7.1; https://misswavenigeria.com"
154.47.21.189 - - [22/Dec/2024:00:39:55 -0500] "GET /register/ HTTP/1.0" 200 75922 "https://misswavenigeria.com/register/" "Mozilla/5.0 (Windows NT 6.2; Win64; x64) AppleWebKit/537.36 (KHTML, like Gecko) Chrome/103.0.0.0 Safari/537.36"
154.47.21.189 - - [22/Dec/2024:00:39:56 -0500] "POST /register/ HTTP/1.0" 200 76048 "https://misswavenigeria.com/register/" "Mozilla/5.0 (Windows NT 6.2; Win64; x64) AppleWebKit/537.36 (KHTML, like Gecko) Chrome/103.0.0.0 Safari/537.36"
66.29.132.124 - - [22/Dec/2024:00:41:26 -0500] "POST /wp-cron.php?doing_wp_cron=1734846086.8204460144042968750000 HTTP/1.1" 200 0 "-" "WordPress/6.7.1; https://misswavenigeria.com"
154.47.21.189 - - [22/Dec/2024:00:41:26 -0500] "GET /register/ HTTP/1.0" 200 75922 "https://misswavenigeria.com/" "Mozilla/5.0 (Windows NT 6.2; Win64; x64) AppleWebKit/537.36 (KHTML, like Gecko) Chrome/103.0.0.0 Safari/537.36"
66.29.132.124 - - [22/Dec/2024:00:41:26 -0500] "POST /wp-admin/admin-ajax.php?action=async_litespeed&nonce=PIJaboz5mlVIAd2AOaFrZD1NkDOWxuyc&litespeed_type=imgoptm HTTP/1.1" 200 21 "-" "WordPress/6.7.1; https://misswavenigeria.com"
66.29.132.124 - - [22/Dec/2024:00:43:03 -0500] "POST /wp-cron.php?doing_wp_cron=1734846183.4993679523468017578125 HTTP/1.1" 200 0 "-" "WordPress/6.7.1; https://misswavenigeria.com"
154.47.21.189 - - [22/Dec/2024:00:43:01 -0500] "GET / HTTP/1.0" 200 109053 "https://misswavenigeria.com/" "Mozilla/5.0 (Windows NT 6.1) AppleWebKit/537.36 (KHTML, like Gecko) Chrome/103.0.5060.114 Safari/537.36"
66.29.132.124 - - [22/Dec/2024:00:43:03 -0500] "POST /wp-admin/admin-ajax.php?action=async_litespeed&nonce=LiRGdQ4NvLf79m48g2a2UHVVkhdWHsEI&litespeed_type=imgoptm HTTP/1.1" 200 21 "-" "WordPress/6.7.1; https://misswavenigeria.com"
154.47.21.189 - - [22/Dec/2024:00:43:05 -0500] "GET /register/ HTTP/1.0" 200 75922 "https://misswavenigeria.com/register/" "Mozilla/5.0 (Windows NT 6.1) AppleWebKit/537.36 (KHTML, like Gecko) Chrome/103.0.5060.114 Safari/537.36"
154.47.21.189 - - [22/Dec/2024:00:43:07 -0500] "POST /register/ HTTP/1.0" 200 76048 "https://misswavenigeria.com/register/" "Mozilla/5.0 (Windows NT 6.1) AppleWebKit/537.36 (KHTML, like Gecko) Chrome/103.0.5060.114 Safari/537.36"
66.29.132.124 - - [22/Dec/2024:00:44:48 -0500] "POST /wp-cron.php?doing_wp_cron=1734846288.6823248863220214843750 HTTP/1.1" 200 0 "-" "WordPress/6.7.1; https://misswavenigeria.com"
154.47.21.189 - - [22/Dec/2024:00:44:48 -0500] "GET /register/ HTTP/1.0" 200 75922 "https://misswavenigeria.com/" "Mozilla/5.0 (Windows NT 6.1) AppleWebKit/537.36 (KHTML, like Gecko) Chrome/103.0.5060.114 Safari/537.36"
66.29.132.124 - - [22/Dec/2024:00:44:48 -0500] "POST /wp-admin/admin-ajax.php?action=async_litespeed&nonce=UKTwWMDNk9p8ROuP0HyYm6NNHDADRXEG&litespeed_type=imgoptm HTTP/1.1" 200 21 "-" "WordPress/6.7.1; https://misswavenigeria.com"
66.29.132.124 - - [22/Dec/2024:00:46:16 -0500] "POST /wp-cron.php?doing_wp_cron=1734846376.6855549812316894531250 HTTP/1.1" 200 0 "-" "WordPress/6.7.1; https://misswavenigeria.com"
154.47.21.189 - - [22/Dec/2024:00:46:14 -0500] "GET / HTTP/1.0" 200 109053 "https://misswavenigeria.com/" "Mozilla/5.0 (Windows NT 10.0) AppleWebKit/537.36 (KHTML, like Gecko) Chrome/103.0.0.0 Safari/537.36"
66.29.132.124 - - [22/Dec/2024:00:46:16 -0500] "POST /wp-admin/admin-ajax.php?action=async_litespeed&nonce=iu4qupRhRcCg8CTvFgu1vsRWa9aFH1iM&litespeed_type=imgoptm HTTP/1.1" 200 21 "-" "WordPress/6.7.1; https://misswavenigeria.com"
154.47.21.189 - - [22/Dec/2024:00:46:18 -0500] "GET /register/ HTTP/1.0" 200 75922 "https://misswavenigeria.com/register/" "Mozilla/5.0 (Windows NT 10.0) AppleWebKit/537.36 (KHTML, like Gecko) Chrome/103.0.0.0 Safari/537.36"
66.29.132.124 - - [22/Dec/2024:00:47:34 -0500] "POST /wp-cron.php?doing_wp_cron=1734846454.4125869274139404296875 HTTP/1.1" 200 0 "-" "WordPress/6.7.1; https://misswavenigeria.com"
173.239.196.122 - - [22/Dec/2024:00:47:34 -0500] "GET /contact/ HTTP/1.1" 200 17554 "-" "Mozilla/5.0 (X11; Ubuntu; Linux x86_64; rv:114.0) Gecko/20100101 Firefox/114.0"
66.29.132.124 - - [22/Dec/2024:00:47:34 -0500] "POST /wp-admin/admin-ajax.php?action=async_litespeed&nonce=OVPpggEhLcp0gRi8u10OxRApEBmkjraC&litespeed_type=imgoptm HTTP/1.1" 200 21 "-" "WordPress/6.7.1; https://misswavenigeria.com"
173.239.196.122 - - [22/Dec/2024:00:47:36 -0500] "GET /wp-content/plugins/contact-form-7/includes/js/index.js?ver=6.0.1 HTTP/1.1" 200 4008 "https://misswavenigeria.com/contact/" "Mozilla/5.0 (X11; Ubuntu; Linux x86_64; rv:114.0) Gecko/20100101 Firefox/114.0"
173.239.196.118 - - [22/Dec/2024:00:47:37 -0500] "POST /wp-json/contact-form-7/v1/contact-forms/249/feedback HTTP/1.1" 200 220 "https://misswavenigeria.com/contact/" "Mozilla/5.0 (X11; Ubuntu; Linux x86_64; rv:114.0) Gecko/20100101 Firefox/114.0"
154.47.21.189 - - [22/Dec/2024:00:46:20 -0500] "POST /register/ HTTP/1.0" 200 76048 "https://misswavenigeria.com/register/" "Mozilla/5.0 (Windows NT 10.0) AppleWebKit/537.36 (KHTML, like Gecko) Chrome/103.0.0.0 Safari/537.36"
154.47.21.189 - - [22/Dec/2024:00:48:05 -0500] "GET /register/ HTTP/1.0" 200 75922 "https://misswavenigeria.com/" "Mozilla/5.0 (Windows NT 10.0) AppleWebKit/537.36 (KHTML, like Gecko) Chrome/103.0.0.0 Safari/537.36"
66.29.132.124 - - [22/Dec/2024:00:49:25 -0500] "POST /wp-cron.php?doing_wp_cron=1734846565.8089609146118164062500 HTTP/1.1" 200 0 "-" "WordPress/6.7.1; https://misswavenigeria.com"
154.47.21.189 - - [22/Dec/2024:00:49:25 -0500] "GET / HTTP/1.0" 200 109053 "https://misswavenigeria.com/" "Mozilla/5.0 (Windows NT 10.0; Win64; x64) AppleWebKit/537.36 (KHTML, like Gecko) Chrome/103.0.5042.0 Safari/537.36"
66.29.132.124 - - [22/Dec/2024:00:49:26 -0500] "POST /wp-admin/admin-ajax.php?action=async_litespeed&nonce=HGUugsGyzhxkEogpzvSVvqMYoZHchFZY&litespeed_type=imgoptm HTTP/1.1" 200 21 "-" "WordPress/6.7.1; https://misswavenigeria.com"
154.47.21.189 - - [22/Dec/2024:00:49:27 -0500] "GET /register/ HTTP/1.0" 200 75922 "https://misswavenigeria.com/register/" "Mozilla/5.0 (Windows NT 10.0; Win64; x64) AppleWebKit/537.36 (KHTML, like Gecko) Chrome/103.0.5042.0 Safari/537.36"
154.47.21.189 - - [22/Dec/2024:00:49:29 -0500] "POST /register/ HTTP/1.0" 200 76048 "https://misswavenigeria.com/register/" "Mozilla/5.0 (Windows NT 10.0; Win64; x64) AppleWebKit/537.36 (KHTML, like Gecko) Chrome/103.0.5042.0 Safari/537.36"
66.29.132.124 - - [22/Dec/2024:00:51:12 -0500] "POST /wp-cron.php?doing_wp_cron=1734846672.3736860752105712890625 HTTP/1.1" 200 0 "-" "WordPress/6.7.1; https://misswavenigeria.com"
154.47.21.189 - - [22/Dec/2024:00:51:12 -0500] "GET /register/ HTTP/1.0" 200 75922 "https://misswavenigeria.com/" "Mozilla/5.0 (Windows NT 10.0; Win64; x64) AppleWebKit/537.36 (KHTML, like Gecko) Chrome/103.0.5042.0 Safari/537.36"
66.29.132.124 - - [22/Dec/2024:00:51:12 -0500] "POST /wp-admin/admin-ajax.php?action=async_litespeed&nonce=GfalLGRuJRLXmYalsCH1pyIG07BlAlm3&litespeed_type=imgoptm HTTP/1.1" 200 21 "-" "WordPress/6.7.1; https://misswavenigeria.com"
66.29.132.124 - - [22/Dec/2024:00:52:37 -0500] "POST /wp-cron.php?doing_wp_cron=1734846757.4399709701538085937500 HTTP/1.1" 200 0 "-" "WordPress/6.7.1; https://misswavenigeria.com"
154.47.21.189 - - [22/Dec/2024:00:52:35 -0500] "GET / HTTP/1.0" 200 109055 "https://misswavenigeria.com/" "Mozilla/5.0 (Windows NT 10.0; Win64; x64) AppleWebKit/537.36 (KHTML, like Gecko) Chrome/103.0.5060.114 Safari/537.36"
66.29.132.124 - - [22/Dec/2024:00:52:37 -0500] "POST /wp-admin/admin-ajax.php?action=async_litespeed&nonce=MNumeE5E3fogggqmVkzRmHBrDyZlYtxU&litespeed_type=imgoptm HTTP/1.1" 200 21 "-" "WordPress/6.7.1; https://misswavenigeria.com"
154.47.21.189 - - [22/Dec/2024:00:52:39 -0500] "GET /register/ HTTP/1.0" 200 75922 "https://misswavenigeria.com/register/" "Mozilla/5.0 (Windows NT 10.0; Win64; x64) AppleWebKit/537.36 (KHTML, like Gecko) Chrome/103.0.5060.114 Safari/537.36"
52.167.144.239 - - [22/Dec/2024:00:52:53 -0500] "GET /wp-sitemap.xml HTTP/1.1" 200 240 "-" "Mozilla/5.0 AppleWebKit/537.36 (KHTML, like Gecko; compatible; bingbot/2.0; +http://www.bing.com/bingbot.htm) Chrome/116.0.1938.76 Safari/537.36"
66.29.132.124 - - [22/Dec/2024:00:53:58 -0500] "POST /wp-cron.php?doing_wp_cron=1734846838.6977450847625732421875 HTTP/1.1" 200 0 "-" "WordPress/6.7.1; https://misswavenigeria.com"
66.249.79.107 - - [22/Dec/2024:00:53:58 -0500] "GET /sell/H441123?c=56 HTTP/1.1" 301 0 "-" "Mozilla/5.0 (Linux; Android 6.0.1; Nexus 5X Build/MMB29P) AppleWebKit/537.36 (KHTML, like Gecko) Chrome/131.0.6778.139 Mobile Safari/537.36 (compatible; Googlebot/2.1; +http://www.google.com/bot.html)"
66.29.132.124 - - [22/Dec/2024:00:53:58 -0500] "POST /wp-admin/admin-ajax.php?action=async_litespeed&nonce=CDNIPfvUaMNsKOlfoskG9EtsAF8pO4sE&litespeed_type=imgoptm HTTP/1.1" 200 21 "-" "WordPress/6.7.1; https://misswavenigeria.com"
66.249.79.130 - - [22/Dec/2024:00:53:59 -0500] "GET /sell/H441123?c=56 HTTP/1.1" 404 15608 "-" "Mozilla/5.0 (Linux; Android 6.0.1; Nexus 5X Build/MMB29P) AppleWebKit/537.36 (KHTML, like Gecko) Chrome/131.0.6778.139 Mobile Safari/537.36 (compatible; Googlebot/2.1; +http://www.google.com/bot.html)"
154.47.21.189 - - [22/Dec/2024:00:52:41 -0500] "POST /register/ HTTP/1.0" 200 76048 "https://misswavenigeria.com/register/" "Mozilla/5.0 (Windows NT 10.0; Win64; x64) AppleWebKit/537.36 (KHTML, like Gecko) Chrome/103.0.5060.114 Safari/537.36"
66.29.132.124 - - [22/Dec/2024:00:54:44 -0500] "POST /wp-cron.php?doing_wp_cron=1734846884.1156868934631347656250 HTTP/1.1" 200 0 "-" "WordPress/6.7.1; https://misswavenigeria.com"
154.47.21.189 - - [22/Dec/2024:00:54:43 -0500] "GET /register/ HTTP/1.0" 200 75922 "https://misswavenigeria.com/" "Mozilla/5.0 (Windows NT 10.0; Win64; x64) AppleWebKit/537.36 (KHTML, like Gecko) Chrome/103.0.5060.114 Safari/537.36"
66.29.132.124 - - [22/Dec/2024:00:54:44 -0500] "POST /wp-admin/admin-ajax.php?action=async_litespeed&nonce=mk1I4BN08VSIyNv8AqQTpcq8hoCjrmp6&litespeed_type=imgoptm HTTP/1.1" 200 21 "-" "WordPress/6.7.1; https://misswavenigeria.com"
66.29.132.124 - - [22/Dec/2024:00:55:47 -0500] "POST /wp-cron.php?doing_wp_cron=1734846947.8070230484008789062500 HTTP/1.1" 200 0 "-" "WordPress/6.7.1; https://misswavenigeria.com"
154.47.21.189 - - [22/Dec/2024:00:55:47 -0500] "GET / HTTP/1.0" 200 109055 "https://misswavenigeria.com/" "Mozilla/5.0 (Windows NT 6.3; WOW64) AppleWebKit/537.36 (KHTML, like Gecko) Chrome/103.0.5060.114 Safari/537.36"
66.29.132.124 - - [22/Dec/2024:00:55:48 -0500] "POST /wp-admin/admin-ajax.php?action=async_litespeed&nonce=ZgG88DujwKweDMPSRdjhUr1fvLEuN5uq&litespeed_type=imgoptm HTTP/1.1" 200 21 "-" "WordPress/6.7.1; https://misswavenigeria.com"
154.47.21.189 - - [22/Dec/2024:00:55:50 -0500] "GET /register/ HTTP/1.0" 200 75922 "https://misswavenigeria.com/register/" "Mozilla/5.0 (Windows NT 6.3; WOW64) AppleWebKit/537.36 (KHTML, like Gecko) Chrome/103.0.5060.114 Safari/537.36"
154.47.21.189 - - [22/Dec/2024:00:55:52 -0500] "POST /register/ HTTP/1.0" 200 76048 "https://misswavenigeria.com/register/" "Mozilla/5.0 (Windows NT 6.3; WOW64) AppleWebKit/537.36 (KHTML, like Gecko) Chrome/103.0.5060.114 Safari/537.36"
66.29.132.124 - - [22/Dec/2024:00:57:47 -0500] "POST /wp-cron.php?doing_wp_cron=1734847067.1031301021575927734375 HTTP/1.1" 200 0 "-" "WordPress/6.7.1; https://misswavenigeria.com"
154.47.21.189 - - [22/Dec/2024:00:57:46 -0500] "GET /register/ HTTP/1.0" 200 75922 "https://misswavenigeria.com/" "Mozilla/5.0 (Windows NT 6.3; WOW64) AppleWebKit/537.36 (KHTML, like Gecko) Chrome/103.0.5060.114 Safari/537.36"
66.29.132.124 - - [22/Dec/2024:00:57:47 -0500] "POST /wp-admin/admin-ajax.php?action=async_litespeed&nonce=IFFqaR7slIb7qFmezCJ5TiFix4S7yyRw&litespeed_type=imgoptm HTTP/1.1" 200 21 "-" "WordPress/6.7.1; https://misswavenigeria.com"
66.29.132.124 - - [22/Dec/2024:00:58:58 -0500] "POST /wp-cron.php?doing_wp_cron=1734847138.8380630016326904296875 HTTP/1.1" 200 0 "-" "WordPress/6.7.1; https://misswavenigeria.com"
154.47.21.189 - - [22/Dec/2024:00:58:58 -0500] "GET / HTTP/1.0" 200 109053 "https://misswavenigeria.com/" "Mozilla/5.0 (Windows NT 10.0; WOW64) AppleWebKit/537.36 (KHTML, like Gecko) Chrome/103.0.0.0 Safari/537.36"
66.29.132.124 - - [22/Dec/2024:00:58:59 -0500] "POST /wp-admin/admin-ajax.php?action=async_litespeed&nonce=lkAPpX4MwuPMvrNTlHLRHmhcYxDUtRfN&litespeed_type=imgoptm HTTP/1.1" 200 21 "-" "WordPress/6.7.1; https://misswavenigeria.com"
154.47.21.189 - - [22/Dec/2024:00:59:01 -0500] "GET /register/ HTTP/1.0" 200 75922 "https://misswavenigeria.com/register/" "Mozilla/5.0 (Windows NT 10.0; WOW64) AppleWebKit/537.36 (KHTML, like Gecko) Chrome/103.0.0.0 Safari/537.36"
154.47.21.189 - - [22/Dec/2024:00:59:02 -0500] "POST /register/ HTTP/1.0" 200 76048 "https://misswavenigeria.com/register/" "Mozilla/5.0 (Windows NT 10.0; WOW64) AppleWebKit/537.36 (KHTML, like Gecko) Chrome/103.0.0.0 Safari/537.36"
66.29.132.124 - - [22/Dec/2024:01:01:12 -0500] "POST /wp-cron.php?doing_wp_cron=1734847272.3031980991363525390625 HTTP/1.1" 200 0 "-" "WordPress/6.7.1; https://misswavenigeria.com"
154.47.21.189 - - [22/Dec/2024:01:01:12 -0500] "GET /register/ HTTP/1.0" 200 75922 "https://misswavenigeria.com/" "Mozilla/5.0 (Windows NT 10.0; WOW64) AppleWebKit/537.36 (KHTML, like Gecko) Chrome/103.0.0.0 Safari/537.36"
66.29.132.124 - - [22/Dec/2024:01:01:12 -0500] "POST /wp-admin/admin-ajax.php?action=async_litespeed&nonce=xn72MtslWMFzud6b5VmFQobHM27UtFGk&litespeed_type=imgoptm HTTP/1.1" 200 21 "-" "WordPress/6.7.1; https://misswavenigeria.com"
66.29.132.124 - - [22/Dec/2024:01:02:13 -0500] "POST /wp-cron.php?doing_wp_cron=1734847333.2952558994293212890625 HTTP/1.1" 200 0 "-" "WordPress/6.7.1; https://misswavenigeria.com"
154.47.21.189 - - [22/Dec/2024:01:02:13 -0500] "GET / HTTP/1.0" 200 109053 "https://misswavenigeria.com/" "Mozilla/5.0 (Windows NT 10.0; Win64; x64) AppleWebKit/537.36 (KHTML, like Gecko) Chrome/103.0.5060.114 Safari/537.36"
66.29.132.124 - - [22/Dec/2024:01:02:13 -0500] "POST /wp-admin/admin-ajax.php?action=async_litespeed&nonce=RLpFZVwJiEYRHVaUwidVpFxukjGBBZPF&litespeed_type=imgoptm HTTP/1.1" 200 21 "-" "WordPress/6.7.1; https://misswavenigeria.com"
154.47.21.189 - - [22/Dec/2024:01:02:15 -0500] "GET /register/ HTTP/1.0" 200 75922 "https://misswavenigeria.com/register/" "Mozilla/5.0 (Windows NT 10.0; Win64; x64) AppleWebKit/537.36 (KHTML, like Gecko) Chrome/103.0.5060.114 Safari/537.36"
154.47.21.189 - - [22/Dec/2024:01:02:17 -0500] "POST /register/ HTTP/1.0" 200 76048 "https://misswavenigeria.com/register/" "Mozilla/5.0 (Windows NT 10.0; Win64; x64) AppleWebKit/537.36 (KHTML, like Gecko) Chrome/103.0.5060.114 Safari/537.36"
66.29.132.124 - - [22/Dec/2024:01:04:18 -0500] "POST /wp-cron.php?doing_wp_cron=1734847458.8776209354400634765625 HTTP/1.1" 200 0 "-" "WordPress/6.7.1; https://misswavenigeria.com"
154.47.21.189 - - [22/Dec/2024:01:04:18 -0500] "GET /register/ HTTP/1.0" 200 75922 "https://misswavenigeria.com/" "Mozilla/5.0 (Windows NT 10.0; Win64; x64) AppleWebKit/537.36 (KHTML, like Gecko) Chrome/103.0.5060.114 Safari/537.36"
66.29.132.124 - - [22/Dec/2024:01:04:19 -0500] "POST /wp-admin/admin-ajax.php?action=async_litespeed&nonce=JIRGFdb4u9S2H6ngu46zUY9aydqGJ2fV&litespeed_type=imgoptm HTTP/1.1" 200 21 "-" "WordPress/6.7.1; https://misswavenigeria.com"
66.29.132.124 - - [22/Dec/2024:01:05:32 -0500] "POST /wp-cron.php?doing_wp_cron=1734847532.2265028953552246093750 HTTP/1.1" 200 0 "-" "WordPress/6.7.1; https://misswavenigeria.com"
154.47.21.189 - - [22/Dec/2024:01:05:31 -0500] "GET / HTTP/1.0" 200 109055 "https://misswavenigeria.com/" "Mozilla/5.0 (Windows NT 10.0; Win64; x64) AppleWebKit/537.36 (KHTML, like Gecko) Chrome/103.0.0.0 Safari/537.36"
66.29.132.124 - - [22/Dec/2024:01:05:32 -0500] "POST /wp-admin/admin-ajax.php?action=async_litespeed&nonce=UK0CDA3pPB2khyamOEmyCo2lbIN5QqJN&litespeed_type=imgoptm HTTP/1.1" 200 21 "-" "WordPress/6.7.1; https://misswavenigeria.com"
154.47.21.189 - - [22/Dec/2024:01:05:34 -0500] "GET /register/ HTTP/1.0" 200 75922 "https://misswavenigeria.com/register/" "Mozilla/5.0 (Windows NT 10.0; Win64; x64) AppleWebKit/537.36 (KHTML, like Gecko) Chrome/103.0.0.0 Safari/537.36"
107.189.2.39 - - [22/Dec/2024:01:06:54 -0500] "GET /wp-login.php HTTP/1.1" 200 6933 "-" "Mozilla/5.0 (Macintosh; Intel Mac OS X 10_6_8) AppleWebKit/537.36 (KHTML, like Gecko) Chrome/36.0.1985.125 Safari/537.36"
154.47.21.189 - - [22/Dec/2024:01:05:35 -0500] "POST /register/ HTTP/1.0" 200 76048 "https://misswavenigeria.com/register/" "Mozilla/5.0 (Windows NT 10.0; Win64; x64) AppleWebKit/537.36 (KHTML, like Gecko) Chrome/103.0.0.0 Safari/537.36"
66.29.132.124 - - [22/Dec/2024:01:07:27 -0500] "POST /wp-cron.php?doing_wp_cron=1734847647.2199759483337402343750 HTTP/1.1" 200 0 "-" "WordPress/6.7.1; https://misswavenigeria.com"
154.47.21.189 - - [22/Dec/2024:01:07:27 -0500] "GET /register/ HTTP/1.0" 200 75922 "https://misswavenigeria.com/" "Mozilla/5.0 (Windows NT 10.0; Win64; x64) AppleWebKit/537.36 (KHTML, like Gecko) Chrome/103.0.0.0 Safari/537.36"
66.29.132.124 - - [22/Dec/2024:01:07:27 -0500] "POST /wp-admin/admin-ajax.php?action=async_litespeed&nonce=NKe8okwEEuvxlnr4En1h3DY4VcVFc59R&litespeed_type=imgoptm HTTP/1.1" 200 21 "-" "WordPress/6.7.1; https://misswavenigeria.com"
66.29.132.124 - - [22/Dec/2024:01:08:45 -0500] "POST /wp-cron.php?doing_wp_cron=1734847725.6397459506988525390625 HTTP/1.1" 200 0 "-" "WordPress/6.7.1; https://misswavenigeria.com"
154.47.21.189 - - [22/Dec/2024:01:08:45 -0500] "GET / HTTP/1.0" 200 109053 "https://misswavenigeria.com/" "Mozilla/5.0 (Windows NT 10.0; Win64; x64) AppleWebKit/537.36 (KHTML, like Gecko) Chrome/103.0.5060.53 Safari/537.36"
66.29.132.124 - - [22/Dec/2024:01:08:45 -0500] "POST /wp-admin/admin-ajax.php?action=async_litespeed&nonce=LEN93trwsnBLk63XnVraxJF3gwlnG45l&litespeed_type=imgoptm HTTP/1.1" 200 21 "-" "WordPress/6.7.1; https://misswavenigeria.com"
154.47.21.189 - - [22/Dec/2024:01:08:47 -0500] "GET /register/ HTTP/1.0" 200 75922 "https://misswavenigeria.com/register/" "Mozilla/5.0 (Windows NT 10.0; Win64; x64) AppleWebKit/537.36 (KHTML, like Gecko) Chrome/103.0.5060.53 Safari/537.36"
154.47.21.189 - - [22/Dec/2024:01:08:49 -0500] "POST /register/ HTTP/1.0" 200 76048 "https://misswavenigeria.com/register/" "Mozilla/5.0 (Windows NT 10.0; Win64; x64) AppleWebKit/537.36 (KHTML, like Gecko) Chrome/103.0.5060.53 Safari/537.36"
66.29.132.124 - - [22/Dec/2024:01:11:10 -0500] "POST /wp-cron.php?doing_wp_cron=1734847870.1527769565582275390625 HTTP/1.1" 200 0 "-" "WordPress/6.7.1; https://misswavenigeria.com"
154.47.21.189 - - [22/Dec/2024:01:11:09 -0500] "GET /register/ HTTP/1.0" 200 75922 "https://misswavenigeria.com/" "Mozilla/5.0 (Windows NT 10.0; Win64; x64) AppleWebKit/537.36 (KHTML, like Gecko) Chrome/103.0.5060.53 Safari/537.36"
66.29.132.124 - - [22/Dec/2024:01:11:10 -0500] "POST /wp-admin/admin-ajax.php?action=async_litespeed&nonce=kJGJStFwfd0ZpJLw1kFpsumBiWqLR0Kn&litespeed_type=imgoptm HTTP/1.1" 200 21 "-" "WordPress/6.7.1; https://misswavenigeria.com"
66.29.132.124 - - [22/Dec/2024:01:12:03 -0500] "POST /wp-cron.php?doing_wp_cron=1734847923.4821789264678955078125 HTTP/1.1" 200 0 "-" "WordPress/6.7.1; https://misswavenigeria.com"
154.47.21.189 - - [22/Dec/2024:01:12:03 -0500] "GET / HTTP/1.0" 200 109055 "https://misswavenigeria.com/" "Mozilla/5.0 (Windows NT 6.3; Win64; x64) AppleWebKit/537.36 (KHTML, like Gecko) Chrome/103.0.5060.53 Safari/537.36"
66.29.132.124 - - [22/Dec/2024:01:12:03 -0500] "POST /wp-admin/admin-ajax.php?action=async_litespeed&nonce=TMTx1zq9znTQfJqssK69rxwdJmlWDMbI&litespeed_type=imgoptm HTTP/1.1" 200 21 "-" "WordPress/6.7.1; https://misswavenigeria.com"
154.47.21.189 - - [22/Dec/2024:01:12:05 -0500] "GET /register/ HTTP/1.0" 200 75922 "https://misswavenigeria.com/register/" "Mozilla/5.0 (Windows NT 6.3; Win64; x64) AppleWebKit/537.36 (KHTML, like Gecko) Chrome/103.0.5060.53 Safari/537.36"
154.47.21.189 - - [22/Dec/2024:01:12:07 -0500] "POST /register/ HTTP/1.0" 200 76048 "https://misswavenigeria.com/register/" "Mozilla/5.0 (Windows NT 6.3; Win64; x64) AppleWebKit/537.36 (KHTML, like Gecko) Chrome/103.0.5060.53 Safari/537.36"
66.29.132.124 - - [22/Dec/2024:01:13:44 -0500] "POST /wp-cron.php?doing_wp_cron=1734848024.8809740543365478515625 HTTP/1.1" 200 0 "-" "WordPress/6.7.1; https://misswavenigeria.com"
154.47.21.189 - - [22/Dec/2024:01:13:44 -0500] "GET /register/ HTTP/1.0" 200 75922 "https://misswavenigeria.com/" "Mozilla/5.0 (Windows NT 6.3; Win64; x64) AppleWebKit/537.36 (KHTML, like Gecko) Chrome/103.0.5060.53 Safari/537.36"
66.29.132.124 - - [22/Dec/2024:01:13:45 -0500] "POST /wp-admin/admin-ajax.php?action=async_litespeed&nonce=uJrfWNsdsbxFyX7APnLb0B67GQE6f5yt&litespeed_type=imgoptm HTTP/1.1" 200 21 "-" "WordPress/6.7.1; https://misswavenigeria.com"
66.29.132.124 - - [22/Dec/2024:01:15:21 -0500] "POST /wp-cron.php?doing_wp_cron=1734848121.0212929248809814453125 HTTP/1.1" 200 0 "-" "WordPress/6.7.1; https://misswavenigeria.com"
154.47.21.189 - - [22/Dec/2024:01:15:16 -0500] "GET / HTTP/1.0" 200 109055 "https://misswavenigeria.com/" "Mozilla/5.0 (Windows NT 6.3; WOW64) AppleWebKit/537.36 (KHTML, like Gecko) Chrome/103.0.0.0 Safari/537.36"
66.29.132.124 - - [22/Dec/2024:01:15:21 -0500] "POST /wp-admin/admin-ajax.php?action=async_litespeed&nonce=vb4jdPmgirjAo2mTIgaIqC8vr6bXsq5w&litespeed_type=imgoptm HTTP/1.1" 200 21 "-" "WordPress/6.7.1; https://misswavenigeria.com"
154.47.21.189 - - [22/Dec/2024:01:15:23 -0500] "GET /register/ HTTP/1.0" 200 75922 "https://misswavenigeria.com/register/" "Mozilla/5.0 (Windows NT 6.3; WOW64) AppleWebKit/537.36 (KHTML, like Gecko) Chrome/103.0.0.0 Safari/537.36"
66.29.132.124 - - [22/Dec/2024:01:15:25 -0500] "POST /wp-cron.php?doing_wp_cron=1734848125.3527059555053710937500 HTTP/1.1" 200 0 "-" "WordPress/6.7.1; https://misswavenigeria.com"
154.47.21.189 - - [22/Dec/2024:01:15:25 -0500] "POST /register/ HTTP/1.0" 200 76048 "https://misswavenigeria.com/register/" "Mozilla/5.0 (Windows NT 6.3; WOW64) AppleWebKit/537.36 (KHTML, like Gecko) Chrome/103.0.0.0 Safari/537.36"
66.29.132.124 - - [22/Dec/2024:01:17:08 -0500] "POST /wp-cron.php?doing_wp_cron=1734848228.5219020843505859375000 HTTP/1.1" 200 0 "-" "WordPress/6.7.1; https://misswavenigeria.com"
154.47.21.189 - - [22/Dec/2024:01:17:08 -0500] "GET /register/ HTTP/1.0" 200 75922 "https://misswavenigeria.com/" "Mozilla/5.0 (Windows NT 6.3; WOW64) AppleWebKit/537.36 (KHTML, like Gecko) Chrome/103.0.0.0 Safari/537.36"
66.29.132.124 - - [22/Dec/2024:01:17:08 -0500] "POST /wp-admin/admin-ajax.php?action=async_litespeed&nonce=3A7kww8SRrXkerFxZBhwszW8oBpX8Jpv&litespeed_type=imgoptm HTTP/1.1" 200 21 "-" "WordPress/6.7.1; https://misswavenigeria.com"
66.29.132.124 - - [22/Dec/2024:01:18:25 -0500] "POST /wp-cron.php?doing_wp_cron=1734848305.1896579265594482421875 HTTP/1.1" 200 0 "-" "WordPress/6.7.1; https://misswavenigeria.com"
154.47.21.189 - - [22/Dec/2024:01:18:24 -0500] "GET / HTTP/1.0" 200 109055 "https://misswavenigeria.com/" "Mozilla/5.0 (Windows NT 10.0; WOW64) AppleWebKit/537.36 (KHTML, like Gecko) Chrome/103.0.0.0 Safari/537.36"
66.29.132.124 - - [22/Dec/2024:01:18:25 -0500] "POST /wp-admin/admin-ajax.php?action=async_litespeed&nonce=QZ21RnvMkoSltGnu509B0wMK5TL0Fvgj&litespeed_type=imgoptm HTTP/1.1" 200 21 "-" "WordPress/6.7.1; https://misswavenigeria.com"
154.47.21.189 - - [22/Dec/2024:01:18:27 -0500] "GET /register/ HTTP/1.0" 200 75922 "https://misswavenigeria.com/register/" "Mozilla/5.0 (Windows NT 10.0; WOW64) AppleWebKit/537.36 (KHTML, like Gecko) Chrome/103.0.0.0 Safari/537.36"
154.47.21.189 - - [22/Dec/2024:01:18:28 -0500] "POST /register/ HTTP/1.0" 200 76048 "https://misswavenigeria.com/register/" "Mozilla/5.0 (Windows NT 10.0; WOW64) AppleWebKit/537.36 (KHTML, like Gecko) Chrome/103.0.0.0 Safari/537.36"
66.29.132.124 - - [22/Dec/2024:01:19:32 -0500] "POST /wp-cron.php?doing_wp_cron=1734848372.7193579673767089843750 HTTP/1.1" 200 0 "-" "WordPress/6.7.1; https://misswavenigeria.com"
154.47.21.189 - - [22/Dec/2024:01:19:32 -0500] "GET /register/ HTTP/1.0" 200 75922 "https://misswavenigeria.com/" "Mozilla/5.0 (Windows NT 10.0; WOW64) AppleWebKit/537.36 (KHTML, like Gecko) Chrome/103.0.0.0 Safari/537.36"
66.29.132.124 - - [22/Dec/2024:01:19:32 -0500] "POST /wp-admin/admin-ajax.php?action=async_litespeed&nonce=JpTQEiuIfbYTDcoao2ndnyHmGS2jgxdG&litespeed_type=imgoptm HTTP/1.1" 200 21 "-" "WordPress/6.7.1; https://misswavenigeria.com"
66.29.132.124 - - [22/Dec/2024:01:21:41 -0500] "POST /wp-cron.php?doing_wp_cron=1734848501.7042429447174072265625 HTTP/1.1" 200 0 "-" "WordPress/6.7.1; https://misswavenigeria.com"
154.47.21.189 - - [22/Dec/2024:01:21:40 -0500] "GET / HTTP/1.0" 200 109053 "https://misswavenigeria.com/" "Mozilla/5.0 (Windows NT 10.0; Win64; x64) AppleWebKit/537.36 (KHTML, like Gecko) Chrome/103.0.0.0 Safari/537.36 OpenWave/97.4.2043.44"
66.29.132.124 - - [22/Dec/2024:01:21:41 -0500] "POST /wp-admin/admin-ajax.php?action=async_litespeed&nonce=o1Q2ATdpGx0BMBE7akgNaJQTfzgc1N7U&litespeed_type=imgoptm HTTP/1.1" 200 21 "-" "WordPress/6.7.1; https://misswavenigeria.com"
154.47.21.189 - - [22/Dec/2024:01:21:43 -0500] "GET /register/ HTTP/1.0" 200 75922 "https://misswavenigeria.com/register/" "Mozilla/5.0 (Windows NT 10.0; Win64; x64) AppleWebKit/537.36 (KHTML, like Gecko) Chrome/103.0.0.0 Safari/537.36 OpenWave/97.4.2043.44"
107.189.2.203 - - [22/Dec/2024:01:21:58 -0500] "GET /wp-login.php HTTP/1.1" 200 6933 "-" "Mozilla/5.0 (iPhone; CPU iPhone OS 7_0_4 like Mac OS X) AppleWebKit/537.51.1 (KHTML, like Gecko) Version/7.0 Mobile/11B554a Safari/9537.53"
107.189.2.203 - - [22/Dec/2024:01:22:04 -0500] "POST /wp-login.php HTTP/1.1" 200 7422 "-" "Mozilla/5.0 (iPhone; CPU iPhone OS 7_0_4 like Mac OS X) AppleWebKit/537.51.1 (KHTML, like Gecko) Version/7.0 Mobile/11B554a Safari/9537.53"
66.249.79.131 - - [22/Dec/2024:01:22:05 -0500] "GET /goods/983446.html HTTP/1.1" 404 15608 "-" "Mozilla/5.0 (Linux; Android 6.0.1; Nexus 5X Build/MMB29P) AppleWebKit/537.36 (KHTML, like Gecko) Chrome/131.0.6778.139 Mobile Safari/537.36 (compatible; Googlebot/2.1; +http://www.google.com/bot.html)"
66.249.79.130 - - [22/Dec/2024:01:22:08 -0500] "GET /goods/416839.html HTTP/1.1" 404 15608 "-" "Mozilla/5.0 (Linux; Android 6.0.1; Nexus 5X Build/MMB29P) AppleWebKit/537.36 (KHTML, like Gecko) Chrome/131.0.6778.139 Mobile Safari/537.36 (compatible; Googlebot/2.1; +http://www.google.com/bot.html)"
66.249.79.130 - - [22/Dec/2024:01:22:11 -0500] "GET /goods/252451.html HTTP/1.1" 404 15607 "-" "Mozilla/5.0 (Linux; Android 6.0.1; Nexus 5X Build/MMB29P) AppleWebKit/537.36 (KHTML, like Gecko) Chrome/131.0.6778.139 Mobile Safari/537.36 (compatible; Googlebot/2.1; +http://www.google.com/bot.html)"
66.29.132.124 - - [22/Dec/2024:01:22:32 -0500] "POST /wp-cron.php?doing_wp_cron=1734848552.6981120109558105468750 HTTP/1.1" 200 0 "-" "WordPress/6.7.1; https://misswavenigeria.com"
66.249.79.130 - - [22/Dec/2024:01:22:32 -0500] "GET /goods/30549.html HTTP/1.1" 404 15608 "-" "Mozilla/5.0 (Linux; Android 6.0.1; Nexus 5X Build/MMB29P) AppleWebKit/537.36 (KHTML, like Gecko) Chrome/131.0.6778.139 Mobile Safari/537.36 (compatible; Googlebot/2.1; +http://www.google.com/bot.html)"
66.29.132.124 - - [22/Dec/2024:01:22:32 -0500] "POST /wp-admin/admin-ajax.php?action=async_litespeed&nonce=Tw4y9CX38JFrliCWHaHb7lvzXp36P9t8&litespeed_type=imgoptm HTTP/1.1" 200 21 "-" "WordPress/6.7.1; https://misswavenigeria.com"
154.47.21.189 - - [22/Dec/2024:01:21:45 -0500] "POST /register/ HTTP/1.0" 200 76048 "https://misswavenigeria.com/register/" "Mozilla/5.0 (Windows NT 10.0; Win64; x64) AppleWebKit/537.36 (KHTML, like Gecko) Chrome/103.0.0.0 Safari/537.36 OpenWave/97.4.2043.44"
154.47.21.189 - - [22/Dec/2024:01:22:55 -0500] "GET /register/ HTTP/1.0" 200 75922 "https://misswavenigeria.com/" "Mozilla/5.0 (Windows NT 10.0; Win64; x64) AppleWebKit/537.36 (KHTML, like Gecko) Chrome/103.0.0.0 Safari/537.36 OpenWave/97.4.2043.44"
66.29.132.124 - - [22/Dec/2024:01:24:54 -0500] "POST /wp-cron.php?doing_wp_cron=1734848694.2919239997863769531250 HTTP/1.1" 200 0 "-" "WordPress/6.7.1; https://misswavenigeria.com"
154.47.21.189 - - [22/Dec/2024:01:24:52 -0500] "GET / HTTP/1.0" 200 109053 "https://misswavenigeria.com/" "Mozilla/5.0 (Windows NT 10.0; WOW64) AppleWebKit/537.36 (KHTML, like Gecko) Chrome/103.0.5060.114 Safari/537.36"
66.29.132.124 - - [22/Dec/2024:01:24:54 -0500] "POST /wp-admin/admin-ajax.php?action=async_litespeed&nonce=yzpV1SLeYTcda5lCUxPgXeUzuaoI3Ff0&litespeed_type=imgoptm HTTP/1.1" 200 21 "-" "WordPress/6.7.1; https://misswavenigeria.com"
154.47.21.189 - - [22/Dec/2024:01:24:56 -0500] "GET /register/ HTTP/1.0" 200 75922 "https://misswavenigeria.com/register/" "Mozilla/5.0 (Windows NT 10.0; WOW64) AppleWebKit/537.36 (KHTML, like Gecko) Chrome/103.0.5060.114 Safari/537.36"
154.47.21.189 - - [22/Dec/2024:01:25:00 -0500] "POST /register/ HTTP/1.0" 200 76048 "https://misswavenigeria.com/register/" "Mozilla/5.0 (Windows NT 10.0; WOW64) AppleWebKit/537.36 (KHTML, like Gecko) Chrome/103.0.5060.114 Safari/537.36"
66.29.132.124 - - [22/Dec/2024:01:26:10 -0500] "POST /wp-cron.php?doing_wp_cron=1734848770.6954989433288574218750 HTTP/1.1" 200 0 "-" "WordPress/6.7.1; https://misswavenigeria.com"
154.47.21.189 - - [22/Dec/2024:01:26:10 -0500] "GET /register/ HTTP/1.0" 200 75922 "https://misswavenigeria.com/" "Mozilla/5.0 (Windows NT 10.0; WOW64) AppleWebKit/537.36 (KHTML, like Gecko) Chrome/103.0.5060.114 Safari/537.36"
66.29.132.124 - - [22/Dec/2024:01:26:10 -0500] "POST /wp-admin/admin-ajax.php?action=async_litespeed&nonce=SEq3iVtSboDGLnzZCeACLKDZlFqpQsdm&litespeed_type=imgoptm HTTP/1.1" 200 21 "-" "WordPress/6.7.1; https://misswavenigeria.com"
66.29.132.124 - - [22/Dec/2024:01:28:07 -0500] "POST /wp-cron.php?doing_wp_cron=1734848887.0029370784759521484375 HTTP/1.1" 200 0 "-" "WordPress/6.7.1; https://misswavenigeria.com"
154.47.21.189 - - [22/Dec/2024:01:28:05 -0500] "GET / HTTP/1.0" 200 109055 "https://misswavenigeria.com/" "Mozilla/5.0 (Windows NT 6.3; WOW64) AppleWebKit/537.36 (KHTML, like Gecko) Chrome/103.0.0.0 Safari/537.36"
66.29.132.124 - - [22/Dec/2024:01:28:07 -0500] "POST /wp-admin/admin-ajax.php?action=async_litespeed&nonce=DiI6NY9o3I8LiqlytMDNlt7VKU5uJ6x1&litespeed_type=imgoptm HTTP/1.1" 200 21 "-" "WordPress/6.7.1; https://misswavenigeria.com"
154.47.21.189 - - [22/Dec/2024:01:28:09 -0500] "GET /register/ HTTP/1.0" 200 75922 "https://misswavenigeria.com/register/" "Mozilla/5.0 (Windows NT 6.3; WOW64) AppleWebKit/537.36 (KHTML, like Gecko) Chrome/103.0.0.0 Safari/537.36"
154.47.21.189 - - [22/Dec/2024:01:28:10 -0500] "POST /register/ HTTP/1.0" 200 76048 "https://misswavenigeria.com/register/" "Mozilla/5.0 (Windows NT 6.3; WOW64) AppleWebKit/537.36 (KHTML, like Gecko) Chrome/103.0.0.0 Safari/537.36"
66.29.132.124 - - [22/Dec/2024:01:29:19 -0500] "POST /wp-cron.php?doing_wp_cron=1734848959.5410909652709960937500 HTTP/1.1" 200 0 "-" "WordPress/6.7.1; https://misswavenigeria.com"
154.47.21.189 - - [22/Dec/2024:01:29:19 -0500] "GET /register/ HTTP/1.0" 200 75922 "https://misswavenigeria.com/" "Mozilla/5.0 (Windows NT 6.3; WOW64) AppleWebKit/537.36 (KHTML, like Gecko) Chrome/103.0.0.0 Safari/537.36"
66.29.132.124 - - [22/Dec/2024:01:29:19 -0500] "POST /wp-admin/admin-ajax.php?action=async_litespeed&nonce=3gggXnEnK9o5mJqrTVgErN9gNvuY9chy&litespeed_type=imgoptm HTTP/1.1" 200 21 "-" "WordPress/6.7.1; https://misswavenigeria.com"
66.29.132.124 - - [22/Dec/2024:01:31:22 -0500] "POST /wp-cron.php?doing_wp_cron=1734849082.5903921127319335937500 HTTP/1.1" 200 0 "-" "WordPress/6.7.1; https://misswavenigeria.com"
154.47.21.189 - - [22/Dec/2024:01:31:21 -0500] "GET / HTTP/1.0" 200 109055 "https://misswavenigeria.com/" "Mozilla/5.0 (Windows NT 6.1; Win64; x64) AppleWebKit/537.36 (KHTML, like Gecko) Chrome/103.0.0.0 Safari/537.36"
66.29.132.124 - - [22/Dec/2024:01:31:22 -0500] "POST /wp-admin/admin-ajax.php?action=async_litespeed&nonce=XdJOqAklwBZYFFXCn35MXSNLJTL4ronZ&litespeed_type=imgoptm HTTP/1.1" 200 21 "-" "WordPress/6.7.1; https://misswavenigeria.com"
154.47.21.189 - - [22/Dec/2024:01:31:24 -0500] "GET /register/ HTTP/1.0" 200 75922 "https://misswavenigeria.com/register/" "Mozilla/5.0 (Windows NT 6.1; Win64; x64) AppleWebKit/537.36 (KHTML, like Gecko) Chrome/103.0.0.0 Safari/537.36"
66.29.132.124 - - [22/Dec/2024:01:31:26 -0500] "POST /wp-cron.php?doing_wp_cron=1734849086.4584560394287109375000 HTTP/1.1" 200 0 "-" "WordPress/6.7.1; https://misswavenigeria.com"
154.47.21.189 - - [22/Dec/2024:01:31:26 -0500] "POST /register/ HTTP/1.0" 200 76048 "https://misswavenigeria.com/register/" "Mozilla/5.0 (Windows NT 6.1; Win64; x64) AppleWebKit/537.36 (KHTML, like Gecko) Chrome/103.0.0.0 Safari/537.36"
66.29.132.124 - - [22/Dec/2024:01:32:29 -0500] "POST /wp-cron.php?doing_wp_cron=1734849149.9513089656829833984375 HTTP/1.1" 200 0 "-" "WordPress/6.7.1; https://misswavenigeria.com"
154.47.21.189 - - [22/Dec/2024:01:32:29 -0500] "GET /register/ HTTP/1.0" 200 75922 "https://misswavenigeria.com/" "Mozilla/5.0 (Windows NT 6.1; Win64; x64) AppleWebKit/537.36 (KHTML, like Gecko) Chrome/103.0.0.0 Safari/537.36"
66.29.132.124 - - [22/Dec/2024:01:32:30 -0500] "POST /wp-admin/admin-ajax.php?action=async_litespeed&nonce=kOx0KuPCCOC9CA0fADs7xgFeIEpXbLbQ&litespeed_type=imgoptm HTTP/1.1" 200 21 "-" "WordPress/6.7.1; https://misswavenigeria.com"
66.29.132.124 - - [22/Dec/2024:01:34:30 -0500] "POST /wp-cron.php?doing_wp_cron=1734849270.4762361049652099609375 HTTP/1.1" 200 0 "-" "WordPress/6.7.1; https://misswavenigeria.com"
154.47.21.189 - - [22/Dec/2024:01:34:29 -0500] "GET / HTTP/1.0" 200 109051 "https://misswavenigeria.com/" "Mozilla/5.0 (Windows NT 10.0; Win64; x64) AppleWebKit/537.36 (KHTML, like Gecko) Chrome/103.0.5042.0 Safari/537.36"
66.29.132.124 - - [22/Dec/2024:01:34:30 -0500] "POST /wp-admin/admin-ajax.php?action=async_litespeed&nonce=ZjAAbou2eTCRZ5ltEFvvWbTHF0L2zmJr&litespeed_type=imgoptm HTTP/1.1" 200 21 "-" "WordPress/6.7.1; https://misswavenigeria.com"
154.47.21.189 - - [22/Dec/2024:01:34:32 -0500] "GET /register/ HTTP/1.0" 200 75922 "https://misswavenigeria.com/register/" "Mozilla/5.0 (Windows NT 10.0; Win64; x64) AppleWebKit/537.36 (KHTML, like Gecko) Chrome/103.0.5042.0 Safari/537.36"
66.29.132.124 - - [22/Dec/2024:01:34:34 -0500] "POST /wp-cron.php?doing_wp_cron=1734849274.3060059547424316406250 HTTP/1.1" 200 0 "-" "WordPress/6.7.1; https://misswavenigeria.com"
66.29.132.124 - - [22/Dec/2024:01:34:34 -0500] "POST /wp-admin/admin-ajax.php?action=async_litespeed&nonce=JFj0VXHJR3A7fHgISHy0klPNEo51GfM8&litespeed_type=imgoptm HTTP/1.1" 200 21 "-" "WordPress/6.7.1; https://misswavenigeria.com"
154.47.21.189 - - [22/Dec/2024:01:34:34 -0500] "POST /register/ HTTP/1.0" 200 76048 "https://misswavenigeria.com/register/" "Mozilla/5.0 (Windows NT 10.0; Win64; x64) AppleWebKit/537.36 (KHTML, like Gecko) Chrome/103.0.5042.0 Safari/537.36"
66.29.132.124 - - [22/Dec/2024:01:35:33 -0500] "POST /wp-cron.php?doing_wp_cron=1734849333.6100740432739257812500 HTTP/1.1" 200 0 "-" "WordPress/6.7.1; https://misswavenigeria.com"
154.47.21.189 - - [22/Dec/2024:01:35:33 -0500] "GET /register/ HTTP/1.0" 200 75922 "https://misswavenigeria.com/" "Mozilla/5.0 (Windows NT 10.0; Win64; x64) AppleWebKit/537.36 (KHTML, like Gecko) Chrome/103.0.5042.0 Safari/537.36"
66.29.132.124 - - [22/Dec/2024:01:35:33 -0500] "POST /wp-admin/admin-ajax.php?action=async_litespeed&nonce=PBKRjM1a9rr1toJ368zZ9qi3hi6mmjTl&litespeed_type=imgoptm HTTP/1.1" 200 21 "-" "WordPress/6.7.1; https://misswavenigeria.com"
66.29.132.124 - - [22/Dec/2024:01:37:42 -0500] "POST /wp-cron.php?doing_wp_cron=1734849462.8973469734191894531250 HTTP/1.1" 200 0 "-" "WordPress/6.7.1; https://misswavenigeria.com"
154.47.21.189 - - [22/Dec/2024:01:37:40 -0500] "GET / HTTP/1.0" 200 109053 "https://misswavenigeria.com/" "Mozilla/5.0 (Windows NT 10.0; Win64; x64) AppleWebKit/537.36 (KHTML, like Gecko) Chrome/103.0.5060.134 Safari/537.36"
66.29.132.124 - - [22/Dec/2024:01:37:43 -0500] "POST /wp-admin/admin-ajax.php?action=async_litespeed&nonce=heSGn2D6dfjrdt2qxPECZiIBhvJRARvv&litespeed_type=imgoptm HTTP/1.1" 200 21 "-" "WordPress/6.7.1; https://misswavenigeria.com"
154.47.21.189 - - [22/Dec/2024:01:37:45 -0500] "GET /register/ HTTP/1.0" 200 75922 "https://misswavenigeria.com/register/" "Mozilla/5.0 (Windows NT 10.0; Win64; x64) AppleWebKit/537.36 (KHTML, like Gecko) Chrome/103.0.5060.134 Safari/537.36"
154.47.21.189 - - [22/Dec/2024:01:37:47 -0500] "POST /register/ HTTP/1.0" 200 76048 "https://misswavenigeria.com/register/" "Mozilla/5.0 (Windows NT 10.0; Win64; x64) AppleWebKit/537.36 (KHTML, like Gecko) Chrome/103.0.5060.134 Safari/537.36"
66.29.132.124 - - [22/Dec/2024:01:39:13 -0500] "POST /wp-cron.php?doing_wp_cron=1734849553.4924719333648681640625 HTTP/1.1" 200 0 "-" "WordPress/6.7.1; https://misswavenigeria.com"
154.47.21.189 - - [22/Dec/2024:01:39:13 -0500] "GET /register/ HTTP/1.0" 200 75922 "https://misswavenigeria.com/" "Mozilla/5.0 (Windows NT 10.0; Win64; x64) AppleWebKit/537.36 (KHTML, like Gecko) Chrome/103.0.5060.134 Safari/537.36"
66.29.132.124 - - [22/Dec/2024:01:39:13 -0500] "POST /wp-admin/admin-ajax.php?action=async_litespeed&nonce=4oKidIR4YOnSUme2QzLyfoMWMab7HBJm&litespeed_type=imgoptm HTTP/1.1" 200 21 "-" "WordPress/6.7.1; https://misswavenigeria.com"
66.29.132.124 - - [22/Dec/2024:01:40:54 -0500] "POST /wp-cron.php?doing_wp_cron=1734849654.0637009143829345703125 HTTP/1.1" 200 0 "-" "WordPress/6.7.1; https://misswavenigeria.com"
154.47.21.189 - - [22/Dec/2024:01:40:52 -0500] "GET / HTTP/1.0" 200 109055 "https://misswavenigeria.com/" "Mozilla/5.0 (Windows NT 10.0; Win64; x64) AppleWebKit/537.36 (KHTML, like Gecko) Chrome/103.0.0.0 Safari/537.36 OpenWave/97.4.2043.44"
66.29.132.124 - - [22/Dec/2024:01:40:54 -0500] "POST /wp-admin/admin-ajax.php?action=async_litespeed&nonce=45gNkYf3Mqq9RQ4KreedzQpu0yJNe5yr&litespeed_type=imgoptm HTTP/1.1" 200 21 "-" "WordPress/6.7.1; https://misswavenigeria.com"
154.47.21.189 - - [22/Dec/2024:01:40:56 -0500] "GET /register/ HTTP/1.0" 200 75922 "https://misswavenigeria.com/register/" "Mozilla/5.0 (Windows NT 10.0; Win64; x64) AppleWebKit/537.36 (KHTML, like Gecko) Chrome/103.0.0.0 Safari/537.36 OpenWave/97.4.2043.44"
154.47.21.189 - - [22/Dec/2024:01:40:57 -0500] "POST /register/ HTTP/1.0" 200 76048 "https://misswavenigeria.com/register/" "Mozilla/5.0 (Windows NT 10.0; Win64; x64) AppleWebKit/537.36 (KHTML, like Gecko) Chrome/103.0.0.0 Safari/537.36 OpenWave/97.4.2043.44"
66.29.132.124 - - [22/Dec/2024:01:42:01 -0500] "POST /wp-cron.php?doing_wp_cron=1734849721.7785329818725585937500 HTTP/1.1" 200 0 "-" "WordPress/6.7.1; https://misswavenigeria.com"
154.47.21.189 - - [22/Dec/2024:01:42:01 -0500] "GET /register/ HTTP/1.0" 200 75922 "https://misswavenigeria.com/" "Mozilla/5.0 (Windows NT 10.0; Win64; x64) AppleWebKit/537.36 (KHTML, like Gecko) Chrome/103.0.0.0 Safari/537.36 OpenWave/97.4.2043.44"
66.29.132.124 - - [22/Dec/2024:01:42:02 -0500] "POST /wp-admin/admin-ajax.php?action=async_litespeed&nonce=x98phX1yxZgUGLMio6OzYG2Xvuld9BPB&litespeed_type=imgoptm HTTP/1.1" 200 21 "-" "WordPress/6.7.1; https://misswavenigeria.com"
66.29.132.124 - - [22/Dec/2024:01:44:08 -0500] "POST /wp-cron.php?doing_wp_cron=1734849848.6237640380859375000000 HTTP/1.1" 200 0 "-" "WordPress/6.7.1; https://misswavenigeria.com"
154.47.21.189 - - [22/Dec/2024:01:44:07 -0500] "GET / HTTP/1.0" 200 109053 "https://misswavenigeria.com/" "Mozilla/5.0 (Windows NT 6.1; WOW64) AppleWebKit/537.36 (KHTML, like Gecko) Chrome/103.0.0.0 Safari/537.36"
66.29.132.124 - - [22/Dec/2024:01:44:08 -0500] "POST /wp-admin/admin-ajax.php?action=async_litespeed&nonce=weoO1Vrl8LQuKkRcg5KqRFYeuujt8CZE&litespeed_type=imgoptm HTTP/1.1" 200 21 "-" "WordPress/6.7.1; https://misswavenigeria.com"
154.47.21.189 - - [22/Dec/2024:01:44:10 -0500] "GET /register/ HTTP/1.0" 200 75922 "https://misswavenigeria.com/register/" "Mozilla/5.0 (Windows NT 6.1; WOW64) AppleWebKit/537.36 (KHTML, like Gecko) Chrome/103.0.0.0 Safari/537.36"
154.47.21.189 - - [22/Dec/2024:01:44:12 -0500] "POST /register/ HTTP/1.0" 200 76048 "https://misswavenigeria.com/register/" "Mozilla/5.0 (Windows NT 6.1; WOW64) AppleWebKit/537.36 (KHTML, like Gecko) Chrome/103.0.0.0 Safari/537.36"
66.29.132.124 - - [22/Dec/2024:01:45:30 -0500] "POST /wp-cron.php?doing_wp_cron=1734849930.4885220527648925781250 HTTP/1.1" 200 0 "-" "WordPress/6.7.1; https://misswavenigeria.com"
154.47.21.189 - - [22/Dec/2024:01:45:30 -0500] "GET /register/ HTTP/1.0" 200 75922 "https://misswavenigeria.com/" "Mozilla/5.0 (Windows NT 6.1; WOW64) AppleWebKit/537.36 (KHTML, like Gecko) Chrome/103.0.0.0 Safari/537.36"
66.29.132.124 - - [22/Dec/2024:01:45:30 -0500] "POST /wp-admin/admin-ajax.php?action=async_litespeed&nonce=Ruhx4bprxuqL00NWvN03rGqlpIiW9Go9&litespeed_type=imgoptm HTTP/1.1" 200 21 "-" "WordPress/6.7.1; https://misswavenigeria.com"
66.29.132.124 - - [22/Dec/2024:01:47:18 -0500] "POST /wp-cron.php?doing_wp_cron=1734850038.7136309146881103515625 HTTP/1.1" 200 0 "-" "WordPress/6.7.1; https://misswavenigeria.com"
154.47.21.189 - - [22/Dec/2024:01:47:17 -0500] "GET / HTTP/1.0" 200 109053 "https://misswavenigeria.com/" "Mozilla/5.0 (Windows NT 10.0; Win64; x64) AppleWebKit/537.36 (KHTML, like Gecko) Chrome/103.0.0.0 Safari/537.36 Herring/95.1.8810.11"
66.29.132.124 - - [22/Dec/2024:01:47:18 -0500] "POST /wp-admin/admin-ajax.php?action=async_litespeed&nonce=VCo14lHDgCx477Y0U21pdjeSXfTFqlgF&litespeed_type=imgoptm HTTP/1.1" 200 21 "-" "WordPress/6.7.1; https://misswavenigeria.com"
154.47.21.189 - - [22/Dec/2024:01:47:20 -0500] "GET /register/ HTTP/1.0" 200 75922 "https://misswavenigeria.com/register/" "Mozilla/5.0 (Windows NT 10.0; Win64; x64) AppleWebKit/537.36 (KHTML, like Gecko) Chrome/103.0.0.0 Safari/537.36 Herring/95.1.8810.11"
154.47.21.189 - - [22/Dec/2024:01:47:22 -0500] "POST /register/ HTTP/1.0" 200 76048 "https://misswavenigeria.com/register/" "Mozilla/5.0 (Windows NT 10.0; Win64; x64) AppleWebKit/537.36 (KHTML, like Gecko) Chrome/103.0.0.0 Safari/537.36 Herring/95.1.8810.11"
66.29.132.124 - - [22/Dec/2024:01:48:37 -0500] "POST /wp-cron.php?doing_wp_cron=1734850117.2470200061798095703125 HTTP/1.1" 200 0 "-" "WordPress/6.7.1; https://misswavenigeria.com"
154.47.21.189 - - [22/Dec/2024:01:48:37 -0500] "GET /register/ HTTP/1.0" 200 75922 "https://misswavenigeria.com/" "Mozilla/5.0 (Windows NT 10.0; Win64; x64) AppleWebKit/537.36 (KHTML, like Gecko) Chrome/103.0.0.0 Safari/537.36 Herring/95.1.8810.11"
66.29.132.124 - - [22/Dec/2024:01:48:37 -0500] "POST /wp-admin/admin-ajax.php?action=async_litespeed&nonce=7rCK76Ly2aBdzeDqv0ZDaIb9NEHcyuoB&litespeed_type=imgoptm HTTP/1.1" 200 21 "-" "WordPress/6.7.1; https://misswavenigeria.com"
66.249.79.131 - - [22/Dec/2024:01:49:14 -0500] "GET /goods/144014.html HTTP/1.1" 404 15608 "-" "Mozilla/5.0 (Linux; Android 6.0.1; Nexus 5X Build/MMB29P) AppleWebKit/537.36 (KHTML, like Gecko) Chrome/131.0.6778.139 Mobile Safari/537.36 (compatible; Googlebot/2.1; +http://www.google.com/bot.html)"
66.29.132.124 - - [22/Dec/2024:01:50:06 -0500] "POST /wp-cron.php?doing_wp_cron=1734850206.1248009204864501953125 HTTP/1.1" 200 0 "-" "WordPress/6.7.1; https://misswavenigeria.com"
66.249.79.106 - - [22/Dec/2024:01:50:05 -0500] "GET /goods/O770498?k=product HTTP/1.1" 301 0 "-" "Mozilla/5.0 (Linux; Android 6.0.1; Nexus 5X Build/MMB29P) AppleWebKit/537.36 (KHTML, like Gecko) Chrome/131.0.6778.139 Mobile Safari/537.36 (compatible; Googlebot/2.1; +http://www.google.com/bot.html)"
