165.231.182.111 - - [21/Dec/2024:12:31:43 -0500] "GET / HTTP/1.0" 200 109055 "https://misswavenigeria.com/" "Mozilla/5.0 (Windows NT 6.2; Win64; x64) AppleWebKit/537.36 (KHTML, like Gecko) Chrome/103.0.0.0 Safari/537.36"
66.29.132.124 - - [21/Dec/2024:12:31:46 -0500] "POST /wp-admin/admin-ajax.php?action=async_litespeed&nonce=4wZEhDiOfytKZbWkChSjT5M8gIMwIpEp&litespeed_type=imgoptm HTTP/1.1" 200 21 "-" "WordPress/6.7.1; https://misswavenigeria.com"
165.231.182.111 - - [21/Dec/2024:12:31:48 -0500] "GET /register/ HTTP/1.0" 200 75922 "https://misswavenigeria.com/register/" "Mozilla/5.0 (Windows NT 6.2; Win64; x64) AppleWebKit/537.36 (KHTML, like Gecko) Chrome/103.0.0.0 Safari/537.36"
165.231.182.111 - - [21/Dec/2024:12:31:49 -0500] "POST /register/ HTTP/1.0" 200 76048 "https://misswavenigeria.com/register/" "Mozilla/5.0 (Windows NT 6.2; Win64; x64) AppleWebKit/537.36 (KHTML, like Gecko) Chrome/103.0.0.0 Safari/537.36"
66.29.132.124 - - [21/Dec/2024:12:33:16 -0500] "POST /wp-cron.php?doing_wp_cron=1734802396.0407650470733642578125 HTTP/1.1" 200 0 "-" "WordPress/6.7.1; https://misswavenigeria.com"
165.231.182.111 - - [21/Dec/2024:12:33:15 -0500] "GET /register/ HTTP/1.0" 200 75922 "https://misswavenigeria.com/" "Mozilla/5.0 (Windows NT 6.2; Win64; x64) AppleWebKit/537.36 (KHTML, like Gecko) Chrome/103.0.0.0 Safari/537.36"
66.29.132.124 - - [21/Dec/2024:12:33:16 -0500] "POST /wp-admin/admin-ajax.php?action=async_litespeed&nonce=3LtMvFP2yoKnQfkIgwS9oPqgnWyrObdn&litespeed_type=imgoptm HTTP/1.1" 200 21 "-" "WordPress/6.7.1; https://misswavenigeria.com"
66.29.132.124 - - [21/Dec/2024:12:34:57 -0500] "POST /wp-cron.php?doing_wp_cron=1734802497.2013449668884277343750 HTTP/1.1" 200 0 "-" "WordPress/6.7.1; https://misswavenigeria.com"
165.231.182.111 - - [21/Dec/2024:12:34:54 -0500] "GET / HTTP/1.0" 200 109055 "https://misswavenigeria.com/" "Mozilla/5.0 (Windows NT 6.1; Win64; x64) AppleWebKit/537.36 (KHTML, like Gecko) Chrome/103.0.0.0 Safari/537.36"
66.29.132.124 - - [21/Dec/2024:12:34:57 -0500] "POST /wp-admin/admin-ajax.php?action=async_litespeed&nonce=9kPHwU3kGqAn63Ihb84jAg3su5Yapxo4&litespeed_type=imgoptm HTTP/1.1" 200 21 "-" "WordPress/6.7.1; https://misswavenigeria.com"
66.249.79.130 - - [21/Dec/2024:12:34:58 -0500] "GET /goods/462874.html HTTP/1.1" 404 15607 "-" "Mozilla/5.0 (Linux; Android 6.0.1; Nexus 5X Build/MMB29P) AppleWebKit/537.36 (KHTML, like Gecko) Chrome/131.0.6778.139 Mobile Safari/537.36 (compatible; Googlebot/2.1; +http://www.google.com/bot.html)"
165.231.182.111 - - [21/Dec/2024:12:34:59 -0500] "GET /register/ HTTP/1.0" 200 75922 "https://misswavenigeria.com/register/" "Mozilla/5.0 (Windows NT 6.1; Win64; x64) AppleWebKit/537.36 (KHTML, like Gecko) Chrome/103.0.0.0 Safari/537.36"
165.231.182.111 - - [21/Dec/2024:12:35:01 -0500] "POST /register/ HTTP/1.0" 200 76048 "https://misswavenigeria.com/register/" "Mozilla/5.0 (Windows NT 6.1; Win64; x64) AppleWebKit/537.36 (KHTML, like Gecko) Chrome/103.0.0.0 Safari/537.36"
66.29.132.124 - - [21/Dec/2024:12:36:32 -0500] "POST /wp-cron.php?doing_wp_cron=1734802592.5546090602874755859375 HTTP/1.1" 200 0 "-" "WordPress/6.7.1; https://misswavenigeria.com"
165.231.182.111 - - [21/Dec/2024:12:36:32 -0500] "GET /register/ HTTP/1.0" 200 75922 "https://misswavenigeria.com/" "Mozilla/5.0 (Windows NT 6.1; Win64; x64) AppleWebKit/537.36 (KHTML, like Gecko) Chrome/103.0.0.0 Safari/537.36"
66.29.132.124 - - [21/Dec/2024:12:36:32 -0500] "POST /wp-admin/admin-ajax.php?action=async_litespeed&nonce=RePwd4MEte82fkLIN4UAAXdCxKvhTzjm&litespeed_type=imgoptm HTTP/1.1" 200 21 "-" "WordPress/6.7.1; https://misswavenigeria.com"
66.29.132.124 - - [21/Dec/2024:12:38:07 -0500] "POST /wp-cron.php?doing_wp_cron=1734802686.9910728931427001953125 HTTP/1.1" 200 0 "-" "WordPress/6.7.1; https://misswavenigeria.com"
165.231.182.111 - - [21/Dec/2024:12:38:04 -0500] "GET / HTTP/1.0" 200 109053 "https://misswavenigeria.com/" "Mozilla/5.0 (Windows NT 10.0; Win64; x64) AppleWebKit/537.36 (KHTML, like Gecko) Chrome/103.0.0.0 Safari/537.36 OpenWave/97.4.2043.44"
66.29.132.124 - - [21/Dec/2024:12:38:07 -0500] "POST /wp-admin/admin-ajax.php?action=async_litespeed&nonce=X0GZCUKLyARSRAE8liV5dapsRXLtbloN&litespeed_type=imgoptm HTTP/1.1" 200 21 "-" "WordPress/6.7.1; https://misswavenigeria.com"
165.231.182.111 - - [21/Dec/2024:12:38:09 -0500] "GET /register/ HTTP/1.0" 200 75922 "https://misswavenigeria.com/register/" "Mozilla/5.0 (Windows NT 10.0; Win64; x64) AppleWebKit/537.36 (KHTML, like Gecko) Chrome/103.0.0.0 Safari/537.36 OpenWave/97.4.2043.44"
165.231.182.111 - - [21/Dec/2024:12:38:10 -0500] "POST /register/ HTTP/1.0" 200 76048 "https://misswavenigeria.com/register/" "Mozilla/5.0 (Windows NT 10.0; Win64; x64) AppleWebKit/537.36 (KHTML, like Gecko) Chrome/103.0.0.0 Safari/537.36 OpenWave/97.4.2043.44"
66.29.132.124 - - [21/Dec/2024:12:39:35 -0500] "POST /wp-cron.php?doing_wp_cron=1734802775.3651258945465087890625 HTTP/1.1" 200 0 "-" "WordPress/6.7.1; https://misswavenigeria.com"
165.231.182.111 - - [21/Dec/2024:12:39:35 -0500] "GET /register/ HTTP/1.0" 200 75922 "https://misswavenigeria.com/" "Mozilla/5.0 (Windows NT 10.0; Win64; x64) AppleWebKit/537.36 (KHTML, like Gecko) Chrome/103.0.0.0 Safari/537.36 OpenWave/97.4.2043.44"
66.29.132.124 - - [21/Dec/2024:12:39:35 -0500] "POST /wp-admin/admin-ajax.php?action=async_litespeed&nonce=NxpwiDchRWbinriRnJOhCsln1wLRRvw3&litespeed_type=imgoptm HTTP/1.1" 200 21 "-" "WordPress/6.7.1; https://misswavenigeria.com"
66.29.132.124 - - [21/Dec/2024:12:41:16 -0500] "POST /wp-cron.php?doing_wp_cron=1734802876.1475820541381835937500 HTTP/1.1" 200 0 "-" "WordPress/6.7.1; https://misswavenigeria.com"
165.231.182.111 - - [21/Dec/2024:12:41:14 -0500] "GET / HTTP/1.0" 200 109051 "https://misswavenigeria.com/" "Mozilla/5.0 (Windows NT 6.1) AppleWebKit/537.36 (KHTML, like Gecko) Chrome/103.0.0.0 Safari/537.36"
66.29.132.124 - - [21/Dec/2024:12:41:16 -0500] "POST /wp-admin/admin-ajax.php?action=async_litespeed&nonce=Wc0ZXzOnFP6zV32zUJOYQ4qKJMeMQI4p&litespeed_type=imgoptm HTTP/1.1" 200 21 "-" "WordPress/6.7.1; https://misswavenigeria.com"
165.231.182.111 - - [21/Dec/2024:12:41:18 -0500] "GET /register/ HTTP/1.0" 200 75922 "https://misswavenigeria.com/register/" "Mozilla/5.0 (Windows NT 6.1) AppleWebKit/537.36 (KHTML, like Gecko) Chrome/103.0.0.0 Safari/537.36"
165.231.182.111 - - [21/Dec/2024:12:41:19 -0500] "POST /register/ HTTP/1.0" 200 76048 "https://misswavenigeria.com/register/" "Mozilla/5.0 (Windows NT 6.1) AppleWebKit/537.36 (KHTML, like Gecko) Chrome/103.0.0.0 Safari/537.36"
66.29.132.124 - - [21/Dec/2024:12:42:54 -0500] "POST /wp-cron.php?doing_wp_cron=1734802974.7942280769348144531250 HTTP/1.1" 200 0 "-" "WordPress/6.7.1; https://misswavenigeria.com"
165.231.182.111 - - [21/Dec/2024:12:42:54 -0500] "GET /register/ HTTP/1.0" 200 75922 "https://misswavenigeria.com/" "Mozilla/5.0 (Windows NT 6.1) AppleWebKit/537.36 (KHTML, like Gecko) Chrome/103.0.0.0 Safari/537.36"
66.29.132.124 - - [21/Dec/2024:12:42:54 -0500] "POST /wp-admin/admin-ajax.php?action=async_litespeed&nonce=m4O3uoU1acyyg61El9GFSFFPz2XfqBB5&litespeed_type=imgoptm HTTP/1.1" 200 21 "-" "WordPress/6.7.1; https://misswavenigeria.com"
66.29.132.124 - - [21/Dec/2024:12:44:32 -0500] "POST /wp-cron.php?doing_wp_cron=1734803072.7055571079254150390625 HTTP/1.1" 200 0 "-" "WordPress/6.7.1; https://misswavenigeria.com"
165.231.182.111 - - [21/Dec/2024:12:44:28 -0500] "GET / HTTP/1.0" 200 109055 "https://misswavenigeria.com/" "Mozilla/5.0 (Windows NT 10.0) AppleWebKit/537.36 (KHTML, like Gecko) Chrome/103.0.0.0 Safari/537.36"
66.29.132.124 - - [21/Dec/2024:12:44:33 -0500] "POST /wp-admin/admin-ajax.php?action=async_litespeed&nonce=mznjgMPa8Dzci7evYxlqtkFAwQ9IL9iJ&litespeed_type=imgoptm HTTP/1.1" 200 21 "-" "WordPress/6.7.1; https://misswavenigeria.com"
165.231.182.111 - - [21/Dec/2024:12:44:35 -0500] "GET /register/ HTTP/1.0" 200 75922 "https://misswavenigeria.com/register/" "Mozilla/5.0 (Windows NT 10.0) AppleWebKit/537.36 (KHTML, like Gecko) Chrome/103.0.0.0 Safari/537.36"
165.231.182.111 - - [21/Dec/2024:12:44:37 -0500] "POST /register/ HTTP/1.0" 200 76048 "https://misswavenigeria.com/register/" "Mozilla/5.0 (Windows NT 10.0) AppleWebKit/537.36 (KHTML, like Gecko) Chrome/103.0.0.0 Safari/537.36"
66.29.132.124 - - [21/Dec/2024:12:46:14 -0500] "POST /wp-cron.php?doing_wp_cron=1734803174.2452769279479980468750 HTTP/1.1" 200 0 "-" "WordPress/6.7.1; https://misswavenigeria.com"
165.231.182.111 - - [21/Dec/2024:12:46:14 -0500] "GET /register/ HTTP/1.0" 200 75922 "https://misswavenigeria.com/" "Mozilla/5.0 (Windows NT 10.0) AppleWebKit/537.36 (KHTML, like Gecko) Chrome/103.0.0.0 Safari/537.36"
66.29.132.124 - - [21/Dec/2024:12:46:14 -0500] "POST /wp-admin/admin-ajax.php?action=async_litespeed&nonce=snZAJmfStpl2SAPyQNb2pGGfEl1zP5LP&litespeed_type=imgoptm HTTP/1.1" 200 21 "-" "WordPress/6.7.1; https://misswavenigeria.com"
66.29.132.124 - - [21/Dec/2024:12:47:32 -0500] "POST /wp-cron.php?doing_wp_cron=1734803252.8415091037750244140625 HTTP/1.1" 200 0 "-" "WordPress/6.7.1; https://misswavenigeria.com"
165.231.182.111 - - [21/Dec/2024:12:47:32 -0500] "GET / HTTP/1.0" 200 109053 "https://misswavenigeria.com/" "Mozilla/5.0 (Windows NT 6.2; Win64; x64) AppleWebKit/537.36 (KHTML, like Gecko) Chrome/103.0.0.0 Safari/537.36"
66.29.132.124 - - [21/Dec/2024:12:47:33 -0500] "POST /wp-admin/admin-ajax.php?action=async_litespeed&nonce=uYy3beSXwxNmC9ubg4hHpIOnlBmpAPRA&litespeed_type=imgoptm HTTP/1.1" 200 21 "-" "WordPress/6.7.1; https://misswavenigeria.com"
165.231.182.111 - - [21/Dec/2024:12:47:34 -0500] "GET /register/ HTTP/1.0" 200 75922 "https://misswavenigeria.com/register/" "Mozilla/5.0 (Windows NT 6.2; Win64; x64) AppleWebKit/537.36 (KHTML, like Gecko) Chrome/103.0.0.0 Safari/537.36"
198.98.53.192 - - [21/Dec/2024:12:48:43 -0500] "GET /wp-login.php HTTP/1.1" 200 6933 "-" "Mozilla/5.0 (Macintosh; Intel Mac OS X 10_9_3) AppleWebKit/537.76.4 (KHTML, like Gecko) Version/7.0.4 Safari/537.76.4"
165.231.182.111 - - [21/Dec/2024:12:47:36 -0500] "POST /register/ HTTP/1.0" 200 76048 "https://misswavenigeria.com/register/" "Mozilla/5.0 (Windows NT 6.2; Win64; x64) AppleWebKit/537.36 (KHTML, like Gecko) Chrome/103.0.0.0 Safari/537.36"
66.29.132.124 - - [21/Dec/2024:12:49:00 -0500] "POST /wp-cron.php?doing_wp_cron=1734803340.3040668964385986328125 HTTP/1.1" 200 0 "-" "WordPress/6.7.1; https://misswavenigeria.com"
165.231.182.111 - - [21/Dec/2024:12:49:00 -0500] "GET /register/ HTTP/1.0" 200 75922 "https://misswavenigeria.com/" "Mozilla/5.0 (Windows NT 6.2; Win64; x64) AppleWebKit/537.36 (KHTML, like Gecko) Chrome/103.0.0.0 Safari/537.36"
66.29.132.124 - - [21/Dec/2024:12:49:00 -0500] "POST /wp-admin/admin-ajax.php?action=async_litespeed&nonce=PUkQfocb12aOkTfw7MLgvxcqXLFmYxae&litespeed_type=imgoptm HTTP/1.1" 200 21 "-" "WordPress/6.7.1; https://misswavenigeria.com"
66.29.132.124 - - [21/Dec/2024:12:50:42 -0500] "POST /wp-cron.php?doing_wp_cron=1734803442.7159268856048583984375 HTTP/1.1" 200 0 "-" "WordPress/6.7.1; https://misswavenigeria.com"
165.231.182.111 - - [21/Dec/2024:12:50:40 -0500] "GET / HTTP/1.0" 200 109053 "https://misswavenigeria.com/" "Mozilla/5.0 (Windows NT 6.3; WOW64) AppleWebKit/537.36 (KHTML, like Gecko) Chrome/103.0.0.0 Safari/537.36"
66.29.132.124 - - [21/Dec/2024:12:50:42 -0500] "POST /wp-admin/admin-ajax.php?action=async_litespeed&nonce=CIxR2OzSY5Gdvpo42hM1HfYp2rhcXbF0&litespeed_type=imgoptm HTTP/1.1" 200 21 "-" "WordPress/6.7.1; https://misswavenigeria.com"
165.231.182.111 - - [21/Dec/2024:12:50:44 -0500] "GET /register/ HTTP/1.0" 200 75922 "https://misswavenigeria.com/register/" "Mozilla/5.0 (Windows NT 6.3; WOW64) AppleWebKit/537.36 (KHTML, like Gecko) Chrome/103.0.0.0 Safari/537.36"
165.231.182.111 - - [21/Dec/2024:12:50:46 -0500] "POST /register/ HTTP/1.0" 200 76048 "https://misswavenigeria.com/register/" "Mozilla/5.0 (Windows NT 6.3; WOW64) AppleWebKit/537.36 (KHTML, like Gecko) Chrome/103.0.0.0 Safari/537.36"
66.29.132.124 - - [21/Dec/2024:12:52:20 -0500] "POST /wp-cron.php?doing_wp_cron=1734803540.0027389526367187500000 HTTP/1.1" 200 0 "-" "WordPress/6.7.1; https://misswavenigeria.com"
165.231.182.111 - - [21/Dec/2024:12:52:19 -0500] "GET /register/ HTTP/1.0" 200 75922 "https://misswavenigeria.com/" "Mozilla/5.0 (Windows NT 6.3; WOW64) AppleWebKit/537.36 (KHTML, like Gecko) Chrome/103.0.0.0 Safari/537.36"
66.29.132.124 - - [21/Dec/2024:12:52:20 -0500] "POST /wp-admin/admin-ajax.php?action=async_litespeed&nonce=aLrYxoE3OYZF7v072JI8klzMQXuJP41W&litespeed_type=imgoptm HTTP/1.1" 200 21 "-" "WordPress/6.7.1; https://misswavenigeria.com"
66.29.132.124 - - [21/Dec/2024:12:53:47 -0500] "POST /wp-cron.php?doing_wp_cron=1734803627.2232899665832519531250 HTTP/1.1" 200 0 "-" "WordPress/6.7.1; https://misswavenigeria.com"
165.231.182.111 - - [21/Dec/2024:12:53:45 -0500] "GET / HTTP/1.0" 200 109055 "https://misswavenigeria.com/" "Mozilla/5.0 (Windows NT 6.1; Win64; x64) AppleWebKit/537.36 (KHTML, like Gecko) Chrome/103.0.0.0 Safari/537.36"
66.29.132.124 - - [21/Dec/2024:12:53:47 -0500] "POST /wp-admin/admin-ajax.php?action=async_litespeed&nonce=0CEWioaz8HTi0nljzwXTWZ67FyqdUPxy&litespeed_type=imgoptm HTTP/1.1" 200 21 "-" "WordPress/6.7.1; https://misswavenigeria.com"
165.231.182.111 - - [21/Dec/2024:12:53:49 -0500] "GET /register/ HTTP/1.0" 200 75922 "https://misswavenigeria.com/register/" "Mozilla/5.0 (Windows NT 6.1; Win64; x64) AppleWebKit/537.36 (KHTML, like Gecko) Chrome/103.0.0.0 Safari/537.36"
165.231.182.111 - - [21/Dec/2024:12:53:51 -0500] "POST /register/ HTTP/1.0" 200 76048 "https://misswavenigeria.com/register/" "Mozilla/5.0 (Windows NT 6.1; Win64; x64) AppleWebKit/537.36 (KHTML, like Gecko) Chrome/103.0.0.0 Safari/537.36"
66.29.132.124 - - [21/Dec/2024:12:55:23 -0500] "POST /wp-cron.php?doing_wp_cron=1734803723.0434730052947998046875 HTTP/1.1" 200 0 "-" "WordPress/6.7.1; https://misswavenigeria.com"
165.231.182.111 - - [21/Dec/2024:12:55:22 -0500] "GET /register/ HTTP/1.0" 200 75922 "https://misswavenigeria.com/" "Mozilla/5.0 (Windows NT 6.1; Win64; x64) AppleWebKit/537.36 (KHTML, like Gecko) Chrome/103.0.0.0 Safari/537.36"
66.29.132.124 - - [21/Dec/2024:12:55:23 -0500] "POST /wp-admin/admin-ajax.php?action=async_litespeed&nonce=3SvhojV2Zqt4yN4gcTfR4fcEY24fqc1d&litespeed_type=imgoptm HTTP/1.1" 200 21 "-" "WordPress/6.7.1; https://misswavenigeria.com"
66.29.132.124 - - [21/Dec/2024:12:56:52 -0500] "POST /wp-cron.php?doing_wp_cron=1734803812.8087780475616455078125 HTTP/1.1" 200 0 "-" "WordPress/6.7.1; https://misswavenigeria.com"
165.231.182.111 - - [21/Dec/2024:12:56:50 -0500] "GET / HTTP/1.0" 200 109053 "https://misswavenigeria.com/" "Mozilla/5.0 (Windows NT 10.0; Win64; x64) AppleWebKit/537.36 (KHTML, like Gecko) Chrome/103.0.0.0 Safari/537.36 OpenWave/97.4.2043.44"
66.29.132.124 - - [21/Dec/2024:12:56:53 -0500] "POST /wp-admin/admin-ajax.php?action=async_litespeed&nonce=3LNjCiNkZwGTY2deDRyhEydCOfBk7Hhh&litespeed_type=imgoptm HTTP/1.1" 200 21 "-" "WordPress/6.7.1; https://misswavenigeria.com"
165.231.182.111 - - [21/Dec/2024:12:56:55 -0500] "GET /register/ HTTP/1.0" 200 75922 "https://misswavenigeria.com/register/" "Mozilla/5.0 (Windows NT 10.0; Win64; x64) AppleWebKit/537.36 (KHTML, like Gecko) Chrome/103.0.0.0 Safari/537.36 OpenWave/97.4.2043.44"
165.231.182.111 - - [21/Dec/2024:12:56:56 -0500] "POST /register/ HTTP/1.0" 200 76048 "https://misswavenigeria.com/register/" "Mozilla/5.0 (Windows NT 10.0; Win64; x64) AppleWebKit/537.36 (KHTML, like Gecko) Chrome/103.0.0.0 Safari/537.36 OpenWave/97.4.2043.44"
66.29.132.124 - - [21/Dec/2024:12:58:24 -0500] "POST /wp-cron.php?doing_wp_cron=1734803904.0861709117889404296875 HTTP/1.1" 200 0 "-" "WordPress/6.7.1; https://misswavenigeria.com"
165.231.182.111 - - [21/Dec/2024:12:58:23 -0500] "GET /register/ HTTP/1.0" 200 75922 "https://misswavenigeria.com/" "Mozilla/5.0 (Windows NT 10.0; Win64; x64) AppleWebKit/537.36 (KHTML, like Gecko) Chrome/103.0.0.0 Safari/537.36 OpenWave/97.4.2043.44"
66.29.132.124 - - [21/Dec/2024:12:58:24 -0500] "POST /wp-admin/admin-ajax.php?action=async_litespeed&nonce=KxChPBLlrW5ZO0XbeIGms94jMmMxW8gC&litespeed_type=imgoptm HTTP/1.1" 200 21 "-" "WordPress/6.7.1; https://misswavenigeria.com"
66.29.132.124 - - [21/Dec/2024:12:59:56 -0500] "POST /wp-cron.php?doing_wp_cron=1734803996.3017199039459228515625 HTTP/1.1" 200 0 "-" "WordPress/6.7.1; https://misswavenigeria.com"
66.29.132.124 - - [21/Dec/2024:12:59:56 -0500] "POST /wp-cron.php?doing_wp_cron=1734803996.3022398948669433593750 HTTP/1.1" 200 0 "-" "WordPress/6.7.1; https://misswavenigeria.com"
66.249.79.106 - - [21/Dec/2024:12:59:54 -0500] "GET /goods/M932918?k=product HTTP/1.1" 301 0 "-" "Mozilla/5.0 (Linux; Android 6.0.1; Nexus 5X Build/MMB29P) AppleWebKit/537.36 (KHTML, like Gecko) Chrome/131.0.6778.139 Mobile Safari/537.36 (compatible; Googlebot/2.1; +http://www.google.com/bot.html)"
165.231.182.111 - - [21/Dec/2024:12:59:54 -0500] "GET / HTTP/1.0" 200 109055 "https://misswavenigeria.com/" "Mozilla/5.0 (Windows NT 10.0) AppleWebKit/537.36 (KHTML, like Gecko) Chrome/103.0.0.0 Safari/537.36"
66.249.79.132 - - [21/Dec/2024:12:59:56 -0500] "GET /goods/M932918?k=product HTTP/1.1" 404 15607 "-" "Mozilla/5.0 (Linux; Android 6.0.1; Nexus 5X Build/MMB29P) AppleWebKit/537.36 (KHTML, like Gecko) Chrome/131.0.6778.139 Mobile Safari/537.36 (compatible; Googlebot/2.1; +http://www.google.com/bot.html)"
66.29.132.124 - - [21/Dec/2024:12:59:56 -0500] "POST /wp-admin/admin-ajax.php?action=async_litespeed&nonce=hFG3V0Vk4NJLFW0h9Yy0BBjQ4WNe23uj&litespeed_type=imgoptm HTTP/1.1" 200 21 "-" "WordPress/6.7.1; https://misswavenigeria.com"
165.231.182.111 - - [21/Dec/2024:12:59:58 -0500] "GET /register/ HTTP/1.0" 200 75922 "https://misswavenigeria.com/register/" "Mozilla/5.0 (Windows NT 10.0) AppleWebKit/537.36 (KHTML, like Gecko) Chrome/103.0.0.0 Safari/537.36"
165.231.182.111 - - [21/Dec/2024:13:00:00 -0500] "POST /register/ HTTP/1.0" 200 76048 "https://misswavenigeria.com/register/" "Mozilla/5.0 (Windows NT 10.0) AppleWebKit/537.36 (KHTML, like Gecko) Chrome/103.0.0.0 Safari/537.36"
66.29.132.124 - - [21/Dec/2024:13:01:57 -0500] "POST /wp-cron.php?doing_wp_cron=1734804117.0777440071105957031250 HTTP/1.1" 200 0 "-" "WordPress/6.7.1; https://misswavenigeria.com"
165.231.182.111 - - [21/Dec/2024:13:01:56 -0500] "GET /register/ HTTP/1.0" 200 75922 "https://misswavenigeria.com/" "Mozilla/5.0 (Windows NT 10.0) AppleWebKit/537.36 (KHTML, like Gecko) Chrome/103.0.0.0 Safari/537.36"
66.29.132.124 - - [21/Dec/2024:13:01:57 -0500] "POST /wp-admin/admin-ajax.php?action=async_litespeed&nonce=wGVIDOXT6X086CkVEILIIqGXD3Tja5fG&litespeed_type=imgoptm HTTP/1.1" 200 21 "-" "WordPress/6.7.1; https://misswavenigeria.com"
66.29.132.124 - - [21/Dec/2024:13:03:03 -0500] "POST /wp-cron.php?doing_wp_cron=1734804183.5328500270843505859375 HTTP/1.1" 200 0 "-" "WordPress/6.7.1; https://misswavenigeria.com"
165.231.182.111 - - [21/Dec/2024:13:03:03 -0500] "GET / HTTP/1.0" 200 109055 "https://misswavenigeria.com/" "Mozilla/5.0 (Windows NT 6.1; WOW64) AppleWebKit/537.36 (KHTML, like Gecko) Chrome/103.0.0.0 Safari/537.36"
66.29.132.124 - - [21/Dec/2024:13:03:03 -0500] "POST /wp-admin/admin-ajax.php?action=async_litespeed&nonce=YZRqrNeeZC8avDrtFRacrtwbcAqsYpza&litespeed_type=imgoptm HTTP/1.1" 200 21 "-" "WordPress/6.7.1; https://misswavenigeria.com"
165.231.182.111 - - [21/Dec/2024:13:03:05 -0500] "GET /register/ HTTP/1.0" 200 75922 "https://misswavenigeria.com/register/" "Mozilla/5.0 (Windows NT 6.1; WOW64) AppleWebKit/537.36 (KHTML, like Gecko) Chrome/103.0.0.0 Safari/537.36"
165.231.182.111 - - [21/Dec/2024:13:03:07 -0500] "POST /register/ HTTP/1.0" 200 76048 "https://misswavenigeria.com/register/" "Mozilla/5.0 (Windows NT 6.1; WOW64) AppleWebKit/537.36 (KHTML, like Gecko) Chrome/103.0.0.0 Safari/537.36"
66.29.132.124 - - [21/Dec/2024:13:04:31 -0500] "POST /wp-cron.php?doing_wp_cron=1734804271.4578220844268798828125 HTTP/1.1" 200 0 "-" "WordPress/6.7.1; https://misswavenigeria.com"
165.231.182.111 - - [21/Dec/2024:13:04:31 -0500] "GET /register/ HTTP/1.0" 200 75922 "https://misswavenigeria.com/" "Mozilla/5.0 (Windows NT 6.1; WOW64) AppleWebKit/537.36 (KHTML, like Gecko) Chrome/103.0.0.0 Safari/537.36"
66.29.132.124 - - [21/Dec/2024:13:04:31 -0500] "POST /wp-admin/admin-ajax.php?action=async_litespeed&nonce=b2PRzqv5U6hw6PBRddNymY6HQFrOYBje&litespeed_type=imgoptm HTTP/1.1" 200 21 "-" "WordPress/6.7.1; https://misswavenigeria.com"
66.29.132.124 - - [21/Dec/2024:13:04:51 -0500] "POST /wp-cron.php?doing_wp_cron=1734804291.2581219673156738281250 HTTP/1.1" 200 0 "-" "WordPress/6.7.1; https://misswavenigeria.com"
66.249.79.106 - - [21/Dec/2024:13:04:51 -0500] "GET /goods/C854024?k=product HTTP/1.1" 301 0 "-" "Mozilla/5.0 (Linux; Android 6.0.1; Nexus 5X Build/MMB29P) AppleWebKit/537.36 (KHTML, like Gecko) Chrome/131.0.6778.139 Mobile Safari/537.36 (compatible; Googlebot/2.1; +http://www.google.com/bot.html)"
66.29.132.124 - - [21/Dec/2024:13:04:51 -0500] "POST /wp-admin/admin-ajax.php?action=async_litespeed&nonce=L1OiDr26sv0ptU6g10Ow2kUL5SLRhbJQ&litespeed_type=imgoptm HTTP/1.1" 200 21 "-" "WordPress/6.7.1; https://misswavenigeria.com"
66.249.79.130 - - [21/Dec/2024:13:04:51 -0500] "GET /goods/C854024?k=product HTTP/1.1" 404 15607 "-" "Mozilla/5.0 (Linux; Android 6.0.1; Nexus 5X Build/MMB29P) AppleWebKit/537.36 (KHTML, like Gecko) Chrome/131.0.6778.139 Mobile Safari/537.36 (compatible; Googlebot/2.1; +http://www.google.com/bot.html)"
66.29.132.124 - - [21/Dec/2024:13:06:09 -0500] "POST /wp-cron.php?doing_wp_cron=1734804369.0477650165557861328125 HTTP/1.1" 200 0 "-" "WordPress/6.7.1; https://misswavenigeria.com"
165.231.182.111 - - [21/Dec/2024:13:06:08 -0500] "GET / HTTP/1.0" 200 109055 "https://misswavenigeria.com/" "Mozilla/5.0 (Windows NT 6.3; Win64; x64) AppleWebKit/537.36 (KHTML, like Gecko) Chrome/103.0.5060.53 Safari/537.36"
66.29.132.124 - - [21/Dec/2024:13:06:09 -0500] "POST /wp-admin/admin-ajax.php?action=async_litespeed&nonce=JvN4U3y0iDcJayOLG3ksZZxP1FDWJfiR&litespeed_type=imgoptm HTTP/1.1" 200 21 "-" "WordPress/6.7.1; https://misswavenigeria.com"
165.231.182.111 - - [21/Dec/2024:13:06:11 -0500] "GET /register/ HTTP/1.0" 200 75922 "https://misswavenigeria.com/register/" "Mozilla/5.0 (Windows NT 6.3; Win64; x64) AppleWebKit/537.36 (KHTML, like Gecko) Chrome/103.0.5060.53 Safari/537.36"
165.231.182.111 - - [21/Dec/2024:13:06:12 -0500] "POST /register/ HTTP/1.0" 200 76048 "https://misswavenigeria.com/register/" "Mozilla/5.0 (Windows NT 6.3; Win64; x64) AppleWebKit/537.36 (KHTML, like Gecko) Chrome/103.0.5060.53 Safari/537.36"
66.29.132.124 - - [21/Dec/2024:13:07:52 -0500] "POST /wp-cron.php?doing_wp_cron=1734804472.3372220993041992187500 HTTP/1.1" 200 0 "-" "WordPress/6.7.1; https://misswavenigeria.com"
165.231.182.111 - - [21/Dec/2024:13:07:52 -0500] "GET /register/ HTTP/1.0" 200 75922 "https://misswavenigeria.com/" "Mozilla/5.0 (Windows NT 6.3; Win64; x64) AppleWebKit/537.36 (KHTML, like Gecko) Chrome/103.0.5060.53 Safari/537.36"
66.29.132.124 - - [21/Dec/2024:13:07:52 -0500] "POST /wp-admin/admin-ajax.php?action=async_litespeed&nonce=aKaJCTH2S3rJMkhIshSjBJlC2hhtHZnQ&litespeed_type=imgoptm HTTP/1.1" 200 21 "-" "WordPress/6.7.1; https://misswavenigeria.com"
66.29.132.124 - - [21/Dec/2024:13:09:12 -0500] "POST /wp-cron.php?doing_wp_cron=1734804552.0205659866333007812500 HTTP/1.1" 200 0 "-" "WordPress/6.7.1; https://misswavenigeria.com"
165.231.182.111 - - [21/Dec/2024:13:09:11 -0500] "GET / HTTP/1.0" 200 109055 "https://misswavenigeria.com/" "Mozilla/5.0 (Windows NT 6.3; Win64; x64) AppleWebKit/537.36 (KHTML, like Gecko) Chrome/103.0.5060.53 Safari/537.36"
66.29.132.124 - - [21/Dec/2024:13:09:12 -0500] "POST /wp-admin/admin-ajax.php?action=async_litespeed&nonce=Y1y5Gkr6B40q0cq6HO7RJNTYGv8hmlmt&litespeed_type=imgoptm HTTP/1.1" 200 21 "-" "WordPress/6.7.1; https://misswavenigeria.com"
165.231.182.111 - - [21/Dec/2024:13:09:14 -0500] "GET /register/ HTTP/1.0" 200 75922 "https://misswavenigeria.com/register/" "Mozilla/5.0 (Windows NT 6.3; Win64; x64) AppleWebKit/537.36 (KHTML, like Gecko) Chrome/103.0.5060.53 Safari/537.36"
165.231.182.111 - - [21/Dec/2024:13:09:15 -0500] "POST /register/ HTTP/1.0" 200 76048 "https://misswavenigeria.com/register/" "Mozilla/5.0 (Windows NT 6.3; Win64; x64) AppleWebKit/537.36 (KHTML, like Gecko) Chrome/103.0.5060.53 Safari/537.36"
66.29.132.124 - - [21/Dec/2024:13:10:59 -0500] "POST /wp-cron.php?doing_wp_cron=1734804659.4491279125213623046875 HTTP/1.1" 200 0 "-" "WordPress/6.7.1; https://misswavenigeria.com"
165.231.182.111 - - [21/Dec/2024:13:10:59 -0500] "GET /register/ HTTP/1.0" 200 75922 "https://misswavenigeria.com/" "Mozilla/5.0 (Windows NT 6.3; Win64; x64) AppleWebKit/537.36 (KHTML, like Gecko) Chrome/103.0.5060.53 Safari/537.36"
66.29.132.124 - - [21/Dec/2024:13:10:59 -0500] "POST /wp-admin/admin-ajax.php?action=async_litespeed&nonce=KSb3OJjqY4vVDUl1Ndh1MnS4hJ7Wbef8&litespeed_type=imgoptm HTTP/1.1" 200 21 "-" "WordPress/6.7.1; https://misswavenigeria.com"
66.29.132.124 - - [21/Dec/2024:13:12:21 -0500] "POST /wp-cron.php?doing_wp_cron=1734804741.7412300109863281250000 HTTP/1.1" 200 0 "-" "WordPress/6.7.1; https://misswavenigeria.com"
66.249.79.132 - - [21/Dec/2024:13:12:21 -0500] "GET /item/G208084RS?c=714&keyword=hesitantly HTTP/1.1" 404 15607 "-" "Mozilla/5.0 (Linux; Android 6.0.1; Nexus 5X Build/MMB29P) AppleWebKit/537.36 (KHTML, like Gecko) Chrome/131.0.6778.139 Mobile Safari/537.36 (compatible; Googlebot/2.1; +http://www.google.com/bot.html)"
66.29.132.124 - - [21/Dec/2024:13:12:22 -0500] "POST /wp-admin/admin-ajax.php?action=async_litespeed&nonce=9UlYRYpnrz0Dob961nFSj5Xku3hNufrz&litespeed_type=imgoptm HTTP/1.1" 200 21 "-" "WordPress/6.7.1; https://misswavenigeria.com"
165.231.182.111 - - [21/Dec/2024:13:12:22 -0500] "GET / HTTP/1.0" 200 109055 "https://misswavenigeria.com/" "Mozilla/5.0 (Windows NT 6.1) AppleWebKit/537.36 (KHTML, like Gecko) Chrome/103.0.5060.114 Safari/537.36"
165.231.182.111 - - [21/Dec/2024:13:12:25 -0500] "GET /register/ HTTP/1.0" 200 75922 "https://misswavenigeria.com/register/" "Mozilla/5.0 (Windows NT 6.1) AppleWebKit/537.36 (KHTML, like Gecko) Chrome/103.0.5060.114 Safari/537.36"
66.29.132.124 - - [21/Dec/2024:13:12:27 -0500] "POST /wp-cron.php?doing_wp_cron=1734804747.7196800708770751953125 HTTP/1.1" 200 0 "-" "WordPress/6.7.1; https://misswavenigeria.com"
165.231.182.111 - - [21/Dec/2024:13:12:27 -0500] "POST /register/ HTTP/1.0" 200 76048 "https://misswavenigeria.com/register/" "Mozilla/5.0 (Windows NT 6.1) AppleWebKit/537.36 (KHTML, like Gecko) Chrome/103.0.5060.114 Safari/537.36"
66.29.132.124 - - [21/Dec/2024:13:14:43 -0500] "POST /wp-cron.php?doing_wp_cron=1734804883.6502449512481689453125 HTTP/1.1" 200 0 "-" "WordPress/6.7.1; https://misswavenigeria.com"
165.231.182.111 - - [21/Dec/2024:13:14:43 -0500] "GET /register/ HTTP/1.0" 200 75922 "https://misswavenigeria.com/" "Mozilla/5.0 (Windows NT 6.1) AppleWebKit/537.36 (KHTML, like Gecko) Chrome/103.0.5060.114 Safari/537.36"
66.29.132.124 - - [21/Dec/2024:13:14:44 -0500] "POST /wp-admin/admin-ajax.php?action=async_litespeed&nonce=ppAPZ01rohvjHRXSCqix9eYpRen3l3im&litespeed_type=imgoptm HTTP/1.1" 200 21 "-" "WordPress/6.7.1; https://misswavenigeria.com"
66.29.132.124 - - [21/Dec/2024:13:15:36 -0500] "POST /wp-cron.php?doing_wp_cron=1734804936.7978289127349853515625 HTTP/1.1" 200 0 "-" "WordPress/6.7.1; https://misswavenigeria.com"
66.29.132.124 - - [21/Dec/2024:13:15:37 -0500] "POST /wp-admin/admin-ajax.php?action=async_litespeed&nonce=pSZBq0y3BUWPkl9pUgNizYF8dPJYWtiL&litespeed_type=imgoptm HTTP/1.1" 200 21 "-" "WordPress/6.7.1; https://misswavenigeria.com"
165.231.182.111 - - [21/Dec/2024:13:15:36 -0500] "GET / HTTP/1.0" 200 109053 "https://misswavenigeria.com/" "Mozilla/5.0 (Windows NT 10.0; Win64; x64) AppleWebKit/537.36 (KHTML, like Gecko) Chrome/103.0.5060.66 Safari/537.36"
165.231.182.111 - - [21/Dec/2024:13:15:41 -0500] "GET /register/ HTTP/1.0" 200 75922 "https://misswavenigeria.com/register/" "Mozilla/5.0 (Windows NT 10.0; Win64; x64) AppleWebKit/537.36 (KHTML, like Gecko) Chrome/103.0.5060.66 Safari/537.36"
51.222.253.9 - - [21/Dec/2024:13:16:15 -0500] "GET /contestants/ HTTP/1.1" 200 17512 "-" "Mozilla/5.0 (compatible; AhrefsBot/7.0; +http://ahrefs.com/robot/)"
165.231.182.111 - - [21/Dec/2024:13:15:43 -0500] "POST /register/ HTTP/1.0" 200 76048 "https://misswavenigeria.com/register/" "Mozilla/5.0 (Windows NT 10.0; Win64; x64) AppleWebKit/537.36 (KHTML, like Gecko) Chrome/103.0.5060.66 Safari/537.36"
66.29.132.124 - - [21/Dec/2024:13:18:11 -0500] "POST /wp-cron.php?doing_wp_cron=1734805091.6946790218353271484375 HTTP/1.1" 200 0 "-" "WordPress/6.7.1; https://misswavenigeria.com"
165.231.182.111 - - [21/Dec/2024:13:18:11 -0500] "GET /register/ HTTP/1.0" 200 75922 "https://misswavenigeria.com/" "Mozilla/5.0 (Windows NT 10.0; Win64; x64) AppleWebKit/537.36 (KHTML, like Gecko) Chrome/103.0.5060.66 Safari/537.36"
66.29.132.124 - - [21/Dec/2024:13:18:12 -0500] "POST /wp-admin/admin-ajax.php?action=async_litespeed&nonce=6xt1b70jSwhweIUiyU119UxM2vO5OIXE&litespeed_type=imgoptm HTTP/1.1" 200 21 "-" "WordPress/6.7.1; https://misswavenigeria.com"
66.29.132.124 - - [21/Dec/2024:13:18:43 -0500] "POST /wp-cron.php?doing_wp_cron=1734805123.0989360809326171875000 HTTP/1.1" 200 0 "-" "WordPress/6.7.1; https://misswavenigeria.com"
165.231.182.111 - - [21/Dec/2024:13:18:42 -0500] "GET / HTTP/1.0" 200 109053 "https://misswavenigeria.com/" "Mozilla/5.0 (Windows NT 6.3; Win64; x64) AppleWebKit/537.36 (KHTML, like Gecko) Chrome/103.0.5060.53 Safari/537.36"
66.29.132.124 - - [21/Dec/2024:13:18:43 -0500] "POST /wp-admin/admin-ajax.php?action=async_litespeed&nonce=9tDhuEdyX5D81guTixzCNfc8k2o1WMr8&litespeed_type=imgoptm HTTP/1.1" 200 21 "-" "WordPress/6.7.1; https://misswavenigeria.com"
165.231.182.111 - - [21/Dec/2024:13:18:45 -0500] "GET /register/ HTTP/1.0" 200 75922 "https://misswavenigeria.com/register/" "Mozilla/5.0 (Windows NT 6.3; Win64; x64) AppleWebKit/537.36 (KHTML, like Gecko) Chrome/103.0.5060.53 Safari/537.36"
66.249.79.106 - - [21/Dec/2024:13:19:03 -0500] "GET /goods/U378398?k=product HTTP/1.1" 301 0 "-" "Mozilla/5.0 (Linux; Android 6.0.1; Nexus 5X Build/MMB29P) AppleWebKit/537.36 (KHTML, like Gecko) Chrome/131.0.6778.139 Mobile Safari/537.36 (compatible; Googlebot/2.1; +http://www.google.com/bot.html)"
66.249.79.130 - - [21/Dec/2024:13:19:04 -0500] "GET /goods/U378398?k=product HTTP/1.1" 404 15607 "-" "Mozilla/5.0 (Linux; Android 6.0.1; Nexus 5X Build/MMB29P) AppleWebKit/537.36 (KHTML, like Gecko) Chrome/131.0.6778.139 Mobile Safari/537.36 (compatible; Googlebot/2.1; +http://www.google.com/bot.html)"
66.249.79.131 - - [21/Dec/2024:13:19:06 -0500] "GET /goods/616760.html HTTP/1.1" 404 15607 "-" "Mozilla/5.0 (Linux; Android 6.0.1; Nexus 5X Build/MMB29P) AppleWebKit/537.36 (KHTML, like Gecko) Chrome/131.0.6778.139 Mobile Safari/537.36 (compatible; Googlebot/2.1; +http://www.google.com/bot.html)"
165.231.182.111 - - [21/Dec/2024:13:18:47 -0500] "POST /register/ HTTP/1.0" 200 76048 "https://misswavenigeria.com/register/" "Mozilla/5.0 (Windows NT 6.3; Win64; x64) AppleWebKit/537.36 (KHTML, like Gecko) Chrome/103.0.5060.53 Safari/537.36"
66.29.132.124 - - [21/Dec/2024:13:20:40 -0500] "POST /wp-cron.php?doing_wp_cron=1734805240.3949780464172363281250 HTTP/1.1" 200 0 "-" "WordPress/6.7.1; https://misswavenigeria.com"
165.231.182.111 - - [21/Dec/2024:13:20:40 -0500] "GET /register/ HTTP/1.0" 200 75922 "https://misswavenigeria.com/" "Mozilla/5.0 (Windows NT 6.3; Win64; x64) AppleWebKit/537.36 (KHTML, like Gecko) Chrome/103.0.5060.53 Safari/537.36"
66.29.132.124 - - [21/Dec/2024:13:20:41 -0500] "POST /wp-admin/admin-ajax.php?action=async_litespeed&nonce=XwkvvQV02ncyre73iwTz1Rp6oz5vOcoF&litespeed_type=imgoptm HTTP/1.1" 200 21 "-" "WordPress/6.7.1; https://misswavenigeria.com"
66.29.132.124 - - [21/Dec/2024:13:21:51 -0500] "POST /wp-cron.php?doing_wp_cron=1734805311.0806219577789306640625 HTTP/1.1" 200 0 "-" "WordPress/6.7.1; https://misswavenigeria.com"
165.231.182.111 - - [21/Dec/2024:13:21:50 -0500] "GET / HTTP/1.0" 200 109055 "https://misswavenigeria.com/" "Mozilla/5.0 (Windows NT 10.0; Win64; x64) AppleWebKit/537.36 (KHTML, like Gecko) Chrome/103.0.0.0 Safari/537.36 Herring/95.1.8810.11"
66.29.132.124 - - [21/Dec/2024:13:21:51 -0500] "POST /wp-admin/admin-ajax.php?action=async_litespeed&nonce=umq1HM7ANBkHmo0Aqb8B2ZVXUAEK4ltf&litespeed_type=imgoptm HTTP/1.1" 200 21 "-" "WordPress/6.7.1; https://misswavenigeria.com"
165.231.182.111 - - [21/Dec/2024:13:21:53 -0500] "GET /register/ HTTP/1.0" 200 75922 "https://misswavenigeria.com/register/" "Mozilla/5.0 (Windows NT 10.0; Win64; x64) AppleWebKit/537.36 (KHTML, like Gecko) Chrome/103.0.0.0 Safari/537.36 Herring/95.1.8810.11"
165.231.182.111 - - [21/Dec/2024:13:21:55 -0500] "POST /register/ HTTP/1.0" 200 76048 "https://misswavenigeria.com/register/" "Mozilla/5.0 (Windows NT 10.0; Win64; x64) AppleWebKit/537.36 (KHTML, like Gecko) Chrome/103.0.0.0 Safari/537.36 Herring/95.1.8810.11"
66.29.132.124 - - [21/Dec/2024:13:23:35 -0500] "POST /wp-cron.php?doing_wp_cron=1734805415.5154659748077392578125 HTTP/1.1" 200 0 "-" "WordPress/6.7.1; https://misswavenigeria.com"
165.231.182.111 - - [21/Dec/2024:13:23:35 -0500] "GET /register/ HTTP/1.0" 200 75922 "https://misswavenigeria.com/" "Mozilla/5.0 (Windows NT 10.0; Win64; x64) AppleWebKit/537.36 (KHTML, like Gecko) Chrome/103.0.0.0 Safari/537.36 Herring/95.1.8810.11"
66.29.132.124 - - [21/Dec/2024:13:23:35 -0500] "POST /wp-admin/admin-ajax.php?action=async_litespeed&nonce=f28PHG7Y38wB304WqIbEMCVvZDUuWmRB&litespeed_type=imgoptm HTTP/1.1" 200 21 "-" "WordPress/6.7.1; https://misswavenigeria.com"
66.29.132.124 - - [21/Dec/2024:13:24:56 -0500] "POST /wp-cron.php?doing_wp_cron=1734805496.0411560535430908203125 HTTP/1.1" 200 0 "-" "WordPress/6.7.1; https://misswavenigeria.com"
165.231.182.111 - - [21/Dec/2024:13:24:55 -0500] "GET / HTTP/1.0" 200 109055 "https://misswavenigeria.com/" "Mozilla/5.0 (Windows NT 10.0; Win64; x64) AppleWebKit/537.36 (KHTML, like Gecko) Chrome/103.0.5042.0 Safari/537.36"
66.29.132.124 - - [21/Dec/2024:13:24:56 -0500] "POST /wp-admin/admin-ajax.php?action=async_litespeed&nonce=4I39ZlXTNrtpEQjyRkAgA8tKZB49US5r&litespeed_type=imgoptm HTTP/1.1" 200 21 "-" "WordPress/6.7.1; https://misswavenigeria.com"
165.231.182.111 - - [21/Dec/2024:13:24:58 -0500] "GET /register/ HTTP/1.0" 200 75922 "https://misswavenigeria.com/register/" "Mozilla/5.0 (Windows NT 10.0; Win64; x64) AppleWebKit/537.36 (KHTML, like Gecko) Chrome/103.0.5042.0 Safari/537.36"
165.231.182.111 - - [21/Dec/2024:13:25:00 -0500] "POST /register/ HTTP/1.0" 200 76048 "https://misswavenigeria.com/register/" "Mozilla/5.0 (Windows NT 10.0; Win64; x64) AppleWebKit/537.36 (KHTML, like Gecko) Chrome/103.0.5042.0 Safari/537.36"
66.29.132.124 - - [21/Dec/2024:13:26:29 -0500] "POST /wp-cron.php?doing_wp_cron=1734805589.8077321052551269531250 HTTP/1.1" 200 0 "-" "WordPress/6.7.1; https://misswavenigeria.com"
165.231.182.111 - - [21/Dec/2024:13:26:29 -0500] "GET /register/ HTTP/1.0" 200 75922 "https://misswavenigeria.com/" "Mozilla/5.0 (Windows NT 10.0; Win64; x64) AppleWebKit/537.36 (KHTML, like Gecko) Chrome/103.0.5042.0 Safari/537.36"
66.29.132.124 - - [21/Dec/2024:13:26:30 -0500] "POST /wp-admin/admin-ajax.php?action=async_litespeed&nonce=prvOiJfi26Fejw7meQEXxEgEfzcM51lh&litespeed_type=imgoptm HTTP/1.1" 200 21 "-" "WordPress/6.7.1; https://misswavenigeria.com"
66.29.132.124 - - [21/Dec/2024:13:28:01 -0500] "POST /wp-cron.php?doing_wp_cron=1734805681.9540710449218750000000 HTTP/1.1" 200 0 "-" "WordPress/6.7.1; https://misswavenigeria.com"
165.231.182.111 - - [21/Dec/2024:13:27:59 -0500] "GET / HTTP/1.0" 200 109055 "https://misswavenigeria.com/" "Mozilla/5.0 (Windows NT 6.1; WOW64) AppleWebKit/537.36 (KHTML, like Gecko) Chrome/103.0.0.0 Safari/537.36"
66.29.132.124 - - [21/Dec/2024:13:28:02 -0500] "POST /wp-admin/admin-ajax.php?action=async_litespeed&nonce=eyWgLEH0ZtrkXozImZ3gR8rbRh90oi4x&litespeed_type=imgoptm HTTP/1.1" 200 21 "-" "WordPress/6.7.1; https://misswavenigeria.com"
165.231.182.111 - - [21/Dec/2024:13:28:04 -0500] "GET /register/ HTTP/1.0" 200 75922 "https://misswavenigeria.com/register/" "Mozilla/5.0 (Windows NT 6.1; WOW64) AppleWebKit/537.36 (KHTML, like Gecko) Chrome/103.0.0.0 Safari/537.36"
165.231.182.111 - - [21/Dec/2024:13:28:05 -0500] "POST /register/ HTTP/1.0" 200 76048 "https://misswavenigeria.com/register/" "Mozilla/5.0 (Windows NT 6.1; WOW64) AppleWebKit/537.36 (KHTML, like Gecko) Chrome/103.0.0.0 Safari/537.36"
66.29.132.124 - - [21/Dec/2024:13:29:29 -0500] "POST /wp-cron.php?doing_wp_cron=1734805769.1017489433288574218750 HTTP/1.1" 200 0 "-" "WordPress/6.7.1; https://misswavenigeria.com"
165.231.182.111 - - [21/Dec/2024:13:29:28 -0500] "GET /register/ HTTP/1.0" 200 75922 "https://misswavenigeria.com/" "Mozilla/5.0 (Windows NT 6.1; WOW64) AppleWebKit/537.36 (KHTML, like Gecko) Chrome/103.0.0.0 Safari/537.36"
66.29.132.124 - - [21/Dec/2024:13:29:29 -0500] "POST /wp-admin/admin-ajax.php?action=async_litespeed&nonce=jVOaiNDo9MhMeWRn8zd6Wwol2OiWiVSy&litespeed_type=imgoptm HTTP/1.1" 200 21 "-" "WordPress/6.7.1; https://misswavenigeria.com"
66.29.132.124 - - [21/Dec/2024:13:31:12 -0500] "POST /wp-cron.php?doing_wp_cron=1734805872.0547120571136474609375 HTTP/1.1" 200 0 "-" "WordPress/6.7.1; https://misswavenigeria.com"
165.231.182.111 - - [21/Dec/2024:13:31:09 -0500] "GET / HTTP/1.0" 200 109055 "https://misswavenigeria.com/" "Mozilla/5.0 (Windows NT 10.0; WOW64) AppleWebKit/537.36 (KHTML, like Gecko) Chrome/103.0.5060.114 Safari/537.36"
66.29.132.124 - - [21/Dec/2024:13:31:12 -0500] "POST /wp-admin/admin-ajax.php?action=async_litespeed&nonce=EdekkEqgms4DxRNTJLmaoNVpKFB0Yp6J&litespeed_type=imgoptm HTTP/1.1" 200 21 "-" "WordPress/6.7.1; https://misswavenigeria.com"
165.231.182.111 - - [21/Dec/2024:13:31:14 -0500] "GET /register/ HTTP/1.0" 200 75922 "https://misswavenigeria.com/register/" "Mozilla/5.0 (Windows NT 10.0; WOW64) AppleWebKit/537.36 (KHTML, like Gecko) Chrome/103.0.5060.114 Safari/537.36"
165.231.182.111 - - [21/Dec/2024:13:31:16 -0500] "POST /register/ HTTP/1.0" 200 76048 "https://misswavenigeria.com/register/" "Mozilla/5.0 (Windows NT 10.0; WOW64) AppleWebKit/537.36 (KHTML, like Gecko) Chrome/103.0.5060.114 Safari/537.36"
66.29.132.124 - - [21/Dec/2024:13:32:41 -0500] "POST /wp-cron.php?doing_wp_cron=1734805961.0177810192108154296875 HTTP/1.1" 200 0 "-" "WordPress/6.7.1; https://misswavenigeria.com"
165.231.182.111 - - [21/Dec/2024:13:32:40 -0500] "GET /register/ HTTP/1.0" 200 75922 "https://misswavenigeria.com/" "Mozilla/5.0 (Windows NT 10.0; WOW64) AppleWebKit/537.36 (KHTML, like Gecko) Chrome/103.0.5060.114 Safari/537.36"
66.29.132.124 - - [21/Dec/2024:13:32:41 -0500] "POST /wp-admin/admin-ajax.php?action=async_litespeed&nonce=XyqXdmLyB3en03Z2duwEjBFWpCmuQMfB&litespeed_type=imgoptm HTTP/1.1" 200 21 "-" "WordPress/6.7.1; https://misswavenigeria.com"
66.29.132.124 - - [21/Dec/2024:13:34:22 -0500] "POST /wp-cron.php?doing_wp_cron=1734806062.3622980117797851562500 HTTP/1.1" 200 0 "-" "WordPress/6.7.1; https://misswavenigeria.com"
165.231.182.111 - - [21/Dec/2024:13:34:20 -0500] "GET / HTTP/1.0" 200 109055 "https://misswavenigeria.com/" "Mozilla/5.0 (Windows NT 6.1; Win64; x64) AppleWebKit/537.36 (KHTML, like Gecko) Chrome/103.0.0.0 Safari/537.36"
66.29.132.124 - - [21/Dec/2024:13:34:22 -0500] "POST /wp-admin/admin-ajax.php?action=async_litespeed&nonce=owzckTQalsA5jvAOy2vyu4uHGcCgK8SJ&litespeed_type=imgoptm HTTP/1.1" 200 21 "-" "WordPress/6.7.1; https://misswavenigeria.com"
165.231.182.111 - - [21/Dec/2024:13:34:25 -0500] "GET /register/ HTTP/1.0" 200 75922 "https://misswavenigeria.com/register/" "Mozilla/5.0 (Windows NT 6.1; Win64; x64) AppleWebKit/537.36 (KHTML, like Gecko) Chrome/103.0.0.0 Safari/537.36"
66.29.132.124 - - [21/Dec/2024:13:34:27 -0500] "POST /wp-cron.php?doing_wp_cron=1734806067.1590139865875244140625 HTTP/1.1" 200 0 "-" "WordPress/6.7.1; https://misswavenigeria.com"
165.231.182.111 - - [21/Dec/2024:13:34:26 -0500] "POST /register/ HTTP/1.0" 200 76048 "https://misswavenigeria.com/register/" "Mozilla/5.0 (Windows NT 6.1; Win64; x64) AppleWebKit/537.36 (KHTML, like Gecko) Chrome/103.0.0.0 Safari/537.36"
66.29.132.124 - - [21/Dec/2024:13:35:57 -0500] "POST /wp-cron.php?doing_wp_cron=1734806157.9510519504547119140625 HTTP/1.1" 200 0 "-" "WordPress/6.7.1; https://misswavenigeria.com"
165.231.182.111 - - [21/Dec/2024:13:35:57 -0500] "GET /register/ HTTP/1.0" 200 75922 "https://misswavenigeria.com/" "Mozilla/5.0 (Windows NT 6.1; Win64; x64) AppleWebKit/537.36 (KHTML, like Gecko) Chrome/103.0.0.0 Safari/537.36"
66.29.132.124 - - [21/Dec/2024:13:35:58 -0500] "POST /wp-admin/admin-ajax.php?action=async_litespeed&nonce=88IjKKGWFo2obEQlYXXDEbULqTbFV7eA&litespeed_type=imgoptm HTTP/1.1" 200 21 "-" "WordPress/6.7.1; https://misswavenigeria.com"
66.29.132.124 - - [21/Dec/2024:13:37:28 -0500] "POST /wp-cron.php?doing_wp_cron=1734806248.6335248947143554687500 HTTP/1.1" 200 0 "-" "WordPress/6.7.1; https://misswavenigeria.com"
165.231.182.111 - - [21/Dec/2024:13:37:26 -0500] "GET / HTTP/1.0" 200 109055 "https://misswavenigeria.com/" "Mozilla/5.0 (Windows NT 6.1; WOW64) AppleWebKit/537.36 (KHTML, like Gecko) Chrome/103.0.0.0 Safari/537.36"
66.29.132.124 - - [21/Dec/2024:13:37:28 -0500] "POST /wp-admin/admin-ajax.php?action=async_litespeed&nonce=BEv2pMI2jvVSAqOVmqwajYGenKx8GYCw&litespeed_type=imgoptm HTTP/1.1" 200 21 "-" "WordPress/6.7.1; https://misswavenigeria.com"
165.231.182.111 - - [21/Dec/2024:13:37:31 -0500] "GET /register/ HTTP/1.0" 200 75922 "https://misswavenigeria.com/register/" "Mozilla/5.0 (Windows NT 6.1; WOW64) AppleWebKit/537.36 (KHTML, like Gecko) Chrome/103.0.0.0 Safari/537.36"
66.29.132.124 - - [21/Dec/2024:13:37:33 -0500] "POST /wp-cron.php?doing_wp_cron=1734806252.9941179752349853515625 HTTP/1.1" 200 0 "-" "WordPress/6.7.1; https://misswavenigeria.com"
66.29.132.124 - - [21/Dec/2024:13:37:33 -0500] "POST /wp-admin/admin-ajax.php?action=async_litespeed&nonce=sznDs0RRHonZSFKI9LIhrUUVwRVXjEaC&litespeed_type=imgoptm HTTP/1.1" 200 21 "-" "WordPress/6.7.1; https://misswavenigeria.com"
165.231.182.111 - - [21/Dec/2024:13:37:32 -0500] "POST /register/ HTTP/1.0" 200 76048 "https://misswavenigeria.com/register/" "Mozilla/5.0 (Windows NT 6.1; WOW64) AppleWebKit/537.36 (KHTML, like Gecko) Chrome/103.0.0.0 Safari/537.36"
66.29.132.124 - - [21/Dec/2024:13:38:54 -0500] "POST /wp-cron.php?doing_wp_cron=1734806334.1248209476470947265625 HTTP/1.1" 200 0 "-" "WordPress/6.7.1; https://misswavenigeria.com"
165.231.182.111 - - [21/Dec/2024:13:38:53 -0500] "GET /register/ HTTP/1.0" 200 75922 "https://misswavenigeria.com/" "Mozilla/5.0 (Windows NT 6.1; WOW64) AppleWebKit/537.36 (KHTML, like Gecko) Chrome/103.0.0.0 Safari/537.36"
66.29.132.124 - - [21/Dec/2024:13:38:54 -0500] "POST /wp-admin/admin-ajax.php?action=async_litespeed&nonce=QDB6XGKcJy4t1WkcL6EkIcN1hiZ1Ervh&litespeed_type=imgoptm HTTP/1.1" 200 21 "-" "WordPress/6.7.1; https://misswavenigeria.com"
66.29.132.124 - - [21/Dec/2024:13:40:39 -0500] "POST /wp-cron.php?doing_wp_cron=1734806439.7728400230407714843750 HTTP/1.1" 200 0 "-" "WordPress/6.7.1; https://misswavenigeria.com"
165.231.182.111 - - [21/Dec/2024:13:40:37 -0500] "GET / HTTP/1.0" 200 109053 "https://misswavenigeria.com/" "Mozilla/5.0 (Windows NT 6.3; Win64; x64) AppleWebKit/537.36 (KHTML, like Gecko) Chrome/103.0.5060.53 Safari/537.36"
66.29.132.124 - - [21/Dec/2024:13:40:40 -0500] "POST /wp-admin/admin-ajax.php?action=async_litespeed&nonce=6eJNihqatSaAzwyndq87hQrm0ig9IRSQ&litespeed_type=imgoptm HTTP/1.1" 200 21 "-" "WordPress/6.7.1; https://misswavenigeria.com"
165.231.182.111 - - [21/Dec/2024:13:40:42 -0500] "GET /register/ HTTP/1.0" 200 75922 "https://misswavenigeria.com/register/" "Mozilla/5.0 (Windows NT 6.3; Win64; x64) AppleWebKit/537.36 (KHTML, like Gecko) Chrome/103.0.5060.53 Safari/537.36"
165.231.182.111 - - [21/Dec/2024:13:40:43 -0500] "POST /register/ HTTP/1.0" 200 76048 "https://misswavenigeria.com/register/" "Mozilla/5.0 (Windows NT 6.3; Win64; x64) AppleWebKit/537.36 (KHTML, like Gecko) Chrome/103.0.5060.53 Safari/537.36"
66.29.132.124 - - [21/Dec/2024:13:42:00 -0500] "POST /wp-cron.php?doing_wp_cron=1734806520.4075911045074462890625 HTTP/1.1" 200 0 "-" "WordPress/6.7.1; https://misswavenigeria.com"
165.231.182.111 - - [21/Dec/2024:13:42:00 -0500] "GET /register/ HTTP/1.0" 200 75922 "https://misswavenigeria.com/" "Mozilla/5.0 (Windows NT 6.3; Win64; x64) AppleWebKit/537.36 (KHTML, like Gecko) Chrome/103.0.5060.53 Safari/537.36"
66.29.132.124 - - [21/Dec/2024:13:42:00 -0500] "POST /wp-admin/admin-ajax.php?action=async_litespeed&nonce=KQ6NJ9JtvuDeAbkcLNknQIMHw28is6WL&litespeed_type=imgoptm HTTP/1.1" 200 21 "-" "WordPress/6.7.1; https://misswavenigeria.com"
66.29.132.124 - - [21/Dec/2024:13:43:44 -0500] "POST /wp-cron.php?doing_wp_cron=1734806624.6632709503173828125000 HTTP/1.1" 200 0 "-" "WordPress/6.7.1; https://misswavenigeria.com"
165.231.182.111 - - [21/Dec/2024:13:43:42 -0500] "GET / HTTP/1.0" 200 109053 "https://misswavenigeria.com/" "Mozilla/5.0 (Windows NT 6.1) AppleWebKit/537.36 (KHTML, like Gecko) Chrome/103.0.0.0 Safari/537.36"
66.29.132.124 - - [21/Dec/2024:13:43:44 -0500] "POST /wp-admin/admin-ajax.php?action=async_litespeed&nonce=dlElRK4jqu5y6hbeoFo2NAvB6prg6b2w&litespeed_type=imgoptm HTTP/1.1" 200 21 "-" "WordPress/6.7.1; https://misswavenigeria.com"
165.231.182.111 - - [21/Dec/2024:13:43:46 -0500] "GET /register/ HTTP/1.0" 200 75922 "https://misswavenigeria.com/register/" "Mozilla/5.0 (Windows NT 6.1) AppleWebKit/537.36 (KHTML, like Gecko) Chrome/103.0.0.0 Safari/537.36"
165.231.182.111 - - [21/Dec/2024:13:43:48 -0500] "POST /register/ HTTP/1.0" 200 76048 "https://misswavenigeria.com/register/" "Mozilla/5.0 (Windows NT 6.1) AppleWebKit/537.36 (KHTML, like Gecko) Chrome/103.0.0.0 Safari/537.36"
66.29.132.124 - - [21/Dec/2024:13:44:58 -0500] "POST /wp-cron.php?doing_wp_cron=1734806698.2488920688629150390625 HTTP/1.1" 200 0 "-" "WordPress/6.7.1; https://misswavenigeria.com"
165.231.182.111 - - [21/Dec/2024:13:44:58 -0500] "GET /register/ HTTP/1.0" 200 75922 "https://misswavenigeria.com/" "Mozilla/5.0 (Windows NT 6.1) AppleWebKit/537.36 (KHTML, like Gecko) Chrome/103.0.0.0 Safari/537.36"
66.29.132.124 - - [21/Dec/2024:13:44:58 -0500] "POST /wp-admin/admin-ajax.php?action=async_litespeed&nonce=vr4xood3rbJbRe1o8hiBJe91QrBNFNaL&litespeed_type=imgoptm HTTP/1.1" 200 21 "-" "WordPress/6.7.1; https://misswavenigeria.com"
66.29.132.124 - - [21/Dec/2024:13:46:50 -0500] "POST /wp-cron.php?doing_wp_cron=1734806810.1300139427185058593750 HTTP/1.1" 200 0 "-" "WordPress/6.7.1; https://misswavenigeria.com"
165.231.182.111 - - [21/Dec/2024:13:46:47 -0500] "GET / HTTP/1.0" 200 109053 "https://misswavenigeria.com/" "Mozilla/5.0 (Windows NT 10.0; Win64; x64) AppleWebKit/537.36 (KHTML, like Gecko) Chrome/103.0.0.0 Safari/537.36"
66.29.132.124 - - [21/Dec/2024:13:46:50 -0500] "POST /wp-admin/admin-ajax.php?action=async_litespeed&nonce=nJCUXzFPt1S51L3NUyF849OMPZ5iNQIL&litespeed_type=imgoptm HTTP/1.1" 200 21 "-" "WordPress/6.7.1; https://misswavenigeria.com"
165.231.182.111 - - [21/Dec/2024:13:46:52 -0500] "GET /register/ HTTP/1.0" 200 75922 "https://misswavenigeria.com/register/" "Mozilla/5.0 (Windows NT 10.0; Win64; x64) AppleWebKit/537.36 (KHTML, like Gecko) Chrome/103.0.0.0 Safari/537.36"
165.231.182.111 - - [21/Dec/2024:13:46:54 -0500] "POST /register/ HTTP/1.0" 200 76048 "https://misswavenigeria.com/register/" "Mozilla/5.0 (Windows NT 10.0; Win64; x64) AppleWebKit/537.36 (KHTML, like Gecko) Chrome/103.0.0.0 Safari/537.36"
66.29.132.124 - - [21/Dec/2024:13:48:07 -0500] "POST /wp-cron.php?doing_wp_cron=1734806887.8004260063171386718750 HTTP/1.1" 200 0 "-" "WordPress/6.7.1; https://misswavenigeria.com"
165.231.182.111 - - [21/Dec/2024:13:48:07 -0500] "GET /register/ HTTP/1.0" 200 75922 "https://misswavenigeria.com/" "Mozilla/5.0 (Windows NT 10.0; Win64; x64) AppleWebKit/537.36 (KHTML, like Gecko) Chrome/103.0.0.0 Safari/537.36"
66.29.132.124 - - [21/Dec/2024:13:48:07 -0500] "POST /wp-admin/admin-ajax.php?action=async_litespeed&nonce=rObdBgfhjkPPDKoqHFwmYGppQGwLXJwf&litespeed_type=imgoptm HTTP/1.1" 200 21 "-" "WordPress/6.7.1; https://misswavenigeria.com"
66.29.132.124 - - [21/Dec/2024:13:49:18 -0500] "POST /wp-cron.php?doing_wp_cron=1734806958.0560328960418701171875 HTTP/1.1" 200 0 "-" "WordPress/6.7.1; https://misswavenigeria.com"
66.249.79.132 - - [21/Dec/2024:13:49:17 -0500] "GET /goods/920072.html HTTP/1.1" 404 15607 "-" "Mozilla/5.0 (Linux; Android 6.0.1; Nexus 5X Build/MMB29P) AppleWebKit/537.36 (KHTML, like Gecko) Chrome/131.0.6778.139 Mobile Safari/537.36 (compatible; Googlebot/2.1; +http://www.google.com/bot.html)"
66.29.132.124 - - [21/Dec/2024:13:49:18 -0500] "POST /wp-admin/admin-ajax.php?action=async_litespeed&nonce=fj5JVKNMHOEOFdCt0caD0aGfECSvqMs2&litespeed_type=imgoptm HTTP/1.1" 200 21 "-" "WordPress/6.7.1; https://misswavenigeria.com"
66.29.132.124 - - [21/Dec/2024:13:49:58 -0500] "POST /wp-cron.php?doing_wp_cron=1734806998.2764549255371093750000 HTTP/1.1" 200 0 "-" "WordPress/6.7.1; https://misswavenigeria.com"
165.231.182.111 - - [21/Dec/2024:13:49:58 -0500] "GET / HTTP/1.0" 200 109053 "https://misswavenigeria.com/" "Mozilla/5.0 (Windows NT 10.0; Win64; x64) AppleWebKit/537.36 (KHTML, like Gecko) Chrome/103.0.5060.134 Safari/537.36"
66.29.132.124 - - [21/Dec/2024:13:49:58 -0500] "POST /wp-admin/admin-ajax.php?action=async_litespeed&nonce=OtLqFOmFyT5Tf3I9wnERcYwffEDxVSUY&litespeed_type=imgoptm HTTP/1.1" 200 21 "-" "WordPress/6.7.1; https://misswavenigeria.com"
165.231.182.111 - - [21/Dec/2024:13:50:00 -0500] "GET /register/ HTTP/1.0" 200 75922 "https://misswavenigeria.com/register/" "Mozilla/5.0 (Windows NT 10.0; Win64; x64) AppleWebKit/537.36 (KHTML, like Gecko) Chrome/103.0.5060.134 Safari/537.36"
165.231.182.111 - - [21/Dec/2024:13:50:02 -0500] "POST /register/ HTTP/1.0" 200 76048 "https://misswavenigeria.com/register/" "Mozilla/5.0 (Windows NT 10.0; Win64; x64) AppleWebKit/537.36 (KHTML, like Gecko) Chrome/103.0.5060.134 Safari/537.36"
