66.29.132.124 - - [21/Dec/2024:22:29:17 -0500] "POST /wp-cron.php?doing_wp_cron=1734838157.4562311172485351562500 HTTP/1.1" 200 0 "-" "WordPress/6.7.1; https://misswavenigeria.com"
165.231.182.111 - - [21/Dec/2024:22:29:17 -0500] "GET /register/ HTTP/1.0" 200 75922 "https://misswavenigeria.com/" "Mozilla/5.0 (Windows NT 10.0; Win64; x64) AppleWebKit/537.36 (KHTML, like Gecko) Chrome/103.0.5060.66 Safari/537.36"
66.29.132.124 - - [21/Dec/2024:22:29:17 -0500] "POST /wp-admin/admin-ajax.php?action=async_litespeed&nonce=z2mE51uf6Ck8IjLE5VMDlQLLH4ivfD4E&litespeed_type=imgoptm HTTP/1.1" 200 21 "-" "WordPress/6.7.1; https://misswavenigeria.com"
66.29.132.124 - - [21/Dec/2024:22:30:38 -0500] "POST /wp-cron.php?doing_wp_cron=1734838238.2625980377197265625000 HTTP/1.1" 200 0 "-" "WordPress/6.7.1; https://misswavenigeria.com"
165.231.182.111 - - [21/Dec/2024:22:30:36 -0500] "GET / HTTP/1.0" 200 109053 "https://misswavenigeria.com/" "Mozilla/5.0 (Windows NT 6.3; WOW64) AppleWebKit/537.36 (KHTML, like Gecko) Chrome/103.0.5060.114 Safari/537.36"
66.29.132.124 - - [21/Dec/2024:22:30:41 -0500] "POST /wp-admin/admin-ajax.php?action=async_litespeed&nonce=oLQ1zLLbKy2v5uHCckfL59ywtjsTesUg&litespeed_type=imgoptm HTTP/1.1" 200 0 "-" "WordPress/6.7.1; https://misswavenigeria.com"
109.248.13.84 - - [21/Dec/2024:22:30:43 -0500] "GET / HTTP/1.1" 200 20847 "http://misswavenigeria.com" "Mozilla/5.0 (Windows NT 10.0; Win64; x64) AppleWebKit/537.36 (KHTML, like Gecko) Chrome/114.0.0.0 Safari/537.36 OPR/89.0.4447.51"
165.231.182.111 - - [21/Dec/2024:22:30:43 -0500] "GET /register/ HTTP/1.0" 200 75922 "https://misswavenigeria.com/register/" "Mozilla/5.0 (Windows NT 6.3; WOW64) AppleWebKit/537.36 (KHTML, like Gecko) Chrome/103.0.5060.114 Safari/537.36"
109.248.13.84 - - [21/Dec/2024:22:30:45 -0500] "GET /register/ HTTP/1.1" 200 17340 "https://misswavenigeria.com/" "Mozilla/5.0 (Windows NT 6.3; Win64; x64) AppleWebKit/537.36 (KHTML, like Gecko) Chrome/103.0.0.0 Safari/537.36"
109.248.13.84 - - [21/Dec/2024:22:30:47 -0500] "GET /register/ HTTP/1.1" 200 17340 "https://misswavenigeria.com/register/" "Mozilla/5.0 (Windows NT 6.3; Win64; x64) AppleWebKit/537.36 (KHTML, like Gecko) Chrome/103.0.0.0 Safari/537.36"
109.248.13.84 - - [21/Dec/2024:22:30:55 -0500] "POST /register/ HTTP/1.1" 200 17508 "https://misswavenigeria.com/register/" "Mozilla/5.0 (Windows NT 6.3; Win64; x64) AppleWebKit/537.36 (KHTML, like Gecko) Chrome/103.0.0.0 Safari/537.36"
165.231.182.111 - - [21/Dec/2024:22:30:45 -0500] "POST /register/ HTTP/1.0" 200 76048 "https://misswavenigeria.com/register/" "Mozilla/5.0 (Windows NT 6.3; WOW64) AppleWebKit/537.36 (KHTML, like Gecko) Chrome/103.0.5060.114 Safari/537.36"
66.29.132.124 - - [21/Dec/2024:22:32:25 -0500] "POST /wp-cron.php?doing_wp_cron=1734838345.3632280826568603515625 HTTP/1.1" 200 0 "-" "WordPress/6.7.1; https://misswavenigeria.com"
165.231.182.111 - - [21/Dec/2024:22:32:25 -0500] "GET /register/ HTTP/1.0" 200 75922 "https://misswavenigeria.com/" "Mozilla/5.0 (Windows NT 6.3; WOW64) AppleWebKit/537.36 (KHTML, like Gecko) Chrome/103.0.5060.114 Safari/537.36"
66.29.132.124 - - [21/Dec/2024:22:32:25 -0500] "POST /wp-admin/admin-ajax.php?action=async_litespeed&nonce=QL8WU8VkDmYzntjk0x33PlBVtIqXjTN1&litespeed_type=imgoptm HTTP/1.1" 200 21 "-" "WordPress/6.7.1; https://misswavenigeria.com"
66.29.132.124 - - [21/Dec/2024:22:33:37 -0500] "POST /wp-cron.php?doing_wp_cron=1734838417.7793879508972167968750 HTTP/1.1" 200 0 "-" "WordPress/6.7.1; https://misswavenigeria.com"
165.231.182.111 - - [21/Dec/2024:22:33:37 -0500] "GET / HTTP/1.0" 200 109055 "https://misswavenigeria.com/" "Mozilla/5.0 (Windows NT 10.0; Win64; x64) AppleWebKit/537.36 (KHTML, like Gecko) Chrome/103.0.0.0 Safari/537.36 Herring/95.1.8810.11"
66.29.132.124 - - [21/Dec/2024:22:33:38 -0500] "POST /wp-admin/admin-ajax.php?action=async_litespeed&nonce=QZnRXq4geQxIArcEckz6JHsadOT3UXIC&litespeed_type=imgoptm HTTP/1.1" 200 21 "-" "WordPress/6.7.1; https://misswavenigeria.com"
165.231.182.111 - - [21/Dec/2024:22:33:40 -0500] "GET /register/ HTTP/1.0" 200 75922 "https://misswavenigeria.com/register/" "Mozilla/5.0 (Windows NT 10.0; Win64; x64) AppleWebKit/537.36 (KHTML, like Gecko) Chrome/103.0.0.0 Safari/537.36 Herring/95.1.8810.11"
165.231.182.111 - - [21/Dec/2024:22:33:41 -0500] "POST /register/ HTTP/1.0" 200 76048 "https://misswavenigeria.com/register/" "Mozilla/5.0 (Windows NT 10.0; Win64; x64) AppleWebKit/537.36 (KHTML, like Gecko) Chrome/103.0.0.0 Safari/537.36 Herring/95.1.8810.11"
66.29.132.124 - - [21/Dec/2024:22:34:56 -0500] "POST /wp-cron.php?doing_wp_cron=1734838496.2286770343780517578125 HTTP/1.1" 200 0 "-" "WordPress/6.7.1; https://misswavenigeria.com"
165.231.182.111 - - [21/Dec/2024:22:34:56 -0500] "GET /register/ HTTP/1.0" 200 75922 "https://misswavenigeria.com/" "Mozilla/5.0 (Windows NT 10.0; Win64; x64) AppleWebKit/537.36 (KHTML, like Gecko) Chrome/103.0.0.0 Safari/537.36 Herring/95.1.8810.11"
66.29.132.124 - - [21/Dec/2024:22:34:56 -0500] "POST /wp-admin/admin-ajax.php?action=async_litespeed&nonce=MMBilbmjr1LGMbc8VuD3JR5d6JYNIT5W&litespeed_type=imgoptm HTTP/1.1" 200 21 "-" "WordPress/6.7.1; https://misswavenigeria.com"
66.29.132.124 - - [21/Dec/2024:22:36:41 -0500] "POST /wp-cron.php?doing_wp_cron=1734838601.1716330051422119140625 HTTP/1.1" 200 0 "-" "WordPress/6.7.1; https://misswavenigeria.com"
165.231.182.111 - - [21/Dec/2024:22:36:39 -0500] "GET / HTTP/1.0" 200 109055 "https://misswavenigeria.com/" "Mozilla/5.0 (Windows NT 6.3; Win64; x64) AppleWebKit/537.36 (KHTML, like Gecko) Chrome/103.0.5060.53 Safari/537.36"
66.29.132.124 - - [21/Dec/2024:22:36:41 -0500] "POST /wp-admin/admin-ajax.php?action=async_litespeed&nonce=O9HSDfLjfSuDFhRBaqpjIqRqwAvk6XiR&litespeed_type=imgoptm HTTP/1.1" 200 21 "-" "WordPress/6.7.1; https://misswavenigeria.com"
165.231.182.111 - - [21/Dec/2024:22:36:43 -0500] "GET /register/ HTTP/1.0" 200 75922 "https://misswavenigeria.com/register/" "Mozilla/5.0 (Windows NT 6.3; Win64; x64) AppleWebKit/537.36 (KHTML, like Gecko) Chrome/103.0.5060.53 Safari/537.36"
165.231.182.111 - - [21/Dec/2024:22:36:44 -0500] "POST /register/ HTTP/1.0" 200 76048 "https://misswavenigeria.com/register/" "Mozilla/5.0 (Windows NT 6.3; Win64; x64) AppleWebKit/537.36 (KHTML, like Gecko) Chrome/103.0.5060.53 Safari/537.36"
66.29.132.124 - - [21/Dec/2024:22:37:43 -0500] "POST /wp-cron.php?doing_wp_cron=1734838663.2270879745483398437500 HTTP/1.1" 200 0 "-" "WordPress/6.7.1; https://misswavenigeria.com"
165.231.182.111 - - [21/Dec/2024:22:37:43 -0500] "GET /register/ HTTP/1.0" 200 75922 "https://misswavenigeria.com/" "Mozilla/5.0 (Windows NT 6.3; Win64; x64) AppleWebKit/537.36 (KHTML, like Gecko) Chrome/103.0.5060.53 Safari/537.36"
66.29.132.124 - - [21/Dec/2024:22:37:43 -0500] "POST /wp-admin/admin-ajax.php?action=async_litespeed&nonce=ll2KqU7aL3FchYR6phX80AtZESRTAVUI&litespeed_type=imgoptm HTTP/1.1" 200 21 "-" "WordPress/6.7.1; https://misswavenigeria.com"
66.29.132.124 - - [21/Dec/2024:22:39:41 -0500] "POST /wp-cron.php?doing_wp_cron=1734838781.9739470481872558593750 HTTP/1.1" 200 0 "-" "WordPress/6.7.1; https://misswavenigeria.com"
165.231.182.111 - - [21/Dec/2024:22:39:40 -0500] "GET / HTTP/1.0" 200 109053 "https://misswavenigeria.com/" "Mozilla/5.0 (Windows NT 10.0; WOW64) AppleWebKit/537.36 (KHTML, like Gecko) Chrome/103.0.5060.114 Safari/537.36"
66.29.132.124 - - [21/Dec/2024:22:39:42 -0500] "POST /wp-admin/admin-ajax.php?action=async_litespeed&nonce=W5olVNFMCgWtEhV41ZWSQayvUrsQMtPA&litespeed_type=imgoptm HTTP/1.1" 200 21 "-" "WordPress/6.7.1; https://misswavenigeria.com"
165.231.182.111 - - [21/Dec/2024:22:39:44 -0500] "GET /register/ HTTP/1.0" 200 75922 "https://misswavenigeria.com/register/" "Mozilla/5.0 (Windows NT 10.0; WOW64) AppleWebKit/537.36 (KHTML, like Gecko) Chrome/103.0.5060.114 Safari/537.36"
165.231.182.111 - - [21/Dec/2024:22:39:46 -0500] "POST /register/ HTTP/1.0" 200 76048 "https://misswavenigeria.com/register/" "Mozilla/5.0 (Windows NT 10.0; WOW64) AppleWebKit/537.36 (KHTML, like Gecko) Chrome/103.0.5060.114 Safari/537.36"
66.29.132.124 - - [21/Dec/2024:22:40:39 -0500] "POST /wp-cron.php?doing_wp_cron=1734838839.0963768959045410156250 HTTP/1.1" 200 0 "-" "WordPress/6.7.1; https://misswavenigeria.com"
165.231.182.111 - - [21/Dec/2024:22:40:38 -0500] "GET /register/ HTTP/1.0" 200 75922 "https://misswavenigeria.com/" "Mozilla/5.0 (Windows NT 10.0; WOW64) AppleWebKit/537.36 (KHTML, like Gecko) Chrome/103.0.5060.114 Safari/537.36"
66.29.132.124 - - [21/Dec/2024:22:40:39 -0500] "POST /wp-admin/admin-ajax.php?action=async_litespeed&nonce=k0zdCTetkn6ZSg6MbSDuXdO5IZ1OyxN1&litespeed_type=imgoptm HTTP/1.1" 200 21 "-" "WordPress/6.7.1; https://misswavenigeria.com"
66.29.132.124 - - [21/Dec/2024:22:42:42 -0500] "POST /wp-cron.php?doing_wp_cron=1734838962.4945750236511230468750 HTTP/1.1" 200 0 "-" "WordPress/6.7.1; https://misswavenigeria.com"
165.231.182.111 - - [21/Dec/2024:22:42:41 -0500] "GET / HTTP/1.0" 200 109053 "https://misswavenigeria.com/" "Mozilla/5.0 (Windows NT 6.3; WOW64) AppleWebKit/537.36 (KHTML, like Gecko) Chrome/103.0.0.0 Safari/537.36"
66.29.132.124 - - [21/Dec/2024:22:42:42 -0500] "POST /wp-admin/admin-ajax.php?action=async_litespeed&nonce=m4H9BzOnh1lw0HbceBB43HlMQiK5rY0J&litespeed_type=imgoptm HTTP/1.1" 200 21 "-" "WordPress/6.7.1; https://misswavenigeria.com"
165.231.182.111 - - [21/Dec/2024:22:42:44 -0500] "GET /register/ HTTP/1.0" 200 75922 "https://misswavenigeria.com/register/" "Mozilla/5.0 (Windows NT 6.3; WOW64) AppleWebKit/537.36 (KHTML, like Gecko) Chrome/103.0.0.0 Safari/537.36"
165.231.182.111 - - [21/Dec/2024:22:42:46 -0500] "POST /register/ HTTP/1.0" 200 76048 "https://misswavenigeria.com/register/" "Mozilla/5.0 (Windows NT 6.3; WOW64) AppleWebKit/537.36 (KHTML, like Gecko) Chrome/103.0.0.0 Safari/537.36"
66.29.132.124 - - [21/Dec/2024:22:43:38 -0500] "POST /wp-cron.php?doing_wp_cron=1734839018.0739519596099853515625 HTTP/1.1" 200 0 "-" "WordPress/6.7.1; https://misswavenigeria.com"
165.231.182.111 - - [21/Dec/2024:22:43:37 -0500] "GET /register/ HTTP/1.0" 200 75922 "https://misswavenigeria.com/" "Mozilla/5.0 (Windows NT 6.3; WOW64) AppleWebKit/537.36 (KHTML, like Gecko) Chrome/103.0.0.0 Safari/537.36"
66.29.132.124 - - [21/Dec/2024:22:43:38 -0500] "POST /wp-admin/admin-ajax.php?action=async_litespeed&nonce=6ZMwOuKsr5w5HRPoZwlxtV8ohyq3XEOo&litespeed_type=imgoptm HTTP/1.1" 200 21 "-" "WordPress/6.7.1; https://misswavenigeria.com"
66.29.132.124 - - [21/Dec/2024:22:45:42 -0500] "POST /wp-cron.php?doing_wp_cron=1734839142.2677528858184814453125 HTTP/1.1" 200 0 "-" "WordPress/6.7.1; https://misswavenigeria.com"
165.231.182.111 - - [21/Dec/2024:22:45:40 -0500] "GET / HTTP/1.0" 200 109053 "https://misswavenigeria.com/" "Mozilla/5.0 (Windows NT 6.1) AppleWebKit/537.36 (KHTML, like Gecko) Chrome/103.0.0.0 Safari/537.36"
66.29.132.124 - - [21/Dec/2024:22:45:42 -0500] "POST /wp-admin/admin-ajax.php?action=async_litespeed&nonce=sXwYVUhHQcCevOd3udlipAwt5SgzWHdJ&litespeed_type=imgoptm HTTP/1.1" 200 21 "-" "WordPress/6.7.1; https://misswavenigeria.com"
165.231.182.111 - - [21/Dec/2024:22:45:44 -0500] "GET /register/ HTTP/1.0" 200 75922 "https://misswavenigeria.com/register/" "Mozilla/5.0 (Windows NT 6.1) AppleWebKit/537.36 (KHTML, like Gecko) Chrome/103.0.0.0 Safari/537.36"
165.231.182.111 - - [21/Dec/2024:22:45:46 -0500] "POST /register/ HTTP/1.0" 200 76048 "https://misswavenigeria.com/register/" "Mozilla/5.0 (Windows NT 6.1) AppleWebKit/537.36 (KHTML, like Gecko) Chrome/103.0.0.0 Safari/537.36"
66.29.132.124 - - [21/Dec/2024:22:46:44 -0500] "POST /wp-cron.php?doing_wp_cron=1734839204.6723210811614990234375 HTTP/1.1" 200 0 "-" "WordPress/6.7.1; https://misswavenigeria.com"
165.231.182.111 - - [21/Dec/2024:22:46:44 -0500] "GET /register/ HTTP/1.0" 200 75922 "https://misswavenigeria.com/" "Mozilla/5.0 (Windows NT 6.1) AppleWebKit/537.36 (KHTML, like Gecko) Chrome/103.0.0.0 Safari/537.36"
66.29.132.124 - - [21/Dec/2024:22:46:44 -0500] "POST /wp-admin/admin-ajax.php?action=async_litespeed&nonce=TfXldOvX7zTSflvctriSL0OrihzctNGn&litespeed_type=imgoptm HTTP/1.1" 200 21 "-" "WordPress/6.7.1; https://misswavenigeria.com"
66.29.132.124 - - [21/Dec/2024:22:48:42 -0500] "POST /wp-cron.php?doing_wp_cron=1734839322.8339259624481201171875 HTTP/1.1" 200 0 "-" "WordPress/6.7.1; https://misswavenigeria.com"
165.231.182.111 - - [21/Dec/2024:22:48:41 -0500] "GET / HTTP/1.0" 200 109055 "https://misswavenigeria.com/" "Mozilla/5.0 (Windows NT 10.0; Win64; x64) AppleWebKit/537.36 (KHTML, like Gecko) Chrome/103.0.5060.66 Safari/537.36"
66.29.132.124 - - [21/Dec/2024:22:48:43 -0500] "POST /wp-admin/admin-ajax.php?action=async_litespeed&nonce=Nf1WmgAoWSGXo8meIyuMP1QiN2dBPVLu&litespeed_type=imgoptm HTTP/1.1" 200 21 "-" "WordPress/6.7.1; https://misswavenigeria.com"
165.231.182.111 - - [21/Dec/2024:22:48:44 -0500] "GET /register/ HTTP/1.0" 200 75922 "https://misswavenigeria.com/register/" "Mozilla/5.0 (Windows NT 10.0; Win64; x64) AppleWebKit/537.36 (KHTML, like Gecko) Chrome/103.0.5060.66 Safari/537.36"
165.231.182.111 - - [21/Dec/2024:22:48:46 -0500] "POST /register/ HTTP/1.0" 200 76048 "https://misswavenigeria.com/register/" "Mozilla/5.0 (Windows NT 10.0; Win64; x64) AppleWebKit/537.36 (KHTML, like Gecko) Chrome/103.0.5060.66 Safari/537.36"
66.29.132.124 - - [21/Dec/2024:22:49:42 -0500] "POST /wp-cron.php?doing_wp_cron=1734839382.2480990886688232421875 HTTP/1.1" 200 0 "-" "WordPress/6.7.1; https://misswavenigeria.com"
165.231.182.111 - - [21/Dec/2024:22:49:42 -0500] "GET /register/ HTTP/1.0" 200 75922 "https://misswavenigeria.com/" "Mozilla/5.0 (Windows NT 10.0; Win64; x64) AppleWebKit/537.36 (KHTML, like Gecko) Chrome/103.0.5060.66 Safari/537.36"
66.29.132.124 - - [21/Dec/2024:22:49:42 -0500] "POST /wp-admin/admin-ajax.php?action=async_litespeed&nonce=mx4PKnHrFkTwRCoKHQ7n4bk3Qe1tKF9C&litespeed_type=imgoptm HTTP/1.1" 200 21 "-" "WordPress/6.7.1; https://misswavenigeria.com"
66.29.132.124 - - [21/Dec/2024:22:51:42 -0500] "POST /wp-cron.php?doing_wp_cron=1734839502.9632589817047119140625 HTTP/1.1" 200 0 "-" "WordPress/6.7.1; https://misswavenigeria.com"
165.231.182.111 - - [21/Dec/2024:22:51:41 -0500] "GET / HTTP/1.0" 200 109055 "https://misswavenigeria.com/" "Mozilla/5.0 (Windows NT 10.0; Win64; x64) AppleWebKit/537.36 (KHTML, like Gecko) Chrome/103.0.5042.0 Safari/537.36"
66.29.132.124 - - [21/Dec/2024:22:51:43 -0500] "POST /wp-admin/admin-ajax.php?action=async_litespeed&nonce=VuygRJoEsUpIaewWfAkuYpaWobMwz24a&litespeed_type=imgoptm HTTP/1.1" 200 21 "-" "WordPress/6.7.1; https://misswavenigeria.com"
165.231.182.111 - - [21/Dec/2024:22:51:45 -0500] "GET /register/ HTTP/1.0" 200 75922 "https://misswavenigeria.com/register/" "Mozilla/5.0 (Windows NT 10.0; Win64; x64) AppleWebKit/537.36 (KHTML, like Gecko) Chrome/103.0.5042.0 Safari/537.36"
165.231.182.111 - - [21/Dec/2024:22:51:46 -0500] "POST /register/ HTTP/1.0" 200 76048 "https://misswavenigeria.com/register/" "Mozilla/5.0 (Windows NT 10.0; Win64; x64) AppleWebKit/537.36 (KHTML, like Gecko) Chrome/103.0.5042.0 Safari/537.36"
66.29.132.124 - - [21/Dec/2024:22:52:48 -0500] "POST /wp-cron.php?doing_wp_cron=1734839568.0190188884735107421875 HTTP/1.1" 200 0 "-" "WordPress/6.7.1; https://misswavenigeria.com"
165.231.182.111 - - [21/Dec/2024:22:52:47 -0500] "GET /register/ HTTP/1.0" 200 75922 "https://misswavenigeria.com/" "Mozilla/5.0 (Windows NT 10.0; Win64; x64) AppleWebKit/537.36 (KHTML, like Gecko) Chrome/103.0.5042.0 Safari/537.36"
66.29.132.124 - - [21/Dec/2024:22:52:48 -0500] "POST /wp-admin/admin-ajax.php?action=async_litespeed&nonce=5PVJZdU3PWjzOGuZiuAgqGHa4b6YNoAs&litespeed_type=imgoptm HTTP/1.1" 200 21 "-" "WordPress/6.7.1; https://misswavenigeria.com"
66.29.132.124 - - [21/Dec/2024:22:54:41 -0500] "POST /wp-cron.php?doing_wp_cron=1734839681.2572529315948486328125 HTTP/1.1" 200 0 "-" "WordPress/6.7.1; https://misswavenigeria.com"
165.231.182.111 - - [21/Dec/2024:22:54:39 -0500] "GET / HTTP/1.0" 200 109053 "https://misswavenigeria.com/" "Mozilla/5.0 (Windows NT 6.1; Win64; x64) AppleWebKit/537.36 (KHTML, like Gecko) Chrome/103.0.5060.66 Safari/537.36"
66.29.132.124 - - [21/Dec/2024:22:54:41 -0500] "POST /wp-admin/admin-ajax.php?action=async_litespeed&nonce=hfONPN3B0HeydyewW7F9LhXsQ6IXDA3W&litespeed_type=imgoptm HTTP/1.1" 200 21 "-" "WordPress/6.7.1; https://misswavenigeria.com"
165.231.182.111 - - [21/Dec/2024:22:54:43 -0500] "GET /register/ HTTP/1.0" 200 75922 "https://misswavenigeria.com/register/" "Mozilla/5.0 (Windows NT 6.1; Win64; x64) AppleWebKit/537.36 (KHTML, like Gecko) Chrome/103.0.5060.66 Safari/537.36"
165.231.182.111 - - [21/Dec/2024:22:54:45 -0500] "POST /register/ HTTP/1.0" 200 76048 "https://misswavenigeria.com/register/" "Mozilla/5.0 (Windows NT 6.1; Win64; x64) AppleWebKit/537.36 (KHTML, like Gecko) Chrome/103.0.5060.66 Safari/537.36"
66.29.132.124 - - [21/Dec/2024:22:56:01 -0500] "POST /wp-cron.php?doing_wp_cron=1734839761.6800138950347900390625 HTTP/1.1" 200 0 "-" "WordPress/6.7.1; https://misswavenigeria.com"
165.231.182.111 - - [21/Dec/2024:22:56:01 -0500] "GET /register/ HTTP/1.0" 200 75922 "https://misswavenigeria.com/" "Mozilla/5.0 (Windows NT 6.1; Win64; x64) AppleWebKit/537.36 (KHTML, like Gecko) Chrome/103.0.5060.66 Safari/537.36"
66.29.132.124 - - [21/Dec/2024:22:56:01 -0500] "POST /wp-admin/admin-ajax.php?action=async_litespeed&nonce=QSIFfuF4pq8MCYY5FwbG9gohSM3p0FNe&litespeed_type=imgoptm HTTP/1.1" 200 21 "-" "WordPress/6.7.1; https://misswavenigeria.com"
66.29.132.124 - - [21/Dec/2024:22:57:39 -0500] "POST /wp-cron.php?doing_wp_cron=1734839859.4351990222930908203125 HTTP/1.1" 200 0 "-" "WordPress/6.7.1; https://misswavenigeria.com"
165.231.182.111 - - [21/Dec/2024:22:57:38 -0500] "GET / HTTP/1.0" 200 109055 "https://misswavenigeria.com/" "Mozilla/5.0 (Windows NT 6.1) AppleWebKit/537.36 (KHTML, like Gecko) Chrome/103.0.5060.114 Safari/537.36"
66.29.132.124 - - [21/Dec/2024:22:57:39 -0500] "POST /wp-admin/admin-ajax.php?action=async_litespeed&nonce=AUZrSWDjVgk9nJlDxucc18pEKhKn9Opv&litespeed_type=imgoptm HTTP/1.1" 200 21 "-" "WordPress/6.7.1; https://misswavenigeria.com"
165.231.182.111 - - [21/Dec/2024:22:57:41 -0500] "GET /register/ HTTP/1.0" 200 75922 "https://misswavenigeria.com/register/" "Mozilla/5.0 (Windows NT 6.1) AppleWebKit/537.36 (KHTML, like Gecko) Chrome/103.0.5060.114 Safari/537.36"
165.231.182.111 - - [21/Dec/2024:22:57:43 -0500] "POST /register/ HTTP/1.0" 200 76048 "https://misswavenigeria.com/register/" "Mozilla/5.0 (Windows NT 6.1) AppleWebKit/537.36 (KHTML, like Gecko) Chrome/103.0.5060.114 Safari/537.36"
66.29.132.124 - - [21/Dec/2024:22:58:49 -0500] "POST /wp-cron.php?doing_wp_cron=1734839929.1873319149017333984375 HTTP/1.1" 200 0 "-" "WordPress/6.7.1; https://misswavenigeria.com"
165.231.182.111 - - [21/Dec/2024:22:58:49 -0500] "GET /register/ HTTP/1.0" 200 75922 "https://misswavenigeria.com/" "Mozilla/5.0 (Windows NT 6.1) AppleWebKit/537.36 (KHTML, like Gecko) Chrome/103.0.5060.114 Safari/537.36"
66.29.132.124 - - [21/Dec/2024:22:58:49 -0500] "POST /wp-admin/admin-ajax.php?action=async_litespeed&nonce=W14ooOea9WgbiTtIjA0O3dXU80dcNk2c&litespeed_type=imgoptm HTTP/1.1" 200 21 "-" "WordPress/6.7.1; https://misswavenigeria.com"
66.29.132.124 - - [21/Dec/2024:23:00:42 -0500] "POST /wp-cron.php?doing_wp_cron=1734840042.1617820262908935546875 HTTP/1.1" 200 0 "-" "WordPress/6.7.1; https://misswavenigeria.com"
165.231.182.111 - - [21/Dec/2024:23:00:40 -0500] "GET / HTTP/1.0" 200 109053 "https://misswavenigeria.com/" "Mozilla/5.0 (Windows NT 10.0; Win64; x64) AppleWebKit/537.36 (KHTML, like Gecko) Chrome/103.0.5060.114 Safari/537.36"
66.29.132.124 - - [21/Dec/2024:23:00:42 -0500] "POST /wp-admin/admin-ajax.php?action=async_litespeed&nonce=7GExv92Mpk0eiVf5VWh5NS2TsbLMjTD1&litespeed_type=imgoptm HTTP/1.1" 200 21 "-" "WordPress/6.7.1; https://misswavenigeria.com"
165.231.182.111 - - [21/Dec/2024:23:00:44 -0500] "GET /register/ HTTP/1.0" 200 75922 "https://misswavenigeria.com/register/" "Mozilla/5.0 (Windows NT 10.0; Win64; x64) AppleWebKit/537.36 (KHTML, like Gecko) Chrome/103.0.5060.114 Safari/537.36"
165.231.182.111 - - [21/Dec/2024:23:00:46 -0500] "POST /register/ HTTP/1.0" 200 76048 "https://misswavenigeria.com/register/" "Mozilla/5.0 (Windows NT 10.0; Win64; x64) AppleWebKit/537.36 (KHTML, like Gecko) Chrome/103.0.5060.114 Safari/537.36"
66.29.132.124 - - [21/Dec/2024:23:02:03 -0500] "POST /wp-cron.php?doing_wp_cron=1734840123.1948618888854980468750 HTTP/1.1" 200 0 "-" "WordPress/6.7.1; https://misswavenigeria.com"
165.231.182.111 - - [21/Dec/2024:23:02:02 -0500] "GET /register/ HTTP/1.0" 200 75922 "https://misswavenigeria.com/" "Mozilla/5.0 (Windows NT 10.0; Win64; x64) AppleWebKit/537.36 (KHTML, like Gecko) Chrome/103.0.5060.114 Safari/537.36"
66.29.132.124 - - [21/Dec/2024:23:02:03 -0500] "POST /wp-admin/admin-ajax.php?action=async_litespeed&nonce=xApYSdYjK8XwQCjN10jipUp82tYAb905&litespeed_type=imgoptm HTTP/1.1" 200 21 "-" "WordPress/6.7.1; https://misswavenigeria.com"
66.29.132.124 - - [21/Dec/2024:23:03:41 -0500] "POST /wp-cron.php?doing_wp_cron=1734840221.2492520809173583984375 HTTP/1.1" 200 0 "-" "WordPress/6.7.1; https://misswavenigeria.com"
165.231.182.111 - - [21/Dec/2024:23:03:39 -0500] "GET / HTTP/1.0" 200 109055 "https://misswavenigeria.com/" "Mozilla/5.0 (Windows NT 6.1; Win64; x64) AppleWebKit/537.36 (KHTML, like Gecko) Chrome/103.0.0.0 Safari/537.36"
66.29.132.124 - - [21/Dec/2024:23:03:41 -0500] "POST /wp-admin/admin-ajax.php?action=async_litespeed&nonce=hSjXX9zylURIn3LtNY0GWQ4yr1U9oJ44&litespeed_type=imgoptm HTTP/1.1" 200 21 "-" "WordPress/6.7.1; https://misswavenigeria.com"
165.231.182.111 - - [21/Dec/2024:23:03:43 -0500] "GET /register/ HTTP/1.0" 200 75922 "https://misswavenigeria.com/register/" "Mozilla/5.0 (Windows NT 6.1; Win64; x64) AppleWebKit/537.36 (KHTML, like Gecko) Chrome/103.0.0.0 Safari/537.36"
45.61.185.218 - - [21/Dec/2024:23:04:14 -0500] "GET /wp-login.php HTTP/1.1" 200 6933 "-" "Mozilla/5.0 (Macintosh; Intel Mac OS X 10_9_2) AppleWebKit/537.75.14 (KHTML, like Gecko) Version/7.0.3 Safari/537.75.14"
45.61.185.218 - - [21/Dec/2024:23:04:14 -0500] "POST /wp-login.php HTTP/1.1" 200 7422 "-" "Mozilla/5.0 (Macintosh; Intel Mac OS X 10_9_2) AppleWebKit/537.75.14 (KHTML, like Gecko) Version/7.0.3 Safari/537.75.14"
165.231.182.111 - - [21/Dec/2024:23:03:45 -0500] "POST /register/ HTTP/1.0" 200 76048 "https://misswavenigeria.com/register/" "Mozilla/5.0 (Windows NT 6.1; Win64; x64) AppleWebKit/537.36 (KHTML, like Gecko) Chrome/103.0.0.0 Safari/537.36"
66.29.132.124 - - [21/Dec/2024:23:04:56 -0500] "POST /wp-cron.php?doing_wp_cron=1734840296.6937859058380126953125 HTTP/1.1" 200 0 "-" "WordPress/6.7.1; https://misswavenigeria.com"
165.231.182.111 - - [21/Dec/2024:23:04:56 -0500] "GET /register/ HTTP/1.0" 200 75922 "https://misswavenigeria.com/" "Mozilla/5.0 (Windows NT 6.1; Win64; x64) AppleWebKit/537.36 (KHTML, like Gecko) Chrome/103.0.0.0 Safari/537.36"
66.29.132.124 - - [21/Dec/2024:23:04:56 -0500] "POST /wp-admin/admin-ajax.php?action=async_litespeed&nonce=mHEKMk0yVjlu35H8DsFgds6rRq4ajNuN&litespeed_type=imgoptm HTTP/1.1" 200 21 "-" "WordPress/6.7.1; https://misswavenigeria.com"
66.29.132.124 - - [21/Dec/2024:23:06:41 -0500] "POST /wp-cron.php?doing_wp_cron=1734840401.7279410362243652343750 HTTP/1.1" 200 0 "-" "WordPress/6.7.1; https://misswavenigeria.com"
165.231.182.111 - - [21/Dec/2024:23:06:40 -0500] "GET / HTTP/1.0" 200 109053 "https://misswavenigeria.com/" "Mozilla/5.0 (Windows NT 6.3; Win64; x64) AppleWebKit/537.36 (KHTML, like Gecko) Chrome/103.0.5060.66 Safari/537.36"
66.29.132.124 - - [21/Dec/2024:23:06:41 -0500] "POST /wp-admin/admin-ajax.php?action=async_litespeed&nonce=LlVLRRZjGsnorQJmKDMCVpPAJKntWcju&litespeed_type=imgoptm HTTP/1.1" 200 21 "-" "WordPress/6.7.1; https://misswavenigeria.com"
165.231.182.111 - - [21/Dec/2024:23:06:43 -0500] "GET /register/ HTTP/1.0" 200 75922 "https://misswavenigeria.com/register/" "Mozilla/5.0 (Windows NT 6.3; Win64; x64) AppleWebKit/537.36 (KHTML, like Gecko) Chrome/103.0.5060.66 Safari/537.36"
165.231.182.111 - - [21/Dec/2024:23:06:45 -0500] "POST /register/ HTTP/1.0" 200 76048 "https://misswavenigeria.com/register/" "Mozilla/5.0 (Windows NT 6.3; Win64; x64) AppleWebKit/537.36 (KHTML, like Gecko) Chrome/103.0.5060.66 Safari/537.36"
66.29.132.124 - - [21/Dec/2024:23:07:52 -0500] "POST /wp-cron.php?doing_wp_cron=1734840472.3792800903320312500000 HTTP/1.1" 200 0 "-" "WordPress/6.7.1; https://misswavenigeria.com"
165.231.182.111 - - [21/Dec/2024:23:07:52 -0500] "GET /register/ HTTP/1.0" 200 75922 "https://misswavenigeria.com/" "Mozilla/5.0 (Windows NT 6.3; Win64; x64) AppleWebKit/537.36 (KHTML, like Gecko) Chrome/103.0.5060.66 Safari/537.36"
66.29.132.124 - - [21/Dec/2024:23:07:52 -0500] "POST /wp-admin/admin-ajax.php?action=async_litespeed&nonce=fSrN546NwM8n4W26kIvh5nJdskz60ORE&litespeed_type=imgoptm HTTP/1.1" 200 21 "-" "WordPress/6.7.1; https://misswavenigeria.com"
66.29.132.124 - - [21/Dec/2024:23:09:40 -0500] "POST /wp-cron.php?doing_wp_cron=1734840580.1155331134796142578125 HTTP/1.1" 200 0 "-" "WordPress/6.7.1; https://misswavenigeria.com"
165.231.182.111 - - [21/Dec/2024:23:09:38 -0500] "GET / HTTP/1.0" 200 109053 "https://misswavenigeria.com/" "Mozilla/5.0 (Windows NT 10.0) AppleWebKit/537.36 (KHTML, like Gecko) Chrome/103.0.0.0 Safari/537.36"
66.29.132.124 - - [21/Dec/2024:23:09:40 -0500] "POST /wp-admin/admin-ajax.php?action=async_litespeed&nonce=WLSsg6Rzj7eQ4ok6jILnSlof16CD1TRD&litespeed_type=imgoptm HTTP/1.1" 200 21 "-" "WordPress/6.7.1; https://misswavenigeria.com"
165.231.182.111 - - [21/Dec/2024:23:09:42 -0500] "GET /register/ HTTP/1.0" 200 75922 "https://misswavenigeria.com/register/" "Mozilla/5.0 (Windows NT 10.0) AppleWebKit/537.36 (KHTML, like Gecko) Chrome/103.0.0.0 Safari/537.36"
165.231.182.111 - - [21/Dec/2024:23:09:44 -0500] "POST /register/ HTTP/1.0" 200 76048 "https://misswavenigeria.com/register/" "Mozilla/5.0 (Windows NT 10.0) AppleWebKit/537.36 (KHTML, like Gecko) Chrome/103.0.0.0 Safari/537.36"
66.29.132.124 - - [21/Dec/2024:23:11:31 -0500] "POST /wp-cron.php?doing_wp_cron=1734840691.3628330230712890625000 HTTP/1.1" 200 0 "-" "WordPress/6.7.1; https://misswavenigeria.com"
165.231.182.111 - - [21/Dec/2024:23:11:31 -0500] "GET /register/ HTTP/1.0" 200 75922 "https://misswavenigeria.com/" "Mozilla/5.0 (Windows NT 10.0) AppleWebKit/537.36 (KHTML, like Gecko) Chrome/103.0.0.0 Safari/537.36"
66.29.132.124 - - [21/Dec/2024:23:11:31 -0500] "POST /wp-admin/admin-ajax.php?action=async_litespeed&nonce=G4sDOBWI1TlPKV2HICbnWMsG6Q401HY6&litespeed_type=imgoptm HTTP/1.1" 200 21 "-" "WordPress/6.7.1; https://misswavenigeria.com"
66.29.132.124 - - [21/Dec/2024:23:12:37 -0500] "POST /wp-cron.php?doing_wp_cron=1734840757.4818470478057861328125 HTTP/1.1" 200 0 "-" "WordPress/6.7.1; https://misswavenigeria.com"
165.231.182.111 - - [21/Dec/2024:23:12:37 -0500] "GET / HTTP/1.0" 200 109053 "https://misswavenigeria.com/" "Mozilla/5.0 (Windows NT 6.1; Win64; x64) AppleWebKit/537.36 (KHTML, like Gecko) Chrome/103.0.5060.66 Safari/537.36"
66.29.132.124 - - [21/Dec/2024:23:12:37 -0500] "POST /wp-admin/admin-ajax.php?action=async_litespeed&nonce=aAYTIU6QvAzoLhBBLbrpn3qxeJtnehqZ&litespeed_type=imgoptm HTTP/1.1" 200 21 "-" "WordPress/6.7.1; https://misswavenigeria.com"
165.231.182.111 - - [21/Dec/2024:23:12:39 -0500] "GET /register/ HTTP/1.0" 200 75922 "https://misswavenigeria.com/register/" "Mozilla/5.0 (Windows NT 6.1; Win64; x64) AppleWebKit/537.36 (KHTML, like Gecko) Chrome/103.0.5060.66 Safari/537.36"
165.231.182.111 - - [21/Dec/2024:23:12:41 -0500] "POST /register/ HTTP/1.0" 200 76048 "https://misswavenigeria.com/register/" "Mozilla/5.0 (Windows NT 6.1; Win64; x64) AppleWebKit/537.36 (KHTML, like Gecko) Chrome/103.0.5060.66 Safari/537.36"
66.29.132.124 - - [21/Dec/2024:23:14:14 -0500] "POST /wp-cron.php?doing_wp_cron=1734840854.1069691181182861328125 HTTP/1.1" 200 0 "-" "WordPress/6.7.1; https://misswavenigeria.com"
165.231.182.111 - - [21/Dec/2024:23:14:12 -0500] "GET /register/ HTTP/1.0" 200 75922 "https://misswavenigeria.com/" "Mozilla/5.0 (Windows NT 6.1; Win64; x64) AppleWebKit/537.36 (KHTML, like Gecko) Chrome/103.0.5060.66 Safari/537.36"
66.29.132.124 - - [21/Dec/2024:23:14:14 -0500] "POST /wp-admin/admin-ajax.php?action=async_litespeed&nonce=8cdfsU5aRCsEXwLQIv1a3pVgFU8xDEGs&litespeed_type=imgoptm HTTP/1.1" 200 21 "-" "WordPress/6.7.1; https://misswavenigeria.com"
66.29.132.124 - - [21/Dec/2024:23:15:36 -0500] "POST /wp-cron.php?doing_wp_cron=1734840936.0303809642791748046875 HTTP/1.1" 200 0 "-" "WordPress/6.7.1; https://misswavenigeria.com"
165.231.182.111 - - [21/Dec/2024:23:15:35 -0500] "GET / HTTP/1.0" 200 109055 "https://misswavenigeria.com/" "Mozilla/5.0 (Windows NT 6.3; Win64; x64) AppleWebKit/537.36 (KHTML, like Gecko) Chrome/103.0.5060.53 Safari/537.36"
66.29.132.124 - - [21/Dec/2024:23:15:36 -0500] "POST /wp-admin/admin-ajax.php?action=async_litespeed&nonce=4CHvTKph0JagWq8u2uuon5oUP8IgxlDb&litespeed_type=imgoptm HTTP/1.1" 200 21 "-" "WordPress/6.7.1; https://misswavenigeria.com"
165.231.182.111 - - [21/Dec/2024:23:15:38 -0500] "GET /register/ HTTP/1.0" 200 75922 "https://misswavenigeria.com/register/" "Mozilla/5.0 (Windows NT 6.3; Win64; x64) AppleWebKit/537.36 (KHTML, like Gecko) Chrome/103.0.5060.53 Safari/537.36"
165.231.182.111 - - [21/Dec/2024:23:15:39 -0500] "POST /register/ HTTP/1.0" 200 76048 "https://misswavenigeria.com/register/" "Mozilla/5.0 (Windows NT 6.3; Win64; x64) AppleWebKit/537.36 (KHTML, like Gecko) Chrome/103.0.5060.53 Safari/537.36"
66.29.132.124 - - [21/Dec/2024:23:16:57 -0500] "POST /wp-cron.php?doing_wp_cron=1734841017.2388589382171630859375 HTTP/1.1" 200 0 "-" "WordPress/6.7.1; https://misswavenigeria.com"
165.231.182.111 - - [21/Dec/2024:23:16:57 -0500] "GET /register/ HTTP/1.0" 200 75922 "https://misswavenigeria.com/" "Mozilla/5.0 (Windows NT 6.3; Win64; x64) AppleWebKit/537.36 (KHTML, like Gecko) Chrome/103.0.5060.53 Safari/537.36"
66.29.132.124 - - [21/Dec/2024:23:16:57 -0500] "POST /wp-admin/admin-ajax.php?action=async_litespeed&nonce=6wmFX4S0oG9FmdmDcCNUku4jm7BzHXV2&litespeed_type=imgoptm HTTP/1.1" 200 21 "-" "WordPress/6.7.1; https://misswavenigeria.com"
66.29.132.124 - - [21/Dec/2024:23:18:37 -0500] "POST /wp-cron.php?doing_wp_cron=1734841117.4226660728454589843750 HTTP/1.1" 200 0 "-" "WordPress/6.7.1; https://misswavenigeria.com"
165.231.182.111 - - [21/Dec/2024:23:18:35 -0500] "GET / HTTP/1.0" 200 109055 "https://misswavenigeria.com/" "Mozilla/5.0 (Windows NT 6.3; Win64; x64) AppleWebKit/537.36 (KHTML, like Gecko) Chrome/103.0.5060.53 Safari/537.36"
66.29.132.124 - - [21/Dec/2024:23:18:37 -0500] "POST /wp-admin/admin-ajax.php?action=async_litespeed&nonce=2oPswK8VdE52c4BgpRfQ4OSJd9ghGBAU&litespeed_type=imgoptm HTTP/1.1" 200 21 "-" "WordPress/6.7.1; https://misswavenigeria.com"
165.231.182.111 - - [21/Dec/2024:23:18:39 -0500] "GET /register/ HTTP/1.0" 200 75922 "https://misswavenigeria.com/register/" "Mozilla/5.0 (Windows NT 6.3; Win64; x64) AppleWebKit/537.36 (KHTML, like Gecko) Chrome/103.0.5060.53 Safari/537.36"
165.231.182.111 - - [21/Dec/2024:23:18:41 -0500] "POST /register/ HTTP/1.0" 200 76048 "https://misswavenigeria.com/register/" "Mozilla/5.0 (Windows NT 6.3; Win64; x64) AppleWebKit/537.36 (KHTML, like Gecko) Chrome/103.0.5060.53 Safari/537.36"
66.29.132.124 - - [21/Dec/2024:23:19:54 -0500] "POST /wp-cron.php?doing_wp_cron=1734841194.7227079868316650390625 HTTP/1.1" 200 0 "-" "WordPress/6.7.1; https://misswavenigeria.com"
165.231.182.111 - - [21/Dec/2024:23:19:54 -0500] "GET /register/ HTTP/1.0" 200 75922 "https://misswavenigeria.com/" "Mozilla/5.0 (Windows NT 6.3; Win64; x64) AppleWebKit/537.36 (KHTML, like Gecko) Chrome/103.0.5060.53 Safari/537.36"
66.29.132.124 - - [21/Dec/2024:23:19:54 -0500] "POST /wp-admin/admin-ajax.php?action=async_litespeed&nonce=OiQ7QEjo2W1TkNllbYagX4R8HtZNNI4v&litespeed_type=imgoptm HTTP/1.1" 200 21 "-" "WordPress/6.7.1; https://misswavenigeria.com"
66.29.132.124 - - [21/Dec/2024:23:21:38 -0500] "POST /wp-cron.php?doing_wp_cron=1734841298.3236279487609863281250 HTTP/1.1" 200 0 "-" "WordPress/6.7.1; https://misswavenigeria.com"
165.231.182.111 - - [21/Dec/2024:23:21:36 -0500] "GET / HTTP/1.0" 200 109053 "https://misswavenigeria.com/" "Mozilla/5.0 (Windows NT 6.3; Win64; x64) AppleWebKit/537.36 (KHTML, like Gecko) Chrome/103.0.5060.66 Safari/537.36"
66.29.132.124 - - [21/Dec/2024:23:21:38 -0500] "POST /wp-admin/admin-ajax.php?action=async_litespeed&nonce=r7z3iE4oBG7JX1FNXa617xFC3rIullnq&litespeed_type=imgoptm HTTP/1.1" 200 21 "-" "WordPress/6.7.1; https://misswavenigeria.com"
165.231.182.111 - - [21/Dec/2024:23:21:40 -0500] "GET /register/ HTTP/1.0" 200 75922 "https://misswavenigeria.com/register/" "Mozilla/5.0 (Windows NT 6.3; Win64; x64) AppleWebKit/537.36 (KHTML, like Gecko) Chrome/103.0.5060.66 Safari/537.36"
165.231.182.111 - - [21/Dec/2024:23:21:42 -0500] "POST /register/ HTTP/1.0" 200 76048 "https://misswavenigeria.com/register/" "Mozilla/5.0 (Windows NT 6.3; Win64; x64) AppleWebKit/537.36 (KHTML, like Gecko) Chrome/103.0.5060.66 Safari/537.36"
66.29.132.124 - - [21/Dec/2024:23:22:55 -0500] "POST /wp-cron.php?doing_wp_cron=1734841375.8157579898834228515625 HTTP/1.1" 200 0 "-" "WordPress/6.7.1; https://misswavenigeria.com"
165.231.182.111 - - [21/Dec/2024:23:22:55 -0500] "GET /register/ HTTP/1.0" 200 75922 "https://misswavenigeria.com/" "Mozilla/5.0 (Windows NT 6.3; Win64; x64) AppleWebKit/537.36 (KHTML, like Gecko) Chrome/103.0.5060.66 Safari/537.36"
66.29.132.124 - - [21/Dec/2024:23:22:56 -0500] "POST /wp-admin/admin-ajax.php?action=async_litespeed&nonce=k3zRvlNoef44molHvcY06nzECl6Iw9Vs&litespeed_type=imgoptm HTTP/1.1" 200 21 "-" "WordPress/6.7.1; https://misswavenigeria.com"
66.29.132.124 - - [21/Dec/2024:23:24:35 -0500] "POST /wp-cron.php?doing_wp_cron=1734841475.3438639640808105468750 HTTP/1.1" 200 0 "-" "WordPress/6.7.1; https://misswavenigeria.com"
165.231.182.111 - - [21/Dec/2024:23:24:33 -0500] "GET / HTTP/1.0" 200 109055 "https://misswavenigeria.com/" "Mozilla/5.0 (Windows NT 6.1; Win64; x64) AppleWebKit/537.36 (KHTML, like Gecko) Chrome/103.0.5060.114 Safari/537.36"
66.29.132.124 - - [21/Dec/2024:23:24:35 -0500] "POST /wp-admin/admin-ajax.php?action=async_litespeed&nonce=rfZfFfT0ZZDC324LYXakH0MrnIXaGysv&litespeed_type=imgoptm HTTP/1.1" 200 21 "-" "WordPress/6.7.1; https://misswavenigeria.com"
165.231.182.111 - - [21/Dec/2024:23:24:37 -0500] "GET /register/ HTTP/1.0" 200 75922 "https://misswavenigeria.com/register/" "Mozilla/5.0 (Windows NT 6.1; Win64; x64) AppleWebKit/537.36 (KHTML, like Gecko) Chrome/103.0.5060.114 Safari/537.36"
165.231.182.111 - - [21/Dec/2024:23:24:39 -0500] "POST /register/ HTTP/1.0" 200 76048 "https://misswavenigeria.com/register/" "Mozilla/5.0 (Windows NT 6.1; Win64; x64) AppleWebKit/537.36 (KHTML, like Gecko) Chrome/103.0.5060.114 Safari/537.36"
66.29.132.124 - - [21/Dec/2024:23:25:54 -0500] "POST /wp-cron.php?doing_wp_cron=1734841554.5938179492950439453125 HTTP/1.1" 200 0 "-" "WordPress/6.7.1; https://misswavenigeria.com"
165.231.182.111 - - [21/Dec/2024:23:25:54 -0500] "GET /register/ HTTP/1.0" 200 75922 "https://misswavenigeria.com/" "Mozilla/5.0 (Windows NT 6.1; Win64; x64) AppleWebKit/537.36 (KHTML, like Gecko) Chrome/103.0.5060.114 Safari/537.36"
66.29.132.124 - - [21/Dec/2024:23:25:54 -0500] "POST /wp-admin/admin-ajax.php?action=async_litespeed&nonce=FmLjHpqODYMhOcmJPIrg7Gaubp4xBkyV&litespeed_type=imgoptm HTTP/1.1" 200 21 "-" "WordPress/6.7.1; https://misswavenigeria.com"
198.98.51.24 - - [21/Dec/2024:23:25:56 -0500] "GET /wp-login.php HTTP/1.1" 200 6933 "-" "Mozilla/5.0 (Macintosh; Intel Mac OS X 10.8; rv:30.0) Gecko/20100101 Firefox/30.0"
66.29.132.124 - - [21/Dec/2024:23:27:26 -0500] "POST /wp-cron.php?doing_wp_cron=1734841646.7318561077117919921875 HTTP/1.1" 200 0 "-" "WordPress/6.7.1; https://misswavenigeria.com"
66.249.79.106 - - [21/Dec/2024:23:27:25 -0500] "GET /goods/N494767?k=product HTTP/1.1" 301 0 "-" "Mozilla/5.0 (Linux; Android 6.0.1; Nexus 5X Build/MMB29P) AppleWebKit/537.36 (KHTML, like Gecko) Chrome/131.0.6778.139 Mobile Safari/537.36 (compatible; Googlebot/2.1; +http://www.google.com/bot.html)"
66.29.132.124 - - [21/Dec/2024:23:27:26 -0500] "POST /wp-admin/admin-ajax.php?action=async_litespeed&nonce=UvkFr3UpgJAbRrMYK8HX9M23T7f94AZF&litespeed_type=imgoptm HTTP/1.1" 200 21 "-" "WordPress/6.7.1; https://misswavenigeria.com"
66.249.79.130 - - [21/Dec/2024:23:27:27 -0500] "GET /goods/N494767?k=product HTTP/1.1" 404 15609 "-" "Mozilla/5.0 (Linux; Android 6.0.1; Nexus 5X Build/MMB29P) AppleWebKit/537.36 (KHTML, like Gecko) Chrome/131.0.6778.139 Mobile Safari/537.36 (compatible; Googlebot/2.1; +http://www.google.com/bot.html)"
66.29.132.124 - - [21/Dec/2024:23:27:42 -0500] "POST /wp-cron.php?doing_wp_cron=1734841662.3053009510040283203125 HTTP/1.1" 200 0 "-" "WordPress/6.7.1; https://misswavenigeria.com"
165.231.182.111 - - [21/Dec/2024:23:27:42 -0500] "GET / HTTP/1.0" 200 109055 "https://misswavenigeria.com/" "Mozilla/5.0 (Windows NT 6.3; Win64; x64) AppleWebKit/537.36 (KHTML, like Gecko) Chrome/103.0.0.0 Safari/537.36"
66.29.132.124 - - [21/Dec/2024:23:27:42 -0500] "POST /wp-admin/admin-ajax.php?action=async_litespeed&nonce=jOk0nAPguhq4RVBnaL8x16iUBkNL8BmP&litespeed_type=imgoptm HTTP/1.1" 200 21 "-" "WordPress/6.7.1; https://misswavenigeria.com"
165.231.182.111 - - [21/Dec/2024:23:27:44 -0500] "GET /register/ HTTP/1.0" 200 75922 "https://misswavenigeria.com/register/" "Mozilla/5.0 (Windows NT 6.3; Win64; x64) AppleWebKit/537.36 (KHTML, like Gecko) Chrome/103.0.0.0 Safari/537.36"
66.249.79.107 - - [21/Dec/2024:23:28:08 -0500] "GET /goods/B345749?k=product HTTP/1.1" 301 0 "-" "Mozilla/5.0 (Linux; Android 6.0.1; Nexus 5X Build/MMB29P) AppleWebKit/537.36 (KHTML, like Gecko) Chrome/131.0.6778.139 Mobile Safari/537.36 (compatible; Googlebot/2.1; +http://www.google.com/bot.html)"
66.249.79.131 - - [21/Dec/2024:23:28:09 -0500] "GET /goods/B345749?k=product HTTP/1.1" 404 15609 "-" "Mozilla/5.0 (Linux; Android 6.0.1; Nexus 5X Build/MMB29P) AppleWebKit/537.36 (KHTML, like Gecko) Chrome/131.0.6778.139 Mobile Safari/537.36 (compatible; Googlebot/2.1; +http://www.google.com/bot.html)"
66.249.79.106 - - [21/Dec/2024:23:28:22 -0500] "GET /goods/T253311?k=product HTTP/1.1" 301 0 "-" "Mozilla/5.0 (Linux; Android 6.0.1; Nexus 5X Build/MMB29P) AppleWebKit/537.36 (KHTML, like Gecko) Chrome/131.0.6778.139 Mobile Safari/537.36 (compatible; Googlebot/2.1; +http://www.google.com/bot.html)"
66.249.79.130 - - [21/Dec/2024:23:28:22 -0500] "GET /goods/T253311?k=product HTTP/1.1" 404 15608 "-" "Mozilla/5.0 (Linux; Android 6.0.1; Nexus 5X Build/MMB29P) AppleWebKit/537.36 (KHTML, like Gecko) Chrome/131.0.6778.139 Mobile Safari/537.36 (compatible; Googlebot/2.1; +http://www.google.com/bot.html)"
165.231.182.111 - - [21/Dec/2024:23:27:46 -0500] "POST /register/ HTTP/1.0" 200 76048 "https://misswavenigeria.com/register/" "Mozilla/5.0 (Windows NT 6.3; Win64; x64) AppleWebKit/537.36 (KHTML, like Gecko) Chrome/103.0.0.0 Safari/537.36"
66.29.132.124 - - [21/Dec/2024:23:29:00 -0500] "POST /wp-cron.php?doing_wp_cron=1734841740.9030559062957763671875 HTTP/1.1" 200 0 "-" "WordPress/6.7.1; https://misswavenigeria.com"
165.231.182.111 - - [21/Dec/2024:23:29:00 -0500] "GET /register/ HTTP/1.0" 200 75922 "https://misswavenigeria.com/" "Mozilla/5.0 (Windows NT 6.3; Win64; x64) AppleWebKit/537.36 (KHTML, like Gecko) Chrome/103.0.0.0 Safari/537.36"
66.29.132.124 - - [21/Dec/2024:23:29:01 -0500] "POST /wp-admin/admin-ajax.php?action=async_litespeed&nonce=nSmx7Cz4XyF3bvijFVS31fTuSXGbfvxh&litespeed_type=imgoptm HTTP/1.1" 200 21 "-" "WordPress/6.7.1; https://misswavenigeria.com"
66.29.132.124 - - [21/Dec/2024:23:29:55 -0500] "POST /wp-cron.php?doing_wp_cron=1734841795.9186120033264160156250 HTTP/1.1" 200 0 "-" "WordPress/6.7.1; https://misswavenigeria.com"
66.249.79.107 - - [21/Dec/2024:23:29:55 -0500] "GET /guide/0218 HTTP/1.1" 301 0 "-" "Mozilla/5.0 (Linux; Android 6.0.1; Nexus 5X Build/MMB29P) AppleWebKit/537.36 (KHTML, like Gecko) Chrome/131.0.6778.139 Mobile Safari/537.36 (compatible; Googlebot/2.1; +http://www.google.com/bot.html)"
66.29.132.124 - - [21/Dec/2024:23:29:56 -0500] "POST /wp-admin/admin-ajax.php?action=async_litespeed&nonce=o4WeetEbKU5hfDx2mZOMlHLkX5Bg8FRT&litespeed_type=imgoptm HTTP/1.1" 200 21 "-" "WordPress/6.7.1; https://misswavenigeria.com"
66.249.79.131 - - [21/Dec/2024:23:29:56 -0500] "GET /guide/0218 HTTP/1.1" 404 15608 "-" "Mozilla/5.0 (Linux; Android 6.0.1; Nexus 5X Build/MMB29P) AppleWebKit/537.36 (KHTML, like Gecko) Chrome/131.0.6778.139 Mobile Safari/537.36 (compatible; Googlebot/2.1; +http://www.google.com/bot.html)"
66.29.132.124 - - [21/Dec/2024:23:30:41 -0500] "POST /wp-cron.php?doing_wp_cron=1734841841.7049350738525390625000 HTTP/1.1" 200 0 "-" "WordPress/6.7.1; https://misswavenigeria.com"
165.231.182.111 - - [21/Dec/2024:23:30:41 -0500] "GET / HTTP/1.0" 200 109055 "https://misswavenigeria.com/" "Mozilla/5.0 (Windows NT 10.0; Win64; x64) AppleWebKit/537.36 (KHTML, like Gecko) Chrome/103.0.5060.66 Safari/537.36"
66.29.132.124 - - [21/Dec/2024:23:30:41 -0500] "POST /wp-admin/admin-ajax.php?action=async_litespeed&nonce=C1Ur3ADGJsOGkXvya4o9JHWBuJSWGUDZ&litespeed_type=imgoptm HTTP/1.1" 200 21 "-" "WordPress/6.7.1; https://misswavenigeria.com"
165.231.182.111 - - [21/Dec/2024:23:30:43 -0500] "GET /register/ HTTP/1.0" 200 75922 "https://misswavenigeria.com/register/" "Mozilla/5.0 (Windows NT 10.0; Win64; x64) AppleWebKit/537.36 (KHTML, like Gecko) Chrome/103.0.5060.66 Safari/537.36"
165.231.182.111 - - [21/Dec/2024:23:30:45 -0500] "POST /register/ HTTP/1.0" 200 76048 "https://misswavenigeria.com/register/" "Mozilla/5.0 (Windows NT 10.0; Win64; x64) AppleWebKit/537.36 (KHTML, like Gecko) Chrome/103.0.5060.66 Safari/537.36"
66.29.132.124 - - [21/Dec/2024:23:31:42 -0500] "POST /wp-cron.php?doing_wp_cron=1734841902.6303639411926269531250 HTTP/1.1" 200 0 "-" "WordPress/6.7.1; https://misswavenigeria.com"
165.231.182.111 - - [21/Dec/2024:23:31:42 -0500] "GET /register/ HTTP/1.0" 200 75922 "https://misswavenigeria.com/" "Mozilla/5.0 (Windows NT 10.0; Win64; x64) AppleWebKit/537.36 (KHTML, like Gecko) Chrome/103.0.5060.66 Safari/537.36"
66.29.132.124 - - [21/Dec/2024:23:31:42 -0500] "POST /wp-admin/admin-ajax.php?action=async_litespeed&nonce=vZNhvIM7vPGBjvMlBJUs6rnw2hGAX8qb&litespeed_type=imgoptm HTTP/1.1" 200 21 "-" "WordPress/6.7.1; https://misswavenigeria.com"
66.29.132.124 - - [21/Dec/2024:23:33:45 -0500] "POST /wp-cron.php?doing_wp_cron=1734842024.9887359142303466796875 HTTP/1.1" 200 0 "-" "WordPress/6.7.1; https://misswavenigeria.com"
165.231.182.111 - - [21/Dec/2024:23:33:43 -0500] "GET / HTTP/1.0" 200 109055 "https://misswavenigeria.com/" "Mozilla/5.0 (Windows NT 6.3; Win64; x64) AppleWebKit/537.36 (KHTML, like Gecko) Chrome/103.0.5060.53 Safari/537.36"
66.29.132.124 - - [21/Dec/2024:23:33:45 -0500] "POST /wp-admin/admin-ajax.php?action=async_litespeed&nonce=kFfpDWrL0AaqofM4opFaQ9k26cYJ5knG&litespeed_type=imgoptm HTTP/1.1" 200 21 "-" "WordPress/6.7.1; https://misswavenigeria.com"
165.231.182.111 - - [21/Dec/2024:23:33:47 -0500] "GET /register/ HTTP/1.0" 200 75922 "https://misswavenigeria.com/register/" "Mozilla/5.0 (Windows NT 6.3; Win64; x64) AppleWebKit/537.36 (KHTML, like Gecko) Chrome/103.0.5060.53 Safari/537.36"
165.231.182.111 - - [21/Dec/2024:23:33:48 -0500] "POST /register/ HTTP/1.0" 200 76048 "https://misswavenigeria.com/register/" "Mozilla/5.0 (Windows NT 6.3; Win64; x64) AppleWebKit/537.36 (KHTML, like Gecko) Chrome/103.0.5060.53 Safari/537.36"
66.29.132.124 - - [21/Dec/2024:23:34:51 -0500] "POST /wp-cron.php?doing_wp_cron=1734842091.3458509445190429687500 HTTP/1.1" 200 0 "-" "WordPress/6.7.1; https://misswavenigeria.com"
165.231.182.111 - - [21/Dec/2024:23:34:51 -0500] "GET /register/ HTTP/1.0" 200 75922 "https://misswavenigeria.com/" "Mozilla/5.0 (Windows NT 6.3; Win64; x64) AppleWebKit/537.36 (KHTML, like Gecko) Chrome/103.0.5060.53 Safari/537.36"
66.29.132.124 - - [21/Dec/2024:23:34:51 -0500] "POST /wp-admin/admin-ajax.php?action=async_litespeed&nonce=OIQtRBIdoRNGseyEgnrAuHx0ADrFxiPX&litespeed_type=imgoptm HTTP/1.1" 200 21 "-" "WordPress/6.7.1; https://misswavenigeria.com"
66.29.132.124 - - [21/Dec/2024:23:36:44 -0500] "POST /wp-cron.php?doing_wp_cron=1734842203.9881711006164550781250 HTTP/1.1" 200 0 "-" "WordPress/6.7.1; https://misswavenigeria.com"
165.231.182.111 - - [21/Dec/2024:23:36:42 -0500] "GET / HTTP/1.0" 200 109051 "https://misswavenigeria.com/" "Mozilla/5.0 (Windows NT 6.1; WOW64) AppleWebKit/537.36 (KHTML, like Gecko) Chrome/103.0.0.0 Safari/537.36"
66.29.132.124 - - [21/Dec/2024:23:36:44 -0500] "POST /wp-admin/admin-ajax.php?action=async_litespeed&nonce=tHIqXLfuGTbcV1PZC5Ws0AEISaADsqRE&litespeed_type=imgoptm HTTP/1.1" 200 21 "-" "WordPress/6.7.1; https://misswavenigeria.com"
165.231.182.111 - - [21/Dec/2024:23:36:46 -0500] "GET /register/ HTTP/1.0" 200 75922 "https://misswavenigeria.com/register/" "Mozilla/5.0 (Windows NT 6.1; WOW64) AppleWebKit/537.36 (KHTML, like Gecko) Chrome/103.0.0.0 Safari/537.36"
165.231.182.111 - - [21/Dec/2024:23:36:47 -0500] "POST /register/ HTTP/1.0" 200 76048 "https://misswavenigeria.com/register/" "Mozilla/5.0 (Windows NT 6.1; WOW64) AppleWebKit/537.36 (KHTML, like Gecko) Chrome/103.0.0.0 Safari/537.36"
66.29.132.124 - - [21/Dec/2024:23:37:46 -0500] "POST /wp-cron.php?doing_wp_cron=1734842266.4153060913085937500000 HTTP/1.1" 200 0 "-" "WordPress/6.7.1; https://misswavenigeria.com"
165.231.182.111 - - [21/Dec/2024:23:37:46 -0500] "GET /register/ HTTP/1.0" 200 75922 "https://misswavenigeria.com/" "Mozilla/5.0 (Windows NT 6.1; WOW64) AppleWebKit/537.36 (KHTML, like Gecko) Chrome/103.0.0.0 Safari/537.36"
66.29.132.124 - - [21/Dec/2024:23:37:46 -0500] "POST /wp-admin/admin-ajax.php?action=async_litespeed&nonce=gJSWiQvIu3KAk7WCwtnUUseBSSS6WEG4&litespeed_type=imgoptm HTTP/1.1" 200 21 "-" "WordPress/6.7.1; https://misswavenigeria.com"
66.29.132.124 - - [21/Dec/2024:23:39:36 -0500] "POST /wp-cron.php?doing_wp_cron=1734842376.8268630504608154296875 HTTP/1.1" 200 0 "-" "WordPress/6.7.1; https://misswavenigeria.com"
165.231.182.111 - - [21/Dec/2024:23:39:35 -0500] "GET / HTTP/1.0" 200 109055 "https://misswavenigeria.com/" "Mozilla/5.0 (Windows NT 6.1; Win64; x64) AppleWebKit/537.36 (KHTML, like Gecko) Chrome/103.0.5060.114 Safari/537.36"
66.29.132.124 - - [21/Dec/2024:23:39:37 -0500] "POST /wp-admin/admin-ajax.php?action=async_litespeed&nonce=oSMnjwN8GlmmZXJm66IEujUePWzoFzmf&litespeed_type=imgoptm HTTP/1.1" 200 21 "-" "WordPress/6.7.1; https://misswavenigeria.com"
165.231.182.111 - - [21/Dec/2024:23:39:39 -0500] "GET /register/ HTTP/1.0" 200 75922 "https://misswavenigeria.com/register/" "Mozilla/5.0 (Windows NT 6.1; Win64; x64) AppleWebKit/537.36 (KHTML, like Gecko) Chrome/103.0.5060.114 Safari/537.36"
165.231.182.111 - - [21/Dec/2024:23:39:40 -0500] "POST /register/ HTTP/1.0" 200 76048 "https://misswavenigeria.com/register/" "Mozilla/5.0 (Windows NT 6.1; Win64; x64) AppleWebKit/537.36 (KHTML, like Gecko) Chrome/103.0.5060.114 Safari/537.36"
66.29.132.124 - - [21/Dec/2024:23:40:40 -0500] "POST /wp-cron.php?doing_wp_cron=1734842440.9252450466156005859375 HTTP/1.1" 200 0 "-" "WordPress/6.7.1; https://misswavenigeria.com"
165.231.182.111 - - [21/Dec/2024:23:40:40 -0500] "GET /register/ HTTP/1.0" 200 75922 "https://misswavenigeria.com/" "Mozilla/5.0 (Windows NT 6.1; Win64; x64) AppleWebKit/537.36 (KHTML, like Gecko) Chrome/103.0.5060.114 Safari/537.36"
66.29.132.124 - - [21/Dec/2024:23:40:41 -0500] "POST /wp-admin/admin-ajax.php?action=async_litespeed&nonce=tpZMhPfwOQVuYupxH6DRTbU5pdddiPb9&litespeed_type=imgoptm HTTP/1.1" 200 21 "-" "WordPress/6.7.1; https://misswavenigeria.com"
66.29.132.124 - - [21/Dec/2024:23:42:30 -0500] "POST /wp-cron.php?doing_wp_cron=1734842550.9079558849334716796875 HTTP/1.1" 200 0 "-" "WordPress/6.7.1; https://misswavenigeria.com"
165.231.182.111 - - [21/Dec/2024:23:42:29 -0500] "GET / HTTP/1.0" 200 109053 "https://misswavenigeria.com/" "Mozilla/5.0 (Windows NT 10.0; Win64; x64) AppleWebKit/537.36 (KHTML, like Gecko) Chrome/103.0.5060.134 Safari/537.36"
66.29.132.124 - - [21/Dec/2024:23:42:31 -0500] "POST /wp-admin/admin-ajax.php?action=async_litespeed&nonce=T3FGsnfQiZBS0JNC4VQfPbC1nzGUqj1O&litespeed_type=imgoptm HTTP/1.1" 200 21 "-" "WordPress/6.7.1; https://misswavenigeria.com"
165.231.182.111 - - [21/Dec/2024:23:42:33 -0500] "GET /register/ HTTP/1.0" 200 75922 "https://misswavenigeria.com/register/" "Mozilla/5.0 (Windows NT 10.0; Win64; x64) AppleWebKit/537.36 (KHTML, like Gecko) Chrome/103.0.5060.134 Safari/537.36"
66.29.132.124 - - [21/Dec/2024:23:42:34 -0500] "POST /wp-cron.php?doing_wp_cron=1734842554.9408259391784667968750 HTTP/1.1" 200 0 "-" "WordPress/6.7.1; https://misswavenigeria.com"
66.29.132.124 - - [21/Dec/2024:23:42:35 -0500] "POST /wp-admin/admin-ajax.php?action=async_litespeed&nonce=Ij0A8IrxjRmGIzA3pDukvLs5uaSYalj1&litespeed_type=imgoptm HTTP/1.1" 200 21 "-" "WordPress/6.7.1; https://misswavenigeria.com"
165.231.182.111 - - [21/Dec/2024:23:42:34 -0500] "POST /register/ HTTP/1.0" 200 76048 "https://misswavenigeria.com/register/" "Mozilla/5.0 (Windows NT 10.0; Win64; x64) AppleWebKit/537.36 (KHTML, like Gecko) Chrome/103.0.5060.134 Safari/537.36"
66.29.132.124 - - [21/Dec/2024:23:43:28 -0500] "POST /wp-cron.php?doing_wp_cron=1734842608.1088581085205078125000 HTTP/1.1" 200 0 "-" "WordPress/6.7.1; https://misswavenigeria.com"
165.231.182.111 - - [21/Dec/2024:23:43:27 -0500] "GET /register/ HTTP/1.0" 200 75922 "https://misswavenigeria.com/" "Mozilla/5.0 (Windows NT 10.0; Win64; x64) AppleWebKit/537.36 (KHTML, like Gecko) Chrome/103.0.5060.134 Safari/537.36"
66.29.132.124 - - [21/Dec/2024:23:45:31 -0500] "POST /wp-cron.php?doing_wp_cron=1734842731.4220960140228271484375 HTTP/1.1" 200 0 "-" "WordPress/6.7.1; https://misswavenigeria.com"
165.231.182.111 - - [21/Dec/2024:23:45:29 -0500] "GET / HTTP/1.0" 200 109053 "https://misswavenigeria.com/" "Mozilla/5.0 (Windows NT 6.1; Win64; x64) AppleWebKit/537.36 (KHTML, like Gecko) Chrome/103.0.0.0 Safari/537.36"
