165.231.182.111 - - [21/Dec/2024:19:57:20 -0500] "POST /register/ HTTP/1.0" 200 76048 "https://misswavenigeria.com/register/" "Mozilla/5.0 (Windows NT 10.0) AppleWebKit/537.36 (KHTML, like Gecko) Chrome/103.0.0.0 Safari/537.36"
66.29.132.124 - - [21/Dec/2024:19:58:09 -0500] "POST /wp-cron.php?doing_wp_cron=1734829089.1758520603179931640625 HTTP/1.1" 200 0 "-" "WordPress/6.7.1; https://misswavenigeria.com"
165.231.182.111 - - [21/Dec/2024:19:58:09 -0500] "GET /register/ HTTP/1.0" 200 75922 "https://misswavenigeria.com/" "Mozilla/5.0 (Windows NT 10.0) AppleWebKit/537.36 (KHTML, like Gecko) Chrome/103.0.0.0 Safari/537.36"
66.29.132.124 - - [21/Dec/2024:19:58:09 -0500] "POST /wp-admin/admin-ajax.php?action=async_litespeed&nonce=vL1TrrK80pustEOuxQKv5ub5wWEw4rjZ&litespeed_type=imgoptm HTTP/1.1" 200 21 "-" "WordPress/6.7.1; https://misswavenigeria.com"
47.128.97.27 - - [21/Dec/2024:19:59:11 -0500] "GET /wp-includes/block-editor.php HTTP/1.1" 200 0 "-" "Mozilla/5.0 (Linux; Android 5.0) AppleWebKit/537.36 (KHTML, like Gecko) Mobile Safari/537.36 (compatible; Bytespider; spider-feedback@bytedance.com)"
66.29.132.124 - - [21/Dec/2024:20:00:15 -0500] "POST /wp-cron.php?doing_wp_cron=1734829215.7088179588317871093750 HTTP/1.1" 200 0 "-" "WordPress/6.7.1; https://misswavenigeria.com"
165.231.182.111 - - [21/Dec/2024:20:00:15 -0500] "GET / HTTP/1.0" 200 109055 "https://misswavenigeria.com/" "Mozilla/5.0 (Windows NT 10.0; Win64; x64) AppleWebKit/537.36 (KHTML, like Gecko) Chrome/103.0.5060.66 Safari/537.36"
66.29.132.124 - - [21/Dec/2024:20:00:15 -0500] "POST /wp-admin/admin-ajax.php?action=async_litespeed&nonce=dM4ZVDVG6BjvnQLZpE9jBTl3KrSjEmFa&litespeed_type=imgoptm HTTP/1.1" 200 21 "-" "WordPress/6.7.1; https://misswavenigeria.com"
165.231.182.111 - - [21/Dec/2024:20:00:17 -0500] "GET /register/ HTTP/1.0" 200 75922 "https://misswavenigeria.com/register/" "Mozilla/5.0 (Windows NT 10.0; Win64; x64) AppleWebKit/537.36 (KHTML, like Gecko) Chrome/103.0.5060.66 Safari/537.36"
165.231.182.111 - - [21/Dec/2024:20:00:19 -0500] "POST /register/ HTTP/1.0" 200 76048 "https://misswavenigeria.com/register/" "Mozilla/5.0 (Windows NT 10.0; Win64; x64) AppleWebKit/537.36 (KHTML, like Gecko) Chrome/103.0.5060.66 Safari/537.36"
66.29.132.124 - - [21/Dec/2024:20:01:22 -0500] "POST /wp-cron.php?doing_wp_cron=1734829282.8321859836578369140625 HTTP/1.1" 200 0 "-" "WordPress/6.7.1; https://misswavenigeria.com"
165.231.182.111 - - [21/Dec/2024:20:01:22 -0500] "GET /register/ HTTP/1.0" 200 75922 "https://misswavenigeria.com/" "Mozilla/5.0 (Windows NT 10.0; Win64; x64) AppleWebKit/537.36 (KHTML, like Gecko) Chrome/103.0.5060.66 Safari/537.36"
66.29.132.124 - - [21/Dec/2024:20:01:23 -0500] "POST /wp-admin/admin-ajax.php?action=async_litespeed&nonce=hdRTSsKEUaNtbzziXGeAFnVk0yWLHQGU&litespeed_type=imgoptm HTTP/1.1" 200 21 "-" "WordPress/6.7.1; https://misswavenigeria.com"
47.128.24.78 - - [21/Dec/2024:20:03:11 -0500] "GET /wp-includes/embed-template.php HTTP/1.1" 500 0 "-" "Mozilla/5.0 (Linux; Android 5.0) AppleWebKit/537.36 (KHTML, like Gecko) Mobile Safari/537.36 (compatible; Bytespider; spider-feedback@bytedance.com)"
66.29.132.124 - - [21/Dec/2024:20:03:21 -0500] "POST /wp-cron.php?doing_wp_cron=1734829401.2509429454803466796875 HTTP/1.1" 200 0 "-" "WordPress/6.7.1; https://misswavenigeria.com"
165.231.182.111 - - [21/Dec/2024:20:03:20 -0500] "GET / HTTP/1.0" 200 109053 "https://misswavenigeria.com/" "Mozilla/5.0 (Windows NT 6.3; WOW64) AppleWebKit/537.36 (KHTML, like Gecko) Chrome/103.0.5060.114 Safari/537.36"
66.29.132.124 - - [21/Dec/2024:20:03:21 -0500] "POST /wp-admin/admin-ajax.php?action=async_litespeed&nonce=Eqskjx8kqOD3CWu6L42aAEzS98HY4Ehw&litespeed_type=imgoptm HTTP/1.1" 200 21 "-" "WordPress/6.7.1; https://misswavenigeria.com"
165.231.182.111 - - [21/Dec/2024:20:03:23 -0500] "GET /register/ HTTP/1.0" 200 75922 "https://misswavenigeria.com/register/" "Mozilla/5.0 (Windows NT 6.3; WOW64) AppleWebKit/537.36 (KHTML, like Gecko) Chrome/103.0.5060.114 Safari/537.36"
66.29.132.124 - - [21/Dec/2024:20:03:25 -0500] "POST /wp-cron.php?doing_wp_cron=1734829405.2582399845123291015625 HTTP/1.1" 200 0 "-" "WordPress/6.7.1; https://misswavenigeria.com"
165.231.182.111 - - [21/Dec/2024:20:03:25 -0500] "POST /register/ HTTP/1.0" 200 76048 "https://misswavenigeria.com/register/" "Mozilla/5.0 (Windows NT 6.3; WOW64) AppleWebKit/537.36 (KHTML, like Gecko) Chrome/103.0.5060.114 Safari/537.36"
66.29.132.124 - - [21/Dec/2024:20:04:21 -0500] "POST /wp-cron.php?doing_wp_cron=1734829461.4681510925292968750000 HTTP/1.1" 200 0 "-" "WordPress/6.7.1; https://misswavenigeria.com"
165.231.182.111 - - [21/Dec/2024:20:04:21 -0500] "GET /register/ HTTP/1.0" 200 75922 "https://misswavenigeria.com/" "Mozilla/5.0 (Windows NT 6.3; WOW64) AppleWebKit/537.36 (KHTML, like Gecko) Chrome/103.0.5060.114 Safari/537.36"
66.29.132.124 - - [21/Dec/2024:20:04:21 -0500] "POST /wp-admin/admin-ajax.php?action=async_litespeed&nonce=qZx3kxKGVxMaaCo3kjckSexI2d6K09xu&litespeed_type=imgoptm HTTP/1.1" 200 21 "-" "WordPress/6.7.1; https://misswavenigeria.com"
66.29.132.124 - - [21/Dec/2024:20:06:27 -0500] "POST /wp-cron.php?doing_wp_cron=1734829587.0165910720825195312500 HTTP/1.1" 200 0 "-" "WordPress/6.7.1; https://misswavenigeria.com"
165.231.182.111 - - [21/Dec/2024:20:06:25 -0500] "GET / HTTP/1.0" 200 109055 "https://misswavenigeria.com/" "Mozilla/5.0 (Windows NT 10.0; WOW64) AppleWebKit/537.36 (KHTML, like Gecko) Chrome/103.0.5060.114 Safari/537.36"
66.29.132.124 - - [21/Dec/2024:20:06:27 -0500] "POST /wp-admin/admin-ajax.php?action=async_litespeed&nonce=mJ5vP1mGsUZIJ2BU5FUisBo9SQmBznmh&litespeed_type=imgoptm HTTP/1.1" 200 21 "-" "WordPress/6.7.1; https://misswavenigeria.com"
165.231.182.111 - - [21/Dec/2024:20:06:29 -0500] "GET /register/ HTTP/1.0" 200 75922 "https://misswavenigeria.com/register/" "Mozilla/5.0 (Windows NT 10.0; WOW64) AppleWebKit/537.36 (KHTML, like Gecko) Chrome/103.0.5060.114 Safari/537.36"
47.128.120.62 - - [21/Dec/2024:20:07:11 -0500] "GET /wp-includes/session.php HTTP/1.1" 500 0 "-" "Mozilla/5.0 (Linux; Android 5.0) AppleWebKit/537.36 (KHTML, like Gecko) Mobile Safari/537.36 (compatible; Bytespider; spider-feedback@bytedance.com)"
165.231.182.111 - - [21/Dec/2024:20:06:31 -0500] "POST /register/ HTTP/1.0" 200 76048 "https://misswavenigeria.com/register/" "Mozilla/5.0 (Windows NT 10.0; WOW64) AppleWebKit/537.36 (KHTML, like Gecko) Chrome/103.0.5060.114 Safari/537.36"
66.29.132.124 - - [21/Dec/2024:20:07:25 -0500] "POST /wp-cron.php?doing_wp_cron=1734829645.8519499301910400390625 HTTP/1.1" 200 0 "-" "WordPress/6.7.1; https://misswavenigeria.com"
165.231.182.111 - - [21/Dec/2024:20:07:25 -0500] "GET /register/ HTTP/1.0" 200 75922 "https://misswavenigeria.com/" "Mozilla/5.0 (Windows NT 10.0; WOW64) AppleWebKit/537.36 (KHTML, like Gecko) Chrome/103.0.5060.114 Safari/537.36"
66.29.132.124 - - [21/Dec/2024:20:07:26 -0500] "POST /wp-admin/admin-ajax.php?action=async_litespeed&nonce=u1jKkw1paPtuSXOptydwD9wmj7WstJ7K&litespeed_type=imgoptm HTTP/1.1" 200 21 "-" "WordPress/6.7.1; https://misswavenigeria.com"
66.29.132.124 - - [21/Dec/2024:20:07:56 -0500] "POST /wp-cron.php?doing_wp_cron=1734829676.5882859230041503906250 HTTP/1.1" 200 0 "-" "WordPress/6.7.1; https://misswavenigeria.com"
66.249.79.107 - - [21/Dec/2024:20:07:56 -0500] "GET /goods/E513712?k=product HTTP/1.1" 301 0 "-" "Mozilla/5.0 (Linux; Android 6.0.1; Nexus 5X Build/MMB29P) AppleWebKit/537.36 (KHTML, like Gecko) Chrome/131.0.6778.139 Mobile Safari/537.36 (compatible; Googlebot/2.1; +http://www.google.com/bot.html)"
66.29.132.124 - - [21/Dec/2024:20:07:56 -0500] "POST /wp-admin/admin-ajax.php?action=async_litespeed&nonce=mnOTQa3BKJ8nrJkPWZRJiAk26RKRIkmX&litespeed_type=imgoptm HTTP/1.1" 200 21 "-" "WordPress/6.7.1; https://misswavenigeria.com"
66.249.79.132 - - [21/Dec/2024:20:07:56 -0500] "GET /goods/E513712?k=product HTTP/1.1" 404 15609 "-" "Mozilla/5.0 (Linux; Android 6.0.1; Nexus 5X Build/MMB29P) AppleWebKit/537.36 (KHTML, like Gecko) Chrome/131.0.6778.139 Mobile Safari/537.36 (compatible; Googlebot/2.1; +http://www.google.com/bot.html)"
66.29.132.124 - - [21/Dec/2024:20:09:22 -0500] "POST /wp-cron.php?doing_wp_cron=1734829762.7080650329589843750000 HTTP/1.1" 200 0 "-" "WordPress/6.7.1; https://misswavenigeria.com"
165.231.182.111 - - [21/Dec/2024:20:09:21 -0500] "GET / HTTP/1.0" 200 109055 "https://misswavenigeria.com/" "Mozilla/5.0 (Windows NT 10.0; Win64; x64) AppleWebKit/537.36 (KHTML, like Gecko) Chrome/103.0.0.0 Safari/537.36 Herring/95.1.8810.11"
66.29.132.124 - - [21/Dec/2024:20:09:22 -0500] "POST /wp-admin/admin-ajax.php?action=async_litespeed&nonce=Oazwzxc5gPqkBl0zjC3WwLjlsgXJXFeh&litespeed_type=imgoptm HTTP/1.1" 200 21 "-" "WordPress/6.7.1; https://misswavenigeria.com"
165.231.182.111 - - [21/Dec/2024:20:09:24 -0500] "GET /register/ HTTP/1.0" 200 75922 "https://misswavenigeria.com/register/" "Mozilla/5.0 (Windows NT 10.0; Win64; x64) AppleWebKit/537.36 (KHTML, like Gecko) Chrome/103.0.0.0 Safari/537.36 Herring/95.1.8810.11"
66.29.132.124 - - [21/Dec/2024:20:09:26 -0500] "POST /wp-cron.php?doing_wp_cron=1734829766.8428969383239746093750 HTTP/1.1" 200 0 "-" "WordPress/6.7.1; https://misswavenigeria.com"
165.231.182.111 - - [21/Dec/2024:20:09:26 -0500] "POST /register/ HTTP/1.0" 200 76048 "https://misswavenigeria.com/register/" "Mozilla/5.0 (Windows NT 10.0; Win64; x64) AppleWebKit/537.36 (KHTML, like Gecko) Chrome/103.0.0.0 Safari/537.36 Herring/95.1.8810.11"
66.29.132.124 - - [21/Dec/2024:20:10:29 -0500] "POST /wp-cron.php?doing_wp_cron=1734829829.4995529651641845703125 HTTP/1.1" 200 0 "-" "WordPress/6.7.1; https://misswavenigeria.com"
165.231.182.111 - - [21/Dec/2024:20:10:29 -0500] "GET /register/ HTTP/1.0" 200 75922 "https://misswavenigeria.com/" "Mozilla/5.0 (Windows NT 10.0; Win64; x64) AppleWebKit/537.36 (KHTML, like Gecko) Chrome/103.0.0.0 Safari/537.36 Herring/95.1.8810.11"
66.29.132.124 - - [21/Dec/2024:20:10:29 -0500] "POST /wp-admin/admin-ajax.php?action=async_litespeed&nonce=YIW4AC75whCchs4oq1fHornqzLaQJsTP&litespeed_type=imgoptm HTTP/1.1" 200 21 "-" "WordPress/6.7.1; https://misswavenigeria.com"
47.128.121.56 - - [21/Dec/2024:20:11:11 -0500] "GET /wp-includes/class-wp-classic-to-block-menu-converter.php HTTP/1.1" 200 0 "-" "Mozilla/5.0 (Linux; Android 5.0) AppleWebKit/537.36 (KHTML, like Gecko) Mobile Safari/537.36 (compatible; Bytespider; spider-feedback@bytedance.com)"
66.29.132.124 - - [21/Dec/2024:20:12:06 -0500] "POST /wp-cron.php?doing_wp_cron=1734829926.3057210445404052734375 HTTP/1.1" 200 0 "-" "WordPress/6.7.1; https://misswavenigeria.com"
57.129.20.102 - - [21/Dec/2024:20:12:06 -0500] "GET /wp-auto.php HTTP/1.1" 404 67231 "-" "Mozilla/5.0 (Windows NT 10.0; Win64; x64) AppleWebKit/537.36 (KHTML, like Gecko) Chrome/91.0.4472.124 Safari/537.36"
66.29.132.124 - - [21/Dec/2024:20:12:06 -0500] "POST /wp-admin/admin-ajax.php?action=async_litespeed&nonce=Qarjd4l6z1N2FNdOrt2iygR9FGXRqqKc&litespeed_type=imgoptm HTTP/1.1" 200 21 "-" "WordPress/6.7.1; https://misswavenigeria.com"
57.129.20.102 - - [21/Dec/2024:20:12:07 -0500] "GET /wp-admin/index.php HTTP/1.1" 302 0 "-" "Mozilla/5.0 (Windows NT 10.0; Win64; x64) AppleWebKit/537.36 (KHTML, like Gecko) Chrome/91.0.4472.124 Safari/537.36"
57.129.20.102 - - [21/Dec/2024:20:12:08 -0500] "GET /wp-admin/upgrade.php?_wp_http_referer=%2Fwp-admin%2Findex.php HTTP/1.1" 200 1504 "-" "Mozilla/5.0 (Windows NT 10.0; Win64; x64) AppleWebKit/537.36 (KHTML, like Gecko) Chrome/91.0.4472.124 Safari/537.36"
165.231.182.111 - - [21/Dec/2024:20:12:18 -0500] "GET / HTTP/1.0" 200 109053 "https://misswavenigeria.com/" "Mozilla/5.0 (Windows NT 6.3; Win64; x64) AppleWebKit/537.36 (KHTML, like Gecko) Chrome/103.0.5060.53 Safari/537.36"
165.231.182.111 - - [21/Dec/2024:20:12:21 -0500] "GET /register/ HTTP/1.0" 200 75922 "https://misswavenigeria.com/register/" "Mozilla/5.0 (Windows NT 6.3; Win64; x64) AppleWebKit/537.36 (KHTML, like Gecko) Chrome/103.0.5060.53 Safari/537.36"
165.231.182.111 - - [21/Dec/2024:20:12:22 -0500] "POST /register/ HTTP/1.0" 200 76048 "https://misswavenigeria.com/register/" "Mozilla/5.0 (Windows NT 6.3; Win64; x64) AppleWebKit/537.36 (KHTML, like Gecko) Chrome/103.0.5060.53 Safari/537.36"
66.29.132.124 - - [21/Dec/2024:20:13:27 -0500] "POST /wp-cron.php?doing_wp_cron=1734830007.9124419689178466796875 HTTP/1.1" 200 0 "-" "WordPress/6.7.1; https://misswavenigeria.com"
165.231.182.111 - - [21/Dec/2024:20:13:27 -0500] "GET /register/ HTTP/1.0" 200 75922 "https://misswavenigeria.com/" "Mozilla/5.0 (Windows NT 6.3; Win64; x64) AppleWebKit/537.36 (KHTML, like Gecko) Chrome/103.0.5060.53 Safari/537.36"
66.29.132.124 - - [21/Dec/2024:20:13:28 -0500] "POST /wp-admin/admin-ajax.php?action=async_litespeed&nonce=G42sgLqf12AD1kp5k3q715JOQ6Mj55xZ&litespeed_type=imgoptm HTTP/1.1" 200 21 "-" "WordPress/6.7.1; https://misswavenigeria.com"
66.29.132.124 - - [21/Dec/2024:20:15:18 -0500] "POST /wp-cron.php?doing_wp_cron=1734830118.8948490619659423828125 HTTP/1.1" 200 0 "-" "WordPress/6.7.1; https://misswavenigeria.com"
165.231.182.111 - - [21/Dec/2024:20:15:17 -0500] "GET / HTTP/1.0" 200 109053 "https://misswavenigeria.com/" "Mozilla/5.0 (Windows NT 6.1) AppleWebKit/537.36 (KHTML, like Gecko) Chrome/103.0.0.0 Safari/537.36"
66.29.132.124 - - [21/Dec/2024:20:15:19 -0500] "POST /wp-admin/admin-ajax.php?action=async_litespeed&nonce=GWab6mGiZgNfqQgtCMqbXGBWpbqLd1hR&litespeed_type=imgoptm HTTP/1.1" 200 21 "-" "WordPress/6.7.1; https://misswavenigeria.com"
165.231.182.111 - - [21/Dec/2024:20:15:21 -0500] "GET /register/ HTTP/1.0" 200 75922 "https://misswavenigeria.com/register/" "Mozilla/5.0 (Windows NT 6.1) AppleWebKit/537.36 (KHTML, like Gecko) Chrome/103.0.0.0 Safari/537.36"
165.231.182.111 - - [21/Dec/2024:20:15:22 -0500] "POST /register/ HTTP/1.0" 200 76048 "https://misswavenigeria.com/register/" "Mozilla/5.0 (Windows NT 6.1) AppleWebKit/537.36 (KHTML, like Gecko) Chrome/103.0.0.0 Safari/537.36"
66.29.132.124 - - [21/Dec/2024:20:16:23 -0500] "POST /wp-cron.php?doing_wp_cron=1734830183.8741819858551025390625 HTTP/1.1" 200 0 "-" "WordPress/6.7.1; https://misswavenigeria.com"
165.231.182.111 - - [21/Dec/2024:20:16:23 -0500] "GET /register/ HTTP/1.0" 200 75922 "https://misswavenigeria.com/" "Mozilla/5.0 (Windows NT 6.1) AppleWebKit/537.36 (KHTML, like Gecko) Chrome/103.0.0.0 Safari/537.36"
66.29.132.124 - - [21/Dec/2024:20:16:24 -0500] "POST /wp-admin/admin-ajax.php?action=async_litespeed&nonce=CiHEt35ksQtVROXcIwDFtAD96nioEJo7&litespeed_type=imgoptm HTTP/1.1" 200 21 "-" "WordPress/6.7.1; https://misswavenigeria.com"
66.29.132.124 - - [21/Dec/2024:20:18:14 -0500] "POST /wp-cron.php?doing_wp_cron=1734830294.8113670349121093750000 HTTP/1.1" 200 0 "-" "WordPress/6.7.1; https://misswavenigeria.com"
165.231.182.111 - - [21/Dec/2024:20:18:13 -0500] "GET / HTTP/1.0" 200 109055 "https://misswavenigeria.com/" "Mozilla/5.0 (Windows NT 6.3; Win64; x64) AppleWebKit/537.36 (KHTML, like Gecko) Chrome/103.0.5060.53 Safari/537.36"
66.29.132.124 - - [21/Dec/2024:20:18:14 -0500] "POST /wp-admin/admin-ajax.php?action=async_litespeed&nonce=yDSVGlaztvYEpdZxOxWat7uNy5BsB0VB&litespeed_type=imgoptm HTTP/1.1" 200 21 "-" "WordPress/6.7.1; https://misswavenigeria.com"
165.231.182.111 - - [21/Dec/2024:20:18:17 -0500] "GET /register/ HTTP/1.0" 200 75922 "https://misswavenigeria.com/register/" "Mozilla/5.0 (Windows NT 6.3; Win64; x64) AppleWebKit/537.36 (KHTML, like Gecko) Chrome/103.0.5060.53 Safari/537.36"
66.29.132.124 - - [21/Dec/2024:20:19:06 -0500] "POST /wp-cron.php?doing_wp_cron=1734830346.2964150905609130859375 HTTP/1.1" 200 0 "-" "WordPress/6.7.1; https://misswavenigeria.com"
66.249.79.107 - - [21/Dec/2024:20:19:06 -0500] "GET /goods/D911147?k=product HTTP/1.1" 301 0 "-" "Mozilla/5.0 (Linux; Android 6.0.1; Nexus 5X Build/MMB29P) AppleWebKit/537.36 (KHTML, like Gecko) Chrome/131.0.6778.139 Mobile Safari/537.36 (compatible; Googlebot/2.1; +http://www.google.com/bot.html)"
66.29.132.124 - - [21/Dec/2024:20:19:06 -0500] "POST /wp-admin/admin-ajax.php?action=async_litespeed&nonce=w5UuHGfKyogQCA6Cyql2JRKzL71EImPZ&litespeed_type=imgoptm HTTP/1.1" 200 21 "-" "WordPress/6.7.1; https://misswavenigeria.com"
66.249.79.132 - - [21/Dec/2024:20:19:06 -0500] "GET /goods/D911147?k=product HTTP/1.1" 404 15607 "-" "Mozilla/5.0 (Linux; Android 6.0.1; Nexus 5X Build/MMB29P) AppleWebKit/537.36 (KHTML, like Gecko) Chrome/131.0.6778.139 Mobile Safari/537.36 (compatible; Googlebot/2.1; +http://www.google.com/bot.html)"
165.231.182.111 - - [21/Dec/2024:20:18:19 -0500] "POST /register/ HTTP/1.0" 200 76048 "https://misswavenigeria.com/register/" "Mozilla/5.0 (Windows NT 6.3; Win64; x64) AppleWebKit/537.36 (KHTML, like Gecko) Chrome/103.0.5060.53 Safari/537.36"
165.231.182.111 - - [21/Dec/2024:20:19:14 -0500] "GET /register/ HTTP/1.0" 200 75922 "https://misswavenigeria.com/" "Mozilla/5.0 (Windows NT 6.3; Win64; x64) AppleWebKit/537.36 (KHTML, like Gecko) Chrome/103.0.5060.53 Safari/537.36"
66.29.132.124 - - [21/Dec/2024:20:21:10 -0500] "POST /wp-cron.php?doing_wp_cron=1734830470.6489560604095458984375 HTTP/1.1" 200 0 "-" "WordPress/6.7.1; https://misswavenigeria.com"
165.231.182.111 - - [21/Dec/2024:20:21:09 -0500] "GET / HTTP/1.0" 200 109053 "https://misswavenigeria.com/" "Mozilla/5.0 (Windows NT 6.3; Win64; x64) AppleWebKit/537.36 (KHTML, like Gecko) Chrome/103.0.5060.53 Safari/537.36"
66.29.132.124 - - [21/Dec/2024:20:21:10 -0500] "POST /wp-admin/admin-ajax.php?action=async_litespeed&nonce=hoqFs2qS5o399bL3dzMxjTSISIN9JqS7&litespeed_type=imgoptm HTTP/1.1" 200 21 "-" "WordPress/6.7.1; https://misswavenigeria.com"
165.231.182.111 - - [21/Dec/2024:20:21:12 -0500] "GET /register/ HTTP/1.0" 200 75922 "https://misswavenigeria.com/register/" "Mozilla/5.0 (Windows NT 6.3; Win64; x64) AppleWebKit/537.36 (KHTML, like Gecko) Chrome/103.0.5060.53 Safari/537.36"
66.29.132.124 - - [21/Dec/2024:20:21:38 -0500] "POST /wp-cron.php?doing_wp_cron=1734830498.3027620315551757812500 HTTP/1.1" 200 0 "-" "WordPress/6.7.1; https://misswavenigeria.com"
66.249.79.132 - - [21/Dec/2024:20:21:38 -0500] "GET /goods/551509.html HTTP/1.1" 404 15608 "-" "Mozilla/5.0 (Linux; Android 6.0.1; Nexus 5X Build/MMB29P) AppleWebKit/537.36 (KHTML, like Gecko) Chrome/131.0.6778.139 Mobile Safari/537.36 (compatible; Googlebot/2.1; +http://www.google.com/bot.html)"
66.29.132.124 - - [21/Dec/2024:20:21:38 -0500] "POST /wp-admin/admin-ajax.php?action=async_litespeed&nonce=IutFja2lcTEWNJkmPvGz74mgoHOxdpFK&litespeed_type=imgoptm HTTP/1.1" 200 21 "-" "WordPress/6.7.1; https://misswavenigeria.com"
165.231.182.111 - - [21/Dec/2024:20:21:14 -0500] "POST /register/ HTTP/1.0" 200 76048 "https://misswavenigeria.com/register/" "Mozilla/5.0 (Windows NT 6.3; Win64; x64) AppleWebKit/537.36 (KHTML, like Gecko) Chrome/103.0.5060.53 Safari/537.36"
165.231.182.111 - - [21/Dec/2024:20:22:23 -0500] "GET /register/ HTTP/1.0" 200 75922 "https://misswavenigeria.com/" "Mozilla/5.0 (Windows NT 6.3; Win64; x64) AppleWebKit/537.36 (KHTML, like Gecko) Chrome/103.0.5060.53 Safari/537.36"
66.29.132.124 - - [21/Dec/2024:20:24:05 -0500] "POST /wp-cron.php?doing_wp_cron=1734830645.4378418922424316406250 HTTP/1.1" 200 0 "-" "WordPress/6.7.1; https://misswavenigeria.com"
165.231.182.111 - - [21/Dec/2024:20:24:04 -0500] "GET / HTTP/1.0" 200 109055 "https://misswavenigeria.com/" "Mozilla/5.0 (Windows NT 10.0; Win64; x64) AppleWebKit/537.36 (KHTML, like Gecko) Chrome/103.0.5060.66 Safari/537.36"
66.29.132.124 - - [21/Dec/2024:20:24:05 -0500] "POST /wp-admin/admin-ajax.php?action=async_litespeed&nonce=aeKIWlbCzf48haFZoQ9hDLZiTjyqowlI&litespeed_type=imgoptm HTTP/1.1" 200 21 "-" "WordPress/6.7.1; https://misswavenigeria.com"
165.231.182.111 - - [21/Dec/2024:20:24:07 -0500] "GET /register/ HTTP/1.0" 200 75922 "https://misswavenigeria.com/register/" "Mozilla/5.0 (Windows NT 10.0; Win64; x64) AppleWebKit/537.36 (KHTML, like Gecko) Chrome/103.0.5060.66 Safari/537.36"
165.231.182.111 - - [21/Dec/2024:20:24:09 -0500] "POST /register/ HTTP/1.0" 200 76048 "https://misswavenigeria.com/register/" "Mozilla/5.0 (Windows NT 10.0; Win64; x64) AppleWebKit/537.36 (KHTML, like Gecko) Chrome/103.0.5060.66 Safari/537.36"
66.29.132.124 - - [21/Dec/2024:20:25:21 -0500] "POST /wp-cron.php?doing_wp_cron=1734830721.6000959873199462890625 HTTP/1.1" 200 0 "-" "WordPress/6.7.1; https://misswavenigeria.com"
165.231.182.111 - - [21/Dec/2024:20:25:21 -0500] "GET /register/ HTTP/1.0" 200 75922 "https://misswavenigeria.com/" "Mozilla/5.0 (Windows NT 10.0; Win64; x64) AppleWebKit/537.36 (KHTML, like Gecko) Chrome/103.0.5060.66 Safari/537.36"
66.29.132.124 - - [21/Dec/2024:20:25:21 -0500] "POST /wp-admin/admin-ajax.php?action=async_litespeed&nonce=h2QjlGq4Gk3DSYMV8Hg7drPJZaDWbVqW&litespeed_type=imgoptm HTTP/1.1" 200 21 "-" "WordPress/6.7.1; https://misswavenigeria.com"
66.29.132.124 - - [21/Dec/2024:20:27:00 -0500] "POST /wp-cron.php?doing_wp_cron=1734830820.4508209228515625000000 HTTP/1.1" 200 0 "-" "WordPress/6.7.1; https://misswavenigeria.com"
165.231.182.111 - - [21/Dec/2024:20:26:58 -0500] "GET / HTTP/1.0" 200 109053 "https://misswavenigeria.com/" "Mozilla/5.0 (Windows NT 6.3; WOW64) AppleWebKit/537.36 (KHTML, like Gecko) Chrome/103.0.5060.114 Safari/537.36"
66.29.132.124 - - [21/Dec/2024:20:27:00 -0500] "POST /wp-admin/admin-ajax.php?action=async_litespeed&nonce=rmSDAeSlRdmVRkuF09A060dDSy7UjIAP&litespeed_type=imgoptm HTTP/1.1" 200 21 "-" "WordPress/6.7.1; https://misswavenigeria.com"
165.231.182.111 - - [21/Dec/2024:20:27:02 -0500] "GET /register/ HTTP/1.0" 200 75922 "https://misswavenigeria.com/register/" "Mozilla/5.0 (Windows NT 6.3; WOW64) AppleWebKit/537.36 (KHTML, like Gecko) Chrome/103.0.5060.114 Safari/537.36"
66.29.132.124 - - [21/Dec/2024:20:27:49 -0500] "POST /wp-cron.php?doing_wp_cron=1734830869.2377998828887939453125 HTTP/1.1" 200 0 "-" "WordPress/6.7.1; https://misswavenigeria.com"
121.229.185.160 - - [21/Dec/2024:20:27:49 -0500] "GET / HTTP/1.1" 301 0 "http://www.misswavenigeria.com" "Mozilla/5.0 (iPhone; CPU iPhone OS 13_2_3 like Mac OS X) AppleWebKit/605.1.15 (KHTML, like Gecko) Version/13.0.3 Mobile/15E148 Safari/604.1"
66.29.132.124 - - [21/Dec/2024:20:27:49 -0500] "POST /wp-admin/admin-ajax.php?action=async_litespeed&nonce=oVcIqxwpNMiAgXn6TEI0gU6M3bQmW2ik&litespeed_type=imgoptm HTTP/1.1" 200 21 "-" "WordPress/6.7.1; https://misswavenigeria.com"
121.229.185.160 - - [21/Dec/2024:20:27:51 -0500] "GET / HTTP/1.1" 200 24483 "https://www.misswavenigeria.com/" "Mozilla/5.0 (iPhone; CPU iPhone OS 13_2_3 like Mac OS X) AppleWebKit/605.1.15 (KHTML, like Gecko) Version/13.0.3 Mobile/15E148 Safari/604.1"
165.231.182.111 - - [21/Dec/2024:20:27:04 -0500] "POST /register/ HTTP/1.0" 200 76048 "https://misswavenigeria.com/register/" "Mozilla/5.0 (Windows NT 6.3; WOW64) AppleWebKit/537.36 (KHTML, like Gecko) Chrome/103.0.5060.114 Safari/537.36"
165.231.182.111 - - [21/Dec/2024:20:28:06 -0500] "GET /register/ HTTP/1.0" 200 75922 "https://misswavenigeria.com/" "Mozilla/5.0 (Windows NT 6.3; WOW64) AppleWebKit/537.36 (KHTML, like Gecko) Chrome/103.0.5060.114 Safari/537.36"
66.29.132.124 - - [21/Dec/2024:20:30:02 -0500] "POST /wp-cron.php?doing_wp_cron=1734831002.0395550727844238281250 HTTP/1.1" 200 0 "-" "WordPress/6.7.1; https://misswavenigeria.com"
165.231.182.111 - - [21/Dec/2024:20:30:00 -0500] "GET / HTTP/1.0" 200 109055 "https://misswavenigeria.com/" "Mozilla/5.0 (Windows NT 6.3; Win64; x64) AppleWebKit/537.36 (KHTML, like Gecko) Chrome/103.0.5060.53 Safari/537.36"
66.29.132.124 - - [21/Dec/2024:20:30:02 -0500] "POST /wp-admin/admin-ajax.php?action=async_litespeed&nonce=83X7xgBWsnYabId7NXTUiySsgnGuKOnI&litespeed_type=imgoptm HTTP/1.1" 200 21 "-" "WordPress/6.7.1; https://misswavenigeria.com"
165.231.182.111 - - [21/Dec/2024:20:30:04 -0500] "GET /register/ HTTP/1.0" 200 75922 "https://misswavenigeria.com/register/" "Mozilla/5.0 (Windows NT 6.3; Win64; x64) AppleWebKit/537.36 (KHTML, like Gecko) Chrome/103.0.5060.53 Safari/537.36"
165.231.182.111 - - [21/Dec/2024:20:30:06 -0500] "POST /register/ HTTP/1.0" 200 76048 "https://misswavenigeria.com/register/" "Mozilla/5.0 (Windows NT 6.3; Win64; x64) AppleWebKit/537.36 (KHTML, like Gecko) Chrome/103.0.5060.53 Safari/537.36"
66.29.132.124 - - [21/Dec/2024:20:31:20 -0500] "POST /wp-cron.php?doing_wp_cron=1734831080.9056320190429687500000 HTTP/1.1" 200 0 "-" "WordPress/6.7.1; https://misswavenigeria.com"
165.231.182.111 - - [21/Dec/2024:20:31:20 -0500] "GET /register/ HTTP/1.0" 200 75922 "https://misswavenigeria.com/" "Mozilla/5.0 (Windows NT 6.3; Win64; x64) AppleWebKit/537.36 (KHTML, like Gecko) Chrome/103.0.5060.53 Safari/537.36"
66.29.132.124 - - [21/Dec/2024:20:31:21 -0500] "POST /wp-admin/admin-ajax.php?action=async_litespeed&nonce=aoNginPz3aHEW2OTZakTrHFTM0YGHuah&litespeed_type=imgoptm HTTP/1.1" 200 21 "-" "WordPress/6.7.1; https://misswavenigeria.com"
66.29.132.124 - - [21/Dec/2024:20:32:59 -0500] "POST /wp-cron.php?doing_wp_cron=1734831179.7813200950622558593750 HTTP/1.1" 200 0 "-" "WordPress/6.7.1; https://misswavenigeria.com"
165.231.182.111 - - [21/Dec/2024:20:32:58 -0500] "GET / HTTP/1.0" 200 109053 "https://misswavenigeria.com/" "Mozilla/5.0 (Windows NT 6.1; Win64; x64) AppleWebKit/537.36 (KHTML, like Gecko) Chrome/103.0.5060.114 Safari/537.36"
66.29.132.124 - - [21/Dec/2024:20:32:59 -0500] "POST /wp-admin/admin-ajax.php?action=async_litespeed&nonce=HmTx6jo9a1W7dYzGnVoP2hFP3SCUbAVu&litespeed_type=imgoptm HTTP/1.1" 200 21 "-" "WordPress/6.7.1; https://misswavenigeria.com"
165.231.182.111 - - [21/Dec/2024:20:33:02 -0500] "GET /register/ HTTP/1.0" 200 75922 "https://misswavenigeria.com/register/" "Mozilla/5.0 (Windows NT 6.1; Win64; x64) AppleWebKit/537.36 (KHTML, like Gecko) Chrome/103.0.5060.114 Safari/537.36"
165.231.182.111 - - [21/Dec/2024:20:33:03 -0500] "POST /register/ HTTP/1.0" 200 76048 "https://misswavenigeria.com/register/" "Mozilla/5.0 (Windows NT 6.1; Win64; x64) AppleWebKit/537.36 (KHTML, like Gecko) Chrome/103.0.5060.114 Safari/537.36"
66.29.132.124 - - [21/Dec/2024:20:34:08 -0500] "POST /wp-cron.php?doing_wp_cron=1734831248.6602809429168701171875 HTTP/1.1" 200 0 "-" "WordPress/6.7.1; https://misswavenigeria.com"
165.231.182.111 - - [21/Dec/2024:20:34:08 -0500] "GET /register/ HTTP/1.0" 200 75922 "https://misswavenigeria.com/" "Mozilla/5.0 (Windows NT 6.1; Win64; x64) AppleWebKit/537.36 (KHTML, like Gecko) Chrome/103.0.5060.114 Safari/537.36"
66.29.132.124 - - [21/Dec/2024:20:34:08 -0500] "POST /wp-admin/admin-ajax.php?action=async_litespeed&nonce=qUUD34nBWmCvVNVwEFHTK1g7oGWQXOUl&litespeed_type=imgoptm HTTP/1.1" 200 21 "-" "WordPress/6.7.1; https://misswavenigeria.com"
66.29.132.124 - - [21/Dec/2024:20:35:08 -0500] "POST /wp-cron.php?doing_wp_cron=1734831308.4497289657592773437500 HTTP/1.1" 200 0 "-" "WordPress/6.7.1; https://misswavenigeria.com"
205.210.31.171 - - [21/Dec/2024:20:35:08 -0500] "GET / HTTP/1.1" 200 109055 "http://66.29.132.124:80/" "-"
66.29.132.124 - - [21/Dec/2024:20:35:09 -0500] "POST /wp-admin/admin-ajax.php?action=async_litespeed&nonce=AG19O34yOScR24AGMW8ZP7xgLs0Bd9VX&litespeed_type=imgoptm HTTP/1.1" 200 21 "-" "WordPress/6.7.1; https://misswavenigeria.com"
165.231.182.111 - - [21/Dec/2024:20:35:56 -0500] "GET / HTTP/1.0" 200 109055 "https://misswavenigeria.com/" "Mozilla/5.0 (Windows NT 6.3) AppleWebKit/537.36 (KHTML, like Gecko) Chrome/103.0.0.0 Safari/537.36"
165.231.182.111 - - [21/Dec/2024:20:35:58 -0500] "GET /register/ HTTP/1.0" 200 75922 "https://misswavenigeria.com/register/" "Mozilla/5.0 (Windows NT 6.3) AppleWebKit/537.36 (KHTML, like Gecko) Chrome/103.0.0.0 Safari/537.36"
66.29.132.124 - - [21/Dec/2024:20:36:00 -0500] "POST /wp-cron.php?doing_wp_cron=1734831360.0356450080871582031250 HTTP/1.1" 200 0 "-" "WordPress/6.7.1; https://misswavenigeria.com"
66.29.132.124 - - [21/Dec/2024:20:36:00 -0500] "POST /wp-admin/admin-ajax.php?action=async_litespeed&nonce=KIQwIaWI76b9Ei5XriM6ImDWkkyU8mlB&litespeed_type=imgoptm HTTP/1.1" 200 21 "-" "WordPress/6.7.1; https://misswavenigeria.com"
165.231.182.111 - - [21/Dec/2024:20:35:59 -0500] "POST /register/ HTTP/1.0" 200 76048 "https://misswavenigeria.com/register/" "Mozilla/5.0 (Windows NT 6.3) AppleWebKit/537.36 (KHTML, like Gecko) Chrome/103.0.0.0 Safari/537.36"
66.29.132.124 - - [21/Dec/2024:20:37:14 -0500] "POST /wp-cron.php?doing_wp_cron=1734831434.3437979221343994140625 HTTP/1.1" 200 0 "-" "WordPress/6.7.1; https://misswavenigeria.com"
165.231.182.111 - - [21/Dec/2024:20:37:14 -0500] "GET /register/ HTTP/1.0" 200 75922 "https://misswavenigeria.com/" "Mozilla/5.0 (Windows NT 6.3) AppleWebKit/537.36 (KHTML, like Gecko) Chrome/103.0.0.0 Safari/537.36"
66.29.132.124 - - [21/Dec/2024:20:37:14 -0500] "POST /wp-admin/admin-ajax.php?action=async_litespeed&nonce=RAYq6FUqUKgpoSpFtqqSZglqVB31Qo3i&litespeed_type=imgoptm HTTP/1.1" 200 21 "-" "WordPress/6.7.1; https://misswavenigeria.com"
66.29.132.124 - - [21/Dec/2024:20:38:58 -0500] "POST /wp-cron.php?doing_wp_cron=1734831538.1416718959808349609375 HTTP/1.1" 200 0 "-" "WordPress/6.7.1; https://misswavenigeria.com"
165.231.182.111 - - [21/Dec/2024:20:38:56 -0500] "GET / HTTP/1.0" 200 109055 "https://misswavenigeria.com/" "Mozilla/5.0 (Windows NT 10.0; Win64; x64) AppleWebKit/537.36 (KHTML, like Gecko) Chrome/103.0.5060.114 Safari/537.36"
66.29.132.124 - - [21/Dec/2024:20:38:58 -0500] "POST /wp-admin/admin-ajax.php?action=async_litespeed&nonce=LVUdQMBCfract55l4jNjUtsW5WZlHCH2&litespeed_type=imgoptm HTTP/1.1" 200 21 "-" "WordPress/6.7.1; https://misswavenigeria.com"
165.231.182.111 - - [21/Dec/2024:20:39:00 -0500] "GET /register/ HTTP/1.0" 200 75922 "https://misswavenigeria.com/register/" "Mozilla/5.0 (Windows NT 10.0; Win64; x64) AppleWebKit/537.36 (KHTML, like Gecko) Chrome/103.0.5060.114 Safari/537.36"
165.231.182.111 - - [21/Dec/2024:20:39:02 -0500] "POST /register/ HTTP/1.0" 200 76048 "https://misswavenigeria.com/register/" "Mozilla/5.0 (Windows NT 10.0; Win64; x64) AppleWebKit/537.36 (KHTML, like Gecko) Chrome/103.0.5060.114 Safari/537.36"
66.29.132.124 - - [21/Dec/2024:20:40:15 -0500] "POST /wp-cron.php?doing_wp_cron=1734831615.8814280033111572265625 HTTP/1.1" 200 0 "-" "WordPress/6.7.1; https://misswavenigeria.com"
165.231.182.111 - - [21/Dec/2024:20:40:15 -0500] "GET /register/ HTTP/1.0" 200 75922 "https://misswavenigeria.com/" "Mozilla/5.0 (Windows NT 10.0; Win64; x64) AppleWebKit/537.36 (KHTML, like Gecko) Chrome/103.0.5060.114 Safari/537.36"
66.29.132.124 - - [21/Dec/2024:20:40:16 -0500] "POST /wp-admin/admin-ajax.php?action=async_litespeed&nonce=cH3aKP4Y3TIv6Jkvje6pbEQtqImrCzQf&litespeed_type=imgoptm HTTP/1.1" 200 21 "-" "WordPress/6.7.1; https://misswavenigeria.com"
66.29.132.124 - - [21/Dec/2024:20:41:58 -0500] "POST /wp-cron.php?doing_wp_cron=1734831718.4879460334777832031250 HTTP/1.1" 200 0 "-" "WordPress/6.7.1; https://misswavenigeria.com"
165.231.182.111 - - [21/Dec/2024:20:41:56 -0500] "GET / HTTP/1.0" 200 109055 "https://misswavenigeria.com/" "Mozilla/5.0 (Windows NT 6.3; Win64; x64) AppleWebKit/537.36 (KHTML, like Gecko) Chrome/103.0.5060.53 Safari/537.36"
66.29.132.124 - - [21/Dec/2024:20:41:58 -0500] "POST /wp-admin/admin-ajax.php?action=async_litespeed&nonce=EO67jR6KJOhNKg2Zbpsf2fdAWr9mEkte&litespeed_type=imgoptm HTTP/1.1" 200 21 "-" "WordPress/6.7.1; https://misswavenigeria.com"
165.231.182.111 - - [21/Dec/2024:20:42:00 -0500] "GET /register/ HTTP/1.0" 200 75922 "https://misswavenigeria.com/register/" "Mozilla/5.0 (Windows NT 6.3; Win64; x64) AppleWebKit/537.36 (KHTML, like Gecko) Chrome/103.0.5060.53 Safari/537.36"
165.231.182.111 - - [21/Dec/2024:20:42:02 -0500] "POST /register/ HTTP/1.0" 200 76048 "https://misswavenigeria.com/register/" "Mozilla/5.0 (Windows NT 6.3; Win64; x64) AppleWebKit/537.36 (KHTML, like Gecko) Chrome/103.0.5060.53 Safari/537.36"
66.29.132.124 - - [21/Dec/2024:20:43:16 -0500] "POST /wp-cron.php?doing_wp_cron=1734831796.7346029281616210937500 HTTP/1.1" 200 0 "-" "WordPress/6.7.1; https://misswavenigeria.com"
165.231.182.111 - - [21/Dec/2024:20:43:16 -0500] "GET /register/ HTTP/1.0" 200 75922 "https://misswavenigeria.com/" "Mozilla/5.0 (Windows NT 6.3; Win64; x64) AppleWebKit/537.36 (KHTML, like Gecko) Chrome/103.0.5060.53 Safari/537.36"
66.29.132.124 - - [21/Dec/2024:20:43:16 -0500] "POST /wp-admin/admin-ajax.php?action=async_litespeed&nonce=9LBAuSYIeLlzlBu5lFAPrvFfOkmk7XOi&litespeed_type=imgoptm HTTP/1.1" 200 21 "-" "WordPress/6.7.1; https://misswavenigeria.com"
66.29.132.124 - - [21/Dec/2024:20:44:53 -0500] "POST /wp-cron.php?doing_wp_cron=1734831893.4824509620666503906250 HTTP/1.1" 200 0 "-" "WordPress/6.7.1; https://misswavenigeria.com"
165.231.182.111 - - [21/Dec/2024:20:44:52 -0500] "GET / HTTP/1.0" 200 109053 "https://misswavenigeria.com/" "Mozilla/5.0 (Windows NT 6.1; WOW64) AppleWebKit/537.36 (KHTML, like Gecko) Chrome/103.0.0.0 Safari/537.36"
66.29.132.124 - - [21/Dec/2024:20:44:53 -0500] "POST /wp-admin/admin-ajax.php?action=async_litespeed&nonce=j0QLOtNqKwv0XqtAXnASzFondF5FmQ43&litespeed_type=imgoptm HTTP/1.1" 200 21 "-" "WordPress/6.7.1; https://misswavenigeria.com"
165.231.182.111 - - [21/Dec/2024:20:44:55 -0500] "GET /register/ HTTP/1.0" 200 75922 "https://misswavenigeria.com/register/" "Mozilla/5.0 (Windows NT 6.1; WOW64) AppleWebKit/537.36 (KHTML, like Gecko) Chrome/103.0.0.0 Safari/537.36"
165.231.182.111 - - [21/Dec/2024:20:44:57 -0500] "POST /register/ HTTP/1.0" 200 76048 "https://misswavenigeria.com/register/" "Mozilla/5.0 (Windows NT 6.1; WOW64) AppleWebKit/537.36 (KHTML, like Gecko) Chrome/103.0.0.0 Safari/537.36"
66.29.132.124 - - [21/Dec/2024:20:46:12 -0500] "POST /wp-cron.php?doing_wp_cron=1734831972.7372539043426513671875 HTTP/1.1" 200 0 "-" "WordPress/6.7.1; https://misswavenigeria.com"
165.231.182.111 - - [21/Dec/2024:20:46:12 -0500] "GET /register/ HTTP/1.0" 200 75922 "https://misswavenigeria.com/" "Mozilla/5.0 (Windows NT 6.1; WOW64) AppleWebKit/537.36 (KHTML, like Gecko) Chrome/103.0.0.0 Safari/537.36"
66.29.132.124 - - [21/Dec/2024:20:46:12 -0500] "POST /wp-admin/admin-ajax.php?action=async_litespeed&nonce=XViPFs8xJUdErgdLR0zw0IeI4KxVrzh3&litespeed_type=imgoptm HTTP/1.1" 200 21 "-" "WordPress/6.7.1; https://misswavenigeria.com"
66.29.132.124 - - [21/Dec/2024:20:47:54 -0500] "POST /wp-cron.php?doing_wp_cron=1734832074.2801980972290039062500 HTTP/1.1" 200 0 "-" "WordPress/6.7.1; https://misswavenigeria.com"
165.231.182.111 - - [21/Dec/2024:20:47:52 -0500] "GET / HTTP/1.0" 200 109053 "https://misswavenigeria.com/" "Mozilla/5.0 (Windows NT 10.0; Win64; x64) AppleWebKit/537.36 (KHTML, like Gecko) Chrome/103.0.5060.134 Safari/537.36"
66.29.132.124 - - [21/Dec/2024:20:47:54 -0500] "POST /wp-admin/admin-ajax.php?action=async_litespeed&nonce=Hcp2fwc534xxzqVye6qEkMSzzCcXPBk4&litespeed_type=imgoptm HTTP/1.1" 200 21 "-" "WordPress/6.7.1; https://misswavenigeria.com"
165.231.182.111 - - [21/Dec/2024:20:47:56 -0500] "GET /register/ HTTP/1.0" 200 75922 "https://misswavenigeria.com/register/" "Mozilla/5.0 (Windows NT 10.0; Win64; x64) AppleWebKit/537.36 (KHTML, like Gecko) Chrome/103.0.5060.134 Safari/537.36"
165.231.182.111 - - [21/Dec/2024:20:47:58 -0500] "POST /register/ HTTP/1.0" 200 76048 "https://misswavenigeria.com/register/" "Mozilla/5.0 (Windows NT 10.0; Win64; x64) AppleWebKit/537.36 (KHTML, like Gecko) Chrome/103.0.5060.134 Safari/537.36"
66.29.132.124 - - [21/Dec/2024:20:49:08 -0500] "POST /wp-cron.php?doing_wp_cron=1734832148.5222349166870117187500 HTTP/1.1" 200 0 "-" "WordPress/6.7.1; https://misswavenigeria.com"
165.231.182.111 - - [21/Dec/2024:20:49:08 -0500] "GET /register/ HTTP/1.0" 200 75922 "https://misswavenigeria.com/" "Mozilla/5.0 (Windows NT 10.0; Win64; x64) AppleWebKit/537.36 (KHTML, like Gecko) Chrome/103.0.5060.134 Safari/537.36"
66.29.132.124 - - [21/Dec/2024:20:49:08 -0500] "POST /wp-admin/admin-ajax.php?action=async_litespeed&nonce=Ona9bHxIbZ3XlIkwG7Ae23A3QTKxGKBS&litespeed_type=imgoptm HTTP/1.1" 200 21 "-" "WordPress/6.7.1; https://misswavenigeria.com"
66.29.132.124 - - [21/Dec/2024:20:50:55 -0500] "POST /wp-cron.php?doing_wp_cron=1734832255.7261769771575927734375 HTTP/1.1" 200 0 "-" "WordPress/6.7.1; https://misswavenigeria.com"
165.231.182.111 - - [21/Dec/2024:20:50:54 -0500] "GET / HTTP/1.0" 200 109055 "https://misswavenigeria.com/" "Mozilla/5.0 (Windows NT 6.3; Win64; x64) AppleWebKit/537.36 (KHTML, like Gecko) Chrome/103.0.0.0 Safari/537.36"
66.29.132.124 - - [21/Dec/2024:20:50:56 -0500] "POST /wp-admin/admin-ajax.php?action=async_litespeed&nonce=cIOh2LKCwGtvY2iQY7c5xfaOXrkxQkIy&litespeed_type=imgoptm HTTP/1.1" 200 21 "-" "WordPress/6.7.1; https://misswavenigeria.com"
165.231.182.111 - - [21/Dec/2024:20:50:58 -0500] "GET /register/ HTTP/1.0" 200 75922 "https://misswavenigeria.com/register/" "Mozilla/5.0 (Windows NT 6.3; Win64; x64) AppleWebKit/537.36 (KHTML, like Gecko) Chrome/103.0.0.0 Safari/537.36"
66.249.79.132 - - [21/Dec/2024:20:51:21 -0500] "GET /goods/65570.html HTTP/1.1" 404 15607 "-" "Mozilla/5.0 (Linux; Android 6.0.1; Nexus 5X Build/MMB29P) AppleWebKit/537.36 (KHTML, like Gecko) Chrome/131.0.6778.139 Mobile Safari/537.36 (compatible; Googlebot/2.1; +http://www.google.com/bot.html)"
165.231.182.111 - - [21/Dec/2024:20:50:59 -0500] "POST /register/ HTTP/1.0" 200 76048 "https://misswavenigeria.com/register/" "Mozilla/5.0 (Windows NT 6.3; Win64; x64) AppleWebKit/537.36 (KHTML, like Gecko) Chrome/103.0.0.0 Safari/537.36"
66.29.132.124 - - [21/Dec/2024:20:52:03 -0500] "POST /wp-cron.php?doing_wp_cron=1734832323.9827830791473388671875 HTTP/1.1" 200 0 "-" "WordPress/6.7.1; https://misswavenigeria.com"
165.231.182.111 - - [21/Dec/2024:20:52:03 -0500] "GET /register/ HTTP/1.0" 200 75922 "https://misswavenigeria.com/" "Mozilla/5.0 (Windows NT 6.3; Win64; x64) AppleWebKit/537.36 (KHTML, like Gecko) Chrome/103.0.0.0 Safari/537.36"
66.29.132.124 - - [21/Dec/2024:20:52:04 -0500] "POST /wp-admin/admin-ajax.php?action=async_litespeed&nonce=7ebGcP0YbOsP0y86jSxIrw9t47ceU0PO&litespeed_type=imgoptm HTTP/1.1" 200 21 "-" "WordPress/6.7.1; https://misswavenigeria.com"
66.29.132.124 - - [21/Dec/2024:20:53:52 -0500] "POST /wp-cron.php?doing_wp_cron=1734832432.6216580867767333984375 HTTP/1.1" 200 0 "-" "WordPress/6.7.1; https://misswavenigeria.com"
165.231.182.111 - - [21/Dec/2024:20:53:51 -0500] "GET / HTTP/1.0" 200 109055 "https://misswavenigeria.com/" "Mozilla/5.0 (Windows NT 10.0; Win64; x64) AppleWebKit/537.36 (KHTML, like Gecko) Chrome/103.0.5060.134 Safari/537.36"
66.29.132.124 - - [21/Dec/2024:20:53:52 -0500] "POST /wp-admin/admin-ajax.php?action=async_litespeed&nonce=XLFwWPsvrqQUZsmtyPg8J1DMGrHnQICL&litespeed_type=imgoptm HTTP/1.1" 200 21 "-" "WordPress/6.7.1; https://misswavenigeria.com"
165.231.182.111 - - [21/Dec/2024:20:53:54 -0500] "GET /register/ HTTP/1.0" 200 75922 "https://misswavenigeria.com/register/" "Mozilla/5.0 (Windows NT 10.0; Win64; x64) AppleWebKit/537.36 (KHTML, like Gecko) Chrome/103.0.5060.134 Safari/537.36"
165.231.182.111 - - [21/Dec/2024:20:53:56 -0500] "POST /register/ HTTP/1.0" 200 76048 "https://misswavenigeria.com/register/" "Mozilla/5.0 (Windows NT 10.0; Win64; x64) AppleWebKit/537.36 (KHTML, like Gecko) Chrome/103.0.5060.134 Safari/537.36"
66.29.132.124 - - [21/Dec/2024:20:54:56 -0500] "POST /wp-cron.php?doing_wp_cron=1734832496.8055450916290283203125 HTTP/1.1" 200 0 "-" "WordPress/6.7.1; https://misswavenigeria.com"
165.231.182.111 - - [21/Dec/2024:20:54:56 -0500] "GET /register/ HTTP/1.0" 200 75922 "https://misswavenigeria.com/" "Mozilla/5.0 (Windows NT 10.0; Win64; x64) AppleWebKit/537.36 (KHTML, like Gecko) Chrome/103.0.5060.134 Safari/537.36"
66.29.132.124 - - [21/Dec/2024:20:54:57 -0500] "POST /wp-admin/admin-ajax.php?action=async_litespeed&nonce=GQ8OBbQMyI7rM04R3Bl2DhmxLyvSjHsJ&litespeed_type=imgoptm HTTP/1.1" 200 21 "-" "WordPress/6.7.1; https://misswavenigeria.com"
66.29.132.124 - - [21/Dec/2024:20:56:52 -0500] "POST /wp-cron.php?doing_wp_cron=1734832612.0281529426574707031250 HTTP/1.1" 200 0 "-" "WordPress/6.7.1; https://misswavenigeria.com"
165.231.182.111 - - [21/Dec/2024:20:56:50 -0500] "GET / HTTP/1.0" 200 109053 "https://misswavenigeria.com/" "Mozilla/5.0 (Windows NT 10.0; Win64; x64) AppleWebKit/537.36 (KHTML, like Gecko) Chrome/103.0.0.0 Safari/537.36 OpenWave/97.4.2043.44"
66.29.132.124 - - [21/Dec/2024:20:56:52 -0500] "POST /wp-admin/admin-ajax.php?action=async_litespeed&nonce=KX0pkD24ay26ATruDYWQn0EjsOroUSSd&litespeed_type=imgoptm HTTP/1.1" 200 21 "-" "WordPress/6.7.1; https://misswavenigeria.com"
165.231.182.111 - - [21/Dec/2024:20:56:54 -0500] "GET /register/ HTTP/1.0" 200 75922 "https://misswavenigeria.com/register/" "Mozilla/5.0 (Windows NT 10.0; Win64; x64) AppleWebKit/537.36 (KHTML, like Gecko) Chrome/103.0.0.0 Safari/537.36 OpenWave/97.4.2043.44"
165.231.182.111 - - [21/Dec/2024:20:56:56 -0500] "POST /register/ HTTP/1.0" 200 76048 "https://misswavenigeria.com/register/" "Mozilla/5.0 (Windows NT 10.0; Win64; x64) AppleWebKit/537.36 (KHTML, like Gecko) Chrome/103.0.0.0 Safari/537.36 OpenWave/97.4.2043.44"
66.29.132.124 - - [21/Dec/2024:20:58:00 -0500] "POST /wp-cron.php?doing_wp_cron=1734832680.4773399829864501953125 HTTP/1.1" 200 0 "-" "WordPress/6.7.1; https://misswavenigeria.com"
165.231.182.111 - - [21/Dec/2024:20:58:00 -0500] "GET /register/ HTTP/1.0" 200 75922 "https://misswavenigeria.com/" "Mozilla/5.0 (Windows NT 10.0; Win64; x64) AppleWebKit/537.36 (KHTML, like Gecko) Chrome/103.0.0.0 Safari/537.36 OpenWave/97.4.2043.44"
66.29.132.124 - - [21/Dec/2024:20:58:00 -0500] "POST /wp-admin/admin-ajax.php?action=async_litespeed&nonce=VMkKccc0lVanR11mlf8aNK3BIia5L4SO&litespeed_type=imgoptm HTTP/1.1" 200 21 "-" "WordPress/6.7.1; https://misswavenigeria.com"
66.29.132.124 - - [21/Dec/2024:20:59:53 -0500] "POST /wp-cron.php?doing_wp_cron=1734832793.2165529727935791015625 HTTP/1.1" 200 0 "-" "WordPress/6.7.1; https://misswavenigeria.com"
165.231.182.111 - - [21/Dec/2024:20:59:51 -0500] "GET / HTTP/1.0" 200 109053 "https://misswavenigeria.com/" "Mozilla/5.0 (Windows NT 6.1; Win64; x64) AppleWebKit/537.36 (KHTML, like Gecko) Chrome/103.0.0.0 Safari/537.36"
66.29.132.124 - - [21/Dec/2024:20:59:53 -0500] "POST /wp-admin/admin-ajax.php?action=async_litespeed&nonce=eiPZ3bcuUQhiKcTORprtyRVDOkcXEbiN&litespeed_type=imgoptm HTTP/1.1" 200 21 "-" "WordPress/6.7.1; https://misswavenigeria.com"
165.231.182.111 - - [21/Dec/2024:20:59:55 -0500] "GET /register/ HTTP/1.0" 200 75922 "https://misswavenigeria.com/register/" "Mozilla/5.0 (Windows NT 6.1; Win64; x64) AppleWebKit/537.36 (KHTML, like Gecko) Chrome/103.0.0.0 Safari/537.36"
165.231.182.111 - - [21/Dec/2024:20:59:57 -0500] "POST /register/ HTTP/1.0" 200 76048 "https://misswavenigeria.com/register/" "Mozilla/5.0 (Windows NT 6.1; Win64; x64) AppleWebKit/537.36 (KHTML, like Gecko) Chrome/103.0.0.0 Safari/537.36"
66.29.132.124 - - [21/Dec/2024:21:01:04 -0500] "POST /wp-cron.php?doing_wp_cron=1734832864.2526350021362304687500 HTTP/1.1" 200 0 "-" "WordPress/6.7.1; https://misswavenigeria.com"
165.231.182.111 - - [21/Dec/2024:21:01:04 -0500] "GET /register/ HTTP/1.0" 200 75922 "https://misswavenigeria.com/" "Mozilla/5.0 (Windows NT 6.1; Win64; x64) AppleWebKit/537.36 (KHTML, like Gecko) Chrome/103.0.0.0 Safari/537.36"
66.29.132.124 - - [21/Dec/2024:21:01:04 -0500] "POST /wp-admin/admin-ajax.php?action=async_litespeed&nonce=YJSD3lztO81Sifdnvjs14ZJjjRc8JEeX&litespeed_type=imgoptm HTTP/1.1" 200 21 "-" "WordPress/6.7.1; https://misswavenigeria.com"
66.29.132.124 - - [21/Dec/2024:21:03:01 -0500] "POST /wp-cron.php?doing_wp_cron=1734832981.3759179115295410156250 HTTP/1.1" 200 0 "-" "WordPress/6.7.1; https://misswavenigeria.com"
165.231.182.111 - - [21/Dec/2024:21:02:59 -0500] "GET / HTTP/1.0" 200 109055 "https://misswavenigeria.com/" "Mozilla/5.0 (Windows NT 6.3; Win64; x64) AppleWebKit/537.36 (KHTML, like Gecko) Chrome/103.0.5060.53 Safari/537.36"
66.29.132.124 - - [21/Dec/2024:21:03:01 -0500] "POST /wp-admin/admin-ajax.php?action=async_litespeed&nonce=ivprmbuVfmEOFZNo8Gi60awkiiaEfGaU&litespeed_type=imgoptm HTTP/1.1" 200 21 "-" "WordPress/6.7.1; https://misswavenigeria.com"
165.231.182.111 - - [21/Dec/2024:21:03:03 -0500] "GET /register/ HTTP/1.0" 200 75922 "https://misswavenigeria.com/register/" "Mozilla/5.0 (Windows NT 6.3; Win64; x64) AppleWebKit/537.36 (KHTML, like Gecko) Chrome/103.0.5060.53 Safari/537.36"
165.231.182.111 - - [21/Dec/2024:21:03:05 -0500] "POST /register/ HTTP/1.0" 200 76048 "https://misswavenigeria.com/register/" "Mozilla/5.0 (Windows NT 6.3; Win64; x64) AppleWebKit/537.36 (KHTML, like Gecko) Chrome/103.0.5060.53 Safari/537.36"
66.29.132.124 - - [21/Dec/2024:21:04:21 -0500] "POST /wp-cron.php?doing_wp_cron=1734833061.8574059009552001953125 HTTP/1.1" 200 0 "-" "WordPress/6.7.1; https://misswavenigeria.com"
165.231.182.111 - - [21/Dec/2024:21:04:21 -0500] "GET /register/ HTTP/1.0" 200 75922 "https://misswavenigeria.com/" "Mozilla/5.0 (Windows NT 6.3; Win64; x64) AppleWebKit/537.36 (KHTML, like Gecko) Chrome/103.0.5060.53 Safari/537.36"
66.29.132.124 - - [21/Dec/2024:21:04:22 -0500] "POST /wp-admin/admin-ajax.php?action=async_litespeed&nonce=8UFhqMZfiplsh3Lo0LvsUJs78AlMnwvp&litespeed_type=imgoptm HTTP/1.1" 200 21 "-" "WordPress/6.7.1; https://misswavenigeria.com"
66.29.132.124 - - [21/Dec/2024:21:05:59 -0500] "POST /wp-cron.php?doing_wp_cron=1734833159.5840730667114257812500 HTTP/1.1" 200 0 "-" "WordPress/6.7.1; https://misswavenigeria.com"
165.231.182.111 - - [21/Dec/2024:21:05:57 -0500] "GET / HTTP/1.0" 200 109055 "https://misswavenigeria.com/" "Mozilla/5.0 (Windows NT 6.1; Win64; x64) AppleWebKit/537.36 (KHTML, like Gecko) Chrome/103.0.5060.66 Safari/537.36"
66.29.132.124 - - [21/Dec/2024:21:05:59 -0500] "POST /wp-admin/admin-ajax.php?action=async_litespeed&nonce=vdEYD5MzNLEJZHKeePeWJFZ1k7mkHiYX&litespeed_type=imgoptm HTTP/1.1" 200 21 "-" "WordPress/6.7.1; https://misswavenigeria.com"
165.231.182.111 - - [21/Dec/2024:21:06:02 -0500] "GET /register/ HTTP/1.0" 200 75922 "https://misswavenigeria.com/register/" "Mozilla/5.0 (Windows NT 6.1; Win64; x64) AppleWebKit/537.36 (KHTML, like Gecko) Chrome/103.0.5060.66 Safari/537.36"
165.231.182.111 - - [21/Dec/2024:21:06:03 -0500] "POST /register/ HTTP/1.0" 200 76048 "https://misswavenigeria.com/register/" "Mozilla/5.0 (Windows NT 6.1; Win64; x64) AppleWebKit/537.36 (KHTML, like Gecko) Chrome/103.0.5060.66 Safari/537.36"
66.29.132.124 - - [21/Dec/2024:21:07:53 -0500] "POST /wp-cron.php?doing_wp_cron=1734833273.1251370906829833984375 HTTP/1.1" 200 0 "-" "WordPress/6.7.1; https://misswavenigeria.com"
165.231.182.111 - - [21/Dec/2024:21:07:52 -0500] "GET /register/ HTTP/1.0" 200 75922 "https://misswavenigeria.com/" "Mozilla/5.0 (Windows NT 6.1; Win64; x64) AppleWebKit/537.36 (KHTML, like Gecko) Chrome/103.0.5060.66 Safari/537.36"
66.29.132.124 - - [21/Dec/2024:21:07:53 -0500] "POST /wp-admin/admin-ajax.php?action=async_litespeed&nonce=QbnuSEuHLCvYqjaGoZaZdnwL47JSw5Hn&litespeed_type=imgoptm HTTP/1.1" 200 21 "-" "WordPress/6.7.1; https://misswavenigeria.com"
66.29.132.124 - - [21/Dec/2024:21:09:00 -0500] "POST /wp-cron.php?doing_wp_cron=1734833340.7660639286041259765625 HTTP/1.1" 200 0 "-" "WordPress/6.7.1; https://misswavenigeria.com"
165.231.182.111 - - [21/Dec/2024:21:09:00 -0500] "GET / HTTP/1.0" 200 109053 "https://misswavenigeria.com/" "Mozilla/5.0 (Windows NT 10.0; Win64; x64) AppleWebKit/537.36 (KHTML, like Gecko) Chrome/103.0.5060.114 Safari/537.36"
66.29.132.124 - - [21/Dec/2024:21:09:01 -0500] "POST /wp-admin/admin-ajax.php?action=async_litespeed&nonce=tRcIsBd4AugUcTLyErxnCRoaFgujKPUu&litespeed_type=imgoptm HTTP/1.1" 200 21 "-" "WordPress/6.7.1; https://misswavenigeria.com"
165.231.182.111 - - [21/Dec/2024:21:09:03 -0500] "GET /register/ HTTP/1.0" 200 75922 "https://misswavenigeria.com/register/" "Mozilla/5.0 (Windows NT 10.0; Win64; x64) AppleWebKit/537.36 (KHTML, like Gecko) Chrome/103.0.5060.114 Safari/537.36"
165.231.182.111 - - [21/Dec/2024:21:09:04 -0500] "POST /register/ HTTP/1.0" 200 76048 "https://misswavenigeria.com/register/" "Mozilla/5.0 (Windows NT 10.0; Win64; x64) AppleWebKit/537.36 (KHTML, like Gecko) Chrome/103.0.5060.114 Safari/537.36"
66.29.132.124 - - [21/Dec/2024:21:10:26 -0500] "POST /wp-cron.php?doing_wp_cron=1734833425.9937679767608642578125 HTTP/1.1" 200 0 "-" "WordPress/6.7.1; https://misswavenigeria.com"
165.231.182.111 - - [21/Dec/2024:21:10:25 -0500] "GET /register/ HTTP/1.0" 200 75922 "https://misswavenigeria.com/" "Mozilla/5.0 (Windows NT 10.0; Win64; x64) AppleWebKit/537.36 (KHTML, like Gecko) Chrome/103.0.5060.114 Safari/537.36"
66.29.132.124 - - [21/Dec/2024:21:10:26 -0500] "POST /wp-admin/admin-ajax.php?action=async_litespeed&nonce=aTopB1iQgMwsNbmyJzendfjupGbr9u3e&litespeed_type=imgoptm HTTP/1.1" 200 21 "-" "WordPress/6.7.1; https://misswavenigeria.com"
66.29.132.124 - - [21/Dec/2024:21:12:00 -0500] "POST /wp-cron.php?doing_wp_cron=1734833520.1978590488433837890625 HTTP/1.1" 200 0 "-" "WordPress/6.7.1; https://misswavenigeria.com"
165.231.182.111 - - [21/Dec/2024:21:11:58 -0500] "GET / HTTP/1.0" 200 109055 "https://misswavenigeria.com/" "Mozilla/5.0 (Windows NT 6.3) AppleWebKit/537.36 (KHTML, like Gecko) Chrome/103.0.0.0 Safari/537.36"
66.29.132.124 - - [21/Dec/2024:21:12:00 -0500] "POST /wp-admin/admin-ajax.php?action=async_litespeed&nonce=swkp1vpIiBklCqSipI1OhX342D6YWCfx&litespeed_type=imgoptm HTTP/1.1" 200 21 "-" "WordPress/6.7.1; https://misswavenigeria.com"
165.231.182.111 - - [21/Dec/2024:21:12:02 -0500] "GET /register/ HTTP/1.0" 200 75922 "https://misswavenigeria.com/register/" "Mozilla/5.0 (Windows NT 6.3) AppleWebKit/537.36 (KHTML, like Gecko) Chrome/103.0.0.0 Safari/537.36"
165.231.182.111 - - [21/Dec/2024:21:12:04 -0500] "POST /register/ HTTP/1.0" 200 76048 "https://misswavenigeria.com/register/" "Mozilla/5.0 (Windows NT 6.3) AppleWebKit/537.36 (KHTML, like Gecko) Chrome/103.0.0.0 Safari/537.36"
66.29.132.124 - - [21/Dec/2024:21:13:19 -0500] "POST /wp-cron.php?doing_wp_cron=1734833599.0944640636444091796875 HTTP/1.1" 200 0 "-" "WordPress/6.7.1; https://misswavenigeria.com"
165.231.182.111 - - [21/Dec/2024:21:13:18 -0500] "GET /register/ HTTP/1.0" 200 75922 "https://misswavenigeria.com/" "Mozilla/5.0 (Windows NT 6.3) AppleWebKit/537.36 (KHTML, like Gecko) Chrome/103.0.0.0 Safari/537.36"
