165.231.182.111 - - [21/Dec/2024:17:29:41 -0500] "POST /register/ HTTP/1.0" 200 76048 "https://misswavenigeria.com/register/" "Mozilla/5.0 (Windows NT 6.3; WOW64) AppleWebKit/537.36 (KHTML, like Gecko) Chrome/103.0.5060.114 Safari/537.36"
66.29.132.124 - - [21/Dec/2024:17:30:55 -0500] "POST /wp-cron.php?doing_wp_cron=1734820255.6007099151611328125000 HTTP/1.1" 200 0 "-" "WordPress/6.7.1; https://misswavenigeria.com"
165.231.182.111 - - [21/Dec/2024:17:30:55 -0500] "GET /register/ HTTP/1.0" 200 75922 "https://misswavenigeria.com/" "Mozilla/5.0 (Windows NT 6.3; WOW64) AppleWebKit/537.36 (KHTML, like Gecko) Chrome/103.0.5060.114 Safari/537.36"
66.29.132.124 - - [21/Dec/2024:17:30:55 -0500] "POST /wp-admin/admin-ajax.php?action=async_litespeed&nonce=clqjYN5fFEZON6ABeZRqNW0R2VRxeSMT&litespeed_type=imgoptm HTTP/1.1" 200 21 "-" "WordPress/6.7.1; https://misswavenigeria.com"
66.29.132.124 - - [21/Dec/2024:17:32:41 -0500] "POST /wp-cron.php?doing_wp_cron=1734820361.5003790855407714843750 HTTP/1.1" 200 0 "-" "WordPress/6.7.1; https://misswavenigeria.com"
165.231.182.111 - - [21/Dec/2024:17:32:39 -0500] "GET / HTTP/1.0" 200 109053 "https://misswavenigeria.com/" "Mozilla/5.0 (Windows NT 10.0; Win64; x64) AppleWebKit/537.36 (KHTML, like Gecko) Chrome/103.0.5060.66 Safari/537.36"
66.29.132.124 - - [21/Dec/2024:17:32:41 -0500] "POST /wp-admin/admin-ajax.php?action=async_litespeed&nonce=dpOoU2fMBkreQyFb2vp9qK1ICF5zef3d&litespeed_type=imgoptm HTTP/1.1" 200 21 "-" "WordPress/6.7.1; https://misswavenigeria.com"
165.231.182.111 - - [21/Dec/2024:17:32:43 -0500] "GET /register/ HTTP/1.0" 200 75922 "https://misswavenigeria.com/register/" "Mozilla/5.0 (Windows NT 10.0; Win64; x64) AppleWebKit/537.36 (KHTML, like Gecko) Chrome/103.0.5060.66 Safari/537.36"
165.231.182.111 - - [21/Dec/2024:17:32:45 -0500] "POST /register/ HTTP/1.0" 200 76048 "https://misswavenigeria.com/register/" "Mozilla/5.0 (Windows NT 10.0; Win64; x64) AppleWebKit/537.36 (KHTML, like Gecko) Chrome/103.0.5060.66 Safari/537.36"
66.29.132.124 - - [21/Dec/2024:17:33:49 -0500] "POST /wp-cron.php?doing_wp_cron=1734820429.9055941104888916015625 HTTP/1.1" 200 0 "-" "WordPress/6.7.1; https://misswavenigeria.com"
165.231.182.111 - - [21/Dec/2024:17:33:49 -0500] "GET /register/ HTTP/1.0" 200 75922 "https://misswavenigeria.com/" "Mozilla/5.0 (Windows NT 10.0; Win64; x64) AppleWebKit/537.36 (KHTML, like Gecko) Chrome/103.0.5060.66 Safari/537.36"
66.29.132.124 - - [21/Dec/2024:17:33:50 -0500] "POST /wp-admin/admin-ajax.php?action=async_litespeed&nonce=aCUK3xIIyPRfhzEPCih864uP1ov3CaaX&litespeed_type=imgoptm HTTP/1.1" 200 21 "-" "WordPress/6.7.1; https://misswavenigeria.com"
66.29.132.124 - - [21/Dec/2024:17:34:28 -0500] "POST /wp-cron.php?doing_wp_cron=1734820468.1473579406738281250000 HTTP/1.1" 200 0 "-" "WordPress/6.7.1; https://misswavenigeria.com"
66.249.79.107 - - [21/Dec/2024:17:34:27 -0500] "GET /goods/O377508?k=product HTTP/1.1" 301 0 "-" "Mozilla/5.0 (Linux; Android 6.0.1; Nexus 5X Build/MMB29P) AppleWebKit/537.36 (KHTML, like Gecko) Chrome/131.0.6778.139 Mobile Safari/537.36 (compatible; Googlebot/2.1; +http://www.google.com/bot.html)"
66.249.79.132 - - [21/Dec/2024:17:34:28 -0500] "GET /goods/O377508?k=product HTTP/1.1" 404 15608 "-" "Mozilla/5.0 (Linux; Android 6.0.1; Nexus 5X Build/MMB29P) AppleWebKit/537.36 (KHTML, like Gecko) Chrome/131.0.6778.139 Mobile Safari/537.36 (compatible; Googlebot/2.1; +http://www.google.com/bot.html)"
66.29.132.124 - - [21/Dec/2024:17:35:37 -0500] "POST /wp-cron.php?doing_wp_cron=1734820537.2013809680938720703125 HTTP/1.1" 200 0 "-" "WordPress/6.7.1; https://misswavenigeria.com"
165.231.182.111 - - [21/Dec/2024:17:35:37 -0500] "GET / HTTP/1.0" 200 109055 "https://misswavenigeria.com/" "Mozilla/5.0 (Windows NT 6.3; Win64; x64) AppleWebKit/537.36 (KHTML, like Gecko) Chrome/103.0.5060.53 Safari/537.36"
66.29.132.124 - - [21/Dec/2024:17:35:37 -0500] "POST /wp-admin/admin-ajax.php?action=async_litespeed&nonce=J3a7UvBX0zu4Tp1pKxQXrJHMiok3kq0l&litespeed_type=imgoptm HTTP/1.1" 200 21 "-" "WordPress/6.7.1; https://misswavenigeria.com"
165.231.182.111 - - [21/Dec/2024:17:35:39 -0500] "GET /register/ HTTP/1.0" 200 75922 "https://misswavenigeria.com/register/" "Mozilla/5.0 (Windows NT 6.3; Win64; x64) AppleWebKit/537.36 (KHTML, like Gecko) Chrome/103.0.5060.53 Safari/537.36"
165.231.182.111 - - [21/Dec/2024:17:35:41 -0500] "POST /register/ HTTP/1.0" 200 76048 "https://misswavenigeria.com/register/" "Mozilla/5.0 (Windows NT 6.3; Win64; x64) AppleWebKit/537.36 (KHTML, like Gecko) Chrome/103.0.5060.53 Safari/537.36"
66.29.132.124 - - [21/Dec/2024:17:36:44 -0500] "POST /wp-cron.php?doing_wp_cron=1734820604.0270490646362304687500 HTTP/1.1" 200 0 "-" "WordPress/6.7.1; https://misswavenigeria.com"
165.231.182.111 - - [21/Dec/2024:17:36:43 -0500] "GET /register/ HTTP/1.0" 200 75922 "https://misswavenigeria.com/" "Mozilla/5.0 (Windows NT 6.3; Win64; x64) AppleWebKit/537.36 (KHTML, like Gecko) Chrome/103.0.5060.53 Safari/537.36"
66.29.132.124 - - [21/Dec/2024:17:36:44 -0500] "POST /wp-admin/admin-ajax.php?action=async_litespeed&nonce=0K45JaSbClcsMwIJrgn7kCQOrqm4xE2f&litespeed_type=imgoptm HTTP/1.1" 200 21 "-" "WordPress/6.7.1; https://misswavenigeria.com"
66.29.132.124 - - [21/Dec/2024:17:38:39 -0500] "POST /wp-cron.php?doing_wp_cron=1734820719.1038200855255126953125 HTTP/1.1" 200 0 "-" "WordPress/6.7.1; https://misswavenigeria.com"
165.231.182.111 - - [21/Dec/2024:17:38:37 -0500] "GET / HTTP/1.0" 200 109055 "https://misswavenigeria.com/" "Mozilla/5.0 (Windows NT 6.3; WOW64) AppleWebKit/537.36 (KHTML, like Gecko) Chrome/103.0.0.0 Safari/537.36"
66.29.132.124 - - [21/Dec/2024:17:38:39 -0500] "POST /wp-admin/admin-ajax.php?action=async_litespeed&nonce=GfNvoYY8qOlKZqpPU8FJhcoybsRhiTmn&litespeed_type=imgoptm HTTP/1.1" 200 21 "-" "WordPress/6.7.1; https://misswavenigeria.com"
165.231.182.111 - - [21/Dec/2024:17:38:41 -0500] "GET /register/ HTTP/1.0" 200 75922 "https://misswavenigeria.com/register/" "Mozilla/5.0 (Windows NT 6.3; WOW64) AppleWebKit/537.36 (KHTML, like Gecko) Chrome/103.0.0.0 Safari/537.36"
165.231.182.111 - - [21/Dec/2024:17:38:43 -0500] "POST /register/ HTTP/1.0" 200 76048 "https://misswavenigeria.com/register/" "Mozilla/5.0 (Windows NT 6.3; WOW64) AppleWebKit/537.36 (KHTML, like Gecko) Chrome/103.0.0.0 Safari/537.36"
66.29.132.124 - - [21/Dec/2024:17:39:35 -0500] "POST /wp-cron.php?doing_wp_cron=1734820775.5611340999603271484375 HTTP/1.1" 200 0 "-" "WordPress/6.7.1; https://misswavenigeria.com"
165.231.182.111 - - [21/Dec/2024:17:39:35 -0500] "GET /register/ HTTP/1.0" 200 75922 "https://misswavenigeria.com/" "Mozilla/5.0 (Windows NT 6.3; WOW64) AppleWebKit/537.36 (KHTML, like Gecko) Chrome/103.0.0.0 Safari/537.36"
66.29.132.124 - - [21/Dec/2024:17:39:35 -0500] "POST /wp-admin/admin-ajax.php?action=async_litespeed&nonce=fI0lSSnbNQg9N1cnXLVB6BZkZroijMmD&litespeed_type=imgoptm HTTP/1.1" 200 21 "-" "WordPress/6.7.1; https://misswavenigeria.com"
66.29.132.124 - - [21/Dec/2024:17:41:37 -0500] "POST /wp-cron.php?doing_wp_cron=1734820897.0868949890136718750000 HTTP/1.1" 200 0 "-" "WordPress/6.7.1; https://misswavenigeria.com"
165.231.182.111 - - [21/Dec/2024:17:41:35 -0500] "GET / HTTP/1.0" 200 109055 "https://misswavenigeria.com/" "Mozilla/5.0 (Windows NT 10.0; Win64; x64) AppleWebKit/537.36 (KHTML, like Gecko) Chrome/103.0.5060.53 Safari/537.36"
66.29.132.124 - - [21/Dec/2024:17:41:37 -0500] "POST /wp-admin/admin-ajax.php?action=async_litespeed&nonce=j9G3hVmfRih4272O6Ip4EJldi2YQhQHb&litespeed_type=imgoptm HTTP/1.1" 200 21 "-" "WordPress/6.7.1; https://misswavenigeria.com"
165.231.182.111 - - [21/Dec/2024:17:41:39 -0500] "GET /register/ HTTP/1.0" 200 75922 "https://misswavenigeria.com/register/" "Mozilla/5.0 (Windows NT 10.0; Win64; x64) AppleWebKit/537.36 (KHTML, like Gecko) Chrome/103.0.5060.53 Safari/537.36"
165.231.182.111 - - [21/Dec/2024:17:41:40 -0500] "POST /register/ HTTP/1.0" 200 76048 "https://misswavenigeria.com/register/" "Mozilla/5.0 (Windows NT 10.0; Win64; x64) AppleWebKit/537.36 (KHTML, like Gecko) Chrome/103.0.5060.53 Safari/537.36"
66.29.132.124 - - [21/Dec/2024:17:42:34 -0500] "POST /wp-cron.php?doing_wp_cron=1734820954.6360239982604980468750 HTTP/1.1" 200 0 "-" "WordPress/6.7.1; https://misswavenigeria.com"
165.231.182.111 - - [21/Dec/2024:17:42:34 -0500] "GET /register/ HTTP/1.0" 200 75922 "https://misswavenigeria.com/" "Mozilla/5.0 (Windows NT 10.0; Win64; x64) AppleWebKit/537.36 (KHTML, like Gecko) Chrome/103.0.5060.53 Safari/537.36"
66.29.132.124 - - [21/Dec/2024:17:42:34 -0500] "POST /wp-admin/admin-ajax.php?action=async_litespeed&nonce=g7mx1VKdbI693BNDkIX2o5gILwKcQCeH&litespeed_type=imgoptm HTTP/1.1" 200 21 "-" "WordPress/6.7.1; https://misswavenigeria.com"
66.29.132.124 - - [21/Dec/2024:17:44:33 -0500] "POST /wp-cron.php?doing_wp_cron=1734821072.9905591011047363281250 HTTP/1.1" 200 0 "-" "WordPress/6.7.1; https://misswavenigeria.com"
165.231.182.111 - - [21/Dec/2024:17:44:31 -0500] "GET / HTTP/1.0" 200 109053 "https://misswavenigeria.com/" "Mozilla/5.0 (Windows NT 6.1; Win64; x64) AppleWebKit/537.36 (KHTML, like Gecko) Chrome/103.0.0.0 Safari/537.36"
66.29.132.124 - - [21/Dec/2024:17:44:33 -0500] "POST /wp-admin/admin-ajax.php?action=async_litespeed&nonce=AV9KZrmrcsbMQNUvgU3mQ5pJCDUrYppu&litespeed_type=imgoptm HTTP/1.1" 200 21 "-" "WordPress/6.7.1; https://misswavenigeria.com"
165.231.182.111 - - [21/Dec/2024:17:44:35 -0500] "GET /register/ HTTP/1.0" 200 75922 "https://misswavenigeria.com/register/" "Mozilla/5.0 (Windows NT 6.1; Win64; x64) AppleWebKit/537.36 (KHTML, like Gecko) Chrome/103.0.0.0 Safari/537.36"
165.231.182.111 - - [21/Dec/2024:17:44:36 -0500] "POST /register/ HTTP/1.0" 200 76048 "https://misswavenigeria.com/register/" "Mozilla/5.0 (Windows NT 6.1; Win64; x64) AppleWebKit/537.36 (KHTML, like Gecko) Chrome/103.0.0.0 Safari/537.36"
66.29.132.124 - - [21/Dec/2024:17:45:42 -0500] "POST /wp-cron.php?doing_wp_cron=1734821141.9987480640411376953125 HTTP/1.1" 200 0 "-" "WordPress/6.7.1; https://misswavenigeria.com"
165.231.182.111 - - [21/Dec/2024:17:45:41 -0500] "GET /register/ HTTP/1.0" 200 75922 "https://misswavenigeria.com/" "Mozilla/5.0 (Windows NT 6.1; Win64; x64) AppleWebKit/537.36 (KHTML, like Gecko) Chrome/103.0.0.0 Safari/537.36"
66.29.132.124 - - [21/Dec/2024:17:45:42 -0500] "POST /wp-admin/admin-ajax.php?action=async_litespeed&nonce=l4RS8gg42Ze0vS54FWQHDHi93jjReyAN&litespeed_type=imgoptm HTTP/1.1" 200 21 "-" "WordPress/6.7.1; https://misswavenigeria.com"
66.29.132.124 - - [21/Dec/2024:17:47:25 -0500] "POST /wp-cron.php?doing_wp_cron=1734821245.8546640872955322265625 HTTP/1.1" 200 0 "-" "WordPress/6.7.1; https://misswavenigeria.com"
165.231.182.111 - - [21/Dec/2024:17:47:24 -0500] "GET / HTTP/1.0" 200 109055 "https://misswavenigeria.com/" "Mozilla/5.0 (Windows NT 6.1; Win64; x64) AppleWebKit/537.36 (KHTML, like Gecko) Chrome/103.0.5060.66 Safari/537.36"
66.29.132.124 - - [21/Dec/2024:17:47:26 -0500] "POST /wp-admin/admin-ajax.php?action=async_litespeed&nonce=ploUJfU2z95EFHsRLkz043jRWY7TxiIi&litespeed_type=imgoptm HTTP/1.1" 200 21 "-" "WordPress/6.7.1; https://misswavenigeria.com"
165.231.182.111 - - [21/Dec/2024:17:47:28 -0500] "GET /register/ HTTP/1.0" 200 75922 "https://misswavenigeria.com/register/" "Mozilla/5.0 (Windows NT 6.1; Win64; x64) AppleWebKit/537.36 (KHTML, like Gecko) Chrome/103.0.5060.66 Safari/537.36"
165.231.182.111 - - [21/Dec/2024:17:47:29 -0500] "POST /register/ HTTP/1.0" 200 76048 "https://misswavenigeria.com/register/" "Mozilla/5.0 (Windows NT 6.1; Win64; x64) AppleWebKit/537.36 (KHTML, like Gecko) Chrome/103.0.5060.66 Safari/537.36"
66.29.132.124 - - [21/Dec/2024:17:48:36 -0500] "POST /wp-cron.php?doing_wp_cron=1734821316.7490289211273193359375 HTTP/1.1" 200 0 "-" "WordPress/6.7.1; https://misswavenigeria.com"
165.231.182.111 - - [21/Dec/2024:17:48:36 -0500] "GET /register/ HTTP/1.0" 200 75922 "https://misswavenigeria.com/" "Mozilla/5.0 (Windows NT 6.1; Win64; x64) AppleWebKit/537.36 (KHTML, like Gecko) Chrome/103.0.5060.66 Safari/537.36"
66.29.132.124 - - [21/Dec/2024:17:48:36 -0500] "POST /wp-admin/admin-ajax.php?action=async_litespeed&nonce=dLtBap9ECOdjiWfh2mbPQNHsUzUvDy97&litespeed_type=imgoptm HTTP/1.1" 200 21 "-" "WordPress/6.7.1; https://misswavenigeria.com"
66.29.132.124 - - [21/Dec/2024:17:50:24 -0500] "POST /wp-cron.php?doing_wp_cron=1734821424.3900029659271240234375 HTTP/1.1" 200 0 "-" "WordPress/6.7.1; https://misswavenigeria.com"
66.29.132.124 - - [21/Dec/2024:17:50:24 -0500] "POST /wp-cron.php?doing_wp_cron=1734821424.3899888992309570312500 HTTP/1.1" 200 0 "-" "WordPress/6.7.1; https://misswavenigeria.com"
66.249.79.107 - - [21/Dec/2024:17:50:23 -0500] "GET /goods/V656547?k=product HTTP/1.1" 301 0 "-" "Mozilla/5.0 (Linux; Android 6.0.1; Nexus 5X Build/MMB29P) AppleWebKit/537.36 (KHTML, like Gecko) Chrome/131.0.6778.139 Mobile Safari/537.36 (compatible; Googlebot/2.1; +http://www.google.com/bot.html)"
165.231.182.111 - - [21/Dec/2024:17:50:23 -0500] "GET / HTTP/1.0" 200 109053 "https://misswavenigeria.com/" "Mozilla/5.0 (Windows NT 6.3; Win64; x64) AppleWebKit/537.36 (KHTML, like Gecko) Chrome/103.0.5060.53 Safari/537.36"
66.29.132.124 - - [21/Dec/2024:17:50:24 -0500] "POST /wp-admin/admin-ajax.php?action=async_litespeed&nonce=qZDNWTLzTBmGbxqrlPL7H5fRypMCsXb5&litespeed_type=imgoptm HTTP/1.1" 200 21 "-" "WordPress/6.7.1; https://misswavenigeria.com"
66.249.79.131 - - [21/Dec/2024:17:50:24 -0500] "GET /goods/V656547?k=product HTTP/1.1" 404 15608 "-" "Mozilla/5.0 (Linux; Android 6.0.1; Nexus 5X Build/MMB29P) AppleWebKit/537.36 (KHTML, like Gecko) Chrome/131.0.6778.139 Mobile Safari/537.36 (compatible; Googlebot/2.1; +http://www.google.com/bot.html)"
165.231.182.111 - - [21/Dec/2024:17:50:26 -0500] "GET /register/ HTTP/1.0" 200 75922 "https://misswavenigeria.com/register/" "Mozilla/5.0 (Windows NT 6.3; Win64; x64) AppleWebKit/537.36 (KHTML, like Gecko) Chrome/103.0.5060.53 Safari/537.36"
66.29.132.124 - - [21/Dec/2024:17:50:28 -0500] "POST /wp-cron.php?doing_wp_cron=1734821428.4316740036010742187500 HTTP/1.1" 200 0 "-" "WordPress/6.7.1; https://misswavenigeria.com"
165.231.182.111 - - [21/Dec/2024:17:50:28 -0500] "POST /register/ HTTP/1.0" 200 76048 "https://misswavenigeria.com/register/" "Mozilla/5.0 (Windows NT 6.3; Win64; x64) AppleWebKit/537.36 (KHTML, like Gecko) Chrome/103.0.5060.53 Safari/537.36"
66.29.132.124 - - [21/Dec/2024:17:51:47 -0500] "POST /wp-cron.php?doing_wp_cron=1734821507.0276989936828613281250 HTTP/1.1" 200 0 "-" "WordPress/6.7.1; https://misswavenigeria.com"
165.231.182.111 - - [21/Dec/2024:17:51:46 -0500] "GET /register/ HTTP/1.0" 200 75922 "https://misswavenigeria.com/" "Mozilla/5.0 (Windows NT 6.3; Win64; x64) AppleWebKit/537.36 (KHTML, like Gecko) Chrome/103.0.5060.53 Safari/537.36"
66.29.132.124 - - [21/Dec/2024:17:51:47 -0500] "POST /wp-admin/admin-ajax.php?action=async_litespeed&nonce=XcA562XN7XzqC7tIk0YY0dsdjmxxhUf7&litespeed_type=imgoptm HTTP/1.1" 200 21 "-" "WordPress/6.7.1; https://misswavenigeria.com"
66.29.132.124 - - [21/Dec/2024:17:53:21 -0500] "POST /wp-cron.php?doing_wp_cron=1734821601.8986840248107910156250 HTTP/1.1" 200 0 "-" "WordPress/6.7.1; https://misswavenigeria.com"
165.231.182.111 - - [21/Dec/2024:17:53:20 -0500] "GET / HTTP/1.0" 200 109051 "https://misswavenigeria.com/" "Mozilla/5.0 (Windows NT 6.3) AppleWebKit/537.36 (KHTML, like Gecko) Chrome/103.0.0.0 Safari/537.36"
66.29.132.124 - - [21/Dec/2024:17:53:22 -0500] "POST /wp-admin/admin-ajax.php?action=async_litespeed&nonce=zVoqArm7sFtZlbYqbX3uDo7hiDCBO43J&litespeed_type=imgoptm HTTP/1.1" 200 21 "-" "WordPress/6.7.1; https://misswavenigeria.com"
165.231.182.111 - - [21/Dec/2024:17:53:24 -0500] "GET /register/ HTTP/1.0" 200 75922 "https://misswavenigeria.com/register/" "Mozilla/5.0 (Windows NT 6.3) AppleWebKit/537.36 (KHTML, like Gecko) Chrome/103.0.0.0 Safari/537.36"
66.29.132.124 - - [21/Dec/2024:17:53:26 -0500] "POST /wp-cron.php?doing_wp_cron=1734821605.9945859909057617187500 HTTP/1.1" 200 0 "-" "WordPress/6.7.1; https://misswavenigeria.com"
165.231.182.111 - - [21/Dec/2024:17:53:25 -0500] "POST /register/ HTTP/1.0" 200 76048 "https://misswavenigeria.com/register/" "Mozilla/5.0 (Windows NT 6.3) AppleWebKit/537.36 (KHTML, like Gecko) Chrome/103.0.0.0 Safari/537.36"
66.29.132.124 - - [21/Dec/2024:17:54:44 -0500] "POST /wp-cron.php?doing_wp_cron=1734821684.7348530292510986328125 HTTP/1.1" 200 0 "-" "WordPress/6.7.1; https://misswavenigeria.com"
165.231.182.111 - - [21/Dec/2024:17:54:44 -0500] "GET /register/ HTTP/1.0" 200 75922 "https://misswavenigeria.com/" "Mozilla/5.0 (Windows NT 6.3) AppleWebKit/537.36 (KHTML, like Gecko) Chrome/103.0.0.0 Safari/537.36"
66.29.132.124 - - [21/Dec/2024:17:54:44 -0500] "POST /wp-admin/admin-ajax.php?action=async_litespeed&nonce=t6H8foHVI7POH89Ccc7Jbx1qfRTgFrp1&litespeed_type=imgoptm HTTP/1.1" 200 21 "-" "WordPress/6.7.1; https://misswavenigeria.com"
66.29.132.124 - - [21/Dec/2024:17:56:18 -0500] "POST /wp-cron.php?doing_wp_cron=1734821778.3175690174102783203125 HTTP/1.1" 200 0 "-" "WordPress/6.7.1; https://misswavenigeria.com"
165.231.182.111 - - [21/Dec/2024:17:56:16 -0500] "GET / HTTP/1.0" 200 109053 "https://misswavenigeria.com/" "Mozilla/5.0 (Windows NT 6.3; Win64; x64) AppleWebKit/537.36 (KHTML, like Gecko) Chrome/103.0.0.0 Safari/537.36"
66.29.132.124 - - [21/Dec/2024:17:56:18 -0500] "POST /wp-admin/admin-ajax.php?action=async_litespeed&nonce=gg5abJVJ19xWZRbTPYCC467sjw5Q1cww&litespeed_type=imgoptm HTTP/1.1" 200 21 "-" "WordPress/6.7.1; https://misswavenigeria.com"
165.231.182.111 - - [21/Dec/2024:17:56:20 -0500] "GET /register/ HTTP/1.0" 200 75922 "https://misswavenigeria.com/register/" "Mozilla/5.0 (Windows NT 6.3; Win64; x64) AppleWebKit/537.36 (KHTML, like Gecko) Chrome/103.0.0.0 Safari/537.36"
51.222.253.11 - - [21/Dec/2024:17:57:02 -0500] "GET /robots.txt HTTP/1.1" 200 99 "-" "Mozilla/5.0 (compatible; AhrefsBot/7.0; +http://ahrefs.com/robot/)"
66.29.132.124 - - [21/Dec/2024:17:57:04 -0500] "POST /wp-cron.php?doing_wp_cron=1734821824.3999669551849365234375 HTTP/1.1" 200 0 "-" "WordPress/6.7.1; https://misswavenigeria.com"
51.222.253.6 - - [21/Dec/2024:17:57:04 -0500] "GET /o_models/divine-miss-crossriver/ HTTP/1.1" 200 15953 "-" "Mozilla/5.0 (compatible; AhrefsBot/7.0; +http://ahrefs.com/robot/)"
66.29.132.124 - - [21/Dec/2024:17:57:04 -0500] "POST /wp-admin/admin-ajax.php?action=async_litespeed&nonce=FnXr5VnYzXvwDqPYdZeToHyBmDbid3n0&litespeed_type=imgoptm HTTP/1.1" 200 21 "-" "WordPress/6.7.1; https://misswavenigeria.com"
66.249.79.105 - - [21/Dec/2024:17:57:04 -0500] "GET /goods/D697609?k=product HTTP/1.1" 301 0 "-" "Mozilla/5.0 (Linux; Android 6.0.1; Nexus 5X Build/MMB29P) AppleWebKit/537.36 (KHTML, like Gecko) Chrome/131.0.6778.139 Mobile Safari/537.36 (compatible; Googlebot/2.1; +http://www.google.com/bot.html)"
66.249.79.131 - - [21/Dec/2024:17:57:05 -0500] "GET /goods/D697609?k=product HTTP/1.1" 404 15609 "-" "Mozilla/5.0 (Linux; Android 6.0.1; Nexus 5X Build/MMB29P) AppleWebKit/537.36 (KHTML, like Gecko) Chrome/131.0.6778.139 Mobile Safari/537.36 (compatible; Googlebot/2.1; +http://www.google.com/bot.html)"
165.231.182.111 - - [21/Dec/2024:17:56:22 -0500] "POST /register/ HTTP/1.0" 200 76048 "https://misswavenigeria.com/register/" "Mozilla/5.0 (Windows NT 6.3; Win64; x64) AppleWebKit/537.36 (KHTML, like Gecko) Chrome/103.0.0.0 Safari/537.36"
66.29.132.124 - - [21/Dec/2024:17:57:45 -0500] "POST /wp-cron.php?doing_wp_cron=1734821865.1686389446258544921875 HTTP/1.1" 200 0 "-" "WordPress/6.7.1; https://misswavenigeria.com"
165.231.182.111 - - [21/Dec/2024:17:57:45 -0500] "GET /register/ HTTP/1.0" 200 75922 "https://misswavenigeria.com/" "Mozilla/5.0 (Windows NT 6.3; Win64; x64) AppleWebKit/537.36 (KHTML, like Gecko) Chrome/103.0.0.0 Safari/537.36"
66.29.132.124 - - [21/Dec/2024:17:57:45 -0500] "POST /wp-admin/admin-ajax.php?action=async_litespeed&nonce=kRorwAojmBOEnAUQm52ImqN3RAnbGXRv&litespeed_type=imgoptm HTTP/1.1" 200 21 "-" "WordPress/6.7.1; https://misswavenigeria.com"
66.29.132.124 - - [21/Dec/2024:17:59:14 -0500] "POST /wp-cron.php?doing_wp_cron=1734821954.3768339157104492187500 HTTP/1.1" 200 0 "-" "WordPress/6.7.1; https://misswavenigeria.com"
165.231.182.111 - - [21/Dec/2024:17:59:12 -0500] "GET / HTTP/1.0" 200 109055 "https://misswavenigeria.com/" "Mozilla/5.0 (Windows NT 6.1) AppleWebKit/537.36 (KHTML, like Gecko) Chrome/103.0.0.0 Safari/537.36"
66.29.132.124 - - [21/Dec/2024:17:59:14 -0500] "POST /wp-admin/admin-ajax.php?action=async_litespeed&nonce=l8At5cURc1YZ8wgCdwNbJwdDAHrBHxsy&litespeed_type=imgoptm HTTP/1.1" 200 21 "-" "WordPress/6.7.1; https://misswavenigeria.com"
165.231.182.111 - - [21/Dec/2024:17:59:16 -0500] "GET /register/ HTTP/1.0" 200 75922 "https://misswavenigeria.com/register/" "Mozilla/5.0 (Windows NT 6.1) AppleWebKit/537.36 (KHTML, like Gecko) Chrome/103.0.0.0 Safari/537.36"
165.231.182.111 - - [21/Dec/2024:17:59:18 -0500] "POST /register/ HTTP/1.0" 200 76048 "https://misswavenigeria.com/register/" "Mozilla/5.0 (Windows NT 6.1) AppleWebKit/537.36 (KHTML, like Gecko) Chrome/103.0.0.0 Safari/537.36"
66.29.132.124 - - [21/Dec/2024:18:00:31 -0500] "POST /wp-cron.php?doing_wp_cron=1734822031.9426929950714111328125 HTTP/1.1" 200 0 "-" "WordPress/6.7.1; https://misswavenigeria.com"
165.231.182.111 - - [21/Dec/2024:18:00:31 -0500] "GET /register/ HTTP/1.0" 200 75922 "https://misswavenigeria.com/" "Mozilla/5.0 (Windows NT 6.1) AppleWebKit/537.36 (KHTML, like Gecko) Chrome/103.0.0.0 Safari/537.36"
66.29.132.124 - - [21/Dec/2024:18:00:32 -0500] "POST /wp-admin/admin-ajax.php?action=async_litespeed&nonce=iZ8na3s9Omotbhaymztbv3WbAcprsEZl&litespeed_type=imgoptm HTTP/1.1" 200 21 "-" "WordPress/6.7.1; https://misswavenigeria.com"
66.29.132.124 - - [21/Dec/2024:18:02:13 -0500] "POST /wp-cron.php?doing_wp_cron=1734822133.7701179981231689453125 HTTP/1.1" 200 0 "-" "WordPress/6.7.1; https://misswavenigeria.com"
165.231.182.111 - - [21/Dec/2024:18:02:12 -0500] "GET / HTTP/1.0" 200 109053 "https://misswavenigeria.com/" "Mozilla/5.0 (Windows NT 6.3; Win64; x64) AppleWebKit/537.36 (KHTML, like Gecko) Chrome/103.0.5060.53 Safari/537.36"
66.29.132.124 - - [21/Dec/2024:18:02:13 -0500] "POST /wp-admin/admin-ajax.php?action=async_litespeed&nonce=PFlogCnI3AaCXaXBmN3pMqof5MF0eTKv&litespeed_type=imgoptm HTTP/1.1" 200 21 "-" "WordPress/6.7.1; https://misswavenigeria.com"
165.231.182.111 - - [21/Dec/2024:18:02:16 -0500] "GET /register/ HTTP/1.0" 200 75922 "https://misswavenigeria.com/register/" "Mozilla/5.0 (Windows NT 6.3; Win64; x64) AppleWebKit/537.36 (KHTML, like Gecko) Chrome/103.0.5060.53 Safari/537.36"
165.231.182.111 - - [21/Dec/2024:18:02:17 -0500] "POST /register/ HTTP/1.0" 200 76048 "https://misswavenigeria.com/register/" "Mozilla/5.0 (Windows NT 6.3; Win64; x64) AppleWebKit/537.36 (KHTML, like Gecko) Chrome/103.0.5060.53 Safari/537.36"
66.29.132.124 - - [21/Dec/2024:18:03:17 -0500] "POST /wp-cron.php?doing_wp_cron=1734822197.2199668884277343750000 HTTP/1.1" 200 0 "-" "WordPress/6.7.1; https://misswavenigeria.com"
165.231.182.111 - - [21/Dec/2024:18:03:17 -0500] "GET /register/ HTTP/1.0" 200 75922 "https://misswavenigeria.com/" "Mozilla/5.0 (Windows NT 6.3; Win64; x64) AppleWebKit/537.36 (KHTML, like Gecko) Chrome/103.0.5060.53 Safari/537.36"
66.29.132.124 - - [21/Dec/2024:18:03:17 -0500] "POST /wp-admin/admin-ajax.php?action=async_litespeed&nonce=DX6LdIvghMh7wCgAfusXXTWNjkO0dJsS&litespeed_type=imgoptm HTTP/1.1" 200 21 "-" "WordPress/6.7.1; https://misswavenigeria.com"
66.29.132.124 - - [21/Dec/2024:18:05:14 -0500] "POST /wp-cron.php?doing_wp_cron=1734822314.5643460750579833984375 HTTP/1.1" 200 0 "-" "WordPress/6.7.1; https://misswavenigeria.com"
165.231.182.111 - - [21/Dec/2024:18:05:12 -0500] "GET / HTTP/1.0" 200 109055 "https://misswavenigeria.com/" "Mozilla/5.0 (Windows NT 10.0; Win64; x64) AppleWebKit/537.36 (KHTML, like Gecko) Chrome/103.0.5060.66 Safari/537.36"
66.29.132.124 - - [21/Dec/2024:18:05:14 -0500] "POST /wp-admin/admin-ajax.php?action=async_litespeed&nonce=7PGvAPrZ7veO36AMRx05bdNgS6Xkyvhf&litespeed_type=imgoptm HTTP/1.1" 200 21 "-" "WordPress/6.7.1; https://misswavenigeria.com"
165.231.182.111 - - [21/Dec/2024:18:05:16 -0500] "GET /register/ HTTP/1.0" 200 75922 "https://misswavenigeria.com/register/" "Mozilla/5.0 (Windows NT 10.0; Win64; x64) AppleWebKit/537.36 (KHTML, like Gecko) Chrome/103.0.5060.66 Safari/537.36"
165.231.182.111 - - [21/Dec/2024:18:05:18 -0500] "POST /register/ HTTP/1.0" 200 76048 "https://misswavenigeria.com/register/" "Mozilla/5.0 (Windows NT 10.0; Win64; x64) AppleWebKit/537.36 (KHTML, like Gecko) Chrome/103.0.5060.66 Safari/537.36"
66.29.132.124 - - [21/Dec/2024:18:06:42 -0500] "POST /wp-cron.php?doing_wp_cron=1734822402.3673520088195800781250 HTTP/1.1" 200 0 "-" "WordPress/6.7.1; https://misswavenigeria.com"
165.231.182.111 - - [21/Dec/2024:18:06:42 -0500] "GET /register/ HTTP/1.0" 200 75922 "https://misswavenigeria.com/" "Mozilla/5.0 (Windows NT 10.0; Win64; x64) AppleWebKit/537.36 (KHTML, like Gecko) Chrome/103.0.5060.66 Safari/537.36"
66.29.132.124 - - [21/Dec/2024:18:06:42 -0500] "POST /wp-admin/admin-ajax.php?action=async_litespeed&nonce=IoopzrZBJK0PWeAVCR75mroAz9lcyvP6&litespeed_type=imgoptm HTTP/1.1" 200 21 "-" "WordPress/6.7.1; https://misswavenigeria.com"
66.29.132.124 - - [21/Dec/2024:18:07:37 -0500] "POST /wp-cron.php?doing_wp_cron=1734822457.5453848838806152343750 HTTP/1.1" 200 0 "-" "WordPress/6.7.1; https://misswavenigeria.com"
52.167.144.145 - - [21/Dec/2024:18:07:37 -0500] "GET /wp-sitemap-posts-ombreteam-1.xml HTTP/1.1" 200 296 "-" "Mozilla/5.0 AppleWebKit/537.36 (KHTML, like Gecko; compatible; bingbot/2.0; +http://www.bing.com/bingbot.htm) Chrome/116.0.1938.76 Safari/537.36"
52.167.144.145 - - [21/Dec/2024:18:07:37 -0500] "GET /wp-sitemap-posts-ombregalleries-1.xml HTTP/1.1" 200 291 "-" "Mozilla/5.0 AppleWebKit/537.36 (KHTML, like Gecko; compatible; bingbot/2.0; +http://www.bing.com/bingbot.htm) Chrome/116.0.1938.76 Safari/537.36"
66.29.132.124 - - [21/Dec/2024:18:07:37 -0500] "POST /wp-admin/admin-ajax.php?action=async_litespeed&nonce=VQqbe7nfZ6qtLW2Q8oqjkfchgB5cuxMM&litespeed_type=imgoptm HTTP/1.1" 200 21 "-" "WordPress/6.7.1; https://misswavenigeria.com"
52.167.144.145 - - [21/Dec/2024:18:07:37 -0500] "GET /wp-sitemap-taxonomies-ombregallerycats-1.xml HTTP/1.1" 200 193 "-" "Mozilla/5.0 AppleWebKit/537.36 (KHTML, like Gecko; compatible; bingbot/2.0; +http://www.bing.com/bingbot.htm) Chrome/116.0.1938.76 Safari/537.36"
52.167.144.145 - - [21/Dec/2024:18:07:38 -0500] "GET /wp-sitemap-posts-ombreslider-1.xml HTTP/1.1" 200 279 "-" "Mozilla/5.0 AppleWebKit/537.36 (KHTML, like Gecko; compatible; bingbot/2.0; +http://www.bing.com/bingbot.htm) Chrome/116.0.1938.76 Safari/537.36"
52.167.144.145 - - [21/Dec/2024:18:07:38 -0500] "GET /wp-sitemap-taxonomies-ombremodelcats-1.xml HTTP/1.1" 200 173 "-" "Mozilla/5.0 AppleWebKit/537.36 (KHTML, like Gecko; compatible; bingbot/2.0; +http://www.bing.com/bingbot.htm) Chrome/116.0.1938.76 Safari/537.36"
52.167.144.145 - - [21/Dec/2024:18:07:39 -0500] "GET /wp-sitemap-users-1.xml HTTP/1.1" 200 162 "-" "Mozilla/5.0 AppleWebKit/537.36 (KHTML, like Gecko; compatible; bingbot/2.0; +http://www.bing.com/bingbot.htm) Chrome/116.0.1938.76 Safari/537.36"
157.55.39.51 - - [21/Dec/2024:18:07:42 -0500] "GET /wp-sitemap-posts-ombremodels-1.xml HTTP/1.1" 200 555 "-" "Mozilla/5.0 AppleWebKit/537.36 (KHTML, like Gecko; compatible; bingbot/2.0; +http://www.bing.com/bingbot.htm) Chrome/116.0.1938.76 Safari/537.36"
52.167.144.142 - - [21/Dec/2024:18:07:47 -0500] "GET /wp-sitemap-posts-ombretestimonials-1.xml HTTP/1.1" 200 276 "-" "Mozilla/5.0 AppleWebKit/537.36 (KHTML, like Gecko; compatible; bingbot/2.0; +http://www.bing.com/bingbot.htm) Chrome/116.0.1938.76 Safari/537.36"
52.167.144.142 - - [21/Dec/2024:18:07:48 -0500] "GET /wp-sitemap-posts-ombrepartners-1.xml HTTP/1.1" 200 202 "-" "Mozilla/5.0 AppleWebKit/537.36 (KHTML, like Gecko; compatible; bingbot/2.0; +http://www.bing.com/bingbot.htm) Chrome/116.0.1938.76 Safari/537.36"
52.167.144.142 - - [21/Dec/2024:18:07:48 -0500] "GET /wp-sitemap-posts-page-1.xml HTTP/1.1" 200 582 "-" "Mozilla/5.0 AppleWebKit/537.36 (KHTML, like Gecko; compatible; bingbot/2.0; +http://www.bing.com/bingbot.htm) Chrome/116.0.1938.76 Safari/537.36"
165.231.182.111 - - [21/Dec/2024:18:08:10 -0500] "GET / HTTP/1.0" 200 109053 "https://misswavenigeria.com/" "Mozilla/5.0 (Windows NT 10.0; Win64; x64) AppleWebKit/537.36 (KHTML, like Gecko) Chrome/103.0.5060.134 Safari/537.36"
165.231.182.111 - - [21/Dec/2024:18:08:12 -0500] "GET /register/ HTTP/1.0" 200 75922 "https://misswavenigeria.com/register/" "Mozilla/5.0 (Windows NT 10.0; Win64; x64) AppleWebKit/537.36 (KHTML, like Gecko) Chrome/103.0.5060.134 Safari/537.36"
165.231.182.111 - - [21/Dec/2024:18:08:14 -0500] "POST /register/ HTTP/1.0" 200 76048 "https://misswavenigeria.com/register/" "Mozilla/5.0 (Windows NT 10.0; Win64; x64) AppleWebKit/537.36 (KHTML, like Gecko) Chrome/103.0.5060.134 Safari/537.36"
66.29.132.124 - - [21/Dec/2024:18:09:15 -0500] "POST /wp-cron.php?doing_wp_cron=1734822555.5080080032348632812500 HTTP/1.1" 200 0 "-" "WordPress/6.7.1; https://misswavenigeria.com"
165.231.182.111 - - [21/Dec/2024:18:09:15 -0500] "GET /register/ HTTP/1.0" 200 75922 "https://misswavenigeria.com/" "Mozilla/5.0 (Windows NT 10.0; Win64; x64) AppleWebKit/537.36 (KHTML, like Gecko) Chrome/103.0.5060.134 Safari/537.36"
66.29.132.124 - - [21/Dec/2024:18:09:15 -0500] "POST /wp-admin/admin-ajax.php?action=async_litespeed&nonce=hGmJwAFbeeepq4dJ55m1YmnIQv5pDQ5j&litespeed_type=imgoptm HTTP/1.1" 200 21 "-" "WordPress/6.7.1; https://misswavenigeria.com"
66.29.132.124 - - [21/Dec/2024:18:11:17 -0500] "POST /wp-cron.php?doing_wp_cron=1734822677.4175140857696533203125 HTTP/1.1" 200 0 "-" "WordPress/6.7.1; https://misswavenigeria.com"
165.231.182.111 - - [21/Dec/2024:18:11:15 -0500] "GET / HTTP/1.0" 200 109055 "https://misswavenigeria.com/" "Mozilla/5.0 (Windows NT 6.1; WOW64) AppleWebKit/537.36 (KHTML, like Gecko) Chrome/103.0.0.0 Safari/537.36"
66.29.132.124 - - [21/Dec/2024:18:11:18 -0500] "POST /wp-admin/admin-ajax.php?action=async_litespeed&nonce=NgjnE1mMJP90uTcF3fDExm3BFYJHrtqX&litespeed_type=imgoptm HTTP/1.1" 200 21 "-" "WordPress/6.7.1; https://misswavenigeria.com"
165.231.182.111 - - [21/Dec/2024:18:11:20 -0500] "GET /register/ HTTP/1.0" 200 75922 "https://misswavenigeria.com/register/" "Mozilla/5.0 (Windows NT 6.1; WOW64) AppleWebKit/537.36 (KHTML, like Gecko) Chrome/103.0.0.0 Safari/537.36"
165.231.182.111 - - [21/Dec/2024:18:11:22 -0500] "POST /register/ HTTP/1.0" 200 76048 "https://misswavenigeria.com/register/" "Mozilla/5.0 (Windows NT 6.1; WOW64) AppleWebKit/537.36 (KHTML, like Gecko) Chrome/103.0.0.0 Safari/537.36"
66.29.132.124 - - [21/Dec/2024:18:13:14 -0500] "POST /wp-cron.php?doing_wp_cron=1734822794.1568810939788818359375 HTTP/1.1" 200 0 "-" "WordPress/6.7.1; https://misswavenigeria.com"
165.231.182.111 - - [21/Dec/2024:18:13:14 -0500] "GET /register/ HTTP/1.0" 200 75922 "https://misswavenigeria.com/" "Mozilla/5.0 (Windows NT 6.1; WOW64) AppleWebKit/537.36 (KHTML, like Gecko) Chrome/103.0.0.0 Safari/537.36"
66.29.132.124 - - [21/Dec/2024:18:13:14 -0500] "POST /wp-admin/admin-ajax.php?action=async_litespeed&nonce=18ZcaD0N2WAh01zDAbgvsacg1v1UL9T4&litespeed_type=imgoptm HTTP/1.1" 200 21 "-" "WordPress/6.7.1; https://misswavenigeria.com"
66.29.132.124 - - [21/Dec/2024:18:14:07 -0500] "POST /wp-cron.php?doing_wp_cron=1734822847.6535871028900146484375 HTTP/1.1" 200 0 "-" "WordPress/6.7.1; https://misswavenigeria.com"
165.231.182.111 - - [21/Dec/2024:18:14:07 -0500] "GET / HTTP/1.0" 200 109055 "https://misswavenigeria.com/" "Mozilla/5.0 (Windows NT 6.1; Win64; x64) AppleWebKit/537.36 (KHTML, like Gecko) Chrome/103.0.0.0 Safari/537.36"
66.29.132.124 - - [21/Dec/2024:18:14:07 -0500] "POST /wp-admin/admin-ajax.php?action=async_litespeed&nonce=0Swdto4Uk15Fx9Va4FJKGm5E9Q4h4MBT&litespeed_type=imgoptm HTTP/1.1" 200 21 "-" "WordPress/6.7.1; https://misswavenigeria.com"
165.231.182.111 - - [21/Dec/2024:18:14:09 -0500] "GET /register/ HTTP/1.0" 200 75922 "https://misswavenigeria.com/register/" "Mozilla/5.0 (Windows NT 6.1; Win64; x64) AppleWebKit/537.36 (KHTML, like Gecko) Chrome/103.0.0.0 Safari/537.36"
165.231.182.111 - - [21/Dec/2024:18:14:11 -0500] "POST /register/ HTTP/1.0" 200 76048 "https://misswavenigeria.com/register/" "Mozilla/5.0 (Windows NT 6.1; Win64; x64) AppleWebKit/537.36 (KHTML, like Gecko) Chrome/103.0.0.0 Safari/537.36"
66.29.132.124 - - [21/Dec/2024:18:15:18 -0500] "POST /wp-cron.php?doing_wp_cron=1734822918.8115758895874023437500 HTTP/1.1" 200 0 "-" "WordPress/6.7.1; https://misswavenigeria.com"
165.231.182.111 - - [21/Dec/2024:18:15:18 -0500] "GET /register/ HTTP/1.0" 200 75922 "https://misswavenigeria.com/" "Mozilla/5.0 (Windows NT 6.1; Win64; x64) AppleWebKit/537.36 (KHTML, like Gecko) Chrome/103.0.0.0 Safari/537.36"
66.29.132.124 - - [21/Dec/2024:18:15:19 -0500] "POST /wp-admin/admin-ajax.php?action=async_litespeed&nonce=VMfouXQjWwmIw2falTEnTKByRDkprLev&litespeed_type=imgoptm HTTP/1.1" 200 21 "-" "WordPress/6.7.1; https://misswavenigeria.com"
66.29.132.124 - - [21/Dec/2024:18:16:34 -0500] "POST /wp-cron.php?doing_wp_cron=1734822994.9415230751037597656250 HTTP/1.1" 200 0 "-" "WordPress/6.7.1; https://misswavenigeria.com"
66.249.79.106 - - [21/Dec/2024:18:16:34 -0500] "GET /buy/1066476GS.html?product_id=182 HTTP/1.1" 301 0 "-" "Mozilla/5.0 (Linux; Android 6.0.1; Nexus 5X Build/MMB29P) AppleWebKit/537.36 (KHTML, like Gecko) Chrome/131.0.6778.139 Mobile Safari/537.36 (compatible; Googlebot/2.1; +http://www.google.com/bot.html)"
66.29.132.124 - - [21/Dec/2024:18:16:35 -0500] "POST /wp-admin/admin-ajax.php?action=async_litespeed&nonce=4XWDDTb0PpruAAXEQAvgjkVKLIuKBE6U&litespeed_type=imgoptm HTTP/1.1" 200 21 "-" "WordPress/6.7.1; https://misswavenigeria.com"
66.249.79.130 - - [21/Dec/2024:18:16:35 -0500] "GET /buy/1066476GS.html?product_id=182 HTTP/1.1" 404 15608 "-" "Mozilla/5.0 (Linux; Android 6.0.1; Nexus 5X Build/MMB29P) AppleWebKit/537.36 (KHTML, like Gecko) Chrome/131.0.6778.139 Mobile Safari/537.36 (compatible; Googlebot/2.1; +http://www.google.com/bot.html)"
165.231.182.111 - - [21/Dec/2024:18:17:02 -0500] "GET / HTTP/1.0" 200 109055 "https://misswavenigeria.com/" "Mozilla/5.0 (Windows NT 10.0; Win64; x64) AppleWebKit/537.36 (KHTML, like Gecko) Chrome/103.0.0.0 Safari/537.36 Herring/95.1.8810.11"
165.231.182.111 - - [21/Dec/2024:18:17:05 -0500] "GET /register/ HTTP/1.0" 200 75922 "https://misswavenigeria.com/register/" "Mozilla/5.0 (Windows NT 10.0; Win64; x64) AppleWebKit/537.36 (KHTML, like Gecko) Chrome/103.0.0.0 Safari/537.36 Herring/95.1.8810.11"
165.231.182.111 - - [21/Dec/2024:18:17:06 -0500] "POST /register/ HTTP/1.0" 200 76048 "https://misswavenigeria.com/register/" "Mozilla/5.0 (Windows NT 10.0; Win64; x64) AppleWebKit/537.36 (KHTML, like Gecko) Chrome/103.0.0.0 Safari/537.36 Herring/95.1.8810.11"
66.29.132.124 - - [21/Dec/2024:18:18:01 -0500] "POST /wp-cron.php?doing_wp_cron=1734823081.0988140106201171875000 HTTP/1.1" 200 0 "-" "WordPress/6.7.1; https://misswavenigeria.com"
165.231.182.111 - - [21/Dec/2024:18:18:00 -0500] "GET /register/ HTTP/1.0" 200 75922 "https://misswavenigeria.com/" "Mozilla/5.0 (Windows NT 10.0; Win64; x64) AppleWebKit/537.36 (KHTML, like Gecko) Chrome/103.0.0.0 Safari/537.36 Herring/95.1.8810.11"
66.29.132.124 - - [21/Dec/2024:18:18:01 -0500] "POST /wp-admin/admin-ajax.php?action=async_litespeed&nonce=LlbOIP0G7wLYa9WikGX7PpXuF8z3OjvS&litespeed_type=imgoptm HTTP/1.1" 200 21 "-" "WordPress/6.7.1; https://misswavenigeria.com"
66.29.132.124 - - [21/Dec/2024:18:20:01 -0500] "POST /wp-cron.php?doing_wp_cron=1734823201.1427021026611328125000 HTTP/1.1" 200 0 "-" "WordPress/6.7.1; https://misswavenigeria.com"
165.231.182.111 - - [21/Dec/2024:18:19:59 -0500] "GET / HTTP/1.0" 200 109055 "https://misswavenigeria.com/" "Mozilla/5.0 (Windows NT 6.1) AppleWebKit/537.36 (KHTML, like Gecko) Chrome/103.0.5060.114 Safari/537.36"
66.29.132.124 - - [21/Dec/2024:18:20:01 -0500] "POST /wp-admin/admin-ajax.php?action=async_litespeed&nonce=B7LtCMNwFx19npOMo8wwjUASqDDr654y&litespeed_type=imgoptm HTTP/1.1" 200 21 "-" "WordPress/6.7.1; https://misswavenigeria.com"
165.231.182.111 - - [21/Dec/2024:18:20:03 -0500] "GET /register/ HTTP/1.0" 200 75922 "https://misswavenigeria.com/register/" "Mozilla/5.0 (Windows NT 6.1) AppleWebKit/537.36 (KHTML, like Gecko) Chrome/103.0.5060.114 Safari/537.36"
165.231.182.111 - - [21/Dec/2024:18:20:05 -0500] "POST /register/ HTTP/1.0" 200 76048 "https://misswavenigeria.com/register/" "Mozilla/5.0 (Windows NT 6.1) AppleWebKit/537.36 (KHTML, like Gecko) Chrome/103.0.5060.114 Safari/537.36"
66.29.132.124 - - [21/Dec/2024:18:21:23 -0500] "POST /wp-cron.php?doing_wp_cron=1734823283.7775409221649169921875 HTTP/1.1" 200 0 "-" "WordPress/6.7.1; https://misswavenigeria.com"
165.231.182.111 - - [21/Dec/2024:18:21:23 -0500] "GET /register/ HTTP/1.0" 200 75922 "https://misswavenigeria.com/" "Mozilla/5.0 (Windows NT 6.1) AppleWebKit/537.36 (KHTML, like Gecko) Chrome/103.0.5060.114 Safari/537.36"
66.29.132.124 - - [21/Dec/2024:18:21:23 -0500] "POST /wp-admin/admin-ajax.php?action=async_litespeed&nonce=MWVukitxF3sT9vmRQCeQW4yZ8SVV7aXP&litespeed_type=imgoptm HTTP/1.1" 200 21 "-" "WordPress/6.7.1; https://misswavenigeria.com"
66.29.132.124 - - [21/Dec/2024:18:22:12 -0500] "POST /wp-cron.php?doing_wp_cron=1734823332.8565618991851806640625 HTTP/1.1" 200 0 "-" "WordPress/6.7.1; https://misswavenigeria.com"
66.249.79.131 - - [21/Dec/2024:18:22:12 -0500] "GET /goods/497729.html HTTP/1.1" 404 15608 "-" "Mozilla/5.0 (Linux; Android 6.0.1; Nexus 5X Build/MMB29P) AppleWebKit/537.36 (KHTML, like Gecko) Chrome/131.0.6778.139 Mobile Safari/537.36 (compatible; Googlebot/2.1; +http://www.google.com/bot.html)"
66.29.132.124 - - [21/Dec/2024:18:22:13 -0500] "POST /wp-admin/admin-ajax.php?action=async_litespeed&nonce=1Ndo3pQAk7N0l9mux1OVW7lILRqSSgbM&litespeed_type=imgoptm HTTP/1.1" 200 21 "-" "WordPress/6.7.1; https://misswavenigeria.com"
165.231.182.111 - - [21/Dec/2024:18:23:06 -0500] "GET / HTTP/1.0" 200 109053 "https://misswavenigeria.com/" "Mozilla/5.0 (Windows NT 10.0; Win64; x64) AppleWebKit/537.36 (KHTML, like Gecko) Chrome/103.0.5060.66 Safari/537.36"
165.231.182.111 - - [21/Dec/2024:18:23:10 -0500] "GET /register/ HTTP/1.0" 200 75922 "https://misswavenigeria.com/register/" "Mozilla/5.0 (Windows NT 10.0; Win64; x64) AppleWebKit/537.36 (KHTML, like Gecko) Chrome/103.0.5060.66 Safari/537.36"
165.231.182.111 - - [21/Dec/2024:18:23:12 -0500] "POST /register/ HTTP/1.0" 200 76048 "https://misswavenigeria.com/register/" "Mozilla/5.0 (Windows NT 10.0; Win64; x64) AppleWebKit/537.36 (KHTML, like Gecko) Chrome/103.0.5060.66 Safari/537.36"
66.29.132.124 - - [21/Dec/2024:18:24:53 -0500] "POST /wp-cron.php?doing_wp_cron=1734823493.3703980445861816406250 HTTP/1.1" 200 0 "-" "WordPress/6.7.1; https://misswavenigeria.com"
165.231.182.111 - - [21/Dec/2024:18:24:53 -0500] "GET /register/ HTTP/1.0" 200 75922 "https://misswavenigeria.com/" "Mozilla/5.0 (Windows NT 10.0; Win64; x64) AppleWebKit/537.36 (KHTML, like Gecko) Chrome/103.0.5060.66 Safari/537.36"
66.29.132.124 - - [21/Dec/2024:18:24:53 -0500] "POST /wp-admin/admin-ajax.php?action=async_litespeed&nonce=KgcsroxSLF9HuaApEiqEETRsWW9Co81O&litespeed_type=imgoptm HTTP/1.1" 200 21 "-" "WordPress/6.7.1; https://misswavenigeria.com"
66.29.132.124 - - [21/Dec/2024:18:25:54 -0500] "POST /wp-cron.php?doing_wp_cron=1734823554.7001280784606933593750 HTTP/1.1" 200 0 "-" "WordPress/6.7.1; https://misswavenigeria.com"
165.231.182.111 - - [21/Dec/2024:18:25:54 -0500] "GET / HTTP/1.0" 200 109055 "https://misswavenigeria.com/" "Mozilla/5.0 (Windows NT 10.0; Win64; x64) AppleWebKit/537.36 (KHTML, like Gecko) Chrome/103.0.5060.114 Safari/537.36"
66.29.132.124 - - [21/Dec/2024:18:25:54 -0500] "POST /wp-admin/admin-ajax.php?action=async_litespeed&nonce=8a2G8qmhGIymb6tG0rMurxERxAf7645W&litespeed_type=imgoptm HTTP/1.1" 200 21 "-" "WordPress/6.7.1; https://misswavenigeria.com"
165.231.182.111 - - [21/Dec/2024:18:25:56 -0500] "GET /register/ HTTP/1.0" 200 75922 "https://misswavenigeria.com/register/" "Mozilla/5.0 (Windows NT 10.0; Win64; x64) AppleWebKit/537.36 (KHTML, like Gecko) Chrome/103.0.5060.114 Safari/537.36"
165.231.182.111 - - [21/Dec/2024:18:25:58 -0500] "POST /register/ HTTP/1.0" 200 76048 "https://misswavenigeria.com/register/" "Mozilla/5.0 (Windows NT 10.0; Win64; x64) AppleWebKit/537.36 (KHTML, like Gecko) Chrome/103.0.5060.114 Safari/537.36"
66.29.132.124 - - [21/Dec/2024:18:27:21 -0500] "POST /wp-cron.php?doing_wp_cron=1734823641.3649239540100097656250 HTTP/1.1" 200 0 "-" "WordPress/6.7.1; https://misswavenigeria.com"
165.231.182.111 - - [21/Dec/2024:18:27:21 -0500] "GET /register/ HTTP/1.0" 200 75922 "https://misswavenigeria.com/" "Mozilla/5.0 (Windows NT 10.0; Win64; x64) AppleWebKit/537.36 (KHTML, like Gecko) Chrome/103.0.5060.114 Safari/537.36"
66.29.132.124 - - [21/Dec/2024:18:27:21 -0500] "POST /wp-admin/admin-ajax.php?action=async_litespeed&nonce=3Lv3Qx6zEoL9NhtxQXlFI7L2JBvCzz9A&litespeed_type=imgoptm HTTP/1.1" 200 21 "-" "WordPress/6.7.1; https://misswavenigeria.com"
66.29.132.124 - - [21/Dec/2024:18:28:51 -0500] "POST /wp-cron.php?doing_wp_cron=1734823731.6178300380706787109375 HTTP/1.1" 200 0 "-" "WordPress/6.7.1; https://misswavenigeria.com"
165.231.182.111 - - [21/Dec/2024:18:28:49 -0500] "GET / HTTP/1.0" 200 109055 "https://misswavenigeria.com/" "Mozilla/5.0 (Windows NT 10.0; Win64; x64) AppleWebKit/537.36 (KHTML, like Gecko) Chrome/103.0.5060.53 Safari/537.36"
66.29.132.124 - - [21/Dec/2024:18:28:51 -0500] "POST /wp-admin/admin-ajax.php?action=async_litespeed&nonce=7SSay3ldsrj9z6xaE2POjPNU41B7UZ1G&litespeed_type=imgoptm HTTP/1.1" 200 21 "-" "WordPress/6.7.1; https://misswavenigeria.com"
165.231.182.111 - - [21/Dec/2024:18:28:53 -0500] "GET /register/ HTTP/1.0" 200 75922 "https://misswavenigeria.com/register/" "Mozilla/5.0 (Windows NT 10.0; Win64; x64) AppleWebKit/537.36 (KHTML, like Gecko) Chrome/103.0.5060.53 Safari/537.36"
165.231.182.111 - - [21/Dec/2024:18:28:55 -0500] "POST /register/ HTTP/1.0" 200 76048 "https://misswavenigeria.com/register/" "Mozilla/5.0 (Windows NT 10.0; Win64; x64) AppleWebKit/537.36 (KHTML, like Gecko) Chrome/103.0.5060.53 Safari/537.36"
66.29.132.124 - - [21/Dec/2024:18:29:55 -0500] "POST /wp-cron.php?doing_wp_cron=1734823795.7193489074707031250000 HTTP/1.1" 200 0 "-" "WordPress/6.7.1; https://misswavenigeria.com"
165.231.182.111 - - [21/Dec/2024:18:29:55 -0500] "GET /register/ HTTP/1.0" 200 75922 "https://misswavenigeria.com/" "Mozilla/5.0 (Windows NT 10.0; Win64; x64) AppleWebKit/537.36 (KHTML, like Gecko) Chrome/103.0.5060.53 Safari/537.36"
66.29.132.124 - - [21/Dec/2024:18:29:56 -0500] "POST /wp-admin/admin-ajax.php?action=async_litespeed&nonce=dhAXgCOLoU6jDQvf8LVPuxcvCuuZkHgU&litespeed_type=imgoptm HTTP/1.1" 200 21 "-" "WordPress/6.7.1; https://misswavenigeria.com"
66.29.132.124 - - [21/Dec/2024:18:31:47 -0500] "POST /wp-cron.php?doing_wp_cron=1734823907.7912940979003906250000 HTTP/1.1" 200 0 "-" "WordPress/6.7.1; https://misswavenigeria.com"
165.231.182.111 - - [21/Dec/2024:18:31:46 -0500] "GET / HTTP/1.0" 200 109055 "https://misswavenigeria.com/" "Mozilla/5.0 (Windows NT 10.0; Win64; x64) AppleWebKit/537.36 (KHTML, like Gecko) Chrome/103.0.0.0 Safari/537.36 OpenWave/97.4.2043.44"
66.29.132.124 - - [21/Dec/2024:18:31:47 -0500] "POST /wp-admin/admin-ajax.php?action=async_litespeed&nonce=tWoBofCW1lO5tCTHGMYQS3i7QFKDJX5A&litespeed_type=imgoptm HTTP/1.1" 200 21 "-" "WordPress/6.7.1; https://misswavenigeria.com"
165.231.182.111 - - [21/Dec/2024:18:31:50 -0500] "GET /register/ HTTP/1.0" 200 75922 "https://misswavenigeria.com/register/" "Mozilla/5.0 (Windows NT 10.0; Win64; x64) AppleWebKit/537.36 (KHTML, like Gecko) Chrome/103.0.0.0 Safari/537.36 OpenWave/97.4.2043.44"
66.249.79.105 - - [21/Dec/2024:18:31:55 -0500] "GET /goods/F744177?k=product HTTP/1.1" 301 0 "-" "Mozilla/5.0 (Linux; Android 6.0.1; Nexus 5X Build/MMB29P) AppleWebKit/537.36 (KHTML, like Gecko) Chrome/131.0.6778.139 Mobile Safari/537.36 (compatible; Googlebot/2.1; +http://www.google.com/bot.html)"
66.249.79.132 - - [21/Dec/2024:18:31:55 -0500] "GET /goods/F744177?k=product HTTP/1.1" 404 15608 "-" "Mozilla/5.0 (Linux; Android 6.0.1; Nexus 5X Build/MMB29P) AppleWebKit/537.36 (KHTML, like Gecko) Chrome/131.0.6778.139 Mobile Safari/537.36 (compatible; Googlebot/2.1; +http://www.google.com/bot.html)"
165.231.182.111 - - [21/Dec/2024:18:31:51 -0500] "POST /register/ HTTP/1.0" 200 76048 "https://misswavenigeria.com/register/" "Mozilla/5.0 (Windows NT 10.0; Win64; x64) AppleWebKit/537.36 (KHTML, like Gecko) Chrome/103.0.0.0 Safari/537.36 OpenWave/97.4.2043.44"
66.29.132.124 - - [21/Dec/2024:18:32:45 -0500] "POST /wp-cron.php?doing_wp_cron=1734823965.5528159141540527343750 HTTP/1.1" 200 0 "-" "WordPress/6.7.1; https://misswavenigeria.com"
165.231.182.111 - - [21/Dec/2024:18:32:45 -0500] "GET /register/ HTTP/1.0" 200 75922 "https://misswavenigeria.com/" "Mozilla/5.0 (Windows NT 10.0; Win64; x64) AppleWebKit/537.36 (KHTML, like Gecko) Chrome/103.0.0.0 Safari/537.36 OpenWave/97.4.2043.44"
66.29.132.124 - - [21/Dec/2024:18:32:45 -0500] "POST /wp-admin/admin-ajax.php?action=async_litespeed&nonce=sfd7EIDMrBlAuuJWx1ijNNrDzt1g1QVe&litespeed_type=imgoptm HTTP/1.1" 200 21 "-" "WordPress/6.7.1; https://misswavenigeria.com"
66.29.132.124 - - [21/Dec/2024:18:34:43 -0500] "POST /wp-cron.php?doing_wp_cron=1734824083.2729079723358154296875 HTTP/1.1" 200 0 "-" "WordPress/6.7.1; https://misswavenigeria.com"
165.231.182.111 - - [21/Dec/2024:18:34:41 -0500] "GET / HTTP/1.0" 200 109053 "https://misswavenigeria.com/" "Mozilla/5.0 (Windows NT 6.3; Win64; x64) AppleWebKit/537.36 (KHTML, like Gecko) Chrome/103.0.5060.53 Safari/537.36"
66.29.132.124 - - [21/Dec/2024:18:34:43 -0500] "POST /wp-admin/admin-ajax.php?action=async_litespeed&nonce=heRIpGnaEdpF2kyH0i9JQ5MwwE8U34Fo&litespeed_type=imgoptm HTTP/1.1" 200 21 "-" "WordPress/6.7.1; https://misswavenigeria.com"
165.231.182.111 - - [21/Dec/2024:18:34:45 -0500] "GET /register/ HTTP/1.0" 200 75922 "https://misswavenigeria.com/register/" "Mozilla/5.0 (Windows NT 6.3; Win64; x64) AppleWebKit/537.36 (KHTML, like Gecko) Chrome/103.0.5060.53 Safari/537.36"
165.231.182.111 - - [21/Dec/2024:18:34:47 -0500] "POST /register/ HTTP/1.0" 200 76048 "https://misswavenigeria.com/register/" "Mozilla/5.0 (Windows NT 6.3; Win64; x64) AppleWebKit/537.36 (KHTML, like Gecko) Chrome/103.0.5060.53 Safari/537.36"
66.29.132.124 - - [21/Dec/2024:18:35:43 -0500] "POST /wp-cron.php?doing_wp_cron=1734824143.7802929878234863281250 HTTP/1.1" 200 0 "-" "WordPress/6.7.1; https://misswavenigeria.com"
165.231.182.111 - - [21/Dec/2024:18:35:43 -0500] "GET /register/ HTTP/1.0" 200 75922 "https://misswavenigeria.com/" "Mozilla/5.0 (Windows NT 6.3; Win64; x64) AppleWebKit/537.36 (KHTML, like Gecko) Chrome/103.0.5060.53 Safari/537.36"
66.29.132.124 - - [21/Dec/2024:18:35:43 -0500] "POST /wp-admin/admin-ajax.php?action=async_litespeed&nonce=qbcC9FowCzZjADkWHWy8kDNKN2RcYN5o&litespeed_type=imgoptm HTTP/1.1" 200 21 "-" "WordPress/6.7.1; https://misswavenigeria.com"
66.29.132.124 - - [21/Dec/2024:18:37:40 -0500] "POST /wp-cron.php?doing_wp_cron=1734824260.7805469036102294921875 HTTP/1.1" 200 0 "-" "WordPress/6.7.1; https://misswavenigeria.com"
165.231.182.111 - - [21/Dec/2024:18:37:39 -0500] "GET / HTTP/1.0" 200 109055 "https://misswavenigeria.com/" "Mozilla/5.0 (Windows NT 6.3; Win64; x64) AppleWebKit/537.36 (KHTML, like Gecko) Chrome/103.0.5060.53 Safari/537.36"
66.29.132.124 - - [21/Dec/2024:18:37:40 -0500] "POST /wp-admin/admin-ajax.php?action=async_litespeed&nonce=Fn9lcs43ekySfyACKtqfKF7THEfngkTc&litespeed_type=imgoptm HTTP/1.1" 200 21 "-" "WordPress/6.7.1; https://misswavenigeria.com"
165.231.182.111 - - [21/Dec/2024:18:37:42 -0500] "GET /register/ HTTP/1.0" 200 75922 "https://misswavenigeria.com/register/" "Mozilla/5.0 (Windows NT 6.3; Win64; x64) AppleWebKit/537.36 (KHTML, like Gecko) Chrome/103.0.5060.53 Safari/537.36"
165.231.182.111 - - [21/Dec/2024:18:37:44 -0500] "POST /register/ HTTP/1.0" 200 76048 "https://misswavenigeria.com/register/" "Mozilla/5.0 (Windows NT 6.3; Win64; x64) AppleWebKit/537.36 (KHTML, like Gecko) Chrome/103.0.5060.53 Safari/537.36"
66.29.132.124 - - [21/Dec/2024:18:38:35 -0500] "POST /wp-cron.php?doing_wp_cron=1734824315.7937140464782714843750 HTTP/1.1" 200 0 "-" "WordPress/6.7.1; https://misswavenigeria.com"
165.231.182.111 - - [21/Dec/2024:18:38:35 -0500] "GET /register/ HTTP/1.0" 200 75922 "https://misswavenigeria.com/" "Mozilla/5.0 (Windows NT 6.3; Win64; x64) AppleWebKit/537.36 (KHTML, like Gecko) Chrome/103.0.5060.53 Safari/537.36"
66.29.132.124 - - [21/Dec/2024:18:38:35 -0500] "POST /wp-admin/admin-ajax.php?action=async_litespeed&nonce=zgmbECcK3kNgAChEHm9VurONULMsqqTQ&litespeed_type=imgoptm HTTP/1.1" 200 21 "-" "WordPress/6.7.1; https://misswavenigeria.com"
66.29.132.124 - - [21/Dec/2024:18:40:38 -0500] "POST /wp-cron.php?doing_wp_cron=1734824438.4388759136199951171875 HTTP/1.1" 200 0 "-" "WordPress/6.7.1; https://misswavenigeria.com"
165.231.182.111 - - [21/Dec/2024:18:40:37 -0500] "GET / HTTP/1.0" 200 109055 "https://misswavenigeria.com/" "Mozilla/5.0 (Windows NT 10.0; Win64; x64) AppleWebKit/537.36 (KHTML, like Gecko) Chrome/103.0.0.0 Safari/537.36"
66.29.132.124 - - [21/Dec/2024:18:40:38 -0500] "POST /wp-admin/admin-ajax.php?action=async_litespeed&nonce=xycIk4zy7WPmgxOW5PyNs85suawE7yv5&litespeed_type=imgoptm HTTP/1.1" 200 21 "-" "WordPress/6.7.1; https://misswavenigeria.com"
165.231.182.111 - - [21/Dec/2024:18:40:40 -0500] "GET /register/ HTTP/1.0" 200 75922 "https://misswavenigeria.com/register/" "Mozilla/5.0 (Windows NT 10.0; Win64; x64) AppleWebKit/537.36 (KHTML, like Gecko) Chrome/103.0.0.0 Safari/537.36"
165.231.182.111 - - [21/Dec/2024:18:40:42 -0500] "POST /register/ HTTP/1.0" 200 76048 "https://misswavenigeria.com/register/" "Mozilla/5.0 (Windows NT 10.0; Win64; x64) AppleWebKit/537.36 (KHTML, like Gecko) Chrome/103.0.0.0 Safari/537.36"
