165.231.182.111 - - [21/Dec/2024:15:01:43 -0500] "GET /register/ HTTP/1.0" 200 75922 "https://misswavenigeria.com/" "Mozilla/5.0 (Windows NT 10.0; Win64; x64) AppleWebKit/537.36 (KHTML, like Gecko) Chrome/103.0.0.0 Safari/537.36 OpenWave/97.4.2043.44"
66.29.132.124 - - [21/Dec/2024:15:01:43 -0500] "POST /wp-admin/admin-ajax.php?action=async_litespeed&nonce=Lxyi60ldDarG07smGDP9S5c8sa4FCW6w&litespeed_type=imgoptm HTTP/1.1" 200 21 "-" "WordPress/6.7.1; https://misswavenigeria.com"
66.29.132.124 - - [21/Dec/2024:15:03:31 -0500] "POST /wp-cron.php?doing_wp_cron=1734811411.5230269432067871093750 HTTP/1.1" 200 0 "-" "WordPress/6.7.1; https://misswavenigeria.com"
165.231.182.111 - - [21/Dec/2024:15:03:29 -0500] "GET / HTTP/1.0" 200 109055 "https://misswavenigeria.com/" "Mozilla/5.0 (Windows NT 10.0; Win64; x64) AppleWebKit/537.36 (KHTML, like Gecko) Chrome/103.0.5060.114 Safari/537.36"
66.29.132.124 - - [21/Dec/2024:15:03:31 -0500] "POST /wp-admin/admin-ajax.php?action=async_litespeed&nonce=lkZBWQjmlAAKVANkFobKwmuVcyIuz9l6&litespeed_type=imgoptm HTTP/1.1" 200 21 "-" "WordPress/6.7.1; https://misswavenigeria.com"
165.231.182.111 - - [21/Dec/2024:15:03:33 -0500] "GET /register/ HTTP/1.0" 200 75922 "https://misswavenigeria.com/register/" "Mozilla/5.0 (Windows NT 10.0; Win64; x64) AppleWebKit/537.36 (KHTML, like Gecko) Chrome/103.0.5060.114 Safari/537.36"
66.29.132.124 - - [21/Dec/2024:15:03:35 -0500] "POST /wp-cron.php?doing_wp_cron=1734811415.7396709918975830078125 HTTP/1.1" 200 0 "-" "WordPress/6.7.1; https://misswavenigeria.com"
66.29.132.124 - - [21/Dec/2024:15:03:35 -0500] "POST /wp-admin/admin-ajax.php?action=async_litespeed&nonce=R2zHSAffuMBkLfvbM5kxtBs5dFdEiSJp&litespeed_type=imgoptm HTTP/1.1" 200 21 "-" "WordPress/6.7.1; https://misswavenigeria.com"
165.231.182.111 - - [21/Dec/2024:15:03:35 -0500] "POST /register/ HTTP/1.0" 200 76048 "https://misswavenigeria.com/register/" "Mozilla/5.0 (Windows NT 10.0; Win64; x64) AppleWebKit/537.36 (KHTML, like Gecko) Chrome/103.0.5060.114 Safari/537.36"
66.29.132.124 - - [21/Dec/2024:15:04:50 -0500] "POST /wp-cron.php?doing_wp_cron=1734811490.4598689079284667968750 HTTP/1.1" 200 0 "-" "WordPress/6.7.1; https://misswavenigeria.com"
165.231.182.111 - - [21/Dec/2024:15:04:50 -0500] "GET /register/ HTTP/1.0" 200 75922 "https://misswavenigeria.com/" "Mozilla/5.0 (Windows NT 10.0; Win64; x64) AppleWebKit/537.36 (KHTML, like Gecko) Chrome/103.0.5060.114 Safari/537.36"
66.29.132.124 - - [21/Dec/2024:15:04:50 -0500] "POST /wp-admin/admin-ajax.php?action=async_litespeed&nonce=VpaQ72Lz3955GrYztOQFBKZyNf5DMpLJ&litespeed_type=imgoptm HTTP/1.1" 200 21 "-" "WordPress/6.7.1; https://misswavenigeria.com"
66.29.132.124 - - [21/Dec/2024:15:06:31 -0500] "POST /wp-cron.php?doing_wp_cron=1734811591.0321800708770751953125 HTTP/1.1" 200 0 "-" "WordPress/6.7.1; https://misswavenigeria.com"
165.231.182.111 - - [21/Dec/2024:15:06:29 -0500] "GET / HTTP/1.0" 200 109055 "https://misswavenigeria.com/" "Mozilla/5.0 (Windows NT 10.0; Win64; x64) AppleWebKit/537.36 (KHTML, like Gecko) Chrome/103.0.5060.66 Safari/537.36"
66.29.132.124 - - [21/Dec/2024:15:06:31 -0500] "POST /wp-admin/admin-ajax.php?action=async_litespeed&nonce=RbNlWXGHq24pJDJPLiyfuxGqfrkUipta&litespeed_type=imgoptm HTTP/1.1" 200 21 "-" "WordPress/6.7.1; https://misswavenigeria.com"
165.231.182.111 - - [21/Dec/2024:15:06:33 -0500] "GET /register/ HTTP/1.0" 200 75922 "https://misswavenigeria.com/register/" "Mozilla/5.0 (Windows NT 10.0; Win64; x64) AppleWebKit/537.36 (KHTML, like Gecko) Chrome/103.0.5060.66 Safari/537.36"
66.29.132.124 - - [21/Dec/2024:15:06:35 -0500] "POST /wp-cron.php?doing_wp_cron=1734811595.0694029331207275390625 HTTP/1.1" 200 0 "-" "WordPress/6.7.1; https://misswavenigeria.com"
66.29.132.124 - - [21/Dec/2024:15:06:35 -0500] "POST /wp-admin/admin-ajax.php?action=async_litespeed&nonce=0KPKfGCWMWOt3hqsyZpbNt0cHfTJ3fkt&litespeed_type=imgoptm HTTP/1.1" 200 21 "-" "WordPress/6.7.1; https://misswavenigeria.com"
165.231.182.111 - - [21/Dec/2024:15:06:34 -0500] "POST /register/ HTTP/1.0" 200 76048 "https://misswavenigeria.com/register/" "Mozilla/5.0 (Windows NT 10.0; Win64; x64) AppleWebKit/537.36 (KHTML, like Gecko) Chrome/103.0.5060.66 Safari/537.36"
66.29.132.124 - - [21/Dec/2024:15:07:48 -0500] "POST /wp-cron.php?doing_wp_cron=1734811668.6093819141387939453125 HTTP/1.1" 200 0 "-" "WordPress/6.7.1; https://misswavenigeria.com"
165.231.182.111 - - [21/Dec/2024:15:07:48 -0500] "GET /register/ HTTP/1.0" 200 75922 "https://misswavenigeria.com/" "Mozilla/5.0 (Windows NT 10.0; Win64; x64) AppleWebKit/537.36 (KHTML, like Gecko) Chrome/103.0.5060.66 Safari/537.36"
66.29.132.124 - - [21/Dec/2024:15:07:48 -0500] "POST /wp-admin/admin-ajax.php?action=async_litespeed&nonce=XIdAL0tmHGeEMokk2mxBev7A8J8HEqw1&litespeed_type=imgoptm HTTP/1.1" 200 21 "-" "WordPress/6.7.1; https://misswavenigeria.com"
66.29.132.124 - - [21/Dec/2024:15:09:31 -0500] "POST /wp-cron.php?doing_wp_cron=1734811771.2749109268188476562500 HTTP/1.1" 200 0 "-" "WordPress/6.7.1; https://misswavenigeria.com"
165.231.182.111 - - [21/Dec/2024:15:09:29 -0500] "GET / HTTP/1.0" 200 109055 "https://misswavenigeria.com/" "Mozilla/5.0 (Windows NT 6.1; Win64; x64) AppleWebKit/537.36 (KHTML, like Gecko) Chrome/103.0.5060.114 Safari/537.36"
66.29.132.124 - - [21/Dec/2024:15:09:31 -0500] "POST /wp-admin/admin-ajax.php?action=async_litespeed&nonce=3ME5q98y81hyP0Du33tuttjtnwma11Lg&litespeed_type=imgoptm HTTP/1.1" 200 21 "-" "WordPress/6.7.1; https://misswavenigeria.com"
165.231.182.111 - - [21/Dec/2024:15:09:33 -0500] "GET /register/ HTTP/1.0" 200 75922 "https://misswavenigeria.com/register/" "Mozilla/5.0 (Windows NT 6.1; Win64; x64) AppleWebKit/537.36 (KHTML, like Gecko) Chrome/103.0.5060.114 Safari/537.36"
66.29.132.124 - - [21/Dec/2024:15:09:35 -0500] "POST /wp-cron.php?doing_wp_cron=1734811775.3586249351501464843750 HTTP/1.1" 200 0 "-" "WordPress/6.7.1; https://misswavenigeria.com"
66.29.132.124 - - [21/Dec/2024:15:09:35 -0500] "POST /wp-admin/admin-ajax.php?action=async_litespeed&nonce=JpTkNVtS01Bz03flOr8mXAZBpDBh1ivg&litespeed_type=imgoptm HTTP/1.1" 200 21 "-" "WordPress/6.7.1; https://misswavenigeria.com"
165.231.182.111 - - [21/Dec/2024:15:09:35 -0500] "POST /register/ HTTP/1.0" 200 76048 "https://misswavenigeria.com/register/" "Mozilla/5.0 (Windows NT 6.1; Win64; x64) AppleWebKit/537.36 (KHTML, like Gecko) Chrome/103.0.5060.114 Safari/537.36"
66.29.132.124 - - [21/Dec/2024:15:10:41 -0500] "POST /wp-cron.php?doing_wp_cron=1734811841.9764769077301025390625 HTTP/1.1" 200 0 "-" "WordPress/6.7.1; https://misswavenigeria.com"
165.231.182.111 - - [21/Dec/2024:15:10:41 -0500] "GET /register/ HTTP/1.0" 200 75922 "https://misswavenigeria.com/" "Mozilla/5.0 (Windows NT 6.1; Win64; x64) AppleWebKit/537.36 (KHTML, like Gecko) Chrome/103.0.5060.114 Safari/537.36"
66.29.132.124 - - [21/Dec/2024:15:10:42 -0500] "POST /wp-admin/admin-ajax.php?action=async_litespeed&nonce=dLMDcpZj6fKGZPHQoY5NsN3U68rNxQyF&litespeed_type=imgoptm HTTP/1.1" 200 21 "-" "WordPress/6.7.1; https://misswavenigeria.com"
66.29.132.124 - - [21/Dec/2024:15:12:28 -0500] "POST /wp-cron.php?doing_wp_cron=1734811948.8949658870697021484375 HTTP/1.1" 200 0 "-" "WordPress/6.7.1; https://misswavenigeria.com"
165.231.182.111 - - [21/Dec/2024:15:12:27 -0500] "GET / HTTP/1.0" 200 109055 "https://misswavenigeria.com/" "Mozilla/5.0 (Windows NT 6.1; Win64; x64) AppleWebKit/537.36 (KHTML, like Gecko) Chrome/103.0.0.0 Safari/537.36"
66.29.132.124 - - [21/Dec/2024:15:12:29 -0500] "POST /wp-admin/admin-ajax.php?action=async_litespeed&nonce=PCVKxnfTycVwVYBLU8OtcWh5tEcNpZhX&litespeed_type=imgoptm HTTP/1.1" 200 21 "-" "WordPress/6.7.1; https://misswavenigeria.com"
165.231.182.111 - - [21/Dec/2024:15:12:31 -0500] "GET /register/ HTTP/1.0" 200 75922 "https://misswavenigeria.com/register/" "Mozilla/5.0 (Windows NT 6.1; Win64; x64) AppleWebKit/537.36 (KHTML, like Gecko) Chrome/103.0.0.0 Safari/537.36"
66.29.132.124 - - [21/Dec/2024:15:12:32 -0500] "POST /wp-cron.php?doing_wp_cron=1734811952.9457199573516845703125 HTTP/1.1" 200 0 "-" "WordPress/6.7.1; https://misswavenigeria.com"
66.29.132.124 - - [21/Dec/2024:15:12:33 -0500] "POST /wp-admin/admin-ajax.php?action=async_litespeed&nonce=7MRZgZhvv3ruZcu4kkhGzul46BLScOWR&litespeed_type=imgoptm HTTP/1.1" 200 21 "-" "WordPress/6.7.1; https://misswavenigeria.com"
165.231.182.111 - - [21/Dec/2024:15:12:32 -0500] "POST /register/ HTTP/1.0" 200 76048 "https://misswavenigeria.com/register/" "Mozilla/5.0 (Windows NT 6.1; Win64; x64) AppleWebKit/537.36 (KHTML, like Gecko) Chrome/103.0.0.0 Safari/537.36"
66.29.132.124 - - [21/Dec/2024:15:13:26 -0500] "POST /wp-cron.php?doing_wp_cron=1734812006.8414630889892578125000 HTTP/1.1" 200 0 "-" "WordPress/6.7.1; https://misswavenigeria.com"
165.231.182.111 - - [21/Dec/2024:15:13:26 -0500] "GET /register/ HTTP/1.0" 200 75922 "https://misswavenigeria.com/" "Mozilla/5.0 (Windows NT 6.1; Win64; x64) AppleWebKit/537.36 (KHTML, like Gecko) Chrome/103.0.0.0 Safari/537.36"
66.29.132.124 - - [21/Dec/2024:15:15:33 -0500] "POST /wp-cron.php?doing_wp_cron=1734812133.8526449203491210937500 HTTP/1.1" 200 0 "-" "WordPress/6.7.1; https://misswavenigeria.com"
165.231.182.111 - - [21/Dec/2024:15:15:32 -0500] "GET / HTTP/1.0" 200 109055 "https://misswavenigeria.com/" "Mozilla/5.0 (Windows NT 6.1; Win64; x64) AppleWebKit/537.36 (KHTML, like Gecko) Chrome/103.0.5060.114 Safari/537.36"
66.29.132.124 - - [21/Dec/2024:15:15:33 -0500] "POST /wp-admin/admin-ajax.php?action=async_litespeed&nonce=doXi3SdV9SQQCIf3emWMlpaRy1AhauEO&litespeed_type=imgoptm HTTP/1.1" 200 21 "-" "WordPress/6.7.1; https://misswavenigeria.com"
165.231.182.111 - - [21/Dec/2024:15:15:36 -0500] "GET /register/ HTTP/1.0" 200 75922 "https://misswavenigeria.com/register/" "Mozilla/5.0 (Windows NT 6.1; Win64; x64) AppleWebKit/537.36 (KHTML, like Gecko) Chrome/103.0.5060.114 Safari/537.36"
165.231.182.111 - - [21/Dec/2024:15:15:38 -0500] "POST /register/ HTTP/1.0" 200 76048 "https://misswavenigeria.com/register/" "Mozilla/5.0 (Windows NT 6.1; Win64; x64) AppleWebKit/537.36 (KHTML, like Gecko) Chrome/103.0.5060.114 Safari/537.36"
66.29.132.124 - - [21/Dec/2024:15:16:36 -0500] "POST /wp-cron.php?doing_wp_cron=1734812196.2122719287872314453125 HTTP/1.1" 200 0 "-" "WordPress/6.7.1; https://misswavenigeria.com"
165.231.182.111 - - [21/Dec/2024:15:16:36 -0500] "GET /register/ HTTP/1.0" 200 75922 "https://misswavenigeria.com/" "Mozilla/5.0 (Windows NT 6.1; Win64; x64) AppleWebKit/537.36 (KHTML, like Gecko) Chrome/103.0.5060.114 Safari/537.36"
66.29.132.124 - - [21/Dec/2024:15:16:36 -0500] "POST /wp-admin/admin-ajax.php?action=async_litespeed&nonce=U5Z3xGjakwzV7GGGKXWef1gORKrPbKFh&litespeed_type=imgoptm HTTP/1.1" 200 21 "-" "WordPress/6.7.1; https://misswavenigeria.com"
66.29.132.124 - - [21/Dec/2024:15:18:34 -0500] "POST /wp-cron.php?doing_wp_cron=1734812314.3769888877868652343750 HTTP/1.1" 200 0 "-" "WordPress/6.7.1; https://misswavenigeria.com"
165.231.182.111 - - [21/Dec/2024:15:18:32 -0500] "GET / HTTP/1.0" 200 109053 "https://misswavenigeria.com/" "Mozilla/5.0 (Windows NT 10.0; Win64; x64) AppleWebKit/537.36 (KHTML, like Gecko) Chrome/103.0.0.0 Safari/537.36 Herring/95.1.8810.11"
66.29.132.124 - - [21/Dec/2024:15:18:34 -0500] "POST /wp-admin/admin-ajax.php?action=async_litespeed&nonce=Iz7odpTKnAhvkU8He8EMBb3HJXTedpHK&litespeed_type=imgoptm HTTP/1.1" 200 21 "-" "WordPress/6.7.1; https://misswavenigeria.com"
165.231.182.111 - - [21/Dec/2024:15:18:36 -0500] "GET /register/ HTTP/1.0" 200 75922 "https://misswavenigeria.com/register/" "Mozilla/5.0 (Windows NT 10.0; Win64; x64) AppleWebKit/537.36 (KHTML, like Gecko) Chrome/103.0.0.0 Safari/537.36 Herring/95.1.8810.11"
165.231.182.111 - - [21/Dec/2024:15:18:38 -0500] "POST /register/ HTTP/1.0" 200 76048 "https://misswavenigeria.com/register/" "Mozilla/5.0 (Windows NT 10.0; Win64; x64) AppleWebKit/537.36 (KHTML, like Gecko) Chrome/103.0.0.0 Safari/537.36 Herring/95.1.8810.11"
66.29.132.124 - - [21/Dec/2024:15:19:49 -0500] "POST /wp-cron.php?doing_wp_cron=1734812389.6049919128417968750000 HTTP/1.1" 200 0 "-" "WordPress/6.7.1; https://misswavenigeria.com"
165.231.182.111 - - [21/Dec/2024:15:19:49 -0500] "GET /register/ HTTP/1.0" 200 75922 "https://misswavenigeria.com/" "Mozilla/5.0 (Windows NT 10.0; Win64; x64) AppleWebKit/537.36 (KHTML, like Gecko) Chrome/103.0.0.0 Safari/537.36 Herring/95.1.8810.11"
66.29.132.124 - - [21/Dec/2024:15:19:49 -0500] "POST /wp-admin/admin-ajax.php?action=async_litespeed&nonce=KlqJmiBHtH8spN6pKOO3fMEMdUmD3nvi&litespeed_type=imgoptm HTTP/1.1" 200 21 "-" "WordPress/6.7.1; https://misswavenigeria.com"
66.249.79.105 - - [21/Dec/2024:15:19:52 -0500] "GET /goods/G658378?k=product HTTP/1.1" 301 0 "-" "Mozilla/5.0 (Linux; Android 6.0.1; Nexus 5X Build/MMB29P) AppleWebKit/537.36 (KHTML, like Gecko) Chrome/131.0.6778.139 Mobile Safari/537.36 (compatible; Googlebot/2.1; +http://www.google.com/bot.html)"
66.249.79.130 - - [21/Dec/2024:15:19:53 -0500] "GET /robots.txt HTTP/1.1" 200 99 "-" "Mozilla/5.0 (compatible; Googlebot/2.1; +http://www.google.com/bot.html)"
66.249.79.132 - - [21/Dec/2024:15:19:53 -0500] "GET /goods/G658378?k=product HTTP/1.1" 404 15608 "-" "Mozilla/5.0 (Linux; Android 6.0.1; Nexus 5X Build/MMB29P) AppleWebKit/537.36 (KHTML, like Gecko) Chrome/131.0.6778.139 Mobile Safari/537.36 (compatible; Googlebot/2.1; +http://www.google.com/bot.html)"
66.29.132.124 - - [21/Dec/2024:15:21:33 -0500] "POST /wp-cron.php?doing_wp_cron=1734812493.0520250797271728515625 HTTP/1.1" 200 0 "-" "WordPress/6.7.1; https://misswavenigeria.com"
165.231.182.111 - - [21/Dec/2024:15:21:31 -0500] "GET / HTTP/1.0" 200 109053 "https://misswavenigeria.com/" "Mozilla/5.0 (Windows NT 6.3; Win64; x64) AppleWebKit/537.36 (KHTML, like Gecko) Chrome/103.0.0.0 Safari/537.36"
66.29.132.124 - - [21/Dec/2024:15:21:33 -0500] "POST /wp-admin/admin-ajax.php?action=async_litespeed&nonce=Z7faaTirzlTjr4dW2OJIQZjZaPyCyjIs&litespeed_type=imgoptm HTTP/1.1" 200 21 "-" "WordPress/6.7.1; https://misswavenigeria.com"
165.231.182.111 - - [21/Dec/2024:15:21:35 -0500] "GET /register/ HTTP/1.0" 200 75922 "https://misswavenigeria.com/register/" "Mozilla/5.0 (Windows NT 6.3; Win64; x64) AppleWebKit/537.36 (KHTML, like Gecko) Chrome/103.0.0.0 Safari/537.36"
165.231.182.111 - - [21/Dec/2024:15:21:37 -0500] "POST /register/ HTTP/1.0" 200 76048 "https://misswavenigeria.com/register/" "Mozilla/5.0 (Windows NT 6.3; Win64; x64) AppleWebKit/537.36 (KHTML, like Gecko) Chrome/103.0.0.0 Safari/537.36"
66.29.132.124 - - [21/Dec/2024:15:23:12 -0500] "POST /wp-cron.php?doing_wp_cron=1734812592.8594679832458496093750 HTTP/1.1" 200 0 "-" "WordPress/6.7.1; https://misswavenigeria.com"
165.231.182.111 - - [21/Dec/2024:15:23:12 -0500] "GET /register/ HTTP/1.0" 200 75922 "https://misswavenigeria.com/" "Mozilla/5.0 (Windows NT 6.3; Win64; x64) AppleWebKit/537.36 (KHTML, like Gecko) Chrome/103.0.0.0 Safari/537.36"
66.29.132.124 - - [21/Dec/2024:15:23:13 -0500] "POST /wp-admin/admin-ajax.php?action=async_litespeed&nonce=E7dgYO5zJtG3YawsBl2etNsmbO44gZQ3&litespeed_type=imgoptm HTTP/1.1" 200 21 "-" "WordPress/6.7.1; https://misswavenigeria.com"
66.29.132.124 - - [21/Dec/2024:15:24:31 -0500] "POST /wp-cron.php?doing_wp_cron=1734812671.6541199684143066406250 HTTP/1.1" 200 0 "-" "WordPress/6.7.1; https://misswavenigeria.com"
165.231.182.111 - - [21/Dec/2024:15:24:31 -0500] "GET / HTTP/1.0" 200 109053 "https://misswavenigeria.com/" "Mozilla/5.0 (Windows NT 10.0; Win64; x64) AppleWebKit/537.36 (KHTML, like Gecko) Chrome/103.0.5060.114 Safari/537.36"
66.29.132.124 - - [21/Dec/2024:15:24:32 -0500] "POST /wp-admin/admin-ajax.php?action=async_litespeed&nonce=HqXVjCoYzGxCa5KGYEM1UfXbepXu4eSW&litespeed_type=imgoptm HTTP/1.1" 200 21 "-" "WordPress/6.7.1; https://misswavenigeria.com"
165.231.182.111 - - [21/Dec/2024:15:24:34 -0500] "GET /register/ HTTP/1.0" 200 75922 "https://misswavenigeria.com/register/" "Mozilla/5.0 (Windows NT 10.0; Win64; x64) AppleWebKit/537.36 (KHTML, like Gecko) Chrome/103.0.5060.114 Safari/537.36"
165.231.182.111 - - [21/Dec/2024:15:24:35 -0500] "POST /register/ HTTP/1.0" 200 76048 "https://misswavenigeria.com/register/" "Mozilla/5.0 (Windows NT 10.0; Win64; x64) AppleWebKit/537.36 (KHTML, like Gecko) Chrome/103.0.5060.114 Safari/537.36"
66.29.132.124 - - [21/Dec/2024:15:26:31 -0500] "POST /wp-cron.php?doing_wp_cron=1734812791.0497930049896240234375 HTTP/1.1" 200 0 "-" "WordPress/6.7.1; https://misswavenigeria.com"
165.231.182.111 - - [21/Dec/2024:15:26:30 -0500] "GET /register/ HTTP/1.0" 200 75922 "https://misswavenigeria.com/" "Mozilla/5.0 (Windows NT 10.0; Win64; x64) AppleWebKit/537.36 (KHTML, like Gecko) Chrome/103.0.5060.114 Safari/537.36"
66.29.132.124 - - [21/Dec/2024:15:26:31 -0500] "POST /wp-admin/admin-ajax.php?action=async_litespeed&nonce=LgQxnBfi4aZePBxgK57ifh9cwVkyhE9b&litespeed_type=imgoptm HTTP/1.1" 200 21 "-" "WordPress/6.7.1; https://misswavenigeria.com"
66.29.132.124 - - [21/Dec/2024:15:27:33 -0500] "POST /wp-cron.php?doing_wp_cron=1734812853.5093750953674316406250 HTTP/1.1" 200 0 "-" "WordPress/6.7.1; https://misswavenigeria.com"
165.231.182.111 - - [21/Dec/2024:15:27:33 -0500] "GET / HTTP/1.0" 200 109053 "https://misswavenigeria.com/" "Mozilla/5.0 (Windows NT 6.1; WOW64) AppleWebKit/537.36 (KHTML, like Gecko) Chrome/103.0.0.0 Safari/537.36"
66.29.132.124 - - [21/Dec/2024:15:27:33 -0500] "POST /wp-admin/admin-ajax.php?action=async_litespeed&nonce=YPdbyR7hUI92NnqOuK2ok3ilIQBzPFfr&litespeed_type=imgoptm HTTP/1.1" 200 21 "-" "WordPress/6.7.1; https://misswavenigeria.com"
165.231.182.111 - - [21/Dec/2024:15:27:35 -0500] "GET /register/ HTTP/1.0" 200 75922 "https://misswavenigeria.com/register/" "Mozilla/5.0 (Windows NT 6.1; WOW64) AppleWebKit/537.36 (KHTML, like Gecko) Chrome/103.0.0.0 Safari/537.36"
43.159.152.187 - - [21/Dec/2024:15:28:13 -0500] "GET / HTTP/1.1" 301 0 "http://www.misswavenigeria.com" "Mozilla/5.0 (iPhone; CPU iPhone OS 13_2_3 like Mac OS X) AppleWebKit/605.1.15 (KHTML, like Gecko) Version/13.0.3 Mobile/15E148 Safari/604.1"
43.159.152.187 - - [21/Dec/2024:15:28:15 -0500] "GET / HTTP/1.1" 200 24479 "https://www.misswavenigeria.com/" "Mozilla/5.0 (iPhone; CPU iPhone OS 13_2_3 like Mac OS X) AppleWebKit/605.1.15 (KHTML, like Gecko) Version/13.0.3 Mobile/15E148 Safari/604.1"
165.231.182.111 - - [21/Dec/2024:15:27:37 -0500] "POST /register/ HTTP/1.0" 200 76048 "https://misswavenigeria.com/register/" "Mozilla/5.0 (Windows NT 6.1; WOW64) AppleWebKit/537.36 (KHTML, like Gecko) Chrome/103.0.0.0 Safari/537.36"
66.29.132.124 - - [21/Dec/2024:15:28:50 -0500] "POST /wp-cron.php?doing_wp_cron=1734812930.0517170429229736328125 HTTP/1.1" 200 0 "-" "WordPress/6.7.1; https://misswavenigeria.com"
165.231.182.111 - - [21/Dec/2024:15:28:49 -0500] "GET /register/ HTTP/1.0" 200 75922 "https://misswavenigeria.com/" "Mozilla/5.0 (Windows NT 6.1; WOW64) AppleWebKit/537.36 (KHTML, like Gecko) Chrome/103.0.0.0 Safari/537.36"
66.29.132.124 - - [21/Dec/2024:15:28:50 -0500] "POST /wp-admin/admin-ajax.php?action=async_litespeed&nonce=Salbuq8A3zmLYXxJBzvYZljzBAgSTRCx&litespeed_type=imgoptm HTTP/1.1" 200 21 "-" "WordPress/6.7.1; https://misswavenigeria.com"
66.29.132.124 - - [21/Dec/2024:15:30:32 -0500] "POST /wp-cron.php?doing_wp_cron=1734813032.5650548934936523437500 HTTP/1.1" 200 0 "-" "WordPress/6.7.1; https://misswavenigeria.com"
165.231.182.111 - - [21/Dec/2024:15:30:29 -0500] "GET / HTTP/1.0" 200 109055 "https://misswavenigeria.com/" "Mozilla/5.0 (Windows NT 10.0; Win64; x64) AppleWebKit/537.36 (KHTML, like Gecko) Chrome/103.0.5060.114 Safari/537.36"
66.29.132.124 - - [21/Dec/2024:15:30:32 -0500] "POST /wp-admin/admin-ajax.php?action=async_litespeed&nonce=5SI7Ma3nXeNMG45QgAAbTO9vdEdVnjqd&litespeed_type=imgoptm HTTP/1.1" 200 21 "-" "WordPress/6.7.1; https://misswavenigeria.com"
165.231.182.111 - - [21/Dec/2024:15:30:34 -0500] "GET /register/ HTTP/1.0" 200 75922 "https://misswavenigeria.com/register/" "Mozilla/5.0 (Windows NT 10.0; Win64; x64) AppleWebKit/537.36 (KHTML, like Gecko) Chrome/103.0.5060.114 Safari/537.36"
165.231.182.111 - - [21/Dec/2024:15:30:36 -0500] "POST /register/ HTTP/1.0" 200 76048 "https://misswavenigeria.com/register/" "Mozilla/5.0 (Windows NT 10.0; Win64; x64) AppleWebKit/537.36 (KHTML, like Gecko) Chrome/103.0.5060.114 Safari/537.36"
66.29.132.124 - - [21/Dec/2024:15:31:57 -0500] "POST /wp-cron.php?doing_wp_cron=1734813117.8227620124816894531250 HTTP/1.1" 200 0 "-" "WordPress/6.7.1; https://misswavenigeria.com"
165.231.182.111 - - [21/Dec/2024:15:31:57 -0500] "GET /register/ HTTP/1.0" 200 75922 "https://misswavenigeria.com/" "Mozilla/5.0 (Windows NT 10.0; Win64; x64) AppleWebKit/537.36 (KHTML, like Gecko) Chrome/103.0.5060.114 Safari/537.36"
66.29.132.124 - - [21/Dec/2024:15:31:58 -0500] "POST /wp-admin/admin-ajax.php?action=async_litespeed&nonce=qxRLudjpte6BdyS0112YWIV1L6SrfwSM&litespeed_type=imgoptm HTTP/1.1" 200 21 "-" "WordPress/6.7.1; https://misswavenigeria.com"
66.29.132.124 - - [21/Dec/2024:15:33:26 -0500] "POST /wp-cron.php?doing_wp_cron=1734813206.5936830043792724609375 HTTP/1.1" 200 0 "-" "WordPress/6.7.1; https://misswavenigeria.com"
165.231.182.111 - - [21/Dec/2024:15:33:25 -0500] "GET / HTTP/1.0" 200 109055 "https://misswavenigeria.com/" "Mozilla/5.0 (Windows NT 10.0; Win64; x64) AppleWebKit/537.36 (KHTML, like Gecko) Chrome/103.0.0.0 Safari/537.36 OpenWave/97.4.2043.44"
66.29.132.124 - - [21/Dec/2024:15:33:26 -0500] "POST /wp-admin/admin-ajax.php?action=async_litespeed&nonce=57wCMBY9mm9DXza2EPWwW3J96ea7OzSu&litespeed_type=imgoptm HTTP/1.1" 200 21 "-" "WordPress/6.7.1; https://misswavenigeria.com"
165.231.182.111 - - [21/Dec/2024:15:33:28 -0500] "GET /register/ HTTP/1.0" 200 75922 "https://misswavenigeria.com/register/" "Mozilla/5.0 (Windows NT 10.0; Win64; x64) AppleWebKit/537.36 (KHTML, like Gecko) Chrome/103.0.0.0 Safari/537.36 OpenWave/97.4.2043.44"
165.231.182.111 - - [21/Dec/2024:15:33:30 -0500] "POST /register/ HTTP/1.0" 200 76048 "https://misswavenigeria.com/register/" "Mozilla/5.0 (Windows NT 10.0; Win64; x64) AppleWebKit/537.36 (KHTML, like Gecko) Chrome/103.0.0.0 Safari/537.36 OpenWave/97.4.2043.44"
66.29.132.124 - - [21/Dec/2024:15:34:45 -0500] "POST /wp-cron.php?doing_wp_cron=1734813285.2761430740356445312500 HTTP/1.1" 200 0 "-" "WordPress/6.7.1; https://misswavenigeria.com"
165.231.182.111 - - [21/Dec/2024:15:34:45 -0500] "GET /register/ HTTP/1.0" 200 75922 "https://misswavenigeria.com/" "Mozilla/5.0 (Windows NT 10.0; Win64; x64) AppleWebKit/537.36 (KHTML, like Gecko) Chrome/103.0.0.0 Safari/537.36 OpenWave/97.4.2043.44"
66.29.132.124 - - [21/Dec/2024:15:34:45 -0500] "POST /wp-admin/admin-ajax.php?action=async_litespeed&nonce=zqqHrgO1EPAKW2MgoXY4U4z53YkV4kzg&litespeed_type=imgoptm HTTP/1.1" 200 21 "-" "WordPress/6.7.1; https://misswavenigeria.com"
66.29.132.124 - - [21/Dec/2024:15:36:32 -0500] "POST /wp-cron.php?doing_wp_cron=1734813392.0042119026184082031250 HTTP/1.1" 200 0 "-" "WordPress/6.7.1; https://misswavenigeria.com"
165.231.182.111 - - [21/Dec/2024:15:36:30 -0500] "GET / HTTP/1.0" 200 109055 "https://misswavenigeria.com/" "Mozilla/5.0 (Windows NT 6.1; Win64; x64) AppleWebKit/537.36 (KHTML, like Gecko) Chrome/103.0.5060.66 Safari/537.36"
66.29.132.124 - - [21/Dec/2024:15:36:32 -0500] "POST /wp-admin/admin-ajax.php?action=async_litespeed&nonce=y7twaFlAPw4CoMXsfh87M9esyFtyIHTw&litespeed_type=imgoptm HTTP/1.1" 200 21 "-" "WordPress/6.7.1; https://misswavenigeria.com"
165.231.182.111 - - [21/Dec/2024:15:36:34 -0500] "GET /register/ HTTP/1.0" 200 75922 "https://misswavenigeria.com/register/" "Mozilla/5.0 (Windows NT 6.1; Win64; x64) AppleWebKit/537.36 (KHTML, like Gecko) Chrome/103.0.5060.66 Safari/537.36"
165.231.182.111 - - [21/Dec/2024:15:36:36 -0500] "POST /register/ HTTP/1.0" 200 76048 "https://misswavenigeria.com/register/" "Mozilla/5.0 (Windows NT 6.1; Win64; x64) AppleWebKit/537.36 (KHTML, like Gecko) Chrome/103.0.5060.66 Safari/537.36"
66.29.132.124 - - [21/Dec/2024:15:38:02 -0500] "POST /wp-cron.php?doing_wp_cron=1734813482.7358870506286621093750 HTTP/1.1" 200 0 "-" "WordPress/6.7.1; https://misswavenigeria.com"
165.231.182.111 - - [21/Dec/2024:15:38:02 -0500] "GET /register/ HTTP/1.0" 200 75922 "https://misswavenigeria.com/" "Mozilla/5.0 (Windows NT 6.1; Win64; x64) AppleWebKit/537.36 (KHTML, like Gecko) Chrome/103.0.5060.66 Safari/537.36"
66.29.132.124 - - [21/Dec/2024:15:38:02 -0500] "POST /wp-admin/admin-ajax.php?action=async_litespeed&nonce=t7K3C6eABS2nSEG4ff0sI03F8nJ4KrKU&litespeed_type=imgoptm HTTP/1.1" 200 21 "-" "WordPress/6.7.1; https://misswavenigeria.com"
66.29.132.124 - - [21/Dec/2024:15:39:30 -0500] "POST /wp-cron.php?doing_wp_cron=1734813570.3040280342102050781250 HTTP/1.1" 200 0 "-" "WordPress/6.7.1; https://misswavenigeria.com"
165.231.182.111 - - [21/Dec/2024:15:39:28 -0500] "GET / HTTP/1.0" 200 109055 "https://misswavenigeria.com/" "Mozilla/5.0 (Windows NT 10.0; Win64; x64) AppleWebKit/537.36 (KHTML, like Gecko) Chrome/103.0.0.0 Safari/537.36"
66.29.132.124 - - [21/Dec/2024:15:39:30 -0500] "POST /wp-admin/admin-ajax.php?action=async_litespeed&nonce=6ilGsVJ2i50Gnu1eJNaPTPskN0GWKSYP&litespeed_type=imgoptm HTTP/1.1" 200 21 "-" "WordPress/6.7.1; https://misswavenigeria.com"
165.231.182.111 - - [21/Dec/2024:15:39:32 -0500] "GET /register/ HTTP/1.0" 200 75922 "https://misswavenigeria.com/register/" "Mozilla/5.0 (Windows NT 10.0; Win64; x64) AppleWebKit/537.36 (KHTML, like Gecko) Chrome/103.0.0.0 Safari/537.36"
66.29.132.124 - - [21/Dec/2024:15:39:34 -0500] "POST /wp-cron.php?doing_wp_cron=1734813574.5976788997650146484375 HTTP/1.1" 200 0 "-" "WordPress/6.7.1; https://misswavenigeria.com"
66.29.132.124 - - [21/Dec/2024:15:39:34 -0500] "POST /wp-admin/admin-ajax.php?action=async_litespeed&nonce=9xfSoze9zKVcSd5JocLLe2Dy4dxfudpR&litespeed_type=imgoptm HTTP/1.1" 200 21 "-" "WordPress/6.7.1; https://misswavenigeria.com"
165.231.182.111 - - [21/Dec/2024:15:39:34 -0500] "POST /register/ HTTP/1.0" 200 76048 "https://misswavenigeria.com/register/" "Mozilla/5.0 (Windows NT 10.0; Win64; x64) AppleWebKit/537.36 (KHTML, like Gecko) Chrome/103.0.0.0 Safari/537.36"
66.29.132.124 - - [21/Dec/2024:15:40:59 -0500] "POST /wp-cron.php?doing_wp_cron=1734813659.6483149528503417968750 HTTP/1.1" 200 0 "-" "WordPress/6.7.1; https://misswavenigeria.com"
165.231.182.111 - - [21/Dec/2024:15:40:59 -0500] "GET /register/ HTTP/1.0" 200 75922 "https://misswavenigeria.com/" "Mozilla/5.0 (Windows NT 10.0; Win64; x64) AppleWebKit/537.36 (KHTML, like Gecko) Chrome/103.0.0.0 Safari/537.36"
66.29.132.124 - - [21/Dec/2024:15:40:59 -0500] "POST /wp-admin/admin-ajax.php?action=async_litespeed&nonce=ZwpFigDq6e3mTx592oK6uYXUnf90hPYS&litespeed_type=imgoptm HTTP/1.1" 200 21 "-" "WordPress/6.7.1; https://misswavenigeria.com"
66.29.132.124 - - [21/Dec/2024:15:42:28 -0500] "POST /wp-cron.php?doing_wp_cron=1734813748.5913379192352294921875 HTTP/1.1" 200 0 "-" "WordPress/6.7.1; https://misswavenigeria.com"
165.231.182.111 - - [21/Dec/2024:15:42:26 -0500] "GET / HTTP/1.0" 200 109055 "https://misswavenigeria.com/" "Mozilla/5.0 (Windows NT 10.0; Win64; x64) AppleWebKit/537.36 (KHTML, like Gecko) Chrome/103.0.0.0 Safari/537.36 Herring/95.1.8810.11"
66.29.132.124 - - [21/Dec/2024:15:42:28 -0500] "POST /wp-admin/admin-ajax.php?action=async_litespeed&nonce=8Oxju6mlTtuIMZmW2KLTMvE0bidgwYaj&litespeed_type=imgoptm HTTP/1.1" 200 21 "-" "WordPress/6.7.1; https://misswavenigeria.com"
165.231.182.111 - - [21/Dec/2024:15:42:30 -0500] "GET /register/ HTTP/1.0" 200 75922 "https://misswavenigeria.com/register/" "Mozilla/5.0 (Windows NT 10.0; Win64; x64) AppleWebKit/537.36 (KHTML, like Gecko) Chrome/103.0.0.0 Safari/537.36 Herring/95.1.8810.11"
66.29.132.124 - - [21/Dec/2024:15:42:32 -0500] "POST /wp-cron.php?doing_wp_cron=1734813752.6845130920410156250000 HTTP/1.1" 200 0 "-" "WordPress/6.7.1; https://misswavenigeria.com"
66.29.132.124 - - [21/Dec/2024:15:42:32 -0500] "POST /wp-admin/admin-ajax.php?action=async_litespeed&nonce=NxqMiANLIarqN9XSf5WSl3KkOLNGbkx3&litespeed_type=imgoptm HTTP/1.1" 200 21 "-" "WordPress/6.7.1; https://misswavenigeria.com"
81.19.141.225 - - [21/Dec/2024:15:42:48 -0500] "GET //.env HTTP/1.1" 403 1242 "-" "Mozilla/5.0 (X11; Linux x86_64) AppleWebKit/537.36 (KHTML, like Gecko) Chrome/110.0.0.0 Safari/537.36"
81.19.141.225 - - [21/Dec/2024:15:42:48 -0500] "GET / HTTP/1.1" 508 829 "-" "Mozilla/5.0 (X11; Ubuntu; Linux x86_64; rv:110.0) Gecko/20100101 Firefox/110.0"
165.231.182.111 - - [21/Dec/2024:15:42:32 -0500] "POST /register/ HTTP/1.0" 200 76048 "https://misswavenigeria.com/register/" "Mozilla/5.0 (Windows NT 10.0; Win64; x64) AppleWebKit/537.36 (KHTML, like Gecko) Chrome/103.0.0.0 Safari/537.36 Herring/95.1.8810.11"
66.29.132.124 - - [21/Dec/2024:15:43:52 -0500] "POST /wp-cron.php?doing_wp_cron=1734813832.5234510898590087890625 HTTP/1.1" 200 0 "-" "WordPress/6.7.1; https://misswavenigeria.com"
165.231.182.111 - - [21/Dec/2024:15:43:52 -0500] "GET /register/ HTTP/1.0" 200 75922 "https://misswavenigeria.com/" "Mozilla/5.0 (Windows NT 10.0; Win64; x64) AppleWebKit/537.36 (KHTML, like Gecko) Chrome/103.0.0.0 Safari/537.36 Herring/95.1.8810.11"
66.29.132.124 - - [21/Dec/2024:15:43:52 -0500] "POST /wp-admin/admin-ajax.php?action=async_litespeed&nonce=LXCUm1N107zt2ed8V646eJhzh8qiv0DL&litespeed_type=imgoptm HTTP/1.1" 200 21 "-" "WordPress/6.7.1; https://misswavenigeria.com"
66.29.132.124 - - [21/Dec/2024:15:45:25 -0500] "POST /wp-cron.php?doing_wp_cron=1734813925.1647009849548339843750 HTTP/1.1" 200 0 "-" "WordPress/6.7.1; https://misswavenigeria.com"
165.231.182.111 - - [21/Dec/2024:15:45:23 -0500] "GET / HTTP/1.0" 200 109055 "https://misswavenigeria.com/" "Mozilla/5.0 (Windows NT 10.0; WOW64) AppleWebKit/537.36 (KHTML, like Gecko) Chrome/103.0.0.0 Safari/537.36"
66.29.132.124 - - [21/Dec/2024:15:45:25 -0500] "POST /wp-admin/admin-ajax.php?action=async_litespeed&nonce=UEUdI2mrqtNspjio7UjqULR3Wc1KN0CM&litespeed_type=imgoptm HTTP/1.1" 200 21 "-" "WordPress/6.7.1; https://misswavenigeria.com"
165.231.182.111 - - [21/Dec/2024:15:45:27 -0500] "GET /register/ HTTP/1.0" 200 75922 "https://misswavenigeria.com/register/" "Mozilla/5.0 (Windows NT 10.0; WOW64) AppleWebKit/537.36 (KHTML, like Gecko) Chrome/103.0.0.0 Safari/537.36"
51.8.102.237 - - [21/Dec/2024:15:45:30 -0500] "GET /robots.txt HTTP/1.1" 200 99 "-" "Mozilla/5.0 AppleWebKit/537.36 (KHTML, like Gecko); compatible; OAI-SearchBot/1.0; +https://openai.com/searchbot"
165.231.182.111 - - [21/Dec/2024:15:45:29 -0500] "POST /register/ HTTP/1.0" 200 76048 "https://misswavenigeria.com/register/" "Mozilla/5.0 (Windows NT 10.0; WOW64) AppleWebKit/537.36 (KHTML, like Gecko) Chrome/103.0.0.0 Safari/537.36"
66.29.132.124 - - [21/Dec/2024:15:46:44 -0500] "POST /wp-cron.php?doing_wp_cron=1734814004.3683869838714599609375 HTTP/1.1" 200 0 "-" "WordPress/6.7.1; https://misswavenigeria.com"
165.231.182.111 - - [21/Dec/2024:15:46:44 -0500] "GET /register/ HTTP/1.0" 200 75922 "https://misswavenigeria.com/" "Mozilla/5.0 (Windows NT 10.0; WOW64) AppleWebKit/537.36 (KHTML, like Gecko) Chrome/103.0.0.0 Safari/537.36"
66.29.132.124 - - [21/Dec/2024:15:46:44 -0500] "POST /wp-admin/admin-ajax.php?action=async_litespeed&nonce=JAXd9QYL4uQqGg0ogXBkZ2O6eAZ33bmg&litespeed_type=imgoptm HTTP/1.1" 200 21 "-" "WordPress/6.7.1; https://misswavenigeria.com"
66.29.132.124 - - [21/Dec/2024:15:48:06 -0500] "POST /wp-cron.php?doing_wp_cron=1734814086.1022839546203613281250 HTTP/1.1" 200 0 "-" "WordPress/6.7.1; https://misswavenigeria.com"
66.249.79.107 - - [21/Dec/2024:15:48:05 -0500] "GET /buy/47FS.html?product_id=203 HTTP/1.1" 301 0 "-" "Mozilla/5.0 (Linux; Android 6.0.1; Nexus 5X Build/MMB29P) AppleWebKit/537.36 (KHTML, like Gecko) Chrome/131.0.6778.139 Mobile Safari/537.36 (compatible; Googlebot/2.1; +http://www.google.com/bot.html)"
66.29.132.124 - - [21/Dec/2024:15:48:06 -0500] "POST /wp-admin/admin-ajax.php?action=async_litespeed&nonce=QLwGu1pRjKNnQ11eq9FM0ucJfuS8bWlt&litespeed_type=imgoptm HTTP/1.1" 200 21 "-" "WordPress/6.7.1; https://misswavenigeria.com"
66.249.79.131 - - [21/Dec/2024:15:48:06 -0500] "GET /buy/47FS.html?product_id=203 HTTP/1.1" 404 15609 "-" "Mozilla/5.0 (Linux; Android 6.0.1; Nexus 5X Build/MMB29P) AppleWebKit/537.36 (KHTML, like Gecko) Chrome/131.0.6778.139 Mobile Safari/537.36 (compatible; Googlebot/2.1; +http://www.google.com/bot.html)"
165.231.182.111 - - [21/Dec/2024:15:48:23 -0500] "GET / HTTP/1.0" 200 109055 "https://misswavenigeria.com/" "Mozilla/5.0 (Windows NT 6.1; Win64; x64) AppleWebKit/537.36 (KHTML, like Gecko) Chrome/103.0.0.0 Safari/537.36"
165.231.182.111 - - [21/Dec/2024:15:48:25 -0500] "GET /register/ HTTP/1.0" 200 75922 "https://misswavenigeria.com/register/" "Mozilla/5.0 (Windows NT 6.1; Win64; x64) AppleWebKit/537.36 (KHTML, like Gecko) Chrome/103.0.0.0 Safari/537.36"
66.29.132.124 - - [21/Dec/2024:15:48:27 -0500] "POST /wp-cron.php?doing_wp_cron=1734814107.3332068920135498046875 HTTP/1.1" 200 0 "-" "WordPress/6.7.1; https://misswavenigeria.com"
165.231.182.111 - - [21/Dec/2024:15:48:27 -0500] "POST /register/ HTTP/1.0" 200 76048 "https://misswavenigeria.com/register/" "Mozilla/5.0 (Windows NT 6.1; Win64; x64) AppleWebKit/537.36 (KHTML, like Gecko) Chrome/103.0.0.0 Safari/537.36"
66.29.132.124 - - [21/Dec/2024:15:49:39 -0500] "POST /wp-cron.php?doing_wp_cron=1734814179.9626948833465576171875 HTTP/1.1" 200 0 "-" "WordPress/6.7.1; https://misswavenigeria.com"
165.231.182.111 - - [21/Dec/2024:15:49:39 -0500] "GET /register/ HTTP/1.0" 200 75922 "https://misswavenigeria.com/" "Mozilla/5.0 (Windows NT 6.1; Win64; x64) AppleWebKit/537.36 (KHTML, like Gecko) Chrome/103.0.0.0 Safari/537.36"
66.29.132.124 - - [21/Dec/2024:15:49:40 -0500] "POST /wp-admin/admin-ajax.php?action=async_litespeed&nonce=prbtERD8FmGgGBFHygfxMZ8Yv7yIxtc3&litespeed_type=imgoptm HTTP/1.1" 200 21 "-" "WordPress/6.7.1; https://misswavenigeria.com"
66.29.132.124 - - [21/Dec/2024:15:51:30 -0500] "POST /wp-cron.php?doing_wp_cron=1734814290.1304249763488769531250 HTTP/1.1" 200 0 "-" "WordPress/6.7.1; https://misswavenigeria.com"
165.231.182.111 - - [21/Dec/2024:15:51:28 -0500] "GET / HTTP/1.0" 200 109055 "https://misswavenigeria.com/" "Mozilla/5.0 (Windows NT 6.1; Win64; x64) AppleWebKit/537.36 (KHTML, like Gecko) Chrome/103.0.5060.66 Safari/537.36"
66.29.132.124 - - [21/Dec/2024:15:51:30 -0500] "POST /wp-admin/admin-ajax.php?action=async_litespeed&nonce=SgSvQnJCou4u9h6Qo7918yNtkWVLMchR&litespeed_type=imgoptm HTTP/1.1" 200 21 "-" "WordPress/6.7.1; https://misswavenigeria.com"
165.231.182.111 - - [21/Dec/2024:15:51:32 -0500] "GET /register/ HTTP/1.0" 200 75922 "https://misswavenigeria.com/register/" "Mozilla/5.0 (Windows NT 6.1; Win64; x64) AppleWebKit/537.36 (KHTML, like Gecko) Chrome/103.0.5060.66 Safari/537.36"
66.29.132.124 - - [21/Dec/2024:15:51:34 -0500] "POST /wp-cron.php?doing_wp_cron=1734814294.2923069000244140625000 HTTP/1.1" 200 0 "-" "WordPress/6.7.1; https://misswavenigeria.com"
66.29.132.124 - - [21/Dec/2024:15:51:34 -0500] "POST /wp-admin/admin-ajax.php?action=async_litespeed&nonce=DeGsMx4rC67yMKNbQTcYbXWLVYSScTdE&litespeed_type=imgoptm HTTP/1.1" 200 21 "-" "WordPress/6.7.1; https://misswavenigeria.com"
165.231.182.111 - - [21/Dec/2024:15:51:34 -0500] "POST /register/ HTTP/1.0" 200 76048 "https://misswavenigeria.com/register/" "Mozilla/5.0 (Windows NT 6.1; Win64; x64) AppleWebKit/537.36 (KHTML, like Gecko) Chrome/103.0.5060.66 Safari/537.36"
66.29.132.124 - - [21/Dec/2024:15:52:39 -0500] "POST /wp-cron.php?doing_wp_cron=1734814359.0127239227294921875000 HTTP/1.1" 200 0 "-" "WordPress/6.7.1; https://misswavenigeria.com"
165.231.182.111 - - [21/Dec/2024:15:52:38 -0500] "GET /register/ HTTP/1.0" 200 75922 "https://misswavenigeria.com/" "Mozilla/5.0 (Windows NT 6.1; Win64; x64) AppleWebKit/537.36 (KHTML, like Gecko) Chrome/103.0.5060.66 Safari/537.36"
66.29.132.124 - - [21/Dec/2024:15:52:39 -0500] "POST /wp-admin/admin-ajax.php?action=async_litespeed&nonce=XKd7AmhEwdI7g8EeBS2ehhvoS8EdB5ur&litespeed_type=imgoptm HTTP/1.1" 200 21 "-" "WordPress/6.7.1; https://misswavenigeria.com"
66.29.132.124 - - [21/Dec/2024:15:53:27 -0500] "POST /wp-cron.php?doing_wp_cron=1734814407.1953189373016357421875 HTTP/1.1" 200 0 "-" "WordPress/6.7.1; https://misswavenigeria.com"
66.249.79.131 - - [21/Dec/2024:15:53:27 -0500] "GET /goods/408530.html HTTP/1.1" 404 15608 "-" "Mozilla/5.0 (Linux; Android 6.0.1; Nexus 5X Build/MMB29P) AppleWebKit/537.36 (KHTML, like Gecko) Chrome/131.0.6778.139 Mobile Safari/537.36 (compatible; Googlebot/2.1; +http://www.google.com/bot.html)"
66.29.132.124 - - [21/Dec/2024:15:54:33 -0500] "POST /wp-cron.php?doing_wp_cron=1734814473.1282269954681396484375 HTTP/1.1" 200 0 "-" "WordPress/6.7.1; https://misswavenigeria.com"
165.231.182.111 - - [21/Dec/2024:15:54:32 -0500] "GET / HTTP/1.0" 200 109053 "https://misswavenigeria.com/" "Mozilla/5.0 (Windows NT 6.1) AppleWebKit/537.36 (KHTML, like Gecko) Chrome/103.0.0.0 Safari/537.36"
66.29.132.124 - - [21/Dec/2024:15:54:33 -0500] "POST /wp-admin/admin-ajax.php?action=async_litespeed&nonce=QdZO0mlcqxMFoDlzS8MBOuYYocHIunQ3&litespeed_type=imgoptm HTTP/1.1" 200 21 "-" "WordPress/6.7.1; https://misswavenigeria.com"
165.231.182.111 - - [21/Dec/2024:15:54:35 -0500] "GET /register/ HTTP/1.0" 200 75922 "https://misswavenigeria.com/register/" "Mozilla/5.0 (Windows NT 6.1) AppleWebKit/537.36 (KHTML, like Gecko) Chrome/103.0.0.0 Safari/537.36"
165.231.182.111 - - [21/Dec/2024:15:54:37 -0500] "POST /register/ HTTP/1.0" 200 76048 "https://misswavenigeria.com/register/" "Mozilla/5.0 (Windows NT 6.1) AppleWebKit/537.36 (KHTML, like Gecko) Chrome/103.0.0.0 Safari/537.36"
66.29.132.124 - - [21/Dec/2024:15:55:56 -0500] "POST /wp-cron.php?doing_wp_cron=1734814556.9220910072326660156250 HTTP/1.1" 200 0 "-" "WordPress/6.7.1; https://misswavenigeria.com"
165.231.182.111 - - [21/Dec/2024:15:55:56 -0500] "GET /register/ HTTP/1.0" 200 75922 "https://misswavenigeria.com/" "Mozilla/5.0 (Windows NT 6.1) AppleWebKit/537.36 (KHTML, like Gecko) Chrome/103.0.0.0 Safari/537.36"
66.29.132.124 - - [21/Dec/2024:15:55:57 -0500] "POST /wp-admin/admin-ajax.php?action=async_litespeed&nonce=MUgRbysC9O5Gb4BfRlAXkCHrWbuxp8E1&litespeed_type=imgoptm HTTP/1.1" 200 21 "-" "WordPress/6.7.1; https://misswavenigeria.com"
66.29.132.124 - - [21/Dec/2024:15:57:35 -0500] "POST /wp-cron.php?doing_wp_cron=1734814655.5778748989105224609375 HTTP/1.1" 200 0 "-" "WordPress/6.7.1; https://misswavenigeria.com"
165.231.182.111 - - [21/Dec/2024:15:57:33 -0500] "GET / HTTP/1.0" 200 109053 "https://misswavenigeria.com/" "Mozilla/5.0 (Windows NT 6.1; Win64; x64) AppleWebKit/537.36 (KHTML, like Gecko) Chrome/103.0.5060.66 Safari/537.36"
66.29.132.124 - - [21/Dec/2024:15:57:35 -0500] "POST /wp-admin/admin-ajax.php?action=async_litespeed&nonce=pVqkXN5lFUcFMiXURzUqoi7h5blKAQf2&litespeed_type=imgoptm HTTP/1.1" 200 21 "-" "WordPress/6.7.1; https://misswavenigeria.com"
165.231.182.111 - - [21/Dec/2024:15:57:37 -0500] "GET /register/ HTTP/1.0" 200 75922 "https://misswavenigeria.com/register/" "Mozilla/5.0 (Windows NT 6.1; Win64; x64) AppleWebKit/537.36 (KHTML, like Gecko) Chrome/103.0.5060.66 Safari/537.36"
165.231.182.111 - - [21/Dec/2024:15:57:39 -0500] "POST /register/ HTTP/1.0" 200 76048 "https://misswavenigeria.com/register/" "Mozilla/5.0 (Windows NT 6.1; Win64; x64) AppleWebKit/537.36 (KHTML, like Gecko) Chrome/103.0.5060.66 Safari/537.36"
66.29.132.124 - - [21/Dec/2024:15:58:46 -0500] "POST /wp-cron.php?doing_wp_cron=1734814726.9141950607299804687500 HTTP/1.1" 200 0 "-" "WordPress/6.7.1; https://misswavenigeria.com"
165.231.182.111 - - [21/Dec/2024:15:58:46 -0500] "GET /register/ HTTP/1.0" 200 75922 "https://misswavenigeria.com/" "Mozilla/5.0 (Windows NT 6.1; Win64; x64) AppleWebKit/537.36 (KHTML, like Gecko) Chrome/103.0.5060.66 Safari/537.36"
66.29.132.124 - - [21/Dec/2024:15:58:47 -0500] "POST /wp-admin/admin-ajax.php?action=async_litespeed&nonce=gnOfh27tPwe7R5yFN0vLn0g87vL4SQ3C&litespeed_type=imgoptm HTTP/1.1" 200 21 "-" "WordPress/6.7.1; https://misswavenigeria.com"
66.249.79.132 - - [21/Dec/2024:15:59:05 -0500] "GET /goods/405958.html HTTP/1.1" 404 15609 "-" "Mozilla/5.0 (Linux; Android 6.0.1; Nexus 5X Build/MMB29P) AppleWebKit/537.36 (KHTML, like Gecko) Chrome/131.0.6778.139 Mobile Safari/537.36 (compatible; Googlebot/2.1; +http://www.google.com/bot.html)"
66.29.132.124 - - [21/Dec/2024:16:00:37 -0500] "POST /wp-cron.php?doing_wp_cron=1734814837.3761980533599853515625 HTTP/1.1" 200 0 "-" "WordPress/6.7.1; https://misswavenigeria.com"
165.231.182.111 - - [21/Dec/2024:16:00:35 -0500] "GET / HTTP/1.0" 200 109055 "https://misswavenigeria.com/" "Mozilla/5.0 (Windows NT 6.3; Win64; x64) AppleWebKit/537.36 (KHTML, like Gecko) Chrome/103.0.5060.114 Safari/537.36"
66.29.132.124 - - [21/Dec/2024:16:00:37 -0500] "POST /wp-admin/admin-ajax.php?action=async_litespeed&nonce=1wiBmupO13ddAmfJDjPCnsLvhofMMNeN&litespeed_type=imgoptm HTTP/1.1" 200 21 "-" "WordPress/6.7.1; https://misswavenigeria.com"
165.231.182.111 - - [21/Dec/2024:16:00:39 -0500] "GET /register/ HTTP/1.0" 200 75922 "https://misswavenigeria.com/register/" "Mozilla/5.0 (Windows NT 6.3; Win64; x64) AppleWebKit/537.36 (KHTML, like Gecko) Chrome/103.0.5060.114 Safari/537.36"
165.231.182.111 - - [21/Dec/2024:16:00:41 -0500] "POST /register/ HTTP/1.0" 200 76048 "https://misswavenigeria.com/register/" "Mozilla/5.0 (Windows NT 6.3; Win64; x64) AppleWebKit/537.36 (KHTML, like Gecko) Chrome/103.0.5060.114 Safari/537.36"
66.29.132.124 - - [21/Dec/2024:16:01:44 -0500] "POST /wp-cron.php?doing_wp_cron=1734814904.7820150852203369140625 HTTP/1.1" 200 0 "-" "WordPress/6.7.1; https://misswavenigeria.com"
165.231.182.111 - - [21/Dec/2024:16:01:44 -0500] "GET /register/ HTTP/1.0" 200 75922 "https://misswavenigeria.com/" "Mozilla/5.0 (Windows NT 6.3; Win64; x64) AppleWebKit/537.36 (KHTML, like Gecko) Chrome/103.0.5060.114 Safari/537.36"
66.29.132.124 - - [21/Dec/2024:16:01:44 -0500] "POST /wp-admin/admin-ajax.php?action=async_litespeed&nonce=UcPTuM59hu9kvgDtReqhVnRLvrOKmr0t&litespeed_type=imgoptm HTTP/1.1" 200 21 "-" "WordPress/6.7.1; https://misswavenigeria.com"
66.29.132.124 - - [21/Dec/2024:16:03:37 -0500] "POST /wp-cron.php?doing_wp_cron=1734815017.1078040599822998046875 HTTP/1.1" 200 0 "-" "WordPress/6.7.1; https://misswavenigeria.com"
165.231.182.111 - - [21/Dec/2024:16:03:35 -0500] "GET / HTTP/1.0" 200 109053 "https://misswavenigeria.com/" "Mozilla/5.0 (Windows NT 6.1; WOW64) AppleWebKit/537.36 (KHTML, like Gecko) Chrome/103.0.0.0 Safari/537.36"
66.29.132.124 - - [21/Dec/2024:16:03:37 -0500] "POST /wp-admin/admin-ajax.php?action=async_litespeed&nonce=JVocT1PDiISiEQLBpAYIctZKHzuwuP52&litespeed_type=imgoptm HTTP/1.1" 200 21 "-" "WordPress/6.7.1; https://misswavenigeria.com"
165.231.182.111 - - [21/Dec/2024:16:03:39 -0500] "GET /register/ HTTP/1.0" 200 75922 "https://misswavenigeria.com/register/" "Mozilla/5.0 (Windows NT 6.1; WOW64) AppleWebKit/537.36 (KHTML, like Gecko) Chrome/103.0.0.0 Safari/537.36"
165.231.182.111 - - [21/Dec/2024:16:03:41 -0500] "POST /register/ HTTP/1.0" 200 76048 "https://misswavenigeria.com/register/" "Mozilla/5.0 (Windows NT 6.1; WOW64) AppleWebKit/537.36 (KHTML, like Gecko) Chrome/103.0.0.0 Safari/537.36"
66.29.132.124 - - [21/Dec/2024:16:05:03 -0500] "POST /wp-cron.php?doing_wp_cron=1734815103.4235498905181884765625 HTTP/1.1" 200 0 "-" "WordPress/6.7.1; https://misswavenigeria.com"
165.231.182.111 - - [21/Dec/2024:16:05:02 -0500] "GET /register/ HTTP/1.0" 200 75922 "https://misswavenigeria.com/" "Mozilla/5.0 (Windows NT 6.1; WOW64) AppleWebKit/537.36 (KHTML, like Gecko) Chrome/103.0.0.0 Safari/537.36"
66.29.132.124 - - [21/Dec/2024:16:05:03 -0500] "POST /wp-admin/admin-ajax.php?action=async_litespeed&nonce=TuTBxV4IT9MhamNlx7SYooQ3LJwTrxkz&litespeed_type=imgoptm HTTP/1.1" 200 21 "-" "WordPress/6.7.1; https://misswavenigeria.com"
66.29.132.124 - - [21/Dec/2024:16:06:37 -0500] "POST /wp-cron.php?doing_wp_cron=1734815197.0206670761108398437500 HTTP/1.1" 200 0 "-" "WordPress/6.7.1; https://misswavenigeria.com"
165.231.182.111 - - [21/Dec/2024:16:06:34 -0500] "GET / HTTP/1.0" 200 109055 "https://misswavenigeria.com/" "Mozilla/5.0 (Windows NT 6.3; Win64; x64) AppleWebKit/537.36 (KHTML, like Gecko) Chrome/103.0.5060.53 Safari/537.36"
66.29.132.124 - - [21/Dec/2024:16:06:37 -0500] "POST /wp-admin/admin-ajax.php?action=async_litespeed&nonce=urBEgMuRi3uFtlIX79sJ99GrWLbfbuEm&litespeed_type=imgoptm HTTP/1.1" 200 21 "-" "WordPress/6.7.1; https://misswavenigeria.com"
165.231.182.111 - - [21/Dec/2024:16:06:40 -0500] "GET /register/ HTTP/1.0" 200 75922 "https://misswavenigeria.com/register/" "Mozilla/5.0 (Windows NT 6.3; Win64; x64) AppleWebKit/537.36 (KHTML, like Gecko) Chrome/103.0.5060.53 Safari/537.36"
165.231.182.111 - - [21/Dec/2024:16:06:42 -0500] "POST /register/ HTTP/1.0" 200 76048 "https://misswavenigeria.com/register/" "Mozilla/5.0 (Windows NT 6.3; Win64; x64) AppleWebKit/537.36 (KHTML, like Gecko) Chrome/103.0.5060.53 Safari/537.36"
66.29.132.124 - - [21/Dec/2024:16:08:11 -0500] "POST /wp-cron.php?doing_wp_cron=1734815291.6297869682312011718750 HTTP/1.1" 200 0 "-" "WordPress/6.7.1; https://misswavenigeria.com"
165.231.182.111 - - [21/Dec/2024:16:08:11 -0500] "GET /register/ HTTP/1.0" 200 75922 "https://misswavenigeria.com/" "Mozilla/5.0 (Windows NT 6.3; Win64; x64) AppleWebKit/537.36 (KHTML, like Gecko) Chrome/103.0.5060.53 Safari/537.36"
66.29.132.124 - - [21/Dec/2024:16:08:11 -0500] "POST /wp-admin/admin-ajax.php?action=async_litespeed&nonce=7sgz5APQZCPVlzsbAMb76UjXREhcMjqR&litespeed_type=imgoptm HTTP/1.1" 200 21 "-" "WordPress/6.7.1; https://misswavenigeria.com"
66.29.132.124 - - [21/Dec/2024:16:09:31 -0500] "POST /wp-cron.php?doing_wp_cron=1734815371.2326478958129882812500 HTTP/1.1" 200 0 "-" "WordPress/6.7.1; https://misswavenigeria.com"
165.231.182.111 - - [21/Dec/2024:16:09:31 -0500] "GET / HTTP/1.0" 200 109055 "https://misswavenigeria.com/" "Mozilla/5.0 (Windows NT 6.3; Win64; x64) AppleWebKit/537.36 (KHTML, like Gecko) Chrome/103.0.0.0 Safari/537.36"
66.29.132.124 - - [21/Dec/2024:16:09:31 -0500] "POST /wp-admin/admin-ajax.php?action=async_litespeed&nonce=64jpX2yJGqaPaji3e1860DWouDzSui8H&litespeed_type=imgoptm HTTP/1.1" 200 21 "-" "WordPress/6.7.1; https://misswavenigeria.com"
165.231.182.111 - - [21/Dec/2024:16:09:33 -0500] "GET /register/ HTTP/1.0" 200 75922 "https://misswavenigeria.com/register/" "Mozilla/5.0 (Windows NT 6.3; Win64; x64) AppleWebKit/537.36 (KHTML, like Gecko) Chrome/103.0.0.0 Safari/537.36"
66.29.132.124 - - [21/Dec/2024:16:09:35 -0500] "POST /wp-cron.php?doing_wp_cron=1734815375.2533400058746337890625 HTTP/1.1" 200 0 "-" "WordPress/6.7.1; https://misswavenigeria.com"
66.29.132.124 - - [21/Dec/2024:16:09:35 -0500] "POST /wp-admin/admin-ajax.php?action=async_litespeed&nonce=lfPbts6YG6fR9GwD65fGL8UKsFXLOa5N&litespeed_type=imgoptm HTTP/1.1" 200 21 "-" "WordPress/6.7.1; https://misswavenigeria.com"
165.231.182.111 - - [21/Dec/2024:16:09:35 -0500] "POST /register/ HTTP/1.0" 200 76048 "https://misswavenigeria.com/register/" "Mozilla/5.0 (Windows NT 6.3; Win64; x64) AppleWebKit/537.36 (KHTML, like Gecko) Chrome/103.0.0.0 Safari/537.36"
66.29.132.124 - - [21/Dec/2024:16:11:03 -0500] "POST /wp-cron.php?doing_wp_cron=1734815463.8176119327545166015625 HTTP/1.1" 200 0 "-" "WordPress/6.7.1; https://misswavenigeria.com"
165.231.182.111 - - [21/Dec/2024:16:11:03 -0500] "GET /register/ HTTP/1.0" 200 75922 "https://misswavenigeria.com/" "Mozilla/5.0 (Windows NT 6.3; Win64; x64) AppleWebKit/537.36 (KHTML, like Gecko) Chrome/103.0.0.0 Safari/537.36"
66.29.132.124 - - [21/Dec/2024:16:11:04 -0500] "POST /wp-admin/admin-ajax.php?action=async_litespeed&nonce=JbBEo85B8ngsZLCgRGjrwSm1sBCtL6UK&litespeed_type=imgoptm HTTP/1.1" 200 21 "-" "WordPress/6.7.1; https://misswavenigeria.com"
66.29.132.124 - - [21/Dec/2024:16:12:35 -0500] "POST /wp-cron.php?doing_wp_cron=1734815555.2497019767761230468750 HTTP/1.1" 200 0 "-" "WordPress/6.7.1; https://misswavenigeria.com"
165.231.182.111 - - [21/Dec/2024:16:12:33 -0500] "GET / HTTP/1.0" 200 109055 "https://misswavenigeria.com/" "Mozilla/5.0 (Windows NT 6.1; WOW64) AppleWebKit/537.36 (KHTML, like Gecko) Chrome/103.0.0.0 Safari/537.36"
66.29.132.124 - - [21/Dec/2024:16:12:35 -0500] "POST /wp-admin/admin-ajax.php?action=async_litespeed&nonce=NOKKll0eyEDTwDptfTW0ljmgQLf8Rhsh&litespeed_type=imgoptm HTTP/1.1" 200 21 "-" "WordPress/6.7.1; https://misswavenigeria.com"
165.231.182.111 - - [21/Dec/2024:16:12:37 -0500] "GET /register/ HTTP/1.0" 200 75922 "https://misswavenigeria.com/register/" "Mozilla/5.0 (Windows NT 6.1; WOW64) AppleWebKit/537.36 (KHTML, like Gecko) Chrome/103.0.0.0 Safari/537.36"
165.231.182.111 - - [21/Dec/2024:16:12:39 -0500] "POST /register/ HTTP/1.0" 200 76048 "https://misswavenigeria.com/register/" "Mozilla/5.0 (Windows NT 6.1; WOW64) AppleWebKit/537.36 (KHTML, like Gecko) Chrome/103.0.0.0 Safari/537.36"
66.29.132.124 - - [21/Dec/2024:16:14:08 -0500] "POST /wp-cron.php?doing_wp_cron=1734815648.4021170139312744140625 HTTP/1.1" 200 0 "-" "WordPress/6.7.1; https://misswavenigeria.com"
165.231.182.111 - - [21/Dec/2024:16:14:08 -0500] "GET /register/ HTTP/1.0" 200 75922 "https://misswavenigeria.com/" "Mozilla/5.0 (Windows NT 6.1; WOW64) AppleWebKit/537.36 (KHTML, like Gecko) Chrome/103.0.0.0 Safari/537.36"
66.29.132.124 - - [21/Dec/2024:16:14:08 -0500] "POST /wp-admin/admin-ajax.php?action=async_litespeed&nonce=DxTPKS0FPaYRGbnQBpdDlcqKWtyKDgtA&litespeed_type=imgoptm HTTP/1.1" 200 21 "-" "WordPress/6.7.1; https://misswavenigeria.com"
66.29.132.124 - - [21/Dec/2024:16:15:32 -0500] "POST /wp-cron.php?doing_wp_cron=1734815732.5441970825195312500000 HTTP/1.1" 200 0 "-" "WordPress/6.7.1; https://misswavenigeria.com"
165.231.182.111 - - [21/Dec/2024:16:15:30 -0500] "GET / HTTP/1.0" 200 109055 "https://misswavenigeria.com/" "Mozilla/5.0 (Windows NT 10.0; Win64; x64) AppleWebKit/537.36 (KHTML, like Gecko) Chrome/103.0.0.0 Safari/537.36 OpenWave/97.4.2043.44"
66.29.132.124 - - [21/Dec/2024:16:15:32 -0500] "POST /wp-admin/admin-ajax.php?action=async_litespeed&nonce=mEbU5zrdrQv8IYx0ftJqyznsEWaE8t3B&litespeed_type=imgoptm HTTP/1.1" 200 21 "-" "WordPress/6.7.1; https://misswavenigeria.com"
