35.93.101.215 - - [21/Dec/2024:22:32:00 -0500] "GET /wp-content/uploads/2024/07/cropped-cropped-Cynthia-Adediran-Logo-32x32.png HTTP/1.1" 200 1323 "-" "Mozilla/5.0 (Linux; Android 12; Pixel 6) AppleWebKit/537.36 (KHTML, like Gecko) Chrome/114.0.0.0 Mobile Safari/537.36"
35.93.101.215 - - [21/Dec/2024:22:32:00 -0500] "GET /wp-content/plugins/contact-form-7/includes/js/index.js?ver=6.0.1 HTTP/1.1" 200 4008 "-" "Mozilla/5.0 (Linux; Android 12; Pixel 6) AppleWebKit/537.36 (KHTML, like Gecko) Chrome/114.0.0.0 Mobile Safari/537.36"
35.93.101.215 - - [21/Dec/2024:22:32:00 -0500] "GET /wp-content/themes/gerold/assets/css/gerold-responsive-2.css?ver=1.1.2 HTTP/1.1" 200 785 "-" "Mozilla/5.0 (Linux; Android 12; Pixel 6) AppleWebKit/537.36 (KHTML, like Gecko) Chrome/114.0.0.0 Mobile Safari/537.36"
35.93.101.215 - - [21/Dec/2024:22:32:00 -0500] "GET /wp-content/plugins/tj-gerold-core/assets/css/tjcore.css?ver=1.1.2 HTTP/1.1" 200 232 "-" "Mozilla/5.0 (Linux; Android 12; Pixel 6) AppleWebKit/537.36 (KHTML, like Gecko) Chrome/114.0.0.0 Mobile Safari/537.36"
35.93.101.215 - - [21/Dec/2024:22:32:00 -0500] "GET /wp-content/themes/gerold/assets/css/swiper.min.css?ver=6.7.1 HTTP/1.1" 200 4423 "-" "Mozilla/5.0 (Linux; Android 12; Pixel 6) AppleWebKit/537.36 (KHTML, like Gecko) Chrome/114.0.0.0 Mobile Safari/537.36"
35.93.101.215 - - [21/Dec/2024:22:32:00 -0500] "GET /wp-content/uploads/elementor/css/post-100.css?ver=1732204947 HTTP/1.1" 200 1347 "-" "Mozilla/5.0 (Linux; Android 12; Pixel 6) AppleWebKit/537.36 (KHTML, like Gecko) Chrome/114.0.0.0 Mobile Safari/537.36"
35.93.101.215 - - [21/Dec/2024:22:32:00 -0500] "GET /wp-content/themes/gerold/assets/js/smooth-scroll.js?ver=6.7.1 HTTP/1.1" 200 6535 "-" "Mozilla/5.0 (Linux; Android 12; Pixel 6) AppleWebKit/537.36 (KHTML, like Gecko) Chrome/114.0.0.0 Mobile Safari/537.36"
35.93.101.215 - - [21/Dec/2024:22:32:00 -0500] "GET /wp-content/plugins/woocommerce/assets/css/woocommerce.css?ver=9.5.1 HTTP/1.1" 200 9684 "-" "Mozilla/5.0 (Linux; Android 12; Pixel 6) AppleWebKit/537.36 (KHTML, like Gecko) Chrome/114.0.0.0 Mobile Safari/537.36"
35.93.101.215 - - [21/Dec/2024:22:32:00 -0500] "GET /wp-content/plugins/tj-gerold-core/inc/icons/flaticon/css/flaticon_gerold.css?ver=1.0.0 HTTP/1.1" 200 797 "-" "Mozilla/5.0 (Linux; Android 12; Pixel 6) AppleWebKit/537.36 (KHTML, like Gecko) Chrome/114.0.0.0 Mobile Safari/537.36"
35.93.101.215 - - [21/Dec/2024:22:32:00 -0500] "GET /wp-content/themes/gerold/style.css?ver=1.1.2 HTTP/1.1" 200 449 "-" "Mozilla/5.0 (Linux; Android 12; Pixel 6) AppleWebKit/537.36 (KHTML, like Gecko) Chrome/114.0.0.0 Mobile Safari/537.36"
35.93.101.215 - - [21/Dec/2024:22:32:00 -0500] "GET /wp-content/plugins/woocommerce/assets/js/jquery-blockui/jquery.blockUI.min.js?ver=2.7.0-wc.9.5.1 HTTP/1.1" 200 3277 "-" "Mozilla/5.0 (Linux; Android 12; Pixel 6) AppleWebKit/537.36 (KHTML, like Gecko) Chrome/114.0.0.0 Mobile Safari/537.36"
35.93.101.215 - - [21/Dec/2024:22:32:00 -0500] "GET /wp-content/plugins/elementor/assets/css/frontend.min.css?ver=3.26.2 HTTP/1.1" 200 6458 "-" "Mozilla/5.0 (Linux; Android 12; Pixel 6) AppleWebKit/537.36 (KHTML, like Gecko) Chrome/114.0.0.0 Mobile Safari/537.36"
35.93.101.215 - - [21/Dec/2024:22:32:00 -0500] "GET /wp-content/themes/gerold/assets/js/gsap.min.js?ver=6.7.1 HTTP/1.1" 200 27126 "-" "Mozilla/5.0 (Linux; Android 12; Pixel 6) AppleWebKit/537.36 (KHTML, like Gecko) Chrome/114.0.0.0 Mobile Safari/537.36"
35.93.101.215 - - [21/Dec/2024:22:32:00 -0500] "GET /wp-content/themes/gerold/assets/css/owl.carousel.min.css?ver=6.7.1 HTTP/1.1" 200 915 "-" "Mozilla/5.0 (Linux; Android 12; Pixel 6) AppleWebKit/537.36 (KHTML, like Gecko) Chrome/114.0.0.0 Mobile Safari/537.36"
35.93.101.215 - - [21/Dec/2024:22:32:00 -0500] "GET /wp-includes/js/jquery/ui/core.min.js?ver=1.13.3 HTTP/1.1" 200 6811 "-" "Mozilla/5.0 (Linux; Android 12; Pixel 6) AppleWebKit/537.36 (KHTML, like Gecko) Chrome/114.0.0.0 Mobile Safari/537.36"
35.93.101.215 - - [21/Dec/2024:22:32:00 -0500] "GET /wp-content/uploads/2024/07/cropped-cropped-Cynthia-Adediran-Logo-192x192.png HTTP/1.1" 200 13554 "-" "Mozilla/5.0 (Linux; Android 12; Pixel 6) AppleWebKit/537.36 (KHTML, like Gecko) Chrome/114.0.0.0 Mobile Safari/537.36"
35.93.101.215 - - [21/Dec/2024:22:32:00 -0500] "GET /wp-content/themes/gerold/assets/css/gerold-core-2.css?ver=1.1.2 HTTP/1.1" 200 2761 "-" "Mozilla/5.0 (Linux; Android 12; Pixel 6) AppleWebKit/537.36 (KHTML, like Gecko) Chrome/114.0.0.0 Mobile Safari/537.36"
35.93.101.215 - - [21/Dec/2024:22:32:00 -0500] "GET /wp-content/uploads/2024/07/DIIXA-LOGO.png HTTP/1.1" 200 36058 "-" "Mozilla/5.0 (Linux; Android 12; Pixel 6) AppleWebKit/537.36 (KHTML, like Gecko) Chrome/114.0.0.0 Mobile Safari/537.36"
35.93.101.215 - - [21/Dec/2024:22:32:00 -0500] "GET /wp-content/themes/gerold/assets/js/magnific-popup.js?ver=6.7.1 HTTP/1.1" 200 7043 "-" "Mozilla/5.0 (Linux; Android 12; Pixel 6) AppleWebKit/537.36 (KHTML, like Gecko) Chrome/114.0.0.0 Mobile Safari/537.36"
35.93.101.215 - - [21/Dec/2024:22:32:00 -0500] "GET /wp-content/uploads/2024/05/Screenshot-2024-08-02-at-08.45.49-e1722586621747-550x475.png HTTP/1.1" 200 203839 "-" "Mozilla/5.0 (Linux; Android 12; Pixel 6) AppleWebKit/537.36 (KHTML, like Gecko) Chrome/114.0.0.0 Mobile Safari/537.36"
35.93.101.215 - - [21/Dec/2024:22:32:00 -0500] "GET /wp-content/uploads/2024/07/Bimpe-scaled-e1721753978687.jpg HTTP/1.1" 200 155726 "-" "Mozilla/5.0 (Linux; Android 12; Pixel 6) AppleWebKit/537.36 (KHTML, like Gecko) Chrome/114.0.0.0 Mobile Safari/537.36"
35.93.101.215 - - [21/Dec/2024:22:32:00 -0500] "GET /wp-content/uploads/2024/07/seo_75L.jpg HTTP/1.1" 200 52970 "-" "Mozilla/5.0 (Linux; Android 12; Pixel 6) AppleWebKit/537.36 (KHTML, like Gecko) Chrome/114.0.0.0 Mobile Safari/537.36"
35.93.101.215 - - [21/Dec/2024:22:32:00 -0500] "GET /wp-content/uploads/2024/07/CGE-LOGO.jpg.webp HTTP/1.1" 200 20892 "-" "Mozilla/5.0 (Linux; Android 12; Pixel 6) AppleWebKit/537.36 (KHTML, like Gecko) Chrome/114.0.0.0 Mobile Safari/537.36"
35.93.101.215 - - [21/Dec/2024:22:32:00 -0500] "GET /wp-content/plugins/contact-form-7/includes/swv/js/index.js?ver=6.0.1 HTTP/1.1" 200 3369 "-" "Mozilla/5.0 (Linux; Android 12; Pixel 6) AppleWebKit/537.36 (KHTML, like Gecko) Chrome/114.0.0.0 Mobile Safari/537.36"
35.93.101.215 - - [21/Dec/2024:22:32:00 -0500] "GET /wp-content/plugins/tj-gerold-core/assets/js/tjcore.js?ver=1.1.2 HTTP/1.1" 200 1742 "-" "Mozilla/5.0 (Linux; Android 12; Pixel 6) AppleWebKit/537.36 (KHTML, like Gecko) Chrome/114.0.0.0 Mobile Safari/537.36"
35.93.101.215 - - [21/Dec/2024:22:32:00 -0500] "GET /wp-content/uploads/2024/07/Wave-studio-logo-scaled-e1721752794172.jpg HTTP/1.1" 200 65840 "-" "Mozilla/5.0 (Linux; Android 12; Pixel 6) AppleWebKit/537.36 (KHTML, like Gecko) Chrome/114.0.0.0 Mobile Safari/537.36"
35.93.101.215 - - [21/Dec/2024:22:32:00 -0500] "GET /wp-content/themes/gerold/assets/css/flaticon_gerold.css?ver=6.7.1 HTTP/1.1" 200 727 "-" "Mozilla/5.0 (Linux; Android 12; Pixel 6) AppleWebKit/537.36 (KHTML, like Gecko) Chrome/114.0.0.0 Mobile Safari/537.36"
35.93.101.215 - - [21/Dec/2024:22:32:00 -0500] "GET /wp-content/plugins/woocommerce/assets/js/frontend/order-attribution.min.js?ver=9.5.1 HTTP/1.1" 200 1006 "-" "Mozilla/5.0 (Linux; Android 12; Pixel 6) AppleWebKit/537.36 (KHTML, like Gecko) Chrome/114.0.0.0 Mobile Safari/537.36"
35.93.101.215 - - [21/Dec/2024:22:32:00 -0500] "GET /wp-content/themes/gerold/assets/css/meanmenu.css?ver=6.7.1 HTTP/1.1" 200 738 "-" "Mozilla/5.0 (Linux; Android 12; Pixel 6) AppleWebKit/537.36 (KHTML, like Gecko) Chrome/114.0.0.0 Mobile Safari/537.36"
35.93.101.215 - - [21/Dec/2024:22:32:00 -0500] "GET /wp-includes/js/dist/hooks.min.js?ver=4d63a3d491d11ffd8ac6 HTTP/1.1" 200 1571 "-" "Mozilla/5.0 (Linux; Android 12; Pixel 6) AppleWebKit/537.36 (KHTML, like Gecko) Chrome/114.0.0.0 Mobile Safari/537.36"
35.93.101.215 - - [21/Dec/2024:22:32:00 -0500] "GET /wp-content/uploads/2024/07/faster-video-editing.jpg HTTP/1.1" 200 36298 "-" "Mozilla/5.0 (Linux; Android 12; Pixel 6) AppleWebKit/537.36 (KHTML, like Gecko) Chrome/114.0.0.0 Mobile Safari/537.36"
35.93.101.215 - - [21/Dec/2024:22:32:00 -0500] "GET /wp-content/plugins/woocommerce/assets/css/woocommerce-smallscreen.css?ver=9.5.1 HTTP/1.1" 200 1127 "-" "Mozilla/5.0 (Linux; Android 12; Pixel 6) AppleWebKit/537.36 (KHTML, like Gecko) Chrome/114.0.0.0 Mobile Safari/537.36"
35.93.101.215 - - [21/Dec/2024:22:32:00 -0500] "GET /wp-content/plugins/woocommerce/assets/js/js-cookie/js.cookie.min.js?ver=2.1.4-wc.9.5.1 HTTP/1.1" 200 760 "-" "Mozilla/5.0 (Linux; Android 12; Pixel 6) AppleWebKit/537.36 (KHTML, like Gecko) Chrome/114.0.0.0 Mobile Safari/537.36"
35.93.101.215 - - [21/Dec/2024:22:32:00 -0500] "GET /wp-content/themes/gerold/assets/css/odometer-theme-default.css?ver=6.7.1 HTTP/1.1" 200 480 "-" "Mozilla/5.0 (Linux; Android 12; Pixel 6) AppleWebKit/537.36 (KHTML, like Gecko) Chrome/114.0.0.0 Mobile Safari/537.36"
35.93.101.215 - - [21/Dec/2024:22:32:00 -0500] "GET /wp-content/plugins/elementor/assets/js/frontend-modules.min.js?ver=3.26.2 HTTP/1.1" 200 14959 "-" "Mozilla/5.0 (Linux; Android 12; Pixel 6) AppleWebKit/537.36 (KHTML, like Gecko) Chrome/114.0.0.0 Mobile Safari/537.36"
35.93.101.215 - - [21/Dec/2024:22:32:00 -0500] "GET /wp-includes/js/jquery/jquery.min.js?ver=3.7.1 HTTP/1.1" 200 29744 "-" "Mozilla/5.0 (Linux; Android 12; Pixel 6) AppleWebKit/537.36 (KHTML, like Gecko) Chrome/114.0.0.0 Mobile Safari/537.36"
35.93.101.215 - - [21/Dec/2024:22:32:00 -0500] "GET /wp-content/themes/gerold/assets/css/gerold-core.css?ver=1.1.2 HTTP/1.1" 200 12767 "-" "Mozilla/5.0 (Linux; Android 12; Pixel 6) AppleWebKit/537.36 (KHTML, like Gecko) Chrome/114.0.0.0 Mobile Safari/537.36"
35.93.101.215 - - [21/Dec/2024:22:32:00 -0500] "GET /wp-content/themes/gerold/assets/css/bootstrap.min.css?ver=6.7.1 HTTP/1.1" 200 28306 "-" "Mozilla/5.0 (Linux; Android 12; Pixel 6) AppleWebKit/537.36 (KHTML, like Gecko) Chrome/114.0.0.0 Mobile Safari/537.36"
35.93.101.215 - - [21/Dec/2024:22:32:00 -0500] "GET /wp-content/uploads/2024/07/IMG_0389-scaled-e1721758373808.jpg HTTP/1.1" 200 296815 "-" "Mozilla/5.0 (Linux; Android 12; Pixel 6) AppleWebKit/537.36 (KHTML, like Gecko) Chrome/114.0.0.0 Mobile Safari/537.36"
35.93.101.215 - - [21/Dec/2024:22:32:00 -0500] "GET /wp-content/themes/gerold/assets/css/gerold-custom.css?ver=1.1.2 HTTP/1.1" 200 0 "-" "Mozilla/5.0 (Linux; Android 12; Pixel 6) AppleWebKit/537.36 (KHTML, like Gecko) Chrome/114.0.0.0 Mobile Safari/537.36"
35.93.101.215 - - [21/Dec/2024:22:32:00 -0500] "GET /wp-content/uploads/2024/05/Screenshot-2024-04-15-at-16.43.47-550x475.png HTTP/1.1" 200 144355 "-" "Mozilla/5.0 (Linux; Android 12; Pixel 6) AppleWebKit/537.36 (KHTML, like Gecko) Chrome/114.0.0.0 Mobile Safari/537.36"
35.93.101.215 - - [21/Dec/2024:22:32:00 -0500] "GET /wp-content/themes/gerold/assets/js/isotope.pkgd.min.js?ver=6.7.1 HTTP/1.1" 200 9601 "-" "Mozilla/5.0 (Linux; Android 12; Pixel 6) AppleWebKit/537.36 (KHTML, like Gecko) Chrome/114.0.0.0 Mobile Safari/537.36"
35.93.101.215 - - [21/Dec/2024:22:32:00 -0500] "GET /wp-content/uploads/2024/07/cropped-cropped-Cynthia-Adediran-Logo-180x180.png HTTP/1.1" 200 12604 "-" "Mozilla/5.0 (Linux; Android 12; Pixel 6) AppleWebKit/537.36 (KHTML, like Gecko) Chrome/114.0.0.0 Mobile Safari/537.36"
35.93.101.215 - - [21/Dec/2024:22:32:00 -0500] "GET /wp-content/plugins/contact-form-7/includes/css/styles.css?ver=6.0.1 HTTP/1.1" 200 890 "-" "Mozilla/5.0 (Linux; Android 12; Pixel 6) AppleWebKit/537.36 (KHTML, like Gecko) Chrome/114.0.0.0 Mobile Safari/537.36"
35.93.101.215 - - [21/Dec/2024:22:32:00 -0500] "GET /wp-content/uploads/2024/07/IMG_0389-scaled-e1721758373808.jpg HTTP/1.1" 200 296815 "-" "Mozilla/5.0 (Linux; Android 12; Pixel 6) AppleWebKit/537.36 (KHTML, like Gecko) Chrome/114.0.0.0 Mobile Safari/537.36"
35.93.101.215 - - [21/Dec/2024:22:32:00 -0500] "GET /wp-content/themes/gerold/assets/css/font-awesome-pro.min.css?ver=6.7.1 HTTP/1.1" 200 96869 "-" "Mozilla/5.0 (Linux; Android 12; Pixel 6) AppleWebKit/537.36 (KHTML, like Gecko) Chrome/114.0.0.0 Mobile Safari/537.36"
35.93.101.215 - - [21/Dec/2024:22:32:00 -0500] "GET /wp-content/plugins/woocommerce/assets/js/frontend/woocommerce.min.js?ver=9.5.1 HTTP/1.1" 200 1061 "-" "Mozilla/5.0 (Linux; Android 12; Pixel 6) AppleWebKit/537.36 (KHTML, like Gecko) Chrome/114.0.0.0 Mobile Safari/537.36"
35.93.101.215 - - [21/Dec/2024:22:32:00 -0500] "GET /wp-content/plugins/woocommerce/assets/js/sourcebuster/sourcebuster.min.js?ver=9.5.1 HTTP/1.1" 200 4609 "-" "Mozilla/5.0 (Linux; Android 12; Pixel 6) AppleWebKit/537.36 (KHTML, like Gecko) Chrome/114.0.0.0 Mobile Safari/537.36"
35.93.101.215 - - [21/Dec/2024:22:32:00 -0500] "GET /wp-content/uploads/2024/07/IMG_0632.jpg HTTP/1.1" 200 423102 "-" "Mozilla/5.0 (Linux; Android 12; Pixel 6) AppleWebKit/537.36 (KHTML, like Gecko) Chrome/114.0.0.0 Mobile Safari/537.36"
35.93.101.215 - - [21/Dec/2024:22:32:00 -0500] "GET /wp-content/uploads/2024/05/Screenshot-2024-08-02-at-09.05.02-e1722586179554-550x475.png HTTP/1.1" 200 420558 "-" "Mozilla/5.0 (Linux; Android 12; Pixel 6) AppleWebKit/537.36 (KHTML, like Gecko) Chrome/114.0.0.0 Mobile Safari/537.36"
35.93.101.215 - - [21/Dec/2024:22:32:00 -0500] "GET /wp-includes/js/jquery/jquery-migrate.min.js?ver=3.4.1 HTTP/1.1" 200 4678 "-" "Mozilla/5.0 (Linux; Android 12; Pixel 6) AppleWebKit/537.36 (KHTML, like Gecko) Chrome/114.0.0.0 Mobile Safari/537.36"
35.93.101.215 - - [21/Dec/2024:22:32:00 -0500] "GET /wp-content/uploads/2024/07/ppc-advertising-2023-guide-banner.webp HTTP/1.1" 200 76946 "-" "Mozilla/5.0 (Linux; Android 12; Pixel 6) AppleWebKit/537.36 (KHTML, like Gecko) Chrome/114.0.0.0 Mobile Safari/537.36"
35.93.101.215 - - [21/Dec/2024:22:32:00 -0500] "GET /wp-content/themes/gerold/assets/js/owl.carousel.min.js?ver=6.7.1 HTTP/1.1" 200 11139 "-" "Mozilla/5.0 (Linux; Android 12; Pixel 6) AppleWebKit/537.36 (KHTML, like Gecko) Chrome/114.0.0.0 Mobile Safari/537.36"
35.93.101.215 - - [21/Dec/2024:22:32:00 -0500] "GET /wp-content/themes/gerold/assets/js/bootstrap.bundle.min.js?ver=6.7.1 HTTP/1.1" 200 22905 "-" "Mozilla/5.0 (Linux; Android 12; Pixel 6) AppleWebKit/537.36 (KHTML, like Gecko) Chrome/114.0.0.0 Mobile Safari/537.36"
35.93.101.215 - - [21/Dec/2024:22:32:00 -0500] "GET /wp-content/uploads/2024/07/IMG_0631.jpg HTTP/1.1" 200 897016 "-" "Mozilla/5.0 (Linux; Android 12; Pixel 6) AppleWebKit/537.36 (KHTML, like Gecko) Chrome/114.0.0.0 Mobile Safari/537.36"
35.93.101.215 - - [21/Dec/2024:22:32:00 -0500] "GET /wp-content/uploads/2024/05/Screenshot-2024-07-23-at-23.42.25-e1721774817119-550x475.png HTTP/1.1" 200 290706 "-" "Mozilla/5.0 (Linux; Android 12; Pixel 6) AppleWebKit/537.36 (KHTML, like Gecko) Chrome/114.0.0.0 Mobile Safari/537.36"
35.93.101.215 - - [21/Dec/2024:22:32:00 -0500] "GET /wp-content/uploads/2024/07/Tayo.jpg HTTP/1.1" 200 952742 "-" "Mozilla/5.0 (Linux; Android 12; Pixel 6) AppleWebKit/537.36 (KHTML, like Gecko) Chrome/114.0.0.0 Mobile Safari/537.36"
35.93.101.215 - - [21/Dec/2024:22:32:00 -0500] "GET /wp-json/oembed/1.0/embed?url=https://cynthiaadediran.com/&format=xml HTTP/1.1" 200 7681 "-" "Mozilla/5.0 (Linux; Android 12; Pixel 6) AppleWebKit/537.36 (KHTML, like Gecko) Chrome/114.0.0.0 Mobile Safari/537.36"
35.93.101.215 - - [21/Dec/2024:22:32:00 -0500] "GET /comments/feed/ HTTP/1.1" 200 388 "-" "Mozilla/5.0 (Linux; Android 12; Pixel 6) AppleWebKit/537.36 (KHTML, like Gecko) Chrome/114.0.0.0 Mobile Safari/537.36"
35.93.101.215 - - [21/Dec/2024:22:32:00 -0500] "GET /feed/ HTTP/1.1" 200 511 "-" "Mozilla/5.0 (Linux; Android 12; Pixel 6) AppleWebKit/537.36 (KHTML, like Gecko) Chrome/114.0.0.0 Mobile Safari/537.36"
35.93.101.215 - - [21/Dec/2024:22:32:00 -0500] "GET / HTTP/1.1" 200 18407 "-" "Mozilla/5.0 (Linux; Android 12; Pixel 6) AppleWebKit/537.36 (KHTML, like Gecko) Chrome/114.0.0.0 Mobile Safari/537.36"
35.93.101.215 - - [21/Dec/2024:22:32:00 -0500] "GET /wp-json/oembed/1.0/embed?url=https://cynthiaadediran.com/ HTTP/1.1" 200 2086 "-" "Mozilla/5.0 (Linux; Android 12; Pixel 6) AppleWebKit/537.36 (KHTML, like Gecko) Chrome/114.0.0.0 Mobile Safari/537.36"
35.93.101.215 - - [21/Dec/2024:22:32:00 -0500] "GET /wp-json/ HTTP/1.1" 200 1445753 "-" "Mozilla/5.0 (Linux; Android 12; Pixel 6) AppleWebKit/537.36 (KHTML, like Gecko) Chrome/114.0.0.0 Mobile Safari/537.36"
35.93.101.215 - - [21/Dec/2024:22:32:00 -0500] "GET /xmlrpc.php?rsd HTTP/1.1" 200 300 "-" "Mozilla/5.0 (Linux; Android 12; Pixel 6) AppleWebKit/537.36 (KHTML, like Gecko) Chrome/114.0.0.0 Mobile Safari/537.36"
35.93.101.215 - - [21/Dec/2024:22:32:00 -0500] "GET /wp-json/wp/v2/pages/100 HTTP/1.1" 200 54003 "-" "Mozilla/5.0 (Linux; Android 12; Pixel 6) AppleWebKit/537.36 (KHTML, like Gecko) Chrome/114.0.0.0 Mobile Safari/537.36"
35.93.101.215 - - [21/Dec/2024:22:32:00 -0500] "GET / HTTP/1.1" 200 18407 "-" "Mozilla/5.0 (Linux; Android 12; Pixel 6) AppleWebKit/537.36 (KHTML, like Gecko) Chrome/114.0.0.0 Mobile Safari/537.36"
66.249.79.32 - - [21/Dec/2024:22:32:05 -0500] "GET /?_gl=1*1ix4f11*_gcl_au*MTYxMTI1OTI3MS4xNzIxODg2NjU0*_ga*ODYyMzk4MzA3LjE2OTk0NTM1Nzg.*_ga_7H42SVMQ0V*MTcyMTg4NjY1NS4xMjEuMS4xNzIxODg2NjY5LjQ2LjAuMA..&_ga=2.198040047.1958808748.1721886654-862398307.1699453578&_bdsid=2ulvIJ.n~ZXCIW.1721886656070.1721886848&_bd_prev_page=https://cynthiaadediran.com/detail.php?vgirb/g752187.html HTTP/1.1" 200 45001 "-" "Mozilla/5.0 (Linux; Android 6.0.1; Nexus 5X Build/MMB29P) AppleWebKit/537.36 (KHTML, like Gecko) Chrome/131.0.6778.139 Mobile Safari/537.36 (compatible; Googlebot/2.1; +http://www.google.com/bot.html)"
40.77.167.25 - - [21/Dec/2024:22:32:16 -0500] "GET /lmrut/u3067787.html HTTP/1.1" 200 44854 "-" "Mozilla/5.0 AppleWebKit/537.36 (KHTML, like Gecko; compatible; bingbot/2.0; +http://www.bing.com/bingbot.htm) Chrome/116.0.1938.76 Safari/537.36"
66.249.79.34 - - [21/Dec/2024:22:38:27 -0500] "GET /?_gl=1*1ix4f11*_gcl_au*MTYxMTI1OTI3MS4xNzIxODg2NjU0*_ga*ODYyMzk4MzA3LjE2OTk0NTM1Nzg.*_ga_7H42SVMQ0V*MTcyMTg4NjY1NS4xMjEuMS4xNzIxODg2NjY5LjQ2LjAuMA..&_ga=2.198040047.1958808748.1721886654-862398307.1699453578&_bdsid=2ulvIJ.n~ZXCIW.1721886656070.1721886848&_bd_prev_page=https://cynthiaadediran.com/detail.php?hiepi/j3089590.html HTTP/1.1" 200 44810 "-" "Mozilla/5.0 (Linux; Android 6.0.1; Nexus 5X Build/MMB29P) AppleWebKit/537.36 (KHTML, like Gecko) Chrome/131.0.6778.139 Mobile Safari/537.36 (compatible; Googlebot/2.1; +http://www.google.com/bot.html)"
40.77.167.230 - - [21/Dec/2024:22:38:46 -0500] "GET /eyezo/j1073342.html HTTP/1.1" 200 43894 "-" "Mozilla/5.0 AppleWebKit/537.36 (KHTML, like Gecko; compatible; bingbot/2.0; +http://www.bing.com/bingbot.htm) Chrome/116.0.1938.76 Safari/537.36"
66.249.79.32 - - [21/Dec/2024:22:39:02 -0500] "GET /?_gl=1*1ix4f11*_gcl_au*MTYxMTI1OTI3MS4xNzIxODg2NjU0*_ga*ODYyMzk4MzA3LjE2OTk0NTM1Nzg.*_ga_7H42SVMQ0V*MTcyMTg4NjY1NS4xMjEuMS4xNzIxODg2NjY5LjQ2LjAuMA..&_ga=2.198040047.1958808748.1721886654-862398307.1699453578&_bdsid=2ulvIJ.n~ZXCIW.1721886656070.1721886848&_bd_prev_page=https://cynthiaadediran.com/detail.php?zctxq/u2334665.html HTTP/1.1" 200 45023 "-" "Mozilla/5.0 (Linux; Android 6.0.1; Nexus 5X Build/MMB29P) AppleWebKit/537.36 (KHTML, like Gecko) Chrome/131.0.6778.139 Mobile Safari/537.36 (compatible; Googlebot/2.1; +http://www.google.com/bot.html)"
66.249.79.34 - - [21/Dec/2024:22:44:57 -0500] "GET /?_gl=1*1ix4f11*_gcl_au*MTYxMTI1OTI3MS4xNzIxODg2NjU0*_ga*ODYyMzk4MzA3LjE2OTk0NTM1Nzg.*_ga_7H42SVMQ0V*MTcyMTg4NjY1NS4xMjEuMS4xNzIxODg2NjY5LjQ2LjAuMA..&_ga=2.198040047.1958808748.1721886654-862398307.1699453578&_bdsid=2ulvIJ.n~ZXCIW.1721886656070.1721886848&_bd_prev_page=https://cynthiaadediran.com/detail.php?mgioe/h3019596.html HTTP/1.1" 200 44585 "-" "Mozilla/5.0 (Linux; Android 6.0.1; Nexus 5X Build/MMB29P) AppleWebKit/537.36 (KHTML, like Gecko) Chrome/131.0.6778.139 Mobile Safari/537.36 (compatible; Googlebot/2.1; +http://www.google.com/bot.html)"
52.167.144.22 - - [21/Dec/2024:22:45:48 -0500] "GET /baeul/b101272.html HTTP/1.1" 200 44182 "-" "Mozilla/5.0 AppleWebKit/537.36 (KHTML, like Gecko; compatible; bingbot/2.0; +http://www.bing.com/bingbot.htm) Chrome/116.0.1938.76 Safari/537.36"
52.167.144.239 - - [21/Dec/2024:22:47:58 -0500] "GET /tkgar/x932176.html HTTP/1.1" 200 44322 "-" "Mozilla/5.0 AppleWebKit/537.36 (KHTML, like Gecko; compatible; bingbot/2.0; +http://www.bing.com/bingbot.htm) Chrome/116.0.1938.76 Safari/537.36"
40.77.167.20 - - [21/Dec/2024:22:48:55 -0500] "GET /qznce/x896374.html HTTP/1.1" 200 44444 "-" "Mozilla/5.0 AppleWebKit/537.36 (KHTML, like Gecko; compatible; bingbot/2.0; +http://www.bing.com/bingbot.htm) Chrome/116.0.1938.76 Safari/537.36"
52.167.144.145 - - [21/Dec/2024:22:49:04 -0500] "GET /bqnmw/m1000181.html HTTP/1.1" 200 44037 "-" "Mozilla/5.0 AppleWebKit/537.36 (KHTML, like Gecko; compatible; bingbot/2.0; +http://www.bing.com/bingbot.htm) Chrome/116.0.1938.76 Safari/537.36"
52.167.144.22 - - [21/Dec/2024:22:50:00 -0500] "GET /ylopx/c264033.html HTTP/1.1" 200 43939 "-" "Mozilla/5.0 AppleWebKit/537.36 (KHTML, like Gecko; compatible; bingbot/2.0; +http://www.bing.com/bingbot.htm) Chrome/116.0.1938.76 Safari/537.36"
52.167.144.209 - - [21/Dec/2024:22:51:16 -0500] "GET /tfcvy/x1290196.html HTTP/1.1" 200 44280 "-" "Mozilla/5.0 AppleWebKit/537.36 (KHTML, like Gecko; compatible; bingbot/2.0; +http://www.bing.com/bingbot.htm) Chrome/116.0.1938.76 Safari/537.36"
52.167.144.209 - - [21/Dec/2024:22:51:37 -0500] "GET /hddvx/b665368.html HTTP/1.1" 200 43882 "-" "Mozilla/5.0 AppleWebKit/537.36 (KHTML, like Gecko; compatible; bingbot/2.0; +http://www.bing.com/bingbot.htm) Chrome/116.0.1938.76 Safari/537.36"
52.167.144.239 - - [21/Dec/2024:22:51:41 -0500] "GET /dsiok/o342097.html HTTP/1.1" 200 44477 "-" "Mozilla/5.0 AppleWebKit/537.36 (KHTML, like Gecko; compatible; bingbot/2.0; +http://www.bing.com/bingbot.htm) Chrome/116.0.1938.76 Safari/537.36"
52.167.144.160 - - [21/Dec/2024:22:51:57 -0500] "GET /yzoou/l505816.html HTTP/1.1" 200 44483 "-" "Mozilla/5.0 AppleWebKit/537.36 (KHTML, like Gecko; compatible; bingbot/2.0; +http://www.bing.com/bingbot.htm) Chrome/116.0.1938.76 Safari/537.36"
52.167.144.239 - - [21/Dec/2024:22:52:50 -0500] "GET /rnxgq/d1926292.html HTTP/1.1" 200 44209 "-" "Mozilla/5.0 AppleWebKit/537.36 (KHTML, like Gecko; compatible; bingbot/2.0; +http://www.bing.com/bingbot.htm) Chrome/116.0.1938.76 Safari/537.36"
52.167.144.160 - - [21/Dec/2024:22:52:57 -0500] "GET /dlwpw/n733422.html HTTP/1.1" 200 44353 "-" "Mozilla/5.0 AppleWebKit/537.36 (KHTML, like Gecko; compatible; bingbot/2.0; +http://www.bing.com/bingbot.htm) Chrome/116.0.1938.76 Safari/537.36"
52.167.144.188 - - [21/Dec/2024:22:55:14 -0500] "GET /ewzpr/h2062198.html HTTP/1.1" 200 43855 "-" "Mozilla/5.0 AppleWebKit/537.36 (KHTML, like Gecko; compatible; bingbot/2.0; +http://www.bing.com/bingbot.htm) Chrome/116.0.1938.76 Safari/537.36"
66.29.132.124 - - [21/Dec/2024:22:56:57 -0500] "POST /wp-cron.php?doing_wp_cron=1734839817.8328258991241455078125 HTTP/1.1" 200 0 "-" "WordPress/6.7.1; https://cynthiaadediran.com"
199.195.252.129 - - [21/Dec/2024:22:56:53 -0500] "GET /wp-login.php HTTP/1.1" 200 6185 "-" "Mozilla/5.0 (Windows NT 6.1; WOW64; rv:24.0) Gecko/20100101 Firefox/24.0"
66.29.132.124 - - [21/Dec/2024:22:56:58 -0500] "POST /wp-admin/admin-ajax.php?action=async_litespeed&nonce=ZIfDjs2rgk3HVPgO3iNfNAVEC9awDwsq&litespeed_type=imgoptm HTTP/1.1" 200 21 "-" "WordPress/6.7.1; https://cynthiaadediran.com"
52.167.144.188 - - [21/Dec/2024:22:57:14 -0500] "GET /hiaab/s782255.html HTTP/1.1" 200 43887 "-" "Mozilla/5.0 AppleWebKit/537.36 (KHTML, like Gecko; compatible; bingbot/2.0; +http://www.bing.com/bingbot.htm) Chrome/116.0.1938.76 Safari/537.36"
52.167.144.188 - - [21/Dec/2024:22:58:46 -0500] "GET /pybac/d2082474.html HTTP/1.1" 200 44646 "-" "Mozilla/5.0 AppleWebKit/537.36 (KHTML, like Gecko; compatible; bingbot/2.0; +http://www.bing.com/bingbot.htm) Chrome/116.0.1938.76 Safari/537.36"
52.167.144.157 - - [21/Dec/2024:23:04:01 -0500] "GET /iiges/t1473102.html HTTP/1.1" 200 44734 "-" "Mozilla/5.0 AppleWebKit/537.36 (KHTML, like Gecko; compatible; bingbot/2.0; +http://www.bing.com/bingbot.htm) Chrome/116.0.1938.76 Safari/537.36"
66.29.132.124 - - [21/Dec/2024:23:06:28 -0500] "POST /wp-cron.php?doing_wp_cron=1734840388.4750690460205078125000 HTTP/1.1" 200 0 "-" "WordPress/6.7.1; https://cynthiaadediran.com"
104.244.73.105 - - [21/Dec/2024:23:06:25 -0500] "GET /wp-login.php HTTP/1.1" 200 6185 "-" "Mozilla/5.0 (compatible; MSIE 9.0; Windows NT 6.1; WOW64; Trident/5.0)"
66.29.132.124 - - [21/Dec/2024:23:06:29 -0500] "POST /wp-admin/admin-ajax.php?action=async_litespeed&nonce=ooon9CJgTdyKYwqi7l6oJQhH9eLfZDCQ&litespeed_type=imgoptm HTTP/1.1" 200 21 "-" "WordPress/6.7.1; https://cynthiaadediran.com"
40.77.167.33 - - [21/Dec/2024:23:10:06 -0500] "GET /wqztm/j1426500.html HTTP/1.1" 200 44539 "-" "Mozilla/5.0 AppleWebKit/537.36 (KHTML, like Gecko; compatible; bingbot/2.0; +http://www.bing.com/bingbot.htm) Chrome/116.0.1938.76 Safari/537.36"
52.167.144.210 - - [21/Dec/2024:23:12:47 -0500] "GET /tnoui/t1586748.html HTTP/1.1" 200 44184 "-" "Mozilla/5.0 AppleWebKit/537.36 (KHTML, like Gecko; compatible; bingbot/2.0; +http://www.bing.com/bingbot.htm) Chrome/116.0.1938.76 Safari/537.36"
40.77.167.64 - - [21/Dec/2024:23:13:53 -0500] "GET /tnmvw/f987044.html HTTP/1.1" 200 43957 "-" "Mozilla/5.0 AppleWebKit/537.36 (KHTML, like Gecko; compatible; bingbot/2.0; +http://www.bing.com/bingbot.htm) Chrome/116.0.1938.76 Safari/537.36"
66.29.132.124 - - [21/Dec/2024:23:17:53 -0500] "POST /wp-cron.php?doing_wp_cron=1734841073.6769928932189941406250 HTTP/1.1" 200 0 "-" "WordPress/6.7.1; https://cynthiaadediran.com"
107.189.11.221 - - [21/Dec/2024:23:17:49 -0500] "GET /wp-login.php HTTP/1.1" 200 6185 "-" "Mozilla/5.0 (Macintosh; Intel Mac OS X 10_7_5) AppleWebKit/537.36 (KHTML, like Gecko) Chrome/36.0.1985.125 Safari/537.36"
66.29.132.124 - - [21/Dec/2024:23:17:54 -0500] "POST /wp-admin/admin-ajax.php?action=async_litespeed&nonce=0vN6lmvGmvCFZwtsU8odm4HkBiSPMkqe&litespeed_type=imgoptm HTTP/1.1" 200 0 "-" "WordPress/6.7.1; https://cynthiaadediran.com"
52.167.144.175 - - [21/Dec/2024:23:18:26 -0500] "GET /qerjg/g2424143.html HTTP/1.1" 200 44302 "-" "Mozilla/5.0 AppleWebKit/537.36 (KHTML, like Gecko; compatible; bingbot/2.0; +http://www.bing.com/bingbot.htm) Chrome/116.0.1938.76 Safari/537.36"
40.77.167.15 - - [21/Dec/2024:23:24:10 -0500] "GET /evhme/j1552158.html HTTP/1.1" 200 44093 "-" "Mozilla/5.0 AppleWebKit/537.36 (KHTML, like Gecko; compatible; bingbot/2.0; +http://www.bing.com/bingbot.htm) Chrome/116.0.1938.76 Safari/537.36"
40.77.167.15 - - [21/Dec/2024:23:25:19 -0500] "GET /mdpvo/o361363.html HTTP/1.1" 200 44865 "-" "Mozilla/5.0 AppleWebKit/537.36 (KHTML, like Gecko; compatible; bingbot/2.0; +http://www.bing.com/bingbot.htm) Chrome/116.0.1938.76 Safari/537.36"
40.77.167.15 - - [21/Dec/2024:23:25:30 -0500] "GET /fckha/k1645057.html HTTP/1.1" 200 44318 "-" "Mozilla/5.0 AppleWebKit/537.36 (KHTML, like Gecko; compatible; bingbot/2.0; +http://www.bing.com/bingbot.htm) Chrome/116.0.1938.76 Safari/537.36"
40.77.167.15 - - [21/Dec/2024:23:26:40 -0500] "GET /dufri/k197169.html HTTP/1.1" 200 44073 "-" "Mozilla/5.0 AppleWebKit/537.36 (KHTML, like Gecko; compatible; bingbot/2.0; +http://www.bing.com/bingbot.htm) Chrome/116.0.1938.76 Safari/537.36"
52.167.144.23 - - [21/Dec/2024:23:29:07 -0500] "GET /waxwf/x3105620.html HTTP/1.1" 200 43904 "-" "Mozilla/5.0 AppleWebKit/537.36 (KHTML, like Gecko; compatible; bingbot/2.0; +http://www.bing.com/bingbot.htm) Chrome/116.0.1938.76 Safari/537.36"
40.77.167.15 - - [21/Dec/2024:23:29:33 -0500] "GET /zqzwb/h2917520.html HTTP/1.1" 200 44636 "-" "Mozilla/5.0 AppleWebKit/537.36 (KHTML, like Gecko; compatible; bingbot/2.0; +http://www.bing.com/bingbot.htm) Chrome/116.0.1938.76 Safari/537.36"
66.29.132.124 - - [21/Dec/2024:23:32:55 -0500] "POST /wp-cron.php?doing_wp_cron=1734841975.0211050510406494140625 HTTP/1.1" 200 0 "-" "WordPress/6.7.1; https://cynthiaadediran.com"
54.149.142.247 - - [21/Dec/2024:23:32:51 -0500] "GET / HTTP/1.1" 200 21683 "-" "httpx - Open-source project (github.com/Cloudsek-Engineering/fdf-httpx)"
66.29.132.124 - - [21/Dec/2024:23:32:55 -0500] "POST /wp-admin/admin-ajax.php?action=async_litespeed&nonce=JFuW9Pe6Dp9W6JYaXUSNJNppXROFOnMs&litespeed_type=imgoptm HTTP/1.1" 200 21 "-" "WordPress/6.7.1; https://cynthiaadediran.com"
66.249.79.34 - - [21/Dec/2024:23:33:37 -0500] "GET /?_gl=1*1ix4f11*_gcl_au*MTYxMTI1OTI3MS4xNzIxODg2NjU0*_ga*ODYyMzk4MzA3LjE2OTk0NTM1Nzg.*_ga_7H42SVMQ0V*MTcyMTg4NjY1NS4xMjEuMS4xNzIxODg2NjY5LjQ2LjAuMA..&_ga=2.198040047.1958808748.1721886654-862398307.1699453578&_bdsid=2ulvIJ.n~ZXCIW.1721886656070.1721886848&_bd_prev_page=https://cynthiaadediran.com/detail.php?kwqfx/v2707142.html HTTP/1.1" 200 44758 "-" "Mozilla/5.0 (compatible; Googlebot/2.1; +http://www.google.com/bot.html)"
52.167.144.137 - - [21/Dec/2024:23:41:17 -0500] "GET /kzzbq/o771721.html HTTP/1.1" 200 44994 "-" "Mozilla/5.0 AppleWebKit/537.36 (KHTML, like Gecko; compatible; bingbot/2.0; +http://www.bing.com/bingbot.htm) Chrome/116.0.1938.76 Safari/537.36"
66.249.79.34 - - [21/Dec/2024:23:41:18 -0500] "GET /?_gl=1*1ix4f11*_gcl_au*MTYxMTI1OTI3MS4xNzIxODg2NjU0*_ga*ODYyMzk4MzA3LjE2OTk0NTM1Nzg.*_ga_7H42SVMQ0V*MTcyMTg4NjY1NS4xMjEuMS4xNzIxODg2NjY5LjQ2LjAuMA..&_ga=2.198040047.1958808748.1721886654-862398307.1699453578&_bdsid=2ulvIJ.n~ZXCIW.1721886656070.1721886848&_bd_prev_page=https://cynthiaadediran.com/detail.php?tyoqx/d762870.html HTTP/1.1" 200 44737 "-" "Mozilla/5.0 (Linux; Android 6.0.1; Nexus 5X Build/MMB29P) AppleWebKit/537.36 (KHTML, like Gecko) Chrome/131.0.6778.204 Mobile Safari/537.36 (compatible; Googlebot/2.1; +http://www.google.com/bot.html)"
52.167.144.172 - - [21/Dec/2024:23:43:09 -0500] "GET /xdikz/c990603.html HTTP/1.1" 200 44281 "-" "Mozilla/5.0 AppleWebKit/537.36 (KHTML, like Gecko; compatible; bingbot/2.0; +http://www.bing.com/bingbot.htm) Chrome/116.0.1938.76 Safari/537.36"
66.249.79.33 - - [21/Dec/2024:23:44:07 -0500] "GET /?_gl=1*1ix4f11*_gcl_au*MTYxMTI1OTI3MS4xNzIxODg2NjU0*_ga*ODYyMzk4MzA3LjE2OTk0NTM1Nzg.*_ga_7H42SVMQ0V*MTcyMTg4NjY1NS4xMjEuMS4xNzIxODg2NjY5LjQ2LjAuMA..&_ga=2.198040047.1958808748.1721886654-862398307.1699453578&_bdsid=2ulvIJ.n~ZXCIW.1721886656070.1721886848&_bd_prev_page=https://cynthiaadediran.com/detail.php?xrrsr/l1076438.html HTTP/1.1" 200 44595 "-" "Mozilla/5.0 (compatible; Googlebot/2.1; +http://www.google.com/bot.html)"
52.167.144.172 - - [21/Dec/2024:23:45:49 -0500] "GET /aiiwt/l2814382.html HTTP/1.1" 200 44372 "-" "Mozilla/5.0 AppleWebKit/537.36 (KHTML, like Gecko; compatible; bingbot/2.0; +http://www.bing.com/bingbot.htm) Chrome/116.0.1938.76 Safari/537.36"
66.249.79.32 - - [21/Dec/2024:23:45:57 -0500] "GET /?_gl=1*1ix4f11*_gcl_au*MTYxMTI1OTI3MS4xNzIxODg2NjU0*_ga*ODYyMzk4MzA3LjE2OTk0NTM1Nzg.*_ga_7H42SVMQ0V*MTcyMTg4NjY1NS4xMjEuMS4xNzIxODg2NjY5LjQ2LjAuMA..&_ga=2.198040047.1958808748.1721886654-862398307.1699453578&_bdsid=2ulvIJ.n~ZXCIW.1721886656070.1721886848&_bd_prev_page=https://cynthiaadediran.com/detail.php?txkkh/l2280862.html HTTP/1.1" 200 44889 "-" "Mozilla/5.0 (compatible; Googlebot/2.1; +http://www.google.com/bot.html)"
52.167.144.173 - - [21/Dec/2024:23:48:09 -0500] "GET /ztdcg/n316226.html HTTP/1.1" 200 43984 "-" "Mozilla/5.0 AppleWebKit/537.36 (KHTML, like Gecko; compatible; bingbot/2.0; +http://www.bing.com/bingbot.htm) Chrome/116.0.1938.76 Safari/537.36"
40.77.167.17 - - [21/Dec/2024:23:48:34 -0500] "GET /pmtgi/u2667959.html HTTP/1.1" 200 43789 "-" "Mozilla/5.0 AppleWebKit/537.36 (KHTML, like Gecko; compatible; bingbot/2.0; +http://www.bing.com/bingbot.htm) Chrome/116.0.1938.76 Safari/537.36"
66.249.79.34 - - [21/Dec/2024:23:51:18 -0500] "GET /?_gl=1*1ix4f11*_gcl_au*MTYxMTI1OTI3MS4xNzIxODg2NjU0*_ga*ODYyMzk4MzA3LjE2OTk0NTM1Nzg.*_ga_7H42SVMQ0V*MTcyMTg4NjY1NS4xMjEuMS4xNzIxODg2NjY5LjQ2LjAuMA..&_ga=2.198040047.1958808748.1721886654-862398307.1699453578&_bdsid=2ulvIJ.n~ZXCIW.1721886656070.1721886848&_bd_prev_page=https://cynthiaadediran.com/detail.php?kwosk/z1768208.html HTTP/1.1" 200 44584 "-" "Mozilla/5.0 (Linux; Android 6.0.1; Nexus 5X Build/MMB29P) AppleWebKit/537.36 (KHTML, like Gecko) Chrome/131.0.6778.139 Mobile Safari/537.36 (compatible; Googlebot/2.1; +http://www.google.com/bot.html)"
66.249.79.32 - - [21/Dec/2024:23:56:07 -0500] "GET /?_gl=1*1ix4f11*_gcl_au*MTYxMTI1OTI3MS4xNzIxODg2NjU0*_ga*ODYyMzk4MzA3LjE2OTk0NTM1Nzg.*_ga_7H42SVMQ0V*MTcyMTg4NjY1NS4xMjEuMS4xNzIxODg2NjY5LjQ2LjAuMA..&_ga=2.198040047.1958808748.1721886654-862398307.1699453578&_bdsid=2ulvIJ.n~ZXCIW.1721886656070.1721886848&_bd_prev_page=https://cynthiaadediran.com/detail.php?hsgaq/z1154894.html HTTP/1.1" 200 45000 "-" "Mozilla/5.0 (compatible; Googlebot/2.1; +http://www.google.com/bot.html)"
52.167.144.173 - - [22/Dec/2024:00:06:41 -0500] "GET /eeurs/m1698151.html HTTP/1.1" 200 44686 "-" "Mozilla/5.0 AppleWebKit/537.36 (KHTML, like Gecko; compatible; bingbot/2.0; +http://www.bing.com/bingbot.htm) Chrome/116.0.1938.76 Safari/537.36"
52.167.144.173 - - [22/Dec/2024:00:09:20 -0500] "GET /oozfh/d593948.html HTTP/1.1" 200 44776 "-" "Mozilla/5.0 AppleWebKit/537.36 (KHTML, like Gecko; compatible; bingbot/2.0; +http://www.bing.com/bingbot.htm) Chrome/116.0.1938.76 Safari/537.36"
52.167.144.163 - - [22/Dec/2024:00:11:12 -0500] "GET /jifbz/k1529227.html HTTP/1.1" 200 44042 "-" "Mozilla/5.0 AppleWebKit/537.36 (KHTML, like Gecko; compatible; bingbot/2.0; +http://www.bing.com/bingbot.htm) Chrome/116.0.1938.76 Safari/537.36"
52.167.144.219 - - [22/Dec/2024:00:11:43 -0500] "GET /giqsa/j1526886.html HTTP/1.1" 200 44775 "-" "Mozilla/5.0 AppleWebKit/537.36 (KHTML, like Gecko; compatible; bingbot/2.0; +http://www.bing.com/bingbot.htm) Chrome/116.0.1938.76 Safari/537.36"
52.167.144.219 - - [22/Dec/2024:00:14:25 -0500] "GET /ctrgd/t1858682.html HTTP/1.1" 200 45183 "-" "Mozilla/5.0 AppleWebKit/537.36 (KHTML, like Gecko; compatible; bingbot/2.0; +http://www.bing.com/bingbot.htm) Chrome/116.0.1938.76 Safari/537.36"
52.167.144.173 - - [22/Dec/2024:00:15:04 -0500] "GET /oxslx/n2481662.html HTTP/1.1" 200 44571 "-" "Mozilla/5.0 AppleWebKit/537.36 (KHTML, like Gecko; compatible; bingbot/2.0; +http://www.bing.com/bingbot.htm) Chrome/116.0.1938.76 Safari/537.36"
66.249.79.32 - - [22/Dec/2024:00:15:39 -0500] "GET /?_gl=1*1ix4f11*_gcl_au*MTYxMTI1OTI3MS4xNzIxODg2NjU0*_ga*ODYyMzk4MzA3LjE2OTk0NTM1Nzg.*_ga_7H42SVMQ0V*MTcyMTg4NjY1NS4xMjEuMS4xNzIxODg2NjY5LjQ2LjAuMA..&_ga=2.198040047.1958808748.1721886654-862398307.1699453578&_bdsid=2ulvIJ.n~ZXCIW.1721886656070.1721886848&_bd_prev_page=https://cynthiaadediran.com/detail.php?zbydv/n2590940.html HTTP/1.1" 200 45066 "-" "Mozilla/5.0 (Linux; Android 6.0.1; Nexus 5X Build/MMB29P) AppleWebKit/537.36 (KHTML, like Gecko) Chrome/131.0.6778.139 Mobile Safari/537.36 (compatible; Googlebot/2.1; +http://www.google.com/bot.html)"
40.77.167.14 - - [22/Dec/2024:00:19:02 -0500] "GET /czjkq/x1776110.html HTTP/1.1" 200 44543 "-" "Mozilla/5.0 AppleWebKit/537.36 (KHTML, like Gecko; compatible; bingbot/2.0; +http://www.bing.com/bingbot.htm) Chrome/116.0.1938.76 Safari/537.36"
52.167.144.18 - - [22/Dec/2024:00:20:47 -0500] "GET /hobiw/j1863846.html HTTP/1.1" 200 44145 "-" "Mozilla/5.0 AppleWebKit/537.36 (KHTML, like Gecko; compatible; bingbot/2.0; +http://www.bing.com/bingbot.htm) Chrome/116.0.1938.76 Safari/537.36"
66.249.79.32 - - [22/Dec/2024:00:20:48 -0500] "GET /?_gl=1*1ix4f11*_gcl_au*MTYxMTI1OTI3MS4xNzIxODg2NjU0*_ga*ODYyMzk4MzA3LjE2OTk0NTM1Nzg.*_ga_7H42SVMQ0V*MTcyMTg4NjY1NS4xMjEuMS4xNzIxODg2NjY5LjQ2LjAuMA..&_ga=2.198040047.1958808748.1721886654-862398307.1699453578&_bdsid=2ulvIJ.n~ZXCIW.1721886656070.1721886848&_bd_prev_page=https://cynthiaadediran.com/detail.php?cjkbq/x2598386.html HTTP/1.1" 200 45902 "-" "Mozilla/5.0 (Linux; Android 6.0.1; Nexus 5X Build/MMB29P) AppleWebKit/537.36 (KHTML, like Gecko) Chrome/131.0.6778.139 Mobile Safari/537.36 (compatible; Googlebot/2.1; +http://www.google.com/bot.html)"
52.167.144.19 - - [22/Dec/2024:00:23:26 -0500] "GET /ycqbb/r1323600.html HTTP/1.1" 200 43744 "-" "Mozilla/5.0 AppleWebKit/537.36 (KHTML, like Gecko; compatible; bingbot/2.0; +http://www.bing.com/bingbot.htm) Chrome/116.0.1938.76 Safari/537.36"
66.249.79.32 - - [22/Dec/2024:00:24:05 -0500] "GET /?_gl=1*1ix4f11*_gcl_au*MTYxMTI1OTI3MS4xNzIxODg2NjU0*_ga*ODYyMzk4MzA3LjE2OTk0NTM1Nzg.*_ga_7H42SVMQ0V*MTcyMTg4NjY1NS4xMjEuMS4xNzIxODg2NjY5LjQ2LjAuMA..&_ga=2.198040047.1958808748.1721886654-862398307.1699453578&_bdsid=2ulvIJ.n~ZXCIW.1721886656070.1721886848&_bd_prev_page=https://cynthiaadediran.com/detail.php?gupgv/q1402379.html HTTP/1.1" 200 44701 "-" "Mozilla/5.0 (compatible; Googlebot/2.1; +http://www.google.com/bot.html)"
40.77.167.33 - - [22/Dec/2024:00:25:03 -0500] "GET /tbzzv/j1349228.html HTTP/1.1" 200 43927 "-" "Mozilla/5.0 AppleWebKit/537.36 (KHTML, like Gecko; compatible; bingbot/2.0; +http://www.bing.com/bingbot.htm) Chrome/116.0.1938.76 Safari/537.36"
52.167.144.18 - - [22/Dec/2024:00:27:28 -0500] "GET /wreea/m1054937.html HTTP/1.1" 200 44068 "-" "Mozilla/5.0 AppleWebKit/537.36 (KHTML, like Gecko; compatible; bingbot/2.0; +http://www.bing.com/bingbot.htm) Chrome/116.0.1938.76 Safari/537.36"
172.203.190.132 - - [22/Dec/2024:00:32:33 -0500] "GET /robots.txt HTTP/1.1" 304 0 "-" "Mozilla/5.0 AppleWebKit/537.36 (KHTML, like Gecko); compatible; OAI-SearchBot/1.0; +https://openai.com/searchbot"
66.29.132.124 - - [22/Dec/2024:00:36:48 -0500] "POST /wp-cron.php?doing_wp_cron=1734845808.7001740932464599609375 HTTP/1.1" 200 0 "-" "WordPress/6.7.1; https://cynthiaadediran.com"
185.39.207.91 - - [22/Dec/2024:00:36:43 -0500] "GET / HTTP/1.1" 200 21682 "-" "Mozilla/5.0 (Windows NT 10.0; Win64; x64) AppleWebKit/537.36 (KHTML, like Gecko) Chrome/116.0.0.0 Safari/537.36 OPR/102.0.0.0"
66.29.132.124 - - [22/Dec/2024:00:36:49 -0500] "POST /wp-admin/admin-ajax.php?action=async_litespeed&nonce=szN6mc4hMJfak6mxFSVwn0UlhLlYfLOW&litespeed_type=imgoptm HTTP/1.1" 200 0 "-" "WordPress/6.7.1; https://cynthiaadediran.com"
185.39.207.91 - - [22/Dec/2024:00:36:50 -0500] "GET /wp-json HTTP/1.1" 200 1445753 "-" "Mozilla/5.0 (X11; Ubuntu; Linux x86_64; rv:109.0) Gecko/20100101 Firefox/117.0"
185.39.207.91 - - [22/Dec/2024:00:36:54 -0500] "GET / HTTP/1.1" 200 21683 "-" "Mozilla/5.0 (Macintosh; Intel Mac OS X 10_15_7) AppleWebKit/537.36 (KHTML, like Gecko) Chrome/116.0.0.0 Safari/537.36"
185.39.207.91 - - [22/Dec/2024:00:36:56 -0500] "GET /wp-json HTTP/1.1" 200 1445753 "-" "Mozilla/5.0 (X11; Ubuntu; Linux x86_64; rv:109.0) Gecko/20100101 Firefox/117.0"
185.39.207.91 - - [22/Dec/2024:00:37:07 -0500] "GET /author/admim/ HTTP/1.1" 404 11738 "-" "Mozilla/5.0 (Macintosh; Intel Mac OS X 10_15_7) AppleWebKit/537.36 (KHTML, like Gecko) Chrome/117.0.0.0 Safari/537.36"
185.39.207.91 - - [22/Dec/2024:00:37:08 -0500] "POST /wp-login.php HTTP/1.1" 200 2309 "-" "Mozilla/5.0 (Windows NT 10.0; Win64; x64; rv:109.0) Gecko/20100101 Firefox/117.0"
185.39.207.91 - - [22/Dec/2024:00:37:09 -0500] "POST /wp-login.php HTTP/1.1" 200 2309 "-" "Mozilla/5.0 (Windows NT 10.0; Win64; x64) AppleWebKit/537.36 (KHTML, like Gecko) Chrome/116.0.0.0 Safari/537.36 OPR/102.0.0.0"
40.77.167.5 - - [22/Dec/2024:00:38:28 -0500] "GET /jnclf/w682679.html HTTP/1.1" 200 44264 "-" "Mozilla/5.0 AppleWebKit/537.36 (KHTML, like Gecko; compatible; bingbot/2.0; +http://www.bing.com/bingbot.htm) Chrome/116.0.1938.76 Safari/537.36"
66.249.79.34 - - [22/Dec/2024:00:40:04 -0500] "GET /?_gl=1*1ix4f11*_gcl_au*MTYxMTI1OTI3MS4xNzIxODg2NjU0*_ga*ODYyMzk4MzA3LjE2OTk0NTM1Nzg.*_ga_7H42SVMQ0V*MTcyMTg4NjY1NS4xMjEuMS4xNzIxODg2NjY5LjQ2LjAuMA..&_ga=2.198040047.1958808748.1721886654-862398307.1699453578&_bdsid=2ulvIJ.n~ZXCIW.1721886656070.1721886848&_bd_prev_page=https://cynthiaadediran.com/detail.php?tlche/s1580689.html HTTP/1.1" 200 44855 "-" "Mozilla/5.0 (compatible; Googlebot/2.1; +http://www.google.com/bot.html)"
66.29.132.124 - - [22/Dec/2024:00:43:59 -0500] "POST /wp-cron.php?doing_wp_cron=1734846239.8596720695495605468750 HTTP/1.1" 200 0 "-" "WordPress/6.7.1; https://cynthiaadediran.com"
107.189.11.206 - - [22/Dec/2024:00:43:56 -0500] "GET /wp-login.php HTTP/1.1" 200 6185 "-" "Mozilla/5.0 (Windows NT 5.1) AppleWebKit/537.36 (KHTML, like Gecko) Chrome/36.0.1985.125 Safari/537.36"
66.29.132.124 - - [22/Dec/2024:00:44:00 -0500] "POST /wp-admin/admin-ajax.php?action=async_litespeed&nonce=wJX8c7oN84HRW2rhNv0mUXx6CVfO88nA&litespeed_type=imgoptm HTTP/1.1" 200 21 "-" "WordPress/6.7.1; https://cynthiaadediran.com"
52.167.144.137 - - [22/Dec/2024:00:44:36 -0500] "GET /iykgr/r1877322.html HTTP/1.1" 200 44126 "-" "Mozilla/5.0 AppleWebKit/537.36 (KHTML, like Gecko; compatible; bingbot/2.0; +http://www.bing.com/bingbot.htm) Chrome/116.0.1938.76 Safari/537.36"
52.167.144.218 - - [22/Dec/2024:00:55:55 -0500] "GET /vsapj/v999540.html HTTP/1.1" 200 44021 "-" "Mozilla/5.0 AppleWebKit/537.36 (KHTML, like Gecko; compatible; bingbot/2.0; +http://www.bing.com/bingbot.htm) Chrome/116.0.1938.76 Safari/537.36"
40.77.167.67 - - [22/Dec/2024:00:58:19 -0500] "GET /ahzxt/n1140244.html HTTP/1.1" 200 43806 "-" "Mozilla/5.0 AppleWebKit/537.36 (KHTML, like Gecko; compatible; bingbot/2.0; +http://www.bing.com/bingbot.htm) Chrome/116.0.1938.76 Safari/537.36"
52.167.144.218 - - [22/Dec/2024:00:58:58 -0500] "GET /osciy/k1725501.html HTTP/1.1" 200 44865 "-" "Mozilla/5.0 AppleWebKit/537.36 (KHTML, like Gecko; compatible; bingbot/2.0; +http://www.bing.com/bingbot.htm) Chrome/116.0.1938.76 Safari/537.36"
17.241.219.83 - - [22/Dec/2024:01:04:26 -0500] "GET /robots.txt HTTP/1.1" 200 73 "-" "Mozilla/5.0 (Macintosh; Intel Mac OS X 10_15_7) AppleWebKit/605.1.15 (KHTML, like Gecko) Version/17.4 Safari/605.1.15 (Applebot/0.1; +http://www.apple.com/go/applebot)"
66.29.132.124 - - [22/Dec/2024:01:04:31 -0500] "POST /wp-cron.php?doing_wp_cron=1734847471.6638150215148925781250 HTTP/1.1" 200 0 "-" "WordPress/6.7.1; https://cynthiaadediran.com"
17.241.219.83 - - [22/Dec/2024:01:04:26 -0500] "GET / HTTP/1.1" 200 21683 "-" "Mozilla/5.0 (Macintosh; Intel Mac OS X 10_15_7) AppleWebKit/605.1.15 (KHTML, like Gecko) Version/17.4 Safari/605.1.15 (Applebot/0.1; +http://www.apple.com/go/applebot)"
66.29.132.124 - - [22/Dec/2024:01:04:32 -0500] "POST /wp-admin/admin-ajax.php?action=async_litespeed&nonce=quk73zFxx6RE7y5FxcfMoWJCe1B4XQ4r&litespeed_type=imgoptm HTTP/1.1" 200 21 "-" "WordPress/6.7.1; https://cynthiaadediran.com"
17.246.15.239 - - [22/Dec/2024:01:07:22 -0500] "GET /wp-content/plugins/tj-gerold-core/assets/css/tjcore.css?ver=1.1.2 HTTP/1.1" 200 318 "https://cynthiaadediran.com/" "Mozilla/5.0 (Macintosh; Intel Mac OS X 10_15_7) AppleWebKit/605.1.15 (KHTML, like Gecko) Version/17.4 Safari/605.1.15 (Applebot/0.1; +http://www.apple.com/go/applebot)"
17.246.19.217 - - [22/Dec/2024:01:07:23 -0500] "GET /wp-content/themes/gerold/assets/css/bootstrap.min.css?ver=6.7.1 HTTP/1.1" 200 41729 "https://cynthiaadediran.com/" "Mozilla/5.0 (Macintosh; Intel Mac OS X 10_15_7) AppleWebKit/605.1.15 (KHTML, like Gecko) Version/17.4 Safari/605.1.15 (Applebot/0.1; +http://www.apple.com/go/applebot)"
17.246.15.24 - - [22/Dec/2024:01:07:23 -0500] "GET /wp-content/plugins/contact-form-7/includes/css/styles.css?ver=6.0.1 HTTP/1.1" 200 1101 "https://cynthiaadediran.com/" "Mozilla/5.0 (Macintosh; Intel Mac OS X 10_15_7) AppleWebKit/605.1.15 (KHTML, like Gecko) Version/17.4 Safari/605.1.15 (Applebot/0.1; +http://www.apple.com/go/applebot)"
17.246.19.229 - - [22/Dec/2024:01:07:24 -0500] "GET /wp-content/plugins/woocommerce/assets/css/woocommerce.css?ver=9.5.1 HTTP/1.1" 200 12833 "https://cynthiaadediran.com/" "Mozilla/5.0 (Macintosh; Intel Mac OS X 10_15_7) AppleWebKit/605.1.15 (KHTML, like Gecko) Version/17.4 Safari/605.1.15 (Applebot/0.1; +http://www.apple.com/go/applebot)"
17.246.19.170 - - [22/Dec/2024:01:07:24 -0500] "GET /wp-content/plugins/woocommerce/assets/css/woocommerce-layout.css?ver=9.5.1 HTTP/1.1" 200 3084 "https://cynthiaadediran.com/" "Mozilla/5.0 (Macintosh; Intel Mac OS X 10_15_7) AppleWebKit/605.1.15 (KHTML, like Gecko) Version/17.4 Safari/605.1.15 (Applebot/0.1; +http://www.apple.com/go/applebot)"
17.246.19.249 - - [22/Dec/2024:01:07:25 -0500] "GET /wp-content/themes/gerold/assets/css/font-awesome-pro.min.css?ver=6.7.1 HTTP/1.1" 200 126569 "https://cynthiaadediran.com/" "Mozilla/5.0 (Macintosh; Intel Mac OS X 10_15_7) AppleWebKit/605.1.15 (KHTML, like Gecko) Version/17.4 Safari/605.1.15 (Applebot/0.1; +http://www.apple.com/go/applebot)"
17.246.23.183 - - [22/Dec/2024:01:07:25 -0500] "GET /wp-content/themes/gerold/assets/css/animate.min.css?ver=6.7.1 HTTP/1.1" 200 6321 "https://cynthiaadediran.com/" "Mozilla/5.0 (Macintosh; Intel Mac OS X 10_15_7) AppleWebKit/605.1.15 (KHTML, like Gecko) Version/17.4 Safari/605.1.15 (Applebot/0.1; +http://www.apple.com/go/applebot)"
17.246.19.217 - - [22/Dec/2024:01:07:25 -0500] "GET /wp-content/themes/gerold/assets/css/meanmenu.css?ver=6.7.1 HTTP/1.1" 200 971 "https://cynthiaadediran.com/" "Mozilla/5.0 (Macintosh; Intel Mac OS X 10_15_7) AppleWebKit/605.1.15 (KHTML, like Gecko) Version/17.4 Safari/605.1.15 (Applebot/0.1; +http://www.apple.com/go/applebot)"
17.246.19.9 - - [22/Dec/2024:01:07:26 -0500] "GET /wp-content/themes/gerold/assets/css/nice-select.css?ver=6.7.1 HTTP/1.1" 200 1086 "https://cynthiaadediran.com/" "Mozilla/5.0 (Macintosh; Intel Mac OS X 10_15_7) AppleWebKit/605.1.15 (KHTML, like Gecko) Version/17.4 Safari/605.1.15 (Applebot/0.1; +http://www.apple.com/go/applebot)"
17.246.15.36 - - [22/Dec/2024:01:07:27 -0500] "GET /wp-content/themes/gerold/assets/css/flaticon_gerold.css?ver=6.7.1 HTTP/1.1" 200 775 "https://cynthiaadediran.com/" "Mozilla/5.0 (Macintosh; Intel Mac OS X 10_15_7) AppleWebKit/605.1.15 (KHTML, like Gecko) Version/17.4 Safari/605.1.15 (Applebot/0.1; +http://www.apple.com/go/applebot)"
17.246.23.80 - - [22/Dec/2024:01:07:27 -0500] "GET /wp-content/themes/gerold/assets/css/owl.carousel.min.css?ver=6.7.1 HTTP/1.1" 200 1144 "https://cynthiaadediran.com/" "Mozilla/5.0 (Macintosh; Intel Mac OS X 10_15_7) AppleWebKit/605.1.15 (KHTML, like Gecko) Version/17.4 Safari/605.1.15 (Applebot/0.1; +http://www.apple.com/go/applebot)"
17.246.15.218 - - [22/Dec/2024:01:07:28 -0500] "GET /wp-content/themes/gerold/assets/css/odometer-theme-default.css?ver=6.7.1 HTTP/1.1" 200 642 "https://cynthiaadediran.com/" "Mozilla/5.0 (Macintosh; Intel Mac OS X 10_15_7) AppleWebKit/605.1.15 (KHTML, like Gecko) Version/17.4 Safari/605.1.15 (Applebot/0.1; +http://www.apple.com/go/applebot)"
17.246.19.99 - - [22/Dec/2024:01:07:28 -0500] "GET /wp-content/themes/gerold/assets/css/magnific-popup.css?ver=6.7.1 HTTP/1.1" 200 2120 "https://cynthiaadediran.com/" "Mozilla/5.0 (Macintosh; Intel Mac OS X 10_15_7) AppleWebKit/605.1.15 (KHTML, like Gecko) Version/17.4 Safari/605.1.15 (Applebot/0.1; +http://www.apple.com/go/applebot)"
17.246.23.183 - - [22/Dec/2024:01:07:28 -0500] "GET /wp-content/themes/gerold/assets/css/swiper.min.css?ver=6.7.1 HTTP/1.1" 200 5517 "https://cynthiaadediran.com/" "Mozilla/5.0 (Macintosh; Intel Mac OS X 10_15_7) AppleWebKit/605.1.15 (KHTML, like Gecko) Version/17.4 Safari/605.1.15 (Applebot/0.1; +http://www.apple.com/go/applebot)"
17.246.23.70 - - [22/Dec/2024:01:07:29 -0500] "GET /wp-content/themes/gerold/assets/css/gerold-core.css?ver=1.1.2 HTTP/1.1" 200 18892 "https://cynthiaadediran.com/" "Mozilla/5.0 (Macintosh; Intel Mac OS X 10_15_7) AppleWebKit/605.1.15 (KHTML, like Gecko) Version/17.4 Safari/605.1.15 (Applebot/0.1; +http://www.apple.com/go/applebot)"
17.246.15.171 - - [22/Dec/2024:01:07:30 -0500] "GET /wp-content/themes/gerold/assets/css/gerold-core-2.css?ver=1.1.2 HTTP/1.1" 200 3798 "https://cynthiaadediran.com/" "Mozilla/5.0 (Macintosh; Intel Mac OS X 10_15_7) AppleWebKit/605.1.15 (KHTML, like Gecko) Version/17.4 Safari/605.1.15 (Applebot/0.1; +http://www.apple.com/go/applebot)"
17.246.23.72 - - [22/Dec/2024:01:07:30 -0500] "GET /wp-content/themes/gerold/assets/css/gerold-light-mode.css?ver=1.1.2 HTTP/1.1" 200 3224 "https://cynthiaadediran.com/" "Mozilla/5.0 (Macintosh; Intel Mac OS X 10_15_7) AppleWebKit/605.1.15 (KHTML, like Gecko) Version/17.4 Safari/605.1.15 (Applebot/0.1; +http://www.apple.com/go/applebot)"
17.246.23.104 - - [22/Dec/2024:01:07:31 -0500] "GET /wp-content/themes/gerold/assets/css/gerold-responsive.css?ver=1.1.2 HTTP/1.1" 200 3927 "https://cynthiaadediran.com/" "Mozilla/5.0 (Macintosh; Intel Mac OS X 10_15_7) AppleWebKit/605.1.15 (KHTML, like Gecko) Version/17.4 Safari/605.1.15 (Applebot/0.1; +http://www.apple.com/go/applebot)"
17.246.23.80 - - [22/Dec/2024:01:07:31 -0500] "GET /wp-content/themes/gerold/assets/css/gerold-responsive-2.css?ver=1.1.2 HTTP/1.1" 200 1088 "https://cynthiaadediran.com/" "Mozilla/5.0 (Macintosh; Intel Mac OS X 10_15_7) AppleWebKit/605.1.15 (KHTML, like Gecko) Version/17.4 Safari/605.1.15 (Applebot/0.1; +http://www.apple.com/go/applebot)"
17.246.23.165 - - [22/Dec/2024:01:07:32 -0500] "GET /wp-content/themes/gerold/assets/css/gerold-unit.css?ver=1.1.2 HTTP/1.1" 200 7368 "https://cynthiaadediran.com/" "Mozilla/5.0 (Macintosh; Intel Mac OS X 10_15_7) AppleWebKit/605.1.15 (KHTML, like Gecko) Version/17.4 Safari/605.1.15 (Applebot/0.1; +http://www.apple.com/go/applebot)"
17.246.15.109 - - [22/Dec/2024:01:07:32 -0500] "GET /wp-content/themes/gerold/assets/css/gerold-custom.css?ver=1.1.2 HTTP/1.1" 200 0 "https://cynthiaadediran.com/" "Mozilla/5.0 (Macintosh; Intel Mac OS X 10_15_7) AppleWebKit/605.1.15 (KHTML, like Gecko) Version/17.4 Safari/605.1.15 (Applebot/0.1; +http://www.apple.com/go/applebot)"
17.246.15.131 - - [22/Dec/2024:01:07:33 -0500] "GET /wp-content/themes/gerold/style.css?ver=1.1.2 HTTP/1.1" 200 558 "https://cynthiaadediran.com/" "Mozilla/5.0 (Macintosh; Intel Mac OS X 10_15_7) AppleWebKit/605.1.15 (KHTML, like Gecko) Version/17.4 Safari/605.1.15 (Applebot/0.1; +http://www.apple.com/go/applebot)"
17.246.23.72 - - [22/Dec/2024:01:07:33 -0500] "GET /wp-content/plugins/elementor/assets/css/frontend.min.css?ver=3.26.2 HTTP/1.1" 200 8879 "https://cynthiaadediran.com/" "Mozilla/5.0 (Macintosh; Intel Mac OS X 10_15_7) AppleWebKit/605.1.15 (KHTML, like Gecko) Version/17.4 Safari/605.1.15 (Applebot/0.1; +http://www.apple.com/go/applebot)"
