52.167.144.23 - - [21/Dec/2024:20:23:31 -0500] "GET /ntaxl/g1145619.html HTTP/1.1" 200 44448 "-" "Mozilla/5.0 AppleWebKit/537.36 (KHTML, like Gecko; compatible; bingbot/2.0; +http://www.bing.com/bingbot.htm) Chrome/116.0.1938.76 Safari/537.36"
66.29.132.124 - - [21/Dec/2024:20:23:48 -0500] "POST /wp-cron.php?doing_wp_cron=1734830628.9304549694061279296875 HTTP/1.1" 200 0 "-" "WordPress/6.7.1; https://cynthiaadediran.com"
198.98.51.24 - - [21/Dec/2024:20:23:46 -0500] "GET /wp-login.php HTTP/1.1" 200 6185 "-" "Mozilla/5.0 (X11; Ubuntu; Linux x86_64; rv:30.0) Gecko/20100101 Firefox/30.0"
66.29.132.124 - - [21/Dec/2024:20:23:49 -0500] "POST /wp-admin/admin-ajax.php?action=async_litespeed&nonce=o9BcVjhXTZ8vxFjsZ7FZ3B08LmjeNijv&litespeed_type=imgoptm HTTP/1.1" 200 21 "-" "WordPress/6.7.1; https://cynthiaadediran.com"
66.249.79.32 - - [21/Dec/2024:20:24:59 -0500] "GET /?_gl=1*1ix4f11*_gcl_au*MTYxMTI1OTI3MS4xNzIxODg2NjU0*_ga*ODYyMzk4MzA3LjE2OTk0NTM1Nzg.*_ga_7H42SVMQ0V*MTcyMTg4NjY1NS4xMjEuMS4xNzIxODg2NjY5LjQ2LjAuMA..&_ga=2.198040047.1958808748.1721886654-862398307.1699453578&_bdsid=2ulvIJ.n~ZXCIW.1721886656070.1721886848&_bd_prev_page=https://cynthiaadediran.com/detail.php?hsmxq/r442330.html HTTP/1.1" 200 45336 "-" "Mozilla/5.0 (compatible; Googlebot/2.1; +http://www.google.com/bot.html)"
66.249.79.33 - - [21/Dec/2024:20:26:00 -0500] "GET /?_gl=1*1ix4f11*_gcl_au*MTYxMTI1OTI3MS4xNzIxODg2NjU0*_ga*ODYyMzk4MzA3LjE2OTk0NTM1Nzg.*_ga_7H42SVMQ0V*MTcyMTg4NjY1NS4xMjEuMS4xNzIxODg2NjY5LjQ2LjAuMA..&_ga=2.198040047.1958808748.1721886654-862398307.1699453578&_bdsid=2ulvIJ.n~ZXCIW.1721886656070.1721886848&_bd_prev_page=https://cynthiaadediran.com/detail.php?dkhwp/g674759.html HTTP/1.1" 200 44652 "-" "Mozilla/5.0 (Linux; Android 6.0.1; Nexus 5X Build/MMB29P) AppleWebKit/537.36 (KHTML, like Gecko) Chrome/131.0.6778.139 Mobile Safari/537.36 (compatible; Googlebot/2.1; +http://www.google.com/bot.html)"
185.191.171.11 - - [21/Dec/2024:20:33:26 -0500] "GET /robots.txt HTTP/1.1" 200 73 "-" "Mozilla/5.0 (compatible; SemrushBot/7~bl; +http://www.semrush.com/bot.html)"
85.208.96.196 - - [21/Dec/2024:20:33:26 -0500] "GET /portfolios/miss-wave-nigeria-beauty-pageant/ HTTP/1.1" 403 0 "-" "Mozilla/5.0 (compatible; SemrushBot/7~bl; +http://www.semrush.com/bot.html)"
66.249.79.33 - - [21/Dec/2024:20:37:19 -0500] "GET /?_gl=1*1ix4f11*_gcl_au*MTYxMTI1OTI3MS4xNzIxODg2NjU0*_ga*ODYyMzk4MzA3LjE2OTk0NTM1Nzg.*_ga_7H42SVMQ0V*MTcyMTg4NjY1NS4xMjEuMS4xNzIxODg2NjY5LjQ2LjAuMA..&_ga=2.198040047.1958808748.1721886654-862398307.1699453578&_bdsid=2ulvIJ.n~ZXCIW.1721886656070.1721886848&_bd_prev_page=https://cynthiaadediran.com/detail.php?vzaao/w2096065.html HTTP/1.1" 200 44820 "-" "Mozilla/5.0 (compatible; Googlebot/2.1; +http://www.google.com/bot.html)"
40.77.167.41 - - [21/Dec/2024:20:41:44 -0500] "GET /aylxo/h2730086.html HTTP/1.1" 200 44245 "-" "Mozilla/5.0 AppleWebKit/537.36 (KHTML, like Gecko; compatible; bingbot/2.0; +http://www.bing.com/bingbot.htm) Chrome/116.0.1938.76 Safari/537.36"
40.77.167.41 - - [21/Dec/2024:20:43:46 -0500] "GET /jvjsx/s1897603.html HTTP/1.1" 200 44194 "-" "Mozilla/5.0 AppleWebKit/537.36 (KHTML, like Gecko; compatible; bingbot/2.0; +http://www.bing.com/bingbot.htm) Chrome/116.0.1938.76 Safari/537.36"
52.167.144.136 - - [21/Dec/2024:20:44:24 -0500] "GET /sfwky/h2970170.html HTTP/1.1" 200 43688 "-" "Mozilla/5.0 AppleWebKit/537.36 (KHTML, like Gecko; compatible; bingbot/2.0; +http://www.bing.com/bingbot.htm) Chrome/116.0.1938.76 Safari/537.36"
52.167.144.136 - - [21/Dec/2024:20:46:05 -0500] "GET /ijlnq/f1924500.html HTTP/1.1" 200 43843 "-" "Mozilla/5.0 AppleWebKit/537.36 (KHTML, like Gecko; compatible; bingbot/2.0; +http://www.bing.com/bingbot.htm) Chrome/116.0.1938.76 Safari/537.36"
40.77.167.121 - - [21/Dec/2024:20:48:02 -0500] "GET /uxsvf/k2843423.html HTTP/1.1" 200 44706 "-" "Mozilla/5.0 AppleWebKit/537.36 (KHTML, like Gecko; compatible; bingbot/2.0; +http://www.bing.com/bingbot.htm) Chrome/116.0.1938.76 Safari/537.36"
52.167.144.173 - - [21/Dec/2024:20:51:07 -0500] "GET /scfno/u1533969.html HTTP/1.1" 200 44044 "-" "Mozilla/5.0 AppleWebKit/537.36 (KHTML, like Gecko; compatible; bingbot/2.0; +http://www.bing.com/bingbot.htm) Chrome/116.0.1938.76 Safari/537.36"
40.77.167.41 - - [21/Dec/2024:20:51:11 -0500] "GET /lcytb/z372866.html HTTP/1.1" 200 44429 "-" "Mozilla/5.0 AppleWebKit/537.36 (KHTML, like Gecko; compatible; bingbot/2.0; +http://www.bing.com/bingbot.htm) Chrome/116.0.1938.76 Safari/537.36"
52.167.144.19 - - [21/Dec/2024:20:54:27 -0500] "GET /dwxrw/c2249341.html HTTP/1.1" 200 43782 "-" "Mozilla/5.0 AppleWebKit/537.36 (KHTML, like Gecko; compatible; bingbot/2.0; +http://www.bing.com/bingbot.htm) Chrome/116.0.1938.76 Safari/537.36"
52.167.144.137 - - [21/Dec/2024:20:59:34 -0500] "GET /nijse/x1065322.html HTTP/1.1" 200 43898 "-" "Mozilla/5.0 AppleWebKit/537.36 (KHTML, like Gecko; compatible; bingbot/2.0; +http://www.bing.com/bingbot.htm) Chrome/116.0.1938.76 Safari/537.36"
66.249.79.33 - - [21/Dec/2024:21:07:02 -0500] "GET /?_gl=1*1ix4f11*_gcl_au*MTYxMTI1OTI3MS4xNzIxODg2NjU0*_ga*ODYyMzk4MzA3LjE2OTk0NTM1Nzg.*_ga_7H42SVMQ0V*MTcyMTg4NjY1NS4xMjEuMS4xNzIxODg2NjY5LjQ2LjAuMA..&_ga=2.198040047.1958808748.1721886654-862398307.1699453578&_bdsid=2ulvIJ.n~ZXCIW.1721886656070.1721886848&_bd_prev_page=https://cynthiaadediran.com/detail.php?jskbj/r2343164.html HTTP/1.1" 200 45341 "-" "Mozilla/5.0 (Linux; Android 6.0.1; Nexus 5X Build/MMB29P) AppleWebKit/537.36 (KHTML, like Gecko) Chrome/131.0.6778.139 Mobile Safari/537.36 (compatible; Googlebot/2.1; +http://www.google.com/bot.html)"
52.167.144.163 - - [21/Dec/2024:21:10:37 -0500] "GET /xfouy/g1052955.html HTTP/1.1" 200 44115 "-" "Mozilla/5.0 AppleWebKit/537.36 (KHTML, like Gecko; compatible; bingbot/2.0; +http://www.bing.com/bingbot.htm) Chrome/116.0.1938.76 Safari/537.36"
40.77.167.241 - - [21/Dec/2024:21:11:50 -0500] "GET /wihep/s1583419.html HTTP/1.1" 200 43957 "-" "Mozilla/5.0 AppleWebKit/537.36 (KHTML, like Gecko; compatible; bingbot/2.0; +http://www.bing.com/bingbot.htm) Chrome/116.0.1938.76 Safari/537.36"
52.167.144.190 - - [21/Dec/2024:21:15:40 -0500] "GET /ktcrr/w1317599.html HTTP/1.1" 200 43875 "-" "Mozilla/5.0 AppleWebKit/537.36 (KHTML, like Gecko; compatible; bingbot/2.0; +http://www.bing.com/bingbot.htm) Chrome/116.0.1938.76 Safari/537.36"
66.249.79.34 - - [21/Dec/2024:21:15:41 -0500] "GET /?_gl=1*1ix4f11*_gcl_au*MTYxMTI1OTI3MS4xNzIxODg2NjU0*_ga*ODYyMzk4MzA3LjE2OTk0NTM1Nzg.*_ga_7H42SVMQ0V*MTcyMTg4NjY1NS4xMjEuMS4xNzIxODg2NjY5LjQ2LjAuMA..&_ga=2.198040047.1958808748.1721886654-862398307.1699453578&_bdsid=2ulvIJ.n~ZXCIW.1721886656070.1721886848&_bd_prev_page=https://cynthiaadediran.com/detail.php?isror/v3005284.html HTTP/1.1" 200 44717 "-" "Mozilla/5.0 (compatible; Googlebot/2.1; +http://www.google.com/bot.html)"
40.77.167.156 - - [21/Dec/2024:21:16:20 -0500] "GET /czojn/o414507.html HTTP/1.1" 200 43833 "-" "Mozilla/5.0 AppleWebKit/537.36 (KHTML, like Gecko; compatible; bingbot/2.0; +http://www.bing.com/bingbot.htm) Chrome/116.0.1938.76 Safari/537.36"
40.77.167.156 - - [21/Dec/2024:21:18:13 -0500] "GET /woxkw/p279828.html HTTP/1.1" 200 43852 "-" "Mozilla/5.0 AppleWebKit/537.36 (KHTML, like Gecko; compatible; bingbot/2.0; +http://www.bing.com/bingbot.htm) Chrome/116.0.1938.76 Safari/537.36"
52.167.144.160 - - [21/Dec/2024:21:21:56 -0500] "GET /mfexv/i1420051.html HTTP/1.1" 200 43913 "-" "Mozilla/5.0 AppleWebKit/537.36 (KHTML, like Gecko; compatible; bingbot/2.0; +http://www.bing.com/bingbot.htm) Chrome/116.0.1938.76 Safari/537.36"
103.131.71.40 - - [21/Dec/2024:21:22:38 -0500] "GET /robots.txt HTTP/1.1" 200 73 "-" "Mozilla/5.0 (compatible; coccocbot-image/1.0; +http://help.coccoc.com/searchengine)"
103.131.71.40 - - [21/Dec/2024:21:22:40 -0500] "GET /wp-content/uploads/2024/07/Tayo.jpg HTTP/1.1" 304 0 "-" "Mozilla/5.0 (compatible; coccocbot-image/1.0; +http://help.coccoc.com/searchengine)"
66.249.79.34 - - [21/Dec/2024:21:24:00 -0500] "GET /?_gl=1*1ix4f11*_gcl_au*MTYxMTI1OTI3MS4xNzIxODg2NjU0*_ga*ODYyMzk4MzA3LjE2OTk0NTM1Nzg.*_ga_7H42SVMQ0V*MTcyMTg4NjY1NS4xMjEuMS4xNzIxODg2NjY5LjQ2LjAuMA..&_ga=2.198040047.1958808748.1721886654-862398307.1699453578&_bdsid=2ulvIJ.n~ZXCIW.1721886656070.1721886848&_bd_prev_page=https://cynthiaadediran.com/detail.php?bhsrp/k2444219.html HTTP/1.1" 200 44917 "-" "Mozilla/5.0 (Linux; Android 6.0.1; Nexus 5X Build/MMB29P) AppleWebKit/537.36 (KHTML, like Gecko) Chrome/131.0.6778.139 Mobile Safari/537.36 (compatible; Googlebot/2.1; +http://www.google.com/bot.html)"
52.167.144.160 - - [21/Dec/2024:21:26:26 -0500] "GET /ltgmo/p187164.html HTTP/1.1" 200 43881 "-" "Mozilla/5.0 AppleWebKit/537.36 (KHTML, like Gecko; compatible; bingbot/2.0; +http://www.bing.com/bingbot.htm) Chrome/116.0.1938.76 Safari/537.36"
40.77.167.64 - - [21/Dec/2024:21:27:14 -0500] "GET /acnyi/p1724284.html HTTP/1.1" 200 44606 "-" "Mozilla/5.0 AppleWebKit/537.36 (KHTML, like Gecko; compatible; bingbot/2.0; +http://www.bing.com/bingbot.htm) Chrome/116.0.1938.76 Safari/537.36"
51.8.102.239 - - [21/Dec/2024:21:29:32 -0500] "GET /robots.txt HTTP/1.1" 304 0 "-" "Mozilla/5.0 AppleWebKit/537.36 (KHTML, like Gecko); compatible; OAI-SearchBot/1.0; +https://openai.com/searchbot"
66.29.132.124 - - [21/Dec/2024:21:30:40 -0500] "POST /wp-cron.php?doing_wp_cron=1734834640.6644699573516845703125 HTTP/1.1" 200 0 "-" "WordPress/6.7.1; https://cynthiaadediran.com"
66.29.132.124 - - [21/Dec/2024:21:30:42 -0500] "POST /wp-admin/admin-ajax.php?action=async_litespeed&nonce=jO9kTV4rP34TOS9Y1n7JY3YABW3MKICU&litespeed_type=imgoptm HTTP/1.1" 200 0 "-" "WordPress/6.7.1; https://cynthiaadediran.com"
43.153.35.128 - - [21/Dec/2024:21:30:23 -0500] "GET / HTTP/1.1" 200 21676 "http://cynthiaadediran.com" "Mozilla/5.0 (iPhone; CPU iPhone OS 13_2_3 like Mac OS X) AppleWebKit/605.1.15 (KHTML, like Gecko) Version/13.0.3 Mobile/15E148 Safari/604.1"
66.29.132.124 - - [21/Dec/2024:21:35:30 -0500] "POST /wp-cron.php?doing_wp_cron=1734834930.0398299694061279296875 HTTP/1.1" 200 0 "-" "WordPress/6.7.1; https://cynthiaadediran.com"
104.244.76.139 - - [21/Dec/2024:21:35:24 -0500] "GET /wp-login.php HTTP/1.1" 200 6185 "-" "Mozilla/5.0 (Macintosh; Intel Mac OS X 10_6_8) AppleWebKit/534.59.10 (KHTML, like Gecko) Version/5.1.9 Safari/534.59.10"
66.29.132.124 - - [21/Dec/2024:21:35:30 -0500] "POST /wp-admin/admin-ajax.php?action=async_litespeed&nonce=IaQLFctk9wpfORvr9yr9dfr4cRHBJOAC&litespeed_type=imgoptm HTTP/1.1" 200 21 "-" "WordPress/6.7.1; https://cynthiaadediran.com"
66.249.79.34 - - [21/Dec/2024:21:36:52 -0500] "GET /?_gl=1*1ix4f11*_gcl_au*MTYxMTI1OTI3MS4xNzIxODg2NjU0*_ga*ODYyMzk4MzA3LjE2OTk0NTM1Nzg.*_ga_7H42SVMQ0V*MTcyMTg4NjY1NS4xMjEuMS4xNzIxODg2NjY5LjQ2LjAuMA..&_ga=2.198040047.1958808748.1721886654-862398307.1699453578&_bdsid=2ulvIJ.n~ZXCIW.1721886656070.1721886848&_bd_prev_page=https://cynthiaadediran.com/detail.php?obave/w2737251.html HTTP/1.1" 200 44975 "-" "Mozilla/5.0 (Linux; Android 6.0.1; Nexus 5X Build/MMB29P) AppleWebKit/537.36 (KHTML, like Gecko) Chrome/131.0.6778.139 Mobile Safari/537.36 (compatible; Googlebot/2.1; +http://www.google.com/bot.html)"
52.167.144.175 - - [21/Dec/2024:21:36:59 -0500] "GET /napcc/r525244.html HTTP/1.1" 200 44103 "-" "Mozilla/5.0 AppleWebKit/537.36 (KHTML, like Gecko; compatible; bingbot/2.0; +http://www.bing.com/bingbot.htm) Chrome/116.0.1938.76 Safari/537.36"
40.77.167.70 - - [21/Dec/2024:21:40:10 -0500] "GET /fykvg/d1900708.html HTTP/1.1" 200 43867 "-" "Mozilla/5.0 AppleWebKit/537.36 (KHTML, like Gecko; compatible; bingbot/2.0; +http://www.bing.com/bingbot.htm) Chrome/116.0.1938.76 Safari/537.36"
52.167.144.181 - - [21/Dec/2024:21:43:18 -0500] "GET /zqcex/e510801.html HTTP/1.1" 200 44479 "-" "Mozilla/5.0 AppleWebKit/537.36 (KHTML, like Gecko; compatible; bingbot/2.0; +http://www.bing.com/bingbot.htm) Chrome/116.0.1938.76 Safari/537.36"
105.66.6.124 - - [21/Dec/2024:21:43:37 -0500] "GET /about/ HTTP/1.1" 200 11 "https://r.search.yahoo.com/_ylt=AwrFchyX3WRnEgIAem1XNyoA;_ylu=Y29sbwNiZjEEcG9zAzEEdnRpZAMEc2VjA3Ny/RV=2/RE=1735873176/RO=10/RU=https%3a%2f%2fcynthiaadediran.com%2fabout%2f/RK=2/RS=16L.a3oq15uKyU14UUUrDzv7Zdo-" "Mozilla/5.0 (Windows NT 10.0; Win64; x64) AppleWebKit/537.36 (KHTML, like Gecko) Chrome/131.0.0.0 Safari/537.36"
40.77.167.45 - - [21/Dec/2024:21:47:18 -0500] "GET /ncmeh/j854318.html HTTP/1.1" 200 43927 "-" "Mozilla/5.0 AppleWebKit/537.36 (KHTML, like Gecko; compatible; bingbot/2.0; +http://www.bing.com/bingbot.htm) Chrome/116.0.1938.76 Safari/537.36"
40.77.167.44 - - [21/Dec/2024:21:47:37 -0500] "GET /lasbp/w1934397.html HTTP/1.1" 200 43902 "-" "Mozilla/5.0 AppleWebKit/537.36 (KHTML, like Gecko; compatible; bingbot/2.0; +http://www.bing.com/bingbot.htm) Chrome/116.0.1938.76 Safari/537.36"
52.167.144.175 - - [21/Dec/2024:21:50:21 -0500] "GET /gpydu/j1254770.html HTTP/1.1" 200 43985 "-" "Mozilla/5.0 AppleWebKit/537.36 (KHTML, like Gecko; compatible; bingbot/2.0; +http://www.bing.com/bingbot.htm) Chrome/116.0.1938.76 Safari/537.36"
52.167.144.232 - - [21/Dec/2024:21:50:28 -0500] "GET /bmson/p659870.html HTTP/1.1" 200 43793 "-" "Mozilla/5.0 AppleWebKit/537.36 (KHTML, like Gecko; compatible; bingbot/2.0; +http://www.bing.com/bingbot.htm) Chrome/116.0.1938.76 Safari/537.36"
66.249.79.32 - - [21/Dec/2024:21:50:55 -0500] "GET /?_gl=1*1ix4f11*_gcl_au*MTYxMTI1OTI3MS4xNzIxODg2NjU0*_ga*ODYyMzk4MzA3LjE2OTk0NTM1Nzg.*_ga_7H42SVMQ0V*MTcyMTg4NjY1NS4xMjEuMS4xNzIxODg2NjY5LjQ2LjAuMA..&_ga=2.198040047.1958808748.1721886654-862398307.1699453578&_bdsid=2ulvIJ.n~ZXCIW.1721886656070.1721886848&_bd_prev_page=https://cynthiaadediran.com/detail.php?rtgqy/w2899985.html HTTP/1.1" 200 45163 "-" "Mozilla/5.0 (compatible; Googlebot/2.1; +http://www.google.com/bot.html)"
66.249.79.32 - - [21/Dec/2024:21:52:49 -0500] "GET /?_gl=1*1ix4f11*_gcl_au*MTYxMTI1OTI3MS4xNzIxODg2NjU0*_ga*ODYyMzk4MzA3LjE2OTk0NTM1Nzg.*_ga_7H42SVMQ0V*MTcyMTg4NjY1NS4xMjEuMS4xNzIxODg2NjY5LjQ2LjAuMA..&_ga=2.198040047.1958808748.1721886654-862398307.1699453578&_bdsid=2ulvIJ.n~ZXCIW.1721886656070.1721886848&_bd_prev_page=https://cynthiaadediran.com/detail.php?mavql/g2243417.html HTTP/1.1" 200 44606 "-" "Mozilla/5.0 (Linux; Android 6.0.1; Nexus 5X Build/MMB29P) AppleWebKit/537.36 (KHTML, like Gecko) Chrome/131.0.6778.139 Mobile Safari/537.36 (compatible; Googlebot/2.1; +http://www.google.com/bot.html)"
52.167.144.175 - - [21/Dec/2024:21:52:51 -0500] "GET /arwhk/a2663831.html HTTP/1.1" 200 44289 "-" "Mozilla/5.0 AppleWebKit/537.36 (KHTML, like Gecko; compatible; bingbot/2.0; +http://www.bing.com/bingbot.htm) Chrome/116.0.1938.76 Safari/537.36"
40.77.167.44 - - [21/Dec/2024:21:54:09 -0500] "GET /arfkh/m1379261.html HTTP/1.1" 200 44660 "-" "Mozilla/5.0 AppleWebKit/537.36 (KHTML, like Gecko; compatible; bingbot/2.0; +http://www.bing.com/bingbot.htm) Chrome/116.0.1938.76 Safari/537.36"
40.77.167.9 - - [21/Dec/2024:21:55:48 -0500] "GET /kcjxv/e833357.html HTTP/1.1" 200 43965 "-" "Mozilla/5.0 AppleWebKit/537.36 (KHTML, like Gecko; compatible; bingbot/2.0; +http://www.bing.com/bingbot.htm) Chrome/116.0.1938.76 Safari/537.36"
40.77.167.9 - - [21/Dec/2024:21:58:51 -0500] "GET /mikal/z1344512.html HTTP/1.1" 200 44427 "-" "Mozilla/5.0 AppleWebKit/537.36 (KHTML, like Gecko; compatible; bingbot/2.0; +http://www.bing.com/bingbot.htm) Chrome/116.0.1938.76 Safari/537.36"
52.167.144.20 - - [21/Dec/2024:21:58:55 -0500] "GET /ytpia/c961119.html HTTP/1.1" 200 44191 "-" "Mozilla/5.0 AppleWebKit/537.36 (KHTML, like Gecko; compatible; bingbot/2.0; +http://www.bing.com/bingbot.htm) Chrome/116.0.1938.76 Safari/537.36"
185.191.171.10 - - [21/Dec/2024:22:01:46 -0500] "GET /robots.txt HTTP/1.1" 200 73 "-" "Mozilla/5.0 (compatible; SemrushBot/7~bl; +http://www.semrush.com/bot.html)"
185.191.171.8 - - [21/Dec/2024:22:01:47 -0500] "GET / HTTP/1.1" 403 0 "-" "Mozilla/5.0 (compatible; SemrushBot/7~bl; +http://www.semrush.com/bot.html)"
66.249.79.34 - - [21/Dec/2024:22:06:39 -0500] "GET /?_gl=1*1ix4f11*_gcl_au*MTYxMTI1OTI3MS4xNzIxODg2NjU0*_ga*ODYyMzk4MzA3LjE2OTk0NTM1Nzg.*_ga_7H42SVMQ0V*MTcyMTg4NjY1NS4xMjEuMS4xNzIxODg2NjY5LjQ2LjAuMA..&_ga=2.198040047.1958808748.1721886654-862398307.1699453578&_bdsid=2ulvIJ.n~ZXCIW.1721886656070.1721886848&_bd_prev_page=https://cynthiaadediran.com/detail.php?zjsnd/k1786965.html HTTP/1.1" 200 44762 "-" "Mozilla/5.0 (Linux; Android 6.0.1; Nexus 5X Build/MMB29P) AppleWebKit/537.36 (KHTML, like Gecko) Chrome/131.0.6778.139 Mobile Safari/537.36 (compatible; Googlebot/2.1; +http://www.google.com/bot.html)"
66.249.79.33 - - [21/Dec/2024:22:14:22 -0500] "GET /?_gl=1*1ix4f11*_gcl_au*MTYxMTI1OTI3MS4xNzIxODg2NjU0*_ga*ODYyMzk4MzA3LjE2OTk0NTM1Nzg.*_ga_7H42SVMQ0V*MTcyMTg4NjY1NS4xMjEuMS4xNzIxODg2NjY5LjQ2LjAuMA..&_ga=2.198040047.1958808748.1721886654-862398307.1699453578&_bdsid=2ulvIJ.n~ZXCIW.1721886656070.1721886848&_bd_prev_page=https://cynthiaadediran.com/detail.php?iwzwy/t314074.html HTTP/1.1" 200 44729 "-" "Mozilla/5.0 (Linux; Android 6.0.1; Nexus 5X Build/MMB29P) AppleWebKit/537.36 (KHTML, like Gecko) Chrome/131.0.6778.139 Mobile Safari/537.36 (compatible; Googlebot/2.1; +http://www.google.com/bot.html)"
52.167.144.220 - - [21/Dec/2024:22:17:03 -0500] "GET /kunja/x1577444.html HTTP/1.1" 200 44440 "-" "Mozilla/5.0 AppleWebKit/537.36 (KHTML, like Gecko; compatible; bingbot/2.0; +http://www.bing.com/bingbot.htm) Chrome/116.0.1938.76 Safari/537.36"
105.66.6.124 - - [21/Dec/2024:22:17:15 -0500] "GET /admin/xx HTTP/1.1" 301 795 "-" "Mozilla/5.0 (Windows NT 10.0; Win64; x64) AppleWebKit/537.36 (KHTML, like Gecko) Chrome/131.0.0.0 Safari/537.36"
105.66.6.124 - - [21/Dec/2024:22:17:15 -0500] "GET /admin/xx/ HTTP/1.1" 200 4365 "-" "Mozilla/5.0 (Windows NT 10.0; Win64; x64) AppleWebKit/537.36 (KHTML, like Gecko) Chrome/131.0.0.0 Safari/537.36"
52.167.144.199 - - [21/Dec/2024:22:17:20 -0500] "GET /hujcp/u2697443.html HTTP/1.1" 200 44038 "-" "Mozilla/5.0 AppleWebKit/537.36 (KHTML, like Gecko; compatible; bingbot/2.0; +http://www.bing.com/bingbot.htm) Chrome/116.0.1938.76 Safari/537.36"
66.29.132.124 - - [21/Dec/2024:22:17:37 -0500] "POST /wp-cron.php?doing_wp_cron=1734837457.3595449924468994140625 HTTP/1.1" 200 0 "-" "WordPress/6.7.1; https://cynthiaadediran.com"
105.66.6.124 - - [21/Dec/2024:22:17:32 -0500] "GET /skills/ HTTP/1.1" 200 12596 "https://r.search.yahoo.com/_ylt=AwrFFrZCfWdnJQIAvoxXNyoA;_ylu=Y29sbwNiZjEEcG9zAzEEdnRpZAMEc2VjA3Ny/RV=2/RE=1736045122/RO=10/RU=https%3a%2f%2fcynthiaadediran.com%2fskills%2f/RK=2/RS=aDwOYFf9e.y8ht9mrBAmBDMfL8s-" "Mozilla/5.0 (Windows NT 10.0; Win64; x64) AppleWebKit/537.36 (KHTML, like Gecko) Chrome/131.0.0.0 Safari/537.36"
105.66.6.124 - - [21/Dec/2024:22:17:38 -0500] "GET /wp-content/plugins/contact-form-7/includes/css/styles.css?ver=6.0.1 HTTP/1.1" 200 890 "https://cynthiaadediran.com/skills/" "Mozilla/5.0 (Windows NT 10.0; Win64; x64) AppleWebKit/537.36 (KHTML, like Gecko) Chrome/131.0.0.0 Safari/537.36"
105.66.6.124 - - [21/Dec/2024:22:17:38 -0500] "GET /wp-content/plugins/woocommerce/assets/css/woocommerce-layout.css?ver=9.5.1 HTTP/1.1" 200 2342 "https://cynthiaadediran.com/skills/" "Mozilla/5.0 (Windows NT 10.0; Win64; x64) AppleWebKit/537.36 (KHTML, like Gecko) Chrome/131.0.0.0 Safari/537.36"
105.66.6.124 - - [21/Dec/2024:22:17:38 -0500] "GET /wp-content/plugins/woocommerce/assets/css/woocommerce.css?ver=9.5.1 HTTP/1.1" 200 9684 "https://cynthiaadediran.com/skills/" "Mozilla/5.0 (Windows NT 10.0; Win64; x64) AppleWebKit/537.36 (KHTML, like Gecko) Chrome/131.0.0.0 Safari/537.36"
105.66.6.124 - - [21/Dec/2024:22:17:38 -0500] "GET /wp-content/plugins/tj-gerold-core/assets/css/tjcore.css?ver=1.1.2 HTTP/1.1" 200 232 "https://cynthiaadediran.com/skills/" "Mozilla/5.0 (Windows NT 10.0; Win64; x64) AppleWebKit/537.36 (KHTML, like Gecko) Chrome/131.0.0.0 Safari/537.36"
105.66.6.124 - - [21/Dec/2024:22:17:38 -0500] "GET /wp-content/themes/gerold/assets/css/bootstrap.min.css?ver=6.7.1 HTTP/1.1" 200 28306 "https://cynthiaadediran.com/skills/" "Mozilla/5.0 (Windows NT 10.0; Win64; x64) AppleWebKit/537.36 (KHTML, like Gecko) Chrome/131.0.0.0 Safari/537.36"
105.66.6.124 - - [21/Dec/2024:22:17:38 -0500] "GET /wp-content/themes/gerold/assets/css/font-awesome-pro.min.css?ver=6.7.1 HTTP/1.1" 200 96869 "https://cynthiaadediran.com/skills/" "Mozilla/5.0 (Windows NT 10.0; Win64; x64) AppleWebKit/537.36 (KHTML, like Gecko) Chrome/131.0.0.0 Safari/537.36"
66.29.132.124 - - [21/Dec/2024:22:17:37 -0500] "POST /wp-admin/admin-ajax.php?action=async_litespeed&nonce=UysErvIa86jRbAMwVz7e6XpH2kucKPLu&litespeed_type=imgoptm HTTP/1.1" 200 0 "-" "WordPress/6.7.1; https://cynthiaadediran.com"
105.66.6.124 - - [21/Dec/2024:22:17:38 -0500] "GET /wp-content/themes/gerold/assets/css/animate.min.css?ver=6.7.1 HTTP/1.1" 200 4285 "https://cynthiaadediran.com/skills/" "Mozilla/5.0 (Windows NT 10.0; Win64; x64) AppleWebKit/537.36 (KHTML, like Gecko) Chrome/131.0.0.0 Safari/537.36"
105.66.6.124 - - [21/Dec/2024:22:17:38 -0500] "GET /wp-content/themes/gerold/assets/css/meanmenu.css?ver=6.7.1 HTTP/1.1" 200 738 "https://cynthiaadediran.com/skills/" "Mozilla/5.0 (Windows NT 10.0; Win64; x64) AppleWebKit/537.36 (KHTML, like Gecko) Chrome/131.0.0.0 Safari/537.36"
105.66.6.124 - - [21/Dec/2024:22:17:38 -0500] "GET /wp-content/themes/gerold/assets/css/nice-select.css?ver=6.7.1 HTTP/1.1" 200 850 "https://cynthiaadediran.com/skills/" "Mozilla/5.0 (Windows NT 10.0; Win64; x64) AppleWebKit/537.36 (KHTML, like Gecko) Chrome/131.0.0.0 Safari/537.36"
105.66.6.124 - - [21/Dec/2024:22:17:38 -0500] "GET /wp-content/themes/gerold/assets/css/owl.carousel.min.css?ver=6.7.1 HTTP/1.1" 200 915 "https://cynthiaadediran.com/skills/" "Mozilla/5.0 (Windows NT 10.0; Win64; x64) AppleWebKit/537.36 (KHTML, like Gecko) Chrome/131.0.0.0 Safari/537.36"
105.66.6.124 - - [21/Dec/2024:22:17:38 -0500] "GET /wp-content/themes/gerold/assets/css/swiper.min.css?ver=6.7.1 HTTP/1.1" 200 4423 "https://cynthiaadediran.com/skills/" "Mozilla/5.0 (Windows NT 10.0; Win64; x64) AppleWebKit/537.36 (KHTML, like Gecko) Chrome/131.0.0.0 Safari/537.36"
105.66.6.124 - - [21/Dec/2024:22:17:38 -0500] "GET /wp-content/themes/gerold/assets/css/flaticon_gerold.css?ver=6.7.1 HTTP/1.1" 200 727 "https://cynthiaadediran.com/skills/" "Mozilla/5.0 (Windows NT 10.0; Win64; x64) AppleWebKit/537.36 (KHTML, like Gecko) Chrome/131.0.0.0 Safari/537.36"
105.66.6.124 - - [21/Dec/2024:22:17:38 -0500] "GET /wp-content/themes/gerold/assets/css/odometer-theme-default.css?ver=6.7.1 HTTP/1.1" 200 480 "https://cynthiaadediran.com/skills/" "Mozilla/5.0 (Windows NT 10.0; Win64; x64) AppleWebKit/537.36 (KHTML, like Gecko) Chrome/131.0.0.0 Safari/537.36"
105.66.6.124 - - [21/Dec/2024:22:17:38 -0500] "GET /wp-content/themes/gerold/assets/css/magnific-popup.css?ver=6.7.1 HTTP/1.1" 200 1660 "https://cynthiaadediran.com/skills/" "Mozilla/5.0 (Windows NT 10.0; Win64; x64) AppleWebKit/537.36 (KHTML, like Gecko) Chrome/131.0.0.0 Safari/537.36"
105.66.6.124 - - [21/Dec/2024:22:17:38 -0500] "GET /wp-content/themes/gerold/assets/css/gerold-core.css?ver=1.1.2 HTTP/1.1" 200 12767 "https://cynthiaadediran.com/skills/" "Mozilla/5.0 (Windows NT 10.0; Win64; x64) AppleWebKit/537.36 (KHTML, like Gecko) Chrome/131.0.0.0 Safari/537.36"
105.66.6.124 - - [21/Dec/2024:22:17:38 -0500] "GET /wp-content/themes/gerold/assets/css/gerold-custom.css?ver=1.1.2 HTTP/1.1" 200 0 "https://cynthiaadediran.com/skills/" "Mozilla/5.0 (Windows NT 10.0; Win64; x64) AppleWebKit/537.36 (KHTML, like Gecko) Chrome/131.0.0.0 Safari/537.36"
105.66.6.124 - - [21/Dec/2024:22:17:38 -0500] "GET /wp-content/themes/gerold/assets/css/gerold-core-2.css?ver=1.1.2 HTTP/1.1" 200 2761 "https://cynthiaadediran.com/skills/" "Mozilla/5.0 (Windows NT 10.0; Win64; x64) AppleWebKit/537.36 (KHTML, like Gecko) Chrome/131.0.0.0 Safari/537.36"
105.66.6.124 - - [21/Dec/2024:22:17:38 -0500] "GET /wp-includes/js/jquery/jquery.min.js?ver=3.7.1 HTTP/1.1" 200 29744 "https://cynthiaadediran.com/skills/" "Mozilla/5.0 (Windows NT 10.0; Win64; x64) AppleWebKit/537.36 (KHTML, like Gecko) Chrome/131.0.0.0 Safari/537.36"
105.66.6.124 - - [21/Dec/2024:22:17:38 -0500] "GET /wp-content/themes/gerold/assets/css/gerold-unit.css?ver=1.1.2 HTTP/1.1" 200 5326 "https://cynthiaadediran.com/skills/" "Mozilla/5.0 (Windows NT 10.0; Win64; x64) AppleWebKit/537.36 (KHTML, like Gecko) Chrome/131.0.0.0 Safari/537.36"
105.66.6.124 - - [21/Dec/2024:22:17:38 -0500] "GET /wp-content/uploads/elementor/css/post-20.css?ver=1732545645 HTTP/1.1" 200 195 "https://cynthiaadediran.com/skills/" "Mozilla/5.0 (Windows NT 10.0; Win64; x64) AppleWebKit/537.36 (KHTML, like Gecko) Chrome/131.0.0.0 Safari/537.36"
105.66.6.124 - - [21/Dec/2024:22:17:38 -0500] "GET /wp-content/themes/gerold/assets/css/gerold-responsive-2.css?ver=1.1.2 HTTP/1.1" 200 785 "https://cynthiaadediran.com/skills/" "Mozilla/5.0 (Windows NT 10.0; Win64; x64) AppleWebKit/537.36 (KHTML, like Gecko) Chrome/131.0.0.0 Safari/537.36"
105.66.6.124 - - [21/Dec/2024:22:17:38 -0500] "GET /wp-content/plugins/elementor/assets/css/frontend.min.css?ver=3.26.2 HTTP/1.1" 200 6458 "https://cynthiaadediran.com/skills/" "Mozilla/5.0 (Windows NT 10.0; Win64; x64) AppleWebKit/537.36 (KHTML, like Gecko) Chrome/131.0.0.0 Safari/537.36"
105.66.6.124 - - [21/Dec/2024:22:17:38 -0500] "GET /wp-content/uploads/elementor/css/post-32.css?ver=1732204945 HTTP/1.1" 200 313 "https://cynthiaadediran.com/skills/" "Mozilla/5.0 (Windows NT 10.0; Win64; x64) AppleWebKit/537.36 (KHTML, like Gecko) Chrome/131.0.0.0 Safari/537.36"
105.66.6.124 - - [21/Dec/2024:22:17:38 -0500] "GET /wp-content/themes/gerold/assets/css/gerold-responsive.css?ver=1.1.2 HTTP/1.1" 200 2686 "https://cynthiaadediran.com/skills/" "Mozilla/5.0 (Windows NT 10.0; Win64; x64) AppleWebKit/537.36 (KHTML, like Gecko) Chrome/131.0.0.0 Safari/537.36"
105.66.6.124 - - [21/Dec/2024:22:17:38 -0500] "GET /wp-content/themes/gerold/style.css?ver=1.1.2 HTTP/1.1" 200 449 "https://cynthiaadediran.com/skills/" "Mozilla/5.0 (Windows NT 10.0; Win64; x64) AppleWebKit/537.36 (KHTML, like Gecko) Chrome/131.0.0.0 Safari/537.36"
105.66.6.124 - - [21/Dec/2024:22:17:38 -0500] "GET /wp-content/themes/gerold/assets/css/gerold-light-mode.css?ver=1.1.2 HTTP/1.1" 200 2398 "https://cynthiaadediran.com/skills/" "Mozilla/5.0 (Windows NT 10.0; Win64; x64) AppleWebKit/537.36 (KHTML, like Gecko) Chrome/131.0.0.0 Safari/537.36"
105.66.6.124 - - [21/Dec/2024:22:17:38 -0500] "GET /wp-content/plugins/woocommerce/assets/client/blocks/wc-blocks.css?ver=wc-9.5.1 HTTP/1.1" 200 2367 "https://cynthiaadediran.com/skills/" "Mozilla/5.0 (Windows NT 10.0; Win64; x64) AppleWebKit/537.36 (KHTML, like Gecko) Chrome/131.0.0.0 Safari/537.36"
105.66.6.124 - - [21/Dec/2024:22:17:38 -0500] "GET /wp-content/uploads/2024/07/cropped-Cynthia-Adediran-Logo-White.png HTTP/1.1" 200 9427 "https://cynthiaadediran.com/skills/" "Mozilla/5.0 (Windows NT 10.0; Win64; x64) AppleWebKit/537.36 (KHTML, like Gecko) Chrome/131.0.0.0 Safari/537.36"
105.66.6.124 - - [21/Dec/2024:22:17:38 -0500] "GET /wp-includes/js/jquery/jquery-migrate.min.js?ver=3.4.1 HTTP/1.1" 200 4678 "https://cynthiaadediran.com/skills/" "Mozilla/5.0 (Windows NT 10.0; Win64; x64) AppleWebKit/537.36 (KHTML, like Gecko) Chrome/131.0.0.0 Safari/537.36"
66.29.132.124 - - [21/Dec/2024:22:17:38 -0500] "POST /wp-admin/admin-ajax.php?action=as_async_request_queue_runner&nonce=e6d6ec3bb4 HTTP/1.1" 200 0 "-" "WordPress/6.7.1; https://cynthiaadediran.com"
105.66.6.124 - - [21/Dec/2024:22:17:39 -0500] "GET /wp-includes/js/dist/i18n.min.js?ver=5e580eb46a90c2b997e6 HTTP/1.1" 200 3542 "https://cynthiaadediran.com/skills/" "Mozilla/5.0 (Windows NT 10.0; Win64; x64) AppleWebKit/537.36 (KHTML, like Gecko) Chrome/131.0.0.0 Safari/537.36"
105.66.6.124 - - [21/Dec/2024:22:17:39 -0500] "GET /wp-includes/js/dist/hooks.min.js?ver=4d63a3d491d11ffd8ac6 HTTP/1.1" 200 1571 "https://cynthiaadediran.com/skills/" "Mozilla/5.0 (Windows NT 10.0; Win64; x64) AppleWebKit/537.36 (KHTML, like Gecko) Chrome/131.0.0.0 Safari/537.36"
105.66.6.124 - - [21/Dec/2024:22:17:39 -0500] "GET /wp-content/plugins/contact-form-7/includes/swv/js/index.js?ver=6.0.1 HTTP/1.1" 200 3369 "https://cynthiaadediran.com/skills/" "Mozilla/5.0 (Windows NT 10.0; Win64; x64) AppleWebKit/537.36 (KHTML, like Gecko) Chrome/131.0.0.0 Safari/537.36"
105.66.6.124 - - [21/Dec/2024:22:17:39 -0500] "GET /wp-content/plugins/contact-form-7/includes/js/index.js?ver=6.0.1 HTTP/1.1" 200 4008 "https://cynthiaadediran.com/skills/" "Mozilla/5.0 (Windows NT 10.0; Win64; x64) AppleWebKit/537.36 (KHTML, like Gecko) Chrome/131.0.0.0 Safari/537.36"
105.66.6.124 - - [21/Dec/2024:22:17:39 -0500] "GET /wp-content/plugins/tj-gerold-core/assets/js/tjcore.js?ver=1.1.2 HTTP/1.1" 200 1742 "https://cynthiaadediran.com/skills/" "Mozilla/5.0 (Windows NT 10.0; Win64; x64) AppleWebKit/537.36 (KHTML, like Gecko) Chrome/131.0.0.0 Safari/537.36"
105.66.6.124 - - [21/Dec/2024:22:17:39 -0500] "GET /wp-content/themes/gerold/assets/js/bootstrap.bundle.min.js?ver=6.7.1 HTTP/1.1" 200 22905 "https://cynthiaadediran.com/skills/" "Mozilla/5.0 (Windows NT 10.0; Win64; x64) AppleWebKit/537.36 (KHTML, like Gecko) Chrome/131.0.0.0 Safari/537.36"
105.66.6.124 - - [21/Dec/2024:22:17:39 -0500] "GET /wp-content/themes/gerold/assets/js/nice-select.js?ver=6.7.1 HTTP/1.1" 200 930 "https://cynthiaadediran.com/skills/" "Mozilla/5.0 (Windows NT 10.0; Win64; x64) AppleWebKit/537.36 (KHTML, like Gecko) Chrome/131.0.0.0 Safari/537.36"
105.66.6.124 - - [21/Dec/2024:22:17:39 -0500] "GET /wp-content/themes/gerold/assets/js/meanmenu.js?ver=6.7.1 HTTP/1.1" 200 3200 "https://cynthiaadediran.com/skills/" "Mozilla/5.0 (Windows NT 10.0; Win64; x64) AppleWebKit/537.36 (KHTML, like Gecko) Chrome/131.0.0.0 Safari/537.36"
105.66.6.124 - - [21/Dec/2024:22:17:39 -0500] "GET /wp-content/themes/gerold/assets/js/smooth-scroll.js?ver=6.7.1 HTTP/1.1" 200 6535 "https://cynthiaadediran.com/skills/" "Mozilla/5.0 (Windows NT 10.0; Win64; x64) AppleWebKit/537.36 (KHTML, like Gecko) Chrome/131.0.0.0 Safari/537.36"
105.66.6.124 - - [21/Dec/2024:22:17:39 -0500] "GET /wp-content/themes/gerold/assets/js/isotope.pkgd.min.js?ver=6.7.1 HTTP/1.1" 200 9601 "https://cynthiaadediran.com/skills/" "Mozilla/5.0 (Windows NT 10.0; Win64; x64) AppleWebKit/537.36 (KHTML, like Gecko) Chrome/131.0.0.0 Safari/537.36"
105.66.6.124 - - [21/Dec/2024:22:17:39 -0500] "GET /wp-content/themes/gerold/assets/js/wow.min.js?ver=6.7.1 HTTP/1.1" 200 2572 "https://cynthiaadediran.com/skills/" "Mozilla/5.0 (Windows NT 10.0; Win64; x64) AppleWebKit/537.36 (KHTML, like Gecko) Chrome/131.0.0.0 Safari/537.36"
105.66.6.124 - - [21/Dec/2024:22:17:39 -0500] "GET /wp-content/themes/gerold/assets/js/gsap.min.js?ver=6.7.1 HTTP/1.1" 200 27126 "https://cynthiaadediran.com/skills/" "Mozilla/5.0 (Windows NT 10.0; Win64; x64) AppleWebKit/537.36 (KHTML, like Gecko) Chrome/131.0.0.0 Safari/537.36"
105.66.6.124 - - [21/Dec/2024:22:17:39 -0500] "GET /wp-content/themes/gerold/assets/js/magnific-popup.js?ver=6.7.1 HTTP/1.1" 200 7043 "https://cynthiaadediran.com/skills/" "Mozilla/5.0 (Windows NT 10.0; Win64; x64) AppleWebKit/537.36 (KHTML, like Gecko) Chrome/131.0.0.0 Safari/537.36"
105.66.6.124 - - [21/Dec/2024:22:17:39 -0500] "GET /wp-content/themes/gerold/assets/js/swiper.min.js?ver=6.7.1 HTTP/1.1" 200 49227 "https://cynthiaadediran.com/skills/" "Mozilla/5.0 (Windows NT 10.0; Win64; x64) AppleWebKit/537.36 (KHTML, like Gecko) Chrome/131.0.0.0 Safari/537.36"
105.66.6.124 - - [21/Dec/2024:22:17:39 -0500] "GET /wp-content/themes/gerold/assets/js/main.js?ver=1.1.2 HTTP/1.1" 200 2661 "https://cynthiaadediran.com/skills/" "Mozilla/5.0 (Windows NT 10.0; Win64; x64) AppleWebKit/537.36 (KHTML, like Gecko) Chrome/131.0.0.0 Safari/537.36"
105.66.6.124 - - [21/Dec/2024:22:17:39 -0500] "GET /wp-content/themes/gerold/assets/js/appear.min.js?ver=6.7.1 HTTP/1.1" 200 756 "https://cynthiaadediran.com/skills/" "Mozilla/5.0 (Windows NT 10.0; Win64; x64) AppleWebKit/537.36 (KHTML, like Gecko) Chrome/131.0.0.0 Safari/537.36"
105.66.6.124 - - [21/Dec/2024:22:17:39 -0500] "GET /wp-content/themes/gerold/assets/js/odometer.min.js?ver=6.7.1 HTTP/1.1" 200 3374 "https://cynthiaadediran.com/skills/" "Mozilla/5.0 (Windows NT 10.0; Win64; x64) AppleWebKit/537.36 (KHTML, like Gecko) Chrome/131.0.0.0 Safari/537.36"
105.66.6.124 - - [21/Dec/2024:22:17:39 -0500] "GET /wp-content/themes/gerold/assets/js/owl.carousel.min.js?ver=6.7.1 HTTP/1.1" 200 11139 "https://cynthiaadediran.com/skills/" "Mozilla/5.0 (Windows NT 10.0; Win64; x64) AppleWebKit/537.36 (KHTML, like Gecko) Chrome/131.0.0.0 Safari/537.36"
105.66.6.124 - - [21/Dec/2024:22:17:39 -0500] "GET /wp-content/plugins/woocommerce/assets/js/sourcebuster/sourcebuster.min.js?ver=9.5.1 HTTP/1.1" 200 4609 "https://cynthiaadediran.com/skills/" "Mozilla/5.0 (Windows NT 10.0; Win64; x64) AppleWebKit/537.36 (KHTML, like Gecko) Chrome/131.0.0.0 Safari/537.36"
105.66.6.124 - - [21/Dec/2024:22:17:39 -0500] "GET /wp-content/plugins/woocommerce/assets/js/frontend/order-attribution.min.js?ver=9.5.1 HTTP/1.1" 200 1006 "https://cynthiaadediran.com/skills/" "Mozilla/5.0 (Windows NT 10.0; Win64; x64) AppleWebKit/537.36 (KHTML, like Gecko) Chrome/131.0.0.0 Safari/537.36"
105.66.6.124 - - [21/Dec/2024:22:17:39 -0500] "GET /wp-content/plugins/elementor/assets/js/webpack.runtime.min.js?ver=3.26.2 HTTP/1.1" 200 2236 "https://cynthiaadediran.com/skills/" "Mozilla/5.0 (Windows NT 10.0; Win64; x64) AppleWebKit/537.36 (KHTML, like Gecko) Chrome/131.0.0.0 Safari/537.36"
105.66.6.124 - - [21/Dec/2024:22:17:39 -0500] "GET /wp-includes/js/jquery/ui/core.min.js?ver=1.13.3 HTTP/1.1" 200 6811 "https://cynthiaadediran.com/skills/" "Mozilla/5.0 (Windows NT 10.0; Win64; x64) AppleWebKit/537.36 (KHTML, like Gecko) Chrome/131.0.0.0 Safari/537.36"
105.66.6.124 - - [21/Dec/2024:22:17:39 -0500] "GET /wp-content/plugins/woocommerce/assets/css/woocommerce-smallscreen.css?ver=9.5.1 HTTP/1.1" 200 1127 "https://cynthiaadediran.com/skills/" "Mozilla/5.0 (Windows NT 10.0; Win64; x64) AppleWebKit/537.36 (KHTML, like Gecko) Chrome/131.0.0.0 Safari/537.36"
105.66.6.124 - - [21/Dec/2024:22:17:39 -0500] "GET /wp-content/plugins/elementor/assets/js/frontend-modules.min.js?ver=3.26.2 HTTP/1.1" 200 14959 "https://cynthiaadediran.com/skills/" "Mozilla/5.0 (Windows NT 10.0; Win64; x64) AppleWebKit/537.36 (KHTML, like Gecko) Chrome/131.0.0.0 Safari/537.36"
105.66.6.124 - - [21/Dec/2024:22:17:39 -0500] "GET /wp-content/plugins/woocommerce/assets/js/frontend/add-to-cart.min.js?ver=9.5.1 HTTP/1.1" 200 1225 "https://cynthiaadediran.com/skills/" "Mozilla/5.0 (Windows NT 10.0; Win64; x64) AppleWebKit/537.36 (KHTML, like Gecko) Chrome/131.0.0.0 Safari/537.36"
105.66.6.124 - - [21/Dec/2024:22:17:39 -0500] "GET /wp-content/plugins/woocommerce/assets/js/frontend/woocommerce.min.js?ver=9.5.1 HTTP/1.1" 200 1061 "https://cynthiaadediran.com/skills/" "Mozilla/5.0 (Windows NT 10.0; Win64; x64) AppleWebKit/537.36 (KHTML, like Gecko) Chrome/131.0.0.0 Safari/537.36"
105.66.6.124 - - [21/Dec/2024:22:17:39 -0500] "GET /wp-content/plugins/woocommerce/assets/js/js-cookie/js.cookie.min.js?ver=2.1.4-wc.9.5.1 HTTP/1.1" 200 760 "https://cynthiaadediran.com/skills/" "Mozilla/5.0 (Windows NT 10.0; Win64; x64) AppleWebKit/537.36 (KHTML, like Gecko) Chrome/131.0.0.0 Safari/537.36"
105.66.6.124 - - [21/Dec/2024:22:17:39 -0500] "GET /wp-content/plugins/woocommerce/assets/js/jquery-blockui/jquery.blockUI.min.js?ver=2.7.0-wc.9.5.1 HTTP/1.1" 200 3277 "https://cynthiaadediran.com/skills/" "Mozilla/5.0 (Windows NT 10.0; Win64; x64) AppleWebKit/537.36 (KHTML, like Gecko) Chrome/131.0.0.0 Safari/537.36"
105.66.6.124 - - [21/Dec/2024:22:17:39 -0500] "GET /wp-content/plugins/elementor/assets/js/frontend.min.js?ver=3.26.2 HTTP/1.1" 200 13417 "https://cynthiaadediran.com/skills/" "Mozilla/5.0 (Windows NT 10.0; Win64; x64) AppleWebKit/537.36 (KHTML, like Gecko) Chrome/131.0.0.0 Safari/537.36"
105.66.6.124 - - [21/Dec/2024:22:17:39 -0500] "GET /wp-content/fonts/sora/xMQ9uFFYT72X5wkB_18qmnndmSdSnh2BAfO5mnuyOo1lfiQwV6-x.woff2 HTTP/1.1" 200 25064 "https://cynthiaadediran.com/skills/" "Mozilla/5.0 (Windows NT 10.0; Win64; x64) AppleWebKit/537.36 (KHTML, like Gecko) Chrome/131.0.0.0 Safari/537.36"
105.66.6.124 - - [21/Dec/2024:22:17:39 -0500] "GET /wp-content/themes/gerold/assets/fonts/flaticon_gerold.woff2?5df17bbe8cd19f777619d1e48053f6e5 HTTP/1.1" 200 8740 "https://cynthiaadediran.com/wp-content/themes/gerold/assets/css/flaticon_gerold.css?ver=6.7.1" "Mozilla/5.0 (Windows NT 10.0; Win64; x64) AppleWebKit/537.36 (KHTML, like Gecko) Chrome/131.0.0.0 Safari/537.36"
105.66.6.124 - - [21/Dec/2024:22:17:40 -0500] "GET /wp-content/uploads/2024/07/breadcrumb-bg.jpg HTTP/1.1" 200 82453 "https://cynthiaadediran.com/skills/" "Mozilla/5.0 (Windows NT 10.0; Win64; x64) AppleWebKit/537.36 (KHTML, like Gecko) Chrome/131.0.0.0 Safari/537.36"
105.66.6.124 - - [21/Dec/2024:22:17:40 -0500] "GET /wp-includes/js/wp-emoji-release.min.js?ver=6.7.1 HTTP/1.1" 200 4676 "https://cynthiaadediran.com/skills/" "Mozilla/5.0 (Windows NT 10.0; Win64; x64) AppleWebKit/537.36 (KHTML, like Gecko) Chrome/131.0.0.0 Safari/537.36"
105.66.6.124 - - [21/Dec/2024:22:17:40 -0500] "GET /wp-content/uploads/2024/07/cropped-cropped-Cynthia-Adediran-Logo-32x32.png HTTP/1.1" 200 1323 "https://cynthiaadediran.com/skills/" "Mozilla/5.0 (Windows NT 10.0; Win64; x64) AppleWebKit/537.36 (KHTML, like Gecko) Chrome/131.0.0.0 Safari/537.36"
105.66.6.124 - - [21/Dec/2024:22:17:46 -0500] "POST /admin/xx/ HTTP/1.1" 200 6002 "https://cynthiaadediran.com/admin/xx/" "Mozilla/5.0 (Windows NT 10.0; Win64; x64) AppleWebKit/537.36 (KHTML, like Gecko) Chrome/131.0.0.0 Safari/537.36"
52.167.144.199 - - [21/Dec/2024:22:17:51 -0500] "GET /hroxj/a2837511.html HTTP/1.1" 200 44474 "-" "Mozilla/5.0 AppleWebKit/537.36 (KHTML, like Gecko; compatible; bingbot/2.0; +http://www.bing.com/bingbot.htm) Chrome/116.0.1938.76 Safari/537.36"
105.66.6.124 - - [21/Dec/2024:22:17:52 -0500] "POST /admin/xx/ HTTP/1.1" 200 6061 "https://cynthiaadediran.com/admin/xx/" "Mozilla/5.0 (Windows NT 10.0; Win64; x64) AppleWebKit/537.36 (KHTML, like Gecko) Chrome/131.0.0.0 Safari/537.36"
40.77.167.58 - - [21/Dec/2024:22:18:14 -0500] "GET /gdfvf/j1256928.html HTTP/1.1" 200 44712 "-" "Mozilla/5.0 AppleWebKit/537.36 (KHTML, like Gecko; compatible; bingbot/2.0; +http://www.bing.com/bingbot.htm) Chrome/116.0.1938.76 Safari/537.36"
105.66.6.124 - - [21/Dec/2024:22:18:18 -0500] "POST /admin/xx/ HTTP/1.1" 200 4158 "https://cynthiaadediran.com/admin/xx/" "Mozilla/5.0 (Windows NT 10.0; Win64; x64) AppleWebKit/537.36 (KHTML, like Gecko) Chrome/131.0.0.0 Safari/537.36"
105.66.6.124 - - [21/Dec/2024:22:18:24 -0500] "POST /admin/xx/ HTTP/1.1" 200 3951 "https://cynthiaadediran.com/admin/xx/" "Mozilla/5.0 (Windows NT 10.0; Win64; x64) AppleWebKit/537.36 (KHTML, like Gecko) Chrome/131.0.0.0 Safari/537.36"
105.66.6.124 - - [21/Dec/2024:22:18:43 -0500] "POST /admin/xx/ HTTP/1.1" 200 4102 "https://cynthiaadediran.com/admin/xx/" "Mozilla/5.0 (Windows NT 10.0; Win64; x64) AppleWebKit/537.36 (KHTML, like Gecko) Chrome/131.0.0.0 Safari/537.36"
105.66.6.124 - - [21/Dec/2024:22:18:48 -0500] "GET /skills/ HTTP/1.1" 200 118 "https://r.search.yahoo.com/_ylt=AwrFFrZCfWdnJQIAvoxXNyoA;_ylu=Y29sbwNiZjEEcG9zAzEEdnRpZAMEc2VjA3Ny/RV=2/RE=1736045122/RO=10/RU=https%3a%2f%2fcynthiaadediran.com%2fskills%2f/RK=2/RS=aDwOYFf9e.y8ht9mrBAmBDMfL8s-" "Mozilla/5.0 (Windows NT 10.0; Win64; x64) AppleWebKit/537.36 (KHTML, like Gecko) Chrome/131.0.0.0 Safari/537.36"
105.66.6.124 - - [21/Dec/2024:22:19:09 -0500] "GET /skills/ HTTP/1.1" 200 118 "https://r.search.yahoo.com/_ylt=AwrFFrZCfWdnJQIAvoxXNyoA;_ylu=Y29sbwNiZjEEcG9zAzEEdnRpZAMEc2VjA3Ny/RV=2/RE=1736045122/RO=10/RU=https%3a%2f%2fcynthiaadediran.com%2fskills%2f/RK=2/RS=aDwOYFf9e.y8ht9mrBAmBDMfL8s-" "Mozilla/5.0 (Windows NT 10.0; Win64; x64) AppleWebKit/537.36 (KHTML, like Gecko) Chrome/131.0.0.0 Safari/537.36"
105.66.6.124 - - [21/Dec/2024:22:19:27 -0500] "POST /admin/xx/ HTTP/1.1" 200 4365 "https://cynthiaadediran.com/admin/xx/" "Mozilla/5.0 (Windows NT 10.0; Win64; x64) AppleWebKit/537.36 (KHTML, like Gecko) Chrome/131.0.0.0 Safari/537.36"
66.249.79.32 - - [21/Dec/2024:22:20:02 -0500] "GET /?_gl=1*1ix4f11*_gcl_au*MTYxMTI1OTI3MS4xNzIxODg2NjU0*_ga*ODYyMzk4MzA3LjE2OTk0NTM1Nzg.*_ga_7H42SVMQ0V*MTcyMTg4NjY1NS4xMjEuMS4xNzIxODg2NjY5LjQ2LjAuMA..&_ga=2.198040047.1958808748.1721886654-862398307.1699453578&_bdsid=2ulvIJ.n~ZXCIW.1721886656070.1721886848&_bd_prev_page=https://cynthiaadediran.com/detail.php?ayncm/m683059.html HTTP/1.1" 200 45079 "-" "Mozilla/5.0 (Linux; Android 6.0.1; Nexus 5X Build/MMB29P) AppleWebKit/537.36 (KHTML, like Gecko) Chrome/131.0.6778.139 Mobile Safari/537.36 (compatible; Googlebot/2.1; +http://www.google.com/bot.html)"
40.77.167.55 - - [21/Dec/2024:22:21:16 -0500] "GET /wryjv/o2812357.html HTTP/1.1" 200 43952 "-" "Mozilla/5.0 AppleWebKit/537.36 (KHTML, like Gecko; compatible; bingbot/2.0; +http://www.bing.com/bingbot.htm) Chrome/116.0.1938.76 Safari/537.36"
66.29.132.124 - - [21/Dec/2024:22:22:16 -0500] "POST /wp-cron.php?doing_wp_cron=1734837736.7260921001434326171875 HTTP/1.1" 200 0 "-" "WordPress/6.7.1; https://cynthiaadediran.com"
170.187.136.104 - - [21/Dec/2024:22:22:16 -0500] "POST /xmlrpc.php HTTP/1.1" 200 212 "-" "Mozilla/5.0 (Windows NT 10.0; Win64; x64; rv:53.0) Gecko/20100101 Firefox/53.0"
66.29.132.124 - - [21/Dec/2024:22:22:17 -0500] "POST /wp-admin/admin-ajax.php?action=async_litespeed&nonce=ZjKLOAY25RyAlJxSb2tObyQPrIqHCNCE&litespeed_type=imgoptm HTTP/1.1" 200 21 "-" "WordPress/6.7.1; https://cynthiaadediran.com"
52.167.144.203 - - [21/Dec/2024:22:26:36 -0500] "GET /qrqgn/r1558328.html HTTP/1.1" 200 43946 "-" "Mozilla/5.0 AppleWebKit/537.36 (KHTML, like Gecko; compatible; bingbot/2.0; +http://www.bing.com/bingbot.htm) Chrome/116.0.1938.76 Safari/537.36"
40.77.167.55 - - [21/Dec/2024:22:27:34 -0500] "GET /gdtfk/w990155.html HTTP/1.1" 200 45043 "-" "Mozilla/5.0 AppleWebKit/537.36 (KHTML, like Gecko; compatible; bingbot/2.0; +http://www.bing.com/bingbot.htm) Chrome/116.0.1938.76 Safari/537.36"
52.167.144.23 - - [21/Dec/2024:22:29:14 -0500] "GET /vgvzc/w1709289.html HTTP/1.1" 200 44588 "-" "Mozilla/5.0 AppleWebKit/537.36 (KHTML, like Gecko; compatible; bingbot/2.0; +http://www.bing.com/bingbot.htm) Chrome/116.0.1938.76 Safari/537.36"
85.208.96.205 - - [21/Dec/2024:22:30:30 -0500] "GET /portfolios/taca-foundation/ HTTP/1.1" 403 0 "-" "Mozilla/5.0 (compatible; SemrushBot/7~bl; +http://www.semrush.com/bot.html)"
66.29.132.124 - - [21/Dec/2024:22:31:59 -0500] "POST /wp-cron.php?doing_wp_cron=1734838319.1501801013946533203125 HTTP/1.1" 200 0 "-" "WordPress/6.7.1; https://cynthiaadediran.com"
35.93.101.215 - - [21/Dec/2024:22:31:54 -0500] "GET / HTTP/1.1" 200 0 "-" "Mozilla/5.0 (Linux; Android 12; Pixel 6) AppleWebKit/537.36 (KHTML, like Gecko) Chrome/114.0.0.0 Mobile Safari/537.36"
35.93.101.215 - - [21/Dec/2024:22:31:59 -0500] "GET / HTTP/1.1" 200 18407 "-" "Mozilla/5.0 (Linux; Android 12; Pixel 6) AppleWebKit/537.36 (KHTML, like Gecko) Chrome/114.0.0.0 Mobile Safari/537.36"
66.29.132.124 - - [21/Dec/2024:22:31:59 -0500] "POST /wp-admin/admin-ajax.php?action=async_litespeed&nonce=YUiSIkgkKFen10gBUvVDfHqeLVBrVsMD&litespeed_type=imgoptm HTTP/1.1" 200 21 "-" "WordPress/6.7.1; https://cynthiaadediran.com"
35.93.101.215 - - [21/Dec/2024:22:32:00 -0500] "GET /wp-content/themes/gerold/assets/js/appear.min.js?ver=6.7.1 HTTP/1.1" 200 756 "-" "Mozilla/5.0 (Linux; Android 12; Pixel 6) AppleWebKit/537.36 (KHTML, like Gecko) Chrome/114.0.0.0 Mobile Safari/537.36"
35.93.101.215 - - [21/Dec/2024:22:32:00 -0500] "GET /wp-content/plugins/woocommerce/assets/js/frontend/add-to-cart.min.js?ver=9.5.1 HTTP/1.1" 200 1225 "-" "Mozilla/5.0 (Linux; Android 12; Pixel 6) AppleWebKit/537.36 (KHTML, like Gecko) Chrome/114.0.0.0 Mobile Safari/537.36"
35.93.101.215 - - [21/Dec/2024:22:32:00 -0500] "GET /wp-content/uploads/2024/07/cropped-Cynthia-Adediran-Logo-White.png HTTP/1.1" 200 9427 "-" "Mozilla/5.0 (Linux; Android 12; Pixel 6) AppleWebKit/537.36 (KHTML, like Gecko) Chrome/114.0.0.0 Mobile Safari/537.36"
35.93.101.215 - - [21/Dec/2024:22:32:00 -0500] "GET /wp-content/themes/gerold/assets/css/magnific-popup.css?ver=6.7.1 HTTP/1.1" 200 1660 "-" "Mozilla/5.0 (Linux; Android 12; Pixel 6) AppleWebKit/537.36 (KHTML, like Gecko) Chrome/114.0.0.0 Mobile Safari/537.36"
35.93.101.215 - - [21/Dec/2024:22:32:00 -0500] "GET /wp-content/uploads/elementor/css/post-32.css?ver=1732204945 HTTP/1.1" 200 313 "-" "Mozilla/5.0 (Linux; Android 12; Pixel 6) AppleWebKit/537.36 (KHTML, like Gecko) Chrome/114.0.0.0 Mobile Safari/537.36"
35.93.101.215 - - [21/Dec/2024:22:32:00 -0500] "GET /wp-content/uploads/2024/07/cropped-Cynthia-Adediran-Logo-White.png HTTP/1.1" 200 9427 "-" "Mozilla/5.0 (Linux; Android 12; Pixel 6) AppleWebKit/537.36 (KHTML, like Gecko) Chrome/114.0.0.0 Mobile Safari/537.36"
35.93.101.215 - - [21/Dec/2024:22:32:00 -0500] "GET /wp-content/uploads/2024/07/cropped-Cynthia-Adediran-Logo-White.png HTTP/1.1" 200 9427 "-" "Mozilla/5.0 (Linux; Android 12; Pixel 6) AppleWebKit/537.36 (KHTML, like Gecko) Chrome/114.0.0.0 Mobile Safari/537.36"
35.93.101.215 - - [21/Dec/2024:22:32:00 -0500] "GET /wp-content/themes/gerold/assets/css/gerold-unit.css?ver=1.1.2 HTTP/1.1" 200 5326 "-" "Mozilla/5.0 (Linux; Android 12; Pixel 6) AppleWebKit/537.36 (KHTML, like Gecko) Chrome/114.0.0.0 Mobile Safari/537.36"
35.93.101.215 - - [21/Dec/2024:22:32:00 -0500] "GET /wp-content/uploads/2024/07/book24logo-small.png.jpeg HTTP/1.1" 200 3243 "-" "Mozilla/5.0 (Linux; Android 12; Pixel 6) AppleWebKit/537.36 (KHTML, like Gecko) Chrome/114.0.0.0 Mobile Safari/537.36"
35.93.101.215 - - [21/Dec/2024:22:32:00 -0500] "GET /wp-content/themes/gerold/assets/js/nice-select.js?ver=6.7.1 HTTP/1.1" 200 930 "-" "Mozilla/5.0 (Linux; Android 12; Pixel 6) AppleWebKit/537.36 (KHTML, like Gecko) Chrome/114.0.0.0 Mobile Safari/537.36"
35.93.101.215 - - [21/Dec/2024:22:32:00 -0500] "GET /wp-content/themes/gerold/assets/css/nice-select.css?ver=6.7.1 HTTP/1.1" 200 850 "-" "Mozilla/5.0 (Linux; Android 12; Pixel 6) AppleWebKit/537.36 (KHTML, like Gecko) Chrome/114.0.0.0 Mobile Safari/537.36"
35.93.101.215 - - [21/Dec/2024:22:32:00 -0500] "GET /wp-content/uploads/2024/07/SMM-1170x630-1.jpg HTTP/1.1" 200 108735 "-" "Mozilla/5.0 (Linux; Android 12; Pixel 6) AppleWebKit/537.36 (KHTML, like Gecko) Chrome/114.0.0.0 Mobile Safari/537.36"
35.93.101.215 - - [21/Dec/2024:22:32:00 -0500] "GET /wp-content/themes/gerold/assets/css/gerold-light-mode.css?ver=1.1.2 HTTP/1.1" 200 2398 "-" "Mozilla/5.0 (Linux; Android 12; Pixel 6) AppleWebKit/537.36 (KHTML, like Gecko) Chrome/114.0.0.0 Mobile Safari/537.36"
35.93.101.215 - - [21/Dec/2024:22:32:00 -0500] "GET /wp-content/themes/gerold/assets/css/gerold-responsive.css?ver=1.1.2 HTTP/1.1" 200 2686 "-" "Mozilla/5.0 (Linux; Android 12; Pixel 6) AppleWebKit/537.36 (KHTML, like Gecko) Chrome/114.0.0.0 Mobile Safari/537.36"
35.93.101.215 - - [21/Dec/2024:22:32:00 -0500] "GET /wp-content/plugins/elementor/assets/js/frontend.min.js?ver=3.26.2 HTTP/1.1" 200 13417 "-" "Mozilla/5.0 (Linux; Android 12; Pixel 6) AppleWebKit/537.36 (KHTML, like Gecko) Chrome/114.0.0.0 Mobile Safari/537.36"
35.93.101.215 - - [21/Dec/2024:22:32:00 -0500] "GET /wp-content/uploads/2024/07/importance-of-email-marketing.jpg HTTP/1.1" 200 40371 "-" "Mozilla/5.0 (Linux; Android 12; Pixel 6) AppleWebKit/537.36 (KHTML, like Gecko) Chrome/114.0.0.0 Mobile Safari/537.36"
35.93.101.215 - - [21/Dec/2024:22:32:00 -0500] "GET /wp-content/themes/gerold/assets/js/odometer.min.js?ver=6.7.1 HTTP/1.1" 200 3374 "-" "Mozilla/5.0 (Linux; Android 12; Pixel 6) AppleWebKit/537.36 (KHTML, like Gecko) Chrome/114.0.0.0 Mobile Safari/537.36"
35.93.101.215 - - [21/Dec/2024:22:32:00 -0500] "GET /wp-content/plugins/woocommerce/assets/css/woocommerce-layout.css?ver=9.5.1 HTTP/1.1" 200 2342 "-" "Mozilla/5.0 (Linux; Android 12; Pixel 6) AppleWebKit/537.36 (KHTML, like Gecko) Chrome/114.0.0.0 Mobile Safari/537.36"
35.93.101.215 - - [21/Dec/2024:22:32:00 -0500] "GET /wp-content/plugins/elementor/assets/js/webpack.runtime.min.js?ver=3.26.2 HTTP/1.1" 200 2236 "-" "Mozilla/5.0 (Linux; Android 12; Pixel 6) AppleWebKit/537.36 (KHTML, like Gecko) Chrome/114.0.0.0 Mobile Safari/537.36"
35.93.101.215 - - [21/Dec/2024:22:32:00 -0500] "GET /wp-includes/js/dist/i18n.min.js?ver=5e580eb46a90c2b997e6 HTTP/1.1" 200 3542 "-" "Mozilla/5.0 (Linux; Android 12; Pixel 6) AppleWebKit/537.36 (KHTML, like Gecko) Chrome/114.0.0.0 Mobile Safari/537.36"
35.93.101.215 - - [21/Dec/2024:22:32:00 -0500] "GET /wp-content/themes/gerold/assets/js/wow.min.js?ver=6.7.1 HTTP/1.1" 200 2572 "-" "Mozilla/5.0 (Linux; Android 12; Pixel 6) AppleWebKit/537.36 (KHTML, like Gecko) Chrome/114.0.0.0 Mobile Safari/537.36"
35.93.101.215 - - [21/Dec/2024:22:32:00 -0500] "GET /wp-content/themes/gerold/assets/js/swiper.min.js?ver=6.7.1 HTTP/1.1" 200 49227 "-" "Mozilla/5.0 (Linux; Android 12; Pixel 6) AppleWebKit/537.36 (KHTML, like Gecko) Chrome/114.0.0.0 Mobile Safari/537.36"
35.93.101.215 - - [21/Dec/2024:22:32:00 -0500] "GET /wp-content/themes/gerold/assets/css/animate.min.css?ver=6.7.1 HTTP/1.1" 200 4285 "-" "Mozilla/5.0 (Linux; Android 12; Pixel 6) AppleWebKit/537.36 (KHTML, like Gecko) Chrome/114.0.0.0 Mobile Safari/537.36"
35.93.101.215 - - [21/Dec/2024:22:32:00 -0500] "GET /wp-content/plugins/woocommerce/assets/client/blocks/wc-blocks.css?ver=wc-9.5.1 HTTP/1.1" 200 2367 "-" "Mozilla/5.0 (Linux; Android 12; Pixel 6) AppleWebKit/537.36 (KHTML, like Gecko) Chrome/114.0.0.0 Mobile Safari/537.36"
35.93.101.215 - - [21/Dec/2024:22:32:00 -0500] "GET /wp-content/themes/gerold/assets/js/main.js?ver=1.1.2 HTTP/1.1" 200 2661 "-" "Mozilla/5.0 (Linux; Android 12; Pixel 6) AppleWebKit/537.36 (KHTML, like Gecko) Chrome/114.0.0.0 Mobile Safari/537.36"
35.93.101.215 - - [21/Dec/2024:22:32:00 -0500] "GET /wp-content/themes/gerold/assets/js/meanmenu.js?ver=6.7.1 HTTP/1.1" 200 3200 "-" "Mozilla/5.0 (Linux; Android 12; Pixel 6) AppleWebKit/537.36 (KHTML, like Gecko) Chrome/114.0.0.0 Mobile Safari/537.36"
