217.113.194.166 - - [21/Dec/2024:11:30:07 -0500] "GET /tour?amp%3Bamp%3Bamp%3Bpage=3&amp%3Bamp%3Borderby=price_low_high&amp%3Bamp%3Bpage=2&amp%3Borderby=rate_high_low&amp%3Bpage=1&orderby=rate_high_low HTTP/1.1" 403 0 "-" "Mozilla/5.0 (compatible; Barkrowler/0.9; +https://babbar.tech/crawler)"
217.113.194.166 - - [21/Dec/2024:11:30:11 -0500] "GET /tour?amp%3Bpage=1&amp%3Bamp%3Bamp%3Bamp%3Bamp%3Bamp%3Bamp%3Bamp%3Bamp%3Borderby=price_high_low&amp%3Bamp%3Bamp%3Bamp%3Bamp%3Bamp%3Bamp%3Bamp%3Borderby=price_low_high&amp%3Bamp%3Bamp%3Bamp%3Bamp%3Bamp%3Bamp%3Borderby=rate_high_low&amp%3Bamp%3Bamp%3Bamp%3Borderby=price_low_high&amp%3Bamp%3Bamp%3Borderby=price_low_high&amp%3Bamp%3Borderby=rate_high_low&amp%3Borderby=price_low_high&orderby=&page=2 HTTP/1.1" 403 0 "-" "Mozilla/5.0 (compatible; Barkrowler/0.9; +https://babbar.tech/crawler)"
217.113.194.168 - - [21/Dec/2024:11:30:16 -0500] "GET /tour?amp%3Bamp%3Bamp%3Bpage=3&amp%3Bamp%3Bamp%3Borderby=rate_high_low&amp%3Bamp%3Bpage=2&amp%3Borderby=price_high_low&amp%3Bpage=2&orderby=price_high_low HTTP/1.1" 403 0 "-" "Mozilla/5.0 (compatible; Barkrowler/0.9; +https://babbar.tech/crawler)"
217.113.194.162 - - [21/Dec/2024:11:30:20 -0500] "GET /tour?amp%3Bpage=1&amp%3Bamp%3Bamp%3Bamp%3Bamp%3Bamp%3Bamp%3Bamp%3Bamp%3Borderby=price_low_high&amp%3Bamp%3Bamp%3Bamp%3Bamp%3Bamp%3Bamp%3Bamp%3Borderby=price_low_high&amp%3Bamp%3Bamp%3Bamp%3Bamp%3Bamp%3Bamp%3Borderby=price_high_low&amp%3Bamp%3Bamp%3Bamp%3Bamp%3Bamp%3Borderby=price_high_low&amp%3Bamp%3Borderby=rate_high_low&amp%3Borderby=price_high_low&orderby=rate_high_low&set_currency=usd HTTP/1.1" 403 0 "-" "Mozilla/5.0 (compatible; Barkrowler/0.9; +https://babbar.tech/crawler)"
217.113.194.163 - - [21/Dec/2024:11:30:25 -0500] "GET /tour?amp%3Bamp%3Bamp%3Bpage=3&amp%3Bamp%3Bamp%3Borderby=rate_high_low&amp%3Bamp%3Borderby=rate_high_low&amp%3Bamp%3Bpage=2&page=2&set_currency=usd HTTP/1.1" 403 0 "-" "Mozilla/5.0 (compatible; Barkrowler/0.9; +https://babbar.tech/crawler)"
217.113.194.168 - - [21/Dec/2024:11:30:29 -0500] "GET /tour?amp%3Bpage=1&amp%3Bamp%3Bamp%3Bamp%3Bamp%3Bamp%3Bamp%3Bamp%3Bamp%3Borderby=price_low_high&amp%3Bamp%3Bamp%3Bamp%3Bamp%3Bamp%3Bamp%3Bamp%3Borderby=price_low_high&amp%3Bamp%3Bamp%3Bamp%3Bamp%3Bamp%3Bamp%3Borderby=price_high_low&amp%3Bamp%3Bamp%3Bamp%3Bamp%3Bamp%3Borderby=price_high_low&amp%3Bamp%3Borderby=price_high_low&amp%3Borderby=rate_high_low&orderby=rate_high_low&set_currency=usd HTTP/1.1" 403 0 "-" "Mozilla/5.0 (compatible; Barkrowler/0.9; +https://babbar.tech/crawler)"
217.113.194.250 - - [21/Dec/2024:11:30:33 -0500] "GET /tour?amp%3Bamp%3Bamp%3Bpage=3&amp%3Bamp%3Bamp%3Borderby=rate_high_low&amp%3Bamp%3Borderby=price_high_low&amp%3Borderby=rate_high_low&amp%3Bpage=1&page=2 HTTP/1.1" 403 0 "-" "Mozilla/5.0 (compatible; Barkrowler/0.9; +https://babbar.tech/crawler)"
154.54.249.211 - - [21/Dec/2024:11:30:37 -0500] "GET /tour?amp%3Bpage=1&amp%3Bamp%3Bamp%3Bamp%3Bamp%3Bamp%3Bamp%3Bamp%3Bamp%3Borderby=price_low_high&amp%3Bamp%3Bamp%3Bamp%3Bamp%3Bamp%3Bamp%3Bamp%3Borderby=price_low_high&amp%3Bamp%3Bamp%3Bamp%3Bamp%3Bamp%3Bamp%3Borderby=price_high_low&amp%3Bamp%3Bamp%3Bamp%3Bamp%3Bamp%3Borderby=price_high_low&amp%3Bamp%3Borderby=price_high_low&amp%3Borderby=price_low_high&orderby=rate_high_low&set_currency=usd HTTP/1.1" 403 0 "-" "Mozilla/5.0 (compatible; Barkrowler/0.9; +https://babbar.tech/crawler)"
217.113.194.165 - - [21/Dec/2024:11:30:42 -0500] "GET /tour?amp%3Bamp%3Bamp%3Bpage=3&amp%3Bamp%3Bamp%3Borderby=rate_high_low&amp%3Bamp%3Borderby=price_high_low&amp%3Borderby=price_high_low&set_currency=usd HTTP/1.1" 403 0 "-" "Mozilla/5.0 (compatible; Barkrowler/0.9; +https://babbar.tech/crawler)"
154.54.249.211 - - [21/Dec/2024:11:30:46 -0500] "GET /tour?amp%3Bpage=1&amp%3Bamp%3Bamp%3Bamp%3Bamp%3Bamp%3Bamp%3Bamp%3Bamp%3Borderby=price_low_high&amp%3Bamp%3Bamp%3Bamp%3Bamp%3Bamp%3Bamp%3Bamp%3Borderby=price_low_high&amp%3Bamp%3Bamp%3Bamp%3Bamp%3Bamp%3Bamp%3Borderby=price_high_low&amp%3Bamp%3Bamp%3Bamp%3Bamp%3Bamp%3Borderby=price_high_low&amp%3Bamp%3Borderby=price_high_low&amp%3Borderby=price_high_low&orderby=rate_high_low&set_currency=usd HTTP/1.1" 403 0 "-" "Mozilla/5.0 (compatible; Barkrowler/0.9; +https://babbar.tech/crawler)"
217.113.194.168 - - [21/Dec/2024:11:30:51 -0500] "GET /tour?amp%3Bamp%3Bamp%3Bpage=3&amp%3Bamp%3Bamp%3Borderby=rate_high_low&amp%3Bamp%3Borderby=price_high_low&amp%3Borderby=price_low_high&amp%3Bpage=2&page=1 HTTP/1.1" 403 0 "-" "Mozilla/5.0 (compatible; Barkrowler/0.9; +https://babbar.tech/crawler)"
217.113.194.162 - - [21/Dec/2024:11:30:54 -0500] "GET /tour?amp%3Bpage=1&amp%3Bamp%3Bamp%3Bamp%3Bamp%3Bamp%3Bamp%3Bamp%3Bamp%3Borderby=price_low_high&amp%3Bamp%3Bamp%3Bamp%3Bamp%3Bamp%3Bamp%3Bamp%3Borderby=price_low_high&amp%3Bamp%3Bamp%3Bamp%3Bamp%3Bamp%3Bamp%3Borderby=price_high_low&amp%3Bamp%3Bamp%3Bamp%3Bamp%3Bamp%3Borderby=price_high_low&amp%3Bamp%3Borderby=price_low_high&amp%3Borderby=price_low_high&orderby=rate_high_low&set_currency=usd HTTP/1.1" 403 0 "-" "Mozilla/5.0 (compatible; Barkrowler/0.9; +https://babbar.tech/crawler)"
217.113.194.166 - - [21/Dec/2024:11:31:00 -0500] "GET /tour?amp%3Bamp%3Bamp%3Bpage=3&amp%3Bamp%3Bamp%3Borderby=rate_high_low&amp%3Bamp%3Borderby=price_high_low&amp%3Bpage=1&amp%3Borderby=rate_high_low&page=2 HTTP/1.1" 403 0 "-" "Mozilla/5.0 (compatible; Barkrowler/0.9; +https://babbar.tech/crawler)"
217.113.194.162 - - [21/Dec/2024:11:31:04 -0500] "GET /tour?amp%3Bpage=1&amp%3Bamp%3Bamp%3Bamp%3Bamp%3Bamp%3Bamp%3Bamp%3Bamp%3Borderby=price_low_high&amp%3Bamp%3Bamp%3Bamp%3Bamp%3Bamp%3Bamp%3Bamp%3Borderby=price_low_high&amp%3Bamp%3Bamp%3Bamp%3Bamp%3Bamp%3Bamp%3Borderby=price_high_low&amp%3Bamp%3Bamp%3Bamp%3Bamp%3Bamp%3Borderby=price_high_low&amp%3Bamp%3Bamp%3Borderby=rate_high_low&amp%3Bamp%3Borderby=rate_high_low&orderby=rate_high_low&page=2 HTTP/1.1" 403 0 "-" "Mozilla/5.0 (compatible; Barkrowler/0.9; +https://babbar.tech/crawler)"
217.113.194.170 - - [21/Dec/2024:11:31:08 -0500] "GET /tour?amp%3Bamp%3Bamp%3Bpage=3&amp%3Bamp%3Bamp%3Borderby=rate_high_low&amp%3Bamp%3Borderby=price_low_high&amp%3Borderby=rate_high_low&set_currency=usd HTTP/1.1" 403 0 "-" "Mozilla/5.0 (compatible; Barkrowler/0.9; +https://babbar.tech/crawler)"
154.54.249.211 - - [21/Dec/2024:11:31:12 -0500] "GET /tour?amp%3Bpage=1&amp%3Bamp%3Bamp%3Bamp%3Bamp%3Bamp%3Bamp%3Bamp%3Bamp%3Borderby=price_low_high&amp%3Bamp%3Bamp%3Bamp%3Bamp%3Bamp%3Bamp%3Bamp%3Borderby=price_low_high&amp%3Bamp%3Bamp%3Bamp%3Bamp%3Bamp%3Bamp%3Borderby=price_high_low&amp%3Bamp%3Bamp%3Bamp%3Bamp%3Bamp%3Borderby=price_high_low&amp%3Bamp%3Bamp%3Borderby=rate_high_low&amp%3Bamp%3Borderby=price_high_low&orderby=rate_high_low&page=2 HTTP/1.1" 403 0 "-" "Mozilla/5.0 (compatible; Barkrowler/0.9; +https://babbar.tech/crawler)"
217.113.194.169 - - [21/Dec/2024:11:31:17 -0500] "GET /tour?amp%3Bamp%3Bamp%3Bpage=3&amp%3Bamp%3Bamp%3Borderby=rate_high_low&amp%3Bamp%3Borderby=price_low_high&amp%3Borderby=price_low_high&amp%3Bpage=2&page=1 HTTP/1.1" 403 0 "-" "Mozilla/5.0 (compatible; Barkrowler/0.9; +https://babbar.tech/crawler)"
217.113.194.166 - - [21/Dec/2024:11:31:21 -0500] "GET /tour?amp%3Bpage=1&amp%3Bamp%3Bamp%3Bamp%3Bamp%3Bamp%3Bamp%3Bamp%3Bamp%3Borderby=price_low_high&amp%3Bamp%3Bamp%3Bamp%3Bamp%3Bamp%3Bamp%3Bamp%3Borderby=price_low_high&amp%3Bamp%3Bamp%3Bamp%3Bamp%3Bamp%3Bamp%3Borderby=price_high_low&amp%3Bamp%3Bamp%3Bamp%3Bamp%3Bamp%3Borderby=price_high_low&amp%3Bamp%3Bamp%3Borderby=rate_high_low&amp%3Bamp%3Borderby=price_high_low&amp%3Borderby=rate_high_low&page=1 HTTP/1.1" 403 0 "-" "Mozilla/5.0 (compatible; Barkrowler/0.9; +https://babbar.tech/crawler)"
217.113.194.165 - - [21/Dec/2024:11:31:26 -0500] "GET /tour?amp%3Bamp%3Bamp%3Bpage=3&amp%3Bamp%3Bamp%3Borderby=rate_high_low&amp%3Bamp%3Borderby=price_low_high&amp%3Borderby=price_high_low&amp%3Bpage=1&page=1 HTTP/1.1" 403 0 "-" "Mozilla/5.0 (compatible; Barkrowler/0.9; +https://babbar.tech/crawler)"
217.113.194.165 - - [21/Dec/2024:11:31:30 -0500] "GET /tour?amp%3Bpage=1&amp%3Bamp%3Bamp%3Bamp%3Bamp%3Bamp%3Bamp%3Bamp%3Bamp%3Borderby=price_low_high&amp%3Bamp%3Bamp%3Bamp%3Bamp%3Bamp%3Bamp%3Bamp%3Borderby=price_low_high&amp%3Bamp%3Bamp%3Bamp%3Bamp%3Bamp%3Bamp%3Borderby=price_high_low&amp%3Bamp%3Bamp%3Bamp%3Bamp%3Bamp%3Borderby=price_high_low&amp%3Bamp%3Bamp%3Borderby=rate_high_low&amp%3Bamp%3Borderby=price_high_low&amp%3Borderby=price_high_low&page=1 HTTP/1.1" 403 0 "-" "Mozilla/5.0 (compatible; Barkrowler/0.9; +https://babbar.tech/crawler)"
217.113.194.169 - - [21/Dec/2024:11:31:35 -0500] "GET /tour?amp%3Bamp%3Bamp%3Bpage=3&amp%3Bamp%3Bamp%3Borderby=rate_high_low&amp%3Bamp%3Borderby=price_low_high&amp%3Bamp%3Bpage=2&orderby=rate_high_low HTTP/1.1" 403 0 "-" "Mozilla/5.0 (compatible; Barkrowler/0.9; +https://babbar.tech/crawler)"
217.113.194.166 - - [21/Dec/2024:11:31:38 -0500] "GET /tour?amp%3Bpage=1&amp%3Bamp%3Bamp%3Bamp%3Bamp%3Bamp%3Bamp%3Bamp%3Bamp%3Borderby=price_low_high&amp%3Bamp%3Bamp%3Bamp%3Bamp%3Bamp%3Bamp%3Bamp%3Borderby=price_low_high&amp%3Bamp%3Bamp%3Bamp%3Bamp%3Bamp%3Bamp%3Borderby=price_high_low&amp%3Bamp%3Bamp%3Bamp%3Bamp%3Bamp%3Borderby=price_high_low&amp%3Bamp%3Bamp%3Borderby=price_low_high&amp%3Borderby=price_low_high&orderby=price_low_high&set_currency=usd HTTP/1.1" 403 0 "-" "Mozilla/5.0 (compatible; Barkrowler/0.9; +https://babbar.tech/crawler)"
154.54.249.211 - - [21/Dec/2024:11:31:43 -0500] "GET /tour?amp%3Bamp%3Bamp%3Bpage=3&amp%3Bamp%3Bamp%3Borderby=rate_high_low&amp%3Bamp%3Borderby=price_low_high&amp%3Bamp%3Bpage=2&page=2&set_currency=usd HTTP/1.1" 403 0 "-" "Mozilla/5.0 (compatible; Barkrowler/0.9; +https://babbar.tech/crawler)"
154.54.249.211 - - [21/Dec/2024:11:31:47 -0500] "GET /tour?amp%3Bpage=1&amp%3Bamp%3Bamp%3Bamp%3Bamp%3Bamp%3Bamp%3Bamp%3Bamp%3Borderby=price_low_high&amp%3Bamp%3Bamp%3Bamp%3Bamp%3Bamp%3Bamp%3Bamp%3Borderby=price_low_high&amp%3Bamp%3Bamp%3Bamp%3Bamp%3Bamp%3Bamp%3Borderby=price_high_low&amp%3Bamp%3Bamp%3Bamp%3Bamp%3Bamp%3Borderby=price_high_low&amp%3Bamp%3Bamp%3Borderby=price_low_high&amp%3Bamp%3Borderby=rate_high_low&orderby=rate_high_low&page=2 HTTP/1.1" 403 0 "-" "Mozilla/5.0 (compatible; Barkrowler/0.9; +https://babbar.tech/crawler)"
154.54.249.211 - - [21/Dec/2024:11:31:52 -0500] "GET /tour?amp%3Bamp%3Bamp%3Bpage=3&amp%3Bamp%3Bamp%3Borderby=price_low_high&amp%3Bamp%3Borderby=rate_high_low&amp%3Bamp%3Bpage=2&orderby=rate_high_low HTTP/1.1" 403 0 "-" "Mozilla/5.0 (compatible; Barkrowler/0.9; +https://babbar.tech/crawler)"
217.113.194.168 - - [21/Dec/2024:11:31:56 -0500] "GET /tour?amp%3Bpage=1&amp%3Bamp%3Bamp%3Bamp%3Bamp%3Bamp%3Bamp%3Bamp%3Bamp%3Borderby=price_low_high&amp%3Bamp%3Bamp%3Bamp%3Bamp%3Bamp%3Bamp%3Bamp%3Borderby=price_low_high&amp%3Bamp%3Bamp%3Bamp%3Bamp%3Bamp%3Bamp%3Borderby=price_high_low&amp%3Bamp%3Bamp%3Bamp%3Bamp%3Bamp%3Borderby=price_high_low&amp%3Bamp%3Bamp%3Borderby=price_low_high&amp%3Bamp%3Borderby=rate_high_low&amp%3Borderby=rate_high_low&page=1 HTTP/1.1" 403 0 "-" "Mozilla/5.0 (compatible; Barkrowler/0.9; +https://babbar.tech/crawler)"
217.113.194.166 - - [21/Dec/2024:11:32:01 -0500] "GET /tour?amp%3Bamp%3Bamp%3Bpage=3&amp%3Bamp%3Bamp%3Borderby=price_low_high&amp%3Bamp%3Borderby=price_low_high&page=2&orderby=price_low_high&set_currency=gbp HTTP/1.1" 403 0 "-" "Mozilla/5.0 (compatible; Barkrowler/0.9; +https://babbar.tech/crawler)"
217.113.194.167 - - [21/Dec/2024:11:32:06 -0500] "GET /tour?amp%3Bpage=1&amp%3Bamp%3Bamp%3Bamp%3Bamp%3Bamp%3Bamp%3Bamp%3Bamp%3Borderby=price_low_high&amp%3Bamp%3Bamp%3Bamp%3Bamp%3Bamp%3Bamp%3Bamp%3Borderby=price_low_high&amp%3Bamp%3Bamp%3Bamp%3Bamp%3Bamp%3Bamp%3Borderby=price_high_low&amp%3Bamp%3Bamp%3Bamp%3Bamp%3Bamp%3Borderby=price_high_low&amp%3Bamp%3Bamp%3Bamp%3Borderby=rate_high_low&amp%3Bamp%3Borderby=price_high_low&page=2&orderby=rate_high_low HTTP/1.1" 403 0 "-" "Mozilla/5.0 (compatible; Barkrowler/0.9; +https://babbar.tech/crawler)"
217.113.194.165 - - [21/Dec/2024:11:32:10 -0500] "GET /tour?amp%3Bamp%3Bamp%3Bpage=3&amp%3Bamp%3Bamp%3Borderby=price_low_high&amp%3Bamp%3Borderby=price_low_high&amp%3Bpage=1&orderby=rate_high_low&page=2 HTTP/1.1" 403 0 "-" "Mozilla/5.0 (compatible; Barkrowler/0.9; +https://babbar.tech/crawler)"
217.113.194.163 - - [21/Dec/2024:11:32:14 -0500] "GET /tour?amp%3Bpage=1&amp%3Bamp%3Bamp%3Bamp%3Bamp%3Bamp%3Bamp%3Bamp%3Bamp%3Borderby=price_low_high&amp%3Bamp%3Bamp%3Bamp%3Bamp%3Bamp%3Bamp%3Bamp%3Borderby=price_low_high&amp%3Bamp%3Bamp%3Bamp%3Bamp%3Bamp%3Bamp%3Borderby=price_high_low&amp%3Bamp%3Bamp%3Bamp%3Bamp%3Bamp%3Borderby=price_high_low&amp%3Bamp%3Bamp%3Bamp%3Borderby=rate_high_low&amp%3Bamp%3Borderby=price_high_low&page=2&set_currency=usd HTTP/1.1" 403 0 "-" "Mozilla/5.0 (compatible; Barkrowler/0.9; +https://babbar.tech/crawler)"
217.113.194.250 - - [21/Dec/2024:11:32:19 -0500] "GET /tour?amp%3Bamp%3Bamp%3Bpage=3&amp%3Bamp%3Bamp%3Borderby=price_low_high&amp%3Bamp%3Borderby=price_low_high&amp%3Borderby=rate_high_low&amp%3Bpage=2&page=1 HTTP/1.1" 403 0 "-" "Mozilla/5.0 (compatible; Barkrowler/0.9; +https://babbar.tech/crawler)"
217.113.194.168 - - [21/Dec/2024:11:32:23 -0500] "GET /tour?amp%3Bpage=1&amp%3Bamp%3Bamp%3Bamp%3Bamp%3Bamp%3Bamp%3Bamp%3Bamp%3Borderby=price_low_high&amp%3Bamp%3Bamp%3Bamp%3Bamp%3Bamp%3Bamp%3Bamp%3Borderby=price_low_high&amp%3Bamp%3Bamp%3Bamp%3Bamp%3Bamp%3Bamp%3Borderby=price_high_low&amp%3Bamp%3Bamp%3Bamp%3Bamp%3Bamp%3Borderby=price_high_low&amp%3Bamp%3Bamp%3Bamp%3Borderby=rate_high_low&amp%3Bamp%3Borderby=price_high_low&orderby=price_low_high&page=2 HTTP/1.1" 403 0 "-" "Mozilla/5.0 (compatible; Barkrowler/0.9; +https://babbar.tech/crawler)"
217.113.194.250 - - [21/Dec/2024:11:32:27 -0500] "GET /tour?amp%3Bamp%3Bamp%3Bpage=3&amp%3Bamp%3Bamp%3Borderby=price_low_high&amp%3Bamp%3Borderby=price_low_high&amp%3Borderby=rate_high_low&set_currency=usd HTTP/1.1" 403 0 "-" "Mozilla/5.0 (compatible; Barkrowler/0.9; +https://babbar.tech/crawler)"
217.113.194.167 - - [21/Dec/2024:11:32:32 -0500] "GET /tour?amp%3Bpage=1&amp%3Bamp%3Bamp%3Bamp%3Bamp%3Bamp%3Bamp%3Bamp%3Bamp%3Borderby=price_low_high&amp%3Bamp%3Bamp%3Bamp%3Bamp%3Bamp%3Bamp%3Bamp%3Borderby=price_low_high&amp%3Bamp%3Bamp%3Bamp%3Bamp%3Bamp%3Bamp%3Borderby=price_high_low&amp%3Bamp%3Bamp%3Bamp%3Bamp%3Bamp%3Borderby=price_high_low&amp%3Bamp%3Bamp%3Bamp%3Borderby=rate_high_low&amp%3Bamp%3Borderby=price_high_low&orderby=price_high_low&page=2 HTTP/1.1" 403 0 "-" "Mozilla/5.0 (compatible; Barkrowler/0.9; +https://babbar.tech/crawler)"
217.113.194.168 - - [21/Dec/2024:11:32:36 -0500] "GET /tour?amp%3Bamp%3Bamp%3Bpage=3&amp%3Bamp%3Bamp%3Borderby=price_low_high&amp%3Bamp%3Borderby=price_low_high&amp%3Borderby=price_high_low&set_currency=usd HTTP/1.1" 403 0 "-" "Mozilla/5.0 (compatible; Barkrowler/0.9; +https://babbar.tech/crawler)"
217.113.194.162 - - [21/Dec/2024:11:32:40 -0500] "GET /tour?amp%3Bpage=1&amp%3Bamp%3Bamp%3Bamp%3Bamp%3Bamp%3Bamp%3Bamp%3Bamp%3Borderby=price_low_high&amp%3Bamp%3Bamp%3Bamp%3Bamp%3Bamp%3Bamp%3Bamp%3Borderby=price_low_high&amp%3Bamp%3Bamp%3Bamp%3Bamp%3Bamp%3Bamp%3Borderby=price_high_low&amp%3Bamp%3Bamp%3Bamp%3Bamp%3Bamp%3Borderby=price_high_low&amp%3Bamp%3Bamp%3Bamp%3Borderby=price_low_high&amp%3Bamp%3Bamp%3Borderby=price_low_high&page=1&set_currency=usd HTTP/1.1" 403 0 "-" "Mozilla/5.0 (compatible; Barkrowler/0.9; +https://babbar.tech/crawler)"
3.145.15.203 - - [21/Dec/2024:11:32:41 -0500] "GET /boat/yacht-cruise-summer-bash-1 HTTP/1.1" 200 76912 "-" "Mozilla/5.0 AppleWebKit/537.36 (KHTML, like Gecko; compatible; ClaudeBot/1.0; +claudebot@anthropic.com)"
154.54.249.211 - - [21/Dec/2024:11:32:45 -0500] "GET /tour?amp%3Bamp%3Bamp%3Bpage=3&amp%3Bamp%3Bamp%3Borderby=price_low_high&amp%3Bamp%3Borderby=price_low_high&amp%3Borderby=price_high_low&amp%3Bpage=1&page=1 HTTP/1.1" 403 0 "-" "Mozilla/5.0 (compatible; Barkrowler/0.9; +https://babbar.tech/crawler)"
217.113.194.250 - - [21/Dec/2024:11:32:49 -0500] "GET /tour?amp%3Bpage=1&amp%3Bamp%3Bamp%3Bamp%3Bamp%3Bamp%3Bamp%3Bamp%3Bamp%3Borderby=price_low_high&amp%3Bamp%3Bamp%3Bamp%3Bamp%3Bamp%3Bamp%3Bamp%3Borderby=price_low_high&amp%3Bamp%3Bamp%3Bamp%3Bamp%3Bamp%3Bamp%3Borderby=price_high_low&amp%3Bamp%3Bamp%3Bamp%3Bamp%3Bamp%3Borderby=price_high_low&amp%3Bamp%3Bamp%3Bamp%3Borderby=price_low_high&amp%3Bamp%3Bamp%3Borderby=price_low_high&orderby=price_low_high HTTP/1.1" 403 0 "-" "Mozilla/5.0 (compatible; Barkrowler/0.9; +https://babbar.tech/crawler)"
217.113.194.162 - - [21/Dec/2024:11:32:53 -0500] "GET /tour?amp%3Bamp%3Bamp%3Bpage=3&amp%3Bamp%3Bamp%3Borderby=price_low_high&amp%3Bamp%3Borderby=price_low_high&amp%3Bamp%3Bpage=2&orderby=price_high_low&page=2 HTTP/1.1" 403 0 "-" "Mozilla/5.0 (compatible; Barkrowler/0.9; +https://babbar.tech/crawler)"
217.113.194.168 - - [21/Dec/2024:11:32:57 -0500] "GET /tour?amp%3Bpage=1&amp%3Bamp%3Bamp%3Bamp%3Bamp%3Bamp%3Bamp%3Bamp%3Bamp%3Borderby=price_low_high&amp%3Bamp%3Bamp%3Bamp%3Bamp%3Bamp%3Bamp%3Bamp%3Borderby=price_low_high&amp%3Bamp%3Bamp%3Bamp%3Bamp%3Bamp%3Bamp%3Borderby=price_high_low&amp%3Bamp%3Bamp%3Bamp%3Bamp%3Bamp%3Borderby=price_high_low&amp%3Bamp%3Bamp%3Bamp%3Borderby=price_high_low&amp%3Bamp%3Borderby=rate_high_low&orderby=price_low_high&page=2 HTTP/1.1" 403 0 "-" "Mozilla/5.0 (compatible; Barkrowler/0.9; +https://babbar.tech/crawler)"
217.113.194.162 - - [21/Dec/2024:11:33:02 -0500] "GET /tour?amp%3Bamp%3Bamp%3Bpage=3&amp%3Bamp%3Bamp%3Borderby=price_low_high&amp%3Bamp%3Borderby=price_low_high&amp%3Bamp%3Bpage=2&orderby=rate_high_low HTTP/1.1" 403 0 "-" "Mozilla/5.0 (compatible; Barkrowler/0.9; +https://babbar.tech/crawler)"
217.113.194.167 - - [21/Dec/2024:11:33:06 -0500] "GET /tour?amp%3Bpage=1&amp%3Bamp%3Bamp%3Bamp%3Bamp%3Bamp%3Bamp%3Bamp%3Bamp%3Borderby=price_low_high&amp%3Bamp%3Bamp%3Bamp%3Bamp%3Bamp%3Bamp%3Bamp%3Borderby=price_low_high&amp%3Bamp%3Bamp%3Bamp%3Bamp%3Bamp%3Bamp%3Borderby=price_high_low&amp%3Bamp%3Bamp%3Bamp%3Bamp%3Bamp%3Borderby=price_high_low&amp%3Bamp%3Bamp%3Bamp%3Borderby=price_high_low&amp%3Bamp%3Borderby=price_high_low&page=2&orderby=rate_high_low HTTP/1.1" 403 0 "-" "Mozilla/5.0 (compatible; Barkrowler/0.9; +https://babbar.tech/crawler)"
217.113.194.167 - - [21/Dec/2024:11:33:10 -0500] "GET /tour?amp%3Bamp%3Bamp%3Bpage=3&amp%3Bamp%3Bamp%3Borderby=price_low_high&amp%3Bamp%3Borderby=price_low_high&orderby=rate_high_low&set_currency=gbp HTTP/1.1" 403 0 "-" "Mozilla/5.0 (compatible; Barkrowler/0.9; +https://babbar.tech/crawler)"
47.128.113.27 - - [21/Dec/2024:11:33:14 -0500] "GET /storage/framework/cache/data/76/28/ HTTP/1.1" 200 655 "-" "Mozilla/5.0 (compatible; Bytespider; spider-feedback@bytedance.com) AppleWebKit/537.36 (KHTML, like Gecko) Chrome/70.0.0.0 Safari/537.36"
217.113.194.166 - - [21/Dec/2024:11:33:15 -0500] "GET /tour?amp%3Bpage=1&amp%3Bamp%3Bamp%3Bamp%3Bamp%3Bamp%3Bamp%3Bamp%3Bamp%3Borderby=price_low_high&amp%3Bamp%3Bamp%3Bamp%3Bamp%3Bamp%3Bamp%3Bamp%3Borderby=price_low_high&amp%3Bamp%3Bamp%3Bamp%3Bamp%3Bamp%3Bamp%3Borderby=price_high_low&amp%3Bamp%3Bamp%3Bamp%3Bamp%3Bamp%3Borderby=price_high_low&amp%3Bamp%3Bamp%3Bamp%3Borderby=price_high_low&amp%3Bamp%3Borderby=price_high_low&page=2&set_currency=usd HTTP/1.1" 403 0 "-" "Mozilla/5.0 (compatible; Barkrowler/0.9; +https://babbar.tech/crawler)"
217.113.194.166 - - [21/Dec/2024:11:33:19 -0500] "GET /tour?amp%3Bamp%3Bamp%3Bpage=3&amp%3Bamp%3Bamp%3Borderby=price_low_high&amp%3Bamp%3Borderby=price_high_low&amp%3Bamp%3Bpage=2&orderby=price_high_low&page=2 HTTP/1.1" 403 0 "-" "Mozilla/5.0 (compatible; Barkrowler/0.9; +https://babbar.tech/crawler)"
217.113.194.168 - - [21/Dec/2024:11:33:23 -0500] "GET /tour?amp%3Bpage=1&amp%3Bamp%3Bamp%3Bamp%3Bamp%3Bamp%3Bamp%3Bamp%3Bamp%3Borderby=price_low_high&amp%3Bamp%3Bamp%3Bamp%3Bamp%3Bamp%3Bamp%3Bamp%3Borderby=price_low_high&amp%3Bamp%3Bamp%3Bamp%3Bamp%3Bamp%3Bamp%3Borderby=price_high_low&amp%3Bamp%3Bamp%3Bamp%3Bamp%3Bamp%3Borderby=price_high_low&amp%3Bamp%3Bamp%3Bamp%3Borderby=price_high_low&amp%3Bamp%3Borderby=price_high_low&orderby=price_low_high&page=2 HTTP/1.1" 403 0 "-" "Mozilla/5.0 (compatible; Barkrowler/0.9; +https://babbar.tech/crawler)"
217.113.194.164 - - [21/Dec/2024:11:33:28 -0500] "GET /tour?amp%3Bamp%3Bamp%3Bpage=3&amp%3Bamp%3Bamp%3Borderby=price_low_high&amp%3Bamp%3Borderby=price_high_low&amp%3Bamp%3Bpage=2&orderby=price_low_high&page=2 HTTP/1.1" 403 0 "-" "Mozilla/5.0 (compatible; Barkrowler/0.9; +https://babbar.tech/crawler)"
217.113.194.167 - - [21/Dec/2024:11:33:32 -0500] "GET /tour?amp%3Bpage=1&amp%3Bamp%3Bamp%3Bamp%3Bamp%3Bamp%3Bamp%3Bamp%3Bamp%3Borderby=price_low_high&amp%3Bamp%3Bamp%3Bamp%3Bamp%3Bamp%3Bamp%3Bamp%3Borderby=price_low_high&amp%3Bamp%3Bamp%3Bamp%3Bamp%3Bamp%3Bamp%3Borderby=price_high_low&amp%3Bamp%3Bamp%3Bamp%3Bamp%3Bamp%3Borderby=price_high_low&amp%3Bamp%3Bamp%3Bamp%3Borderby=price_high_low&amp%3Bamp%3Borderby=price_high_low&orderby=price_high_low&page=2 HTTP/1.1" 403 0 "-" "Mozilla/5.0 (compatible; Barkrowler/0.9; +https://babbar.tech/crawler)"
217.113.194.162 - - [21/Dec/2024:11:33:36 -0500] "GET /tour?amp%3Bamp%3Bamp%3Bpage=3&amp%3Bamp%3Bamp%3Borderby=price_low_high&amp%3Bamp%3Borderby=price_high_low&amp%3Bamp%3Bpage=2&amp%3Bpage=2&orderby=&page=2 HTTP/1.1" 403 0 "-" "Mozilla/5.0 (compatible; Barkrowler/0.9; +https://babbar.tech/crawler)"
217.113.194.162 - - [21/Dec/2024:11:33:40 -0500] "GET /tour?amp%3Bpage=1&amp%3Bamp%3Bamp%3Bamp%3Bamp%3Bamp%3Bamp%3Bamp%3Borderby=price_high_low&amp%3Bamp%3Bamp%3Bamp%3Bamp%3Bamp%3Bamp%3Borderby=price_high_low&amp%3Bamp%3Bamp%3Bamp%3Bamp%3Bamp%3Borderby=price_high_low&amp%3Bamp%3Bamp%3Bamp%3Bamp%3Borderby=price_high_low&amp%3Bamp%3Bamp%3Bamp%3Borderby=rate_high_low&amp%3Bamp%3Borderby=price_low_high&amp%3Borderby=price_low_high&page=2&orderby=rate_high_low HTTP/1.1" 403 0 "-" "Mozilla/5.0 (compatible; Barkrowler/0.9; +https://babbar.tech/crawler)"
217.113.194.162 - - [21/Dec/2024:11:33:45 -0500] "GET /tour?amp%3Bamp%3Bamp%3Bpage=3&amp%3Bamp%3Bamp%3Borderby=rate_high_low&amp%3Bamp%3Borderby=price_high_low&amp%3Borderby=price_low_high&amp%3Bpage=2 HTTP/1.1" 403 0 "-" "Mozilla/5.0 (compatible; Barkrowler/0.9; +https://babbar.tech/crawler)"
154.54.249.211 - - [21/Dec/2024:11:33:49 -0500] "GET /tour?amp%3Bpage=1&amp%3Bamp%3Bamp%3Bamp%3Bamp%3Bamp%3Bamp%3Bamp%3Borderby=price_high_low&amp%3Bamp%3Bamp%3Bamp%3Bamp%3Bamp%3Bamp%3Borderby=price_high_low&amp%3Bamp%3Bamp%3Bamp%3Bamp%3Bamp%3Borderby=price_high_low&amp%3Bamp%3Bamp%3Bamp%3Bamp%3Borderby=price_high_low&amp%3Bamp%3Bamp%3Bamp%3Borderby=rate_high_low&amp%3Bamp%3Borderby=price_low_high&amp%3Borderby=price_low_high&page=2&orderby=price_high_low HTTP/1.1" 403 0 "-" "Mozilla/5.0 (compatible; Barkrowler/0.9; +https://babbar.tech/crawler)"
154.54.249.211 - - [21/Dec/2024:11:33:54 -0500] "GET /tour?amp%3Bamp%3Bamp%3Bpage=3&amp%3Bamp%3Bamp%3Borderby=price_low_high&amp%3Bamp%3Borderby=price_low_high&amp%3Bamp%3Bpage=2&orderby=price_low_high HTTP/1.1" 403 0 "-" "Mozilla/5.0 (compatible; Barkrowler/0.9; +https://babbar.tech/crawler)"
217.113.194.164 - - [21/Dec/2024:11:33:58 -0500] "GET /tour?amp%3Bpage=1&amp%3Bamp%3Bamp%3Bamp%3Bamp%3Bamp%3Bamp%3Bamp%3Borderby=price_high_low&amp%3Bamp%3Bamp%3Bamp%3Bamp%3Bamp%3Bamp%3Borderby=price_high_low&amp%3Bamp%3Bamp%3Bamp%3Bamp%3Bamp%3Borderby=price_high_low&amp%3Bamp%3Bamp%3Bamp%3Bamp%3Borderby=price_high_low&amp%3Bamp%3Bamp%3Bamp%3Borderby=rate_high_low&amp%3Bamp%3Borderby=price_low_high&amp%3Borderby=price_low_high&page=2&orderby=price_low_high HTTP/1.1" 403 0 "-" "Mozilla/5.0 (compatible; Barkrowler/0.9; +https://babbar.tech/crawler)"
217.113.194.163 - - [21/Dec/2024:11:34:02 -0500] "GET /tour?amp%3Bamp%3Bamp%3Bpage=2&amp%3Bamp%3Bamp%3Bamp%3Borderby=rate_high_low&amp%3Bamp%3Bamp%3Borderby=rate_high_low&amp%3Bpage=1&amp%3Borderby=rate_high_low HTTP/1.1" 403 0 "-" "Mozilla/5.0 (compatible; Barkrowler/0.9; +https://babbar.tech/crawler)"
217.113.194.170 - - [21/Dec/2024:11:34:06 -0500] "GET /tour?amp%3Bpage=1&amp%3Bamp%3Bamp%3Bamp%3Bamp%3Bamp%3Bamp%3Bamp%3Borderby=price_high_low&amp%3Bamp%3Bamp%3Bamp%3Bamp%3Bamp%3Bamp%3Borderby=price_high_low&amp%3Bamp%3Bamp%3Bamp%3Bamp%3Bamp%3Borderby=price_high_low&amp%3Bamp%3Bamp%3Bamp%3Bamp%3Borderby=price_high_low&amp%3Bamp%3Bamp%3Bamp%3Borderby=rate_high_low&amp%3Bamp%3Borderby=price_low_high&amp%3Borderby=price_low_high&orderby=price_high_low&page=2 HTTP/1.1" 403 0 "-" "Mozilla/5.0 (compatible; Barkrowler/0.9; +https://babbar.tech/crawler)"
217.113.194.162 - - [21/Dec/2024:11:34:11 -0500] "GET /tour?amp%3Bamp%3Bamp%3Bpage=2&amp%3Bamp%3Bamp%3Borderby=rate_high_low&amp%3Bamp%3Borderby=rate_high_low&amp%3Borderby=price_low_high&amp%3Bpage=2&page=2 HTTP/1.1" 403 0 "-" "Mozilla/5.0 (compatible; Barkrowler/0.9; +https://babbar.tech/crawler)"
217.113.194.167 - - [21/Dec/2024:11:34:15 -0500] "GET /tour?amp%3Bpage=1&amp%3Bamp%3Bamp%3Bamp%3Bamp%3Bamp%3Bamp%3Bamp%3Borderby=price_high_low&amp%3Bamp%3Bamp%3Bamp%3Bamp%3Bamp%3Bamp%3Borderby=price_high_low&amp%3Bamp%3Bamp%3Bamp%3Bamp%3Bamp%3Borderby=price_high_low&amp%3Bamp%3Bamp%3Bamp%3Bamp%3Borderby=price_high_low&amp%3Bamp%3Bamp%3Bamp%3Borderby=rate_high_low&amp%3Bamp%3Borderby=price_low_high&amp%3Borderby=price_high_low&page=2&orderby=price_high_low HTTP/1.1" 403 0 "-" "Mozilla/5.0 (compatible; Barkrowler/0.9; +https://babbar.tech/crawler)"
217.113.194.169 - - [21/Dec/2024:11:34:19 -0500] "GET /tour?amp%3Bamp%3Bamp%3Bpage=2&amp%3Bamp%3Bamp%3Borderby=rate_high_low&amp%3Bamp%3Borderby=rate_high_low&amp%3Bpage=2&amp%3Borderby=price_low_high&page=2 HTTP/1.1" 403 0 "-" "Mozilla/5.0 (compatible; Barkrowler/0.9; +https://babbar.tech/crawler)"
217.113.194.167 - - [21/Dec/2024:11:34:24 -0500] "GET /tour?amp%3Bpage=2&amp%3Bamp%3Bamp%3Bamp%3Bamp%3Bamp%3Bamp%3Borderby=price_low_high&amp%3Bamp%3Bamp%3Bamp%3Bamp%3Bamp%3Borderby=price_low_high&amp%3Bamp%3Bamp%3Bamp%3Bamp%3Borderby=price_high_low&amp%3Bamp%3Bamp%3Bamp%3Borderby=price_low_high&amp%3Bamp%3Bamp%3Borderby=price_high_low&amp%3Bamp%3Borderby=rate_high_low&amp%3Borderby=price_low_high&page=1&orderby=rate_high_low&set_currency=usd HTTP/1.1" 403 0 "-" "Mozilla/5.0 (compatible; Barkrowler/0.9; +https://babbar.tech/crawler)"
217.113.194.170 - - [21/Dec/2024:11:34:28 -0500] "GET /tour?amp%3Bamp%3Bamp%3Bpage=2&amp%3Bamp%3Bpage=3&amp%3Bamp%3Borderby=rate_high_low&amp%3Borderby=rate_high_low&amp%3Bpage=2&orderby=rate_high_low HTTP/1.1" 403 0 "-" "Mozilla/5.0 (compatible; Barkrowler/0.9; +https://babbar.tech/crawler)"
217.113.194.164 - - [21/Dec/2024:11:34:32 -0500] "GET /tour?amp%3Bpage=2&amp%3Bamp%3Bamp%3Bamp%3Bamp%3Bamp%3Bamp%3Borderby=price_low_high&amp%3Bamp%3Bamp%3Bamp%3Bamp%3Bamp%3Borderby=price_low_high&amp%3Bamp%3Bamp%3Bamp%3Bamp%3Borderby=price_high_low&amp%3Bamp%3Bamp%3Bamp%3Borderby=price_low_high&amp%3Bamp%3Bamp%3Borderby=price_high_low&amp%3Bamp%3Borderby=rate_high_low&amp%3Borderby=price_low_high&orderby=price_high_low&set_currency=gbp HTTP/1.1" 403 0 "-" "Mozilla/5.0 (compatible; Barkrowler/0.9; +https://babbar.tech/crawler)"
217.113.194.250 - - [21/Dec/2024:11:34:37 -0500] "GET /tour?amp%3Bamp%3Bamp%3Bpage=2&amp%3Bamp%3Bpage=3&amp%3Bamp%3Borderby=rate_high_low&amp%3Borderby=rate_high_low&amp%3Bpage=1&orderby=price_low_high&page=2 HTTP/1.1" 403 0 "-" "Mozilla/5.0 (compatible; Barkrowler/0.9; +https://babbar.tech/crawler)"
217.113.194.250 - - [21/Dec/2024:11:34:41 -0500] "GET /tour?amp%3Bpage=2&amp%3Bamp%3Bamp%3Bamp%3Bamp%3Bamp%3Bamp%3Borderby=price_low_high&amp%3Bamp%3Bamp%3Bamp%3Bamp%3Bamp%3Borderby=price_low_high&amp%3Bamp%3Bamp%3Bamp%3Bamp%3Borderby=price_high_low&amp%3Bamp%3Bamp%3Bamp%3Borderby=price_low_high&amp%3Bamp%3Bamp%3Borderby=price_high_low&amp%3Bamp%3Borderby=rate_high_low&amp%3Borderby=price_low_high&orderby=price_low_high&set_currency=gbp HTTP/1.1" 403 0 "-" "Mozilla/5.0 (compatible; Barkrowler/0.9; +https://babbar.tech/crawler)"
217.113.194.250 - - [21/Dec/2024:11:34:45 -0500] "GET /tour?amp%3Bamp%3Bamp%3Bpage=2&amp%3Bamp%3Bpage=3&amp%3Bamp%3Borderby=rate_high_low&amp%3Borderby=rate_high_low&amp%3Bpage=1&orderby=rate_high_low HTTP/1.1" 403 0 "-" "Mozilla/5.0 (compatible; Barkrowler/0.9; +https://babbar.tech/crawler)"
114.119.150.101 - - [21/Dec/2024:11:34:49 -0500] "GET /vendor/simplesoftwareio/simple-qrcode/docs/kr/?MA HTTP/1.1" 200 707 "https://www.book24.ng/vendor/simplesoftwareio/simple-qrcode/docs/kr/" "Mozilla/5.0 (Linux; Android 7.0;) AppleWebKit/537.36 (KHTML, like Gecko) Mobile Safari/537.36 (compatible; PetalBot;+https://webmaster.petalsearch.com/site/petalbot)"
217.113.194.164 - - [21/Dec/2024:11:34:51 -0500] "GET /tour?amp%3Bpage=2&amp%3Bamp%3Bamp%3Bamp%3Bamp%3Bamp%3Bamp%3Borderby=price_low_high&amp%3Bamp%3Bamp%3Bamp%3Bamp%3Bamp%3Borderby=price_low_high&amp%3Bamp%3Bamp%3Bamp%3Bamp%3Borderby=price_high_low&amp%3Bamp%3Bamp%3Bamp%3Borderby=price_low_high&amp%3Bamp%3Bamp%3Borderby=price_high_low&amp%3Bamp%3Borderby=price_low_high&amp%3Borderby=rate_high_low&orderby=price_high_low&set_currency=gbp HTTP/1.1" 403 0 "-" "Mozilla/5.0 (compatible; Barkrowler/0.9; +https://babbar.tech/crawler)"
114.119.128.126 - - [21/Dec/2024:11:34:53 -0500] "GET /vendor/swiftmailer/swiftmailer/lib/classes/Swift/AddressEncoder/?MD HTTP/1.1" 200 900 "https://www.book24.ng/vendor/swiftmailer/swiftmailer/lib/classes/Swift/AddressEncoder/?MA" "Mozilla/5.0 (Linux; Android 7.0;) AppleWebKit/537.36 (KHTML, like Gecko) Mobile Safari/537.36 (compatible; PetalBot;+https://webmaster.petalsearch.com/site/petalbot)"
154.54.249.211 - - [21/Dec/2024:11:34:54 -0500] "GET /tour?amp%3Bamp%3Bamp%3Bpage=2&amp%3Bamp%3Bpage=3&amp%3Bamp%3Borderby=rate_high_low&amp%3Borderby=price_high_low&amp%3Bpage=2&page=2&orderby=price_high_low HTTP/1.1" 403 0 "-" "Mozilla/5.0 (compatible; Barkrowler/0.9; +https://babbar.tech/crawler)"
217.113.194.163 - - [21/Dec/2024:11:34:59 -0500] "GET /tour?amp%3Bpage=2&amp%3Bamp%3Bamp%3Bamp%3Bamp%3Bamp%3Bamp%3Borderby=price_low_high&amp%3Bamp%3Bamp%3Bamp%3Bamp%3Bamp%3Borderby=price_low_high&amp%3Bamp%3Bamp%3Bamp%3Bamp%3Borderby=price_high_low&amp%3Bamp%3Bamp%3Bamp%3Borderby=price_low_high&amp%3Bamp%3Bamp%3Borderby=price_high_low&amp%3Bamp%3Borderby=price_low_high&amp%3Borderby=price_high_low&orderby=price_low_high&set_currency=gbp HTTP/1.1" 403 0 "-" "Mozilla/5.0 (compatible; Barkrowler/0.9; +https://babbar.tech/crawler)"
217.113.194.168 - - [21/Dec/2024:11:35:03 -0500] "GET /tour?amp%3Bamp%3Bamp%3Bpage=2&amp%3Bamp%3Bpage=3&amp%3Bamp%3Borderby=rate_high_low&amp%3Borderby=price_high_low&amp%3Bpage=2&page=2&orderby=price_low_high HTTP/1.1" 403 0 "-" "Mozilla/5.0 (compatible; Barkrowler/0.9; +https://babbar.tech/crawler)"
217.113.194.169 - - [21/Dec/2024:11:35:09 -0500] "GET /tour?amp%3Bpage=2&amp%3Bamp%3Bamp%3Bamp%3Bamp%3Bamp%3Bamp%3Borderby=price_low_high&amp%3Bamp%3Bamp%3Bamp%3Bamp%3Bamp%3Borderby=price_low_high&amp%3Bamp%3Bamp%3Bamp%3Bamp%3Borderby=price_high_low&amp%3Bamp%3Bamp%3Bamp%3Borderby=price_low_high&amp%3Bamp%3Bamp%3Borderby=price_high_low&amp%3Bamp%3Borderby=price_low_high&amp%3Borderby=price_high_low&orderby=price_high_low&set_currency=gbp HTTP/1.1" 403 0 "-" "Mozilla/5.0 (compatible; Barkrowler/0.9; +https://babbar.tech/crawler)"
217.113.194.162 - - [21/Dec/2024:11:35:13 -0500] "GET /tour?amp%3Bamp%3Bamp%3Bpage=2&amp%3Bamp%3Bpage=3&amp%3Bamp%3Borderby=rate_high_low&amp%3Borderby=price_high_low&amp%3Bpage=2&orderby=price_high_low&page=2 HTTP/1.1" 403 0 "-" "Mozilla/5.0 (compatible; Barkrowler/0.9; +https://babbar.tech/crawler)"
217.113.194.167 - - [21/Dec/2024:11:35:18 -0500] "GET /tour?amp%3Bpage=2&amp%3Bamp%3Bamp%3Bamp%3Bamp%3Bamp%3Bamp%3Borderby=price_low_high&amp%3Bamp%3Bamp%3Bamp%3Bamp%3Bamp%3Borderby=price_low_high&amp%3Bamp%3Bamp%3Bamp%3Bamp%3Borderby=price_high_low&amp%3Bamp%3Bamp%3Bamp%3Borderby=price_low_high&amp%3Bamp%3Bamp%3Borderby=price_high_low&amp%3Bamp%3Borderby=price_high_low&amp%3Borderby=rate_high_low&orderby=price_low_high&set_currency=gbp HTTP/1.1" 403 0 "-" "Mozilla/5.0 (compatible; Barkrowler/0.9; +https://babbar.tech/crawler)"
217.113.194.170 - - [21/Dec/2024:11:35:22 -0500] "GET /tour?amp%3Bamp%3Bamp%3Bpage=2&amp%3Bamp%3Bpage=3&amp%3Bamp%3Borderby=rate_high_low&amp%3Borderby=price_high_low&amp%3Bpage=2&orderby=rate_high_low HTTP/1.1" 403 0 "-" "Mozilla/5.0 (compatible; Barkrowler/0.9; +https://babbar.tech/crawler)"
154.54.249.211 - - [21/Dec/2024:11:35:27 -0500] "GET /tour?amp%3Bpage=2&amp%3Bamp%3Bamp%3Bamp%3Bamp%3Bamp%3Bamp%3Borderby=price_low_high&amp%3Bamp%3Bamp%3Bamp%3Bamp%3Bamp%3Borderby=price_low_high&amp%3Bamp%3Bamp%3Bamp%3Bamp%3Borderby=price_high_low&amp%3Bamp%3Bamp%3Bamp%3Borderby=price_low_high&amp%3Bamp%3Bamp%3Borderby=price_high_low&amp%3Bamp%3Borderby=price_high_low&amp%3Borderby=price_high_low&orderby=price_high_low&page=1&set_currency=usd HTTP/1.1" 403 0 "-" "Mozilla/5.0 (compatible; Barkrowler/0.9; +https://babbar.tech/crawler)"
217.113.194.250 - - [21/Dec/2024:11:35:31 -0500] "GET /tour?amp%3Bamp%3Bamp%3Bpage=2&amp%3Bamp%3Bpage=3&amp%3Bamp%3Borderby=rate_high_low&amp%3Borderby=price_high_low&amp%3Bpage=1&page=2&orderby=price_high_low HTTP/1.1" 403 0 "-" "Mozilla/5.0 (compatible; Barkrowler/0.9; +https://babbar.tech/crawler)"
3.147.66.38 - - [21/Dec/2024:11:35:32 -0500] "GET /public/page/become-an-affiliate?lokasie=%2Fhome%2Fwavevlvu%2Fbook24.ng%2Fpublic%2Fthemes.php&loknya=%2Fhome%2Fwavevlvu%2Fbook24.ng%2Fpublic HTTP/1.1" 200 2642 "-" "Mozilla/5.0 AppleWebKit/537.36 (KHTML, like Gecko; compatible; ClaudeBot/1.0; +claudebot@anthropic.com)"
217.113.194.166 - - [21/Dec/2024:11:35:35 -0500] "GET /tour?amp%3Bpage=2&amp%3Bamp%3Bamp%3Bamp%3Bamp%3Bamp%3Bamp%3Borderby=price_low_high&amp%3Bamp%3Bamp%3Bamp%3Bamp%3Bamp%3Borderby=price_low_high&amp%3Bamp%3Bamp%3Bamp%3Bamp%3Borderby=price_high_low&amp%3Bamp%3Bamp%3Bamp%3Borderby=price_low_high&amp%3Bamp%3Bamp%3Borderby=price_low_high&amp%3Bamp%3Borderby=price_high_low&amp%3Borderby=rate_high_low&orderby=price_low_high&set_currency=gbp HTTP/1.1" 403 0 "-" "Mozilla/5.0 (compatible; Barkrowler/0.9; +https://babbar.tech/crawler)"
154.54.249.211 - - [21/Dec/2024:11:35:39 -0500] "GET /tour?amp%3Bamp%3Bamp%3Bpage=2&amp%3Bamp%3Bpage=3&amp%3Bamp%3Borderby=rate_high_low&amp%3Borderby=price_high_low&amp%3Bpage=1&orderby=price_high_low&page=2 HTTP/1.1" 403 0 "-" "Mozilla/5.0 (compatible; Barkrowler/0.9; +https://babbar.tech/crawler)"
217.113.194.168 - - [21/Dec/2024:11:35:44 -0500] "GET /tour?amp%3Bpage=2&amp%3Bamp%3Bamp%3Bamp%3Bamp%3Bamp%3Bamp%3Borderby=price_low_high&amp%3Bamp%3Bamp%3Bamp%3Bamp%3Bamp%3Borderby=price_low_high&amp%3Bamp%3Bamp%3Bamp%3Bamp%3Borderby=price_high_low&amp%3Bamp%3Bamp%3Bamp%3Borderby=price_low_high&amp%3Bamp%3Bamp%3Borderby=price_low_high&amp%3Bamp%3Borderby=price_low_high&amp%3Borderby=price_high_low&orderby=price_low_high&set_currency=gbp HTTP/1.1" 403 0 "-" "Mozilla/5.0 (compatible; Barkrowler/0.9; +https://babbar.tech/crawler)"
217.113.194.170 - - [21/Dec/2024:11:35:48 -0500] "GET /tour?amp%3Bamp%3Bamp%3Bpage=2&amp%3Bamp%3Bpage=3&amp%3Bamp%3Borderby=rate_high_low&amp%3Borderby=price_low_high&amp%3Bpage=2&page=2&orderby=price_high_low HTTP/1.1" 403 0 "-" "Mozilla/5.0 (compatible; Barkrowler/0.9; +https://babbar.tech/crawler)"
217.113.194.169 - - [21/Dec/2024:11:35:53 -0500] "GET /tour?amp%3Bpage=2&amp%3Bamp%3Bamp%3Bamp%3Bamp%3Bamp%3Bamp%3Borderby=price_low_high&amp%3Bamp%3Bamp%3Bamp%3Bamp%3Bamp%3Borderby=price_low_high&amp%3Bamp%3Bamp%3Bamp%3Bamp%3Borderby=price_high_low&amp%3Bamp%3Bamp%3Bamp%3Borderby=price_low_high&amp%3Bamp%3Bamp%3Borderby=price_low_high&amp%3Bamp%3Borderby=rate_high_low&amp%3Borderby=rate_high_low&orderby=price_high_low&set_currency=gbp HTTP/1.1" 403 0 "-" "Mozilla/5.0 (compatible; Barkrowler/0.9; +https://babbar.tech/crawler)"
217.113.194.167 - - [21/Dec/2024:11:35:56 -0500] "GET /tour?amp%3Bamp%3Bamp%3Bpage=2&amp%3Bamp%3Bpage=3&amp%3Bamp%3Borderby=rate_high_low&amp%3Borderby=price_low_high&amp%3Bpage=2&page=2&orderby=price_low_high HTTP/1.1" 403 0 "-" "Mozilla/5.0 (compatible; Barkrowler/0.9; +https://babbar.tech/crawler)"
217.113.194.165 - - [21/Dec/2024:11:36:01 -0500] "GET /tour?amp%3Bpage=2&amp%3Bamp%3Bamp%3Bamp%3Bamp%3Bamp%3Bamp%3Borderby=price_low_high&amp%3Bamp%3Bamp%3Bamp%3Bamp%3Bamp%3Borderby=price_low_high&amp%3Bamp%3Bamp%3Bamp%3Bamp%3Borderby=price_high_low&amp%3Bamp%3Bamp%3Bamp%3Borderby=price_low_high&amp%3Bamp%3Bamp%3Borderby=price_low_high&amp%3Bamp%3Borderby=rate_high_low&amp%3Borderby=rate_high_low&orderby=price_high_low&page=1&set_currency=usd HTTP/1.1" 403 0 "-" "Mozilla/5.0 (compatible; Barkrowler/0.9; +https://babbar.tech/crawler)"
217.113.194.164 - - [21/Dec/2024:11:36:05 -0500] "GET /tour?amp%3Bamp%3Bamp%3Bpage=2&amp%3Bamp%3Bpage=3&amp%3Bamp%3Borderby=rate_high_low&amp%3Borderby=price_low_high&amp%3Bpage=2&orderby=price_low_high&page=1 HTTP/1.1" 403 0 "-" "Mozilla/5.0 (compatible; Barkrowler/0.9; +https://babbar.tech/crawler)"
66.249.79.36 - - [21/Dec/2024:11:36:05 -0500] "GET /public/tour?loknya=/home/wavevlvu/book24.ng/public/sass HTTP/1.1" 200 2761 "-" "Mozilla/5.0 (Linux; Android 6.0.1; Nexus 5X Build/MMB29P) AppleWebKit/537.36 (KHTML, like Gecko) Chrome/131.0.6778.139 Mobile Safari/537.36 (compatible; GoogleOther)"
217.113.194.169 - - [21/Dec/2024:11:36:11 -0500] "GET /tour?amp%3Bpage=2&amp%3Bamp%3Bamp%3Bamp%3Bamp%3Bamp%3Bamp%3Borderby=price_low_high&amp%3Bamp%3Bamp%3Bamp%3Bamp%3Bamp%3Borderby=price_low_high&amp%3Bamp%3Bamp%3Bamp%3Bamp%3Borderby=price_high_low&amp%3Bamp%3Bamp%3Bamp%3Borderby=price_low_high&amp%3Bamp%3Bamp%3Borderby=price_low_high&amp%3Bamp%3Borderby=rate_high_low&amp%3Borderby=price_low_high&orderby=price_high_low&set_currency=gbp HTTP/1.1" 403 0 "-" "Mozilla/5.0 (compatible; Barkrowler/0.9; +https://babbar.tech/crawler)"
217.113.194.169 - - [21/Dec/2024:11:36:14 -0500] "GET /tour?amp%3Bamp%3Bamp%3Bpage=2&amp%3Bamp%3Bpage=3&amp%3Bamp%3Borderby=rate_high_low&amp%3Borderby=price_low_high&amp%3Bpage=2&page=1&orderby=price_low_high HTTP/1.1" 403 0 "-" "Mozilla/5.0 (compatible; Barkrowler/0.9; +https://babbar.tech/crawler)"
217.113.194.171 - - [21/Dec/2024:11:36:19 -0500] "GET /tour?amp%3Bpage=2&amp%3Bamp%3Bamp%3Bamp%3Bamp%3Bamp%3Bamp%3Borderby=price_low_high&amp%3Bamp%3Bamp%3Bamp%3Bamp%3Bamp%3Borderby=price_low_high&amp%3Bamp%3Bamp%3Bamp%3Bamp%3Borderby=price_high_low&amp%3Bamp%3Bamp%3Bamp%3Borderby=price_low_high&amp%3Bamp%3Bamp%3Borderby=rate_high_low&amp%3Bamp%3Borderby=price_high_low&amp%3Borderby=rate_high_low&orderby=price_low_high&set_currency=gbp HTTP/1.1" 403 0 "-" "Mozilla/5.0 (compatible; Barkrowler/0.9; +https://babbar.tech/crawler)"
217.113.194.250 - - [21/Dec/2024:11:36:23 -0500] "GET /tour?amp%3Bamp%3Bamp%3Bpage=2&amp%3Bamp%3Bpage=3&amp%3Bamp%3Borderby=rate_high_low&amp%3Borderby=price_low_high&amp%3Bpage=1&page=2&orderby=price_high_low HTTP/1.1" 403 0 "-" "Mozilla/5.0 (compatible; Barkrowler/0.9; +https://babbar.tech/crawler)"
217.113.194.166 - - [21/Dec/2024:11:36:28 -0500] "GET /tour?amp%3Bpage=2&amp%3Bamp%3Bamp%3Bamp%3Bamp%3Bamp%3Bamp%3Borderby=price_low_high&amp%3Bamp%3Bamp%3Bamp%3Bamp%3Bamp%3Borderby=price_low_high&amp%3Bamp%3Bamp%3Bamp%3Bamp%3Borderby=price_high_low&amp%3Bamp%3Bamp%3Bamp%3Borderby=price_low_high&amp%3Bamp%3Bamp%3Borderby=rate_high_low&amp%3Bamp%3Borderby=price_high_low&amp%3Borderby=price_high_low&orderby=price_low_high&set_currency=gbp HTTP/1.1" 403 0 "-" "Mozilla/5.0 (compatible; Barkrowler/0.9; +https://babbar.tech/crawler)"
217.113.194.250 - - [21/Dec/2024:11:36:33 -0500] "GET /tour?amp%3Bamp%3Bamp%3Bpage=2&amp%3Bamp%3Bpage=3&amp%3Bamp%3Borderby=rate_high_low&amp%3Borderby=price_low_high&amp%3Bpage=1&orderby=rate_high_low HTTP/1.1" 403 0 "-" "Mozilla/5.0 (compatible; Barkrowler/0.9; +https://babbar.tech/crawler)"
217.113.194.250 - - [21/Dec/2024:11:36:37 -0500] "GET /tour?amp%3Bpage=2&amp%3Bamp%3Bamp%3Bamp%3Bamp%3Bamp%3Bamp%3Borderby=price_low_high&amp%3Bamp%3Bamp%3Bamp%3Bamp%3Bamp%3Borderby=price_low_high&amp%3Bamp%3Bamp%3Bamp%3Bamp%3Borderby=price_high_low&amp%3Bamp%3Bamp%3Bamp%3Borderby=price_low_high&amp%3Bamp%3Bamp%3Borderby=rate_high_low&amp%3Bamp%3Borderby=price_high_low&amp%3Borderby=price_low_high&orderby=price_high_low&set_currency=gbp HTTP/1.1" 403 0 "-" "Mozilla/5.0 (compatible; Barkrowler/0.9; +https://babbar.tech/crawler)"
217.113.194.169 - - [21/Dec/2024:11:36:42 -0500] "GET /tour?amp%3Bamp%3Bamp%3Bpage=2&amp%3Bamp%3Bamp%3Borderby=rate_high_low&amp%3Bamp%3Borderby=rate_high_low&amp%3Bpage=2&orderby=rate_high_low&page=2 HTTP/1.1" 403 0 "-" "Mozilla/5.0 (compatible; Barkrowler/0.9; +https://babbar.tech/crawler)"
217.113.194.164 - - [21/Dec/2024:11:36:46 -0500] "GET /tour?amp%3Bpage=2&amp%3Bamp%3Bamp%3Bamp%3Bamp%3Bamp%3Bamp%3Borderby=price_low_high&amp%3Bamp%3Bamp%3Bamp%3Bamp%3Bamp%3Borderby=price_low_high&amp%3Bamp%3Bamp%3Bamp%3Bamp%3Borderby=price_high_low&amp%3Bamp%3Bamp%3Bamp%3Borderby=price_high_low&amp%3Bamp%3Bamp%3Borderby=price_high_low&amp%3Bamp%3Borderby=price_high_low&amp%3Borderby=price_low_high&orderby=price_low_high&set_currency=gbp HTTP/1.1" 403 0 "-" "Mozilla/5.0 (compatible; Barkrowler/0.9; +https://babbar.tech/crawler)"
217.113.194.169 - - [21/Dec/2024:11:36:51 -0500] "GET /tour?amp%3Bamp%3Bamp%3Bpage=2&amp%3Bamp%3Bamp%3Borderby=rate_high_low&amp%3Bamp%3Borderby=rate_high_low&amp%3Bpage=2&amp%3Borderby=price_low_high&page=1 HTTP/1.1" 403 0 "-" "Mozilla/5.0 (compatible; Barkrowler/0.9; +https://babbar.tech/crawler)"
217.113.194.162 - - [21/Dec/2024:11:36:56 -0500] "GET /tour?amp%3Bpage=2&amp%3Bamp%3Bamp%3Bamp%3Bamp%3Bamp%3Bamp%3Borderby=price_low_high&amp%3Bamp%3Bamp%3Bamp%3Bamp%3Bamp%3Borderby=price_low_high&amp%3Bamp%3Bamp%3Bamp%3Bamp%3Borderby=price_high_low&amp%3Bamp%3Bamp%3Bamp%3Borderby=price_high_low&amp%3Bamp%3Bamp%3Borderby=price_high_low&amp%3Bamp%3Borderby=price_high_low&amp%3Borderby=price_low_high&orderby=price_high_low&set_currency=gbp HTTP/1.1" 403 0 "-" "Mozilla/5.0 (compatible; Barkrowler/0.9; +https://babbar.tech/crawler)"
217.113.194.170 - - [21/Dec/2024:11:37:00 -0500] "GET /tour?amp%3Bamp%3Bamp%3Bpage=2&amp%3Bamp%3Bamp%3Borderby=rate_high_low&amp%3Bamp%3Borderby=rate_high_low&amp%3Bpage=1&orderby=rate_high_low&page=2 HTTP/1.1" 403 0 "-" "Mozilla/5.0 (compatible; Barkrowler/0.9; +https://babbar.tech/crawler)"
217.113.194.163 - - [21/Dec/2024:11:37:04 -0500] "GET /tour?amp%3Bpage=2&amp%3Bamp%3Bamp%3Bamp%3Bamp%3Bamp%3Bamp%3Borderby=price_high_low&amp%3Bamp%3Bamp%3Bamp%3Bamp%3Bamp%3Borderby=price_low_high&amp%3Bamp%3Bamp%3Bamp%3Bamp%3Borderby=rate_high_low&amp%3Bamp%3Bamp%3Bamp%3Borderby=rate_high_low&amp%3Bamp%3Bamp%3Borderby=rate_high_low&amp%3Bamp%3Borderby=rate_high_low&amp%3Borderby=rate_high_low&page=1&orderby=price_high_low&set_currency=gbp HTTP/1.1" 403 0 "-" "Mozilla/5.0 (compatible; Barkrowler/0.9; +https://babbar.tech/crawler)"
154.54.249.211 - - [21/Dec/2024:11:37:08 -0500] "GET /tour?amp%3Bamp%3Bamp%3Bpage=2&amp%3Bamp%3Bamp%3Borderby=rate_high_low&amp%3Bamp%3Borderby=rate_high_low&amp%3Borderby=rate_high_low&amp%3Bpage=1&page=1 HTTP/1.1" 403 0 "-" "Mozilla/5.0 (compatible; Barkrowler/0.9; +https://babbar.tech/crawler)"
217.113.194.168 - - [21/Dec/2024:11:37:13 -0500] "GET /tour?amp%3Bpage=2&amp%3Bamp%3Bamp%3Bamp%3Bamp%3Bamp%3Bamp%3Borderby=price_high_low&amp%3Bamp%3Bamp%3Bamp%3Bamp%3Bamp%3Borderby=price_low_high&amp%3Bamp%3Bamp%3Bamp%3Bamp%3Borderby=rate_high_low&amp%3Bamp%3Bamp%3Bamp%3Borderby=rate_high_low&amp%3Bamp%3Bamp%3Borderby=rate_high_low&amp%3Bamp%3Borderby=rate_high_low&amp%3Borderby=price_high_low&page=2&orderby=price_high_low&set_currency=usd HTTP/1.1" 403 0 "-" "Mozilla/5.0 (compatible; Barkrowler/0.9; +https://babbar.tech/crawler)"
47.128.21.167 - - [21/Dec/2024:11:37:14 -0500] "GET /storage/framework/cache/data/91/fe/ HTTP/1.1" 200 659 "-" "Mozilla/5.0 (compatible; Bytespider; spider-feedback@bytedance.com) AppleWebKit/537.36 (KHTML, like Gecko) Chrome/70.0.0.0 Safari/537.36"
217.113.194.168 - - [21/Dec/2024:11:37:17 -0500] "GET /tour?amp%3Bamp%3Bamp%3Bpage=2&amp%3Bamp%3Bamp%3Borderby=rate_high_low&amp%3Bamp%3Borderby=rate_high_low&amp%3Borderby=price_high_low&set_currency=usd HTTP/1.1" 403 0 "-" "Mozilla/5.0 (compatible; Barkrowler/0.9; +https://babbar.tech/crawler)"
217.113.194.167 - - [21/Dec/2024:11:37:23 -0500] "GET /tour?amp%3Bpage=2&amp%3Bamp%3Bamp%3Bamp%3Bamp%3Bamp%3Bamp%3Borderby=price_high_low&amp%3Bamp%3Bamp%3Bamp%3Bamp%3Bamp%3Borderby=price_low_high&amp%3Bamp%3Bamp%3Bamp%3Bamp%3Borderby=rate_high_low&amp%3Bamp%3Bamp%3Bamp%3Borderby=rate_high_low&amp%3Bamp%3Bamp%3Borderby=rate_high_low&amp%3Bamp%3Borderby=price_high_low&amp%3Borderby=rate_high_low&page=2&orderby=price_low_high&set_currency=usd HTTP/1.1" 403 0 "-" "Mozilla/5.0 (compatible; Barkrowler/0.9; +https://babbar.tech/crawler)"
217.113.194.162 - - [21/Dec/2024:11:37:27 -0500] "GET /tour?amp%3Bamp%3Bamp%3Bpage=2&amp%3Bamp%3Bamp%3Borderby=rate_high_low&amp%3Bamp%3Borderby=rate_high_low&amp%3Borderby=price_low_high&set_currency=usd HTTP/1.1" 403 0 "-" "Mozilla/5.0 (compatible; Barkrowler/0.9; +https://babbar.tech/crawler)"
217.113.194.165 - - [21/Dec/2024:11:37:32 -0500] "GET /tour?amp%3Bpage=2&amp%3Bamp%3Bamp%3Bamp%3Bamp%3Bamp%3Bamp%3Borderby=price_high_low&amp%3Bamp%3Bamp%3Bamp%3Bamp%3Bamp%3Borderby=price_low_high&amp%3Bamp%3Bamp%3Bamp%3Bamp%3Borderby=rate_high_low&amp%3Bamp%3Bamp%3Bamp%3Borderby=rate_high_low&amp%3Bamp%3Bamp%3Borderby=rate_high_low&amp%3Bamp%3Borderby=price_high_low&amp%3Borderby=rate_high_low&page=2&orderby=price_high_low&set_currency=usd HTTP/1.1" 403 0 "-" "Mozilla/5.0 (compatible; Barkrowler/0.9; +https://babbar.tech/crawler)"
217.113.194.162 - - [21/Dec/2024:11:37:36 -0500] "GET /tour?amp%3Bamp%3Bamp%3Bpage=2&amp%3Bamp%3Bamp%3Borderby=rate_high_low&amp%3Bamp%3Borderby=rate_high_low&amp%3Borderby=price_low_high&amp%3Bpage=1&page=1 HTTP/1.1" 403 0 "-" "Mozilla/5.0 (compatible; Barkrowler/0.9; +https://babbar.tech/crawler)"
217.113.194.167 - - [21/Dec/2024:11:37:41 -0500] "GET /tour?amp%3Bpage=2&amp%3Bamp%3Bamp%3Bamp%3Bamp%3Bamp%3Bamp%3Borderby=price_high_low&amp%3Bamp%3Bamp%3Bamp%3Bamp%3Bamp%3Borderby=price_low_high&amp%3Bamp%3Bamp%3Bamp%3Bamp%3Borderby=rate_high_low&amp%3Bamp%3Bamp%3Bamp%3Borderby=rate_high_low&amp%3Bamp%3Bamp%3Borderby=rate_high_low&amp%3Bamp%3Borderby=price_high_low&amp%3Borderby=rate_high_low&orderby=price_high_low&page=1&set_currency=gbp HTTP/1.1" 403 0 "-" "Mozilla/5.0 (compatible; Barkrowler/0.9; +https://babbar.tech/crawler)"
3.16.50.224 - - [21/Dec/2024:11:37:41 -0500] "GET /public/page/become-an-affiliate?lokasie=%2Fhome%2Fwavevlvu%2Fbook24.ng%2Fpublic%2Fmix-manifest.json&loknya=%2Fhome%2Fwavevlvu%2Fbook24.ng%2Fpublic HTTP/1.1" 200 2018 "-" "Mozilla/5.0 AppleWebKit/537.36 (KHTML, like Gecko; compatible; ClaudeBot/1.0; +claudebot@anthropic.com)"
217.113.194.167 - - [21/Dec/2024:11:37:45 -0500] "GET /tour?amp%3Bamp%3Bamp%3Bpage=2&amp%3Bamp%3Bamp%3Borderby=rate_high_low&amp%3Bamp%3Borderby=rate_high_low&amp%3Borderby=price_low_high&amp%3Bpage=2&page=1 HTTP/1.1" 403 0 "-" "Mozilla/5.0 (compatible; Barkrowler/0.9; +https://babbar.tech/crawler)"
217.113.194.167 - - [21/Dec/2024:11:37:50 -0500] "GET /tour?amp%3Bpage=2&amp%3Bamp%3Bamp%3Bamp%3Bamp%3Bamp%3Bamp%3Borderby=price_high_low&amp%3Bamp%3Bamp%3Bamp%3Bamp%3Bamp%3Borderby=price_low_high&amp%3Bamp%3Bamp%3Bamp%3Bamp%3Borderby=rate_high_low&amp%3Bamp%3Bamp%3Bamp%3Borderby=rate_high_low&amp%3Bamp%3Bamp%3Borderby=rate_high_low&amp%3Bamp%3Borderby=price_high_low&amp%3Borderby=price_high_low&page=2&orderby=price_high_low&set_currency=usd HTTP/1.1" 403 0 "-" "Mozilla/5.0 (compatible; Barkrowler/0.9; +https://babbar.tech/crawler)"
217.113.194.171 - - [21/Dec/2024:11:37:54 -0500] "GET /tour?amp%3Bamp%3Bamp%3Bpage=2&amp%3Bamp%3Bamp%3Borderby=rate_high_low&amp%3Bamp%3Borderby=price_high_low&amp%3Bamp%3Bpage=2&orderby=rate_high_low HTTP/1.1" 403 0 "-" "Mozilla/5.0 (compatible; Barkrowler/0.9; +https://babbar.tech/crawler)"
154.54.249.211 - - [21/Dec/2024:11:37:59 -0500] "GET /tour?amp%3Bpage=2&amp%3Bamp%3Bamp%3Bamp%3Bamp%3Bamp%3Bamp%3Borderby=price_high_low&amp%3Bamp%3Bamp%3Bamp%3Bamp%3Bamp%3Borderby=price_low_high&amp%3Bamp%3Bamp%3Bamp%3Bamp%3Borderby=rate_high_low&amp%3Bamp%3Bamp%3Bamp%3Borderby=rate_high_low&amp%3Bamp%3Bamp%3Borderby=rate_high_low&amp%3Bamp%3Borderby=price_high_low&amp%3Borderby=price_low_high&page=2&orderby=price_high_low&set_currency=usd HTTP/1.1" 403 0 "-" "Mozilla/5.0 (compatible; Barkrowler/0.9; +https://babbar.tech/crawler)"
217.113.194.170 - - [21/Dec/2024:11:38:03 -0500] "GET /tour?amp%3Bamp%3Bamp%3Bpage=2&amp%3Bamp%3Bamp%3Borderby=rate_high_low&amp%3Bamp%3Borderby=price_high_low&amp%3Bamp%3Bpage=2&amp%3Bpage=2&orderby=&page=2 HTTP/1.1" 403 0 "-" "Mozilla/5.0 (compatible; Barkrowler/0.9; +https://babbar.tech/crawler)"
217.113.194.163 - - [21/Dec/2024:11:38:08 -0500] "GET /tour?amp%3Bpage=2&amp%3Bamp%3Bamp%3Bamp%3Bamp%3Bamp%3Bamp%3Borderby=price_high_low&amp%3Bamp%3Bamp%3Bamp%3Bamp%3Bamp%3Borderby=price_low_high&amp%3Bamp%3Bamp%3Bamp%3Bamp%3Borderby=rate_high_low&amp%3Bamp%3Bamp%3Bamp%3Borderby=rate_high_low&amp%3Bamp%3Bamp%3Borderby=price_low_high&amp%3Bamp%3Borderby=price_low_high&amp%3Borderby=price_low_high&orderby=price_high_low&set_currency=gbp HTTP/1.1" 403 0 "-" "Mozilla/5.0 (compatible; Barkrowler/0.9; +https://babbar.tech/crawler)"
18.226.222.21 - - [21/Dec/2024:11:38:06 -0500] "GET /public/page/become-an-affiliate?loknya=%2Fhome%2Fwavevlvu%2Fbook24.ng%2Fpublic%2Fxx HTTP/1.1" 200 2188 "-" "Mozilla/5.0 AppleWebKit/537.36 (KHTML, like Gecko; compatible; ClaudeBot/1.0; +claudebot@anthropic.com)"
3.145.186.88 - - [21/Dec/2024:11:38:09 -0500] "GET /public/page/become-an-affiliate?lokasie=%2Fhome%2Fwavevlvu%2Fbook24.ng%2Fpublic%2Findex.php&loknya=%2Fhome%2Fwavevlvu%2Fbook24.ng%2Fpublic HTTP/1.1" 200 2790 "-" "Mozilla/5.0 AppleWebKit/537.36 (KHTML, like Gecko; compatible; ClaudeBot/1.0; +claudebot@anthropic.com)"
217.113.194.165 - - [21/Dec/2024:11:38:13 -0500] "GET /tour?amp%3Bamp%3Bamp%3Bpage=2&amp%3Bamp%3Bamp%3Borderby=rate_high_low&amp%3Bamp%3Bpage=2&amp%3Borderby=price_high_low&amp%3Bpage=1&set_currency=gbp HTTP/1.1" 403 0 "-" "Mozilla/5.0 (compatible; Barkrowler/0.9; +https://babbar.tech/crawler)"
40.77.167.152 - - [21/Dec/2024:11:38:15 -0500] "GET /space?adults=1&children=0&end=06%2F16%2F2024&start=06%2F15%2F2024&date=2025 HTTP/1.1" 200 43717 "-" "Mozilla/5.0 AppleWebKit/537.36 (KHTML, like Gecko; compatible; bingbot/2.0; +http://www.bing.com/bingbot.htm) Chrome/116.0.1938.76 Safari/537.36"
