217.113.194.171 - - [21/Dec/2024:09:29:55 -0500] "GET /tour?amp%3Bpage=2&amp%3Bamp%3Bamp%3Bamp%3Bamp%3Bamp%3Bamp%3Bamp%3Bamp%3Bamp%3Bamp%3Borderby=price_high_low&amp%3Bamp%3Bamp%3Bamp%3Bamp%3Bamp%3Bamp%3Bamp%3Bamp%3Bamp%3Borderby=price_low_high&amp%3Bamp%3Bamp%3Bamp%3Bamp%3Bamp%3Bamp%3Bamp%3Bamp%3Borderby=rate_high_low&amp%3Bamp%3Bamp%3Bamp%3Bamp%3Bamp%3Borderby=rate_high_low&amp%3Bamp%3Bamp%3Bamp%3Bamp%3Borderby=price_low_high&amp%3Bamp%3Borderby=price_high_low HTTP/1.1" 403 0 "-" "Mozilla/5.0 (compatible; Barkrowler/0.9; +https://babbar.tech/crawler)"
65.21.232.254 - - [21/Dec/2024:09:29:56 -0500] "GET /vendor/aws/aws-sdk-php/src/CognitoSync/?SD HTTP/1.1" 200 766 "-" "Mozilla/5.0 (compatible; MJ12bot/v1.4.8; http://mj12bot.com/)"
65.21.232.254 - - [21/Dec/2024:09:29:58 -0500] "GET /vendor/aws/aws-sdk-php/src/Comprehend/?MD HTTP/1.1" 200 763 "-" "Mozilla/5.0 (compatible; MJ12bot/v1.4.8; http://mj12bot.com/)"
217.113.194.162 - - [21/Dec/2024:09:30:00 -0500] "GET /tour?amp%3Borderby=rate_high_low&amp%3Bamp%3Bamp%3Bamp%3Bpage=2&amp%3Bamp%3Bamp%3Bpage=2&amp%3Bamp%3Bpage=1&amp%3Bpage=2&orderby=price_high_low&page=2 HTTP/1.1" 403 0 "-" "Mozilla/5.0 (compatible; Barkrowler/0.9; +https://babbar.tech/crawler)"
65.21.232.254 - - [21/Dec/2024:09:30:00 -0500] "GET /vendor/aws/aws-sdk-php/src/Comprehend/?NA HTTP/1.1" 200 757 "-" "Mozilla/5.0 (compatible; MJ12bot/v1.4.8; http://mj12bot.com/)"
65.21.232.254 - - [21/Dec/2024:09:30:02 -0500] "GET /vendor/aws/aws-sdk-php/src/Comprehend/?SD HTTP/1.1" 200 760 "-" "Mozilla/5.0 (compatible; MJ12bot/v1.4.8; http://mj12bot.com/)"
217.113.194.163 - - [21/Dec/2024:09:30:04 -0500] "GET /tour?amp%3Bpage=2&amp%3Bamp%3Bamp%3Bamp%3Bamp%3Bamp%3Bamp%3Bamp%3Bamp%3Borderby=price_low_high&amp%3Bamp%3Bamp%3Bamp%3Bamp%3Bamp%3Bamp%3Bamp%3Borderby=price_low_high&amp%3Bamp%3Bamp%3Bamp%3Bamp%3Bamp%3Bamp%3Borderby=price_high_low&amp%3Bamp%3Bamp%3Bamp%3Bamp%3Bamp%3Borderby=price_high_low&amp%3Bamp%3Bamp%3Bamp%3Borderby=price_high_low&amp%3Bamp%3Bamp%3Borderby=rate_high_low&amp%3Borderby=rate_high_low HTTP/1.1" 403 0 "-" "Mozilla/5.0 (compatible; Barkrowler/0.9; +https://babbar.tech/crawler)"
65.21.232.254 - - [21/Dec/2024:09:30:05 -0500] "GET /vendor/aws/aws-sdk-php/src/ComprehendMedical/?MD HTTP/1.1" 200 774 "-" "Mozilla/5.0 (compatible; MJ12bot/v1.4.8; http://mj12bot.com/)"
65.21.232.254 - - [21/Dec/2024:09:30:07 -0500] "GET /vendor/aws/aws-sdk-php/src/ComprehendMedical/?NA HTTP/1.1" 200 765 "-" "Mozilla/5.0 (compatible; MJ12bot/v1.4.8; http://mj12bot.com/)"
217.113.194.170 - - [21/Dec/2024:09:30:09 -0500] "GET /tour?amp%3Borderby=rate_high_low&amp%3Bamp%3Bamp%3Bamp%3Bpage=2&amp%3Bamp%3Bamp%3Bpage=2&amp%3Bamp%3Bpage=1&amp%3Bpage=2&orderby=rate_high_low HTTP/1.1" 403 0 "-" "Mozilla/5.0 (compatible; Barkrowler/0.9; +https://babbar.tech/crawler)"
65.21.232.254 - - [21/Dec/2024:09:30:09 -0500] "GET /vendor/aws/aws-sdk-php/src/ComprehendMedical/?SD HTTP/1.1" 200 770 "-" "Mozilla/5.0 (compatible; MJ12bot/v1.4.8; http://mj12bot.com/)"
65.21.232.254 - - [21/Dec/2024:09:30:12 -0500] "GET /vendor/aws/aws-sdk-php/src/ComputeOptimizer/?MD HTTP/1.1" 200 772 "-" "Mozilla/5.0 (compatible; MJ12bot/v1.4.8; http://mj12bot.com/)"
217.113.194.167 - - [21/Dec/2024:09:30:13 -0500] "GET /tour?amp%3Bpage=1&amp%3Bamp%3Bamp%3Bamp%3Bamp%3Bamp%3Bamp%3Bamp%3Borderby=price_low_high&amp%3Bamp%3Bamp%3Bamp%3Bamp%3Bamp%3Bamp%3Borderby=price_low_high&amp%3Bamp%3Bamp%3Bamp%3Bamp%3Bamp%3Borderby=price_high_low&amp%3Bamp%3Bamp%3Bamp%3Bamp%3Borderby=price_high_low&amp%3Bamp%3Bamp%3Bamp%3Borderby=price_high_low&amp%3Bamp%3Bamp%3Borderby=price_high_low&amp%3Borderby=price_low_high&page=2 HTTP/1.1" 403 0 "-" "Mozilla/5.0 (compatible; Barkrowler/0.9; +https://babbar.tech/crawler)"
65.21.232.254 - - [21/Dec/2024:09:30:15 -0500] "GET /vendor/aws/aws-sdk-php/src/ComputeOptimizer/?SD HTTP/1.1" 200 775 "-" "Mozilla/5.0 (compatible; MJ12bot/v1.4.8; http://mj12bot.com/)"
154.54.249.211 - - [21/Dec/2024:09:30:18 -0500] "GET /tour?amp%3Borderby=rate_high_low&amp%3Bamp%3Bamp%3Bamp%3Bpage=2&amp%3Bamp%3Bamp%3Bpage=2&amp%3Bamp%3Bpage=2&amp%3Bpage=2&orderby=price_high_low&page=2 HTTP/1.1" 403 0 "-" "Mozilla/5.0 (compatible; Barkrowler/0.9; +https://babbar.tech/crawler)"
65.21.232.254 - - [21/Dec/2024:09:30:18 -0500] "GET /vendor/aws/aws-sdk-php/src/ConfigService/?MD HTTP/1.1" 200 770 "-" "Mozilla/5.0 (compatible; MJ12bot/v1.4.8; http://mj12bot.com/)"
65.21.232.254 - - [21/Dec/2024:09:30:20 -0500] "GET /vendor/aws/aws-sdk-php/src/ConfigService/?NA HTTP/1.1" 200 764 "-" "Mozilla/5.0 (compatible; MJ12bot/v1.4.8; http://mj12bot.com/)"
217.113.194.167 - - [21/Dec/2024:09:30:22 -0500] "GET /tour?amp%3Bpage=1&amp%3Bamp%3Bamp%3Bamp%3Bamp%3Bamp%3Bamp%3Bamp%3Borderby=price_low_high&amp%3Bamp%3Bamp%3Bamp%3Bamp%3Bamp%3Bamp%3Borderby=price_low_high&amp%3Bamp%3Bamp%3Bamp%3Bamp%3Bamp%3Borderby=price_high_low&amp%3Bamp%3Bamp%3Bamp%3Bamp%3Borderby=price_low_high&amp%3Bamp%3Bamp%3Bamp%3Borderby=price_low_high&amp%3Bamp%3Borderby=price_low_high&orderby=price_low_high&set_currency=usd HTTP/1.1" 403 0 "-" "Mozilla/5.0 (compatible; Barkrowler/0.9; +https://babbar.tech/crawler)"
65.21.232.254 - - [21/Dec/2024:09:30:23 -0500] "GET /vendor/aws/aws-sdk-php/src/ConfigService/?SD HTTP/1.1" 200 766 "-" "Mozilla/5.0 (compatible; MJ12bot/v1.4.8; http://mj12bot.com/)"
65.21.232.254 - - [21/Dec/2024:09:30:25 -0500] "GET /vendor/aws/aws-sdk-php/src/Connect/?MD HTTP/1.1" 200 759 "-" "Mozilla/5.0 (compatible; MJ12bot/v1.4.8; http://mj12bot.com/)"
217.113.194.167 - - [21/Dec/2024:09:30:26 -0500] "GET /tour?amp%3Borderby=rate_high_low&amp%3Bamp%3Bamp%3Bamp%3Bpage=2&amp%3Bamp%3Bamp%3Bpage=2&amp%3Bamp%3Bpage=2&amp%3Bpage=2&orderby=rate_high_low HTTP/1.1" 403 0 "-" "Mozilla/5.0 (compatible; Barkrowler/0.9; +https://babbar.tech/crawler)"
65.21.232.254 - - [21/Dec/2024:09:30:27 -0500] "GET /vendor/aws/aws-sdk-php/src/DevOpsGuru/?MD HTTP/1.1" 200 769 "-" "Mozilla/5.0 (compatible; MJ12bot/v1.4.8; http://mj12bot.com/)"
65.21.232.254 - - [21/Dec/2024:09:30:30 -0500] "GET /vendor/aws/aws-sdk-php/src/DevOpsGuru/?NA HTTP/1.1" 200 763 "-" "Mozilla/5.0 (compatible; MJ12bot/v1.4.8; http://mj12bot.com/)"
217.113.194.170 - - [21/Dec/2024:09:30:31 -0500] "GET /tour?amp%3Bpage=1&amp%3Bamp%3Bamp%3Bamp%3Bamp%3Bamp%3Bamp%3Bamp%3Bamp%3Borderby=price_high_low&amp%3Bamp%3Bamp%3Bamp%3Bamp%3Bamp%3Bamp%3Bamp%3Borderby=price_low_high&amp%3Bamp%3Bamp%3Bamp%3Bamp%3Bamp%3Bamp%3Borderby=rate_high_low&amp%3Bamp%3Bamp%3Bamp%3Borderby=price_low_high&amp%3Bamp%3Bamp%3Borderby=price_low_high&amp%3Bamp%3Borderby=price_high_low&amp%3Borderby=rate_high_low&page=2 HTTP/1.1" 403 0 "-" "Mozilla/5.0 (compatible; Barkrowler/0.9; +https://babbar.tech/crawler)"
65.21.232.254 - - [21/Dec/2024:09:30:32 -0500] "GET /vendor/aws/aws-sdk-php/src/DevOpsGuru/?SD HTTP/1.1" 200 766 "-" "Mozilla/5.0 (compatible; MJ12bot/v1.4.8; http://mj12bot.com/)"
65.21.232.254 - - [21/Dec/2024:09:30:34 -0500] "GET /vendor/aws/aws-sdk-php/src/DeviceFarm/?MD HTTP/1.1" 200 765 "-" "Mozilla/5.0 (compatible; MJ12bot/v1.4.8; http://mj12bot.com/)"
217.113.194.162 - - [21/Dec/2024:09:30:35 -0500] "GET /tour?amp%3Borderby=rate_high_low&amp%3Bamp%3Bamp%3Bamp%3Bpage=2&amp%3Bamp%3Bamp%3Bpage=2&amp%3Bamp%3Bpage=2&amp%3Bpage=1&orderby=price_high_low&page=2 HTTP/1.1" 403 0 "-" "Mozilla/5.0 (compatible; Barkrowler/0.9; +https://babbar.tech/crawler)"
65.21.232.254 - - [21/Dec/2024:09:30:36 -0500] "GET /vendor/aws/aws-sdk-php/src/DeviceFarm/?NA HTTP/1.1" 200 757 "-" "Mozilla/5.0 (compatible; MJ12bot/v1.4.8; http://mj12bot.com/)"
65.21.232.254 - - [21/Dec/2024:09:30:39 -0500] "GET /vendor/aws/aws-sdk-php/src/DeviceFarm/?SD HTTP/1.1" 200 760 "-" "Mozilla/5.0 (compatible; MJ12bot/v1.4.8; http://mj12bot.com/)"
217.113.194.171 - - [21/Dec/2024:09:30:39 -0500] "GET /tour?amp%3Bpage=1&amp%3Bamp%3Bamp%3Bamp%3Bamp%3Bamp%3Bamp%3Bamp%3Bamp%3Borderby=price_low_high&amp%3Bamp%3Bamp%3Bamp%3Bamp%3Bamp%3Bamp%3Bamp%3Borderby=price_low_high&amp%3Bamp%3Bamp%3Bamp%3Bamp%3Bamp%3Bamp%3Borderby=price_high_low&amp%3Bamp%3Bamp%3Bamp%3Bamp%3Bamp%3Borderby=price_high_low&amp%3Bamp%3Borderby=price_high_low&amp%3Borderby=price_high_low&orderby=price_high_low&set_currency=usd HTTP/1.1" 403 0 "-" "Mozilla/5.0 (compatible; Barkrowler/0.9; +https://babbar.tech/crawler)"
3.146.65.205 - - [21/Dec/2024:09:30:41 -0500] "GET /tour/visit-kigali-this-easter-620k HTTP/1.1" 200 76896 "-" "Mozilla/5.0 AppleWebKit/537.36 (KHTML, like Gecko; compatible; ClaudeBot/1.0; +claudebot@anthropic.com)"
65.21.232.254 - - [21/Dec/2024:09:30:41 -0500] "GET /vendor/aws/aws-sdk-php/src/DirectConnect/?MD HTTP/1.1" 200 768 "-" "Mozilla/5.0 (compatible; MJ12bot/v1.4.8; http://mj12bot.com/)"
65.21.232.254 - - [21/Dec/2024:09:30:43 -0500] "GET /vendor/aws/aws-sdk-php/src/DirectConnect/?NA HTTP/1.1" 200 761 "-" "Mozilla/5.0 (compatible; MJ12bot/v1.4.8; http://mj12bot.com/)"
217.113.194.170 - - [21/Dec/2024:09:30:44 -0500] "GET /tour?amp%3Borderby=rate_high_low&amp%3Bamp%3Bamp%3Bamp%3Bpage=1&amp%3Bamp%3Bamp%3Bpage=2&amp%3Bamp%3Bpage=3&amp%3Bpage=2&page=2&orderby=price_low_high HTTP/1.1" 403 0 "-" "Mozilla/5.0 (compatible; Barkrowler/0.9; +https://babbar.tech/crawler)"
65.21.232.254 - - [21/Dec/2024:09:30:45 -0500] "GET /vendor/aws/aws-sdk-php/src/DirectConnect/?SD HTTP/1.1" 200 764 "-" "Mozilla/5.0 (compatible; MJ12bot/v1.4.8; http://mj12bot.com/)"
65.21.232.254 - - [21/Dec/2024:09:30:47 -0500] "GET /vendor/aws/aws-sdk-php/src/DirectoryService/?MD HTTP/1.1" 200 766 "-" "Mozilla/5.0 (compatible; MJ12bot/v1.4.8; http://mj12bot.com/)"
217.113.194.250 - - [21/Dec/2024:09:30:48 -0500] "GET /tour?amp%3Bpage=1&amp%3Bamp%3Bamp%3Bamp%3Bamp%3Bamp%3Bamp%3Bamp%3Bamp%3Borderby=price_low_high&amp%3Bamp%3Bamp%3Bamp%3Bamp%3Bamp%3Bamp%3Bamp%3Borderby=price_low_high&amp%3Bamp%3Bamp%3Bamp%3Bamp%3Bamp%3Bamp%3Borderby=price_high_low&amp%3Bamp%3Bamp%3Bamp%3Bamp%3Bamp%3Borderby=price_high_low&amp%3Bamp%3Bamp%3Borderby=rate_high_low&amp%3Bamp%3Borderby=rate_high_low&orderby=price_high_low&page=2 HTTP/1.1" 403 0 "-" "Mozilla/5.0 (compatible; Barkrowler/0.9; +https://babbar.tech/crawler)"
65.21.232.254 - - [21/Dec/2024:09:30:50 -0500] "GET /vendor/aws/aws-sdk-php/src/DirectoryService/?NA HTTP/1.1" 200 761 "-" "Mozilla/5.0 (compatible; MJ12bot/v1.4.8; http://mj12bot.com/)"
65.21.232.254 - - [21/Dec/2024:09:30:52 -0500] "GET /vendor/aws/aws-sdk-php/src/DirectoryService/?SD HTTP/1.1" 200 768 "-" "Mozilla/5.0 (compatible; MJ12bot/v1.4.8; http://mj12bot.com/)"
217.113.194.163 - - [21/Dec/2024:09:30:53 -0500] "GET /tour?amp%3Borderby=rate_high_low&amp%3Bamp%3Bamp%3Bamp%3Bpage=1&amp%3Bamp%3Bamp%3Bpage=2&amp%3Bamp%3Bpage=3&amp%3Bpage=2&orderby=price_low_high&page=1 HTTP/1.1" 403 0 "-" "Mozilla/5.0 (compatible; Barkrowler/0.9; +https://babbar.tech/crawler)"
65.21.232.254 - - [21/Dec/2024:09:30:54 -0500] "GET /vendor/aws/aws-sdk-php/src/DocDB/?MD HTTP/1.1" 200 762 "-" "Mozilla/5.0 (compatible; MJ12bot/v1.4.8; http://mj12bot.com/)"
65.21.232.254 - - [21/Dec/2024:09:30:56 -0500] "GET /vendor/aws/aws-sdk-php/src/DocDB/?NA HTTP/1.1" 200 758 "-" "Mozilla/5.0 (compatible; MJ12bot/v1.4.8; http://mj12bot.com/)"
217.113.194.170 - - [21/Dec/2024:09:30:57 -0500] "GET /tour?amp%3Bpage=1&amp%3Bamp%3Bamp%3Bamp%3Bamp%3Bamp%3Bamp%3Bamp%3Bamp%3Borderby=price_low_high&amp%3Bamp%3Bamp%3Bamp%3Bamp%3Bamp%3Bamp%3Bamp%3Borderby=price_low_high&amp%3Bamp%3Bamp%3Bamp%3Bamp%3Bamp%3Bamp%3Borderby=price_high_low&amp%3Bamp%3Bamp%3Bamp%3Bamp%3Bamp%3Borderby=price_high_low&amp%3Bamp%3Bamp%3Borderby=price_low_high&amp%3Bamp%3Borderby=price_low_high&page=2&orderby=price_high_low HTTP/1.1" 403 0 "-" "Mozilla/5.0 (compatible; Barkrowler/0.9; +https://babbar.tech/crawler)"
65.21.232.254 - - [21/Dec/2024:09:30:58 -0500] "GET /vendor/aws/aws-sdk-php/src/DocDB/?SD HTTP/1.1" 200 759 "-" "Mozilla/5.0 (compatible; MJ12bot/v1.4.8; http://mj12bot.com/)"
65.21.232.254 - - [21/Dec/2024:09:31:00 -0500] "GET /vendor/aws/aws-sdk-php/src/DynamoDb/?MD HTTP/1.1" 200 1339 "-" "Mozilla/5.0 (compatible; MJ12bot/v1.4.8; http://mj12bot.com/)"
217.113.194.170 - - [21/Dec/2024:09:31:02 -0500] "GET /tour?amp%3Borderby=rate_high_low&amp%3Bamp%3Bamp%3Bamp%3Bpage=1&amp%3Bamp%3Bamp%3Bpage=2&amp%3Bamp%3Bpage=3&amp%3Bpage=2&page=1&orderby=price_low_high HTTP/1.1" 403 0 "-" "Mozilla/5.0 (compatible; Barkrowler/0.9; +https://babbar.tech/crawler)"
65.21.232.254 - - [21/Dec/2024:09:31:03 -0500] "GET /vendor/aws/aws-sdk-php/src/DynamoDb/?NA HTTP/1.1" 200 1346 "-" "Mozilla/5.0 (compatible; MJ12bot/v1.4.8; http://mj12bot.com/)"
65.21.232.254 - - [21/Dec/2024:09:31:05 -0500] "GET /vendor/aws/aws-sdk-php/src/DynamoDb/?SD HTTP/1.1" 200 1335 "-" "Mozilla/5.0 (compatible; MJ12bot/v1.4.8; http://mj12bot.com/)"
217.113.194.164 - - [21/Dec/2024:09:31:06 -0500] "GET /tour?amp%3Bpage=1&amp%3Bamp%3Bamp%3Bamp%3Bamp%3Bamp%3Bamp%3Bamp%3Bamp%3Borderby=price_low_high&amp%3Bamp%3Bamp%3Bamp%3Bamp%3Bamp%3Bamp%3Bamp%3Borderby=price_low_high&amp%3Bamp%3Bamp%3Bamp%3Bamp%3Bamp%3Bamp%3Borderby=price_high_low&amp%3Bamp%3Bamp%3Bamp%3Bamp%3Bamp%3Borderby=price_high_low&amp%3Bamp%3Bamp%3Bamp%3Borderby=price_high_low&amp%3Borderby=price_high_low&orderby=price_low_high&page=2 HTTP/1.1" 403 0 "-" "Mozilla/5.0 (compatible; Barkrowler/0.9; +https://babbar.tech/crawler)"
65.21.232.254 - - [21/Dec/2024:09:31:07 -0500] "GET /vendor/aws/aws-sdk-php/src/DynamoDbStreams/?MD HTTP/1.1" 200 769 "-" "Mozilla/5.0 (compatible; MJ12bot/v1.4.8; http://mj12bot.com/)"
65.21.232.254 - - [21/Dec/2024:09:31:09 -0500] "GET /vendor/aws/aws-sdk-php/src/DynamoDbStreams/?NA HTTP/1.1" 200 761 "-" "Mozilla/5.0 (compatible; MJ12bot/v1.4.8; http://mj12bot.com/)"
217.113.194.163 - - [21/Dec/2024:09:31:10 -0500] "GET /tour?amp%3Borderby=rate_high_low&amp%3Bamp%3Bamp%3Bamp%3Bpage=1&amp%3Bamp%3Bamp%3Bpage=2&amp%3Bamp%3Bpage=2&amp%3Bpage=1&page=2&orderby=price_low_high HTTP/1.1" 403 0 "-" "Mozilla/5.0 (compatible; Barkrowler/0.9; +https://babbar.tech/crawler)"
65.21.232.254 - - [21/Dec/2024:09:31:11 -0500] "GET /vendor/aws/aws-sdk-php/src/DynamoDbStreams/?SD HTTP/1.1" 200 769 "-" "Mozilla/5.0 (compatible; MJ12bot/v1.4.8; http://mj12bot.com/)"
65.21.232.254 - - [21/Dec/2024:09:31:13 -0500] "GET /vendor/aws/aws-sdk-php/src/EBS/?MD HTTP/1.1" 200 754 "-" "Mozilla/5.0 (compatible; MJ12bot/v1.4.8; http://mj12bot.com/)"
217.113.194.170 - - [21/Dec/2024:09:31:14 -0500] "GET /tour?amp%3Bpage=1&amp%3Bamp%3Bamp%3Bamp%3Bamp%3Bamp%3Bamp%3Bamp%3Bamp%3Borderby=price_low_high&amp%3Bamp%3Bamp%3Bamp%3Bamp%3Bamp%3Bamp%3Bamp%3Borderby=price_low_high&amp%3Bamp%3Bamp%3Bamp%3Bamp%3Bamp%3Bamp%3Borderby=price_high_low&amp%3Bamp%3Bamp%3Bamp%3Bamp%3Bamp%3Borderby=price_high_low&amp%3Bamp%3Bamp%3Bamp%3Borderby=price_high_low&amp%3Bamp%3Borderby=price_high_low&set_currency=gbp HTTP/1.1" 403 0 "-" "Mozilla/5.0 (compatible; Barkrowler/0.9; +https://babbar.tech/crawler)"
65.21.232.254 - - [21/Dec/2024:09:31:16 -0500] "GET /vendor/aws/aws-sdk-php/src/EBS/?NA HTTP/1.1" 200 752 "-" "Mozilla/5.0 (compatible; MJ12bot/v1.4.8; http://mj12bot.com/)"
65.21.232.254 - - [21/Dec/2024:09:31:18 -0500] "GET /vendor/aws/aws-sdk-php/src/EBS/?SD HTTP/1.1" 200 755 "-" "Mozilla/5.0 (compatible; MJ12bot/v1.4.8; http://mj12bot.com/)"
217.113.194.167 - - [21/Dec/2024:09:31:19 -0500] "GET /tour?amp%3Borderby=rate_high_low&amp%3Bamp%3Bamp%3Bamp%3Bpage=1&amp%3Bamp%3Bamp%3Bpage=2&amp%3Bamp%3Bpage=2&amp%3Bpage=1&orderby=rate_high_low HTTP/1.1" 403 0 "-" "Mozilla/5.0 (compatible; Barkrowler/0.9; +https://babbar.tech/crawler)"
65.21.232.254 - - [21/Dec/2024:09:31:20 -0500] "GET /vendor/aws/aws-sdk-php/src/EC2InstanceConnect/?MD HTTP/1.1" 200 769 "-" "Mozilla/5.0 (compatible; MJ12bot/v1.4.8; http://mj12bot.com/)"
65.21.232.254 - - [21/Dec/2024:09:31:22 -0500] "GET /vendor/aws/aws-sdk-php/src/Honeycode/?SD HTTP/1.1" 200 762 "-" "Mozilla/5.0 (compatible; MJ12bot/v1.4.8; http://mj12bot.com/)"
217.113.194.250 - - [21/Dec/2024:09:31:23 -0500] "GET /tour?amp%3Bpage=1&amp%3Bamp%3Bamp%3Bamp%3Bamp%3Bamp%3Bamp%3Bamp%3Borderby=price_low_high&amp%3Bamp%3Bamp%3Bamp%3Bamp%3Bamp%3Bamp%3Borderby=price_low_high&amp%3Bamp%3Bamp%3Bamp%3Bamp%3Bamp%3Borderby=price_high_low&amp%3Bamp%3Bamp%3Bamp%3Bamp%3Borderby=price_high_low&amp%3Bamp%3Bamp%3Borderby=price_high_low&amp%3Bamp%3Borderby=rate_high_low&amp%3Borderby=price_high_low&orderby=rate_high_low&page=1 HTTP/1.1" 403 0 "-" "Mozilla/5.0 (compatible; Barkrowler/0.9; +https://babbar.tech/crawler)"
65.21.232.254 - - [21/Dec/2024:09:31:24 -0500] "GET /vendor/aws/aws-sdk-php/src/IVS/?MD HTTP/1.1" 200 757 "-" "Mozilla/5.0 (compatible; MJ12bot/v1.4.8; http://mj12bot.com/)"
65.21.232.254 - - [21/Dec/2024:09:31:27 -0500] "GET /vendor/aws/aws-sdk-php/src/IVS/?NA HTTP/1.1" 200 753 "-" "Mozilla/5.0 (compatible; MJ12bot/v1.4.8; http://mj12bot.com/)"
217.113.194.167 - - [21/Dec/2024:09:31:27 -0500] "GET /tour?amp%3Borderby=rate_high_low&amp%3Bamp%3Bamp%3Bamp%3Bpage=1&amp%3Bamp%3Bamp%3Bpage=1&amp%3Bamp%3Bpage=1&amp%3Bpage=2&orderby=rate_high_low HTTP/1.1" 403 0 "-" "Mozilla/5.0 (compatible; Barkrowler/0.9; +https://babbar.tech/crawler)"
65.21.232.254 - - [21/Dec/2024:09:31:29 -0500] "GET /vendor/aws/aws-sdk-php/src/IVS/?SD HTTP/1.1" 200 757 "-" "Mozilla/5.0 (compatible; MJ12bot/v1.4.8; http://mj12bot.com/)"
65.21.232.254 - - [21/Dec/2024:09:31:31 -0500] "GET /vendor/aws/aws-sdk-php/src/Iam/?MD HTTP/1.1" 200 758 "-" "Mozilla/5.0 (compatible; MJ12bot/v1.4.8; http://mj12bot.com/)"
217.113.194.162 - - [21/Dec/2024:09:31:32 -0500] "GET /tour?amp%3Bpage=1&amp%3Bamp%3Bamp%3Bamp%3Bamp%3Bamp%3Bamp%3Bamp%3Bamp%3Borderby=price_low_high&amp%3Bamp%3Bamp%3Bamp%3Bamp%3Bamp%3Bamp%3Bamp%3Borderby=price_low_high&amp%3Bamp%3Bamp%3Bamp%3Bamp%3Bamp%3Bamp%3Borderby=price_high_low&amp%3Bamp%3Bamp%3Bamp%3Bamp%3Bamp%3Borderby=price_high_low&amp%3Bamp%3Bamp%3Bamp%3Borderby=rate_high_low&amp%3Bamp%3Borderby=price_high_low&amp%3Borderby=rate_high_low&page=1 HTTP/1.1" 403 0 "-" "Mozilla/5.0 (compatible; Barkrowler/0.9; +https://babbar.tech/crawler)"
65.21.232.254 - - [21/Dec/2024:09:31:34 -0500] "GET /vendor/aws/aws-sdk-php/src/Iam/?NA HTTP/1.1" 200 753 "-" "Mozilla/5.0 (compatible; MJ12bot/v1.4.8; http://mj12bot.com/)"
65.21.232.254 - - [21/Dec/2024:09:31:36 -0500] "GET /vendor/aws/aws-sdk-php/src/Iam/?SD HTTP/1.1" 200 758 "-" "Mozilla/5.0 (compatible; MJ12bot/v1.4.8; http://mj12bot.com/)"
217.113.194.170 - - [21/Dec/2024:09:31:36 -0500] "GET /tour?amp%3Borderby=rate_high_low&amp%3Bamp%3Bamp%3Bamp%3Bpage=1&amp%3Bamp%3Bamp%3Bpage=1&amp%3Bamp%3Bpage=1&amp%3Bpage=2&orderby=price_low_high&page=2 HTTP/1.1" 403 0 "-" "Mozilla/5.0 (compatible; Barkrowler/0.9; +https://babbar.tech/crawler)"
65.21.232.254 - - [21/Dec/2024:09:31:38 -0500] "GET /vendor/aws/aws-sdk-php/src/IdentityStore/?MD HTTP/1.1" 200 765 "-" "Mozilla/5.0 (compatible; MJ12bot/v1.4.8; http://mj12bot.com/)"
65.21.232.254 - - [21/Dec/2024:09:31:40 -0500] "GET /vendor/aws/aws-sdk-php/src/IdentityStore/?NA HTTP/1.1" 200 760 "-" "Mozilla/5.0 (compatible; MJ12bot/v1.4.8; http://mj12bot.com/)"
217.113.194.163 - - [21/Dec/2024:09:31:41 -0500] "GET /tour?amp%3Bpage=2&amp%3Bamp%3Bamp%3Bamp%3Bamp%3Bamp%3Bamp%3Bamp%3Bamp%3Borderby=price_low_high&amp%3Bamp%3Bamp%3Bamp%3Bamp%3Bamp%3Bamp%3Bamp%3Borderby=price_low_high&amp%3Bamp%3Bamp%3Bamp%3Bamp%3Bamp%3Bamp%3Borderby=price_high_low&amp%3Bamp%3Bamp%3Bamp%3Bamp%3Bamp%3Borderby=price_high_low&amp%3Bamp%3Borderby=price_low_high&amp%3Borderby=rate_high_low&orderby=price_high_low&set_currency=usd HTTP/1.1" 403 0 "-" "Mozilla/5.0 (compatible; Barkrowler/0.9; +https://babbar.tech/crawler)"
52.167.144.137 - - [21/Dec/2024:09:31:41 -0500] "GET /?tjgwy/d2141729.html HTTP/1.1" 200 44948 "-" "Mozilla/5.0 AppleWebKit/537.36 (KHTML, like Gecko; compatible; bingbot/2.0; +http://www.bing.com/bingbot.htm) Chrome/116.0.1938.76 Safari/537.36"
65.21.232.254 - - [21/Dec/2024:09:31:42 -0500] "GET /vendor/aws/aws-sdk-php/src/IdentityStore/?SD HTTP/1.1" 200 765 "-" "Mozilla/5.0 (compatible; MJ12bot/v1.4.8; http://mj12bot.com/)"
65.21.232.254 - - [21/Dec/2024:09:31:44 -0500] "GET /vendor/aws/aws-sdk-php/src/ImportExport/?MD HTTP/1.1" 200 767 "-" "Mozilla/5.0 (compatible; MJ12bot/v1.4.8; http://mj12bot.com/)"
217.113.194.169 - - [21/Dec/2024:09:31:45 -0500] "GET /tour?amp%3Borderby=rate_high_low&amp%3Bamp%3Bamp%3Bamp%3Bpage=1&amp%3Bamp%3Bamp%3Bpage=1&amp%3Bamp%3Bpage=1&amp%3Bpage=2&page=2&orderby=price_low_high HTTP/1.1" 403 0 "-" "Mozilla/5.0 (compatible; Barkrowler/0.9; +https://babbar.tech/crawler)"
65.21.232.254 - - [21/Dec/2024:09:31:47 -0500] "GET /vendor/aws/aws-sdk-php/src/ImportExport/?NA HTTP/1.1" 200 760 "-" "Mozilla/5.0 (compatible; MJ12bot/v1.4.8; http://mj12bot.com/)"
65.21.232.254 - - [21/Dec/2024:09:31:49 -0500] "GET /vendor/aws/aws-sdk-php/src/ImportExport/?SD HTTP/1.1" 200 766 "-" "Mozilla/5.0 (compatible; MJ12bot/v1.4.8; http://mj12bot.com/)"
217.113.194.167 - - [21/Dec/2024:09:31:49 -0500] "GET /tour?amp%3Bpage=2&amp%3Bamp%3Bamp%3Bamp%3Bamp%3Bamp%3Bamp%3Bamp%3Bamp%3Borderby=price_low_high&amp%3Bamp%3Bamp%3Bamp%3Bamp%3Bamp%3Bamp%3Bamp%3Borderby=price_low_high&amp%3Bamp%3Bamp%3Bamp%3Bamp%3Bamp%3Bamp%3Borderby=price_high_low&amp%3Bamp%3Bamp%3Bamp%3Bamp%3Bamp%3Borderby=price_high_low&amp%3Bamp%3Borderby=price_high_low&amp%3Borderby=price_high_low&orderby=price_high_low&set_currency=usd HTTP/1.1" 403 0 "-" "Mozilla/5.0 (compatible; Barkrowler/0.9; +https://babbar.tech/crawler)"
65.21.232.254 - - [21/Dec/2024:09:31:51 -0500] "GET /vendor/aws/aws-sdk-php/src/Inspector/?MD HTTP/1.1" 200 760 "-" "Mozilla/5.0 (compatible; MJ12bot/v1.4.8; http://mj12bot.com/)"
217.113.194.166 - - [21/Dec/2024:09:31:53 -0500] "GET /tour?amp%3Borderby=rate_high_low&amp%3Bamp%3Bamp%3Bamp%3Bamp%3Bpage=1&amp%3Bamp%3Bamp%3Bamp%3Bpage=2&amp%3Bamp%3Bamp%3Bpage=2&orderby=rate_high_low HTTP/1.1" 403 0 "-" "Mozilla/5.0 (compatible; Barkrowler/0.9; +https://babbar.tech/crawler)"
65.21.232.254 - - [21/Dec/2024:09:31:53 -0500] "GET /vendor/aws/aws-sdk-php/src/Inspector/?NA HTTP/1.1" 200 755 "-" "Mozilla/5.0 (compatible; MJ12bot/v1.4.8; http://mj12bot.com/)"
65.21.232.254 - - [21/Dec/2024:09:31:56 -0500] "GET /vendor/aws/aws-sdk-php/src/Inspector/?SD HTTP/1.1" 200 760 "-" "Mozilla/5.0 (compatible; MJ12bot/v1.4.8; http://mj12bot.com/)"
65.21.232.254 - - [21/Dec/2024:09:31:58 -0500] "GET /vendor/aws/aws-sdk-php/src/Inspector2/?MD HTTP/1.1" 200 760 "-" "Mozilla/5.0 (compatible; MJ12bot/v1.4.8; http://mj12bot.com/)"
217.113.194.163 - - [21/Dec/2024:09:31:58 -0500] "GET /tour?amp%3Bpage=2&amp%3Bamp%3Bamp%3Bamp%3Bamp%3Bamp%3Bamp%3Bamp%3Bamp%3Borderby=price_low_high&amp%3Bamp%3Bamp%3Bamp%3Bamp%3Bamp%3Bamp%3Bamp%3Borderby=price_low_high&amp%3Bamp%3Bamp%3Bamp%3Bamp%3Bamp%3Bamp%3Borderby=price_high_low&amp%3Bamp%3Bamp%3Bamp%3Bamp%3Bamp%3Borderby=price_high_low&amp%3Bamp%3Bamp%3Borderby=price_high_low&amp%3Borderby=rate_high_low&orderby=rate_high_low&page=2 HTTP/1.1" 403 0 "-" "Mozilla/5.0 (compatible; Barkrowler/0.9; +https://babbar.tech/crawler)"
65.21.232.254 - - [21/Dec/2024:09:32:01 -0500] "GET /vendor/aws/aws-sdk-php/src/Inspector2/?NA HTTP/1.1" 200 756 "-" "Mozilla/5.0 (compatible; MJ12bot/v1.4.8; http://mj12bot.com/)"
217.113.194.166 - - [21/Dec/2024:09:32:02 -0500] "GET /tour?amp%3Borderby=rate_high_low&amp%3Bamp%3Bamp%3Bamp%3Bamp%3Bamp%3Bpage=2&amp%3Bamp%3Bamp%3Bamp%3Bamp%3Bpage=2&amp%3Bamp%3Bpage=2&orderby=price_high_low HTTP/1.1" 403 0 "-" "Mozilla/5.0 (compatible; Barkrowler/0.9; +https://babbar.tech/crawler)"
65.21.232.254 - - [21/Dec/2024:09:32:03 -0500] "GET /vendor/aws/aws-sdk-php/src/Inspector2/?SD HTTP/1.1" 200 759 "-" "Mozilla/5.0 (compatible; MJ12bot/v1.4.8; http://mj12bot.com/)"
65.21.232.254 - - [21/Dec/2024:09:32:06 -0500] "GET /vendor/aws/aws-sdk-php/src/IoT1ClickDevicesService/?MD HTTP/1.1" 200 779 "-" "Mozilla/5.0 (compatible; MJ12bot/v1.4.8; http://mj12bot.com/)"
217.113.194.171 - - [21/Dec/2024:09:32:07 -0500] "GET /tour?amp%3Bpage=2&amp%3Bamp%3Bamp%3Bamp%3Bamp%3Bamp%3Bamp%3Bamp%3Bamp%3Borderby=price_low_high&amp%3Bamp%3Bamp%3Bamp%3Bamp%3Bamp%3Bamp%3Bamp%3Borderby=price_low_high&amp%3Bamp%3Bamp%3Bamp%3Bamp%3Bamp%3Bamp%3Borderby=price_high_low&amp%3Bamp%3Bamp%3Bamp%3Bamp%3Bamp%3Borderby=price_high_low&amp%3Bamp%3Bamp%3Borderby=price_high_low&amp%3Borderby=price_low_high&orderby=rate_high_low&page=2 HTTP/1.1" 403 0 "-" "Mozilla/5.0 (compatible; Barkrowler/0.9; +https://babbar.tech/crawler)"
65.21.232.254 - - [21/Dec/2024:09:32:08 -0500] "GET /vendor/aws/aws-sdk-php/src/IoT1ClickDevicesService/?NA HTTP/1.1" 200 773 "-" "Mozilla/5.0 (compatible; MJ12bot/v1.4.8; http://mj12bot.com/)"
65.21.232.254 - - [21/Dec/2024:09:32:10 -0500] "GET /vendor/aws/aws-sdk-php/src/IoT1ClickDevicesService/?SD HTTP/1.1" 200 779 "-" "Mozilla/5.0 (compatible; MJ12bot/v1.4.8; http://mj12bot.com/)"
217.113.194.171 - - [21/Dec/2024:09:32:11 -0500] "GET /tour?amp%3Borderby=rate_high_low&amp%3Bamp%3Bamp%3Bamp%3Bamp%3Bamp%3Bpage=2&amp%3Bamp%3Bamp%3Bamp%3Bamp%3Bpage=2&orderby=price_high_low&set_currency=gbp HTTP/1.1" 403 0 "-" "Mozilla/5.0 (compatible; Barkrowler/0.9; +https://babbar.tech/crawler)"
65.21.232.254 - - [21/Dec/2024:09:32:12 -0500] "GET /vendor/aws/aws-sdk-php/src/IoT1ClickProjects/?MD HTTP/1.1" 200 772 "-" "Mozilla/5.0 (compatible; MJ12bot/v1.4.8; http://mj12bot.com/)"
65.21.232.254 - - [21/Dec/2024:09:32:14 -0500] "GET /vendor/aws/aws-sdk-php/src/IoT1ClickProjects/?NA HTTP/1.1" 200 768 "-" "Mozilla/5.0 (compatible; MJ12bot/v1.4.8; http://mj12bot.com/)"
217.113.194.162 - - [21/Dec/2024:09:32:16 -0500] "GET /tour?amp%3Bpage=2&amp%3Bamp%3Bamp%3Bamp%3Bamp%3Bamp%3Bamp%3Bamp%3Bamp%3Borderby=price_low_high&amp%3Bamp%3Bamp%3Bamp%3Bamp%3Bamp%3Bamp%3Bamp%3Borderby=price_low_high&amp%3Bamp%3Bamp%3Bamp%3Bamp%3Bamp%3Bamp%3Borderby=price_high_low&amp%3Bamp%3Bamp%3Bamp%3Bamp%3Bamp%3Borderby=price_high_low&amp%3Bamp%3Bamp%3Bamp%3Borderby=price_high_low&amp%3Borderby=price_low_high&page=2&set_currency=usd HTTP/1.1" 403 0 "-" "Mozilla/5.0 (compatible; Barkrowler/0.9; +https://babbar.tech/crawler)"
65.21.232.254 - - [21/Dec/2024:09:32:17 -0500] "GET /vendor/aws/aws-sdk-php/src/IoT1ClickProjects/?SD HTTP/1.1" 200 769 "-" "Mozilla/5.0 (compatible; MJ12bot/v1.4.8; http://mj12bot.com/)"
65.21.232.254 - - [21/Dec/2024:09:32:19 -0500] "GET /vendor/aws/aws-sdk-php/src/IoTAnalytics/?MD HTTP/1.1" 200 764 "-" "Mozilla/5.0 (compatible; MJ12bot/v1.4.8; http://mj12bot.com/)"
217.113.194.162 - - [21/Dec/2024:09:32:21 -0500] "GET /tour?amp%3Borderby=rate_high_low&amp%3Bamp%3Bamp%3Bamp%3Bamp%3Bamp%3Bamp%3Bamp%3Bpage=2&amp%3Bamp%3Bamp%3Bamp%3Bamp%3Bamp%3Bamp%3Bpage=2&orderby=price_low_high HTTP/1.1" 403 0 "-" "Mozilla/5.0 (compatible; Barkrowler/0.9; +https://babbar.tech/crawler)"
65.21.232.254 - - [21/Dec/2024:09:32:21 -0500] "GET /vendor/aws/aws-sdk-php/src/IoTAnalytics/?NA HTTP/1.1" 200 756 "-" "Mozilla/5.0 (compatible; MJ12bot/v1.4.8; http://mj12bot.com/)"
65.21.232.254 - - [21/Dec/2024:09:32:24 -0500] "GET /vendor/aws/aws-sdk-php/src/IoTAnalytics/?SD HTTP/1.1" 200 762 "-" "Mozilla/5.0 (compatible; MJ12bot/v1.4.8; http://mj12bot.com/)"
217.113.194.170 - - [21/Dec/2024:09:32:25 -0500] "GET /tour?amp%3Bpage=2&amp%3Bamp%3Bamp%3Bamp%3Bamp%3Bamp%3Bamp%3Bamp%3Bamp%3Borderby=price_low_high&amp%3Bamp%3Bamp%3Bamp%3Bamp%3Bamp%3Bamp%3Bamp%3Borderby=price_low_high&amp%3Bamp%3Bamp%3Bamp%3Bamp%3Bamp%3Bamp%3Borderby=price_high_low&amp%3Bamp%3Bamp%3Bamp%3Bamp%3Bamp%3Borderby=price_high_low&amp%3Bamp%3Bamp%3Bamp%3Borderby=rate_high_low&amp%3Borderby=price_low_high&page=2&set_currency=usd HTTP/1.1" 403 0 "-" "Mozilla/5.0 (compatible; Barkrowler/0.9; +https://babbar.tech/crawler)"
65.21.232.254 - - [21/Dec/2024:09:32:26 -0500] "GET /vendor/aws/aws-sdk-php/src/IoTDeviceAdvisor/?MD HTTP/1.1" 200 768 "-" "Mozilla/5.0 (compatible; MJ12bot/v1.4.8; http://mj12bot.com/)"
65.21.232.254 - - [21/Dec/2024:09:32:28 -0500] "GET /vendor/aws/aws-sdk-php/src/IoTDeviceAdvisor/?NA HTTP/1.1" 200 761 "-" "Mozilla/5.0 (compatible; MJ12bot/v1.4.8; http://mj12bot.com/)"
217.113.194.165 - - [21/Dec/2024:09:32:30 -0500] "GET /tour?amp%3Borderby=rate_high_low&amp%3Bamp%3Bamp%3Bamp%3Bamp%3Bamp%3Bamp%3Bamp%3Bpage=2&amp%3Bamp%3Bamp%3Bamp%3Bamp%3Bamp%3Bamp%3Bpage=2&orderby=price_high_low HTTP/1.1" 403 0 "-" "Mozilla/5.0 (compatible; Barkrowler/0.9; +https://babbar.tech/crawler)"
65.21.232.254 - - [21/Dec/2024:09:32:30 -0500] "GET /vendor/aws/aws-sdk-php/src/IoTDeviceAdvisor/?SD HTTP/1.1" 200 769 "-" "Mozilla/5.0 (compatible; MJ12bot/v1.4.8; http://mj12bot.com/)"
65.21.232.254 - - [21/Dec/2024:09:32:33 -0500] "GET /vendor/aws/aws-sdk-php/src/IoTEvents/?MD HTTP/1.1" 200 763 "-" "Mozilla/5.0 (compatible; MJ12bot/v1.4.8; http://mj12bot.com/)"
217.113.194.170 - - [21/Dec/2024:09:32:34 -0500] "GET /tour?amp%3Bpage=2&amp%3Bamp%3Bamp%3Bamp%3Bamp%3Bamp%3Bamp%3Bamp%3Borderby=price_high_low&amp%3Bamp%3Bamp%3Bamp%3Bamp%3Bamp%3Bamp%3Borderby=price_high_low&amp%3Bamp%3Bamp%3Bamp%3Bamp%3Bamp%3Borderby=price_high_low&amp%3Bamp%3Bamp%3Bamp%3Bamp%3Borderby=price_high_low&amp%3Bamp%3Bamp%3Bamp%3Borderby=rate_high_low&amp%3Bamp%3Bamp%3Borderby=rate_high_low&amp%3Borderby=price_high_low&orderby= HTTP/1.1" 403 0 "-" "Mozilla/5.0 (compatible; Barkrowler/0.9; +https://babbar.tech/crawler)"
65.21.232.254 - - [21/Dec/2024:09:32:35 -0500] "GET /vendor/aws/aws-sdk-php/src/IoTEvents/?NA HTTP/1.1" 200 755 "-" "Mozilla/5.0 (compatible; MJ12bot/v1.4.8; http://mj12bot.com/)"
65.21.232.254 - - [21/Dec/2024:09:32:37 -0500] "GET /vendor/aws/aws-sdk-php/src/IoTEvents/?SD HTTP/1.1" 200 763 "-" "Mozilla/5.0 (compatible; MJ12bot/v1.4.8; http://mj12bot.com/)"
217.113.194.169 - - [21/Dec/2024:09:32:39 -0500] "GET /tour?amp%3Borderby=rate_high_low&amp%3Bamp%3Bamp%3Bamp%3Bamp%3Bpage=4&amp%3Bamp%3Bamp%3Bamp%3Bpage=2&amp%3Bamp%3Bamp%3Bpage=2&page=2&orderby=price_low_high HTTP/1.1" 403 0 "-" "Mozilla/5.0 (compatible; Barkrowler/0.9; +https://babbar.tech/crawler)"
65.21.232.254 - - [21/Dec/2024:09:32:39 -0500] "GET /vendor/aws/aws-sdk-php/src/IoTEventsData/?MD HTTP/1.1" 200 766 "-" "Mozilla/5.0 (compatible; MJ12bot/v1.4.8; http://mj12bot.com/)"
65.21.232.254 - - [21/Dec/2024:09:32:41 -0500] "GET /vendor/aws/aws-sdk-php/src/IoTEventsData/?NA HTTP/1.1" 200 761 "-" "Mozilla/5.0 (compatible; MJ12bot/v1.4.8; http://mj12bot.com/)"
217.113.194.163 - - [21/Dec/2024:09:32:43 -0500] "GET /tour?amp%3Bpage=2&amp%3Bamp%3Bamp%3Bamp%3Bamp%3Bamp%3Bamp%3Bamp%3Borderby=price_high_low&amp%3Bamp%3Bamp%3Bamp%3Bamp%3Bamp%3Bamp%3Borderby=price_low_high&amp%3Bamp%3Bamp%3Bamp%3Bamp%3Bamp%3Borderby=rate_high_low&amp%3Bamp%3Bamp%3Bamp%3Bamp%3Borderby=price_low_high&amp%3Bamp%3Bamp%3Bamp%3Borderby=price_high_low&amp%3Bamp%3Bamp%3Borderby=price_high_low&amp%3Bamp%3Borderby=rate_high_low HTTP/1.1" 403 0 "-" "Mozilla/5.0 (compatible; Barkrowler/0.9; +https://babbar.tech/crawler)"
65.21.232.254 - - [21/Dec/2024:09:32:44 -0500] "GET /vendor/aws/aws-sdk-php/src/IoTEventsData/?SD HTTP/1.1" 200 765 "-" "Mozilla/5.0 (compatible; MJ12bot/v1.4.8; http://mj12bot.com/)"
65.21.232.254 - - [21/Dec/2024:09:32:46 -0500] "GET /vendor/aws/aws-sdk-php/src/IoTFleetHub/?MD HTTP/1.1" 200 763 "-" "Mozilla/5.0 (compatible; MJ12bot/v1.4.8; http://mj12bot.com/)"
217.113.194.169 - - [21/Dec/2024:09:32:48 -0500] "GET /tour?amp%3Borderby=rate_high_low&amp%3Bamp%3Bamp%3Bamp%3Bamp%3Bpage=4&amp%3Bamp%3Bamp%3Bamp%3Bpage=3&amp%3Bamp%3Bamp%3Bpage=1&amp%3Bpage=1&page=2&orderby= HTTP/1.1" 403 0 "-" "Mozilla/5.0 (compatible; Barkrowler/0.9; +https://babbar.tech/crawler)"
65.21.232.254 - - [21/Dec/2024:09:32:48 -0500] "GET /vendor/aws/aws-sdk-php/src/IoTFleetHub/?NA HTTP/1.1" 200 758 "-" "Mozilla/5.0 (compatible; MJ12bot/v1.4.8; http://mj12bot.com/)"
65.21.232.254 - - [21/Dec/2024:09:32:51 -0500] "GET /vendor/aws/aws-sdk-php/src/IoTFleetHub/?SD HTTP/1.1" 200 766 "-" "Mozilla/5.0 (compatible; MJ12bot/v1.4.8; http://mj12bot.com/)"
217.113.194.250 - - [21/Dec/2024:09:32:51 -0500] "GET /tour?amp%3Bpage=2&amp%3Bamp%3Bamp%3Bamp%3Bamp%3Bamp%3Bamp%3Bamp%3Borderby=price_low_high&amp%3Bamp%3Bamp%3Bamp%3Bamp%3Bamp%3Bamp%3Borderby=price_low_high&amp%3Bamp%3Bamp%3Bamp%3Bamp%3Bamp%3Borderby=price_high_low&amp%3Bamp%3Bamp%3Bamp%3Bamp%3Borderby=price_low_high&amp%3Bamp%3Bamp%3Bamp%3Borderby=price_low_high&amp%3Bamp%3Borderby=price_low_high&amp%3Borderby=price_high_low&orderby=rate_high_low HTTP/1.1" 403 0 "-" "Mozilla/5.0 (compatible; Barkrowler/0.9; +https://babbar.tech/crawler)"
65.21.232.254 - - [21/Dec/2024:09:32:53 -0500] "GET /vendor/aws/aws-sdk-php/src/IoTJobsDataPlane/?MD HTTP/1.1" 200 772 "-" "Mozilla/5.0 (compatible; MJ12bot/v1.4.8; http://mj12bot.com/)"
65.21.232.254 - - [21/Dec/2024:09:32:55 -0500] "GET /vendor/aws/aws-sdk-php/src/IoTJobsDataPlane/?NA HTTP/1.1" 200 766 "-" "Mozilla/5.0 (compatible; MJ12bot/v1.4.8; http://mj12bot.com/)"
217.113.194.167 - - [21/Dec/2024:09:32:57 -0500] "GET /tour?amp%3Borderby=rate_high_low&amp%3Bamp%3Bamp%3Bamp%3Bamp%3Bpage=2&amp%3Bamp%3Bamp%3Bamp%3Bpage=1&amp%3Bamp%3Bamp%3Bpage=2&page=2&orderby=price_low_high HTTP/1.1" 403 0 "-" "Mozilla/5.0 (compatible; Barkrowler/0.9; +https://babbar.tech/crawler)"
65.21.232.254 - - [21/Dec/2024:09:32:58 -0500] "GET /vendor/aws/aws-sdk-php/src/IoTJobsDataPlane/?SD HTTP/1.1" 200 773 "-" "Mozilla/5.0 (compatible; MJ12bot/v1.4.8; http://mj12bot.com/)"
65.21.232.254 - - [21/Dec/2024:09:33:00 -0500] "GET /vendor/aws/aws-sdk-php/src/IoTSecureTunneling/?MD HTTP/1.1" 200 769 "-" "Mozilla/5.0 (compatible; MJ12bot/v1.4.8; http://mj12bot.com/)"
217.113.194.164 - - [21/Dec/2024:09:33:02 -0500] "GET /tour?amp%3Bpage=1&amp%3Bamp%3Bamp%3Bamp%3Bamp%3Bamp%3Bamp%3Bamp%3Borderby=price_low_high&amp%3Bamp%3Bamp%3Bamp%3Bamp%3Bamp%3Bamp%3Borderby=price_low_high&amp%3Bamp%3Bamp%3Bamp%3Bamp%3Bamp%3Borderby=price_high_low&amp%3Bamp%3Bamp%3Bamp%3Bamp%3Borderby=price_high_low&amp%3Bamp%3Bamp%3Borderby=rate_high_low&amp%3Bamp%3Borderby=price_high_low&orderby=price_high_low&page=2&set_currency=gbp HTTP/1.1" 403 0 "-" "Mozilla/5.0 (compatible; Barkrowler/0.9; +https://babbar.tech/crawler)"
65.21.232.254 - - [21/Dec/2024:09:33:02 -0500] "GET /vendor/aws/aws-sdk-php/src/IoTSecureTunneling/?NA HTTP/1.1" 200 764 "-" "Mozilla/5.0 (compatible; MJ12bot/v1.4.8; http://mj12bot.com/)"
65.21.232.254 - - [21/Dec/2024:09:33:04 -0500] "GET /vendor/aws/aws-sdk-php/src/IoTSecureTunneling/?SD HTTP/1.1" 200 769 "-" "Mozilla/5.0 (compatible; MJ12bot/v1.4.8; http://mj12bot.com/)"
217.113.194.171 - - [21/Dec/2024:09:33:07 -0500] "GET /tour?amp%3Borderby=rate_high_low&amp%3Bamp%3Bamp%3Bamp%3Bamp%3Bpage=2&amp%3Bamp%3Bamp%3Bamp%3Bpage=1&amp%3Bamp%3Bamp%3Bpage=2&amp%3Bamp%3Bpage=2&page=1 HTTP/1.1" 403 0 "-" "Mozilla/5.0 (compatible; Barkrowler/0.9; +https://babbar.tech/crawler)"
65.21.232.254 - - [21/Dec/2024:09:33:07 -0500] "GET /vendor/aws/aws-sdk-php/src/IoTSiteWise/?MD HTTP/1.1" 200 766 "-" "Mozilla/5.0 (compatible; MJ12bot/v1.4.8; http://mj12bot.com/)"
65.21.232.254 - - [21/Dec/2024:09:33:09 -0500] "GET /vendor/aws/aws-sdk-php/src/IoTSiteWise/?NA HTTP/1.1" 200 760 "-" "Mozilla/5.0 (compatible; MJ12bot/v1.4.8; http://mj12bot.com/)"
217.113.194.250 - - [21/Dec/2024:09:33:11 -0500] "GET /tour?amp%3Bpage=1&amp%3Bamp%3Bamp%3Bamp%3Bamp%3Bamp%3Bamp%3Bamp%3Borderby=price_low_high&amp%3Bamp%3Bamp%3Bamp%3Bamp%3Bamp%3Bamp%3Borderby=price_low_high&amp%3Bamp%3Bamp%3Bamp%3Bamp%3Bamp%3Borderby=price_high_low&amp%3Bamp%3Bamp%3Bamp%3Bamp%3Borderby=price_high_low&amp%3Bamp%3Bamp%3Borderby=price_low_high&amp%3Bamp%3Borderby=price_low_high&page=2&orderby=price_low_high&set_currency=gbp HTTP/1.1" 403 0 "-" "Mozilla/5.0 (compatible; Barkrowler/0.9; +https://babbar.tech/crawler)"
65.21.232.254 - - [21/Dec/2024:09:33:11 -0500] "GET /vendor/aws/aws-sdk-php/src/IoTSiteWise/?SD HTTP/1.1" 200 767 "-" "Mozilla/5.0 (compatible; MJ12bot/v1.4.8; http://mj12bot.com/)"
47.128.117.85 - - [21/Dec/2024:09:33:12 -0500] "GET /storage/framework/views/e2bc740f4672aecabf4b082aa68fb01a0e6e632d.php HTTP/1.1" 500 48 "-" "Mozilla/5.0 (Linux; Android 5.0) AppleWebKit/537.36 (KHTML, like Gecko) Mobile Safari/537.36 (compatible; Bytespider; spider-feedback@bytedance.com)"
65.21.232.254 - - [21/Dec/2024:09:33:14 -0500] "GET /vendor/aws/aws-sdk-php/src/IoTThingsGraph/?MD HTTP/1.1" 200 769 "-" "Mozilla/5.0 (compatible; MJ12bot/v1.4.8; http://mj12bot.com/)"
217.113.194.162 - - [21/Dec/2024:09:33:16 -0500] "GET /tour?amp%3Borderby=rate_high_low&amp%3Bamp%3Bamp%3Bamp%3Bamp%3Bpage=2&amp%3Bamp%3Bamp%3Bamp%3Bpage=3&amp%3Bamp%3Bpage=1&amp%3Bpage=2&set_currency=usd HTTP/1.1" 403 0 "-" "Mozilla/5.0 (compatible; Barkrowler/0.9; +https://babbar.tech/crawler)"
65.21.232.254 - - [21/Dec/2024:09:33:16 -0500] "GET /vendor/aws/aws-sdk-php/src/IoTThingsGraph/?NA HTTP/1.1" 200 762 "-" "Mozilla/5.0 (compatible; MJ12bot/v1.4.8; http://mj12bot.com/)"
65.21.232.254 - - [21/Dec/2024:09:33:18 -0500] "GET /vendor/aws/aws-sdk-php/src/IoTThingsGraph/?SD HTTP/1.1" 200 770 "-" "Mozilla/5.0 (compatible; MJ12bot/v1.4.8; http://mj12bot.com/)"
217.113.194.168 - - [21/Dec/2024:09:33:20 -0500] "GET /tour?amp%3Bpage=1&amp%3Bamp%3Bamp%3Bamp%3Bamp%3Bamp%3Bamp%3Bamp%3Borderby=price_low_high&amp%3Bamp%3Bamp%3Bamp%3Bamp%3Bamp%3Bamp%3Borderby=price_low_high&amp%3Bamp%3Bamp%3Bamp%3Bamp%3Bamp%3Borderby=price_high_low&amp%3Bamp%3Bamp%3Bamp%3Bamp%3Borderby=price_low_high&amp%3Bamp%3Bamp%3Bamp%3Borderby=price_high_low&amp%3Bamp%3Bamp%3Borderby=rate_high_low&amp%3Borderby=price_low_high&page=2 HTTP/1.1" 403 0 "-" "Mozilla/5.0 (compatible; Barkrowler/0.9; +https://babbar.tech/crawler)"
65.21.232.254 - - [21/Dec/2024:09:33:21 -0500] "GET /vendor/aws/aws-sdk-php/src/IoTTwinMaker/?MD HTTP/1.1" 200 772 "-" "Mozilla/5.0 (compatible; MJ12bot/v1.4.8; http://mj12bot.com/)"
65.21.232.254 - - [21/Dec/2024:09:33:23 -0500] "GET /vendor/aws/aws-sdk-php/src/IoTTwinMaker/?NA HTTP/1.1" 200 766 "-" "Mozilla/5.0 (compatible; MJ12bot/v1.4.8; http://mj12bot.com/)"
217.113.194.167 - - [21/Dec/2024:09:33:24 -0500] "GET /tour?amp%3Borderby=rate_high_low&amp%3Bamp%3Bamp%3Bamp%3Bamp%3Bpage=2&amp%3Bamp%3Bamp%3Bamp%3Bpage=2&amp%3Bamp%3Bamp%3Bpage=1&page=2&orderby=price_high_low HTTP/1.1" 403 0 "-" "Mozilla/5.0 (compatible; Barkrowler/0.9; +https://babbar.tech/crawler)"
65.21.232.254 - - [21/Dec/2024:09:33:25 -0500] "GET /vendor/aws/aws-sdk-php/src/IoTTwinMaker/?SD HTTP/1.1" 200 771 "-" "Mozilla/5.0 (compatible; MJ12bot/v1.4.8; http://mj12bot.com/)"
65.21.232.254 - - [21/Dec/2024:09:33:28 -0500] "GET /vendor/aws/aws-sdk-php/src/IoTWireless/?MD HTTP/1.1" 200 763 "-" "Mozilla/5.0 (compatible; MJ12bot/v1.4.8; http://mj12bot.com/)"
217.113.194.166 - - [21/Dec/2024:09:33:29 -0500] "GET /tour?amp%3Bpage=1&amp%3Bamp%3Bamp%3Bamp%3Bamp%3Bamp%3Bamp%3Bamp%3Bamp%3Bamp%3Borderby=price_high_low&amp%3Bamp%3Bamp%3Bamp%3Bamp%3Bamp%3Bamp%3Bamp%3Bamp%3Borderby=price_low_high&amp%3Bamp%3Bamp%3Bamp%3Bamp%3Bamp%3Bamp%3Bamp%3Borderby=rate_high_low&amp%3Bamp%3Bamp%3Bamp%3Bamp%3Borderby=rate_high_low&amp%3Bamp%3Bamp%3Bamp%3Borderby=price_high_low&amp%3Borderby=price_low_high&orderby=price_high_low HTTP/1.1" 403 0 "-" "Mozilla/5.0 (compatible; Barkrowler/0.9; +https://babbar.tech/crawler)"
66.249.79.35 - - [21/Dec/2024:09:33:25 -0500] "GET /public/tour?loknya=/home/wavevlvu/book24.ng/public/module HTTP/1.1" 200 2569 "-" "Mozilla/5.0 (Linux; Android 6.0.1; Nexus 5X Build/MMB29P) AppleWebKit/537.36 (KHTML, like Gecko) Chrome/131.0.6778.139 Mobile Safari/537.36 (compatible; GoogleOther)"
65.21.232.254 - - [21/Dec/2024:09:33:30 -0500] "GET /vendor/aws/aws-sdk-php/src/IoTWireless/?NA HTTP/1.1" 200 760 "-" "Mozilla/5.0 (compatible; MJ12bot/v1.4.8; http://mj12bot.com/)"
65.21.232.254 - - [21/Dec/2024:09:33:32 -0500] "GET /vendor/aws/aws-sdk-php/src/IoTWireless/?SD HTTP/1.1" 200 764 "-" "Mozilla/5.0 (compatible; MJ12bot/v1.4.8; http://mj12bot.com/)"
217.113.194.250 - - [21/Dec/2024:09:33:33 -0500] "GET /tour?amp%3Borderby=rate_high_low&amp%3Bamp%3Bamp%3Bamp%3Bamp%3Bpage=2&amp%3Bamp%3Bamp%3Bamp%3Bpage=2&amp%3Bamp%3Bamp%3Bpage=1&page=2&orderby=price_low_high HTTP/1.1" 403 0 "-" "Mozilla/5.0 (compatible; Barkrowler/0.9; +https://babbar.tech/crawler)"
65.21.232.254 - - [21/Dec/2024:09:33:34 -0500] "GET /vendor/aws/aws-sdk-php/src/Iot/?MD HTTP/1.1" 200 755 "-" "Mozilla/5.0 (compatible; MJ12bot/v1.4.8; http://mj12bot.com/)"
65.21.232.254 - - [21/Dec/2024:09:33:37 -0500] "GET /vendor/aws/aws-sdk-php/src/Iot/?NA HTTP/1.1" 200 750 "-" "Mozilla/5.0 (compatible; MJ12bot/v1.4.8; http://mj12bot.com/)"
217.113.194.166 - - [21/Dec/2024:09:33:37 -0500] "GET /tour?amp%3Bpage=1&amp%3Bamp%3Bamp%3Bamp%3Bamp%3Bamp%3Bamp%3Bamp%3Bamp%3Bamp%3Borderby=price_low_high&amp%3Bamp%3Bamp%3Bamp%3Bamp%3Bamp%3Bamp%3Bamp%3Bamp%3Borderby=price_low_high&amp%3Bamp%3Bamp%3Bamp%3Bamp%3Bamp%3Bamp%3Bamp%3Borderby=price_high_low&amp%3Bamp%3Bamp%3Bamp%3Bamp%3Bamp%3Bamp%3Borderby=price_high_low&amp%3Bamp%3Bamp%3Bamp%3Bamp%3Borderby=rate_high_low&amp%3Bamp%3Borderby=rate_high_low HTTP/1.1" 403 0 "-" "Mozilla/5.0 (compatible; Barkrowler/0.9; +https://babbar.tech/crawler)"
65.21.232.254 - - [21/Dec/2024:09:33:39 -0500] "GET /vendor/aws/aws-sdk-php/src/Iot/?SD HTTP/1.1" 200 755 "-" "Mozilla/5.0 (compatible; MJ12bot/v1.4.8; http://mj12bot.com/)"
65.21.232.254 - - [21/Dec/2024:09:33:41 -0500] "GET /vendor/aws/aws-sdk-php/src/IotDataPlane/?MD HTTP/1.1" 200 769 "-" "Mozilla/5.0 (compatible; MJ12bot/v1.4.8; http://mj12bot.com/)"
217.113.194.169 - - [21/Dec/2024:09:33:43 -0500] "GET /tour?amp%3Borderby=rate_high_low&amp%3Bamp%3Bamp%3Bamp%3Bamp%3Bpage=2&amp%3Bamp%3Bamp%3Bamp%3Bpage=2&amp%3Bamp%3Bamp%3Bpage=1&amp%3Bamp%3Bpage=2&page=1 HTTP/1.1" 403 0 "-" "Mozilla/5.0 (compatible; Barkrowler/0.9; +https://babbar.tech/crawler)"
65.21.232.254 - - [21/Dec/2024:09:33:43 -0500] "GET /vendor/aws/aws-sdk-php/src/IotDataPlane/?NA HTTP/1.1" 200 764 "-" "Mozilla/5.0 (compatible; MJ12bot/v1.4.8; http://mj12bot.com/)"
65.21.232.254 - - [21/Dec/2024:09:33:46 -0500] "GET /vendor/aws/aws-sdk-php/src/IotDataPlane/?SD HTTP/1.1" 200 769 "-" "Mozilla/5.0 (compatible; MJ12bot/v1.4.8; http://mj12bot.com/)"
217.113.194.170 - - [21/Dec/2024:09:33:46 -0500] "GET /tour?amp%3Bpage=1&amp%3Bamp%3Bamp%3Bamp%3Bamp%3Bamp%3Bamp%3Bamp%3Bamp%3Borderby=price_high_low&amp%3Bamp%3Bamp%3Bamp%3Bamp%3Bamp%3Bamp%3Bamp%3Borderby=price_low_high&amp%3Bamp%3Bamp%3Bamp%3Bamp%3Bamp%3Bamp%3Borderby=rate_high_low&amp%3Bamp%3Bamp%3Bamp%3Borderby=price_low_high&amp%3Bamp%3Bamp%3Borderby=price_high_low&amp%3Bamp%3Borderby=price_high_low&amp%3Borderby=rate_high_low&orderby= HTTP/1.1" 403 0 "-" "Mozilla/5.0 (compatible; Barkrowler/0.9; +https://babbar.tech/crawler)"
65.21.232.254 - - [21/Dec/2024:09:33:48 -0500] "GET /vendor/aws/aws-sdk-php/src/Kafka/?MD HTTP/1.1" 200 757 "-" "Mozilla/5.0 (compatible; MJ12bot/v1.4.8; http://mj12bot.com/)"
65.21.232.254 - - [21/Dec/2024:09:33:50 -0500] "GET /vendor/aws/aws-sdk-php/src/Kafka/?NA HTTP/1.1" 200 748 "-" "Mozilla/5.0 (compatible; MJ12bot/v1.4.8; http://mj12bot.com/)"
154.54.249.211 - - [21/Dec/2024:09:33:51 -0500] "GET /tour?amp%3Borderby=rate_high_low&amp%3Bamp%3Bamp%3Bamp%3Bamp%3Bpage=2&amp%3Bamp%3Bamp%3Bamp%3Bpage=2&amp%3Bamp%3Bamp%3Bpage=1&orderby=price_high_low&page=1 HTTP/1.1" 403 0 "-" "Mozilla/5.0 (compatible; Barkrowler/0.9; +https://babbar.tech/crawler)"
65.21.232.254 - - [21/Dec/2024:09:33:52 -0500] "GET /vendor/aws/aws-sdk-php/src/Kafka/?SD HTTP/1.1" 200 754 "-" "Mozilla/5.0 (compatible; MJ12bot/v1.4.8; http://mj12bot.com/)"
65.21.232.254 - - [21/Dec/2024:09:33:54 -0500] "GET /vendor/aws/aws-sdk-php/src/KafkaConnect/?MD HTTP/1.1" 200 767 "-" "Mozilla/5.0 (compatible; MJ12bot/v1.4.8; http://mj12bot.com/)"
217.113.194.162 - - [21/Dec/2024:09:33:55 -0500] "GET /tour?amp%3Bpage=1&amp%3Bamp%3Bamp%3Bamp%3Bamp%3Bamp%3Bamp%3Bamp%3Bamp%3Borderby=price_high_low&amp%3Bamp%3Bamp%3Bamp%3Bamp%3Bamp%3Bamp%3Bamp%3Borderby=price_low_high&amp%3Bamp%3Bamp%3Bamp%3Bamp%3Bamp%3Bamp%3Borderby=rate_high_low&amp%3Bamp%3Bamp%3Bamp%3Borderby=price_low_high&amp%3Bamp%3Bamp%3Borderby=price_low_high&amp%3Bamp%3Borderby=rate_high_low&amp%3Borderby=price_low_high&orderby= HTTP/1.1" 403 0 "-" "Mozilla/5.0 (compatible; Barkrowler/0.9; +https://babbar.tech/crawler)"
65.21.232.254 - - [21/Dec/2024:09:33:57 -0500] "GET /vendor/aws/aws-sdk-php/src/KafkaConnect/?NA HTTP/1.1" 200 759 "-" "Mozilla/5.0 (compatible; MJ12bot/v1.4.8; http://mj12bot.com/)"
65.21.232.254 - - [21/Dec/2024:09:33:59 -0500] "GET /vendor/aws/aws-sdk-php/src/KafkaConnect/?SD HTTP/1.1" 200 765 "-" "Mozilla/5.0 (compatible; MJ12bot/v1.4.8; http://mj12bot.com/)"
217.113.194.163 - - [21/Dec/2024:09:34:00 -0500] "GET /tour?amp%3Borderby=rate_high_low&amp%3Bamp%3Bamp%3Bamp%3Bamp%3Bpage=2&amp%3Bamp%3Bamp%3Bamp%3Bpage=2&amp%3Bamp%3Bamp%3Bpage=1&orderby=price_low_high&page=1 HTTP/1.1" 403 0 "-" "Mozilla/5.0 (compatible; Barkrowler/0.9; +https://babbar.tech/crawler)"
65.21.232.254 - - [21/Dec/2024:09:34:01 -0500] "GET /vendor/aws/aws-sdk-php/src/Keyspaces/?MD HTTP/1.1" 200 760 "-" "Mozilla/5.0 (compatible; MJ12bot/v1.4.8; http://mj12bot.com/)"
65.21.232.254 - - [21/Dec/2024:09:34:03 -0500] "GET /vendor/aws/aws-sdk-php/src/Keyspaces/?NA HTTP/1.1" 200 755 "-" "Mozilla/5.0 (compatible; MJ12bot/v1.4.8; http://mj12bot.com/)"
217.113.194.169 - - [21/Dec/2024:09:34:04 -0500] "GET /tour?amp%3Bpage=1&amp%3Bamp%3Bamp%3Bamp%3Bamp%3Bamp%3Bamp%3Bamp%3Bamp%3Borderby=price_low_high&amp%3Bamp%3Bamp%3Bamp%3Bamp%3Bamp%3Bamp%3Bamp%3Borderby=price_low_high&amp%3Bamp%3Bamp%3Bamp%3Bamp%3Bamp%3Bamp%3Borderby=price_high_low&amp%3Bamp%3Bamp%3Bamp%3Bamp%3Bamp%3Borderby=price_high_low&amp%3Bamp%3Borderby=price_low_high&amp%3Borderby=price_low_high&orderby=price_high_low&set_currency=usd HTTP/1.1" 403 0 "-" "Mozilla/5.0 (compatible; Barkrowler/0.9; +https://babbar.tech/crawler)"
65.21.232.254 - - [21/Dec/2024:09:34:05 -0500] "GET /vendor/aws/aws-sdk-php/src/Keyspaces/?SD HTTP/1.1" 200 760 "-" "Mozilla/5.0 (compatible; MJ12bot/v1.4.8; http://mj12bot.com/)"
65.21.232.254 - - [21/Dec/2024:09:34:07 -0500] "GET /vendor/aws/aws-sdk-php/src/Kinesis/?MD HTTP/1.1" 200 756 "-" "Mozilla/5.0 (compatible; MJ12bot/v1.4.8; http://mj12bot.com/)"
217.113.194.162 - - [21/Dec/2024:09:34:08 -0500] "GET /tour?amp%3Borderby=rate_high_low&amp%3Bamp%3Bamp%3Bamp%3Bamp%3Bpage=2&amp%3Bamp%3Bamp%3Bamp%3Bpage=2&amp%3Bamp%3Bamp%3Bpage=2&orderby=price_low_high&page=2 HTTP/1.1" 403 0 "-" "Mozilla/5.0 (compatible; Barkrowler/0.9; +https://babbar.tech/crawler)"
65.21.232.254 - - [21/Dec/2024:09:34:10 -0500] "GET /vendor/aws/aws-sdk-php/src/Kinesis/?NA HTTP/1.1" 200 753 "-" "Mozilla/5.0 (compatible; MJ12bot/v1.4.8; http://mj12bot.com/)"
65.21.232.254 - - [21/Dec/2024:09:34:12 -0500] "GET /vendor/aws/aws-sdk-php/src/Kinesis/?SD HTTP/1.1" 200 757 "-" "Mozilla/5.0 (compatible; MJ12bot/v1.4.8; http://mj12bot.com/)"
217.113.194.168 - - [21/Dec/2024:09:34:12 -0500] "GET /tour?amp%3Bpage=1&amp%3Bamp%3Bamp%3Bamp%3Bamp%3Bamp%3Bamp%3Bamp%3Bamp%3Borderby=price_low_high&amp%3Bamp%3Bamp%3Bamp%3Bamp%3Bamp%3Bamp%3Bamp%3Borderby=price_low_high&amp%3Bamp%3Bamp%3Bamp%3Bamp%3Bamp%3Bamp%3Borderby=price_high_low&amp%3Bamp%3Bamp%3Bamp%3Bamp%3Bamp%3Borderby=price_high_low&amp%3Bamp%3Bamp%3Borderby=rate_high_low&amp%3Bamp%3Borderby=rate_high_low&page=2&set_currency=gbp HTTP/1.1" 403 0 "-" "Mozilla/5.0 (compatible; Barkrowler/0.9; +https://babbar.tech/crawler)"
65.21.232.254 - - [21/Dec/2024:09:34:14 -0500] "GET /vendor/aws/aws-sdk-php/src/Personalize/?NA HTTP/1.1" 200 753 "-" "Mozilla/5.0 (compatible; MJ12bot/v1.4.8; http://mj12bot.com/)"
65.21.232.254 - - [21/Dec/2024:09:34:16 -0500] "GET /vendor/aws/aws-sdk-php/src/Personalize/?SD HTTP/1.1" 200 757 "-" "Mozilla/5.0 (compatible; MJ12bot/v1.4.8; http://mj12bot.com/)"
217.113.194.162 - - [21/Dec/2024:09:34:17 -0500] "GET /tour?amp%3Borderby=rate_high_low&amp%3Bamp%3Bamp%3Bamp%3Bamp%3Bpage=2&amp%3Bamp%3Bamp%3Bamp%3Bpage=2&amp%3Bamp%3Bamp%3Bpage=1&orderby=price_high_low&page=1 HTTP/1.1" 403 0 "-" "Mozilla/5.0 (compatible; Barkrowler/0.9; +https://babbar.tech/crawler)"
65.21.232.254 - - [21/Dec/2024:09:34:18 -0500] "GET /vendor/aws/aws-sdk-php/src/PersonalizeEvents/?MD HTTP/1.1" 200 765 "-" "Mozilla/5.0 (compatible; MJ12bot/v1.4.8; http://mj12bot.com/)"
217.113.194.164 - - [21/Dec/2024:09:34:22 -0500] "GET /tour?amp%3Bpage=1&amp%3Bamp%3Bamp%3Bamp%3Bamp%3Bamp%3Bamp%3Bamp%3Bamp%3Borderby=price_low_high&amp%3Bamp%3Bamp%3Bamp%3Bamp%3Bamp%3Bamp%3Bamp%3Borderby=price_low_high&amp%3Bamp%3Bamp%3Bamp%3Bamp%3Bamp%3Bamp%3Borderby=price_high_low&amp%3Bamp%3Bamp%3Bamp%3Bamp%3Bamp%3Borderby=price_high_low&amp%3Bamp%3Bamp%3Borderby=rate_high_low&amp%3Bamp%3Borderby=rate_high_low&page=2&orderby=rate_high_low HTTP/1.1" 403 0 "-" "Mozilla/5.0 (compatible; Barkrowler/0.9; +https://babbar.tech/crawler)"
217.113.194.168 - - [21/Dec/2024:09:34:26 -0500] "GET /tour?amp%3Borderby=rate_high_low&amp%3Bamp%3Bamp%3Bamp%3Bamp%3Bpage=2&amp%3Bamp%3Bamp%3Bamp%3Bpage=1&amp%3Bamp%3Bamp%3Bpage=2&amp%3Bamp%3Bpage=2&amp%3Bpage=2 HTTP/1.1" 403 0 "-" "Mozilla/5.0 (compatible; Barkrowler/0.9; +https://babbar.tech/crawler)"
217.113.194.171 - - [21/Dec/2024:09:34:31 -0500] "GET /tour?amp%3Bpage=1&amp%3Bamp%3Bamp%3Bamp%3Bamp%3Bamp%3Bamp%3Bamp%3Bamp%3Borderby=price_low_high&amp%3Bamp%3Bamp%3Bamp%3Bamp%3Bamp%3Bamp%3Bamp%3Borderby=price_low_high&amp%3Bamp%3Bamp%3Bamp%3Bamp%3Bamp%3Bamp%3Borderby=price_high_low&amp%3Bamp%3Bamp%3Bamp%3Bamp%3Bamp%3Borderby=price_high_low&amp%3Bamp%3Bamp%3Borderby=rate_high_low&amp%3Bamp%3Borderby=price_high_low&page=2&set_currency=usd HTTP/1.1" 403 0 "-" "Mozilla/5.0 (compatible; Barkrowler/0.9; +https://babbar.tech/crawler)"
217.113.194.165 - - [21/Dec/2024:09:34:34 -0500] "GET /tour?amp%3Bpage=2&amp%3Bamp%3Bamp%3Borderby=rate_high_low&amp%3Bamp%3Borderby=rate_high_low&amp%3Borderby=rate_high_low&page=2&orderby=price_high_low HTTP/1.1" 403 0 "-" "Mozilla/5.0 (compatible; Barkrowler/0.9; +https://babbar.tech/crawler)"
217.113.194.170 - - [21/Dec/2024:09:34:40 -0500] "GET /tour?amp%3Bpage=1&amp%3Bamp%3Bamp%3Bamp%3Bamp%3Bamp%3Bamp%3Bamp%3Bamp%3Borderby=price_low_high&amp%3Bamp%3Bamp%3Bamp%3Bamp%3Bamp%3Bamp%3Bamp%3Borderby=price_low_high&amp%3Bamp%3Bamp%3Bamp%3Bamp%3Bamp%3Bamp%3Borderby=price_high_low&amp%3Bamp%3Bamp%3Bamp%3Bamp%3Bamp%3Borderby=price_high_low&amp%3Bamp%3Bamp%3Borderby=rate_high_low&amp%3Bamp%3Borderby=price_high_low&page=2&orderby=rate_high_low HTTP/1.1" 403 0 "-" "Mozilla/5.0 (compatible; Barkrowler/0.9; +https://babbar.tech/crawler)"
