217.113.194.165 - - [21/Dec/2024:10:21:02 -0500] "GET /tour?amp%3Bpage=2&amp%3Bamp%3Bamp%3Bamp%3Bamp%3Bamp%3Bamp%3Bamp%3Bamp%3Borderby=price_high_low&amp%3Bamp%3Bamp%3Bamp%3Bamp%3Bamp%3Bamp%3Bamp%3Borderby=price_low_high&amp%3Bamp%3Bamp%3Bamp%3Bamp%3Bamp%3Bamp%3Borderby=rate_high_low&amp%3Bamp%3Bamp%3Bamp%3Borderby=price_low_high&amp%3Bamp%3Bamp%3Borderby=price_high_low&amp%3Bamp%3Borderby=rate_high_low&amp%3Borderby=price_high_low&orderby=price_low_high HTTP/1.1" 403 0 "-" "Mozilla/5.0 (compatible; Barkrowler/0.9; +https://babbar.tech/crawler)"
37.187.73.123 - - [21/Dec/2024:10:21:06 -0500] "GET /vendor/aws/aws-sdk-php/src/Support/Exception/?ND HTTP/1.1" 200 656 "-" "Mozilla/5.0 (compatible; MJ12bot/v1.4.8; http://mj12bot.com/)"
154.54.249.211 - - [21/Dec/2024:10:21:07 -0500] "GET /tour?amp%3Bamp%3Borderby=price_high_low&amp%3Bamp%3Bamp%3Bamp%3Bamp%3Bpage=1&amp%3Bamp%3Bamp%3Bamp%3Bpage=2&amp%3Bamp%3Bpage=2&orderby=price_high_low&page=2 HTTP/1.1" 403 0 "-" "Mozilla/5.0 (compatible; Barkrowler/0.9; +https://babbar.tech/crawler)"
37.187.73.123 - - [21/Dec/2024:10:21:10 -0500] "GET /vendor/aws/aws-sdk-php/src/Support/Exception/?SA HTTP/1.1" 200 661 "-" "Mozilla/5.0 (compatible; MJ12bot/v1.4.8; http://mj12bot.com/)"
217.113.194.167 - - [21/Dec/2024:10:21:11 -0500] "GET /tour?amp%3Bpage=2&amp%3Bamp%3Bamp%3Bamp%3Bamp%3Bamp%3Bamp%3Bamp%3Bamp%3Borderby=price_high_low&amp%3Bamp%3Bamp%3Bamp%3Bamp%3Bamp%3Bamp%3Bamp%3Borderby=price_low_high&amp%3Bamp%3Bamp%3Bamp%3Bamp%3Bamp%3Bamp%3Borderby=rate_high_low&amp%3Bamp%3Bamp%3Bamp%3Borderby=price_low_high&amp%3Bamp%3Bamp%3Borderby=price_high_low&amp%3Bamp%3Borderby=rate_high_low&amp%3Borderby=price_low_high&orderby=price_high_low HTTP/1.1" 403 0 "-" "Mozilla/5.0 (compatible; Barkrowler/0.9; +https://babbar.tech/crawler)"
47.128.32.176 - - [21/Dec/2024:10:21:12 -0500] "GET /storage/framework/cache/data/dd/e8/ HTTP/1.1" 200 654 "-" "Mozilla/5.0 (compatible; Bytespider; spider-feedback@bytedance.com) AppleWebKit/537.36 (KHTML, like Gecko) Chrome/70.0.0.0 Safari/537.36"
37.187.73.123 - - [21/Dec/2024:10:21:12 -0500] "GET /vendor/aws/aws-sdk-php/src/Swf/Exception/?MA HTTP/1.1" 200 653 "-" "Mozilla/5.0 (compatible; MJ12bot/v1.4.8; http://mj12bot.com/)"
217.113.194.162 - - [21/Dec/2024:10:21:16 -0500] "GET /tour?amp%3Bamp%3Borderby=price_high_low&amp%3Bamp%3Bamp%3Bamp%3Bpage=4&amp%3Bamp%3Bpage=1&amp%3Bpage=2&amp%3Borderby=rate_high_low&orderby=price_low_high HTTP/1.1" 403 0 "-" "Mozilla/5.0 (compatible; Barkrowler/0.9; +https://babbar.tech/crawler)"
217.113.194.171 - - [21/Dec/2024:10:21:19 -0500] "GET /tour?amp%3Bpage=2&amp%3Bamp%3Bamp%3Bamp%3Bamp%3Bamp%3Bamp%3Bamp%3Bamp%3Borderby=price_high_low&amp%3Bamp%3Bamp%3Bamp%3Bamp%3Bamp%3Bamp%3Bamp%3Borderby=price_low_high&amp%3Bamp%3Bamp%3Bamp%3Bamp%3Bamp%3Bamp%3Borderby=rate_high_low&amp%3Bamp%3Bamp%3Bamp%3Borderby=price_low_high&amp%3Bamp%3Bamp%3Borderby=price_high_low&amp%3Bamp%3Borderby=price_high_low&amp%3Borderby=rate_high_low&orderby=price_high_low HTTP/1.1" 403 0 "-" "Mozilla/5.0 (compatible; Barkrowler/0.9; +https://babbar.tech/crawler)"
217.113.194.163 - - [21/Dec/2024:10:21:24 -0500] "GET /tour?amp%3Bamp%3Borderby=price_high_low&amp%3Bamp%3Bamp%3Bamp%3Bpage=2&amp%3Bamp%3Bamp%3Bpage=3&amp%3Bamp%3Bpage=1&amp%3Borderby=rate_high_low&page=1&orderby= HTTP/1.1" 403 0 "-" "Mozilla/5.0 (compatible; Barkrowler/0.9; +https://babbar.tech/crawler)"
217.113.194.163 - - [21/Dec/2024:10:21:28 -0500] "GET /tour?amp%3Bpage=2&amp%3Bamp%3Bamp%3Bamp%3Bamp%3Bamp%3Bamp%3Bamp%3Bamp%3Borderby=price_high_low&amp%3Bamp%3Bamp%3Bamp%3Bamp%3Bamp%3Bamp%3Bamp%3Borderby=price_low_high&amp%3Bamp%3Bamp%3Bamp%3Bamp%3Bamp%3Bamp%3Borderby=rate_high_low&amp%3Bamp%3Bamp%3Bamp%3Borderby=price_low_high&amp%3Bamp%3Bamp%3Borderby=price_high_low&amp%3Bamp%3Borderby=price_high_low&amp%3Borderby=price_high_low&orderby=rate_high_low HTTP/1.1" 403 0 "-" "Mozilla/5.0 (compatible; Barkrowler/0.9; +https://babbar.tech/crawler)"
154.54.249.211 - - [21/Dec/2024:10:21:33 -0500] "GET /tour?amp%3Bamp%3Borderby=price_high_low&amp%3Bamp%3Bamp%3Bamp%3Bpage=2&amp%3Bamp%3Bamp%3Bpage=3&amp%3Bamp%3Bpage=1&amp%3Borderby=price_low_high&orderby= HTTP/1.1" 403 0 "-" "Mozilla/5.0 (compatible; Barkrowler/0.9; +https://babbar.tech/crawler)"
217.113.194.163 - - [21/Dec/2024:10:21:37 -0500] "GET /tour?amp%3Bpage=2&amp%3Bamp%3Bamp%3Bamp%3Bamp%3Bamp%3Bamp%3Bamp%3Bamp%3Borderby=price_high_low&amp%3Bamp%3Bamp%3Bamp%3Bamp%3Bamp%3Bamp%3Bamp%3Borderby=price_low_high&amp%3Bamp%3Bamp%3Bamp%3Bamp%3Bamp%3Bamp%3Borderby=rate_high_low&amp%3Bamp%3Bamp%3Bamp%3Borderby=price_low_high&amp%3Bamp%3Bamp%3Borderby=price_high_low&amp%3Bamp%3Borderby=price_low_high&amp%3Borderby=price_high_low&orderby=rate_high_low HTTP/1.1" 403 0 "-" "Mozilla/5.0 (compatible; Barkrowler/0.9; +https://babbar.tech/crawler)"
217.113.194.169 - - [21/Dec/2024:10:21:41 -0500] "GET /tour?amp%3Bamp%3Borderby=price_high_low&amp%3Bamp%3Bamp%3Bamp%3Bpage=1&amp%3Bamp%3Bamp%3Bpage=2&amp%3Bpage=2&amp%3Borderby=rate_high_low&page=2&orderby= HTTP/1.1" 403 0 "-" "Mozilla/5.0 (compatible; Barkrowler/0.9; +https://babbar.tech/crawler)"
217.113.194.163 - - [21/Dec/2024:10:21:45 -0500] "GET /tour?amp%3Bpage=2&amp%3Bamp%3Bamp%3Bamp%3Bamp%3Bamp%3Bamp%3Bamp%3Bamp%3Borderby=price_low_high&amp%3Bamp%3Bamp%3Bamp%3Bamp%3Bamp%3Bamp%3Bamp%3Borderby=price_low_high&amp%3Bamp%3Bamp%3Bamp%3Bamp%3Bamp%3Bamp%3Borderby=price_high_low&amp%3Bamp%3Bamp%3Bamp%3Bamp%3Bamp%3Borderby=price_high_low&amp%3Bamp%3Bamp%3Bamp%3Borderby=rate_high_low&amp%3Bamp%3Borderby=price_high_low&amp%3Borderby=price_high_low&page=2 HTTP/1.1" 403 0 "-" "Mozilla/5.0 (compatible; Barkrowler/0.9; +https://babbar.tech/crawler)"
217.113.194.166 - - [21/Dec/2024:10:21:50 -0500] "GET /tour?amp%3Bamp%3Borderby=price_high_low&amp%3Bamp%3Bamp%3Bamp%3Bpage=1&amp%3Bamp%3Bamp%3Bpage=2&amp%3Bpage=2&amp%3Borderby=price_high_low&page=2&orderby= HTTP/1.1" 403 0 "-" "Mozilla/5.0 (compatible; Barkrowler/0.9; +https://babbar.tech/crawler)"
217.113.194.170 - - [21/Dec/2024:10:21:54 -0500] "GET /tour?amp%3Bpage=2&amp%3Bamp%3Bamp%3Bamp%3Bamp%3Bamp%3Bamp%3Bamp%3Bamp%3Borderby=price_low_high&amp%3Bamp%3Bamp%3Bamp%3Bamp%3Bamp%3Bamp%3Bamp%3Borderby=price_low_high&amp%3Bamp%3Bamp%3Bamp%3Bamp%3Bamp%3Bamp%3Borderby=price_high_low&amp%3Bamp%3Bamp%3Bamp%3Bamp%3Bamp%3Borderby=price_high_low&amp%3Bamp%3Bamp%3Bamp%3Borderby=rate_high_low&amp%3Bamp%3Bamp%3Borderby=rate_high_low&page=2&orderby=price_high_low HTTP/1.1" 403 0 "-" "Mozilla/5.0 (compatible; Barkrowler/0.9; +https://babbar.tech/crawler)"
217.113.194.164 - - [21/Dec/2024:10:21:59 -0500] "GET /tour?amp%3Bamp%3Borderby=price_high_low&amp%3Bamp%3Bamp%3Bamp%3Bpage=1&amp%3Bamp%3Bamp%3Bpage=2&amp%3Bpage=2&amp%3Borderby=price_low_high&page=2&orderby= HTTP/1.1" 403 0 "-" "Mozilla/5.0 (compatible; Barkrowler/0.9; +https://babbar.tech/crawler)"
217.113.194.167 - - [21/Dec/2024:10:22:03 -0500] "GET /tour?amp%3Bpage=2&amp%3Bamp%3Bamp%3Bamp%3Bamp%3Bamp%3Bamp%3Bamp%3Bamp%3Borderby=price_low_high&amp%3Bamp%3Bamp%3Bamp%3Bamp%3Bamp%3Bamp%3Bamp%3Borderby=price_low_high&amp%3Bamp%3Bamp%3Bamp%3Bamp%3Bamp%3Bamp%3Borderby=price_high_low&amp%3Bamp%3Bamp%3Bamp%3Bamp%3Bamp%3Borderby=price_high_low&amp%3Bamp%3Bamp%3Bamp%3Borderby=rate_high_low&amp%3Bamp%3Bamp%3Borderby=rate_high_low&page=2&orderby=price_low_high HTTP/1.1" 403 0 "-" "Mozilla/5.0 (compatible; Barkrowler/0.9; +https://babbar.tech/crawler)"
217.113.194.166 - - [21/Dec/2024:10:22:07 -0500] "GET /tour?amp%3Bamp%3Borderby=price_high_low&amp%3Bamp%3Bamp%3Bamp%3Bpage=1&amp%3Bamp%3Bamp%3Bpage=2&amp%3Bamp%3Bpage=2&amp%3Borderby=price_high_low&orderby= HTTP/1.1" 403 0 "-" "Mozilla/5.0 (compatible; Barkrowler/0.9; +https://babbar.tech/crawler)"
217.113.194.168 - - [21/Dec/2024:10:22:11 -0500] "GET /tour?amp%3Bpage=2&amp%3Bamp%3Bamp%3Bamp%3Bamp%3Bamp%3Bamp%3Bamp%3Bamp%3Borderby=price_low_high&amp%3Bamp%3Bamp%3Bamp%3Bamp%3Bamp%3Bamp%3Bamp%3Borderby=price_low_high&amp%3Bamp%3Bamp%3Bamp%3Bamp%3Bamp%3Bamp%3Borderby=price_high_low&amp%3Bamp%3Bamp%3Bamp%3Bamp%3Bamp%3Borderby=price_high_low&amp%3Bamp%3Bamp%3Bamp%3Borderby=price_high_low&amp%3Bamp%3Bamp%3Borderby=rate_high_low&page=2&orderby=price_low_high HTTP/1.1" 403 0 "-" "Mozilla/5.0 (compatible; Barkrowler/0.9; +https://babbar.tech/crawler)"
52.167.144.236 - - [21/Dec/2024:10:22:12 -0500] "GET /?nevis/g618496.html HTTP/1.1" 200 45131 "-" "Mozilla/5.0 AppleWebKit/537.36 (KHTML, like Gecko; compatible; bingbot/2.0; +http://www.bing.com/bingbot.htm) Chrome/116.0.1938.76 Safari/537.36"
217.113.194.166 - - [21/Dec/2024:10:22:16 -0500] "GET /tour?amp%3Bamp%3Borderby=price_high_low&amp%3Bamp%3Bamp%3Bamp%3Bpage=1&amp%3Bamp%3Bamp%3Bpage=2&amp%3Bamp%3Bpage=1&amp%3Borderby=price_low_high&orderby= HTTP/1.1" 403 0 "-" "Mozilla/5.0 (compatible; Barkrowler/0.9; +https://babbar.tech/crawler)"
154.54.249.211 - - [21/Dec/2024:10:22:21 -0500] "GET /tour?amp%3Bpage=2&amp%3Bamp%3Bamp%3Bamp%3Bamp%3Bamp%3Bamp%3Bamp%3Bamp%3Borderby=price_low_high&amp%3Bamp%3Bamp%3Bamp%3Bamp%3Bamp%3Bamp%3Bamp%3Borderby=price_low_high&amp%3Bamp%3Bamp%3Bamp%3Bamp%3Bamp%3Bamp%3Borderby=price_high_low&amp%3Bamp%3Bamp%3Bamp%3Bamp%3Bamp%3Borderby=price_high_low&amp%3Bamp%3Bamp%3Bamp%3Borderby=price_high_low&amp%3Bamp%3Bamp%3Borderby=rate_high_low&page=1&orderby=rate_high_low HTTP/1.1" 403 0 "-" "Mozilla/5.0 (compatible; Barkrowler/0.9; +https://babbar.tech/crawler)"
217.113.194.169 - - [21/Dec/2024:10:22:25 -0500] "GET /tour?amp%3Bamp%3Borderby=price_high_low&amp%3Bamp%3Bpage=2&amp%3Bpage=2&amp%3Borderby=price_high_low&orderby=price_low_high&page=2&set_currency=gbp HTTP/1.1" 403 0 "-" "Mozilla/5.0 (compatible; Barkrowler/0.9; +https://babbar.tech/crawler)"
217.113.194.169 - - [21/Dec/2024:10:22:29 -0500] "GET /tour?amp%3Bpage=2&amp%3Bamp%3Bamp%3Bamp%3Bamp%3Bamp%3Bamp%3Bamp%3Bamp%3Borderby=price_low_high&amp%3Bamp%3Bamp%3Bamp%3Bamp%3Bamp%3Bamp%3Bamp%3Borderby=price_low_high&amp%3Bamp%3Bamp%3Bamp%3Bamp%3Bamp%3Bamp%3Borderby=price_high_low&amp%3Bamp%3Bamp%3Bamp%3Bamp%3Bamp%3Borderby=price_high_low&amp%3Bamp%3Bamp%3Bamp%3Borderby=price_high_low&amp%3Bamp%3Bamp%3Borderby=rate_high_low&orderby=rate_high_low&page=2 HTTP/1.1" 403 0 "-" "Mozilla/5.0 (compatible; Barkrowler/0.9; +https://babbar.tech/crawler)"
217.113.194.170 - - [21/Dec/2024:10:22:33 -0500] "GET /tour?amp%3Bamp%3Borderby=price_high_low&amp%3Bamp%3Bpage=2&amp%3Bpage=2&amp%3Borderby=price_high_low&orderby=rate_high_low&page=1&set_currency=gbp HTTP/1.1" 403 0 "-" "Mozilla/5.0 (compatible; Barkrowler/0.9; +https://babbar.tech/crawler)"
157.55.39.60 - - [21/Dec/2024:10:22:36 -0500] "GET /?qaqgi/i1033562.html HTTP/1.1" 200 46868 "-" "Mozilla/5.0 AppleWebKit/537.36 (KHTML, like Gecko; compatible; bingbot/2.0; +http://www.bing.com/bingbot.htm) Chrome/116.0.1938.76 Safari/537.36"
217.113.194.167 - - [21/Dec/2024:10:22:38 -0500] "GET /tour?amp%3Bpage=2&amp%3Bamp%3Bamp%3Bamp%3Bamp%3Bamp%3Bamp%3Bamp%3Bamp%3Borderby=price_low_high&amp%3Bamp%3Bamp%3Bamp%3Bamp%3Bamp%3Bamp%3Bamp%3Borderby=price_low_high&amp%3Bamp%3Bamp%3Bamp%3Bamp%3Bamp%3Bamp%3Borderby=price_high_low&amp%3Bamp%3Bamp%3Bamp%3Bamp%3Bamp%3Borderby=price_high_low&amp%3Bamp%3Bamp%3Bamp%3Borderby=price_high_low&amp%3Bamp%3Bamp%3Borderby=rate_high_low&amp%3Bamp%3Borderby=price_high_low HTTP/1.1" 403 0 "-" "Mozilla/5.0 (compatible; Barkrowler/0.9; +https://babbar.tech/crawler)"
154.54.249.211 - - [21/Dec/2024:10:22:42 -0500] "GET /tour?amp%3Bamp%3Borderby=price_low_high&amp%3Bamp%3Bamp%3Bamp%3Bpage=1&amp%3Bamp%3Bamp%3Bpage=3&amp%3Bamp%3Bpage=2&amp%3Borderby=rate_high_low&page=1 HTTP/1.1" 403 0 "-" "Mozilla/5.0 (compatible; Barkrowler/0.9; +https://babbar.tech/crawler)"
154.54.249.211 - - [21/Dec/2024:10:22:46 -0500] "GET /tour?amp%3Bpage=2&amp%3Bamp%3Bamp%3Bamp%3Bamp%3Bamp%3Bamp%3Bamp%3Bamp%3Borderby=price_low_high&amp%3Bamp%3Bamp%3Bamp%3Bamp%3Bamp%3Bamp%3Bamp%3Borderby=price_low_high&amp%3Bamp%3Bamp%3Bamp%3Bamp%3Bamp%3Bamp%3Borderby=price_high_low&amp%3Bamp%3Bamp%3Bamp%3Bamp%3Bamp%3Borderby=price_high_low&amp%3Bamp%3Bamp%3Bamp%3Borderby=price_high_low&amp%3Bamp%3Bamp%3Borderby=price_high_low&orderby=price_high_low&page=2 HTTP/1.1" 403 0 "-" "Mozilla/5.0 (compatible; Barkrowler/0.9; +https://babbar.tech/crawler)"
217.113.194.167 - - [21/Dec/2024:10:22:51 -0500] "GET /tour?amp%3Bamp%3Borderby=price_low_high&amp%3Bamp%3Bpage=4&amp%3Bpage=2&amp%3Borderby=rate_high_low&orderby=rate_high_low&page=1&set_currency=usd HTTP/1.1" 403 0 "-" "Mozilla/5.0 (compatible; Barkrowler/0.9; +https://babbar.tech/crawler)"
217.113.194.164 - - [21/Dec/2024:10:22:55 -0500] "GET /tour?amp%3Bpage=2&amp%3Bamp%3Bamp%3Bamp%3Bamp%3Bamp%3Bamp%3Bamp%3Bamp%3Borderby=price_low_high&amp%3Bamp%3Bamp%3Bamp%3Bamp%3Bamp%3Bamp%3Bamp%3Borderby=price_low_high&amp%3Bamp%3Bamp%3Bamp%3Bamp%3Bamp%3Bamp%3Borderby=price_high_low&amp%3Bamp%3Bamp%3Bamp%3Bamp%3Bamp%3Borderby=price_high_low&amp%3Bamp%3Bamp%3Bamp%3Borderby=price_high_low&amp%3Bamp%3Bamp%3Borderby=price_high_low&page=2&orderby=rate_high_low HTTP/1.1" 403 0 "-" "Mozilla/5.0 (compatible; Barkrowler/0.9; +https://babbar.tech/crawler)"
217.113.194.171 - - [21/Dec/2024:10:22:59 -0500] "GET /tour?amp%3Bamp%3Borderby=price_low_high&amp%3Bamp%3Bpage=4&amp%3Bpage=2&amp%3Borderby=rate_high_low&orderby=rate_high_low&page=1&set_currency=gbp HTTP/1.1" 403 0 "-" "Mozilla/5.0 (compatible; Barkrowler/0.9; +https://babbar.tech/crawler)"
217.113.194.250 - - [21/Dec/2024:10:23:05 -0500] "GET /tour?amp%3Bpage=2&amp%3Bamp%3Bamp%3Bamp%3Bamp%3Bamp%3Bamp%3Bamp%3Bamp%3Borderby=price_low_high&amp%3Bamp%3Bamp%3Bamp%3Bamp%3Bamp%3Bamp%3Bamp%3Borderby=price_low_high&amp%3Bamp%3Bamp%3Bamp%3Bamp%3Bamp%3Bamp%3Borderby=price_high_low&amp%3Bamp%3Bamp%3Bamp%3Bamp%3Bamp%3Borderby=price_high_low&amp%3Bamp%3Bamp%3Bamp%3Borderby=price_high_low&amp%3Bamp%3Bamp%3Borderby=price_high_low&page=2&orderby=price_high_low HTTP/1.1" 403 0 "-" "Mozilla/5.0 (compatible; Barkrowler/0.9; +https://babbar.tech/crawler)"
217.113.194.171 - - [21/Dec/2024:10:23:09 -0500] "GET /tour?amp%3Bamp%3Borderby=price_low_high&amp%3Bamp%3Bpage=3&amp%3Borderby=price_low_high&amp%3Bpage=2&page=2&orderby=rate_high_low&set_currency=gbp HTTP/1.1" 403 0 "-" "Mozilla/5.0 (compatible; Barkrowler/0.9; +https://babbar.tech/crawler)"
217.113.194.170 - - [21/Dec/2024:10:23:14 -0500] "GET /tour?amp%3Bpage=1&amp%3Bamp%3Bamp%3Bamp%3Bamp%3Bamp%3Bamp%3Borderby=price_high_low&amp%3Bamp%3Bamp%3Bamp%3Bamp%3Bamp%3Borderby=price_high_low&amp%3Bamp%3Bamp%3Bamp%3Bamp%3Borderby=price_low_high&amp%3Bamp%3Bamp%3Bamp%3Borderby=rate_high_low&amp%3Bamp%3Bamp%3Borderby=price_high_low&amp%3Bamp%3Borderby=rate_high_low&amp%3Borderby=rate_high_low&orderby=price_high_low&set_currency=gbp HTTP/1.1" 403 0 "-" "Mozilla/5.0 (compatible; Barkrowler/0.9; +https://babbar.tech/crawler)"
217.113.194.164 - - [21/Dec/2024:10:23:17 -0500] "GET /tour?amp%3Bamp%3Borderby=price_low_high&amp%3Bamp%3Bpage=3&amp%3Borderby=price_low_high&amp%3Bpage=2&orderby=price_high_low&page=2&set_currency=gbp HTTP/1.1" 403 0 "-" "Mozilla/5.0 (compatible; Barkrowler/0.9; +https://babbar.tech/crawler)"
52.167.144.236 - - [21/Dec/2024:10:23:20 -0500] "GET /?itfny/p649159.html HTTP/1.1" 200 46421 "-" "Mozilla/5.0 AppleWebKit/537.36 (KHTML, like Gecko; compatible; bingbot/2.0; +http://www.bing.com/bingbot.htm) Chrome/116.0.1938.76 Safari/537.36"
217.113.194.170 - - [21/Dec/2024:10:23:22 -0500] "GET /tour?amp%3Bpage=1&amp%3Bamp%3Bamp%3Bamp%3Bamp%3Bamp%3Bamp%3Borderby=price_high_low&amp%3Bamp%3Bamp%3Bamp%3Bamp%3Bamp%3Borderby=price_high_low&amp%3Bamp%3Bamp%3Bamp%3Bamp%3Borderby=price_low_high&amp%3Bamp%3Bamp%3Bamp%3Borderby=rate_high_low&amp%3Bamp%3Bamp%3Borderby=price_high_low&amp%3Bamp%3Borderby=rate_high_low&amp%3Borderby=price_low_high&orderby=price_low_high&set_currency=gbp HTTP/1.1" 403 0 "-" "Mozilla/5.0 (compatible; Barkrowler/0.9; +https://babbar.tech/crawler)"
154.54.249.211 - - [21/Dec/2024:10:23:26 -0500] "GET /tour?amp%3Bamp%3Borderby=price_low_high&amp%3Bamp%3Bpage=3&amp%3Borderby=price_low_high&amp%3Bpage=2&orderby=price_high_low&page=2&set_currency=usd HTTP/1.1" 403 0 "-" "Mozilla/5.0 (compatible; Barkrowler/0.9; +https://babbar.tech/crawler)"
217.113.194.168 - - [21/Dec/2024:10:23:31 -0500] "GET /tour?amp%3Bpage=1&amp%3Bamp%3Bamp%3Bamp%3Bamp%3Bamp%3Bamp%3Borderby=price_high_low&amp%3Bamp%3Bamp%3Bamp%3Bamp%3Bamp%3Borderby=price_high_low&amp%3Bamp%3Bamp%3Bamp%3Bamp%3Borderby=price_low_high&amp%3Bamp%3Bamp%3Bamp%3Borderby=price_high_low&amp%3Bamp%3Bamp%3Borderby=price_low_high&amp%3Bamp%3Borderby=price_low_high&amp%3Borderby=price_low_high&orderby=price_low_high&set_currency=usd HTTP/1.1" 403 0 "-" "Mozilla/5.0 (compatible; Barkrowler/0.9; +https://babbar.tech/crawler)"
217.113.194.250 - - [21/Dec/2024:10:23:35 -0500] "GET /tour?amp%3Bamp%3Borderby=price_low_high&amp%3Bamp%3Bpage=3&amp%3Bpage=3&amp%3Borderby=price_low_high&orderby=rate_high_low&set_currency=gbp HTTP/1.1" 403 0 "-" "Mozilla/5.0 (compatible; Barkrowler/0.9; +https://babbar.tech/crawler)"
217.113.194.163 - - [21/Dec/2024:10:23:40 -0500] "GET /tour?amp%3Bpage=1&amp%3Bamp%3Bamp%3Bamp%3Bamp%3Bamp%3Bamp%3Borderby=price_high_low&amp%3Bamp%3Bamp%3Bamp%3Bamp%3Bamp%3Borderby=price_high_low&amp%3Bamp%3Bamp%3Bamp%3Bamp%3Borderby=price_high_low&amp%3Bamp%3Bamp%3Bamp%3Borderby=price_high_low&amp%3Bamp%3Bamp%3Borderby=rate_high_low&amp%3Bamp%3Borderby=price_low_high&amp%3Borderby=price_low_high&orderby=price_high_low&set_currency=gbp HTTP/1.1" 403 0 "-" "Mozilla/5.0 (compatible; Barkrowler/0.9; +https://babbar.tech/crawler)"
217.113.194.171 - - [21/Dec/2024:10:23:43 -0500] "GET /tour?amp%3Bamp%3Borderby=price_low_high&amp%3Bamp%3Bpage=1&amp%3Borderby=price_high_low&amp%3Bpage=2&page=2&orderby=rate_high_low&set_currency=gbp HTTP/1.1" 403 0 "-" "Mozilla/5.0 (compatible; Barkrowler/0.9; +https://babbar.tech/crawler)"
217.113.194.170 - - [21/Dec/2024:10:23:48 -0500] "GET /tour?amp%3Bpage=1&amp%3Bamp%3Bamp%3Bamp%3Bamp%3Bamp%3Bamp%3Borderby=price_high_low&amp%3Bamp%3Bamp%3Bamp%3Bamp%3Bamp%3Borderby=price_high_low&amp%3Bamp%3Bamp%3Bamp%3Bamp%3Borderby=price_high_low&amp%3Bamp%3Bamp%3Bamp%3Borderby=price_high_low&amp%3Bamp%3Bamp%3Borderby=rate_high_low&amp%3Bamp%3Borderby=price_high_low&amp%3Borderby=price_low_high&orderby=price_high_low&set_currency=gbp HTTP/1.1" 403 0 "-" "Mozilla/5.0 (compatible; Barkrowler/0.9; +https://babbar.tech/crawler)"
217.113.194.250 - - [21/Dec/2024:10:23:52 -0500] "GET /tour?amp%3Bamp%3Borderby=price_low_high&amp%3Bamp%3Bamp%3Bamp%3Bpage=2&amp%3Bamp%3Bamp%3Bpage=3&amp%3Borderby=price_low_high&orderby=price_high_low&page=2 HTTP/1.1" 403 0 "-" "Mozilla/5.0 (compatible; Barkrowler/0.9; +https://babbar.tech/crawler)"
217.113.194.169 - - [21/Dec/2024:10:23:57 -0500] "GET /tour?amp%3Bpage=1&amp%3Bamp%3Bamp%3Bamp%3Bamp%3Bamp%3Bamp%3Borderby=price_high_low&amp%3Bamp%3Bamp%3Bamp%3Bamp%3Bamp%3Borderby=price_high_low&amp%3Bamp%3Bamp%3Bamp%3Bamp%3Borderby=price_high_low&amp%3Bamp%3Bamp%3Bamp%3Borderby=price_high_low&amp%3Bamp%3Bamp%3Borderby=price_low_high&amp%3Bamp%3Borderby=price_low_high&amp%3Borderby=rate_high_low&orderby=price_high_low&set_currency=gbp HTTP/1.1" 403 0 "-" "Mozilla/5.0 (compatible; Barkrowler/0.9; +https://babbar.tech/crawler)"
154.54.249.211 - - [21/Dec/2024:10:24:01 -0500] "GET /tour?amp%3Bamp%3Borderby=price_low_high&amp%3Bamp%3Bamp%3Bamp%3Bpage=2&amp%3Bamp%3Bamp%3Bpage=3&amp%3Borderby=price_low_high&orderby=rate_high_low HTTP/1.1" 403 0 "-" "Mozilla/5.0 (compatible; Barkrowler/0.9; +https://babbar.tech/crawler)"
217.113.194.170 - - [21/Dec/2024:10:24:06 -0500] "GET /tour?amp%3Bpage=1&amp%3Bamp%3Bamp%3Bamp%3Bamp%3Bamp%3Bamp%3Borderby=price_low_high&amp%3Bamp%3Bamp%3Bamp%3Bamp%3Bamp%3Borderby=price_low_high&amp%3Bamp%3Bamp%3Bamp%3Bamp%3Borderby=price_high_low&amp%3Bamp%3Bamp%3Bamp%3Borderby=price_high_low&amp%3Bamp%3Bamp%3Borderby=price_high_low&amp%3Bamp%3Borderby=price_high_low&amp%3Borderby=rate_high_low&orderby=price_high_low&set_currency=gbp HTTP/1.1" 403 0 "-" "Mozilla/5.0 (compatible; Barkrowler/0.9; +https://babbar.tech/crawler)"
217.113.194.250 - - [21/Dec/2024:10:24:09 -0500] "GET /tour?amp%3Bamp%3Borderby=price_low_high&amp%3Bamp%3Bamp%3Bamp%3Bpage=2&amp%3Bamp%3Bamp%3Bpage=3&amp%3Borderby=rate_high_low&orderby=price_high_low&page=2 HTTP/1.1" 403 0 "-" "Mozilla/5.0 (compatible; Barkrowler/0.9; +https://babbar.tech/crawler)"
217.113.194.166 - - [21/Dec/2024:10:24:14 -0500] "GET /tour?amp%3Bpage=1&amp%3Bamp%3Bamp%3Bamp%3Bamp%3Bamp%3Bamp%3Borderby=price_low_high&amp%3Bamp%3Bamp%3Bamp%3Bamp%3Bamp%3Borderby=price_low_high&amp%3Bamp%3Bamp%3Bamp%3Bamp%3Borderby=price_high_low&amp%3Bamp%3Bamp%3Bamp%3Borderby=price_high_low&amp%3Bamp%3Bamp%3Borderby=price_high_low&amp%3Bamp%3Borderby=price_high_low&amp%3Borderby=price_low_high&orderby=price_high_low&set_currency=gbp HTTP/1.1" 403 0 "-" "Mozilla/5.0 (compatible; Barkrowler/0.9; +https://babbar.tech/crawler)"
217.113.194.165 - - [21/Dec/2024:10:24:18 -0500] "GET /tour?amp%3Bamp%3Borderby=price_low_high&amp%3Bamp%3Bamp%3Bamp%3Bpage=2&amp%3Bamp%3Bamp%3Bpage=3&amp%3Borderby=rate_high_low&orderby=price_low_high&page=2 HTTP/1.1" 403 0 "-" "Mozilla/5.0 (compatible; Barkrowler/0.9; +https://babbar.tech/crawler)"
217.113.194.170 - - [21/Dec/2024:10:24:23 -0500] "GET /tour?amp%3Bpage=1&amp%3Bamp%3Bamp%3Bamp%3Bamp%3Bamp%3Bamp%3Borderby=price_low_high&amp%3Bamp%3Bamp%3Bamp%3Bamp%3Bamp%3Borderby=price_low_high&amp%3Bamp%3Bamp%3Bamp%3Bamp%3Borderby=price_high_low&amp%3Bamp%3Bamp%3Bamp%3Borderby=price_low_high&amp%3Bamp%3Bamp%3Borderby=price_low_high&amp%3Bamp%3Borderby=rate_high_low&amp%3Borderby=rate_high_low&orderby=price_high_low&set_currency=gbp HTTP/1.1" 403 0 "-" "Mozilla/5.0 (compatible; Barkrowler/0.9; +https://babbar.tech/crawler)"
217.113.194.250 - - [21/Dec/2024:10:24:27 -0500] "GET /tour?amp%3Bamp%3Borderby=price_low_high&amp%3Bamp%3Bamp%3Bamp%3Bpage=2&amp%3Bamp%3Bamp%3Bpage=2&amp%3Bpage=2&amp%3Borderby=price_high_low&orderby=&page=2 HTTP/1.1" 403 0 "-" "Mozilla/5.0 (compatible; Barkrowler/0.9; +https://babbar.tech/crawler)"
217.113.194.166 - - [21/Dec/2024:10:24:32 -0500] "GET /tour?amp%3Bpage=1&amp%3Bamp%3Bamp%3Bamp%3Bamp%3Bamp%3Bamp%3Borderby=price_low_high&amp%3Bamp%3Bamp%3Bamp%3Bamp%3Bamp%3Borderby=price_low_high&amp%3Bamp%3Bamp%3Bamp%3Bamp%3Borderby=price_high_low&amp%3Bamp%3Bamp%3Bamp%3Borderby=price_low_high&amp%3Bamp%3Bamp%3Borderby=price_high_low&amp%3Bamp%3Borderby=rate_high_low&amp%3Borderby=rate_high_low&orderby=price_low_high&set_currency=gbp HTTP/1.1" 403 0 "-" "Mozilla/5.0 (compatible; Barkrowler/0.9; +https://babbar.tech/crawler)"
40.77.167.68 - - [21/Dec/2024:10:24:32 -0500] "GET /?gjdah/o1226072.html HTTP/1.1" 200 44747 "-" "Mozilla/5.0 AppleWebKit/537.36 (KHTML, like Gecko; compatible; bingbot/2.0; +http://www.bing.com/bingbot.htm) Chrome/116.0.1938.76 Safari/537.36"
40.77.167.68 - - [21/Dec/2024:10:24:33 -0500] "GET /?yiziw/s939894.html HTTP/1.1" 200 44851 "-" "Mozilla/5.0 AppleWebKit/537.36 (KHTML, like Gecko; compatible; bingbot/2.0; +http://www.bing.com/bingbot.htm) Chrome/116.0.1938.76 Safari/537.36"
217.113.194.250 - - [21/Dec/2024:10:24:35 -0500] "GET /tour?amp%3Bamp%3Borderby=price_low_high&amp%3Bamp%3Bamp%3Bamp%3Bpage=2&amp%3Bamp%3Bamp%3Bpage=2&amp%3Bpage=2&amp%3Borderby=price_high_low&page=2&orderby= HTTP/1.1" 403 0 "-" "Mozilla/5.0 (compatible; Barkrowler/0.9; +https://babbar.tech/crawler)"
217.113.194.167 - - [21/Dec/2024:10:24:40 -0500] "GET /tour?amp%3Bpage=1&amp%3Bamp%3Bamp%3Bamp%3Bamp%3Bamp%3Bamp%3Borderby=price_low_high&amp%3Bamp%3Bamp%3Bamp%3Bamp%3Bamp%3Borderby=price_low_high&amp%3Bamp%3Bamp%3Bamp%3Bamp%3Borderby=price_high_low&amp%3Bamp%3Bamp%3Bamp%3Borderby=price_low_high&amp%3Bamp%3Bamp%3Borderby=price_high_low&amp%3Bamp%3Borderby=price_low_high&amp%3Borderby=price_high_low&orderby=price_high_low&set_currency=usd HTTP/1.1" 403 0 "-" "Mozilla/5.0 (compatible; Barkrowler/0.9; +https://babbar.tech/crawler)"
52.167.144.236 - - [21/Dec/2024:10:24:40 -0500] "GET /?nlcmh/o864464.html HTTP/1.1" 200 45848 "-" "Mozilla/5.0 AppleWebKit/537.36 (KHTML, like Gecko; compatible; bingbot/2.0; +http://www.bing.com/bingbot.htm) Chrome/116.0.1938.76 Safari/537.36"
217.113.194.168 - - [21/Dec/2024:10:24:44 -0500] "GET /tour?amp%3Bamp%3Borderby=price_low_high&amp%3Bamp%3Bamp%3Bamp%3Bpage=2&amp%3Bamp%3Bamp%3Bpage=2&amp%3Borderby=price_low_high&amp%3Bpage=1&page=2&orderby= HTTP/1.1" 403 0 "-" "Mozilla/5.0 (compatible; Barkrowler/0.9; +https://babbar.tech/crawler)"
114.119.155.1 - - [21/Dec/2024:10:24:48 -0500] "GET /vendor/psy/psysh/src/TabCompletion/Matcher/MongoDatabaseMatcher.php HTTP/1.1" 500 0 "https://www.book24.ng/vendor/psy/psysh/src/TabCompletion/Matcher/?MA" "Mozilla/5.0 (Linux; Android 7.0;) AppleWebKit/537.36 (KHTML, like Gecko) Mobile Safari/537.36 (compatible; PetalBot;+https://webmaster.petalsearch.com/site/petalbot)"
217.113.194.168 - - [21/Dec/2024:10:24:49 -0500] "GET /tour?amp%3Bpage=1&amp%3Bamp%3Bamp%3Bamp%3Bamp%3Bamp%3Bamp%3Borderby=price_low_high&amp%3Bamp%3Bamp%3Bamp%3Bamp%3Bamp%3Borderby=price_low_high&amp%3Bamp%3Bamp%3Bamp%3Bamp%3Borderby=price_high_low&amp%3Bamp%3Bamp%3Bamp%3Borderby=price_low_high&amp%3Bamp%3Bamp%3Borderby=price_high_low&amp%3Bamp%3Borderby=price_low_high&amp%3Borderby=price_high_low&orderby=price_low_high&set_currency=usd HTTP/1.1" 403 0 "-" "Mozilla/5.0 (compatible; Barkrowler/0.9; +https://babbar.tech/crawler)"
114.119.167.129 - - [21/Dec/2024:10:24:51 -0500] "GET /tour?orderby=price_high_low&set_currency=gbp HTTP/1.1" 403 0 "https://www.book24.ng/tour?orderby=price_high_low" "Mozilla/5.0 (Linux; Android 7.0;) AppleWebKit/537.36 (KHTML, like Gecko) Mobile Safari/537.36 (compatible; PetalBot;+https://webmaster.petalsearch.com/site/petalbot)"
217.113.194.164 - - [21/Dec/2024:10:24:53 -0500] "GET /tour?amp%3Bamp%3Borderby=price_low_high&amp%3Bamp%3Bamp%3Bamp%3Bamp%3Bpage=4&amp%3Bamp%3Bamp%3Bpage=1&amp%3Borderby=price_high_low&page=1&set_currency=gbp HTTP/1.1" 403 0 "-" "Mozilla/5.0 (compatible; Barkrowler/0.9; +https://babbar.tech/crawler)"
217.113.194.169 - - [21/Dec/2024:10:24:58 -0500] "GET /tour?amp%3Bpage=1&amp%3Bamp%3Bamp%3Bamp%3Bamp%3Bamp%3Bamp%3Bamp%3Borderby=price_low_high&amp%3Bamp%3Bamp%3Bamp%3Bamp%3Bamp%3Bamp%3Borderby=price_low_high&amp%3Bamp%3Bamp%3Bamp%3Bamp%3Bamp%3Borderby=price_high_low&amp%3Bamp%3Bamp%3Bamp%3Bamp%3Borderby=price_high_low&amp%3Bamp%3Bamp%3Borderby=rate_high_low&amp%3Bamp%3Borderby=rate_high_low&amp%3Borderby=rate_high_low&set_currency=gbp HTTP/1.1" 403 0 "-" "Mozilla/5.0 (compatible; Barkrowler/0.9; +https://babbar.tech/crawler)"
217.113.194.171 - - [21/Dec/2024:10:25:02 -0500] "GET /tour?amp%3Bamp%3Borderby=price_low_high&amp%3Bamp%3Bamp%3Bamp%3Bamp%3Bpage=4&amp%3Bamp%3Bamp%3Bpage=1&amp%3Bamp%3Bpage=2&amp%3Borderby=price_low_high&page=1 HTTP/1.1" 403 0 "-" "Mozilla/5.0 (compatible; Barkrowler/0.9; +https://babbar.tech/crawler)"
217.113.194.167 - - [21/Dec/2024:10:25:07 -0500] "GET /tour?amp%3Bpage=1&amp%3Bamp%3Bamp%3Bamp%3Bamp%3Bamp%3Bamp%3Bamp%3Borderby=price_low_high&amp%3Bamp%3Bamp%3Bamp%3Bamp%3Bamp%3Bamp%3Borderby=price_low_high&amp%3Bamp%3Bamp%3Bamp%3Bamp%3Bamp%3Borderby=price_high_low&amp%3Bamp%3Bamp%3Bamp%3Bamp%3Borderby=price_high_low&amp%3Bamp%3Bamp%3Borderby=rate_high_low&amp%3Bamp%3Borderby=rate_high_low&amp%3Borderby=rate_high_low&orderby=price_low_high HTTP/1.1" 403 0 "-" "Mozilla/5.0 (compatible; Barkrowler/0.9; +https://babbar.tech/crawler)"
40.77.167.68 - - [21/Dec/2024:10:25:08 -0500] "GET /?adwzw/a1025338.html HTTP/1.1" 200 43961 "-" "Mozilla/5.0 AppleWebKit/537.36 (KHTML, like Gecko; compatible; bingbot/2.0; +http://www.bing.com/bingbot.htm) Chrome/116.0.1938.76 Safari/537.36"
217.113.194.167 - - [21/Dec/2024:10:25:11 -0500] "GET /tour?amp%3Bamp%3Borderby=price_low_high&amp%3Bamp%3Bamp%3Bamp%3Bamp%3Bpage=2&amp%3Bamp%3Bamp%3Bamp%3Bpage=2&amp%3Borderby=rate_high_low&set_currency=usd HTTP/1.1" 403 0 "-" "Mozilla/5.0 (compatible; Barkrowler/0.9; +https://babbar.tech/crawler)"
47.128.126.95 - - [21/Dec/2024:10:25:12 -0500] "GET /storage/framework/cache/data/00/ HTTP/1.1" 200 1118 "-" "Mozilla/5.0 (compatible; Bytespider; spider-feedback@bytedance.com) AppleWebKit/537.36 (KHTML, like Gecko) Chrome/70.0.0.0 Safari/537.36"
217.113.194.168 - - [21/Dec/2024:10:25:15 -0500] "GET /tour?amp%3Bpage=1&amp%3Bamp%3Bamp%3Bamp%3Bamp%3Bamp%3Bamp%3Bamp%3Borderby=price_low_high&amp%3Bamp%3Bamp%3Bamp%3Bamp%3Bamp%3Bamp%3Borderby=price_low_high&amp%3Bamp%3Bamp%3Bamp%3Bamp%3Bamp%3Borderby=price_high_low&amp%3Bamp%3Bamp%3Bamp%3Bamp%3Borderby=price_high_low&amp%3Bamp%3Bamp%3Borderby=rate_high_low&amp%3Bamp%3Borderby=rate_high_low&amp%3Borderby=price_high_low&orderby=price_low_high HTTP/1.1" 403 0 "-" "Mozilla/5.0 (compatible; Barkrowler/0.9; +https://babbar.tech/crawler)"
217.113.194.166 - - [21/Dec/2024:10:25:20 -0500] "GET /tour?amp%3Bamp%3Borderby=price_low_high&amp%3Bamp%3Bamp%3Bamp%3Bpage=3&amp%3Bamp%3Bamp%3Bpage=2&amp%3Bamp%3Bpage=2&amp%3Borderby=price_low_high&page=2 HTTP/1.1" 403 0 "-" "Mozilla/5.0 (compatible; Barkrowler/0.9; +https://babbar.tech/crawler)"
217.113.194.168 - - [21/Dec/2024:10:25:25 -0500] "GET /tour?amp%3Bpage=1&amp%3Bamp%3Bamp%3Bamp%3Bamp%3Bamp%3Bamp%3Bamp%3Borderby=price_low_high&amp%3Bamp%3Bamp%3Bamp%3Bamp%3Bamp%3Bamp%3Borderby=price_low_high&amp%3Bamp%3Bamp%3Bamp%3Bamp%3Bamp%3Borderby=price_high_low&amp%3Bamp%3Bamp%3Bamp%3Bamp%3Borderby=price_high_low&amp%3Bamp%3Bamp%3Borderby=rate_high_low&amp%3Bamp%3Borderby=rate_high_low&amp%3Borderby=price_high_low&orderby=price_high_low HTTP/1.1" 403 0 "-" "Mozilla/5.0 (compatible; Barkrowler/0.9; +https://babbar.tech/crawler)"
217.113.194.168 - - [21/Dec/2024:10:25:29 -0500] "GET /tour?amp%3Bamp%3Borderby=price_low_high&amp%3Bamp%3Bamp%3Bamp%3Bpage=3&amp%3Bamp%3Bamp%3Bpage=2&amp%3Bamp%3Bpage=2&amp%3Borderby=price_low_high&orderby= HTTP/1.1" 403 0 "-" "Mozilla/5.0 (compatible; Barkrowler/0.9; +https://babbar.tech/crawler)"
217.113.194.162 - - [21/Dec/2024:10:25:33 -0500] "GET /tour?amp%3Bpage=1&amp%3Bamp%3Bamp%3Bamp%3Bamp%3Bamp%3Bamp%3Bamp%3Borderby=price_low_high&amp%3Bamp%3Bamp%3Bamp%3Bamp%3Bamp%3Bamp%3Borderby=price_low_high&amp%3Bamp%3Bamp%3Bamp%3Bamp%3Bamp%3Borderby=price_high_low&amp%3Bamp%3Bamp%3Bamp%3Bamp%3Borderby=price_high_low&amp%3Bamp%3Bamp%3Borderby=rate_high_low&amp%3Bamp%3Borderby=rate_high_low&amp%3Borderby=price_low_high&orderby=price_high_low HTTP/1.1" 403 0 "-" "Mozilla/5.0 (compatible; Barkrowler/0.9; +https://babbar.tech/crawler)"
154.54.249.211 - - [21/Dec/2024:10:25:38 -0500] "GET /tour?amp%3Bamp%3Borderby=price_low_high&amp%3Bamp%3Bamp%3Bamp%3Bpage=4&amp%3Bamp%3Bpage=1&amp%3Borderby=price_high_low&amp%3Bpage=1&orderby=price_high_low HTTP/1.1" 403 0 "-" "Mozilla/5.0 (compatible; Barkrowler/0.9; +https://babbar.tech/crawler)"
217.113.194.163 - - [21/Dec/2024:10:25:42 -0500] "GET /tour?amp%3Bpage=1&amp%3Bamp%3Bamp%3Bamp%3Bamp%3Bamp%3Bamp%3Bamp%3Borderby=price_low_high&amp%3Bamp%3Bamp%3Bamp%3Bamp%3Bamp%3Bamp%3Borderby=price_low_high&amp%3Bamp%3Bamp%3Bamp%3Bamp%3Bamp%3Borderby=price_high_low&amp%3Bamp%3Bamp%3Bamp%3Bamp%3Borderby=price_high_low&amp%3Bamp%3Bamp%3Borderby=rate_high_low&amp%3Bamp%3Borderby=rate_high_low&amp%3Borderby=price_low_high&set_currency=gbp HTTP/1.1" 403 0 "-" "Mozilla/5.0 (compatible; Barkrowler/0.9; +https://babbar.tech/crawler)"
154.54.249.211 - - [21/Dec/2024:10:25:46 -0500] "GET /tour?amp%3Bamp%3Borderby=price_low_high&amp%3Bamp%3Bamp%3Bamp%3Bpage=4&amp%3Bamp%3Bpage=1&amp%3Bpage=1&amp%3Borderby=price_low_high&orderby=price_low_high HTTP/1.1" 403 0 "-" "Mozilla/5.0 (compatible; Barkrowler/0.9; +https://babbar.tech/crawler)"
154.54.249.211 - - [21/Dec/2024:10:25:51 -0500] "GET /tour?amp%3Bpage=1&amp%3Bamp%3Bamp%3Bamp%3Bamp%3Bamp%3Bamp%3Bamp%3Borderby=price_low_high&amp%3Bamp%3Bamp%3Bamp%3Bamp%3Bamp%3Bamp%3Borderby=price_low_high&amp%3Bamp%3Bamp%3Bamp%3Bamp%3Bamp%3Borderby=price_high_low&amp%3Bamp%3Bamp%3Bamp%3Bamp%3Borderby=price_high_low&amp%3Bamp%3Bamp%3Borderby=rate_high_low&amp%3Bamp%3Borderby=rate_high_low&orderby=price_low_high&page=2&set_currency=gbp HTTP/1.1" 403 0 "-" "Mozilla/5.0 (compatible; Barkrowler/0.9; +https://babbar.tech/crawler)"
217.113.194.171 - - [21/Dec/2024:10:25:55 -0500] "GET /tour?amp%3Bamp%3Borderby=price_low_high&amp%3Bamp%3Bamp%3Bamp%3Bpage=4&amp%3Bamp%3Bpage=1&amp%3Bpage=1&amp%3Borderby=price_low_high&set_currency=gbp HTTP/1.1" 403 0 "-" "Mozilla/5.0 (compatible; Barkrowler/0.9; +https://babbar.tech/crawler)"
157.55.39.60 - - [21/Dec/2024:10:25:59 -0500] "GET /?dhfgr/f810349.html HTTP/1.1" 200 44953 "-" "Mozilla/5.0 AppleWebKit/537.36 (KHTML, like Gecko; compatible; bingbot/2.0; +http://www.bing.com/bingbot.htm) Chrome/116.0.1938.76 Safari/537.36"
217.113.194.165 - - [21/Dec/2024:10:25:59 -0500] "GET /tour?amp%3Bpage=1&amp%3Bamp%3Bamp%3Bamp%3Bamp%3Bamp%3Bamp%3Bamp%3Borderby=price_low_high&amp%3Bamp%3Bamp%3Bamp%3Bamp%3Bamp%3Bamp%3Borderby=price_low_high&amp%3Bamp%3Bamp%3Bamp%3Bamp%3Bamp%3Borderby=price_high_low&amp%3Bamp%3Bamp%3Bamp%3Bamp%3Borderby=price_high_low&amp%3Bamp%3Bamp%3Borderby=rate_high_low&amp%3Bamp%3Borderby=price_high_low&amp%3Borderby=rate_high_low&set_currency=gbp HTTP/1.1" 403 0 "-" "Mozilla/5.0 (compatible; Barkrowler/0.9; +https://babbar.tech/crawler)"
52.167.144.236 - - [21/Dec/2024:10:26:04 -0500] "GET /?ovxix/k542346.html HTTP/1.1" 200 47711 "-" "Mozilla/5.0 AppleWebKit/537.36 (KHTML, like Gecko; compatible; bingbot/2.0; +http://www.bing.com/bingbot.htm) Chrome/116.0.1938.76 Safari/537.36"
217.113.194.166 - - [21/Dec/2024:10:26:05 -0500] "GET /tour?amp%3Bamp%3Borderby=price_low_high&amp%3Bamp%3Bamp%3Bamp%3Bpage=1&amp%3Bamp%3Bamp%3Bpage=3&amp%3Bamp%3Bpage=2&amp%3Borderby=rate_high_low&orderby= HTTP/1.1" 403 0 "-" "Mozilla/5.0 (compatible; Barkrowler/0.9; +https://babbar.tech/crawler)"
217.113.194.170 - - [21/Dec/2024:10:26:09 -0500] "GET /tour?amp%3Bpage=1&amp%3Bamp%3Bamp%3Bamp%3Bamp%3Bamp%3Bamp%3Bamp%3Borderby=price_low_high&amp%3Bamp%3Bamp%3Bamp%3Bamp%3Bamp%3Bamp%3Borderby=price_low_high&amp%3Bamp%3Bamp%3Bamp%3Bamp%3Bamp%3Borderby=price_high_low&amp%3Bamp%3Bamp%3Bamp%3Bamp%3Borderby=price_high_low&amp%3Bamp%3Bamp%3Borderby=rate_high_low&amp%3Bamp%3Borderby=price_high_low&amp%3Borderby=rate_high_low&orderby=price_low_high HTTP/1.1" 403 0 "-" "Mozilla/5.0 (compatible; Barkrowler/0.9; +https://babbar.tech/crawler)"
217.113.194.162 - - [21/Dec/2024:10:26:14 -0500] "GET /tour?amp%3Bamp%3Borderby=price_low_high&amp%3Bamp%3Bamp%3Bamp%3Bpage=1&amp%3Bamp%3Bamp%3Bpage=3&amp%3Bamp%3Bpage=2&amp%3Bpage=2&page=2&orderby=price_high_low HTTP/1.1" 403 0 "-" "Mozilla/5.0 (compatible; Barkrowler/0.9; +https://babbar.tech/crawler)"
217.113.194.169 - - [21/Dec/2024:10:26:18 -0500] "GET /tour?amp%3Bpage=1&amp%3Bamp%3Bamp%3Bamp%3Bamp%3Bamp%3Bamp%3Bamp%3Borderby=price_low_high&amp%3Bamp%3Bamp%3Bamp%3Bamp%3Bamp%3Bamp%3Borderby=price_low_high&amp%3Bamp%3Bamp%3Bamp%3Bamp%3Bamp%3Borderby=price_high_low&amp%3Bamp%3Bamp%3Bamp%3Bamp%3Borderby=price_high_low&amp%3Bamp%3Bamp%3Borderby=rate_high_low&amp%3Bamp%3Borderby=price_high_low&amp%3Borderby=rate_high_low&orderby=price_high_low HTTP/1.1" 403 0 "-" "Mozilla/5.0 (compatible; Barkrowler/0.9; +https://babbar.tech/crawler)"
217.113.194.250 - - [21/Dec/2024:10:26:23 -0500] "GET /tour?amp%3Bamp%3Borderby=price_low_high&amp%3Bamp%3Bamp%3Bamp%3Bpage=1&amp%3Bamp%3Bamp%3Bpage=2&amp%3Borderby=price_high_low&page=2&orderby=rate_high_low HTTP/1.1" 403 0 "-" "Mozilla/5.0 (compatible; Barkrowler/0.9; +https://babbar.tech/crawler)"
217.113.194.164 - - [21/Dec/2024:10:26:27 -0500] "GET /tour?amp%3Bpage=1&amp%3Bamp%3Bamp%3Bamp%3Bamp%3Bamp%3Bamp%3Bamp%3Borderby=price_low_high&amp%3Bamp%3Bamp%3Bamp%3Bamp%3Bamp%3Bamp%3Borderby=price_low_high&amp%3Bamp%3Bamp%3Bamp%3Bamp%3Bamp%3Borderby=price_high_low&amp%3Bamp%3Bamp%3Bamp%3Bamp%3Borderby=price_high_low&amp%3Bamp%3Bamp%3Borderby=rate_high_low&amp%3Bamp%3Borderby=price_high_low&amp%3Borderby=price_low_high&orderby=price_high_low HTTP/1.1" 403 0 "-" "Mozilla/5.0 (compatible; Barkrowler/0.9; +https://babbar.tech/crawler)"
217.113.194.163 - - [21/Dec/2024:10:26:33 -0500] "GET /tour?amp%3Bamp%3Borderby=price_low_high&amp%3Bamp%3Bamp%3Bamp%3Bpage=1&amp%3Bamp%3Bamp%3Bpage=2&amp%3Borderby=price_low_high&orderby=rate_high_low HTTP/1.1" 403 0 "-" "Mozilla/5.0 (compatible; Barkrowler/0.9; +https://babbar.tech/crawler)"
217.113.194.162 - - [21/Dec/2024:10:26:37 -0500] "GET /tour?amp%3Bpage=1&amp%3Bamp%3Bamp%3Bamp%3Bamp%3Bamp%3Bamp%3Bamp%3Borderby=price_low_high&amp%3Bamp%3Bamp%3Bamp%3Bamp%3Bamp%3Bamp%3Borderby=price_low_high&amp%3Bamp%3Bamp%3Bamp%3Bamp%3Bamp%3Borderby=price_high_low&amp%3Bamp%3Bamp%3Bamp%3Bamp%3Borderby=price_high_low&amp%3Bamp%3Bamp%3Borderby=rate_high_low&amp%3Bamp%3Borderby=price_high_low&amp%3Borderby=price_low_high&orderby=price_low_high HTTP/1.1" 403 0 "-" "Mozilla/5.0 (compatible; Barkrowler/0.9; +https://babbar.tech/crawler)"
217.113.194.169 - - [21/Dec/2024:10:26:42 -0500] "GET /tour?amp%3Bamp%3Borderby=price_low_high&amp%3Bamp%3Bamp%3Bamp%3Bpage=1&amp%3Bamp%3Bamp%3Bpage=2&amp%3Borderby=price_low_high&page=2&set_currency=usd HTTP/1.1" 403 0 "-" "Mozilla/5.0 (compatible; Barkrowler/0.9; +https://babbar.tech/crawler)"
207.46.13.83 - - [21/Dec/2024:10:26:42 -0500] "GET /?gkemz/c714796.html HTTP/1.1" 200 43882 "-" "Mozilla/5.0 AppleWebKit/537.36 (KHTML, like Gecko; compatible; bingbot/2.0; +http://www.bing.com/bingbot.htm) Chrome/116.0.1938.76 Safari/537.36"
43.159.145.153 - - [21/Dec/2024:10:26:42 -0500] "GET / HTTP/1.1" 200 114671 "http://book24.ng" "Mozilla/5.0 (iPhone; CPU iPhone OS 13_2_3 like Mac OS X) AppleWebKit/605.1.15 (KHTML, like Gecko) Version/13.0.3 Mobile/15E148 Safari/604.1"
217.113.194.170 - - [21/Dec/2024:10:26:45 -0500] "GET /tour?amp%3Bpage=1&amp%3Bamp%3Bamp%3Bamp%3Bamp%3Bamp%3Bamp%3Bamp%3Borderby=price_low_high&amp%3Bamp%3Bamp%3Bamp%3Bamp%3Bamp%3Bamp%3Borderby=price_low_high&amp%3Bamp%3Bamp%3Bamp%3Bamp%3Bamp%3Borderby=price_high_low&amp%3Bamp%3Bamp%3Bamp%3Bamp%3Borderby=price_high_low&amp%3Bamp%3Bamp%3Borderby=rate_high_low&amp%3Bamp%3Borderby=price_high_low&amp%3Borderby=price_high_low&set_currency=gbp HTTP/1.1" 403 0 "-" "Mozilla/5.0 (compatible; Barkrowler/0.9; +https://babbar.tech/crawler)"
217.113.194.250 - - [21/Dec/2024:10:26:50 -0500] "GET /tour?amp%3Bamp%3Borderby=price_low_high&amp%3Bamp%3Bamp%3Bamp%3Bpage=1&amp%3Bamp%3Bamp%3Bpage=2&amp%3Bamp%3Bpage=2&amp%3Borderby=price_low_high&page=2 HTTP/1.1" 403 0 "-" "Mozilla/5.0 (compatible; Barkrowler/0.9; +https://babbar.tech/crawler)"
217.113.194.169 - - [21/Dec/2024:10:26:54 -0500] "GET /tour?amp%3Bpage=1&amp%3Bamp%3Bamp%3Bamp%3Bamp%3Bamp%3Bamp%3Bamp%3Borderby=price_low_high&amp%3Bamp%3Bamp%3Bamp%3Bamp%3Bamp%3Bamp%3Borderby=price_low_high&amp%3Bamp%3Bamp%3Bamp%3Bamp%3Bamp%3Borderby=price_high_low&amp%3Bamp%3Bamp%3Bamp%3Bamp%3Borderby=price_high_low&amp%3Bamp%3Bamp%3Borderby=rate_high_low&amp%3Bamp%3Borderby=price_high_low&amp%3Borderby=price_high_low&orderby=price_high_low HTTP/1.1" 403 0 "-" "Mozilla/5.0 (compatible; Barkrowler/0.9; +https://babbar.tech/crawler)"
217.113.194.165 - - [21/Dec/2024:10:27:00 -0500] "GET /tour?amp%3Bamp%3Borderby=price_low_high&amp%3Bamp%3Bamp%3Bamp%3Bpage=1&amp%3Bamp%3Bamp%3Bpage=2&amp%3Bamp%3Bpage=1&amp%3Borderby=price_high_low&orderby= HTTP/1.1" 403 0 "-" "Mozilla/5.0 (compatible; Barkrowler/0.9; +https://babbar.tech/crawler)"
217.113.194.162 - - [21/Dec/2024:10:27:03 -0500] "GET /tour?amp%3Bpage=1&amp%3Bamp%3Bamp%3Bamp%3Bamp%3Bamp%3Bamp%3Bamp%3Borderby=price_low_high&amp%3Bamp%3Bamp%3Bamp%3Bamp%3Bamp%3Bamp%3Borderby=price_low_high&amp%3Bamp%3Bamp%3Bamp%3Bamp%3Bamp%3Borderby=price_high_low&amp%3Bamp%3Bamp%3Bamp%3Bamp%3Borderby=price_high_low&amp%3Bamp%3Bamp%3Borderby=rate_high_low&amp%3Bamp%3Borderby=price_high_low&amp%3Borderby=price_high_low&orderby=price_low_high HTTP/1.1" 403 0 "-" "Mozilla/5.0 (compatible; Barkrowler/0.9; +https://babbar.tech/crawler)"
217.113.194.162 - - [21/Dec/2024:10:27:08 -0500] "GET /tour?amp%3Bamp%3Borderby=price_low_high&amp%3Bamp%3Bamp%3Bpage=4&amp%3Bpage=2&amp%3Borderby=price_high_low&orderby=rate_high_low&set_currency=usd HTTP/1.1" 403 0 "-" "Mozilla/5.0 (compatible; Barkrowler/0.9; +https://babbar.tech/crawler)"
217.113.194.170 - - [21/Dec/2024:10:27:12 -0500] "GET /tour?amp%3Bpage=1&amp%3Bamp%3Bamp%3Bamp%3Bamp%3Bamp%3Bamp%3Bamp%3Borderby=price_low_high&amp%3Bamp%3Bamp%3Bamp%3Bamp%3Bamp%3Bamp%3Borderby=price_low_high&amp%3Bamp%3Bamp%3Bamp%3Bamp%3Bamp%3Borderby=price_high_low&amp%3Bamp%3Bamp%3Bamp%3Bamp%3Borderby=price_high_low&amp%3Bamp%3Bamp%3Borderby=rate_high_low&amp%3Bamp%3Borderby=price_low_high&amp%3Borderby=price_high_low&orderby=price_low_high HTTP/1.1" 403 0 "-" "Mozilla/5.0 (compatible; Barkrowler/0.9; +https://babbar.tech/crawler)"
40.77.167.68 - - [21/Dec/2024:10:27:16 -0500] "GET /?insmv/p930011.html HTTP/1.1" 200 46429 "-" "Mozilla/5.0 AppleWebKit/537.36 (KHTML, like Gecko; compatible; bingbot/2.0; +http://www.bing.com/bingbot.htm) Chrome/116.0.1938.76 Safari/537.36"
217.113.194.167 - - [21/Dec/2024:10:27:17 -0500] "GET /tour?amp%3Bamp%3Borderby=price_low_high&amp%3Bamp%3Bamp%3Bpage=3&amp%3Bamp%3Bpage=2&amp%3Bpage=2&amp%3Borderby=price_high_low&orderby=rate_high_low HTTP/1.1" 403 0 "-" "Mozilla/5.0 (compatible; Barkrowler/0.9; +https://babbar.tech/crawler)"
217.113.194.169 - - [21/Dec/2024:10:27:21 -0500] "GET /tour?amp%3Bpage=1&amp%3Bamp%3Bamp%3Bamp%3Bamp%3Bamp%3Bamp%3Bamp%3Borderby=price_low_high&amp%3Bamp%3Bamp%3Bamp%3Bamp%3Bamp%3Bamp%3Borderby=price_low_high&amp%3Bamp%3Bamp%3Bamp%3Bamp%3Bamp%3Borderby=price_high_low&amp%3Bamp%3Bamp%3Bamp%3Bamp%3Borderby=price_high_low&amp%3Bamp%3Bamp%3Borderby=rate_high_low&amp%3Bamp%3Borderby=price_low_high&amp%3Borderby=price_high_low&set_currency=gbp HTTP/1.1" 403 0 "-" "Mozilla/5.0 (compatible; Barkrowler/0.9; +https://babbar.tech/crawler)"
207.46.13.83 - - [21/Dec/2024:10:27:21 -0500] "GET /?qqwoc/k973816.html HTTP/1.1" 200 44303 "-" "Mozilla/5.0 AppleWebKit/537.36 (KHTML, like Gecko; compatible; bingbot/2.0; +http://www.bing.com/bingbot.htm) Chrome/116.0.1938.76 Safari/537.36"
217.113.194.169 - - [21/Dec/2024:10:27:25 -0500] "GET /tour?amp%3Bamp%3Borderby=price_low_high&amp%3Bamp%3Bamp%3Bpage=2&amp%3Bamp%3Bpage=1&amp%3Borderby=price_high_low&amp%3Bpage=2&orderby=price_high_low&page=1 HTTP/1.1" 403 0 "-" "Mozilla/5.0 (compatible; Barkrowler/0.9; +https://babbar.tech/crawler)"
217.113.194.166 - - [21/Dec/2024:10:27:30 -0500] "GET /tour?amp%3Bpage=1&amp%3Bamp%3Bamp%3Bamp%3Bamp%3Bamp%3Bamp%3Bamp%3Borderby=price_low_high&amp%3Bamp%3Bamp%3Bamp%3Bamp%3Bamp%3Bamp%3Borderby=price_low_high&amp%3Bamp%3Bamp%3Bamp%3Bamp%3Bamp%3Borderby=price_high_low&amp%3Bamp%3Bamp%3Bamp%3Bamp%3Borderby=price_high_low&amp%3Bamp%3Bamp%3Borderby=rate_high_low&amp%3Bamp%3Borderby=price_low_high&amp%3Borderby=price_low_high&orderby=price_high_low HTTP/1.1" 403 0 "-" "Mozilla/5.0 (compatible; Barkrowler/0.9; +https://babbar.tech/crawler)"
217.113.194.167 - - [21/Dec/2024:10:27:34 -0500] "GET /tour?amp%3Bamp%3Borderby=price_low_high&amp%3Bamp%3Bamp%3Bpage=1&amp%3Borderby=rate_high_low&amp%3Bpage=2&orderby=price_low_high&page=1&set_currency=gbp HTTP/1.1" 403 0 "-" "Mozilla/5.0 (compatible; Barkrowler/0.9; +https://babbar.tech/crawler)"
217.113.194.171 - - [21/Dec/2024:10:27:38 -0500] "GET /tour?amp%3Bpage=1&amp%3Bamp%3Bamp%3Bamp%3Bamp%3Bamp%3Bamp%3Bamp%3Borderby=price_low_high&amp%3Bamp%3Bamp%3Bamp%3Bamp%3Bamp%3Bamp%3Borderby=price_low_high&amp%3Bamp%3Bamp%3Bamp%3Bamp%3Bamp%3Borderby=price_high_low&amp%3Bamp%3Bamp%3Bamp%3Bamp%3Borderby=price_high_low&amp%3Bamp%3Bamp%3Borderby=rate_high_low&amp%3Bamp%3Borderby=price_low_high&amp%3Borderby=rate_high_low&orderby=price_high_low HTTP/1.1" 403 0 "-" "Mozilla/5.0 (compatible; Barkrowler/0.9; +https://babbar.tech/crawler)"
217.113.194.168 - - [21/Dec/2024:10:27:43 -0500] "GET /tour?amp%3Bamp%3Borderby=price_low_high&amp%3Bamp%3Bamp%3Bpage=1&amp%3Bamp%3Bpage=2&amp%3Borderby=rate_high_low&amp%3Bpage=1&page=1&set_currency=gbp HTTP/1.1" 403 0 "-" "Mozilla/5.0 (compatible; Barkrowler/0.9; +https://babbar.tech/crawler)"
217.113.194.250 - - [21/Dec/2024:10:27:48 -0500] "GET /tour?amp%3Bpage=1&amp%3Bamp%3Bamp%3Bamp%3Bamp%3Bamp%3Bamp%3Bamp%3Borderby=price_low_high&amp%3Bamp%3Bamp%3Bamp%3Bamp%3Bamp%3Bamp%3Borderby=price_low_high&amp%3Bamp%3Bamp%3Bamp%3Bamp%3Bamp%3Borderby=price_high_low&amp%3Bamp%3Bamp%3Bamp%3Bamp%3Borderby=price_high_low&amp%3Bamp%3Bamp%3Borderby=rate_high_low&amp%3Bamp%3Borderby=price_low_high&amp%3Borderby=rate_high_low&orderby=price_low_high HTTP/1.1" 403 0 "-" "Mozilla/5.0 (compatible; Barkrowler/0.9; +https://babbar.tech/crawler)"
217.113.194.170 - - [21/Dec/2024:10:27:51 -0500] "GET /tour?amp%3Bamp%3Borderby=price_low_high&amp%3Bamp%3Bamp%3Bpage=1&amp%3Bamp%3Bpage=2&amp%3Borderby=rate_high_low&amp%3Bpage=1&page=1&orderby=rate_high_low HTTP/1.1" 403 0 "-" "Mozilla/5.0 (compatible; Barkrowler/0.9; +https://babbar.tech/crawler)"
217.113.194.171 - - [21/Dec/2024:10:27:56 -0500] "GET /tour?amp%3Bpage=1&amp%3Bamp%3Bamp%3Bamp%3Bamp%3Bamp%3Bamp%3Bamp%3Borderby=price_low_high&amp%3Bamp%3Bamp%3Bamp%3Bamp%3Bamp%3Bamp%3Borderby=price_low_high&amp%3Bamp%3Bamp%3Bamp%3Bamp%3Bamp%3Borderby=price_high_low&amp%3Bamp%3Bamp%3Bamp%3Bamp%3Borderby=price_high_low&amp%3Bamp%3Bamp%3Borderby=rate_high_low&amp%3Bamp%3Borderby=price_low_high&amp%3Borderby=rate_high_low&set_currency=gbp HTTP/1.1" 403 0 "-" "Mozilla/5.0 (compatible; Barkrowler/0.9; +https://babbar.tech/crawler)"
217.113.194.170 - - [21/Dec/2024:10:28:00 -0500] "GET /tour?amp%3Bamp%3Borderby=price_low_high&amp%3Bamp%3Bamp%3Bpage=1&amp%3Bamp%3Bpage=3&amp%3Bpage=1&amp%3Borderby=rate_high_low&page=1&orderby=rate_high_low HTTP/1.1" 403 0 "-" "Mozilla/5.0 (compatible; Barkrowler/0.9; +https://babbar.tech/crawler)"
217.113.194.165 - - [21/Dec/2024:10:28:05 -0500] "GET /tour?amp%3Bpage=1&amp%3Bamp%3Bamp%3Bamp%3Bamp%3Bamp%3Bamp%3Bamp%3Borderby=price_low_high&amp%3Bamp%3Bamp%3Bamp%3Bamp%3Bamp%3Bamp%3Borderby=price_low_high&amp%3Bamp%3Bamp%3Bamp%3Bamp%3Bamp%3Borderby=price_high_low&amp%3Bamp%3Bamp%3Bamp%3Bamp%3Borderby=price_high_low&amp%3Bamp%3Bamp%3Borderby=price_high_low&amp%3Bamp%3Borderby=rate_high_low&amp%3Borderby=rate_high_low&set_currency=gbp HTTP/1.1" 403 0 "-" "Mozilla/5.0 (compatible; Barkrowler/0.9; +https://babbar.tech/crawler)"
217.113.194.170 - - [21/Dec/2024:10:28:09 -0500] "GET /tour?amp%3Bamp%3Borderby=price_low_high&amp%3Bamp%3Bamp%3Bpage=1&amp%3Bamp%3Bpage=3&amp%3Bpage=1&amp%3Borderby=rate_high_low&page=1&orderby=price_low_high HTTP/1.1" 403 0 "-" "Mozilla/5.0 (compatible; Barkrowler/0.9; +https://babbar.tech/crawler)"
217.113.194.163 - - [21/Dec/2024:10:28:14 -0500] "GET /tour?amp%3Bpage=1&amp%3Bamp%3Bamp%3Bamp%3Bamp%3Bamp%3Bamp%3Bamp%3Borderby=price_low_high&amp%3Bamp%3Bamp%3Bamp%3Bamp%3Bamp%3Bamp%3Borderby=price_low_high&amp%3Bamp%3Bamp%3Bamp%3Bamp%3Bamp%3Borderby=price_high_low&amp%3Bamp%3Bamp%3Bamp%3Bamp%3Borderby=price_high_low&amp%3Bamp%3Bamp%3Borderby=price_high_low&amp%3Bamp%3Borderby=rate_high_low&amp%3Borderby=rate_high_low&orderby=price_low_high HTTP/1.1" 403 0 "-" "Mozilla/5.0 (compatible; Barkrowler/0.9; +https://babbar.tech/crawler)"
217.113.194.170 - - [21/Dec/2024:10:28:17 -0500] "GET /tour?amp%3Bamp%3Bamp%3Borderby=rate_high_low&amp%3Bamp%3Bamp%3Bpage=2&amp%3Bamp%3Bpage=2&amp%3Borderby=price_high_low&amp%3Bpage=1&orderby=price_high_low HTTP/1.1" 403 0 "-" "Mozilla/5.0 (compatible; Barkrowler/0.9; +https://babbar.tech/crawler)"
207.46.13.157 - - [21/Dec/2024:10:28:19 -0500] "GET /?qohpm/s1679074.html HTTP/1.1" 200 46224 "-" "Mozilla/5.0 AppleWebKit/537.36 (KHTML, like Gecko; compatible; bingbot/2.0; +http://www.bing.com/bingbot.htm) Chrome/116.0.1938.76 Safari/537.36"
217.113.194.167 - - [21/Dec/2024:10:28:23 -0500] "GET /tour?amp%3Bpage=1&amp%3Bamp%3Bamp%3Bamp%3Bamp%3Bamp%3Bamp%3Bamp%3Borderby=price_low_high&amp%3Bamp%3Bamp%3Bamp%3Bamp%3Bamp%3Bamp%3Borderby=price_low_high&amp%3Bamp%3Bamp%3Bamp%3Bamp%3Bamp%3Borderby=price_high_low&amp%3Bamp%3Bamp%3Bamp%3Bamp%3Borderby=price_high_low&amp%3Bamp%3Bamp%3Borderby=price_high_low&amp%3Bamp%3Borderby=rate_high_low&amp%3Borderby=price_low_high&orderby=price_high_low HTTP/1.1" 403 0 "-" "Mozilla/5.0 (compatible; Barkrowler/0.9; +https://babbar.tech/crawler)"
217.113.194.164 - - [21/Dec/2024:10:28:27 -0500] "GET /tour?amp%3Bamp%3Bamp%3Borderby=rate_high_low&amp%3Bamp%3Bamp%3Bpage=1&amp%3Bamp%3Borderby=rate_high_low&amp%3Borderby=rate_high_low&orderby=price_high_low HTTP/1.1" 403 0 "-" "Mozilla/5.0 (compatible; Barkrowler/0.9; +https://babbar.tech/crawler)"
154.54.249.211 - - [21/Dec/2024:10:28:31 -0500] "GET /tour?amp%3Bpage=1&amp%3Bamp%3Bamp%3Bamp%3Bamp%3Bamp%3Bamp%3Bamp%3Borderby=price_low_high&amp%3Bamp%3Bamp%3Bamp%3Bamp%3Bamp%3Bamp%3Borderby=price_low_high&amp%3Bamp%3Bamp%3Bamp%3Bamp%3Bamp%3Borderby=price_high_low&amp%3Bamp%3Bamp%3Bamp%3Bamp%3Borderby=price_high_low&amp%3Bamp%3Bamp%3Borderby=price_high_low&amp%3Bamp%3Borderby=rate_high_low&amp%3Borderby=price_low_high&orderby=price_low_high HTTP/1.1" 403 0 "-" "Mozilla/5.0 (compatible; Barkrowler/0.9; +https://babbar.tech/crawler)"
217.113.194.171 - - [21/Dec/2024:10:28:37 -0500] "GET /tour?amp%3Bamp%3Bamp%3Borderby=rate_high_low&amp%3Bamp%3Bamp%3Bpage=1&amp%3Bamp%3Borderby=price_low_high&amp%3Bpage=2&amp%3Borderby=price_low_high&page=2 HTTP/1.1" 403 0 "-" "Mozilla/5.0 (compatible; Barkrowler/0.9; +https://babbar.tech/crawler)"
217.113.194.250 - - [21/Dec/2024:10:28:41 -0500] "GET /tour?amp%3Bpage=1&amp%3Bamp%3Bamp%3Bamp%3Bamp%3Bamp%3Bamp%3Bamp%3Borderby=price_low_high&amp%3Bamp%3Bamp%3Bamp%3Bamp%3Bamp%3Bamp%3Borderby=price_low_high&amp%3Bamp%3Bamp%3Bamp%3Bamp%3Bamp%3Borderby=price_high_low&amp%3Bamp%3Bamp%3Bamp%3Bamp%3Borderby=price_high_low&amp%3Bamp%3Bamp%3Borderby=price_high_low&amp%3Bamp%3Borderby=rate_high_low&amp%3Borderby=price_high_low&set_currency=gbp HTTP/1.1" 403 0 "-" "Mozilla/5.0 (compatible; Barkrowler/0.9; +https://babbar.tech/crawler)"
217.113.194.166 - - [21/Dec/2024:10:28:46 -0500] "GET /tour?amp%3Bamp%3Bamp%3Borderby=rate_high_low&amp%3Bamp%3Bamp%3Bpage=1&amp%3Bamp%3Borderby=price_low_high&amp%3Borderby=price_low_high&amp%3Bpage=2&page=2 HTTP/1.1" 403 0 "-" "Mozilla/5.0 (compatible; Barkrowler/0.9; +https://babbar.tech/crawler)"
