Failed to save the file to the "xx" directory.

Failed to save the file to the "ll" directory.

Failed to save the file to the "mm" directory.

Failed to save the file to the "wp" directory.

403WebShell
403Webshell
Server IP : 66.29.132.124  /  Your IP : 3.144.102.43
Web Server : LiteSpeed
System : Linux business141.web-hosting.com 4.18.0-553.lve.el8.x86_64 #1 SMP Mon May 27 15:27:34 UTC 2024 x86_64
User : wavevlvu ( 1524)
PHP Version : 7.4.33
Disable Function : NONE
MySQL : OFF  |  cURL : ON  |  WGET : ON  |  Perl : ON  |  Python : ON  |  Sudo : OFF  |  Pkexec : OFF
Directory :  /home/wavevlvu/access-logs/

Upload File :
current_dir [ Writeable ] document_root [ Writeable ]

 

Command :


[ Back ]     

Current File : /home/wavevlvu/access-logs/blog.diixadigital.com-ssl_log
134.255.192.177 - - [21/Dec/2024:08:16:44 -0500] "GET /-/ HTTP/1.1" 302 0 "-" "Mozilla/5.0 (iPhone; CPU iPhone OS 18_1_1 like Mac OS X) AppleWebKit/605.1.15 (KHTML, like Gecko) Version/18.1.1 Mobile/15E148 Safari/604.1"
57.141.5.24 - - [21/Dec/2024:08:21:42 -0500] "GET /author/ceeliacom/ HTTP/1.1" 200 1514 "-" "meta-externalagent/1.1 (+https://developers.facebook.com/docs/sharing/webmasters/crawler)"
85.208.96.198 - - [21/Dec/2024:09:02:32 -0500] "GET /robots.txt HTTP/1.1" 200 139 "-" "Mozilla/5.0 (compatible; SemrushBot/7~bl; +http://www.semrush.com/bot.html)"
66.29.132.124 - - [21/Dec/2024:09:02:39 -0500] "POST /wp-cron.php?doing_wp_cron=1734789759.9050400257110595703125 HTTP/1.1" 200 0 "-" "WordPress/6.7.1; https://blog.diixadigital.com"
85.208.96.202 - - [21/Dec/2024:09:02:32 -0500] "GET /thank-you/ HTTP/1.1" 200 17436 "-" "Mozilla/5.0 (compatible; SemrushBot/7~bl; +http://www.semrush.com/bot.html)"
66.29.132.124 - - [21/Dec/2024:09:02:40 -0500] "POST /wp-admin/admin-ajax.php?action=async_litespeed&nonce=42c1c41758&litespeed_type=imgoptm HTTP/1.1" 200 0 "-" "WordPress/6.7.1; https://blog.diixadigital.com"
66.29.132.124 - - [21/Dec/2024:09:02:41 -0500] "POST /wp-admin/admin-ajax.php?action=as_async_request_queue_runner&nonce=e930c94b27 HTTP/1.1" 200 0 "-" "WordPress/6.7.1; https://blog.diixadigital.com"
77.64.255.130 - - [21/Dec/2024:10:21:03 -0500] "GET /-/ HTTP/1.1" 302 0 "-" "Mozilla/5.0 (Windows NT 10.0; Win64; x64; rv:133.0) Gecko/20100101 Firefox/133.0"
57.141.5.22 - - [21/Dec/2024:11:04:01 -0500] "GET /how-to-make-a-lot-of-money-on-social-media/ HTTP/1.1" 200 1514 "-" "meta-externalagent/1.1 (+https://developers.facebook.com/docs/sharing/webmasters/crawler)"
57.141.5.23 - - [21/Dec/2024:11:07:58 -0500] "GET /contact-us/ HTTP/1.1" 200 1514 "-" "meta-externalagent/1.1 (+https://developers.facebook.com/docs/sharing/webmasters/crawler)"
57.141.5.30 - - [21/Dec/2024:11:14:55 -0500] "GET /category/diys/ HTTP/1.1" 200 1514 "-" "meta-externalagent/1.1 (+https://developers.facebook.com/docs/sharing/webmasters/crawler)"
40.94.97.47 - - [21/Dec/2024:11:19:10 -0500] "GET /-/ HTTP/1.1" 404 27 "-" "Mozilla/5.0 (Windows NT 10.0; Win64; x64) AppleWebKit/537.36 (KHTML, like Gecko) Chrome/125.0.6422.78 Safari/537.36"
88.218.83.77 - - [21/Dec/2024:11:19:13 -0500] "GET /-/ HTTP/1.1" 404 23 "-" "Mozilla/5.0 (Windows NT 10.0; Win64; x64) AppleWebKit/537.36 (KHTML, like Gecko) Chrome/125.0.6422.78 Safari/537.36"
40.94.97.47 - - [21/Dec/2024:11:19:17 -0500] "GET /favicon.ico HTTP/1.1" 404 1251 "https://blog.diixadigital.com/-/" "Mozilla/5.0 (Windows NT 10.0; Win64; x64) AppleWebKit/537.36 (KHTML, like Gecko) Chrome/125.0.6422.78 Safari/537.36"
57.141.5.24 - - [21/Dec/2024:11:29:02 -0500] "GET /manual-link-building-is-more-important-than-ever-in-2024/ HTTP/1.1" 200 1514 "-" "meta-externalagent/1.1 (+https://developers.facebook.com/docs/sharing/webmasters/crawler)"
57.141.5.28 - - [21/Dec/2024:11:30:09 -0500] "GET /tag/rss/ HTTP/1.1" 200 1514 "-" "meta-externalagent/1.1 (+https://developers.facebook.com/docs/sharing/webmasters/crawler)"
57.141.5.30 - - [21/Dec/2024:11:48:06 -0500] "GET /what-is-seo-search-engine-optimization/ HTTP/1.1" 200 1514 "-" "meta-externalagent/1.1 (+https://developers.facebook.com/docs/sharing/webmasters/crawler)"
173.252.107.115 - - [21/Dec/2024:11:50:51 -0500] "GET /robots.txt HTTP/1.1" 200 858 "-" "facebookexternalhit/1.1 (+http://www.facebook.com/externalhit_uatext.php)"
57.141.5.28 - - [21/Dec/2024:11:50:51 -0500] "GET /category/ppc/ HTTP/1.1" 200 1514 "-" "meta-externalagent/1.1 (+https://developers.facebook.com/docs/sharing/webmasters/crawler)"
57.141.5.29 - - [21/Dec/2024:12:00:00 -0500] "GET /how-to-start-learning-seo-for-free/ HTTP/1.1" 200 1514 "-" "meta-externalagent/1.1 (+https://developers.facebook.com/docs/sharing/webmasters/crawler)"
57.141.5.14 - - [21/Dec/2024:12:06:59 -0500] "GET /tag/diys/ HTTP/1.1" 200 1514 "-" "meta-externalagent/1.1 (+https://developers.facebook.com/docs/sharing/webmasters/crawler)"
66.29.132.124 - - [21/Dec/2024:12:09:05 -0500] "POST /wp-cron.php?doing_wp_cron=1734800945.6919829845428466796875 HTTP/1.1" 200 0 "-" "WordPress/6.7.1; https://blog.diixadigital.com"
138.124.59.248 - - [21/Dec/2024:12:09:01 -0500] "GET / HTTP/1.1" 200 109384 "-" "Mozilla/5.0 (iPhone; CPU iPhone OS 17_0 like Mac OS X) AppleWebKit/605.1.15 (KHTML, like Gecko) Version/17.0 Mobile/15E148 Safari/604.1 OPX/2.0.1"
66.29.132.124 - - [21/Dec/2024:12:09:06 -0500] "POST /wp-admin/admin-ajax.php?action=async_litespeed&nonce=42c1c41758&litespeed_type=imgoptm HTTP/1.1" 200 0 "-" "WordPress/6.7.1; https://blog.diixadigital.com"
66.29.132.124 - - [21/Dec/2024:12:09:06 -0500] "POST /wp-admin/admin-ajax.php?action=as_async_request_queue_runner&nonce=e930c94b27 HTTP/1.1" 200 0 "-" "WordPress/6.7.1; https://blog.diixadigital.com"
138.124.59.248 - - [21/Dec/2024:12:09:07 -0500] "POST / HTTP/1.1" 200 110054 "-" "Mozilla/5.0 (iPhone; CPU iPhone OS 17_0 like Mac OS X) AppleWebKit/605.1.15 (KHTML, like Gecko) Version/17.0 Mobile/15E148 Safari/604.1 OPX/2.0.1"
138.124.59.248 - - [21/Dec/2024:12:09:10 -0500] "POST /contact-us/ HTTP/1.1" 200 83187 "-" "Mozilla/5.0 (iPhone; CPU iPhone OS 17_0 like Mac OS X) AppleWebKit/605.1.15 (KHTML, like Gecko) Version/17.0 Mobile/15E148 Safari/604.1 OPX/2.0.1"
138.124.59.248 - - [21/Dec/2024:12:09:11 -0500] "POST /author/ceeliacom/ HTTP/1.1" 200 79842 "-" "Mozilla/5.0 (iPhone; CPU iPhone OS 17_0 like Mac OS X) AppleWebKit/605.1.15 (KHTML, like Gecko) Version/17.0 Mobile/15E148 Safari/604.1 OPX/2.0.1"
138.124.59.248 - - [21/Dec/2024:12:09:13 -0500] "POST /about-us/ HTTP/1.1" 404 80492 "-" "Mozilla/5.0 (iPhone; CPU iPhone OS 17_0 like Mac OS X) AppleWebKit/605.1.15 (KHTML, like Gecko) Version/17.0 Mobile/15E148 Safari/604.1 OPX/2.0.1"
138.124.59.248 - - [21/Dec/2024:12:09:14 -0500] "POST /contact-us/mailto:contact@diixadigital.com HTTP/1.1" 404 80492 "-" "Mozilla/5.0 (iPhone; CPU iPhone OS 17_0 like Mac OS X) AppleWebKit/605.1.15 (KHTML, like Gecko) Version/17.0 Mobile/15E148 Safari/604.1 OPX/2.0.1"
138.124.59.248 - - [21/Dec/2024:12:09:16 -0500] "POST /contact-us/mailto:support@diixadigital.com HTTP/1.1" 404 80492 "-" "Mozilla/5.0 (iPhone; CPU iPhone OS 17_0 like Mac OS X) AppleWebKit/605.1.15 (KHTML, like Gecko) Version/17.0 Mobile/15E148 Safari/604.1 OPX/2.0.1"
138.124.59.248 - - [21/Dec/2024:12:09:18 -0500] "POST /contact-us/mailto:feedback@diixadigital.com HTTP/1.1" 404 80492 "-" "Mozilla/5.0 (iPhone; CPU iPhone OS 17_0 like Mac OS X) AppleWebKit/605.1.15 (KHTML, like Gecko) Version/17.0 Mobile/15E148 Safari/604.1 OPX/2.0.1"
138.124.59.248 - - [21/Dec/2024:12:09:20 -0500] "POST /author/ceeliacom/mailto:contact@diixadigital.com HTTP/1.1" 404 80492 "-" "Mozilla/5.0 (iPhone; CPU iPhone OS 17_0 like Mac OS X) AppleWebKit/605.1.15 (KHTML, like Gecko) Version/17.0 Mobile/15E148 Safari/604.1 OPX/2.0.1"
66.29.132.124 - - [21/Dec/2024:12:09:22 -0500] "POST /wp-cron.php?doing_wp_cron=1734800962.4742910861968994140625 HTTP/1.1" 200 0 "-" "WordPress/6.7.1; https://blog.diixadigital.com"
138.124.59.248 - - [21/Dec/2024:12:09:22 -0500] "POST /author/ceeliacom/mailto:support@diixadigital.com HTTP/1.1" 404 80492 "-" "Mozilla/5.0 (iPhone; CPU iPhone OS 17_0 like Mac OS X) AppleWebKit/605.1.15 (KHTML, like Gecko) Version/17.0 Mobile/15E148 Safari/604.1 OPX/2.0.1"
138.124.59.248 - - [21/Dec/2024:12:09:23 -0500] "POST /author/ceeliacom/mailto:feedback@diixadigital.com HTTP/1.1" 404 80492 "-" "Mozilla/5.0 (iPhone; CPU iPhone OS 17_0 like Mac OS X) AppleWebKit/605.1.15 (KHTML, like Gecko) Version/17.0 Mobile/15E148 Safari/604.1 OPX/2.0.1"
57.141.5.25 - - [21/Dec/2024:12:11:02 -0500] "GET /category/ai/ HTTP/1.1" 200 1514 "-" "meta-externalagent/1.1 (+https://developers.facebook.com/docs/sharing/webmasters/crawler)"
57.141.5.27 - - [21/Dec/2024:12:28:05 -0500] "GET /category/email-marketing/ HTTP/1.1" 200 1514 "-" "meta-externalagent/1.1 (+https://developers.facebook.com/docs/sharing/webmasters/crawler)"
185.191.171.17 - - [21/Dec/2024:12:39:14 -0500] "GET /robots.txt HTTP/1.1" 200 139 "-" "Mozilla/5.0 (compatible; SemrushBot/7~bl; +http://www.semrush.com/bot.html)"
66.29.132.124 - - [21/Dec/2024:12:39:18 -0500] "POST /wp-cron.php?doing_wp_cron=1734802758.5975110530853271484375 HTTP/1.1" 200 0 "-" "WordPress/6.7.1; https://blog.diixadigital.com"
185.191.171.17 - - [21/Dec/2024:12:39:15 -0500] "GET /indeed-announces-ai-powered-work-experience-writer-and-support-for-multiple-resumes/ HTTP/1.1" 200 23459 "-" "Mozilla/5.0 (compatible; SemrushBot/7~bl; +http://www.semrush.com/bot.html)"
66.29.132.124 - - [21/Dec/2024:12:39:18 -0500] "POST /wp-admin/admin-ajax.php?action=async_litespeed&nonce=42c1c41758&litespeed_type=imgoptm HTTP/1.1" 200 21 "-" "WordPress/6.7.1; https://blog.diixadigital.com"
57.141.5.15 - - [21/Dec/2024:12:49:24 -0500] "GET /category/analytics/ HTTP/1.1" 200 1514 "-" "meta-externalagent/1.1 (+https://developers.facebook.com/docs/sharing/webmasters/crawler)"
57.141.5.20 - - [21/Dec/2024:12:51:40 -0500] "GET /blog/page/2/ HTTP/1.1" 200 1514 "-" "meta-externalagent/1.1 (+https://developers.facebook.com/docs/sharing/webmasters/crawler)"
66.29.132.124 - - [21/Dec/2024:13:01:09 -0500] "POST /wp-cron.php?doing_wp_cron=1734804069.4055559635162353515625 HTTP/1.1" 200 0 "-" "WordPress/6.7.1; https://blog.diixadigital.com"
185.191.171.4 - - [21/Dec/2024:13:01:06 -0500] "GET /vanity-metrics-vs-actionable-metrics-whats-the-difference-and-what-to-track-in-saas/ HTTP/1.1" 200 27986 "-" "Mozilla/5.0 (compatible; SemrushBot/7~bl; +http://www.semrush.com/bot.html)"
66.29.132.124 - - [21/Dec/2024:13:01:09 -0500] "POST /wp-admin/admin-ajax.php?action=async_litespeed&nonce=42c1c41758&litespeed_type=imgoptm HTTP/1.1" 200 21 "-" "WordPress/6.7.1; https://blog.diixadigital.com"
51.8.102.59 - - [21/Dec/2024:13:13:03 -0500] "GET /robots.txt HTTP/1.1" 304 0 "-" "Mozilla/5.0 AppleWebKit/537.36 (KHTML, like Gecko); compatible; OAI-SearchBot/1.0; +https://openai.com/searchbot"
57.141.5.28 - - [21/Dec/2024:13:13:17 -0500] "GET /tag/ai/ HTTP/1.1" 200 1514 "-" "meta-externalagent/1.1 (+https://developers.facebook.com/docs/sharing/webmasters/crawler)"
57.141.5.23 - - [21/Dec/2024:13:41:55 -0500] "GET /seso-is-building-software-to-fix-farm-workforces-and-solve-agricultures-hr-woes/ HTTP/1.1" 200 1514 "-" "meta-externalagent/1.1 (+https://developers.facebook.com/docs/sharing/webmasters/crawler)"
52.167.144.219 - - [21/Dec/2024:13:56:21 -0500] "GET /sitemap295.xml HTTP/1.1" 200 14704 "-" "Mozilla/5.0 AppleWebKit/537.36 (KHTML, like Gecko; compatible; bingbot/2.0; +http://www.bing.com/bingbot.htm) Chrome/116.0.1938.76 Safari/537.36"
52.167.144.219 - - [21/Dec/2024:13:56:22 -0500] "GET /sitemap656.xml HTTP/1.1" 200 14669 "-" "Mozilla/5.0 AppleWebKit/537.36 (KHTML, like Gecko; compatible; bingbot/2.0; +http://www.bing.com/bingbot.htm) Chrome/116.0.1938.76 Safari/537.36"
52.167.144.219 - - [21/Dec/2024:13:56:23 -0500] "GET /sitemap750.xml HTTP/1.1" 200 14723 "-" "Mozilla/5.0 AppleWebKit/537.36 (KHTML, like Gecko; compatible; bingbot/2.0; +http://www.bing.com/bingbot.htm) Chrome/116.0.1938.76 Safari/537.36"
52.167.144.219 - - [21/Dec/2024:13:56:24 -0500] "GET /sitemap811.xml HTTP/1.1" 200 14721 "-" "Mozilla/5.0 AppleWebKit/537.36 (KHTML, like Gecko; compatible; bingbot/2.0; +http://www.bing.com/bingbot.htm) Chrome/116.0.1938.76 Safari/537.36"
52.167.144.219 - - [21/Dec/2024:13:56:25 -0500] "GET /sitemap701.xml HTTP/1.1" 200 14758 "-" "Mozilla/5.0 AppleWebKit/537.36 (KHTML, like Gecko; compatible; bingbot/2.0; +http://www.bing.com/bingbot.htm) Chrome/116.0.1938.76 Safari/537.36"
52.167.144.219 - - [21/Dec/2024:13:56:26 -0500] "GET /sitemap725.xml HTTP/1.1" 200 14702 "-" "Mozilla/5.0 AppleWebKit/537.36 (KHTML, like Gecko; compatible; bingbot/2.0; +http://www.bing.com/bingbot.htm) Chrome/116.0.1938.76 Safari/537.36"
52.167.144.219 - - [21/Dec/2024:13:56:27 -0500] "GET /sitemap371.xml HTTP/1.1" 200 14781 "-" "Mozilla/5.0 AppleWebKit/537.36 (KHTML, like Gecko; compatible; bingbot/2.0; +http://www.bing.com/bingbot.htm) Chrome/116.0.1938.76 Safari/537.36"
52.167.144.219 - - [21/Dec/2024:13:56:28 -0500] "GET /sitemap317.xml HTTP/1.1" 200 14727 "-" "Mozilla/5.0 AppleWebKit/537.36 (KHTML, like Gecko; compatible; bingbot/2.0; +http://www.bing.com/bingbot.htm) Chrome/116.0.1938.76 Safari/537.36"
52.167.144.219 - - [21/Dec/2024:13:56:29 -0500] "GET /sitemap429.xml HTTP/1.1" 200 14709 "-" "Mozilla/5.0 AppleWebKit/537.36 (KHTML, like Gecko; compatible; bingbot/2.0; +http://www.bing.com/bingbot.htm) Chrome/116.0.1938.76 Safari/537.36"
52.167.144.24 - - [21/Dec/2024:13:56:30 -0500] "GET /sitemap680.xml HTTP/1.1" 200 14774 "-" "Mozilla/5.0 AppleWebKit/537.36 (KHTML, like Gecko; compatible; bingbot/2.0; +http://www.bing.com/bingbot.htm) Chrome/116.0.1938.76 Safari/537.36"
52.167.144.24 - - [21/Dec/2024:13:56:31 -0500] "GET /sitemap349.xml HTTP/1.1" 200 14749 "-" "Mozilla/5.0 AppleWebKit/537.36 (KHTML, like Gecko; compatible; bingbot/2.0; +http://www.bing.com/bingbot.htm) Chrome/116.0.1938.76 Safari/537.36"
52.167.144.24 - - [21/Dec/2024:13:56:32 -0500] "GET /sitemap459.xml HTTP/1.1" 200 14687 "-" "Mozilla/5.0 AppleWebKit/537.36 (KHTML, like Gecko; compatible; bingbot/2.0; +http://www.bing.com/bingbot.htm) Chrome/116.0.1938.76 Safari/537.36"
52.167.144.24 - - [21/Dec/2024:13:56:33 -0500] "GET /sitemap381.xml HTTP/1.1" 200 14781 "-" "Mozilla/5.0 AppleWebKit/537.36 (KHTML, like Gecko; compatible; bingbot/2.0; +http://www.bing.com/bingbot.htm) Chrome/116.0.1938.76 Safari/537.36"
52.167.144.24 - - [21/Dec/2024:13:56:34 -0500] "GET /sitemap478.xml HTTP/1.1" 200 14706 "-" "Mozilla/5.0 AppleWebKit/537.36 (KHTML, like Gecko; compatible; bingbot/2.0; +http://www.bing.com/bingbot.htm) Chrome/116.0.1938.76 Safari/537.36"
52.167.144.24 - - [21/Dec/2024:13:56:35 -0500] "GET /sitemap481.xml HTTP/1.1" 200 14738 "-" "Mozilla/5.0 AppleWebKit/537.36 (KHTML, like Gecko; compatible; bingbot/2.0; +http://www.bing.com/bingbot.htm) Chrome/116.0.1938.76 Safari/537.36"
52.167.144.219 - - [21/Dec/2024:13:56:35 -0500] "GET /sitemap236.xml HTTP/1.1" 200 14737 "-" "Mozilla/5.0 AppleWebKit/537.36 (KHTML, like Gecko; compatible; bingbot/2.0; +http://www.bing.com/bingbot.htm) Chrome/116.0.1938.76 Safari/537.36"
52.167.144.219 - - [21/Dec/2024:13:56:36 -0500] "GET /sitemap394.xml HTTP/1.1" 200 14681 "-" "Mozilla/5.0 AppleWebKit/537.36 (KHTML, like Gecko; compatible; bingbot/2.0; +http://www.bing.com/bingbot.htm) Chrome/116.0.1938.76 Safari/537.36"
52.167.144.219 - - [21/Dec/2024:13:56:37 -0500] "GET /sitemap646.xml HTTP/1.1" 200 14716 "-" "Mozilla/5.0 AppleWebKit/537.36 (KHTML, like Gecko; compatible; bingbot/2.0; +http://www.bing.com/bingbot.htm) Chrome/116.0.1938.76 Safari/537.36"
52.167.144.24 - - [21/Dec/2024:13:56:41 -0500] "GET /sitemap339.xml HTTP/1.1" 200 14769 "-" "Mozilla/5.0 AppleWebKit/537.36 (KHTML, like Gecko; compatible; bingbot/2.0; +http://www.bing.com/bingbot.htm) Chrome/116.0.1938.76 Safari/537.36"
52.167.144.24 - - [21/Dec/2024:13:56:43 -0500] "GET /sitemap569.xml HTTP/1.1" 200 14717 "-" "Mozilla/5.0 AppleWebKit/537.36 (KHTML, like Gecko; compatible; bingbot/2.0; +http://www.bing.com/bingbot.htm) Chrome/116.0.1938.76 Safari/537.36"
52.167.144.24 - - [21/Dec/2024:13:56:44 -0500] "GET /sitemap285.xml HTTP/1.1" 200 14745 "-" "Mozilla/5.0 AppleWebKit/537.36 (KHTML, like Gecko; compatible; bingbot/2.0; +http://www.bing.com/bingbot.htm) Chrome/116.0.1938.76 Safari/537.36"
52.167.144.24 - - [21/Dec/2024:13:56:45 -0500] "GET /sitemap551.xml HTTP/1.1" 200 14653 "-" "Mozilla/5.0 AppleWebKit/537.36 (KHTML, like Gecko; compatible; bingbot/2.0; +http://www.bing.com/bingbot.htm) Chrome/116.0.1938.76 Safari/537.36"
52.167.144.24 - - [21/Dec/2024:13:56:45 -0500] "GET /sitemap532.xml HTTP/1.1" 200 14726 "-" "Mozilla/5.0 AppleWebKit/537.36 (KHTML, like Gecko; compatible; bingbot/2.0; +http://www.bing.com/bingbot.htm) Chrome/116.0.1938.76 Safari/537.36"
52.167.144.24 - - [21/Dec/2024:13:56:46 -0500] "GET /sitemap649.xml HTTP/1.1" 200 14711 "-" "Mozilla/5.0 AppleWebKit/537.36 (KHTML, like Gecko; compatible; bingbot/2.0; +http://www.bing.com/bingbot.htm) Chrome/116.0.1938.76 Safari/537.36"
207.46.13.87 - - [21/Dec/2024:13:56:46 -0500] "GET /sitemap658.xml HTTP/1.1" 200 14724 "-" "Mozilla/5.0 AppleWebKit/537.36 (KHTML, like Gecko; compatible; bingbot/2.0; +http://www.bing.com/bingbot.htm) Chrome/116.0.1938.76 Safari/537.36"
207.46.13.87 - - [21/Dec/2024:13:56:48 -0500] "GET /sitemap287.xml HTTP/1.1" 200 14734 "-" "Mozilla/5.0 AppleWebKit/537.36 (KHTML, like Gecko; compatible; bingbot/2.0; +http://www.bing.com/bingbot.htm) Chrome/116.0.1938.76 Safari/537.36"
207.46.13.87 - - [21/Dec/2024:13:56:49 -0500] "GET /sitemap766.xml HTTP/1.1" 200 14718 "-" "Mozilla/5.0 AppleWebKit/537.36 (KHTML, like Gecko; compatible; bingbot/2.0; +http://www.bing.com/bingbot.htm) Chrome/116.0.1938.76 Safari/537.36"
207.46.13.87 - - [21/Dec/2024:13:56:50 -0500] "GET /sitemap669.xml HTTP/1.1" 200 14705 "-" "Mozilla/5.0 AppleWebKit/537.36 (KHTML, like Gecko; compatible; bingbot/2.0; +http://www.bing.com/bingbot.htm) Chrome/116.0.1938.76 Safari/537.36"
207.46.13.87 - - [21/Dec/2024:13:56:51 -0500] "GET /sitemap759.xml HTTP/1.1" 200 14701 "-" "Mozilla/5.0 AppleWebKit/537.36 (KHTML, like Gecko; compatible; bingbot/2.0; +http://www.bing.com/bingbot.htm) Chrome/116.0.1938.76 Safari/537.36"
207.46.13.87 - - [21/Dec/2024:13:56:52 -0500] "GET /sitemap266.xml HTTP/1.1" 200 14757 "-" "Mozilla/5.0 AppleWebKit/537.36 (KHTML, like Gecko; compatible; bingbot/2.0; +http://www.bing.com/bingbot.htm) Chrome/116.0.1938.76 Safari/537.36"
207.46.13.87 - - [21/Dec/2024:13:56:53 -0500] "GET /sitemap886.xml HTTP/1.1" 200 14727 "-" "Mozilla/5.0 AppleWebKit/537.36 (KHTML, like Gecko; compatible; bingbot/2.0; +http://www.bing.com/bingbot.htm) Chrome/116.0.1938.76 Safari/537.36"
207.46.13.87 - - [21/Dec/2024:13:56:54 -0500] "GET /sitemap383.xml HTTP/1.1" 200 14751 "-" "Mozilla/5.0 AppleWebKit/537.36 (KHTML, like Gecko; compatible; bingbot/2.0; +http://www.bing.com/bingbot.htm) Chrome/116.0.1938.76 Safari/537.36"
207.46.13.87 - - [21/Dec/2024:13:56:57 -0500] "GET /sitemap410.xml HTTP/1.1" 200 14707 "-" "Mozilla/5.0 AppleWebKit/537.36 (KHTML, like Gecko; compatible; bingbot/2.0; +http://www.bing.com/bingbot.htm) Chrome/116.0.1938.76 Safari/537.36"
207.46.13.87 - - [21/Dec/2024:13:56:58 -0500] "GET /sitemap409.xml HTTP/1.1" 200 14720 "-" "Mozilla/5.0 AppleWebKit/537.36 (KHTML, like Gecko; compatible; bingbot/2.0; +http://www.bing.com/bingbot.htm) Chrome/116.0.1938.76 Safari/537.36"
207.46.13.87 - - [21/Dec/2024:13:56:59 -0500] "GET /sitemap489.xml HTTP/1.1" 200 14687 "-" "Mozilla/5.0 AppleWebKit/537.36 (KHTML, like Gecko; compatible; bingbot/2.0; +http://www.bing.com/bingbot.htm) Chrome/116.0.1938.76 Safari/537.36"
207.46.13.87 - - [21/Dec/2024:13:57:00 -0500] "GET /sitemap552.xml HTTP/1.1" 200 14736 "-" "Mozilla/5.0 AppleWebKit/537.36 (KHTML, like Gecko; compatible; bingbot/2.0; +http://www.bing.com/bingbot.htm) Chrome/116.0.1938.76 Safari/537.36"
207.46.13.87 - - [21/Dec/2024:13:57:01 -0500] "GET /sitemap347.xml HTTP/1.1" 200 14758 "-" "Mozilla/5.0 AppleWebKit/537.36 (KHTML, like Gecko; compatible; bingbot/2.0; +http://www.bing.com/bingbot.htm) Chrome/116.0.1938.76 Safari/537.36"
207.46.13.87 - - [21/Dec/2024:13:57:02 -0500] "GET /sitemap557.xml HTTP/1.1" 200 14740 "-" "Mozilla/5.0 AppleWebKit/537.36 (KHTML, like Gecko; compatible; bingbot/2.0; +http://www.bing.com/bingbot.htm) Chrome/116.0.1938.76 Safari/537.36"
57.141.5.27 - - [21/Dec/2024:15:39:20 -0500] "GET /five-linkedin-ads-metrics-you-should-be-tracking-but-probably-arent-yet/ HTTP/1.1" 200 1514 "-" "meta-externalagent/1.1 (+https://developers.facebook.com/docs/sharing/webmasters/crawler)"
57.141.5.30 - - [21/Dec/2024:15:54:20 -0500] "GET /how-to-find-the-rss-feed-url-for-any-site/ HTTP/1.1" 200 1514 "-" "meta-externalagent/1.1 (+https://developers.facebook.com/docs/sharing/webmasters/crawler)"
57.141.5.27 - - [21/Dec/2024:16:07:37 -0500] "GET /category/seo/ HTTP/1.1" 200 1514 "-" "meta-externalagent/1.1 (+https://developers.facebook.com/docs/sharing/webmasters/crawler)"
185.191.171.17 - - [21/Dec/2024:16:30:42 -0500] "GET /robots.txt HTTP/1.1" 200 139 "-" "Mozilla/5.0 (compatible; SemrushBot/7~bl; +http://www.semrush.com/bot.html)"
66.29.132.124 - - [21/Dec/2024:16:30:46 -0500] "POST /wp-cron.php?doing_wp_cron=1734816646.2338299751281738281250 HTTP/1.1" 200 0 "-" "WordPress/6.7.1; https://blog.diixadigital.com"
85.208.96.195 - - [21/Dec/2024:16:30:43 -0500] "GET /category/analytics/ HTTP/1.1" 200 17709 "-" "Mozilla/5.0 (compatible; SemrushBot/7~bl; +http://www.semrush.com/bot.html)"
66.29.132.124 - - [21/Dec/2024:16:30:46 -0500] "POST /wp-admin/admin-ajax.php?action=async_litespeed&nonce=42c1c41758&litespeed_type=imgoptm HTTP/1.1" 200 21 "-" "WordPress/6.7.1; https://blog.diixadigital.com"
66.29.132.124 - - [21/Dec/2024:18:38:38 -0500] "POST /wp-cron.php?doing_wp_cron=1734824318.8854079246520996093750 HTTP/1.1" 200 0 "-" "WordPress/6.7.1; https://blog.diixadigital.com"
5.161.198.23 - - [21/Dec/2024:18:38:37 -0500] "GET / HTTP/1.1" 200 17122 "-" "Mozilla/5.0 (Windows NT 10.0; Win64; x64) AppleWebKit/537.36 (KHTML, like Gecko) Chrome/131.0.0.0 Safari/537.36"
5.161.198.23 - - [21/Dec/2024:18:38:39 -0500] "GET /wp-includes/js/jquery/jquery.min.js?ver=3.7.1 HTTP/1.1" 200 29744 "https://blog.diixadigital.com/" "Mozilla/5.0 (Windows NT 10.0; Win64; x64) AppleWebKit/537.36 (KHTML, like Gecko) Chrome/131.0.0.0 Safari/537.36"
5.161.198.23 - - [21/Dec/2024:18:38:39 -0500] "GET /wp-includes/js/jquery/jquery-migrate.min.js?ver=3.4.1 HTTP/1.1" 200 4678 "https://blog.diixadigital.com/" "Mozilla/5.0 (Windows NT 10.0; Win64; x64) AppleWebKit/537.36 (KHTML, like Gecko) Chrome/131.0.0.0 Safari/537.36"
5.161.198.23 - - [21/Dec/2024:18:38:39 -0500] "GET /wp-content/plugins/contact-form-7/includes/swv/js/index.js?ver=5.9.3 HTTP/1.1" 200 3228 "https://blog.diixadigital.com/" "Mozilla/5.0 (Windows NT 10.0; Win64; x64) AppleWebKit/537.36 (KHTML, like Gecko) Chrome/131.0.0.0 Safari/537.36"
5.161.198.23 - - [21/Dec/2024:18:38:39 -0500] "GET /wp-content/plugins/contact-form-7/includes/js/index.js?ver=5.9.3 HTTP/1.1" 200 3919 "https://blog.diixadigital.com/" "Mozilla/5.0 (Windows NT 10.0; Win64; x64) AppleWebKit/537.36 (KHTML, like Gecko) Chrome/131.0.0.0 Safari/537.36"
5.161.198.23 - - [21/Dec/2024:18:38:39 -0500] "GET /wp-content/plugins/rubik-shortcode/js/shortcode.js?ver=6.7.1 HTTP/1.1" 200 514 "https://blog.diixadigital.com/" "Mozilla/5.0 (Windows NT 10.0; Win64; x64) AppleWebKit/537.36 (KHTML, like Gecko) Chrome/131.0.0.0 Safari/537.36"
5.161.198.23 - - [21/Dec/2024:18:38:39 -0500] "GET /wp-includes/js/jquery/ui/tabs.min.js?ver=1.13.3 HTTP/1.1" 200 3794 "https://blog.diixadigital.com/" "Mozilla/5.0 (Windows NT 10.0; Win64; x64) AppleWebKit/537.36 (KHTML, like Gecko) Chrome/131.0.0.0 Safari/537.36"
5.161.198.23 - - [21/Dec/2024:18:38:39 -0500] "GET /wp-includes/js/jquery/ui/accordion.min.js?ver=1.13.3 HTTP/1.1" 200 2669 "https://blog.diixadigital.com/" "Mozilla/5.0 (Windows NT 10.0; Win64; x64) AppleWebKit/537.36 (KHTML, like Gecko) Chrome/131.0.0.0 Safari/537.36"
5.161.198.23 - - [21/Dec/2024:18:38:39 -0500] "GET /wp-includes/js/jquery/ui/core.min.js?ver=1.13.3 HTTP/1.1" 200 6811 "https://blog.diixadigital.com/" "Mozilla/5.0 (Windows NT 10.0; Win64; x64) AppleWebKit/537.36 (KHTML, like Gecko) Chrome/131.0.0.0 Safari/537.36"
5.161.198.23 - - [21/Dec/2024:18:38:39 -0500] "GET /wp-includes/js/jquery/jquery.masonry.min.js?ver=3.1.2b HTTP/1.1" 200 628 "https://blog.diixadigital.com/" "Mozilla/5.0 (Windows NT 10.0; Win64; x64) AppleWebKit/537.36 (KHTML, like Gecko) Chrome/131.0.0.0 Safari/537.36"
5.161.198.23 - - [21/Dec/2024:18:38:39 -0500] "GET /wp-includes/js/imagesloaded.min.js?ver=5.0.0 HTTP/1.1" 200 1687 "https://blog.diixadigital.com/" "Mozilla/5.0 (Windows NT 10.0; Win64; x64) AppleWebKit/537.36 (KHTML, like Gecko) Chrome/131.0.0.0 Safari/537.36"
5.161.198.23 - - [21/Dec/2024:18:38:39 -0500] "GET /wp-includes/js/masonry.min.js?ver=4.2.2 HTTP/1.1" 200 7117 "https://blog.diixadigital.com/" "Mozilla/5.0 (Windows NT 10.0; Win64; x64) AppleWebKit/537.36 (KHTML, like Gecko) Chrome/131.0.0.0 Safari/537.36"
5.161.198.23 - - [21/Dec/2024:18:38:39 -0500] "GET /wp-content/themes/rubik/js/jquery.flexslider.js?ver=6.7.1 HTTP/1.1" 200 11735 "https://blog.diixadigital.com/" "Mozilla/5.0 (Windows NT 10.0; Win64; x64) AppleWebKit/537.36 (KHTML, like Gecko) Chrome/131.0.0.0 Safari/537.36"
5.161.198.23 - - [21/Dec/2024:18:38:39 -0500] "GET /wp-content/themes/rubik/js/cookie.min.js?ver=6.7.1 HTTP/1.1" 200 934 "https://blog.diixadigital.com/" "Mozilla/5.0 (Windows NT 10.0; Win64; x64) AppleWebKit/537.36 (KHTML, like Gecko) Chrome/131.0.0.0 Safari/537.36"
5.161.198.23 - - [21/Dec/2024:18:38:39 -0500] "GET /wp-content/themes/rubik/js/froogaloop2.min.js?ver=6.7.1 HTTP/1.1" 200 730 "https://blog.diixadigital.com/" "Mozilla/5.0 (Windows NT 10.0; Win64; x64) AppleWebKit/537.36 (KHTML, like Gecko) Chrome/131.0.0.0 Safari/537.36"
5.161.198.23 - - [21/Dec/2024:18:38:39 -0500] "GET /wp-content/themes/rubik/js/jquery.magnific-popup.min.js?ver=6.7.1 HTTP/1.1" 200 7285 "https://blog.diixadigital.com/" "Mozilla/5.0 (Windows NT 10.0; Win64; x64) AppleWebKit/537.36 (KHTML, like Gecko) Chrome/131.0.0.0 Safari/537.36"
5.161.198.23 - - [21/Dec/2024:18:38:39 -0500] "GET /wp-content/themes/rubik/js/modernizr.js?ver=6.7.1 HTTP/1.1" 200 3913 "https://blog.diixadigital.com/" "Mozilla/5.0 (Windows NT 10.0; Win64; x64) AppleWebKit/537.36 (KHTML, like Gecko) Chrome/131.0.0.0 Safari/537.36"
5.161.198.23 - - [21/Dec/2024:18:38:39 -0500] "GET /wp-content/themes/rubik/js/jquery.fs.tipper.js?ver=6.7.1 HTTP/1.1" 200 1666 "https://blog.diixadigital.com/" "Mozilla/5.0 (Windows NT 10.0; Win64; x64) AppleWebKit/537.36 (KHTML, like Gecko) Chrome/131.0.0.0 Safari/537.36"
5.161.198.23 - - [21/Dec/2024:18:38:39 -0500] "GET /wp-content/themes/rubik/js/justifiedGallery.js?ver=6.7.1 HTTP/1.1" 200 4757 "https://blog.diixadigital.com/" "Mozilla/5.0 (Windows NT 10.0; Win64; x64) AppleWebKit/537.36 (KHTML, like Gecko) Chrome/131.0.0.0 Safari/537.36"
5.161.198.23 - - [21/Dec/2024:18:38:39 -0500] "GET /wp-content/themes/rubik/js/jquery.fitvids.js?ver=6.7.1 HTTP/1.1" 200 1134 "https://blog.diixadigital.com/" "Mozilla/5.0 (Windows NT 10.0; Win64; x64) AppleWebKit/537.36 (KHTML, like Gecko) Chrome/131.0.0.0 Safari/537.36"
5.161.198.23 - - [21/Dec/2024:18:38:39 -0500] "GET /wp-content/themes/rubik/js/slick.js?ver=6.7.1 HTTP/1.1" 200 8765 "https://blog.diixadigital.com/" "Mozilla/5.0 (Windows NT 10.0; Win64; x64) AppleWebKit/537.36 (KHTML, like Gecko) Chrome/131.0.0.0 Safari/537.36"
5.161.198.23 - - [21/Dec/2024:18:38:39 -0500] "GET /wp-content/themes/rubik/js/jquery-news-ticker.js?ver=6.7.1 HTTP/1.1" 200 4141 "https://blog.diixadigital.com/" "Mozilla/5.0 (Windows NT 10.0; Win64; x64) AppleWebKit/537.36 (KHTML, like Gecko) Chrome/131.0.0.0 Safari/537.36"
5.161.198.23 - - [21/Dec/2024:18:38:39 -0500] "GET /wp-content/themes/rubik/js/module-load-post.js?ver=6.7.1 HTTP/1.1" 200 6559 "https://blog.diixadigital.com/" "Mozilla/5.0 (Windows NT 10.0; Win64; x64) AppleWebKit/537.36 (KHTML, like Gecko) Chrome/131.0.0.0 Safari/537.36"
5.161.198.23 - - [21/Dec/2024:18:38:39 -0500] "GET /wp-content/themes/rubik/js/customjs.js?ver=6.7.1 HTTP/1.1" 200 6300 "https://blog.diixadigital.com/" "Mozilla/5.0 (Windows NT 10.0; Win64; x64) AppleWebKit/537.36 (KHTML, like Gecko) Chrome/131.0.0.0 Safari/537.36"
5.161.198.23 - - [21/Dec/2024:18:38:39 -0500] "GET /wp-content/themes/rubik/js/playlist.js?ver=6.7.1 HTTP/1.1" 200 500 "https://blog.diixadigital.com/" "Mozilla/5.0 (Windows NT 10.0; Win64; x64) AppleWebKit/537.36 (KHTML, like Gecko) Chrome/131.0.0.0 Safari/537.36"
5.161.198.23 - - [21/Dec/2024:18:38:39 -0500] "GET /wp-content/plugins/mailchimp-for-wp/assets/js/forms.js?ver=4.9.11 HTTP/1.1" 200 2455 "https://blog.diixadigital.com/" "Mozilla/5.0 (Windows NT 10.0; Win64; x64) AppleWebKit/537.36 (KHTML, like Gecko) Chrome/131.0.0.0 Safari/537.36"
5.161.198.23 - - [21/Dec/2024:18:38:39 -0500] "GET /wp-content/themes/rubik/js/onviewport.js?ver=6.7.1 HTTP/1.1" 200 983 "https://blog.diixadigital.com/" "Mozilla/5.0 (Windows NT 10.0; Win64; x64) AppleWebKit/537.36 (KHTML, like Gecko) Chrome/131.0.0.0 Safari/537.36"
5.161.198.23 - - [21/Dec/2024:18:38:39 -0500] "GET /wp-content/themes/rubik/js/menu.js?ver=6.7.1 HTTP/1.1" 200 848 "https://blog.diixadigital.com/" "Mozilla/5.0 (Windows NT 10.0; Win64; x64) AppleWebKit/537.36 (KHTML, like Gecko) Chrome/131.0.0.0 Safari/537.36"
66.29.132.124 - - [21/Dec/2024:18:38:39 -0500] "POST /wp-admin/admin-ajax.php?action=async_litespeed&nonce=42c1c41758&litespeed_type=imgoptm HTTP/1.1" 200 0 "-" "WordPress/6.7.1; https://blog.diixadigital.com"
5.161.198.23 - - [21/Dec/2024:18:38:40 -0500] "GET /wp-includes/js/wp-emoji-release.min.js?ver=6.7.1 HTTP/1.1" 200 4676 "https://blog.diixadigital.com/" "Mozilla/5.0 (Windows NT 10.0; Win64; x64) AppleWebKit/537.36 (KHTML, like Gecko) Chrome/131.0.0.0 Safari/537.36"
66.29.132.124 - - [21/Dec/2024:18:38:39 -0500] "POST /wp-admin/admin-ajax.php?action=as_async_request_queue_runner&nonce=e930c94b27 HTTP/1.1" 200 0 "-" "WordPress/6.7.1; https://blog.diixadigital.com"
5.161.198.23 - - [21/Dec/2024:18:38:40 -0500] "GET /wp-content/uploads/2024/04/cropped-DIIXA-LOGO-2-32x32.png HTTP/1.1" 200 737 "https://blog.diixadigital.com/" "Mozilla/5.0 (Windows NT 10.0; Win64; x64) AppleWebKit/537.36 (KHTML, like Gecko) Chrome/131.0.0.0 Safari/537.36"
40.77.167.68 - - [21/Dec/2024:19:42:23 -0500] "GET /wp-content/uploads/2024/04/adguard-1024x682.webp HTTP/1.1" 200 30810 "-" "Mozilla/5.0 AppleWebKit/537.36 (KHTML, like Gecko; compatible; bingbot/2.0; +http://www.bing.com/bingbot.htm) Chrome/116.0.1938.76 Safari/537.36"
85.208.96.200 - - [21/Dec/2024:20:03:53 -0500] "GET /robots.txt HTTP/1.1" 200 139 "-" "Mozilla/5.0 (compatible; SemrushBot/7~bl; +http://www.semrush.com/bot.html)"
66.29.132.124 - - [21/Dec/2024:20:03:56 -0500] "POST /wp-cron.php?doing_wp_cron=1734829436.9698109626770019531250 HTTP/1.1" 200 0 "-" "WordPress/6.7.1; https://blog.diixadigital.com"
85.208.96.208 - - [21/Dec/2024:20:03:54 -0500] "GET /category/ai/ HTTP/1.1" 200 18075 "-" "Mozilla/5.0 (compatible; SemrushBot/7~bl; +http://www.semrush.com/bot.html)"
66.29.132.124 - - [21/Dec/2024:20:03:57 -0500] "POST /wp-admin/admin-ajax.php?action=async_litespeed&nonce=993e3152cd&litespeed_type=imgoptm HTTP/1.1" 200 0 "-" "WordPress/6.7.1; https://blog.diixadigital.com"
66.29.132.124 - - [21/Dec/2024:20:03:57 -0500] "POST /wp-admin/admin-ajax.php?action=as_async_request_queue_runner&nonce=7098cad924 HTTP/1.1" 200 0 "-" "WordPress/6.7.1; https://blog.diixadigital.com"
66.29.132.124 - - [21/Dec/2024:20:18:45 -0500] "POST /wp-cron.php?doing_wp_cron=1734830325.7587800025939941406250 HTTP/1.1" 200 0 "-" "WordPress/6.7.1; https://blog.diixadigital.com"
185.191.171.1 - - [21/Dec/2024:20:18:44 -0500] "GET /tag/analytics/ HTTP/1.1" 200 17630 "-" "Mozilla/5.0 (compatible; SemrushBot/7~bl; +http://www.semrush.com/bot.html)"
66.29.132.124 - - [21/Dec/2024:20:18:45 -0500] "POST /wp-admin/admin-ajax.php?action=async_litespeed&nonce=993e3152cd&litespeed_type=imgoptm HTTP/1.1" 200 21 "-" "WordPress/6.7.1; https://blog.diixadigital.com"
66.29.132.124 - - [21/Dec/2024:21:11:09 -0500] "POST /wp-cron.php?doing_wp_cron=1734833469.7252500057220458984375 HTTP/1.1" 200 0 "-" "WordPress/6.7.1; https://blog.diixadigital.com"
51.68.220.114 - - [21/Dec/2024:21:11:05 -0500] "GET / HTTP/1.1" 200 109382 "-" "Mozilla/5.0 (Windows NT 10.0; Win64; x64) AppleWebKit/537.36 (KHTML, like Gecko) Chrome/130.0.0.0 Safari/537.36"
66.29.132.124 - - [21/Dec/2024:21:11:10 -0500] "POST /wp-admin/admin-ajax.php?action=async_litespeed&nonce=993e3152cd&litespeed_type=imgoptm HTTP/1.1" 200 0 "-" "WordPress/6.7.1; https://blog.diixadigital.com"
66.29.132.124 - - [21/Dec/2024:21:11:10 -0500] "POST /wp-admin/admin-ajax.php?action=as_async_request_queue_runner&nonce=7098cad924 HTTP/1.1" 200 0 "-" "WordPress/6.7.1; https://blog.diixadigital.com"
85.208.96.197 - - [21/Dec/2024:22:38:35 -0500] "GET /robots.txt HTTP/1.1" 200 139 "-" "Mozilla/5.0 (compatible; SemrushBot/7~bl; +http://www.semrush.com/bot.html)"
66.29.132.124 - - [21/Dec/2024:22:38:38 -0500] "POST /wp-cron.php?doing_wp_cron=1734838718.2461340427398681640625 HTTP/1.1" 200 0 "-" "WordPress/6.7.1; https://blog.diixadigital.com"
85.208.96.197 - - [21/Dec/2024:22:38:36 -0500] "GET /what-is-rss-and-how-to-use-rss-feeds-to-boost-your-productivity/ HTTP/1.1" 200 26153 "-" "Mozilla/5.0 (compatible; SemrushBot/7~bl; +http://www.semrush.com/bot.html)"
66.29.132.124 - - [21/Dec/2024:22:38:38 -0500] "POST /wp-admin/admin-ajax.php?action=async_litespeed&nonce=993e3152cd&litespeed_type=imgoptm HTTP/1.1" 200 21 "-" "WordPress/6.7.1; https://blog.diixadigital.com"
164.92.107.174 - - [22/Dec/2024:01:31:01 -0500] "GET / HTTP/1.1" 200 0 "-" "-"
66.29.132.124 - - [22/Dec/2024:01:31:04 -0500] "POST /wp-cron.php?doing_wp_cron=1734849064.2780840396881103515625 HTTP/1.1" 200 0 "-" "WordPress/6.7.1; https://blog.diixadigital.com"
66.29.132.124 - - [22/Dec/2024:01:31:04 -0500] "POST /wp-cron.php?doing_wp_cron=1734849064.2780840396881103515625 HTTP/1.1" 200 0 "-" "WordPress/6.7.1; https://blog.diixadigital.com"
164.92.107.174 - - [22/Dec/2024:01:31:02 -0500] "GET / HTTP/1.1" 301 0 "-" "Mozilla/5.0 (Linux; Android 6.0; HTC One M9 Build/MRA234150) AppleWebKit/537.36 (KHTML, like Gecko) Chrome/52.0.1109.98 Mobile Safari/537.3"
164.92.107.174 - - [22/Dec/2024:01:31:04 -0500] "GET /actuator/env HTTP/1.1" 301 0 "-" "Go-http-client/1.1"
164.92.107.174 - - [22/Dec/2024:01:31:04 -0500] "GET /server HTTP/1.1" 301 0 "-" "Go-http-client/1.1"
66.29.132.124 - - [22/Dec/2024:01:31:04 -0500] "POST /wp-admin/admin-ajax.php?action=async_litespeed&nonce=993e3152cd&litespeed_type=imgoptm HTTP/1.1" 200 21 "-" "WordPress/6.7.1; https://blog.diixadigital.com"
164.92.107.174 - - [22/Dec/2024:01:31:04 -0500] "GET /.vscode/sftp.json HTTP/1.1" 301 0 "-" "Go-http-client/1.1"
164.92.107.174 - - [22/Dec/2024:01:31:05 -0500] "GET /about HTTP/1.1" 301 0 "-" "Go-http-client/1.1"
66.29.132.124 - - [22/Dec/2024:01:31:04 -0500] "POST /wp-admin/admin-ajax.php?action=async_litespeed&nonce=993e3152cd&litespeed_type=imgoptm HTTP/1.1" 200 0 "-" "WordPress/6.7.1; https://blog.diixadigital.com"
164.92.107.174 - - [22/Dec/2024:01:31:05 -0500] "GET /debug/default/view?panel=config HTTP/1.1" 301 0 "-" "Go-http-client/1.1"
164.92.107.174 - - [22/Dec/2024:01:31:05 -0500] "GET /v2/_catalog HTTP/1.1" 301 0 "-" "Go-http-client/1.1"
66.29.132.124 - - [22/Dec/2024:01:31:04 -0500] "POST /wp-admin/admin-ajax.php?action=as_async_request_queue_runner&nonce=7098cad924 HTTP/1.1" 200 0 "-" "WordPress/6.7.1; https://blog.diixadigital.com"
164.92.107.174 - - [22/Dec/2024:01:31:05 -0500] "GET /ecp/Current/exporttool/microsoft.exchange.ediscovery.exporttool.application HTTP/1.1" 301 0 "-" "Go-http-client/1.1"
164.92.107.174 - - [22/Dec/2024:01:31:06 -0500] "GET /login.action HTTP/1.1" 301 0 "-" "Go-http-client/1.1"
164.92.107.174 - - [22/Dec/2024:01:31:06 -0500] "GET /_all_dbs HTTP/1.1" 301 0 "-" "Mozilla/5.0 (l9scan/2.0.432313e2233313e29323e26363; +https://leakix.net)"
164.92.107.174 - - [22/Dec/2024:01:31:06 -0500] "GET /.DS_Store HTTP/1.1" 301 0 "-" "Go-http-client/1.1"
164.92.107.174 - - [22/Dec/2024:01:31:06 -0500] "GET /.env HTTP/1.1" 301 0 "-" "Go-http-client/1.1"
164.92.107.174 - - [22/Dec/2024:01:31:07 -0500] "GET /.git/config HTTP/1.1" 403 1242 "-" "Go-http-client/1.1"
164.92.107.174 - - [22/Dec/2024:01:31:07 -0500] "GET /s/432313e2233313e29323e26363/_/;/META-INF/maven/com.atlassian.jira/jira-webapp-dist/pom.properties HTTP/1.1" 301 0 "-" "Go-http-client/1.1"
164.92.107.174 - - [22/Dec/2024:01:31:07 -0500] "GET /config.json HTTP/1.1" 301 0 "-" "Go-http-client/1.1"
164.92.107.174 - - [22/Dec/2024:01:31:07 -0500] "GET /telescope/requests HTTP/1.1" 301 0 "-" "Go-http-client/1.1"
164.92.107.174 - - [22/Dec/2024:01:31:07 -0500] "GET /info.php HTTP/1.1" 301 0 "-" "Go-http-client/1.1"
164.92.107.174 - - [22/Dec/2024:01:31:08 -0500] "GET /?rest_route=/wp/v2/users/ HTTP/1.1" 200 683 "-" "Go-http-client/1.1"
139.59.136.184 - - [22/Dec/2024:02:27:39 -0500] "GET / HTTP/1.1" 200 0 "-" "-"
66.29.132.124 - - [22/Dec/2024:02:27:42 -0500] "POST /wp-cron.php?doing_wp_cron=1734852462.2934150695800781250000 HTTP/1.1" 200 0 "-" "WordPress/6.7.1; https://blog.diixadigital.com"
66.29.132.124 - - [22/Dec/2024:02:27:42 -0500] "POST /wp-cron.php?doing_wp_cron=1734852462.2934060096740722656250 HTTP/1.1" 200 0 "-" "WordPress/6.7.1; https://blog.diixadigital.com"
139.59.136.184 - - [22/Dec/2024:02:27:40 -0500] "GET / HTTP/1.1" 200 109382 "-" "Mozilla/5.0 (Linux; Android 6.0; HTC One M9 Build/MRA234150) AppleWebKit/537.36 (KHTML, like Gecko) Chrome/52.0.1109.98 Mobile Safari/537.3"
66.29.132.124 - - [22/Dec/2024:02:27:42 -0500] "POST /wp-admin/admin-ajax.php?action=async_litespeed&nonce=993e3152cd&litespeed_type=imgoptm HTTP/1.1" 200 21 "-" "WordPress/6.7.1; https://blog.diixadigital.com"
139.59.136.184 - - [22/Dec/2024:02:27:43 -0500] "GET /actuator/env HTTP/1.1" 404 17135 "-" "Go-http-client/1.1"
139.59.136.184 - - [22/Dec/2024:02:27:44 -0500] "GET /server HTTP/1.1" 404 17141 "-" "Go-http-client/1.1"
139.59.136.184 - - [22/Dec/2024:02:27:45 -0500] "GET /.vscode/sftp.json HTTP/1.1" 404 17143 "-" "Go-http-client/1.1"
139.59.136.184 - - [22/Dec/2024:02:27:46 -0500] "GET /about HTTP/1.1" 301 0 "-" "Go-http-client/1.1"
139.59.136.184 - - [22/Dec/2024:02:27:47 -0500] "GET /debug/default/view?panel=config HTTP/1.1" 404 17144 "-" "Go-http-client/1.1"
139.59.136.184 - - [22/Dec/2024:02:27:48 -0500] "GET /v2/_catalog HTTP/1.1" 404 17142 "-" "Go-http-client/1.1"
66.29.132.124 - - [22/Dec/2024:02:27:49 -0500] "POST /wp-cron.php?doing_wp_cron=1734852469.8343410491943359375000 HTTP/1.1" 200 0 "-" "WordPress/6.7.1; https://blog.diixadigital.com"
139.59.136.184 - - [22/Dec/2024:02:27:49 -0500] "GET /ecp/Current/exporttool/microsoft.exchange.ediscovery.exporttool.application HTTP/1.1" 404 17142 "-" "Go-http-client/1.1"
66.29.132.124 - - [22/Dec/2024:02:27:50 -0500] "POST /wp-admin/admin-ajax.php?action=async_litespeed&nonce=993e3152cd&litespeed_type=imgoptm HTTP/1.1" 200 21 "-" "WordPress/6.7.1; https://blog.diixadigital.com"
139.59.136.184 - - [22/Dec/2024:02:27:51 -0500] "GET /login.action HTTP/1.1" 404 17144 "-" "Go-http-client/1.1"
139.59.136.184 - - [22/Dec/2024:02:27:52 -0500] "GET /_all_dbs HTTP/1.1" 404 17143 "-" "Mozilla/5.0 (l9scan/2.0.432313e2233313e29323e26363; +https://leakix.net)"
139.59.136.184 - - [22/Dec/2024:02:27:53 -0500] "GET /.DS_Store HTTP/1.1" 404 17144 "-" "Go-http-client/1.1"
139.59.136.184 - - [22/Dec/2024:02:27:54 -0500] "GET /.env HTTP/1.1" 404 17142 "-" "Go-http-client/1.1"
139.59.136.184 - - [22/Dec/2024:02:27:55 -0500] "GET /.git/config HTTP/1.1" 403 1242 "-" "Go-http-client/1.1"
139.59.136.184 - - [22/Dec/2024:02:27:55 -0500] "GET /s/432313e2233313e29323e26363/_/;/META-INF/maven/com.atlassian.jira/jira-webapp-dist/pom.properties HTTP/1.1" 404 17142 "-" "Go-http-client/1.1"
139.59.136.184 - - [22/Dec/2024:02:27:56 -0500] "GET /config.json HTTP/1.1" 404 17141 "-" "Go-http-client/1.1"
139.59.136.184 - - [22/Dec/2024:02:27:57 -0500] "GET /telescope/requests HTTP/1.1" 404 17138 "-" "Go-http-client/1.1"
139.59.136.184 - - [22/Dec/2024:02:27:59 -0500] "GET /info.php HTTP/1.1" 404 17142 "-" "Go-http-client/1.1"
139.59.136.184 - - [22/Dec/2024:02:28:00 -0500] "GET /?rest_route=/wp/v2/users/ HTTP/1.1" 200 683 "-" "Go-http-client/1.1"

Youez - 2016 - github.com/yon3zu
LinuXploit