66.29.132.124 - - [24/Dec/2024:16:53:53 -0500] "POST /wp-cron.php?doing_wp_cron=1735077233.5403339862823486328125 HTTP/1.1" 200 0 "-" "WordPress/6.7.1; https://misswavenigeria.com"
165.231.182.61 - - [24/Dec/2024:16:53:53 -0500] "GET /register/ HTTP/1.0" 200 75922 "https://misswavenigeria.com/" "Mozilla/5.0 (Windows NT 10.0; WOW64) AppleWebKit/537.36 (KHTML, like Gecko) Chrome/103.0.5060.114 Safari/537.36"
66.29.132.124 - - [24/Dec/2024:16:53:53 -0500] "POST /wp-admin/admin-ajax.php?action=async_litespeed&nonce=VzunWylMd2YvX1IElFBAAkXCkqQUbDJO&litespeed_type=imgoptm HTTP/1.1" 200 21 "-" "WordPress/6.7.1; https://misswavenigeria.com"
66.29.132.124 - - [24/Dec/2024:16:55:24 -0500] "POST /wp-cron.php?doing_wp_cron=1735077324.3611860275268554687500 HTTP/1.1" 200 0 "-" "WordPress/6.7.1; https://misswavenigeria.com"
66.249.79.2 - - [24/Dec/2024:16:55:22 -0500] "GET /goods/W962464?k=product HTTP/1.1" 301 0 "-" "Mozilla/5.0 (Linux; Android 6.0.1; Nexus 5X Build/MMB29P) AppleWebKit/537.36 (KHTML, like Gecko) Chrome/131.0.6778.139 Mobile Safari/537.36 (compatible; Googlebot/2.1; +http://www.google.com/bot.html)"
66.29.132.124 - - [24/Dec/2024:16:55:24 -0500] "POST /wp-admin/admin-ajax.php?action=async_litespeed&nonce=3IpLP1sxEtKyGAeTvS3o0Awtvosjmjxz&litespeed_type=imgoptm HTTP/1.1" 200 21 "-" "WordPress/6.7.1; https://misswavenigeria.com"
66.249.68.68 - - [24/Dec/2024:16:55:24 -0500] "GET /goods/W962464?k=product HTTP/1.1" 404 15610 "-" "Mozilla/5.0 (Linux; Android 6.0.1; Nexus 5X Build/MMB29P) AppleWebKit/537.36 (KHTML, like Gecko) Chrome/131.0.6778.139 Mobile Safari/537.36 (compatible; Googlebot/2.1; +http://www.google.com/bot.html)"
66.29.132.124 - - [24/Dec/2024:16:55:39 -0500] "POST /wp-cron.php?doing_wp_cron=1735077339.1075150966644287109375 HTTP/1.1" 200 0 "-" "WordPress/6.7.1; https://misswavenigeria.com"
165.231.182.61 - - [24/Dec/2024:16:55:38 -0500] "GET / HTTP/1.0" 200 109055 "https://misswavenigeria.com/" "Mozilla/5.0 (Windows NT 10.0; WOW64) AppleWebKit/537.36 (KHTML, like Gecko) Chrome/103.0.0.0 Safari/537.36"
165.231.182.61 - - [24/Dec/2024:16:55:41 -0500] "GET /register/ HTTP/1.0" 200 75922 "https://misswavenigeria.com/register/" "Mozilla/5.0 (Windows NT 10.0; WOW64) AppleWebKit/537.36 (KHTML, like Gecko) Chrome/103.0.0.0 Safari/537.36"
165.231.182.61 - - [24/Dec/2024:16:55:42 -0500] "POST /register/ HTTP/1.0" 200 76048 "https://misswavenigeria.com/register/" "Mozilla/5.0 (Windows NT 10.0; WOW64) AppleWebKit/537.36 (KHTML, like Gecko) Chrome/103.0.0.0 Safari/537.36"
165.231.182.61 - - [24/Dec/2024:16:57:04 -0500] "GET /register/ HTTP/1.0" 200 75922 "https://misswavenigeria.com/" "Mozilla/5.0 (Windows NT 10.0; WOW64) AppleWebKit/537.36 (KHTML, like Gecko) Chrome/103.0.0.0 Safari/537.36"
66.29.132.124 - - [24/Dec/2024:16:57:06 -0500] "POST /wp-cron.php?doing_wp_cron=1735077424.8861680030822753906250 HTTP/1.1" 200 0 "-" "WordPress/6.7.1; https://misswavenigeria.com"
66.29.132.124 - - [24/Dec/2024:16:58:37 -0500] "POST /wp-cron.php?doing_wp_cron=1735077517.1941740512847900390625 HTTP/1.1" 200 0 "-" "WordPress/6.7.1; https://misswavenigeria.com"
165.231.182.61 - - [24/Dec/2024:16:58:35 -0500] "GET / HTTP/1.0" 200 109055 "https://misswavenigeria.com/" "Mozilla/5.0 (Windows NT 6.3; Win64; x64) AppleWebKit/537.36 (KHTML, like Gecko) Chrome/103.0.5060.53 Safari/537.36"
66.29.132.124 - - [24/Dec/2024:16:58:37 -0500] "POST /wp-admin/admin-ajax.php?action=async_litespeed&nonce=IXplEPBapAWWsRVKquhje1mxQmahUKYH&litespeed_type=imgoptm HTTP/1.1" 200 21 "-" "WordPress/6.7.1; https://misswavenigeria.com"
165.231.182.61 - - [24/Dec/2024:16:58:39 -0500] "GET /register/ HTTP/1.0" 200 75922 "https://misswavenigeria.com/register/" "Mozilla/5.0 (Windows NT 6.3; Win64; x64) AppleWebKit/537.36 (KHTML, like Gecko) Chrome/103.0.5060.53 Safari/537.36"
165.231.182.61 - - [24/Dec/2024:16:58:41 -0500] "POST /register/ HTTP/1.0" 200 76048 "https://misswavenigeria.com/register/" "Mozilla/5.0 (Windows NT 6.3; Win64; x64) AppleWebKit/537.36 (KHTML, like Gecko) Chrome/103.0.5060.53 Safari/537.36"
66.29.132.124 - - [24/Dec/2024:17:00:11 -0500] "POST /wp-cron.php?doing_wp_cron=1735077611.5019791126251220703125 HTTP/1.1" 200 0 "-" "WordPress/6.7.1; https://misswavenigeria.com"
165.231.182.61 - - [24/Dec/2024:17:00:11 -0500] "GET /register/ HTTP/1.0" 200 75922 "https://misswavenigeria.com/" "Mozilla/5.0 (Windows NT 6.3; Win64; x64) AppleWebKit/537.36 (KHTML, like Gecko) Chrome/103.0.5060.53 Safari/537.36"
66.29.132.124 - - [24/Dec/2024:17:00:11 -0500] "POST /wp-admin/admin-ajax.php?action=async_litespeed&nonce=fhzvG6eVy0JXrI47L3esMkVHFudQqoAR&litespeed_type=imgoptm HTTP/1.1" 200 21 "-" "WordPress/6.7.1; https://misswavenigeria.com"
66.29.132.124 - - [24/Dec/2024:17:01:38 -0500] "POST /wp-cron.php?doing_wp_cron=1735077698.1654620170593261718750 HTTP/1.1" 200 0 "-" "WordPress/6.7.1; https://misswavenigeria.com"
165.231.182.61 - - [24/Dec/2024:17:01:36 -0500] "GET / HTTP/1.0" 200 109053 "https://misswavenigeria.com/" "Mozilla/5.0 (Windows NT 6.1; WOW64) AppleWebKit/537.36 (KHTML, like Gecko) Chrome/103.0.0.0 Safari/537.36"
66.29.132.124 - - [24/Dec/2024:17:01:38 -0500] "POST /wp-admin/admin-ajax.php?action=async_litespeed&nonce=T4ds8MXbGfmLi0LoCGTI6xg5XQq2R14l&litespeed_type=imgoptm HTTP/1.1" 200 21 "-" "WordPress/6.7.1; https://misswavenigeria.com"
165.231.182.61 - - [24/Dec/2024:17:01:40 -0500] "GET /register/ HTTP/1.0" 200 75922 "https://misswavenigeria.com/register/" "Mozilla/5.0 (Windows NT 6.1; WOW64) AppleWebKit/537.36 (KHTML, like Gecko) Chrome/103.0.0.0 Safari/537.36"
165.231.182.61 - - [24/Dec/2024:17:01:42 -0500] "POST /register/ HTTP/1.0" 200 76048 "https://misswavenigeria.com/register/" "Mozilla/5.0 (Windows NT 6.1; WOW64) AppleWebKit/537.36 (KHTML, like Gecko) Chrome/103.0.0.0 Safari/537.36"
66.29.132.124 - - [24/Dec/2024:17:04:03 -0500] "POST /wp-cron.php?doing_wp_cron=1735077843.8891909122467041015625 HTTP/1.1" 200 0 "-" "WordPress/6.7.1; https://misswavenigeria.com"
165.231.182.61 - - [24/Dec/2024:17:04:03 -0500] "GET /register/ HTTP/1.0" 200 75922 "https://misswavenigeria.com/" "Mozilla/5.0 (Windows NT 6.1; WOW64) AppleWebKit/537.36 (KHTML, like Gecko) Chrome/103.0.0.0 Safari/537.36"
66.29.132.124 - - [24/Dec/2024:17:04:04 -0500] "POST /wp-admin/admin-ajax.php?action=async_litespeed&nonce=15y4fA5TZ3PWjNoIU4iY3joOMaKNxTTy&litespeed_type=imgoptm HTTP/1.1" 200 21 "-" "WordPress/6.7.1; https://misswavenigeria.com"
66.29.132.124 - - [24/Dec/2024:17:04:45 -0500] "POST /wp-cron.php?doing_wp_cron=1735077885.5745658874511718750000 HTTP/1.1" 200 0 "-" "WordPress/6.7.1; https://misswavenigeria.com"
165.231.182.61 - - [24/Dec/2024:17:04:45 -0500] "GET / HTTP/1.0" 200 109055 "https://misswavenigeria.com/" "Mozilla/5.0 (Windows NT 10.0; Win64; x64) AppleWebKit/537.36 (KHTML, like Gecko) Chrome/103.0.0.0 Safari/537.36 Herring/95.1.8810.11"
165.231.182.61 - - [24/Dec/2024:17:04:47 -0500] "GET /register/ HTTP/1.0" 200 75922 "https://misswavenigeria.com/register/" "Mozilla/5.0 (Windows NT 10.0; Win64; x64) AppleWebKit/537.36 (KHTML, like Gecko) Chrome/103.0.0.0 Safari/537.36 Herring/95.1.8810.11"
66.29.132.124 - - [24/Dec/2024:17:04:50 -0500] "POST /wp-cron.php?doing_wp_cron=1735077890.9501500129699707031250 HTTP/1.1" 200 0 "-" "WordPress/6.7.1; https://misswavenigeria.com"
66.29.132.124 - - [24/Dec/2024:17:04:51 -0500] "POST /wp-admin/admin-ajax.php?action=async_litespeed&nonce=TArsPSc99VpZyFH6C98kQi9SNlXaRXfd&litespeed_type=imgoptm HTTP/1.1" 200 21 "-" "WordPress/6.7.1; https://misswavenigeria.com"
165.231.182.61 - - [24/Dec/2024:17:04:50 -0500] "POST /register/ HTTP/1.0" 200 76048 "https://misswavenigeria.com/register/" "Mozilla/5.0 (Windows NT 10.0; Win64; x64) AppleWebKit/537.36 (KHTML, like Gecko) Chrome/103.0.0.0 Safari/537.36 Herring/95.1.8810.11"
66.29.132.124 - - [24/Dec/2024:17:06:33 -0500] "POST /wp-cron.php?doing_wp_cron=1735077993.1695430278778076171875 HTTP/1.1" 200 0 "-" "WordPress/6.7.1; https://misswavenigeria.com"
165.231.182.61 - - [24/Dec/2024:17:06:32 -0500] "GET /register/ HTTP/1.0" 200 75922 "https://misswavenigeria.com/" "Mozilla/5.0 (Windows NT 10.0; Win64; x64) AppleWebKit/537.36 (KHTML, like Gecko) Chrome/103.0.0.0 Safari/537.36 Herring/95.1.8810.11"
66.29.132.124 - - [24/Dec/2024:17:06:33 -0500] "POST /wp-admin/admin-ajax.php?action=async_litespeed&nonce=yzywCQM6OMU91VlFpJaCx0knWb45kSNg&litespeed_type=imgoptm HTTP/1.1" 200 21 "-" "WordPress/6.7.1; https://misswavenigeria.com"
66.29.132.124 - - [24/Dec/2024:17:07:45 -0500] "POST /wp-cron.php?doing_wp_cron=1735078065.8019909858703613281250 HTTP/1.1" 200 0 "-" "WordPress/6.7.1; https://misswavenigeria.com"
165.231.182.61 - - [24/Dec/2024:17:07:45 -0500] "GET / HTTP/1.0" 200 109053 "https://misswavenigeria.com/" "Mozilla/5.0 (Windows NT 10.0) AppleWebKit/537.36 (KHTML, like Gecko) Chrome/103.0.0.0 Safari/537.36"
66.29.132.124 - - [24/Dec/2024:17:07:46 -0500] "POST /wp-admin/admin-ajax.php?action=async_litespeed&nonce=44fKMKcQW3IrVyptp0N3JkYOvN9Sgbuq&litespeed_type=imgoptm HTTP/1.1" 200 21 "-" "WordPress/6.7.1; https://misswavenigeria.com"
165.231.182.61 - - [24/Dec/2024:17:07:48 -0500] "GET /register/ HTTP/1.0" 200 75922 "https://misswavenigeria.com/register/" "Mozilla/5.0 (Windows NT 10.0) AppleWebKit/537.36 (KHTML, like Gecko) Chrome/103.0.0.0 Safari/537.36"
66.29.132.124 - - [24/Dec/2024:17:07:50 -0500] "POST /wp-cron.php?doing_wp_cron=1735078070.0804209709167480468750 HTTP/1.1" 200 0 "-" "WordPress/6.7.1; https://misswavenigeria.com"
66.29.132.124 - - [24/Dec/2024:17:07:50 -0500] "POST /wp-admin/admin-ajax.php?action=async_litespeed&nonce=G29mh187JcGWXoWn2KxrysFUCTJUg8u1&litespeed_type=imgoptm HTTP/1.1" 200 21 "-" "WordPress/6.7.1; https://misswavenigeria.com"
178.215.224.228 - - [24/Dec/2024:17:09:26 -0500] "GET / HTTP/1.1" 200 109053 "-" "-"
178.215.224.228 - - [24/Dec/2024:17:09:34 -0500] "GET /wp-admin/install.php HTTP/1.1" 200 0 "-" "-"
178.215.224.228 - - [24/Dec/2024:17:09:44 -0500] "GET /wp-admin/install.php HTTP/1.1" 200 0 "-" "-"
178.215.224.228 - - [24/Dec/2024:17:09:50 -0500] "GET /wp-admin/install.php HTTP/1.1" 200 0 "-" "-"
66.29.132.124 - - [24/Dec/2024:17:09:58 -0500] "POST /wp-cron.php?doing_wp_cron=1735078192.0060200691223144531250 HTTP/1.1" 200 0 "-" "WordPress/6.7.1; https://misswavenigeria.com"
178.215.224.228 - - [24/Dec/2024:17:09:58 -0500] "GET /wp-admin/install.php HTTP/1.1" 200 0 "-" "-"
178.215.224.228 - - [24/Dec/2024:17:10:09 -0500] "GET /wp-admin/install.php HTTP/1.1" 200 0 "-" "-"
178.215.224.228 - - [24/Dec/2024:17:10:15 -0500] "GET /wp-admin/setup-config.php HTTP/1.1" 409 2665 "-" "-"
165.231.182.61 - - [24/Dec/2024:17:07:49 -0500] "POST /register/ HTTP/1.0" 200 0 "https://misswavenigeria.com/register/" "Mozilla/5.0 (Windows NT 10.0) AppleWebKit/537.36 (KHTML, like Gecko) Chrome/103.0.0.0 Safari/537.36"
165.231.182.61 - - [24/Dec/2024:17:10:27 -0500] "GET /register/ HTTP/1.0" 200 75922 "https://misswavenigeria.com/" "Mozilla/5.0 (Windows NT 10.0) AppleWebKit/537.36 (KHTML, like Gecko) Chrome/103.0.0.0 Safari/537.36"
165.231.182.61 - - [24/Dec/2024:17:10:55 -0500] "GET / HTTP/1.0" 200 109053 "https://misswavenigeria.com/" "Mozilla/5.0 (Windows NT 6.1) AppleWebKit/537.36 (KHTML, like Gecko) Chrome/103.0.0.0 Safari/537.36"
165.231.182.61 - - [24/Dec/2024:17:10:58 -0500] "GET /register/ HTTP/1.0" 200 75922 "https://misswavenigeria.com/register/" "Mozilla/5.0 (Windows NT 6.1) AppleWebKit/537.36 (KHTML, like Gecko) Chrome/103.0.0.0 Safari/537.36"
66.29.132.124 - - [24/Dec/2024:17:11:02 -0500] "POST /wp-cron.php?doing_wp_cron=1735078262.4484028816223144531250 HTTP/1.1" 200 0 "-" "WordPress/6.7.1; https://misswavenigeria.com"
66.29.132.124 - - [24/Dec/2024:17:11:02 -0500] "POST /wp-admin/admin-ajax.php?action=async_litespeed&nonce=6Vnt6kVez9TrmqybdwPwK6yDBI36TQmh&litespeed_type=imgoptm HTTP/1.1" 200 21 "-" "WordPress/6.7.1; https://misswavenigeria.com"
165.231.182.61 - - [24/Dec/2024:17:11:01 -0500] "POST /register/ HTTP/1.0" 200 76048 "https://misswavenigeria.com/register/" "Mozilla/5.0 (Windows NT 6.1) AppleWebKit/537.36 (KHTML, like Gecko) Chrome/103.0.0.0 Safari/537.36"
66.29.132.124 - - [24/Dec/2024:17:12:24 -0500] "POST /wp-cron.php?doing_wp_cron=1735078344.6440749168395996093750 HTTP/1.1" 200 0 "-" "WordPress/6.7.1; https://misswavenigeria.com"
165.231.182.61 - - [24/Dec/2024:17:12:24 -0500] "GET /register/ HTTP/1.0" 200 75922 "https://misswavenigeria.com/" "Mozilla/5.0 (Windows NT 6.1) AppleWebKit/537.36 (KHTML, like Gecko) Chrome/103.0.0.0 Safari/537.36"
66.29.132.124 - - [24/Dec/2024:17:12:24 -0500] "POST /wp-admin/admin-ajax.php?action=async_litespeed&nonce=BL9bqKaMMAaY6cpLjOsx9L3lDL8YKHjm&litespeed_type=imgoptm HTTP/1.1" 200 21 "-" "WordPress/6.7.1; https://misswavenigeria.com"
66.29.132.124 - - [24/Dec/2024:17:13:43 -0500] "POST /wp-cron.php?doing_wp_cron=1735078423.8855009078979492187500 HTTP/1.1" 200 0 "-" "WordPress/6.7.1; https://misswavenigeria.com"
165.231.182.61 - - [24/Dec/2024:17:13:43 -0500] "GET / HTTP/1.0" 200 109053 "https://misswavenigeria.com/" "Mozilla/5.0 (Windows NT 6.1; Win64; x64) AppleWebKit/537.36 (KHTML, like Gecko) Chrome/103.0.0.0 Safari/537.36"
66.29.132.124 - - [24/Dec/2024:17:13:44 -0500] "POST /wp-admin/admin-ajax.php?action=async_litespeed&nonce=LGT2oBFFCA4YzIJ0uFOfLcwBK1Pi1lcR&litespeed_type=imgoptm HTTP/1.1" 200 21 "-" "WordPress/6.7.1; https://misswavenigeria.com"
165.231.182.61 - - [24/Dec/2024:17:13:46 -0500] "GET /register/ HTTP/1.0" 200 75922 "https://misswavenigeria.com/register/" "Mozilla/5.0 (Windows NT 6.1; Win64; x64) AppleWebKit/537.36 (KHTML, like Gecko) Chrome/103.0.0.0 Safari/537.36"
165.231.182.61 - - [24/Dec/2024:17:13:47 -0500] "POST /register/ HTTP/1.0" 200 76048 "https://misswavenigeria.com/register/" "Mozilla/5.0 (Windows NT 6.1; Win64; x64) AppleWebKit/537.36 (KHTML, like Gecko) Chrome/103.0.0.0 Safari/537.36"
66.29.132.124 - - [24/Dec/2024:17:15:01 -0500] "POST /wp-cron.php?doing_wp_cron=1735078501.0742208957672119140625 HTTP/1.1" 200 0 "-" "WordPress/6.7.1; https://misswavenigeria.com"
165.231.182.61 - - [24/Dec/2024:17:15:00 -0500] "GET /register/ HTTP/1.0" 200 75922 "https://misswavenigeria.com/" "Mozilla/5.0 (Windows NT 6.1; Win64; x64) AppleWebKit/537.36 (KHTML, like Gecko) Chrome/103.0.0.0 Safari/537.36"
66.29.132.124 - - [24/Dec/2024:17:15:01 -0500] "POST /wp-admin/admin-ajax.php?action=async_litespeed&nonce=yxBx5jB2eSzDOHe4dsS1wQ523AreKj1Y&litespeed_type=imgoptm HTTP/1.1" 200 21 "-" "WordPress/6.7.1; https://misswavenigeria.com"
66.29.132.124 - - [24/Dec/2024:17:16:45 -0500] "POST /wp-cron.php?doing_wp_cron=1735078605.0941359996795654296875 HTTP/1.1" 200 0 "-" "WordPress/6.7.1; https://misswavenigeria.com"
165.231.182.61 - - [24/Dec/2024:17:16:42 -0500] "GET / HTTP/1.0" 200 109053 "https://misswavenigeria.com/" "Mozilla/5.0 (Windows NT 6.1; Win64; x64) AppleWebKit/537.36 (KHTML, like Gecko) Chrome/103.0.5060.66 Safari/537.36"
66.29.132.124 - - [24/Dec/2024:17:16:45 -0500] "POST /wp-admin/admin-ajax.php?action=async_litespeed&nonce=ww0XbwTjUQ0Jmhc0L0uJKugvhvUvbF1G&litespeed_type=imgoptm HTTP/1.1" 200 21 "-" "WordPress/6.7.1; https://misswavenigeria.com"
165.231.182.61 - - [24/Dec/2024:17:16:47 -0500] "GET /register/ HTTP/1.0" 200 75922 "https://misswavenigeria.com/register/" "Mozilla/5.0 (Windows NT 6.1; Win64; x64) AppleWebKit/537.36 (KHTML, like Gecko) Chrome/103.0.5060.66 Safari/537.36"
66.29.132.124 - - [24/Dec/2024:17:16:49 -0500] "POST /wp-cron.php?doing_wp_cron=1735078609.5025498867034912109375 HTTP/1.1" 200 0 "-" "WordPress/6.7.1; https://misswavenigeria.com"
66.29.132.124 - - [24/Dec/2024:17:16:49 -0500] "POST /wp-admin/admin-ajax.php?action=async_litespeed&nonce=NVreGq67ju1UVGMRucHwKW5JHdLCju2l&litespeed_type=imgoptm HTTP/1.1" 200 21 "-" "WordPress/6.7.1; https://misswavenigeria.com"
165.231.182.61 - - [24/Dec/2024:17:16:49 -0500] "POST /register/ HTTP/1.0" 200 76048 "https://misswavenigeria.com/register/" "Mozilla/5.0 (Windows NT 6.1; Win64; x64) AppleWebKit/537.36 (KHTML, like Gecko) Chrome/103.0.5060.66 Safari/537.36"
66.29.132.124 - - [24/Dec/2024:17:18:01 -0500] "POST /wp-cron.php?doing_wp_cron=1735078681.4633300304412841796875 HTTP/1.1" 200 0 "-" "WordPress/6.7.1; https://misswavenigeria.com"
165.231.182.61 - - [24/Dec/2024:17:18:01 -0500] "GET /register/ HTTP/1.0" 200 75922 "https://misswavenigeria.com/" "Mozilla/5.0 (Windows NT 6.1; Win64; x64) AppleWebKit/537.36 (KHTML, like Gecko) Chrome/103.0.5060.66 Safari/537.36"
66.29.132.124 - - [24/Dec/2024:17:18:01 -0500] "POST /wp-admin/admin-ajax.php?action=async_litespeed&nonce=jLsjvhkxrIsQtFylDPtRftdacTNtB1qP&litespeed_type=imgoptm HTTP/1.1" 200 21 "-" "WordPress/6.7.1; https://misswavenigeria.com"
66.29.132.124 - - [24/Dec/2024:17:19:44 -0500] "POST /wp-cron.php?doing_wp_cron=1735078784.5072810649871826171875 HTTP/1.1" 200 0 "-" "WordPress/6.7.1; https://misswavenigeria.com"
165.231.182.61 - - [24/Dec/2024:17:19:42 -0500] "GET / HTTP/1.0" 200 109055 "https://misswavenigeria.com/" "Mozilla/5.0 (Windows NT 10.0; Win64; x64) AppleWebKit/537.36 (KHTML, like Gecko) Chrome/103.0.0.0 Safari/537.36 Herring/95.1.8810.11"
66.29.132.124 - - [24/Dec/2024:17:19:44 -0500] "POST /wp-admin/admin-ajax.php?action=async_litespeed&nonce=bP9c6RALc4Rn4gJ5Kn5E0EKaXBNrszpe&litespeed_type=imgoptm HTTP/1.1" 200 21 "-" "WordPress/6.7.1; https://misswavenigeria.com"
165.231.182.61 - - [24/Dec/2024:17:19:46 -0500] "GET /register/ HTTP/1.0" 200 75922 "https://misswavenigeria.com/register/" "Mozilla/5.0 (Windows NT 10.0; Win64; x64) AppleWebKit/537.36 (KHTML, like Gecko) Chrome/103.0.0.0 Safari/537.36 Herring/95.1.8810.11"
165.231.182.61 - - [24/Dec/2024:17:19:48 -0500] "POST /register/ HTTP/1.0" 200 76048 "https://misswavenigeria.com/register/" "Mozilla/5.0 (Windows NT 10.0; Win64; x64) AppleWebKit/537.36 (KHTML, like Gecko) Chrome/103.0.0.0 Safari/537.36 Herring/95.1.8810.11"
66.29.132.124 - - [24/Dec/2024:17:21:07 -0500] "POST /wp-cron.php?doing_wp_cron=1735078867.7154490947723388671875 HTTP/1.1" 200 0 "-" "WordPress/6.7.1; https://misswavenigeria.com"
165.231.182.61 - - [24/Dec/2024:17:21:07 -0500] "GET /register/ HTTP/1.0" 200 75922 "https://misswavenigeria.com/" "Mozilla/5.0 (Windows NT 10.0; Win64; x64) AppleWebKit/537.36 (KHTML, like Gecko) Chrome/103.0.0.0 Safari/537.36 Herring/95.1.8810.11"
66.29.132.124 - - [24/Dec/2024:17:21:07 -0500] "POST /wp-admin/admin-ajax.php?action=async_litespeed&nonce=ADXq2FGMD5bOQrgaCxsXK6EFUUW0zg1C&litespeed_type=imgoptm HTTP/1.1" 200 21 "-" "WordPress/6.7.1; https://misswavenigeria.com"
66.29.132.124 - - [24/Dec/2024:17:22:24 -0500] "POST /wp-cron.php?doing_wp_cron=1735078944.8989939689636230468750 HTTP/1.1" 200 0 "-" "WordPress/6.7.1; https://misswavenigeria.com"
66.249.79.3 - - [24/Dec/2024:17:22:24 -0500] "GET /goods/U397586?k=product HTTP/1.1" 301 0 "-" "Mozilla/5.0 (Linux; Android 6.0.1; Nexus 5X Build/MMB29P) AppleWebKit/537.36 (KHTML, like Gecko) Chrome/131.0.6778.139 Mobile Safari/537.36 (compatible; Googlebot/2.1; +http://www.google.com/bot.html)"
66.29.132.124 - - [24/Dec/2024:17:22:25 -0500] "POST /wp-admin/admin-ajax.php?action=async_litespeed&nonce=ZTJaJPgTnFr5X76bqlrVeQqdzynL6VHb&litespeed_type=imgoptm HTTP/1.1" 200 21 "-" "WordPress/6.7.1; https://misswavenigeria.com"
66.249.68.66 - - [24/Dec/2024:17:22:25 -0500] "GET /goods/U397586?k=product HTTP/1.1" 404 15611 "-" "Mozilla/5.0 (Linux; Android 6.0.1; Nexus 5X Build/MMB29P) AppleWebKit/537.36 (KHTML, like Gecko) Chrome/131.0.6778.139 Mobile Safari/537.36 (compatible; Googlebot/2.1; +http://www.google.com/bot.html)"
165.231.182.61 - - [24/Dec/2024:17:22:41 -0500] "GET / HTTP/1.0" 200 109053 "https://misswavenigeria.com/" "Mozilla/5.0 (Windows NT 10.0; Win64; x64) AppleWebKit/537.36 (KHTML, like Gecko) Chrome/103.0.0.0 Safari/537.36"
165.231.182.61 - - [24/Dec/2024:17:22:43 -0500] "GET /register/ HTTP/1.0" 200 75922 "https://misswavenigeria.com/register/" "Mozilla/5.0 (Windows NT 10.0; Win64; x64) AppleWebKit/537.36 (KHTML, like Gecko) Chrome/103.0.0.0 Safari/537.36"
165.231.182.61 - - [24/Dec/2024:17:22:45 -0500] "POST /register/ HTTP/1.0" 200 76048 "https://misswavenigeria.com/register/" "Mozilla/5.0 (Windows NT 10.0; Win64; x64) AppleWebKit/537.36 (KHTML, like Gecko) Chrome/103.0.0.0 Safari/537.36"
66.29.132.124 - - [24/Dec/2024:17:24:19 -0500] "POST /wp-cron.php?doing_wp_cron=1735079059.4092009067535400390625 HTTP/1.1" 200 0 "-" "WordPress/6.7.1; https://misswavenigeria.com"
165.231.182.61 - - [24/Dec/2024:17:24:19 -0500] "GET /register/ HTTP/1.0" 200 75922 "https://misswavenigeria.com/" "Mozilla/5.0 (Windows NT 10.0; Win64; x64) AppleWebKit/537.36 (KHTML, like Gecko) Chrome/103.0.0.0 Safari/537.36"
66.29.132.124 - - [24/Dec/2024:17:24:19 -0500] "POST /wp-admin/admin-ajax.php?action=async_litespeed&nonce=XnzU3dtdYHJeHMSZsfyy834fz0khv9V8&litespeed_type=imgoptm HTTP/1.1" 200 21 "-" "WordPress/6.7.1; https://misswavenigeria.com"
66.29.132.124 - - [24/Dec/2024:17:25:45 -0500] "POST /wp-cron.php?doing_wp_cron=1735079145.9124670028686523437500 HTTP/1.1" 200 0 "-" "WordPress/6.7.1; https://misswavenigeria.com"
165.231.182.61 - - [24/Dec/2024:17:25:44 -0500] "GET / HTTP/1.0" 200 109051 "https://misswavenigeria.com/" "Mozilla/5.0 (Windows NT 10.0; Win64; x64) AppleWebKit/537.36 (KHTML, like Gecko) Chrome/103.0.0.0 Safari/537.36 OpenWave/97.4.2043.44"
66.29.132.124 - - [24/Dec/2024:17:25:46 -0500] "POST /wp-admin/admin-ajax.php?action=async_litespeed&nonce=fOziLR2xZcNLVSEKV1OKkGkGT3kIo714&litespeed_type=imgoptm HTTP/1.1" 200 21 "-" "WordPress/6.7.1; https://misswavenigeria.com"
165.231.182.61 - - [24/Dec/2024:17:25:48 -0500] "GET /register/ HTTP/1.0" 200 75922 "https://misswavenigeria.com/register/" "Mozilla/5.0 (Windows NT 10.0; Win64; x64) AppleWebKit/537.36 (KHTML, like Gecko) Chrome/103.0.0.0 Safari/537.36 OpenWave/97.4.2043.44"
66.29.132.124 - - [24/Dec/2024:17:25:50 -0500] "POST /wp-cron.php?doing_wp_cron=1735079150.2987809181213378906250 HTTP/1.1" 200 0 "-" "WordPress/6.7.1; https://misswavenigeria.com"
66.29.132.124 - - [24/Dec/2024:17:25:50 -0500] "POST /wp-admin/admin-ajax.php?action=async_litespeed&nonce=RkH48tOqnLOdkwGVURUc3irQ7FODsmjF&litespeed_type=imgoptm HTTP/1.1" 200 21 "-" "WordPress/6.7.1; https://misswavenigeria.com"
165.231.182.61 - - [24/Dec/2024:17:25:50 -0500] "POST /register/ HTTP/1.0" 200 76048 "https://misswavenigeria.com/register/" "Mozilla/5.0 (Windows NT 10.0; Win64; x64) AppleWebKit/537.36 (KHTML, like Gecko) Chrome/103.0.0.0 Safari/537.36 OpenWave/97.4.2043.44"
66.29.132.124 - - [24/Dec/2024:17:27:07 -0500] "POST /wp-cron.php?doing_wp_cron=1735079227.2740039825439453125000 HTTP/1.1" 200 0 "-" "WordPress/6.7.1; https://misswavenigeria.com"
165.231.182.61 - - [24/Dec/2024:17:27:07 -0500] "GET /register/ HTTP/1.0" 200 75922 "https://misswavenigeria.com/" "Mozilla/5.0 (Windows NT 10.0; Win64; x64) AppleWebKit/537.36 (KHTML, like Gecko) Chrome/103.0.0.0 Safari/537.36 OpenWave/97.4.2043.44"
66.29.132.124 - - [24/Dec/2024:17:27:07 -0500] "POST /wp-admin/admin-ajax.php?action=async_litespeed&nonce=YinquAplVMws8xJofnLgK5QnRmrzVUQ9&litespeed_type=imgoptm HTTP/1.1" 200 21 "-" "WordPress/6.7.1; https://misswavenigeria.com"
66.29.132.124 - - [24/Dec/2024:17:28:49 -0500] "POST /wp-cron.php?doing_wp_cron=1735079329.2582030296325683593750 HTTP/1.1" 200 0 "-" "WordPress/6.7.1; https://misswavenigeria.com"
165.231.182.61 - - [24/Dec/2024:17:28:47 -0500] "GET / HTTP/1.0" 200 109053 "https://misswavenigeria.com/" "Mozilla/5.0 (Windows NT 10.0) AppleWebKit/537.36 (KHTML, like Gecko) Chrome/103.0.0.0 Safari/537.36"
66.29.132.124 - - [24/Dec/2024:17:28:49 -0500] "POST /wp-admin/admin-ajax.php?action=async_litespeed&nonce=55pA2CBJVZiBomJyJB1CAQVnFiIVcHE8&litespeed_type=imgoptm HTTP/1.1" 200 21 "-" "WordPress/6.7.1; https://misswavenigeria.com"
165.231.182.61 - - [24/Dec/2024:17:28:51 -0500] "GET /register/ HTTP/1.0" 200 75922 "https://misswavenigeria.com/register/" "Mozilla/5.0 (Windows NT 10.0) AppleWebKit/537.36 (KHTML, like Gecko) Chrome/103.0.0.0 Safari/537.36"
165.231.182.61 - - [24/Dec/2024:17:28:53 -0500] "POST /register/ HTTP/1.0" 200 76048 "https://misswavenigeria.com/register/" "Mozilla/5.0 (Windows NT 10.0) AppleWebKit/537.36 (KHTML, like Gecko) Chrome/103.0.0.0 Safari/537.36"
66.29.132.124 - - [24/Dec/2024:17:30:20 -0500] "POST /wp-cron.php?doing_wp_cron=1735079420.8964800834655761718750 HTTP/1.1" 200 0 "-" "WordPress/6.7.1; https://misswavenigeria.com"
165.231.182.61 - - [24/Dec/2024:17:30:20 -0500] "GET /register/ HTTP/1.0" 200 75922 "https://misswavenigeria.com/" "Mozilla/5.0 (Windows NT 10.0) AppleWebKit/537.36 (KHTML, like Gecko) Chrome/103.0.0.0 Safari/537.36"
66.29.132.124 - - [24/Dec/2024:17:30:21 -0500] "POST /wp-admin/admin-ajax.php?action=async_litespeed&nonce=vso0K7MpQkcfqCA9TstdkLzkfRyANX5X&litespeed_type=imgoptm HTTP/1.1" 200 21 "-" "WordPress/6.7.1; https://misswavenigeria.com"
66.29.132.124 - - [24/Dec/2024:17:31:52 -0500] "POST /wp-cron.php?doing_wp_cron=1735079512.1863820552825927734375 HTTP/1.1" 200 0 "-" "WordPress/6.7.1; https://misswavenigeria.com"
165.231.182.61 - - [24/Dec/2024:17:31:50 -0500] "GET / HTTP/1.0" 200 109055 "https://misswavenigeria.com/" "Mozilla/5.0 (Windows NT 6.3; Win64; x64) AppleWebKit/537.36 (KHTML, like Gecko) Chrome/103.0.0.0 Safari/537.36"
66.29.132.124 - - [24/Dec/2024:17:31:52 -0500] "POST /wp-admin/admin-ajax.php?action=async_litespeed&nonce=jaZzluffV2teDujS2C18PMjdy7FDbzKy&litespeed_type=imgoptm HTTP/1.1" 200 21 "-" "WordPress/6.7.1; https://misswavenigeria.com"
165.231.182.61 - - [24/Dec/2024:17:31:54 -0500] "GET /register/ HTTP/1.0" 200 75922 "https://misswavenigeria.com/register/" "Mozilla/5.0 (Windows NT 6.3; Win64; x64) AppleWebKit/537.36 (KHTML, like Gecko) Chrome/103.0.0.0 Safari/537.36"
165.231.182.61 - - [24/Dec/2024:17:31:56 -0500] "POST /register/ HTTP/1.0" 200 76048 "https://misswavenigeria.com/register/" "Mozilla/5.0 (Windows NT 6.3; Win64; x64) AppleWebKit/537.36 (KHTML, like Gecko) Chrome/103.0.0.0 Safari/537.36"
66.29.132.124 - - [24/Dec/2024:17:33:22 -0500] "POST /wp-cron.php?doing_wp_cron=1735079602.7757411003112792968750 HTTP/1.1" 200 0 "-" "WordPress/6.7.1; https://misswavenigeria.com"
165.231.182.61 - - [24/Dec/2024:17:33:22 -0500] "GET /register/ HTTP/1.0" 200 75922 "https://misswavenigeria.com/" "Mozilla/5.0 (Windows NT 6.3; Win64; x64) AppleWebKit/537.36 (KHTML, like Gecko) Chrome/103.0.0.0 Safari/537.36"
66.29.132.124 - - [24/Dec/2024:17:33:22 -0500] "POST /wp-admin/admin-ajax.php?action=async_litespeed&nonce=uvO8h2jaKjCY5Xg5zF99XHhHo8VuSeHL&litespeed_type=imgoptm HTTP/1.1" 200 21 "-" "WordPress/6.7.1; https://misswavenigeria.com"
66.29.132.124 - - [24/Dec/2024:17:34:48 -0500] "POST /wp-cron.php?doing_wp_cron=1735079688.8116500377655029296875 HTTP/1.1" 200 0 "-" "WordPress/6.7.1; https://misswavenigeria.com"
165.231.182.61 - - [24/Dec/2024:17:34:46 -0500] "GET / HTTP/1.0" 200 109053 "https://misswavenigeria.com/" "Mozilla/5.0 (Windows NT 6.3; WOW64) AppleWebKit/537.36 (KHTML, like Gecko) Chrome/103.0.0.0 Safari/537.36"
66.29.132.124 - - [24/Dec/2024:17:34:49 -0500] "POST /wp-admin/admin-ajax.php?action=async_litespeed&nonce=rJG69GR4zkSjmElzEmU7wBdNVb8zQkCN&litespeed_type=imgoptm HTTP/1.1" 200 21 "-" "WordPress/6.7.1; https://misswavenigeria.com"
165.231.182.61 - - [24/Dec/2024:17:34:51 -0500] "GET /register/ HTTP/1.0" 200 75922 "https://misswavenigeria.com/register/" "Mozilla/5.0 (Windows NT 6.3; WOW64) AppleWebKit/537.36 (KHTML, like Gecko) Chrome/103.0.0.0 Safari/537.36"
66.29.132.124 - - [24/Dec/2024:17:34:53 -0500] "POST /wp-cron.php?doing_wp_cron=1735079693.0098249912261962890625 HTTP/1.1" 200 0 "-" "WordPress/6.7.1; https://misswavenigeria.com"
66.29.132.124 - - [24/Dec/2024:17:34:53 -0500] "POST /wp-admin/admin-ajax.php?action=async_litespeed&nonce=vrmuw1xF0XBgd8zin6FzPAQn3couw34V&litespeed_type=imgoptm HTTP/1.1" 200 21 "-" "WordPress/6.7.1; https://misswavenigeria.com"
165.231.182.61 - - [24/Dec/2024:17:34:52 -0500] "POST /register/ HTTP/1.0" 200 76048 "https://misswavenigeria.com/register/" "Mozilla/5.0 (Windows NT 6.3; WOW64) AppleWebKit/537.36 (KHTML, like Gecko) Chrome/103.0.0.0 Safari/537.36"
66.29.132.124 - - [24/Dec/2024:17:36:10 -0500] "POST /wp-cron.php?doing_wp_cron=1735079770.9394519329071044921875 HTTP/1.1" 200 0 "-" "WordPress/6.7.1; https://misswavenigeria.com"
165.231.182.61 - - [24/Dec/2024:17:36:10 -0500] "GET /register/ HTTP/1.0" 200 75922 "https://misswavenigeria.com/" "Mozilla/5.0 (Windows NT 6.3; WOW64) AppleWebKit/537.36 (KHTML, like Gecko) Chrome/103.0.0.0 Safari/537.36"
66.29.132.124 - - [24/Dec/2024:17:36:11 -0500] "POST /wp-admin/admin-ajax.php?action=async_litespeed&nonce=CNmyqlxttDufxVkIul2dpOBCEfbQ76Yw&litespeed_type=imgoptm HTTP/1.1" 200 21 "-" "WordPress/6.7.1; https://misswavenigeria.com"
5.9.94.125 - - [24/Dec/2024:17:36:24 -0500] "GET / HTTP/1.1" 200 20849 "-" "Mozilla/5.0 (Windows NT 10.0; Win64; x64) AppleWebKit/537.36 (KHTML, like Gecko) Chrome/120.0.0.0 Safari/537.36"
5.9.94.125 - - [24/Dec/2024:17:36:25 -0500] "GET /wp-includes/css/dist/block-library/style.min.css?ver=6.7.1 HTTP/1.1" 200 14225 "-" "Mozilla/5.0 (X11; Linux x86_64) AppleWebKit/537.36 (KHTML, like Gecko) Chrome/117.0.0.0 Safari/537.36"
5.9.94.125 - - [24/Dec/2024:17:36:25 -0500] "GET /wp-content/plugins/siteorigin-panels/css/front-flex.min.css?ver=2.31.3 HTTP/1.1" 200 449 "-" "Mozilla/5.0 (Macintosh; Intel Mac OS X 10_15_7) AppleWebKit/537.36 (KHTML, like Gecko) Chrome/120.0.0.0 Safari/537.36"
5.9.94.125 - - [24/Dec/2024:17:36:25 -0500] "GET /wp-content/plugins/ombre-features/css/ecwid.css?ver=1.0 HTTP/1.1" 200 4175 "-" "Mozilla/5.0 (Windows NT 10.0; Win64; x64) AppleWebKit/537.36 (KHTML, like Gecko) Chrome/120.0.0.0 Safari/537.36"
5.9.94.125 - - [24/Dec/2024:17:36:25 -0500] "GET /wp-content/themes/ombre/css/fakeloader.css?ver=1.0 HTTP/1.1" 200 1275 "-" "Mozilla/5.0 (Windows NT 10.0; Win64; x64) AppleWebKit/537.36 (KHTML, like Gecko) Chrome/120.0.0.0 Safari/537.36"
5.9.94.125 - - [24/Dec/2024:17:36:25 -0500] "GET /wp-content/plugins/contact-form-7/includes/css/styles.css?ver=6.0.2 HTTP/1.1" 200 890 "-" "Mozilla/5.0 (X11; CrOS x86_64 14541.0.0) AppleWebKit/537.36 (KHTML, like Gecko) Chrome/118.0.0.0 Safari/537.36"
5.9.94.125 - - [24/Dec/2024:17:36:25 -0500] "GET /wp-content/uploads/siteorigin-widgets/sow-headline-default-86b83ee97e00-318.css?ver=6.7.1 HTTP/1.1" 200 309 "-" "Mozilla/5.0 (Windows NT 10.0; Win64; x64) AppleWebKit/537.36 (KHTML, like Gecko) Chrome/120.0.0.0 Safari/537.36"
5.9.94.125 - - [24/Dec/2024:17:36:25 -0500] "GET /wp-content/uploads/siteorigin-widgets/sow-image-default-8426ad51307f-318.css?ver=6.7.1 HTTP/1.1" 200 293 "-" "Mozilla/5.0 (Windows NT 10.0; Win64; x64) AppleWebKit/537.36 (KHTML, like Gecko) Chrome/120.0.0.0 Safari/537.36"
5.9.94.125 - - [24/Dec/2024:17:36:25 -0500] "GET /wp-content/uploads/siteorigin-widgets/sow-image-grid-default-8bf08a9600e8-318.css?ver=6.7.1 HTTP/1.1" 200 207 "-" "Mozilla/5.0 (Windows NT 10.0; Win64; x64) AppleWebKit/537.36 (KHTML, like Gecko) Chrome/120.0.0.0 Safari/537.36"
5.9.94.125 - - [24/Dec/2024:17:36:25 -0500] "GET /wp-content/themes/ombre/css/skin.css?ver=1.0 HTTP/1.1" 200 3161 "-" "Mozilla/5.0 (Windows NT 10.0; Win64; x64) AppleWebKit/537.36 (KHTML, like Gecko) Chrome/118.0.0.0 Safari/537.36"
5.9.94.125 - - [24/Dec/2024:17:36:25 -0500] "GET /wp-content/themes/ombre/css/animations.css?ver=1.0 HTTP/1.1" 200 1240 "-" "Mozilla/5.0 (Windows NT 10.0; Win64; x64) AppleWebKit/537.36 (KHTML, like Gecko) Chrome/120.0.0.0 Safari/537.36"
5.9.94.125 - - [24/Dec/2024:17:36:25 -0500] "GET /wp-content/uploads/siteorigin-widgets/sow-headline-default-08fadcf72d92-318.css?ver=6.7.1 HTTP/1.1" 200 311 "-" "Mozilla/5.0 (Windows NT 10.0; Win64; x64) AppleWebKit/537.36 (KHTML, like Gecko) Chrome/120.0.0.0 Safari/537.36"
5.9.94.125 - - [24/Dec/2024:17:36:25 -0500] "GET /wp-content/themes/ombre/style.css?ver=6.7.1 HTTP/1.1" 200 9709 "-" "Mozilla/5.0 (Windows NT 10.0; Win64; x64) AppleWebKit/537.36 (KHTML, like Gecko) Chrome/117.0.0.0 Safari/537.36"
5.9.94.125 - - [24/Dec/2024:17:36:25 -0500] "GET /wp-content/themes/ombre/css/normalize.css?ver=1.0 HTTP/1.1" 200 883 "-" "Mozilla/5.0 (Macintosh; Intel Mac OS X 10_15_7) AppleWebKit/605.1.15 (KHTML, like Gecko) Version/15.1 Safari/605.1.15"
5.9.94.125 - - [24/Dec/2024:17:36:25 -0500] "GET /wp-content/uploads/siteorigin-widgets/sow-headline-default-b746fb77f7bc-318.css?ver=6.7.1 HTTP/1.1" 200 324 "-" "Mozilla/5.0 (Macintosh; Intel Mac OS X 10_15_7) AppleWebKit/605.1.15 (KHTML, like Gecko) Version/17.2 Safari/605.1.15"
5.9.94.125 - - [24/Dec/2024:17:36:25 -0500] "GET /wp-content/themes/ombre/css/tooltipster.css?ver=1.0 HTTP/1.1" 200 1473 "-" "Mozilla/5.0 (Windows NT 10.0; Win64; x64) AppleWebKit/537.36 (KHTML, like Gecko) Chrome/120.0.0.0 Safari/537.36"
5.9.94.125 - - [24/Dec/2024:17:36:25 -0500] "GET /wp-content/uploads/siteorigin-widgets/sow-headline-default-8a22fb329b39-318.css?ver=6.7.1 HTTP/1.1" 200 324 "-" "Mozilla/5.0 (Macintosh; Intel Mac OS X 10_15_7) AppleWebKit/537.36 (KHTML, like Gecko) Chrome/119.0.0.0 Safari/537.36"
5.9.94.125 - - [24/Dec/2024:17:36:25 -0500] "GET /wp-content/plugins/event-tickets/common/src/resources/css/variables-skeleton.min.css?ver=6.4.1 HTTP/1.1" 200 903 "-" "Mozilla/5.0 (Windows NT 10.0; Win64; x64) AppleWebKit/537.36 (KHTML, like Gecko) Chrome/120.0.0.0 Safari/537.36"
5.9.94.125 - - [24/Dec/2024:17:36:25 -0500] "GET /wp-content/plugins/event-tickets/common/src/resources/css/variables-full.min.css?ver=6.4.1 HTTP/1.1" 200 469 "-" "Mozilla/5.0 (Windows NT 10.0; Win64; x64) AppleWebKit/537.36 (KHTML, like Gecko) Chrome/120.0.0.0 Safari/537.36"
5.9.94.125 - - [24/Dec/2024:17:36:25 -0500] "GET /wp-content/plugins/event-tickets/common/src/resources/css/common-skeleton.min.css?ver=6.4.1 HTTP/1.1" 200 2230 "-" "Mozilla/5.0 (Windows NT 10.0; Win64; x64) AppleWebKit/537.36 (KHTML, like Gecko) Chrome/109.0.0.0 Safari/537.36"
5.9.94.125 - - [24/Dec/2024:17:36:25 -0500] "GET /wp-content/plugins/event-tickets/src/resources/css/rsvp-v1.min.css?ver=5.18.0 HTTP/1.1" 200 3076 "-" "Mozilla/5.0 (Windows NT 10.0; Win64; x64) AppleWebKit/537.36 (KHTML, like Gecko) Chrome/120.0.0.0 Safari/537.36"
5.9.94.125 - - [24/Dec/2024:17:36:25 -0500] "GET /wp-content/plugins/event-tickets/src/resources/css/rsvp.min.css?ver=5.18.0 HTTP/1.1" 200 3290 "-" "Mozilla/5.0 (Macintosh; Intel Mac OS X 10_15_7) AppleWebKit/537.36 (KHTML, like Gecko) Chrome/120.0.0.0 Safari/537.36"
5.9.94.125 - - [24/Dec/2024:17:36:25 -0500] "GET /wp-content/plugins/event-tickets/src/resources/css/tickets.min.css?ver=5.18.0 HTTP/1.1" 200 3758 "-" "Mozilla/5.0 (Windows NT 10.0; Win64; x64) AppleWebKit/537.36 (KHTML, like Gecko) Chrome/120.0.0.0 Safari/537.36"
5.9.94.125 - - [24/Dec/2024:17:36:25 -0500] "GET /wp-content/plugins/event-tickets/common/src/resources/css/common-full.min.css?ver=6.4.1 HTTP/1.1" 200 3924 "-" "Mozilla/5.0 (Macintosh; Intel Mac OS X 10_15_7) AppleWebKit/605.1.15 (KHTML, like Gecko) Version/16.5 Safari/605.1.15"
5.9.94.125 - - [24/Dec/2024:17:36:25 -0500] "GET /wp-content/plugins/ombre-features/css/nerveslider.css?ver=1.0 HTTP/1.1" 200 1423 "-" "Mozilla/5.0 (Windows NT 10.0; Win64; x64) AppleWebKit/537.36 (KHTML, like Gecko) Chrome/119.0.0.0 Safari/537.36"
5.9.94.125 - - [24/Dec/2024:17:36:25 -0500] "GET /wp-content/plugins/ombre-features/css/colorbox.css?ver=1.0 HTTP/1.1" 200 1093 "-" "Mozilla/5.0 (Windows NT 10.0; Win64; x64) AppleWebKit/537.36 (KHTML, like Gecko) Chrome/119.0.0.0 Safari/537.36"
5.9.94.125 - - [24/Dec/2024:17:36:25 -0500] "GET /wp-content/plugins/ombre-features/css/owl.css?ver=1.0 HTTP/1.1" 200 1286 "-" "Mozilla/5.0 (Windows NT 10.0; Win64; x64) AppleWebKit/537.36 (KHTML, like Gecko) Chrome/119.0.0.0 Safari/537.36 Edg/119.0.0.0"
5.9.94.125 - - [24/Dec/2024:17:36:25 -0500] "GET /wp-content/plugins/ombre-features/css/style.css?ver=1.0 HTTP/1.1" 200 4180 "-" "Mozilla/5.0 (Windows NT 10.0; Win64; x64) AppleWebKit/537.36 (KHTML, like Gecko) Chrome/120.0.0.0 Safari/537.36 Edg/120.0.0.0"
5.9.94.125 - - [24/Dec/2024:17:36:25 -0500] "GET /wp-content/plugins/ombre-features/css/lightgallery.css?ver=1.0 HTTP/1.1" 200 5579 "-" "Mozilla/5.0 (Windows NT 10.0; Win64; x64) AppleWebKit/537.36 (KHTML, like Gecko) Chrome/120.0.0.0 Safari/537.36"
168.119.80.126 - - [24/Dec/2024:17:36:33 -0500] "GET / HTTP/1.1" 200 20849 "-" "Mozilla/5.0 (Macintosh; Intel Mac OS X 10_15_7) AppleWebKit/605.1.15 (KHTML, like Gecko) Version/17.0 Safari/605.1.15"
168.119.80.126 - - [24/Dec/2024:17:36:33 -0500] "GET /wp-includes/css/dist/block-library/style.min.css?ver=6.7.1 HTTP/1.1" 200 14225 "https://misswavenigeria.com/" "Mozilla/5.0 (Macintosh; Intel Mac OS X 10_15_7) AppleWebKit/605.1.15 (KHTML, like Gecko) Version/17.0 Safari/605.1.15"
168.119.80.126 - - [24/Dec/2024:17:36:33 -0500] "GET /wp-content/plugins/contact-form-7/includes/css/styles.css?ver=6.0.2 HTTP/1.1" 200 890 "https://misswavenigeria.com/" "Mozilla/5.0 (Macintosh; Intel Mac OS X 10_15_7) AppleWebKit/605.1.15 (KHTML, like Gecko) Version/17.0 Safari/605.1.15"
168.119.80.126 - - [24/Dec/2024:17:36:33 -0500] "GET /wp-content/plugins/ombre-features/css/ecwid.css?ver=1.0 HTTP/1.1" 200 4175 "https://misswavenigeria.com/" "Mozilla/5.0 (Macintosh; Intel Mac OS X 10_15_7) AppleWebKit/605.1.15 (KHTML, like Gecko) Version/17.0 Safari/605.1.15"
168.119.80.126 - - [24/Dec/2024:17:36:33 -0500] "GET /wp-content/plugins/siteorigin-panels/css/front-flex.min.css?ver=2.31.3 HTTP/1.1" 200 449 "https://misswavenigeria.com/" "Mozilla/5.0 (Macintosh; Intel Mac OS X 10_15_7) AppleWebKit/605.1.15 (KHTML, like Gecko) Version/17.0 Safari/605.1.15"
168.119.80.126 - - [24/Dec/2024:17:36:33 -0500] "GET /wp-content/uploads/siteorigin-widgets/sow-headline-default-b746fb77f7bc-318.css?ver=6.7.1 HTTP/1.1" 200 324 "https://misswavenigeria.com/" "Mozilla/5.0 (Macintosh; Intel Mac OS X 10_15_7) AppleWebKit/605.1.15 (KHTML, like Gecko) Version/17.0 Safari/605.1.15"
168.119.80.126 - - [24/Dec/2024:17:36:33 -0500] "GET /wp-content/uploads/siteorigin-widgets/sow-headline-default-08fadcf72d92-318.css?ver=6.7.1 HTTP/1.1" 200 311 "https://misswavenigeria.com/" "Mozilla/5.0 (Macintosh; Intel Mac OS X 10_15_7) AppleWebKit/605.1.15 (KHTML, like Gecko) Version/17.0 Safari/605.1.15"
168.119.80.126 - - [24/Dec/2024:17:36:33 -0500] "GET /wp-content/uploads/siteorigin-widgets/sow-image-default-8426ad51307f-318.css?ver=6.7.1 HTTP/1.1" 200 293 "https://misswavenigeria.com/" "Mozilla/5.0 (Macintosh; Intel Mac OS X 10_15_7) AppleWebKit/605.1.15 (KHTML, like Gecko) Version/17.0 Safari/605.1.15"
168.119.80.126 - - [24/Dec/2024:17:36:33 -0500] "GET /wp-content/uploads/siteorigin-widgets/sow-headline-default-86b83ee97e00-318.css?ver=6.7.1 HTTP/1.1" 200 309 "https://misswavenigeria.com/" "Mozilla/5.0 (Macintosh; Intel Mac OS X 10_15_7) AppleWebKit/605.1.15 (KHTML, like Gecko) Version/17.0 Safari/605.1.15"
168.119.80.126 - - [24/Dec/2024:17:36:33 -0500] "GET /wp-content/uploads/siteorigin-widgets/sow-headline-default-8a22fb329b39-318.css?ver=6.7.1 HTTP/1.1" 200 324 "https://misswavenigeria.com/" "Mozilla/5.0 (Macintosh; Intel Mac OS X 10_15_7) AppleWebKit/605.1.15 (KHTML, like Gecko) Version/17.0 Safari/605.1.15"
168.119.80.126 - - [24/Dec/2024:17:36:33 -0500] "GET /wp-content/uploads/siteorigin-widgets/sow-image-grid-default-8bf08a9600e8-318.css?ver=6.7.1 HTTP/1.1" 200 207 "https://misswavenigeria.com/" "Mozilla/5.0 (Macintosh; Intel Mac OS X 10_15_7) AppleWebKit/605.1.15 (KHTML, like Gecko) Version/17.0 Safari/605.1.15"
168.119.80.126 - - [24/Dec/2024:17:36:33 -0500] "GET /wp-content/themes/ombre/css/normalize.css?ver=1.0 HTTP/1.1" 200 883 "https://misswavenigeria.com/" "Mozilla/5.0 (Macintosh; Intel Mac OS X 10_15_7) AppleWebKit/605.1.15 (KHTML, like Gecko) Version/17.0 Safari/605.1.15"
168.119.80.126 - - [24/Dec/2024:17:36:33 -0500] "GET /wp-content/themes/ombre/css/fakeloader.css?ver=1.0 HTTP/1.1" 200 1275 "https://misswavenigeria.com/" "Mozilla/5.0 (Macintosh; Intel Mac OS X 10_15_7) AppleWebKit/605.1.15 (KHTML, like Gecko) Version/17.0 Safari/605.1.15"
168.119.80.126 - - [24/Dec/2024:17:36:33 -0500] "GET /wp-content/themes/ombre/css/animations.css?ver=1.0 HTTP/1.1" 200 1240 "https://misswavenigeria.com/" "Mozilla/5.0 (Macintosh; Intel Mac OS X 10_15_7) AppleWebKit/605.1.15 (KHTML, like Gecko) Version/17.0 Safari/605.1.15"
168.119.80.126 - - [24/Dec/2024:17:36:33 -0500] "GET /wp-content/themes/ombre/css/tooltipster.css?ver=1.0 HTTP/1.1" 200 1473 "https://misswavenigeria.com/" "Mozilla/5.0 (Macintosh; Intel Mac OS X 10_15_7) AppleWebKit/605.1.15 (KHTML, like Gecko) Version/17.0 Safari/605.1.15"
168.119.80.126 - - [24/Dec/2024:17:36:33 -0500] "GET /wp-content/themes/ombre/style.css?ver=6.7.1 HTTP/1.1" 200 9709 "https://misswavenigeria.com/" "Mozilla/5.0 (Macintosh; Intel Mac OS X 10_15_7) AppleWebKit/605.1.15 (KHTML, like Gecko) Version/17.0 Safari/605.1.15"
168.119.80.126 - - [24/Dec/2024:17:36:33 -0500] "GET /wp-content/themes/ombre/css/skin.css?ver=1.0 HTTP/1.1" 200 3161 "https://misswavenigeria.com/" "Mozilla/5.0 (Macintosh; Intel Mac OS X 10_15_7) AppleWebKit/605.1.15 (KHTML, like Gecko) Version/17.0 Safari/605.1.15"
168.119.80.126 - - [24/Dec/2024:17:36:33 -0500] "GET /wp-content/plugins/event-tickets/common/src/resources/css/variables-skeleton.min.css?ver=6.4.1 HTTP/1.1" 200 903 "https://misswavenigeria.com/" "Mozilla/5.0 (Macintosh; Intel Mac OS X 10_15_7) AppleWebKit/605.1.15 (KHTML, like Gecko) Version/17.0 Safari/605.1.15"
168.119.80.126 - - [24/Dec/2024:17:36:33 -0500] "GET /wp-content/plugins/event-tickets/common/src/resources/css/variables-full.min.css?ver=6.4.1 HTTP/1.1" 200 469 "https://misswavenigeria.com/" "Mozilla/5.0 (Macintosh; Intel Mac OS X 10_15_7) AppleWebKit/605.1.15 (KHTML, like Gecko) Version/17.0 Safari/605.1.15"
168.119.80.126 - - [24/Dec/2024:17:36:33 -0500] "GET /wp-content/plugins/event-tickets/common/src/resources/css/common-skeleton.min.css?ver=6.4.1 HTTP/1.1" 200 2230 "https://misswavenigeria.com/" "Mozilla/5.0 (Macintosh; Intel Mac OS X 10_15_7) AppleWebKit/605.1.15 (KHTML, like Gecko) Version/17.0 Safari/605.1.15"
168.119.80.126 - - [24/Dec/2024:17:36:33 -0500] "GET /wp-content/plugins/event-tickets/common/src/resources/css/common-full.min.css?ver=6.4.1 HTTP/1.1" 200 3924 "https://misswavenigeria.com/" "Mozilla/5.0 (Macintosh; Intel Mac OS X 10_15_7) AppleWebKit/605.1.15 (KHTML, like Gecko) Version/17.0 Safari/605.1.15"
168.119.80.126 - - [24/Dec/2024:17:36:33 -0500] "GET /wp-content/plugins/event-tickets/src/resources/css/tickets.min.css?ver=5.18.0 HTTP/1.1" 200 3758 "https://misswavenigeria.com/" "Mozilla/5.0 (Macintosh; Intel Mac OS X 10_15_7) AppleWebKit/605.1.15 (KHTML, like Gecko) Version/17.0 Safari/605.1.15"
168.119.80.126 - - [24/Dec/2024:17:36:33 -0500] "GET /wp-content/plugins/event-tickets/src/resources/css/rsvp-v1.min.css?ver=5.18.0 HTTP/1.1" 200 3076 "https://misswavenigeria.com/" "Mozilla/5.0 (Macintosh; Intel Mac OS X 10_15_7) AppleWebKit/605.1.15 (KHTML, like Gecko) Version/17.0 Safari/605.1.15"
168.119.80.126 - - [24/Dec/2024:17:36:33 -0500] "GET /wp-content/plugins/event-tickets/src/resources/css/rsvp.min.css?ver=5.18.0 HTTP/1.1" 200 3290 "https://misswavenigeria.com/" "Mozilla/5.0 (Macintosh; Intel Mac OS X 10_15_7) AppleWebKit/605.1.15 (KHTML, like Gecko) Version/17.0 Safari/605.1.15"
168.119.80.126 - - [24/Dec/2024:17:36:33 -0500] "GET /wp-content/plugins/ombre-features/css/lightgallery.css?ver=1.0 HTTP/1.1" 200 5579 "https://misswavenigeria.com/" "Mozilla/5.0 (Macintosh; Intel Mac OS X 10_15_7) AppleWebKit/605.1.15 (KHTML, like Gecko) Version/17.0 Safari/605.1.15"
168.119.80.126 - - [24/Dec/2024:17:36:33 -0500] "GET /wp-content/plugins/ombre-features/css/owl.css?ver=1.0 HTTP/1.1" 200 1286 "https://misswavenigeria.com/" "Mozilla/5.0 (Macintosh; Intel Mac OS X 10_15_7) AppleWebKit/605.1.15 (KHTML, like Gecko) Version/17.0 Safari/605.1.15"
168.119.80.126 - - [24/Dec/2024:17:36:33 -0500] "GET /wp-content/plugins/ombre-features/css/colorbox.css?ver=1.0 HTTP/1.1" 200 1093 "https://misswavenigeria.com/" "Mozilla/5.0 (Macintosh; Intel Mac OS X 10_15_7) AppleWebKit/605.1.15 (KHTML, like Gecko) Version/17.0 Safari/605.1.15"
168.119.80.126 - - [24/Dec/2024:17:36:33 -0500] "GET /wp-content/plugins/ombre-features/css/nerveslider.css?ver=1.0 HTTP/1.1" 200 1423 "https://misswavenigeria.com/" "Mozilla/5.0 (Macintosh; Intel Mac OS X 10_15_7) AppleWebKit/605.1.15 (KHTML, like Gecko) Version/17.0 Safari/605.1.15"
168.119.80.126 - - [24/Dec/2024:17:36:33 -0500] "GET /wp-content/plugins/ombre-features/css/style.css?ver=1.0 HTTP/1.1" 200 4180 "https://misswavenigeria.com/" "Mozilla/5.0 (Macintosh; Intel Mac OS X 10_15_7) AppleWebKit/605.1.15 (KHTML, like Gecko) Version/17.0 Safari/605.1.15"
168.119.80.126 - - [24/Dec/2024:17:36:33 -0500] "GET /wp-content/themes/ombre/css/font-awesome.min.css?ver=1.0 HTTP/1.1" 200 5878 "https://misswavenigeria.com/" "Mozilla/5.0 (Macintosh; Intel Mac OS X 10_15_7) AppleWebKit/605.1.15 (KHTML, like Gecko) Version/17.0 Safari/605.1.15"
168.119.80.126 - - [24/Dec/2024:17:36:33 -0500] "GET /wp-includes/css/dashicons.min.css?ver=6.7.1 HTTP/1.1" 200 35110 "https://misswavenigeria.com/" "Mozilla/5.0 (Macintosh; Intel Mac OS X 10_15_7) AppleWebKit/605.1.15 (KHTML, like Gecko) Version/17.0 Safari/605.1.15"
168.119.80.126 - - [24/Dec/2024:17:36:33 -0500] "GET /wp-includes/js/jquery/jquery.min.js?ver=3.7.1 HTTP/1.1" 200 29744 "https://misswavenigeria.com/" "Mozilla/5.0 (Macintosh; Intel Mac OS X 10_15_7) AppleWebKit/605.1.15 (KHTML, like Gecko) Version/17.0 Safari/605.1.15"
168.119.80.126 - - [24/Dec/2024:17:36:33 -0500] "GET /wp-includes/js/jquery/jquery-migrate.min.js?ver=3.4.1 HTTP/1.1" 200 4678 "https://misswavenigeria.com/" "Mozilla/5.0 (Macintosh; Intel Mac OS X 10_15_7) AppleWebKit/605.1.15 (KHTML, like Gecko) Version/17.0 Safari/605.1.15"
168.119.80.126 - - [24/Dec/2024:17:36:33 -0500] "GET /wp-content/themes/ombre/js/fakeloader.js?ver=1.0.0 HTTP/1.1" 200 584 "https://misswavenigeria.com/" "Mozilla/5.0 (Macintosh; Intel Mac OS X 10_15_7) AppleWebKit/605.1.15 (KHTML, like Gecko) Version/17.0 Safari/605.1.15"
168.119.80.126 - - [24/Dec/2024:17:36:33 -0500] "GET /wp-content/plugins/cf7-paystack-add-on/assets/js/redirect.js HTTP/1.1" 200 405 "https://misswavenigeria.com/" "Mozilla/5.0 (Macintosh; Intel Mac OS X 10_15_7) AppleWebKit/605.1.15 (KHTML, like Gecko) Version/17.0 Safari/605.1.15"
168.119.80.126 - - [24/Dec/2024:17:36:33 -0500] "GET /wp-content/uploads/2023/08/Logo-2-e1693135560601.png HTTP/1.1" 200 29108 "https://misswavenigeria.com/" "Mozilla/5.0 (Macintosh; Intel Mac OS X 10_15_7) AppleWebKit/605.1.15 (KHTML, like Gecko) Version/17.0 Safari/605.1.15"
168.119.80.126 - - [24/Dec/2024:17:36:33 -0500] "GET /wp-content/uploads/2023/10/0K4A4436-scaled-e1697480944884.jpg HTTP/1.1" 200 169726 "https://misswavenigeria.com/" "Mozilla/5.0 (Macintosh; Intel Mac OS X 10_15_7) AppleWebKit/605.1.15 (KHTML, like Gecko) Version/17.0 Safari/605.1.15"
168.119.80.126 - - [24/Dec/2024:17:36:33 -0500] "GET /wp-content/uploads/2023/09/0K4A4072-240x300.jpg HTTP/1.1" 200 6332 "https://misswavenigeria.com/" "Mozilla/5.0 (Macintosh; Intel Mac OS X 10_15_7) AppleWebKit/605.1.15 (KHTML, like Gecko) Version/17.0 Safari/605.1.15"
168.119.80.126 - - [24/Dec/2024:17:36:34 -0500] "GET /wp-content/uploads/2023/10/0K4A4435-scaled-e1697480900641.jpg HTTP/1.1" 200 166042 "https://misswavenigeria.com/" "Mozilla/5.0 (Macintosh; Intel Mac OS X 10_15_7) AppleWebKit/605.1.15 (KHTML, like Gecko) Version/17.0 Safari/605.1.15"
168.119.80.126 - - [24/Dec/2024:17:36:34 -0500] "GET /wp-content/uploads/2023/08/IMG_4610-scaled-e1692655489166.jpg HTTP/1.1" 200 271070 "https://misswavenigeria.com/" "Mozilla/5.0 (Macintosh; Intel Mac OS X 10_15_7) AppleWebKit/605.1.15 (KHTML, like Gecko) Version/17.0 Safari/605.1.15"
168.119.80.126 - - [24/Dec/2024:17:36:34 -0500] "GET /wp-content/uploads/2023/08/IMG_4609-scaled-e1692655568413.jpg HTTP/1.1" 200 160987 "https://misswavenigeria.com/" "Mozilla/5.0 (Macintosh; Intel Mac OS X 10_15_7) AppleWebKit/605.1.15 (KHTML, like Gecko) Version/17.0 Safari/605.1.15"
168.119.80.126 - - [24/Dec/2024:17:36:34 -0500] "GET /wp-includes/js/dist/hooks.min.js?ver=4d63a3d491d11ffd8ac6 HTTP/1.1" 200 1571 "https://misswavenigeria.com/" "Mozilla/5.0 (Macintosh; Intel Mac OS X 10_15_7) AppleWebKit/605.1.15 (KHTML, like Gecko) Version/17.0 Safari/605.1.15"
168.119.80.126 - - [24/Dec/2024:17:36:35 -0500] "GET /wp-content/plugins/contact-form-7/includes/swv/js/index.js?ver=6.0.2 HTTP/1.1" 200 3369 "https://misswavenigeria.com/" "Mozilla/5.0 (Macintosh; Intel Mac OS X 10_15_7) AppleWebKit/605.1.15 (KHTML, like Gecko) Version/17.0 Safari/605.1.15"
168.119.80.126 - - [24/Dec/2024:17:36:35 -0500] "GET /wp-includes/js/dist/i18n.min.js?ver=5e580eb46a90c2b997e6 HTTP/1.1" 200 3542 "https://misswavenigeria.com/" "Mozilla/5.0 (Macintosh; Intel Mac OS X 10_15_7) AppleWebKit/605.1.15 (KHTML, like Gecko) Version/17.0 Safari/605.1.15"
168.119.80.126 - - [24/Dec/2024:17:36:35 -0500] "GET /wp-content/plugins/contact-form-7/includes/js/index.js?ver=6.0.2 HTTP/1.1" 200 4008 "https://misswavenigeria.com/" "Mozilla/5.0 (Macintosh; Intel Mac OS X 10_15_7) AppleWebKit/605.1.15 (KHTML, like Gecko) Version/17.0 Safari/605.1.15"
168.119.80.126 - - [24/Dec/2024:17:36:35 -0500] "GET /wp-content/plugins/so-widgets-bundle/js/sow.jquery.fittext.min.js?ver=1.2 HTTP/1.1" 200 532 "https://misswavenigeria.com/" "Mozilla/5.0 (Macintosh; Intel Mac OS X 10_15_7) AppleWebKit/605.1.15 (KHTML, like Gecko) Version/17.0 Safari/605.1.15"
168.119.80.126 - - [24/Dec/2024:17:36:35 -0500] "GET /wp-content/plugins/so-widgets-bundle/js/lib/imagesloaded.pkgd.min.js?ver=3.2.0 HTTP/1.1" 200 2495 "https://misswavenigeria.com/" "Mozilla/5.0 (Macintosh; Intel Mac OS X 10_15_7) AppleWebKit/605.1.15 (KHTML, like Gecko) Version/17.0 Safari/605.1.15"
168.119.80.126 - - [24/Dec/2024:17:36:35 -0500] "GET /wp-content/themes/ombre/js/backstretch.min.js?ver=2.0.4 HTTP/1.1" 200 1645 "https://misswavenigeria.com/" "Mozilla/5.0 (Macintosh; Intel Mac OS X 10_15_7) AppleWebKit/605.1.15 (KHTML, like Gecko) Version/17.0 Safari/605.1.15"
