165.231.182.61 - - [24/Dec/2024:18:55:56 -0500] "GET / HTTP/1.0" 200 109053 "https://misswavenigeria.com/" "Mozilla/5.0 (Windows NT 10.0; Win64; x64) AppleWebKit/537.36 (KHTML, like Gecko) Chrome/103.0.0.0 Safari/537.36 Herring/95.1.8810.11"
66.29.132.124 - - [24/Dec/2024:18:55:58 -0500] "POST /wp-admin/admin-ajax.php?action=async_litespeed&nonce=QGy8O0ugUqu8Ccbn0Cim16Foe204haEK&litespeed_type=imgoptm HTTP/1.1" 200 21 "-" "WordPress/6.7.1; https://misswavenigeria.com"
165.231.182.61 - - [24/Dec/2024:18:56:00 -0500] "GET /register/ HTTP/1.0" 200 75922 "https://misswavenigeria.com/register/" "Mozilla/5.0 (Windows NT 10.0; Win64; x64) AppleWebKit/537.36 (KHTML, like Gecko) Chrome/103.0.0.0 Safari/537.36 Herring/95.1.8810.11"
165.231.182.61 - - [24/Dec/2024:18:56:02 -0500] "POST /register/ HTTP/1.0" 200 76048 "https://misswavenigeria.com/register/" "Mozilla/5.0 (Windows NT 10.0; Win64; x64) AppleWebKit/537.36 (KHTML, like Gecko) Chrome/103.0.0.0 Safari/537.36 Herring/95.1.8810.11"
66.29.132.124 - - [24/Dec/2024:18:57:14 -0500] "POST /wp-cron.php?doing_wp_cron=1735084634.9405219554901123046875 HTTP/1.1" 200 0 "-" "WordPress/6.7.1; https://misswavenigeria.com"
165.231.182.61 - - [24/Dec/2024:18:57:14 -0500] "GET /register/ HTTP/1.0" 200 75922 "https://misswavenigeria.com/" "Mozilla/5.0 (Windows NT 10.0; Win64; x64) AppleWebKit/537.36 (KHTML, like Gecko) Chrome/103.0.0.0 Safari/537.36 Herring/95.1.8810.11"
66.29.132.124 - - [24/Dec/2024:18:57:15 -0500] "POST /wp-admin/admin-ajax.php?action=async_litespeed&nonce=xWO5dSq6g9opT0MqEF1hiz3Ob2xW4faD&litespeed_type=imgoptm HTTP/1.1" 200 21 "-" "WordPress/6.7.1; https://misswavenigeria.com"
66.29.132.124 - - [24/Dec/2024:18:59:01 -0500] "POST /wp-cron.php?doing_wp_cron=1735084741.3570039272308349609375 HTTP/1.1" 200 0 "-" "WordPress/6.7.1; https://misswavenigeria.com"
165.231.182.61 - - [24/Dec/2024:18:58:59 -0500] "GET / HTTP/1.0" 200 109055 "https://misswavenigeria.com/" "Mozilla/5.0 (Windows NT 6.3; Win64; x64) AppleWebKit/537.36 (KHTML, like Gecko) Chrome/103.0.5060.114 Safari/537.36"
66.29.132.124 - - [24/Dec/2024:18:59:01 -0500] "POST /wp-admin/admin-ajax.php?action=async_litespeed&nonce=vTaJ8f3vuBJ1VRk9pRMGOroZuePFWJSJ&litespeed_type=imgoptm HTTP/1.1" 200 21 "-" "WordPress/6.7.1; https://misswavenigeria.com"
165.231.182.61 - - [24/Dec/2024:18:59:03 -0500] "GET /register/ HTTP/1.0" 200 75922 "https://misswavenigeria.com/register/" "Mozilla/5.0 (Windows NT 6.3; Win64; x64) AppleWebKit/537.36 (KHTML, like Gecko) Chrome/103.0.5060.114 Safari/537.36"
165.231.182.61 - - [24/Dec/2024:18:59:05 -0500] "POST /register/ HTTP/1.0" 200 76048 "https://misswavenigeria.com/register/" "Mozilla/5.0 (Windows NT 6.3; Win64; x64) AppleWebKit/537.36 (KHTML, like Gecko) Chrome/103.0.5060.114 Safari/537.36"
66.29.132.124 - - [24/Dec/2024:19:00:21 -0500] "POST /wp-cron.php?doing_wp_cron=1735084821.8430910110473632812500 HTTP/1.1" 200 0 "-" "WordPress/6.7.1; https://misswavenigeria.com"
165.231.182.61 - - [24/Dec/2024:19:00:21 -0500] "GET /register/ HTTP/1.0" 200 75922 "https://misswavenigeria.com/" "Mozilla/5.0 (Windows NT 6.3; Win64; x64) AppleWebKit/537.36 (KHTML, like Gecko) Chrome/103.0.5060.114 Safari/537.36"
66.29.132.124 - - [24/Dec/2024:19:00:22 -0500] "POST /wp-admin/admin-ajax.php?action=async_litespeed&nonce=hJBAI2bNoUpmtuvIOpq620c7RgXmB2Ji&litespeed_type=imgoptm HTTP/1.1" 200 21 "-" "WordPress/6.7.1; https://misswavenigeria.com"
66.29.132.124 - - [24/Dec/2024:19:02:10 -0500] "POST /wp-cron.php?doing_wp_cron=1735084930.7524778842926025390625 HTTP/1.1" 200 0 "-" "WordPress/6.7.1; https://misswavenigeria.com"
165.231.182.61 - - [24/Dec/2024:19:02:09 -0500] "GET / HTTP/1.0" 200 109055 "https://misswavenigeria.com/" "Mozilla/5.0 (Windows NT 6.1) AppleWebKit/537.36 (KHTML, like Gecko) Chrome/103.0.5060.114 Safari/537.36"
66.29.132.124 - - [24/Dec/2024:19:02:10 -0500] "POST /wp-admin/admin-ajax.php?action=async_litespeed&nonce=pyv4x6SskHApAdc1to7cCVz6BAWLlX8g&litespeed_type=imgoptm HTTP/1.1" 200 21 "-" "WordPress/6.7.1; https://misswavenigeria.com"
165.231.182.61 - - [24/Dec/2024:19:02:12 -0500] "GET /register/ HTTP/1.0" 200 75922 "https://misswavenigeria.com/register/" "Mozilla/5.0 (Windows NT 6.1) AppleWebKit/537.36 (KHTML, like Gecko) Chrome/103.0.5060.114 Safari/537.36"
165.231.182.61 - - [24/Dec/2024:19:02:14 -0500] "POST /register/ HTTP/1.0" 200 76048 "https://misswavenigeria.com/register/" "Mozilla/5.0 (Windows NT 6.1) AppleWebKit/537.36 (KHTML, like Gecko) Chrome/103.0.5060.114 Safari/537.36"
66.29.132.124 - - [24/Dec/2024:19:03:10 -0500] "POST /wp-cron.php?doing_wp_cron=1735084990.1978890895843505859375 HTTP/1.1" 200 0 "-" "WordPress/6.7.1; https://misswavenigeria.com"
165.231.182.61 - - [24/Dec/2024:19:03:10 -0500] "GET /register/ HTTP/1.0" 200 75922 "https://misswavenigeria.com/" "Mozilla/5.0 (Windows NT 6.1) AppleWebKit/537.36 (KHTML, like Gecko) Chrome/103.0.5060.114 Safari/537.36"
66.29.132.124 - - [24/Dec/2024:19:03:10 -0500] "POST /wp-admin/admin-ajax.php?action=async_litespeed&nonce=ZmEJN8j3jKKW97AoD3nzxysmkgubqZam&litespeed_type=imgoptm HTTP/1.1" 200 21 "-" "WordPress/6.7.1; https://misswavenigeria.com"
66.29.132.124 - - [24/Dec/2024:19:05:14 -0500] "POST /wp-cron.php?doing_wp_cron=1735085114.8767030239105224609375 HTTP/1.1" 200 0 "-" "WordPress/6.7.1; https://misswavenigeria.com"
165.231.182.61 - - [24/Dec/2024:19:05:13 -0500] "GET / HTTP/1.0" 200 109053 "https://misswavenigeria.com/" "Mozilla/5.0 (Windows NT 6.1; WOW64) AppleWebKit/537.36 (KHTML, like Gecko) Chrome/103.0.0.0 Safari/537.36"
66.29.132.124 - - [24/Dec/2024:19:05:15 -0500] "POST /wp-admin/admin-ajax.php?action=async_litespeed&nonce=OMQXOPIaY2A4aMhAMKH40xgSpWaTL1Wf&litespeed_type=imgoptm HTTP/1.1" 200 21 "-" "WordPress/6.7.1; https://misswavenigeria.com"
165.231.182.61 - - [24/Dec/2024:19:05:17 -0500] "GET /register/ HTTP/1.0" 200 75922 "https://misswavenigeria.com/register/" "Mozilla/5.0 (Windows NT 6.1; WOW64) AppleWebKit/537.36 (KHTML, like Gecko) Chrome/103.0.0.0 Safari/537.36"
165.231.182.61 - - [24/Dec/2024:19:05:18 -0500] "POST /register/ HTTP/1.0" 200 76048 "https://misswavenigeria.com/register/" "Mozilla/5.0 (Windows NT 6.1; WOW64) AppleWebKit/537.36 (KHTML, like Gecko) Chrome/103.0.0.0 Safari/537.36"
66.29.132.124 - - [24/Dec/2024:19:06:18 -0500] "POST /wp-cron.php?doing_wp_cron=1735085178.9831449985504150390625 HTTP/1.1" 200 0 "-" "WordPress/6.7.1; https://misswavenigeria.com"
165.231.182.61 - - [24/Dec/2024:19:06:18 -0500] "GET /register/ HTTP/1.0" 200 75922 "https://misswavenigeria.com/" "Mozilla/5.0 (Windows NT 6.1; WOW64) AppleWebKit/537.36 (KHTML, like Gecko) Chrome/103.0.0.0 Safari/537.36"
66.29.132.124 - - [24/Dec/2024:19:06:19 -0500] "POST /wp-admin/admin-ajax.php?action=async_litespeed&nonce=DVNev3jTLq2T79x6dDFBEuTkTCKSP8p8&litespeed_type=imgoptm HTTP/1.1" 200 21 "-" "WordPress/6.7.1; https://misswavenigeria.com"
66.29.132.124 - - [24/Dec/2024:19:08:19 -0500] "POST /wp-cron.php?doing_wp_cron=1735085299.9103350639343261718750 HTTP/1.1" 200 0 "-" "WordPress/6.7.1; https://misswavenigeria.com"
165.231.182.61 - - [24/Dec/2024:19:08:18 -0500] "GET / HTTP/1.0" 200 109053 "https://misswavenigeria.com/" "Mozilla/5.0 (Windows NT 10.0; WOW64) AppleWebKit/537.36 (KHTML, like Gecko) Chrome/103.0.0.0 Safari/537.36"
66.29.132.124 - - [24/Dec/2024:19:08:20 -0500] "POST /wp-admin/admin-ajax.php?action=async_litespeed&nonce=XjZ1gbRn7f6OqcMyn6L9AwmsNEgFt8Va&litespeed_type=imgoptm HTTP/1.1" 200 21 "-" "WordPress/6.7.1; https://misswavenigeria.com"
165.231.182.61 - - [24/Dec/2024:19:08:22 -0500] "GET /register/ HTTP/1.0" 200 75922 "https://misswavenigeria.com/register/" "Mozilla/5.0 (Windows NT 10.0; WOW64) AppleWebKit/537.36 (KHTML, like Gecko) Chrome/103.0.0.0 Safari/537.36"
165.231.182.61 - - [24/Dec/2024:19:08:23 -0500] "POST /register/ HTTP/1.0" 200 76048 "https://misswavenigeria.com/register/" "Mozilla/5.0 (Windows NT 10.0; WOW64) AppleWebKit/537.36 (KHTML, like Gecko) Chrome/103.0.0.0 Safari/537.36"
66.29.132.124 - - [24/Dec/2024:19:09:30 -0500] "POST /wp-cron.php?doing_wp_cron=1735085370.0420050621032714843750 HTTP/1.1" 200 0 "-" "WordPress/6.7.1; https://misswavenigeria.com"
165.231.182.61 - - [24/Dec/2024:19:09:29 -0500] "GET /register/ HTTP/1.0" 200 75922 "https://misswavenigeria.com/" "Mozilla/5.0 (Windows NT 10.0; WOW64) AppleWebKit/537.36 (KHTML, like Gecko) Chrome/103.0.0.0 Safari/537.36"
66.29.132.124 - - [24/Dec/2024:19:09:30 -0500] "POST /wp-admin/admin-ajax.php?action=async_litespeed&nonce=eWxQcwBdXD7fqcw4yD5UhfTl7fXON1Ts&litespeed_type=imgoptm HTTP/1.1" 200 21 "-" "WordPress/6.7.1; https://misswavenigeria.com"
66.29.132.124 - - [24/Dec/2024:19:11:24 -0500] "POST /wp-cron.php?doing_wp_cron=1735085484.7524690628051757812500 HTTP/1.1" 200 0 "-" "WordPress/6.7.1; https://misswavenigeria.com"
165.231.182.61 - - [24/Dec/2024:19:11:23 -0500] "GET / HTTP/1.0" 200 109055 "https://misswavenigeria.com/" "Mozilla/5.0 (Windows NT 6.3; Win64; x64) AppleWebKit/537.36 (KHTML, like Gecko) Chrome/103.0.5060.66 Safari/537.36"
66.29.132.124 - - [24/Dec/2024:19:11:24 -0500] "POST /wp-admin/admin-ajax.php?action=async_litespeed&nonce=NU6RwxzbaiO8KAL1YEMsjQ0RhJiTFudZ&litespeed_type=imgoptm HTTP/1.1" 200 21 "-" "WordPress/6.7.1; https://misswavenigeria.com"
165.231.182.61 - - [24/Dec/2024:19:11:27 -0500] "GET /register/ HTTP/1.0" 200 75922 "https://misswavenigeria.com/register/" "Mozilla/5.0 (Windows NT 6.3; Win64; x64) AppleWebKit/537.36 (KHTML, like Gecko) Chrome/103.0.5060.66 Safari/537.36"
165.231.182.61 - - [24/Dec/2024:19:11:28 -0500] "POST /register/ HTTP/1.0" 200 76048 "https://misswavenigeria.com/register/" "Mozilla/5.0 (Windows NT 6.3; Win64; x64) AppleWebKit/537.36 (KHTML, like Gecko) Chrome/103.0.5060.66 Safari/537.36"
66.29.132.124 - - [24/Dec/2024:19:12:30 -0500] "POST /wp-cron.php?doing_wp_cron=1735085550.5143620967864990234375 HTTP/1.1" 200 0 "-" "WordPress/6.7.1; https://misswavenigeria.com"
165.231.182.61 - - [24/Dec/2024:19:12:30 -0500] "GET /register/ HTTP/1.0" 200 75922 "https://misswavenigeria.com/" "Mozilla/5.0 (Windows NT 6.3; Win64; x64) AppleWebKit/537.36 (KHTML, like Gecko) Chrome/103.0.5060.66 Safari/537.36"
66.29.132.124 - - [24/Dec/2024:19:12:30 -0500] "POST /wp-admin/admin-ajax.php?action=async_litespeed&nonce=lHyCmBrL0CLIQvlJFBzCuAQlRkQYsF09&litespeed_type=imgoptm HTTP/1.1" 200 21 "-" "WordPress/6.7.1; https://misswavenigeria.com"
66.29.132.124 - - [24/Dec/2024:19:14:30 -0500] "POST /wp-cron.php?doing_wp_cron=1735085670.5612180233001708984375 HTTP/1.1" 200 0 "-" "WordPress/6.7.1; https://misswavenigeria.com"
165.231.182.61 - - [24/Dec/2024:19:14:29 -0500] "GET / HTTP/1.0" 200 109053 "https://misswavenigeria.com/" "Mozilla/5.0 (Windows NT 10.0; Win64; x64) AppleWebKit/537.36 (KHTML, like Gecko) Chrome/103.0.5060.66 Safari/537.36"
66.29.132.124 - - [24/Dec/2024:19:14:30 -0500] "POST /wp-admin/admin-ajax.php?action=async_litespeed&nonce=kO6WFXdAn8iEFNrpQwzkMY0JSHE5lfwZ&litespeed_type=imgoptm HTTP/1.1" 200 21 "-" "WordPress/6.7.1; https://misswavenigeria.com"
165.231.182.61 - - [24/Dec/2024:19:14:33 -0500] "GET /register/ HTTP/1.0" 200 75922 "https://misswavenigeria.com/register/" "Mozilla/5.0 (Windows NT 10.0; Win64; x64) AppleWebKit/537.36 (KHTML, like Gecko) Chrome/103.0.5060.66 Safari/537.36"
165.231.182.61 - - [24/Dec/2024:19:14:35 -0500] "POST /register/ HTTP/1.0" 200 76048 "https://misswavenigeria.com/register/" "Mozilla/5.0 (Windows NT 10.0; Win64; x64) AppleWebKit/537.36 (KHTML, like Gecko) Chrome/103.0.5060.66 Safari/537.36"
66.29.132.124 - - [24/Dec/2024:19:15:40 -0500] "POST /wp-cron.php?doing_wp_cron=1735085740.9166240692138671875000 HTTP/1.1" 200 0 "-" "WordPress/6.7.1; https://misswavenigeria.com"
165.231.182.61 - - [24/Dec/2024:19:15:40 -0500] "GET /register/ HTTP/1.0" 200 75922 "https://misswavenigeria.com/" "Mozilla/5.0 (Windows NT 10.0; Win64; x64) AppleWebKit/537.36 (KHTML, like Gecko) Chrome/103.0.5060.66 Safari/537.36"
66.29.132.124 - - [24/Dec/2024:19:15:41 -0500] "POST /wp-admin/admin-ajax.php?action=async_litespeed&nonce=X1p4IfLZv4MurF930yYq4zxXdBPhrCVf&litespeed_type=imgoptm HTTP/1.1" 200 21 "-" "WordPress/6.7.1; https://misswavenigeria.com"
66.29.132.124 - - [24/Dec/2024:19:17:36 -0500] "POST /wp-cron.php?doing_wp_cron=1735085856.2070679664611816406250 HTTP/1.1" 200 0 "-" "WordPress/6.7.1; https://misswavenigeria.com"
165.231.182.61 - - [24/Dec/2024:19:17:34 -0500] "GET / HTTP/1.0" 200 109053 "https://misswavenigeria.com/" "Mozilla/5.0 (Windows NT 6.1) AppleWebKit/537.36 (KHTML, like Gecko) Chrome/103.0.5060.114 Safari/537.36"
66.29.132.124 - - [24/Dec/2024:19:17:36 -0500] "POST /wp-admin/admin-ajax.php?action=async_litespeed&nonce=qDR09wOT6K5pvlUiRqvu5r6XxvoHfLwa&litespeed_type=imgoptm HTTP/1.1" 200 21 "-" "WordPress/6.7.1; https://misswavenigeria.com"
165.231.182.61 - - [24/Dec/2024:19:17:38 -0500] "GET /register/ HTTP/1.0" 200 75922 "https://misswavenigeria.com/register/" "Mozilla/5.0 (Windows NT 6.1) AppleWebKit/537.36 (KHTML, like Gecko) Chrome/103.0.5060.114 Safari/537.36"
165.231.182.61 - - [24/Dec/2024:19:17:40 -0500] "POST /register/ HTTP/1.0" 200 76048 "https://misswavenigeria.com/register/" "Mozilla/5.0 (Windows NT 6.1) AppleWebKit/537.36 (KHTML, like Gecko) Chrome/103.0.5060.114 Safari/537.36"
66.29.132.124 - - [24/Dec/2024:19:18:36 -0500] "POST /wp-cron.php?doing_wp_cron=1735085916.0798459053039550781250 HTTP/1.1" 200 0 "-" "WordPress/6.7.1; https://misswavenigeria.com"
165.231.182.61 - - [24/Dec/2024:19:18:35 -0500] "GET /register/ HTTP/1.0" 200 75922 "https://misswavenigeria.com/" "Mozilla/5.0 (Windows NT 6.1) AppleWebKit/537.36 (KHTML, like Gecko) Chrome/103.0.5060.114 Safari/537.36"
66.29.132.124 - - [24/Dec/2024:19:18:36 -0500] "POST /wp-admin/admin-ajax.php?action=async_litespeed&nonce=s6Tr7A2CcHnJJAIo71aaUWYlfHxrGFUX&litespeed_type=imgoptm HTTP/1.1" 200 21 "-" "WordPress/6.7.1; https://misswavenigeria.com"
66.29.132.124 - - [24/Dec/2024:19:20:42 -0500] "POST /wp-cron.php?doing_wp_cron=1735086042.3946640491485595703125 HTTP/1.1" 200 0 "-" "WordPress/6.7.1; https://misswavenigeria.com"
165.231.182.61 - - [24/Dec/2024:19:20:40 -0500] "GET / HTTP/1.0" 200 109055 "https://misswavenigeria.com/" "Mozilla/5.0 (Windows NT 6.3; Win64; x64) AppleWebKit/537.36 (KHTML, like Gecko) Chrome/103.0.5060.66 Safari/537.36"
66.29.132.124 - - [24/Dec/2024:19:20:42 -0500] "POST /wp-admin/admin-ajax.php?action=async_litespeed&nonce=ri8XNPorZ5tYVOW0fepNSlQ7l3qWaxie&litespeed_type=imgoptm HTTP/1.1" 200 21 "-" "WordPress/6.7.1; https://misswavenigeria.com"
165.231.182.61 - - [24/Dec/2024:19:20:44 -0500] "GET /register/ HTTP/1.0" 200 75922 "https://misswavenigeria.com/register/" "Mozilla/5.0 (Windows NT 6.3; Win64; x64) AppleWebKit/537.36 (KHTML, like Gecko) Chrome/103.0.5060.66 Safari/537.36"
165.231.182.61 - - [24/Dec/2024:19:20:46 -0500] "POST /register/ HTTP/1.0" 200 76048 "https://misswavenigeria.com/register/" "Mozilla/5.0 (Windows NT 6.3; Win64; x64) AppleWebKit/537.36 (KHTML, like Gecko) Chrome/103.0.5060.66 Safari/537.36"
66.29.132.124 - - [24/Dec/2024:19:22:00 -0500] "POST /wp-cron.php?doing_wp_cron=1735086120.1554250717163085937500 HTTP/1.1" 200 0 "-" "WordPress/6.7.1; https://misswavenigeria.com"
165.231.182.61 - - [24/Dec/2024:19:22:00 -0500] "GET /register/ HTTP/1.0" 200 75922 "https://misswavenigeria.com/" "Mozilla/5.0 (Windows NT 6.3; Win64; x64) AppleWebKit/537.36 (KHTML, like Gecko) Chrome/103.0.5060.66 Safari/537.36"
66.29.132.124 - - [24/Dec/2024:19:22:00 -0500] "POST /wp-admin/admin-ajax.php?action=async_litespeed&nonce=1PQkOb0PAsgP8Z6JhljVTdKMuceFQiAD&litespeed_type=imgoptm HTTP/1.1" 200 21 "-" "WordPress/6.7.1; https://misswavenigeria.com"
66.29.132.124 - - [24/Dec/2024:19:23:49 -0500] "POST /wp-cron.php?doing_wp_cron=1735086229.8443150520324707031250 HTTP/1.1" 200 0 "-" "WordPress/6.7.1; https://misswavenigeria.com"
165.231.182.61 - - [24/Dec/2024:19:23:48 -0500] "GET / HTTP/1.0" 200 109053 "https://misswavenigeria.com/" "Mozilla/5.0 (Windows NT 6.3; Win64; x64) AppleWebKit/537.36 (KHTML, like Gecko) Chrome/103.0.5060.53 Safari/537.36"
66.29.132.124 - - [24/Dec/2024:19:23:50 -0500] "POST /wp-admin/admin-ajax.php?action=async_litespeed&nonce=mQXcuOkuZgWjplzzm98zZ4ObhE7BFLmh&litespeed_type=imgoptm HTTP/1.1" 200 21 "-" "WordPress/6.7.1; https://misswavenigeria.com"
165.231.182.61 - - [24/Dec/2024:19:23:52 -0500] "GET /register/ HTTP/1.0" 200 75922 "https://misswavenigeria.com/register/" "Mozilla/5.0 (Windows NT 6.3; Win64; x64) AppleWebKit/537.36 (KHTML, like Gecko) Chrome/103.0.5060.53 Safari/537.36"
66.29.132.124 - - [24/Dec/2024:19:23:53 -0500] "POST /wp-cron.php?doing_wp_cron=1735086233.9551880359649658203125 HTTP/1.1" 200 0 "-" "WordPress/6.7.1; https://misswavenigeria.com"
165.231.182.61 - - [24/Dec/2024:19:23:53 -0500] "POST /register/ HTTP/1.0" 200 76048 "https://misswavenigeria.com/register/" "Mozilla/5.0 (Windows NT 6.3; Win64; x64) AppleWebKit/537.36 (KHTML, like Gecko) Chrome/103.0.5060.53 Safari/537.36"
66.29.132.124 - - [24/Dec/2024:19:25:08 -0500] "POST /wp-cron.php?doing_wp_cron=1735086308.6724910736083984375000 HTTP/1.1" 200 0 "-" "WordPress/6.7.1; https://misswavenigeria.com"
165.231.182.61 - - [24/Dec/2024:19:25:08 -0500] "GET /register/ HTTP/1.0" 200 75922 "https://misswavenigeria.com/" "Mozilla/5.0 (Windows NT 6.3; Win64; x64) AppleWebKit/537.36 (KHTML, like Gecko) Chrome/103.0.5060.53 Safari/537.36"
66.29.132.124 - - [24/Dec/2024:19:25:08 -0500] "POST /wp-admin/admin-ajax.php?action=async_litespeed&nonce=uDNwAvF9euFILcVlORlcTqHpor2CldeH&litespeed_type=imgoptm HTTP/1.1" 200 21 "-" "WordPress/6.7.1; https://misswavenigeria.com"
66.29.132.124 - - [24/Dec/2024:19:26:37 -0500] "POST /wp-cron.php?doing_wp_cron=1735086397.5131819248199462890625 HTTP/1.1" 200 0 "-" "WordPress/6.7.1; https://misswavenigeria.com"
66.29.132.124 - - [24/Dec/2024:19:26:37 -0500] "POST /wp-cron.php?doing_wp_cron=1735086397.5131831169128417968750 HTTP/1.1" 200 0 "-" "WordPress/6.7.1; https://misswavenigeria.com"
66.249.79.4 - - [24/Dec/2024:19:26:36 -0500] "GET /goods/V197543?k=product HTTP/1.1" 301 0 "-" "Mozilla/5.0 (Linux; Android 6.0.1; Nexus 5X Build/MMB29P) AppleWebKit/537.36 (KHTML, like Gecko) Chrome/131.0.6778.139 Mobile Safari/537.36 (compatible; Googlebot/2.1; +http://www.google.com/bot.html)"
66.249.79.4 - - [24/Dec/2024:19:26:35 -0500] "GET /goods/F553207?k=product HTTP/1.1" 301 0 "-" "Mozilla/5.0 (Linux; Android 6.0.1; Nexus 5X Build/MMB29P) AppleWebKit/537.36 (KHTML, like Gecko) Chrome/131.0.6778.139 Mobile Safari/537.36 (compatible; Googlebot/2.1; +http://www.google.com/bot.html)"
66.29.132.124 - - [24/Dec/2024:19:26:37 -0500] "POST /wp-admin/admin-ajax.php?action=async_litespeed&nonce=zWaWKmNSazW8QtWGhrBhdsT7JMah2W9t&litespeed_type=imgoptm HTTP/1.1" 200 21 "-" "WordPress/6.7.1; https://misswavenigeria.com"
66.249.68.68 - - [24/Dec/2024:19:26:37 -0500] "GET /goods/F553207?k=product HTTP/1.1" 404 15610 "-" "Mozilla/5.0 (Linux; Android 6.0.1; Nexus 5X Build/MMB29P) AppleWebKit/537.36 (KHTML, like Gecko) Chrome/131.0.6778.139 Mobile Safari/537.36 (compatible; Googlebot/2.1; +http://www.google.com/bot.html)"
66.249.68.68 - - [24/Dec/2024:19:26:38 -0500] "GET /goods/V197543?k=product HTTP/1.1" 404 15610 "-" "Mozilla/5.0 (Linux; Android 6.0.1; Nexus 5X Build/MMB29P) AppleWebKit/537.36 (KHTML, like Gecko) Chrome/131.0.6778.139 Mobile Safari/537.36 (compatible; Googlebot/2.1; +http://www.google.com/bot.html)"
165.231.182.61 - - [24/Dec/2024:19:26:48 -0500] "GET / HTTP/1.0" 200 109053 "https://misswavenigeria.com/" "Mozilla/5.0 (Windows NT 10.0; Win64; x64) AppleWebKit/537.36 (KHTML, like Gecko) Chrome/103.0.0.0 Safari/537.36 Herring/95.1.8810.11"
165.231.182.61 - - [24/Dec/2024:19:26:51 -0500] "GET /register/ HTTP/1.0" 200 75922 "https://misswavenigeria.com/register/" "Mozilla/5.0 (Windows NT 10.0; Win64; x64) AppleWebKit/537.36 (KHTML, like Gecko) Chrome/103.0.0.0 Safari/537.36 Herring/95.1.8810.11"
66.29.132.124 - - [24/Dec/2024:19:26:52 -0500] "POST /wp-cron.php?doing_wp_cron=1735086412.8942019939422607421875 HTTP/1.1" 200 0 "-" "WordPress/6.7.1; https://misswavenigeria.com"
66.29.132.124 - - [24/Dec/2024:19:26:53 -0500] "POST /wp-admin/admin-ajax.php?action=async_litespeed&nonce=qxDlzPJCceyCY3xaYRQc74TPWJvl2g65&litespeed_type=imgoptm HTTP/1.1" 200 21 "-" "WordPress/6.7.1; https://misswavenigeria.com"
66.249.68.66 - - [24/Dec/2024:19:27:20 -0500] "GET /goods/930192.html HTTP/1.1" 404 15611 "-" "Mozilla/5.0 (Linux; Android 6.0.1; Nexus 5X Build/MMB29P) AppleWebKit/537.36 (KHTML, like Gecko) Chrome/131.0.6778.139 Mobile Safari/537.36 (compatible; Googlebot/2.1; +http://www.google.com/bot.html)"
165.231.182.61 - - [24/Dec/2024:19:26:52 -0500] "POST /register/ HTTP/1.0" 200 76048 "https://misswavenigeria.com/register/" "Mozilla/5.0 (Windows NT 10.0; Win64; x64) AppleWebKit/537.36 (KHTML, like Gecko) Chrome/103.0.0.0 Safari/537.36 Herring/95.1.8810.11"
66.29.132.124 - - [24/Dec/2024:19:27:57 -0500] "POST /wp-cron.php?doing_wp_cron=1735086477.1416099071502685546875 HTTP/1.1" 200 0 "-" "WordPress/6.7.1; https://misswavenigeria.com"
165.231.182.61 - - [24/Dec/2024:19:27:56 -0500] "GET /register/ HTTP/1.0" 200 75922 "https://misswavenigeria.com/" "Mozilla/5.0 (Windows NT 10.0; Win64; x64) AppleWebKit/537.36 (KHTML, like Gecko) Chrome/103.0.0.0 Safari/537.36 Herring/95.1.8810.11"
66.29.132.124 - - [24/Dec/2024:19:27:57 -0500] "POST /wp-admin/admin-ajax.php?action=async_litespeed&nonce=49E3z25XSL7EcWqDgiIVHj02CD14HzPe&litespeed_type=imgoptm HTTP/1.1" 200 21 "-" "WordPress/6.7.1; https://misswavenigeria.com"
66.29.132.124 - - [24/Dec/2024:19:29:10 -0500] "POST /wp-cron.php?doing_wp_cron=1735086550.3353309631347656250000 HTTP/1.1" 200 0 "-" "WordPress/6.7.1; https://misswavenigeria.com"
66.249.79.2 - - [24/Dec/2024:19:29:10 -0500] "GET /goods/F302775?k=product HTTP/1.1" 301 0 "-" "Mozilla/5.0 (Linux; Android 6.0.1; Nexus 5X Build/MMB29P) AppleWebKit/537.36 (KHTML, like Gecko) Chrome/131.0.6778.139 Mobile Safari/537.36 (compatible; Googlebot/2.1; +http://www.google.com/bot.html)"
66.29.132.124 - - [24/Dec/2024:19:29:10 -0500] "POST /wp-admin/admin-ajax.php?action=async_litespeed&nonce=f1iG8rZSXNKNQYZa7ba9ZQrIRCs3vWG1&litespeed_type=imgoptm HTTP/1.1" 200 21 "-" "WordPress/6.7.1; https://misswavenigeria.com"
66.249.68.66 - - [24/Dec/2024:19:29:10 -0500] "GET /goods/F302775?k=product HTTP/1.1" 404 15610 "-" "Mozilla/5.0 (Linux; Android 6.0.1; Nexus 5X Build/MMB29P) AppleWebKit/537.36 (KHTML, like Gecko) Chrome/131.0.6778.139 Mobile Safari/537.36 (compatible; Googlebot/2.1; +http://www.google.com/bot.html)"
66.29.132.124 - - [24/Dec/2024:19:29:50 -0500] "POST /wp-cron.php?doing_wp_cron=1735086590.6069281101226806640625 HTTP/1.1" 200 0 "-" "WordPress/6.7.1; https://misswavenigeria.com"
165.231.182.61 - - [24/Dec/2024:19:29:50 -0500] "GET / HTTP/1.0" 200 109055 "https://misswavenigeria.com/" "Mozilla/5.0 (Windows NT 6.3; Win64; x64) AppleWebKit/537.36 (KHTML, like Gecko) Chrome/103.0.5060.114 Safari/537.36"
66.29.132.124 - - [24/Dec/2024:19:29:50 -0500] "POST /wp-admin/admin-ajax.php?action=async_litespeed&nonce=NhxckoJJCek8JZnEVmoFFNFQnjsnUQA6&litespeed_type=imgoptm HTTP/1.1" 200 21 "-" "WordPress/6.7.1; https://misswavenigeria.com"
165.231.182.61 - - [24/Dec/2024:19:29:52 -0500] "GET /register/ HTTP/1.0" 200 75922 "https://misswavenigeria.com/register/" "Mozilla/5.0 (Windows NT 6.3; Win64; x64) AppleWebKit/537.36 (KHTML, like Gecko) Chrome/103.0.5060.114 Safari/537.36"
165.231.182.61 - - [24/Dec/2024:19:29:54 -0500] "POST /register/ HTTP/1.0" 200 76048 "https://misswavenigeria.com/register/" "Mozilla/5.0 (Windows NT 6.3; Win64; x64) AppleWebKit/537.36 (KHTML, like Gecko) Chrome/103.0.5060.114 Safari/537.36"
66.29.132.124 - - [24/Dec/2024:19:31:05 -0500] "POST /wp-cron.php?doing_wp_cron=1735086665.2607820034027099609375 HTTP/1.1" 200 0 "-" "WordPress/6.7.1; https://misswavenigeria.com"
165.231.182.61 - - [24/Dec/2024:19:31:05 -0500] "GET /register/ HTTP/1.0" 200 75922 "https://misswavenigeria.com/" "Mozilla/5.0 (Windows NT 6.3; Win64; x64) AppleWebKit/537.36 (KHTML, like Gecko) Chrome/103.0.5060.114 Safari/537.36"
66.29.132.124 - - [24/Dec/2024:19:31:05 -0500] "POST /wp-admin/admin-ajax.php?action=async_litespeed&nonce=pejBR3rjamKb8Y2YXwYfUpwWDGl9XVeY&litespeed_type=imgoptm HTTP/1.1" 200 21 "-" "WordPress/6.7.1; https://misswavenigeria.com"
66.29.132.124 - - [24/Dec/2024:19:32:54 -0500] "POST /wp-cron.php?doing_wp_cron=1735086774.2643609046936035156250 HTTP/1.1" 200 0 "-" "WordPress/6.7.1; https://misswavenigeria.com"
165.231.182.61 - - [24/Dec/2024:19:32:52 -0500] "GET / HTTP/1.0" 200 109055 "https://misswavenigeria.com/" "Mozilla/5.0 (Windows NT 6.1; WOW64) AppleWebKit/537.36 (KHTML, like Gecko) Chrome/103.0.0.0 Safari/537.36"
66.29.132.124 - - [24/Dec/2024:19:32:54 -0500] "POST /wp-admin/admin-ajax.php?action=async_litespeed&nonce=RPqFD2gicpZWj3sgL3G1Aa1am83USYrV&litespeed_type=imgoptm HTTP/1.1" 200 21 "-" "WordPress/6.7.1; https://misswavenigeria.com"
165.231.182.61 - - [24/Dec/2024:19:32:56 -0500] "GET /register/ HTTP/1.0" 200 75922 "https://misswavenigeria.com/register/" "Mozilla/5.0 (Windows NT 6.1; WOW64) AppleWebKit/537.36 (KHTML, like Gecko) Chrome/103.0.0.0 Safari/537.36"
165.231.182.61 - - [24/Dec/2024:19:32:58 -0500] "POST /register/ HTTP/1.0" 200 76048 "https://misswavenigeria.com/register/" "Mozilla/5.0 (Windows NT 6.1; WOW64) AppleWebKit/537.36 (KHTML, like Gecko) Chrome/103.0.0.0 Safari/537.36"
66.29.132.124 - - [24/Dec/2024:19:34:05 -0500] "POST /wp-cron.php?doing_wp_cron=1735086845.1761860847473144531250 HTTP/1.1" 200 0 "-" "WordPress/6.7.1; https://misswavenigeria.com"
165.231.182.61 - - [24/Dec/2024:19:34:05 -0500] "GET /register/ HTTP/1.0" 200 75922 "https://misswavenigeria.com/" "Mozilla/5.0 (Windows NT 6.1; WOW64) AppleWebKit/537.36 (KHTML, like Gecko) Chrome/103.0.0.0 Safari/537.36"
66.29.132.124 - - [24/Dec/2024:19:34:05 -0500] "POST /wp-admin/admin-ajax.php?action=async_litespeed&nonce=yI8p4tzPU8a7ArOAQZRKhkQFq3mggiJW&litespeed_type=imgoptm HTTP/1.1" 200 21 "-" "WordPress/6.7.1; https://misswavenigeria.com"
66.29.132.124 - - [24/Dec/2024:19:35:56 -0500] "POST /wp-cron.php?doing_wp_cron=1735086956.0750288963317871093750 HTTP/1.1" 200 0 "-" "WordPress/6.7.1; https://misswavenigeria.com"
165.231.182.61 - - [24/Dec/2024:19:35:54 -0500] "GET / HTTP/1.0" 200 109053 "https://misswavenigeria.com/" "Mozilla/5.0 (Windows NT 6.1) AppleWebKit/537.36 (KHTML, like Gecko) Chrome/103.0.5060.114 Safari/537.36"
66.29.132.124 - - [24/Dec/2024:19:35:56 -0500] "POST /wp-admin/admin-ajax.php?action=async_litespeed&nonce=3O1XzlCUGLa6EUOOyo8uOr71L1VXbBv2&litespeed_type=imgoptm HTTP/1.1" 200 21 "-" "WordPress/6.7.1; https://misswavenigeria.com"
165.231.182.61 - - [24/Dec/2024:19:35:58 -0500] "GET /register/ HTTP/1.0" 200 75922 "https://misswavenigeria.com/register/" "Mozilla/5.0 (Windows NT 6.1) AppleWebKit/537.36 (KHTML, like Gecko) Chrome/103.0.5060.114 Safari/537.36"
165.231.182.61 - - [24/Dec/2024:19:36:00 -0500] "POST /register/ HTTP/1.0" 200 76048 "https://misswavenigeria.com/register/" "Mozilla/5.0 (Windows NT 6.1) AppleWebKit/537.36 (KHTML, like Gecko) Chrome/103.0.5060.114 Safari/537.36"
66.29.132.124 - - [24/Dec/2024:19:37:03 -0500] "POST /wp-cron.php?doing_wp_cron=1735087023.8935420513153076171875 HTTP/1.1" 200 0 "-" "WordPress/6.7.1; https://misswavenigeria.com"
165.231.182.61 - - [24/Dec/2024:19:37:03 -0500] "GET /register/ HTTP/1.0" 200 75922 "https://misswavenigeria.com/" "Mozilla/5.0 (Windows NT 6.1) AppleWebKit/537.36 (KHTML, like Gecko) Chrome/103.0.5060.114 Safari/537.36"
66.29.132.124 - - [24/Dec/2024:19:37:04 -0500] "POST /wp-admin/admin-ajax.php?action=async_litespeed&nonce=qtd5MM4haKNEA9axwX31MkGxXVA20mLh&litespeed_type=imgoptm HTTP/1.1" 200 21 "-" "WordPress/6.7.1; https://misswavenigeria.com"
66.29.132.124 - - [24/Dec/2024:19:38:56 -0500] "POST /wp-cron.php?doing_wp_cron=1735087136.5890789031982421875000 HTTP/1.1" 200 0 "-" "WordPress/6.7.1; https://misswavenigeria.com"
165.231.182.61 - - [24/Dec/2024:19:38:55 -0500] "GET / HTTP/1.0" 200 109055 "https://misswavenigeria.com/" "Mozilla/5.0 (Windows NT 6.3; Win64; x64) AppleWebKit/537.36 (KHTML, like Gecko) Chrome/103.0.5060.53 Safari/537.36"
66.29.132.124 - - [24/Dec/2024:19:38:56 -0500] "POST /wp-admin/admin-ajax.php?action=async_litespeed&nonce=HhrCy2Id06WE8dHtqXWIFLFBUBo4MVLf&litespeed_type=imgoptm HTTP/1.1" 200 21 "-" "WordPress/6.7.1; https://misswavenigeria.com"
165.231.182.61 - - [24/Dec/2024:19:38:58 -0500] "GET /register/ HTTP/1.0" 200 75922 "https://misswavenigeria.com/register/" "Mozilla/5.0 (Windows NT 6.3; Win64; x64) AppleWebKit/537.36 (KHTML, like Gecko) Chrome/103.0.5060.53 Safari/537.36"
165.231.182.61 - - [24/Dec/2024:19:39:00 -0500] "POST /register/ HTTP/1.0" 200 76048 "https://misswavenigeria.com/register/" "Mozilla/5.0 (Windows NT 6.3; Win64; x64) AppleWebKit/537.36 (KHTML, like Gecko) Chrome/103.0.5060.53 Safari/537.36"
66.29.132.124 - - [24/Dec/2024:19:40:05 -0500] "POST /wp-cron.php?doing_wp_cron=1735087205.5729849338531494140625 HTTP/1.1" 200 0 "-" "WordPress/6.7.1; https://misswavenigeria.com"
165.231.182.61 - - [24/Dec/2024:19:40:05 -0500] "GET /register/ HTTP/1.0" 200 75922 "https://misswavenigeria.com/" "Mozilla/5.0 (Windows NT 6.3; Win64; x64) AppleWebKit/537.36 (KHTML, like Gecko) Chrome/103.0.5060.53 Safari/537.36"
66.29.132.124 - - [24/Dec/2024:19:40:06 -0500] "POST /wp-admin/admin-ajax.php?action=async_litespeed&nonce=rugBq2tW7TDNM2X70p7d0I24GSZ95lMK&litespeed_type=imgoptm HTTP/1.1" 200 21 "-" "WordPress/6.7.1; https://misswavenigeria.com"
51.222.253.17 - - [24/Dec/2024:19:40:08 -0500] "GET /robots.txt HTTP/1.1" 200 99 "-" "Mozilla/5.0 (compatible; AhrefsBot/7.0; +http://ahrefs.com/robot/)"
51.222.253.8 - - [24/Dec/2024:19:40:09 -0500] "GET /o_models/mary-miss-anambra/ HTTP/1.1" 200 15948 "-" "Mozilla/5.0 (compatible; AhrefsBot/7.0; +http://ahrefs.com/robot/)"
66.29.132.124 - - [24/Dec/2024:19:42:00 -0500] "POST /wp-cron.php?doing_wp_cron=1735087320.1400868892669677734375 HTTP/1.1" 200 0 "-" "WordPress/6.7.1; https://misswavenigeria.com"
165.231.182.61 - - [24/Dec/2024:19:41:58 -0500] "GET / HTTP/1.0" 200 109053 "https://misswavenigeria.com/" "Mozilla/5.0 (Windows NT 10.0; Win64; x64) AppleWebKit/537.36 (KHTML, like Gecko) Chrome/103.0.5060.114 Safari/537.36"
66.29.132.124 - - [24/Dec/2024:19:42:00 -0500] "POST /wp-admin/admin-ajax.php?action=async_litespeed&nonce=5yUbNsVbgAw8AlQqlLPkhZc0uQQiAQ9d&litespeed_type=imgoptm HTTP/1.1" 200 21 "-" "WordPress/6.7.1; https://misswavenigeria.com"
165.231.182.61 - - [24/Dec/2024:19:42:02 -0500] "GET /register/ HTTP/1.0" 200 75922 "https://misswavenigeria.com/register/" "Mozilla/5.0 (Windows NT 10.0; Win64; x64) AppleWebKit/537.36 (KHTML, like Gecko) Chrome/103.0.5060.114 Safari/537.36"
165.231.182.61 - - [24/Dec/2024:19:42:04 -0500] "POST /register/ HTTP/1.0" 200 76048 "https://misswavenigeria.com/register/" "Mozilla/5.0 (Windows NT 10.0; Win64; x64) AppleWebKit/537.36 (KHTML, like Gecko) Chrome/103.0.5060.114 Safari/537.36"
66.29.132.124 - - [24/Dec/2024:19:43:04 -0500] "POST /wp-cron.php?doing_wp_cron=1735087384.9071578979492187500000 HTTP/1.1" 200 0 "-" "WordPress/6.7.1; https://misswavenigeria.com"
165.231.182.61 - - [24/Dec/2024:19:43:04 -0500] "GET /register/ HTTP/1.0" 200 75922 "https://misswavenigeria.com/" "Mozilla/5.0 (Windows NT 10.0; Win64; x64) AppleWebKit/537.36 (KHTML, like Gecko) Chrome/103.0.5060.114 Safari/537.36"
66.29.132.124 - - [24/Dec/2024:19:43:05 -0500] "POST /wp-admin/admin-ajax.php?action=async_litespeed&nonce=gOKxPT8qpzxs5iYKME0oQn1DPVhAP4af&litespeed_type=imgoptm HTTP/1.1" 200 21 "-" "WordPress/6.7.1; https://misswavenigeria.com"
66.29.132.124 - - [24/Dec/2024:19:45:00 -0500] "POST /wp-cron.php?doing_wp_cron=1735087500.9486958980560302734375 HTTP/1.1" 200 0 "-" "WordPress/6.7.1; https://misswavenigeria.com"
165.231.182.61 - - [24/Dec/2024:19:44:59 -0500] "GET / HTTP/1.0" 200 109055 "https://misswavenigeria.com/" "Mozilla/5.0 (Windows NT 6.3; Win64; x64) AppleWebKit/537.36 (KHTML, like Gecko) Chrome/103.0.5060.114 Safari/537.36"
66.29.132.124 - - [24/Dec/2024:19:45:01 -0500] "POST /wp-admin/admin-ajax.php?action=async_litespeed&nonce=oNSsH4PHcSaaXSoScVanLrQVWf6J4lD6&litespeed_type=imgoptm HTTP/1.1" 200 21 "-" "WordPress/6.7.1; https://misswavenigeria.com"
165.231.182.61 - - [24/Dec/2024:19:45:03 -0500] "GET /register/ HTTP/1.0" 200 75922 "https://misswavenigeria.com/register/" "Mozilla/5.0 (Windows NT 6.3; Win64; x64) AppleWebKit/537.36 (KHTML, like Gecko) Chrome/103.0.5060.114 Safari/537.36"
165.231.182.61 - - [24/Dec/2024:19:45:05 -0500] "POST /register/ HTTP/1.0" 200 76048 "https://misswavenigeria.com/register/" "Mozilla/5.0 (Windows NT 6.3; Win64; x64) AppleWebKit/537.36 (KHTML, like Gecko) Chrome/103.0.5060.114 Safari/537.36"
66.29.132.124 - - [24/Dec/2024:19:46:15 -0500] "POST /wp-cron.php?doing_wp_cron=1735087575.7115929126739501953125 HTTP/1.1" 200 0 "-" "WordPress/6.7.1; https://misswavenigeria.com"
165.231.182.61 - - [24/Dec/2024:19:46:15 -0500] "GET /register/ HTTP/1.0" 200 75922 "https://misswavenigeria.com/" "Mozilla/5.0 (Windows NT 6.3; Win64; x64) AppleWebKit/537.36 (KHTML, like Gecko) Chrome/103.0.5060.114 Safari/537.36"
66.29.132.124 - - [24/Dec/2024:19:46:15 -0500] "POST /wp-admin/admin-ajax.php?action=async_litespeed&nonce=1Zex468iUTjuKktKUhXPk1oh22IN0U0X&litespeed_type=imgoptm HTTP/1.1" 200 21 "-" "WordPress/6.7.1; https://misswavenigeria.com"
66.29.132.124 - - [24/Dec/2024:19:48:04 -0500] "POST /wp-cron.php?doing_wp_cron=1735087684.6933779716491699218750 HTTP/1.1" 200 0 "-" "WordPress/6.7.1; https://misswavenigeria.com"
165.231.182.61 - - [24/Dec/2024:19:48:02 -0500] "GET / HTTP/1.0" 200 109049 "https://misswavenigeria.com/" "Mozilla/5.0 (Windows NT 6.3; WOW64) AppleWebKit/537.36 (KHTML, like Gecko) Chrome/103.0.0.0 Safari/537.36"
66.29.132.124 - - [24/Dec/2024:19:48:04 -0500] "POST /wp-admin/admin-ajax.php?action=async_litespeed&nonce=R0DF5RHTTdSE4RTGx11qJt59jqZvaZue&litespeed_type=imgoptm HTTP/1.1" 200 21 "-" "WordPress/6.7.1; https://misswavenigeria.com"
165.231.182.61 - - [24/Dec/2024:19:48:06 -0500] "GET /register/ HTTP/1.0" 200 75922 "https://misswavenigeria.com/register/" "Mozilla/5.0 (Windows NT 6.3; WOW64) AppleWebKit/537.36 (KHTML, like Gecko) Chrome/103.0.0.0 Safari/537.36"
165.231.182.61 - - [24/Dec/2024:19:48:08 -0500] "POST /register/ HTTP/1.0" 200 76048 "https://misswavenigeria.com/register/" "Mozilla/5.0 (Windows NT 6.3; WOW64) AppleWebKit/537.36 (KHTML, like Gecko) Chrome/103.0.0.0 Safari/537.36"
66.29.132.124 - - [24/Dec/2024:19:49:17 -0500] "POST /wp-cron.php?doing_wp_cron=1735087757.3647561073303222656250 HTTP/1.1" 200 0 "-" "WordPress/6.7.1; https://misswavenigeria.com"
165.231.182.61 - - [24/Dec/2024:19:49:17 -0500] "GET /register/ HTTP/1.0" 200 75922 "https://misswavenigeria.com/" "Mozilla/5.0 (Windows NT 6.3; WOW64) AppleWebKit/537.36 (KHTML, like Gecko) Chrome/103.0.0.0 Safari/537.36"
66.29.132.124 - - [24/Dec/2024:19:49:17 -0500] "POST /wp-admin/admin-ajax.php?action=async_litespeed&nonce=HexXT4HvTZ69mkCNqUTUPd7P5BCzTYwx&litespeed_type=imgoptm HTTP/1.1" 200 21 "-" "WordPress/6.7.1; https://misswavenigeria.com"
66.29.132.124 - - [24/Dec/2024:19:51:03 -0500] "POST /wp-cron.php?doing_wp_cron=1735087863.6057379245758056640625 HTTP/1.1" 200 0 "-" "WordPress/6.7.1; https://misswavenigeria.com"
165.231.182.61 - - [24/Dec/2024:19:51:02 -0500] "GET / HTTP/1.0" 200 109053 "https://misswavenigeria.com/" "Mozilla/5.0 (Windows NT 6.1) AppleWebKit/537.36 (KHTML, like Gecko) Chrome/103.0.5060.114 Safari/537.36"
66.29.132.124 - - [24/Dec/2024:19:51:03 -0500] "POST /wp-admin/admin-ajax.php?action=async_litespeed&nonce=AXaZPhkBwMjQnwrGU6X16qhNpvdbNbZ0&litespeed_type=imgoptm HTTP/1.1" 200 21 "-" "WordPress/6.7.1; https://misswavenigeria.com"
165.231.182.61 - - [24/Dec/2024:19:51:05 -0500] "GET /register/ HTTP/1.0" 200 75922 "https://misswavenigeria.com/register/" "Mozilla/5.0 (Windows NT 6.1) AppleWebKit/537.36 (KHTML, like Gecko) Chrome/103.0.5060.114 Safari/537.36"
66.29.132.124 - - [24/Dec/2024:19:51:54 -0500] "POST /wp-cron.php?doing_wp_cron=1735087914.8984920978546142578125 HTTP/1.1" 200 0 "-" "WordPress/6.7.1; https://misswavenigeria.com"
66.249.79.2 - - [24/Dec/2024:19:51:54 -0500] "GET /goods/E513712?k=product HTTP/1.1" 301 0 "-" "Mozilla/5.0 (Linux; Android 6.0.1; Nexus 5X Build/MMB29P) AppleWebKit/537.36 (KHTML, like Gecko) Chrome/131.0.6778.139 Mobile Safari/537.36 (compatible; Googlebot/2.1; +http://www.google.com/bot.html)"
66.29.132.124 - - [24/Dec/2024:19:51:55 -0500] "POST /wp-admin/admin-ajax.php?action=async_litespeed&nonce=ebKPUcuKiXAatA7kxcwBpxirzWPb6hCi&litespeed_type=imgoptm HTTP/1.1" 200 21 "-" "WordPress/6.7.1; https://misswavenigeria.com"
66.249.68.66 - - [24/Dec/2024:19:51:55 -0500] "GET /goods/E513712?k=product HTTP/1.1" 404 15612 "-" "Mozilla/5.0 (Linux; Android 6.0.1; Nexus 5X Build/MMB29P) AppleWebKit/537.36 (KHTML, like Gecko) Chrome/131.0.6778.139 Mobile Safari/537.36 (compatible; Googlebot/2.1; +http://www.google.com/bot.html)"
165.231.182.61 - - [24/Dec/2024:19:51:07 -0500] "POST /register/ HTTP/1.0" 200 76048 "https://misswavenigeria.com/register/" "Mozilla/5.0 (Windows NT 6.1) AppleWebKit/537.36 (KHTML, like Gecko) Chrome/103.0.5060.114 Safari/537.36"
66.29.132.124 - - [24/Dec/2024:19:52:30 -0500] "POST /wp-cron.php?doing_wp_cron=1735087950.6918590068817138671875 HTTP/1.1" 200 0 "-" "WordPress/6.7.1; https://misswavenigeria.com"
165.231.182.61 - - [24/Dec/2024:19:52:30 -0500] "GET /register/ HTTP/1.0" 200 75922 "https://misswavenigeria.com/" "Mozilla/5.0 (Windows NT 6.1) AppleWebKit/537.36 (KHTML, like Gecko) Chrome/103.0.5060.114 Safari/537.36"
66.29.132.124 - - [24/Dec/2024:19:54:03 -0500] "POST /wp-cron.php?doing_wp_cron=1735088043.4488260746002197265625 HTTP/1.1" 200 0 "-" "WordPress/6.7.1; https://misswavenigeria.com"
165.231.182.61 - - [24/Dec/2024:19:54:01 -0500] "GET / HTTP/1.0" 200 109055 "https://misswavenigeria.com/" "Mozilla/5.0 (Windows NT 6.1; Win64; x64) AppleWebKit/537.36 (KHTML, like Gecko) Chrome/103.0.0.0 Safari/537.36"
66.29.132.124 - - [24/Dec/2024:19:54:03 -0500] "POST /wp-admin/admin-ajax.php?action=async_litespeed&nonce=y6niAnTquAtDPc1fOhkmmNeDF6t2D7zD&litespeed_type=imgoptm HTTP/1.1" 200 21 "-" "WordPress/6.7.1; https://misswavenigeria.com"
165.231.182.61 - - [24/Dec/2024:19:54:05 -0500] "GET /register/ HTTP/1.0" 200 75922 "https://misswavenigeria.com/register/" "Mozilla/5.0 (Windows NT 6.1; Win64; x64) AppleWebKit/537.36 (KHTML, like Gecko) Chrome/103.0.0.0 Safari/537.36"
165.231.182.61 - - [24/Dec/2024:19:54:07 -0500] "POST /register/ HTTP/1.0" 200 76048 "https://misswavenigeria.com/register/" "Mozilla/5.0 (Windows NT 6.1; Win64; x64) AppleWebKit/537.36 (KHTML, like Gecko) Chrome/103.0.0.0 Safari/537.36"
66.29.132.124 - - [24/Dec/2024:19:55:26 -0500] "POST /wp-cron.php?doing_wp_cron=1735088126.2472820281982421875000 HTTP/1.1" 200 0 "-" "WordPress/6.7.1; https://misswavenigeria.com"
165.231.182.61 - - [24/Dec/2024:19:55:26 -0500] "GET /register/ HTTP/1.0" 200 75922 "https://misswavenigeria.com/" "Mozilla/5.0 (Windows NT 6.1; Win64; x64) AppleWebKit/537.36 (KHTML, like Gecko) Chrome/103.0.0.0 Safari/537.36"
66.29.132.124 - - [24/Dec/2024:19:55:26 -0500] "POST /wp-admin/admin-ajax.php?action=async_litespeed&nonce=XLDopY7Ul472uZtVbvusL0Q61lTPCN9B&litespeed_type=imgoptm HTTP/1.1" 200 21 "-" "WordPress/6.7.1; https://misswavenigeria.com"
66.29.132.124 - - [24/Dec/2024:19:57:08 -0500] "POST /wp-cron.php?doing_wp_cron=1735088228.0294818878173828125000 HTTP/1.1" 200 0 "-" "WordPress/6.7.1; https://misswavenigeria.com"
165.231.182.61 - - [24/Dec/2024:19:57:06 -0500] "GET / HTTP/1.0" 200 109051 "https://misswavenigeria.com/" "Mozilla/5.0 (Windows NT 6.1; Win64; x64) AppleWebKit/537.36 (KHTML, like Gecko) Chrome/103.0.0.0 Safari/537.36"
66.29.132.124 - - [24/Dec/2024:19:57:08 -0500] "POST /wp-admin/admin-ajax.php?action=async_litespeed&nonce=z6F21wvdcTG3XAC5llxKlnbFZQhZzIVv&litespeed_type=imgoptm HTTP/1.1" 200 21 "-" "WordPress/6.7.1; https://misswavenigeria.com"
165.231.182.61 - - [24/Dec/2024:19:57:10 -0500] "GET /register/ HTTP/1.0" 200 75922 "https://misswavenigeria.com/register/" "Mozilla/5.0 (Windows NT 6.1; Win64; x64) AppleWebKit/537.36 (KHTML, like Gecko) Chrome/103.0.0.0 Safari/537.36"
165.231.182.61 - - [24/Dec/2024:19:57:11 -0500] "POST /register/ HTTP/1.0" 200 76048 "https://misswavenigeria.com/register/" "Mozilla/5.0 (Windows NT 6.1; Win64; x64) AppleWebKit/537.36 (KHTML, like Gecko) Chrome/103.0.0.0 Safari/537.36"
66.29.132.124 - - [24/Dec/2024:19:58:34 -0500] "POST /wp-cron.php?doing_wp_cron=1735088314.8991670608520507812500 HTTP/1.1" 200 0 "-" "WordPress/6.7.1; https://misswavenigeria.com"
165.231.182.61 - - [24/Dec/2024:19:58:34 -0500] "GET /register/ HTTP/1.0" 200 75922 "https://misswavenigeria.com/" "Mozilla/5.0 (Windows NT 6.1; Win64; x64) AppleWebKit/537.36 (KHTML, like Gecko) Chrome/103.0.0.0 Safari/537.36"
66.29.132.124 - - [24/Dec/2024:19:58:35 -0500] "POST /wp-admin/admin-ajax.php?action=async_litespeed&nonce=ogH5xbjgQAzsSA0PKFScREp6YcWX8ZAh&litespeed_type=imgoptm HTTP/1.1" 200 21 "-" "WordPress/6.7.1; https://misswavenigeria.com"
66.29.132.124 - - [24/Dec/2024:20:00:13 -0500] "POST /wp-cron.php?doing_wp_cron=1735088413.0176479816436767578125 HTTP/1.1" 200 0 "-" "WordPress/6.7.1; https://misswavenigeria.com"
165.231.182.61 - - [24/Dec/2024:20:00:10 -0500] "GET / HTTP/1.0" 200 109053 "https://misswavenigeria.com/" "Mozilla/5.0 (Windows NT 6.2; Win64; x64) AppleWebKit/537.36 (KHTML, like Gecko) Chrome/103.0.0.0 Safari/537.36"
66.29.132.124 - - [24/Dec/2024:20:00:14 -0500] "POST /wp-admin/admin-ajax.php?action=async_litespeed&nonce=RWzHT5iN0gilgaynH3lxSVghOhgd8Vle&litespeed_type=imgoptm HTTP/1.1" 200 0 "-" "WordPress/6.7.1; https://misswavenigeria.com"
165.231.182.61 - - [24/Dec/2024:20:00:16 -0500] "GET /register/ HTTP/1.0" 200 75922 "https://misswavenigeria.com/register/" "Mozilla/5.0 (Windows NT 6.2; Win64; x64) AppleWebKit/537.36 (KHTML, like Gecko) Chrome/103.0.0.0 Safari/537.36"
47.128.20.248 - - [24/Dec/2024:20:01:19 -0500] "GET /wp-includes/Text/Diff/Engine/xdiff.php HTTP/1.1" 200 0 "-" "Mozilla/5.0 (Linux; Android 5.0) AppleWebKit/537.36 (KHTML, like Gecko) Mobile Safari/537.36 (compatible; Bytespider; spider-feedback@bytedance.com)"
165.231.182.61 - - [24/Dec/2024:20:00:18 -0500] "POST /register/ HTTP/1.0" 200 76048 "https://misswavenigeria.com/register/" "Mozilla/5.0 (Windows NT 6.2; Win64; x64) AppleWebKit/537.36 (KHTML, like Gecko) Chrome/103.0.0.0 Safari/537.36"
66.29.132.124 - - [24/Dec/2024:20:01:38 -0500] "POST /wp-cron.php?doing_wp_cron=1735088498.5019569396972656250000 HTTP/1.1" 200 0 "-" "WordPress/6.7.1; https://misswavenigeria.com"
165.231.182.61 - - [24/Dec/2024:20:01:38 -0500] "GET /register/ HTTP/1.0" 200 75922 "https://misswavenigeria.com/" "Mozilla/5.0 (Windows NT 6.2; Win64; x64) AppleWebKit/537.36 (KHTML, like Gecko) Chrome/103.0.0.0 Safari/537.36"
66.29.132.124 - - [24/Dec/2024:20:01:38 -0500] "POST /wp-admin/admin-ajax.php?action=async_litespeed&nonce=lkME2jzdDl0Re1MlyWM3Qb6NZvVS8Aez&litespeed_type=imgoptm HTTP/1.1" 200 21 "-" "WordPress/6.7.1; https://misswavenigeria.com"
66.29.132.124 - - [24/Dec/2024:20:03:22 -0500] "POST /wp-cron.php?doing_wp_cron=1735088602.0749220848083496093750 HTTP/1.1" 200 0 "-" "WordPress/6.7.1; https://misswavenigeria.com"
165.231.182.61 - - [24/Dec/2024:20:03:20 -0500] "GET / HTTP/1.0" 200 109055 "https://misswavenigeria.com/" "Mozilla/5.0 (Windows NT 6.3; Win64; x64) AppleWebKit/537.36 (KHTML, like Gecko) Chrome/103.0.5060.66 Safari/537.36"
66.29.132.124 - - [24/Dec/2024:20:03:22 -0500] "POST /wp-admin/admin-ajax.php?action=async_litespeed&nonce=ej1aZMxAnzESjLC9ISbZ5FNpCF9TI2vs&litespeed_type=imgoptm HTTP/1.1" 200 21 "-" "WordPress/6.7.1; https://misswavenigeria.com"
165.231.182.61 - - [24/Dec/2024:20:03:24 -0500] "GET /register/ HTTP/1.0" 200 75922 "https://misswavenigeria.com/register/" "Mozilla/5.0 (Windows NT 6.3; Win64; x64) AppleWebKit/537.36 (KHTML, like Gecko) Chrome/103.0.5060.66 Safari/537.36"
66.29.132.124 - - [24/Dec/2024:20:03:26 -0500] "POST /wp-cron.php?doing_wp_cron=1735088606.2671511173248291015625 HTTP/1.1" 200 0 "-" "WordPress/6.7.1; https://misswavenigeria.com"
165.231.182.61 - - [24/Dec/2024:20:03:26 -0500] "POST /register/ HTTP/1.0" 200 76048 "https://misswavenigeria.com/register/" "Mozilla/5.0 (Windows NT 6.3; Win64; x64) AppleWebKit/537.36 (KHTML, like Gecko) Chrome/103.0.5060.66 Safari/537.36"
66.29.132.124 - - [24/Dec/2024:20:04:46 -0500] "POST /wp-cron.php?doing_wp_cron=1735088686.5926959514617919921875 HTTP/1.1" 200 0 "-" "WordPress/6.7.1; https://misswavenigeria.com"
165.231.182.61 - - [24/Dec/2024:20:04:46 -0500] "GET /register/ HTTP/1.0" 200 75922 "https://misswavenigeria.com/" "Mozilla/5.0 (Windows NT 6.3; Win64; x64) AppleWebKit/537.36 (KHTML, like Gecko) Chrome/103.0.5060.66 Safari/537.36"
66.29.132.124 - - [24/Dec/2024:20:04:46 -0500] "POST /wp-admin/admin-ajax.php?action=async_litespeed&nonce=rb3A6EZPCnTiBf7LEq2JDaNnjVEbxItJ&litespeed_type=imgoptm HTTP/1.1" 200 21 "-" "WordPress/6.7.1; https://misswavenigeria.com"
47.128.30.6 - - [24/Dec/2024:20:05:19 -0500] "GET /wp-includes/sodium_compat/src/Core/Salsa20.php HTTP/1.1" 500 0 "-" "Mozilla/5.0 (Linux; Android 5.0) AppleWebKit/537.36 (KHTML, like Gecko) Mobile Safari/537.36 (compatible; Bytespider; spider-feedback@bytedance.com)"
66.29.132.124 - - [24/Dec/2024:20:06:20 -0500] "POST /wp-cron.php?doing_wp_cron=1735088780.0606009960174560546875 HTTP/1.1" 200 0 "-" "WordPress/6.7.1; https://misswavenigeria.com"
165.231.182.61 - - [24/Dec/2024:20:06:19 -0500] "GET / HTTP/1.0" 200 109053 "https://misswavenigeria.com/" "Mozilla/5.0 (Windows NT 10.0) AppleWebKit/537.36 (KHTML, like Gecko) Chrome/103.0.0.0 Safari/537.36"
66.29.132.124 - - [24/Dec/2024:20:06:20 -0500] "POST /wp-admin/admin-ajax.php?action=async_litespeed&nonce=tMZEPXGIpemH4UJhaAhHW9OlYsqjvuGY&litespeed_type=imgoptm HTTP/1.1" 200 21 "-" "WordPress/6.7.1; https://misswavenigeria.com"
165.231.182.61 - - [24/Dec/2024:20:06:22 -0500] "GET /register/ HTTP/1.0" 200 75922 "https://misswavenigeria.com/register/" "Mozilla/5.0 (Windows NT 10.0) AppleWebKit/537.36 (KHTML, like Gecko) Chrome/103.0.0.0 Safari/537.36"
165.231.182.61 - - [24/Dec/2024:20:06:24 -0500] "POST /register/ HTTP/1.0" 200 76048 "https://misswavenigeria.com/register/" "Mozilla/5.0 (Windows NT 10.0) AppleWebKit/537.36 (KHTML, like Gecko) Chrome/103.0.0.0 Safari/537.36"
66.29.132.124 - - [24/Dec/2024:20:07:46 -0500] "POST /wp-cron.php?doing_wp_cron=1735088866.2361879348754882812500 HTTP/1.1" 200 0 "-" "WordPress/6.7.1; https://misswavenigeria.com"
165.231.182.61 - - [24/Dec/2024:20:07:46 -0500] "GET /register/ HTTP/1.0" 200 75922 "https://misswavenigeria.com/" "Mozilla/5.0 (Windows NT 10.0) AppleWebKit/537.36 (KHTML, like Gecko) Chrome/103.0.0.0 Safari/537.36"
66.29.132.124 - - [24/Dec/2024:20:07:46 -0500] "POST /wp-admin/admin-ajax.php?action=async_litespeed&nonce=lOcXnUhup0COYLDD7OhemqwklTrrVbNQ&litespeed_type=imgoptm HTTP/1.1" 200 21 "-" "WordPress/6.7.1; https://misswavenigeria.com"
47.128.36.48 - - [24/Dec/2024:20:09:19 -0500] "GET /wp-includes/theme.php HTTP/1.1" 200 0 "-" "Mozilla/5.0 (Linux; Android 5.0) AppleWebKit/537.36 (KHTML, like Gecko) Mobile Safari/537.36 (compatible; Bytespider; spider-feedback@bytedance.com)"
66.29.132.124 - - [24/Dec/2024:20:09:24 -0500] "POST /wp-cron.php?doing_wp_cron=1735088964.3672859668731689453125 HTTP/1.1" 200 0 "-" "WordPress/6.7.1; https://misswavenigeria.com"
165.231.182.61 - - [24/Dec/2024:20:09:22 -0500] "GET / HTTP/1.0" 200 109053 "https://misswavenigeria.com/" "Mozilla/5.0 (Windows NT 6.1) AppleWebKit/537.36 (KHTML, like Gecko) Chrome/103.0.0.0 Safari/537.36"
66.29.132.124 - - [24/Dec/2024:20:09:24 -0500] "POST /wp-admin/admin-ajax.php?action=async_litespeed&nonce=QKipPicSypJKRha0jKzUhBgOG3vfhd5E&litespeed_type=imgoptm HTTP/1.1" 200 21 "-" "WordPress/6.7.1; https://misswavenigeria.com"
165.231.182.61 - - [24/Dec/2024:20:09:26 -0500] "GET /register/ HTTP/1.0" 200 75922 "https://misswavenigeria.com/register/" "Mozilla/5.0 (Windows NT 6.1) AppleWebKit/537.36 (KHTML, like Gecko) Chrome/103.0.0.0 Safari/537.36"
66.29.132.124 - - [24/Dec/2024:20:09:28 -0500] "POST /wp-cron.php?doing_wp_cron=1735088968.5982720851898193359375 HTTP/1.1" 200 0 "-" "WordPress/6.7.1; https://misswavenigeria.com"
165.231.182.61 - - [24/Dec/2024:20:09:28 -0500] "POST /register/ HTTP/1.0" 200 76048 "https://misswavenigeria.com/register/" "Mozilla/5.0 (Windows NT 6.1) AppleWebKit/537.36 (KHTML, like Gecko) Chrome/103.0.0.0 Safari/537.36"
66.29.132.124 - - [24/Dec/2024:20:10:41 -0500] "POST /wp-cron.php?doing_wp_cron=1735089041.9084250926971435546875 HTTP/1.1" 200 0 "-" "WordPress/6.7.1; https://misswavenigeria.com"
165.231.182.61 - - [24/Dec/2024:20:10:41 -0500] "GET /register/ HTTP/1.0" 200 75922 "https://misswavenigeria.com/" "Mozilla/5.0 (Windows NT 6.1) AppleWebKit/537.36 (KHTML, like Gecko) Chrome/103.0.0.0 Safari/537.36"
66.29.132.124 - - [24/Dec/2024:20:10:42 -0500] "POST /wp-admin/admin-ajax.php?action=async_litespeed&nonce=wWKIaFtnPrgo9U3RX95iYw5pD2CxNqkQ&litespeed_type=imgoptm HTTP/1.1" 200 21 "-" "WordPress/6.7.1; https://misswavenigeria.com"
66.29.132.124 - - [24/Dec/2024:20:12:27 -0500] "POST /wp-cron.php?doing_wp_cron=1735089147.8281979560852050781250 HTTP/1.1" 200 0 "-" "WordPress/6.7.1; https://misswavenigeria.com"
165.231.182.61 - - [24/Dec/2024:20:12:26 -0500] "GET / HTTP/1.0" 200 109051 "https://misswavenigeria.com/" "Mozilla/5.0 (Windows NT 10.0; Win64; x64) AppleWebKit/537.36 (KHTML, like Gecko) Chrome/103.0.0.0 Safari/537.36 OpenWave/97.4.2043.44"
66.29.132.124 - - [24/Dec/2024:20:12:28 -0500] "POST /wp-admin/admin-ajax.php?action=async_litespeed&nonce=taktbIjPnlAHGgUCw7NPyEeb5Qrwx0yu&litespeed_type=imgoptm HTTP/1.1" 200 21 "-" "WordPress/6.7.1; https://misswavenigeria.com"
