66.249.68.66 - - [24/Dec/2024:17:52:51 -0500] "GET /goods/E231430?k=product HTTP/1.1" 404 15612 "-" "Mozilla/5.0 (Linux; Android 6.0.1; Nexus 5X Build/MMB29P) AppleWebKit/537.36 (KHTML, like Gecko) Chrome/131.0.6778.139 Mobile Safari/537.36 (compatible; Googlebot/2.1; +http://www.google.com/bot.html)"
66.249.79.2 - - [24/Dec/2024:17:52:54 -0500] "GET /goods/Y483156?k=product HTTP/1.1" 301 0 "-" "Mozilla/5.0 (Linux; Android 6.0.1; Nexus 5X Build/MMB29P) AppleWebKit/537.36 (KHTML, like Gecko) Chrome/131.0.6778.139 Mobile Safari/537.36 (compatible; Googlebot/2.1; +http://www.google.com/bot.html)"
66.249.68.67 - - [24/Dec/2024:17:52:54 -0500] "GET /goods/Y483156?k=product HTTP/1.1" 404 15610 "-" "Mozilla/5.0 (Linux; Android 6.0.1; Nexus 5X Build/MMB29P) AppleWebKit/537.36 (KHTML, like Gecko) Chrome/131.0.6778.139 Mobile Safari/537.36 (compatible; Googlebot/2.1; +http://www.google.com/bot.html)"
66.249.79.2 - - [24/Dec/2024:17:52:57 -0500] "GET /goods/B280099?k=product HTTP/1.1" 301 0 "-" "Mozilla/5.0 (Linux; Android 6.0.1; Nexus 5X Build/MMB29P) AppleWebKit/537.36 (KHTML, like Gecko) Chrome/131.0.6778.139 Mobile Safari/537.36 (compatible; Googlebot/2.1; +http://www.google.com/bot.html)"
66.249.68.67 - - [24/Dec/2024:17:52:57 -0500] "GET /goods/B280099?k=product HTTP/1.1" 404 15611 "-" "Mozilla/5.0 (Linux; Android 6.0.1; Nexus 5X Build/MMB29P) AppleWebKit/537.36 (KHTML, like Gecko) Chrome/131.0.6778.139 Mobile Safari/537.36 (compatible; Googlebot/2.1; +http://www.google.com/bot.html)"
66.249.79.2 - - [24/Dec/2024:17:53:00 -0500] "GET /goods/C920012?k=product HTTP/1.1" 301 0 "-" "Mozilla/5.0 (Linux; Android 6.0.1; Nexus 5X Build/MMB29P) AppleWebKit/537.36 (KHTML, like Gecko) Chrome/131.0.6778.139 Mobile Safari/537.36 (compatible; Googlebot/2.1; +http://www.google.com/bot.html)"
66.249.68.66 - - [24/Dec/2024:17:53:00 -0500] "GET /goods/C920012?k=product HTTP/1.1" 404 15610 "-" "Mozilla/5.0 (Linux; Android 6.0.1; Nexus 5X Build/MMB29P) AppleWebKit/537.36 (KHTML, like Gecko) Chrome/131.0.6778.139 Mobile Safari/537.36 (compatible; Googlebot/2.1; +http://www.google.com/bot.html)"
66.249.79.2 - - [24/Dec/2024:17:53:02 -0500] "GET /goods/O108564?k=product HTTP/1.1" 301 0 "-" "Mozilla/5.0 (Linux; Android 6.0.1; Nexus 5X Build/MMB29P) AppleWebKit/537.36 (KHTML, like Gecko) Chrome/131.0.6778.139 Mobile Safari/537.36 (compatible; Googlebot/2.1; +http://www.google.com/bot.html)"
66.249.68.67 - - [24/Dec/2024:17:53:02 -0500] "GET /goods/O108564?k=product HTTP/1.1" 404 15610 "-" "Mozilla/5.0 (Linux; Android 6.0.1; Nexus 5X Build/MMB29P) AppleWebKit/537.36 (KHTML, like Gecko) Chrome/131.0.6778.139 Mobile Safari/537.36 (compatible; Googlebot/2.1; +http://www.google.com/bot.html)"
66.249.79.2 - - [24/Dec/2024:17:53:04 -0500] "GET /goods/A4472?k=product HTTP/1.1" 301 0 "-" "Mozilla/5.0 (Linux; Android 6.0.1; Nexus 5X Build/MMB29P) AppleWebKit/537.36 (KHTML, like Gecko) Chrome/131.0.6778.139 Mobile Safari/537.36 (compatible; Googlebot/2.1; +http://www.google.com/bot.html)"
66.249.68.66 - - [24/Dec/2024:17:53:05 -0500] "GET /goods/A4472?k=product HTTP/1.1" 404 15610 "-" "Mozilla/5.0 (Linux; Android 6.0.1; Nexus 5X Build/MMB29P) AppleWebKit/537.36 (KHTML, like Gecko) Chrome/131.0.6778.139 Mobile Safari/537.36 (compatible; Googlebot/2.1; +http://www.google.com/bot.html)"
66.249.68.66 - - [24/Dec/2024:17:53:08 -0500] "GET /goods/14742.html HTTP/1.1" 404 15610 "-" "Mozilla/5.0 (Linux; Android 6.0.1; Nexus 5X Build/MMB29P) AppleWebKit/537.36 (KHTML, like Gecko) Chrome/131.0.6778.139 Mobile Safari/537.36 (compatible; Googlebot/2.1; +http://www.google.com/bot.html)"
66.249.79.2 - - [24/Dec/2024:17:53:09 -0500] "GET /goods/Y992548?k=product HTTP/1.1" 301 0 "-" "Mozilla/5.0 (Linux; Android 6.0.1; Nexus 5X Build/MMB29P) AppleWebKit/537.36 (KHTML, like Gecko) Chrome/131.0.6778.139 Mobile Safari/537.36 (compatible; Googlebot/2.1; +http://www.google.com/bot.html)"
66.249.68.66 - - [24/Dec/2024:17:53:09 -0500] "GET /goods/Y992548?k=product HTTP/1.1" 404 15610 "-" "Mozilla/5.0 (Linux; Android 6.0.1; Nexus 5X Build/MMB29P) AppleWebKit/537.36 (KHTML, like Gecko) Chrome/131.0.6778.139 Mobile Safari/537.36 (compatible; Googlebot/2.1; +http://www.google.com/bot.html)"
66.249.68.66 - - [24/Dec/2024:17:53:10 -0500] "GET /guide/ART HTTP/1.1" 404 15610 "-" "Mozilla/5.0 (Linux; Android 6.0.1; Nexus 5X Build/MMB29P) AppleWebKit/537.36 (KHTML, like Gecko) Chrome/131.0.6778.139 Mobile Safari/537.36 (compatible; Googlebot/2.1; +http://www.google.com/bot.html)"
66.249.68.66 - - [24/Dec/2024:17:53:11 -0500] "GET /goods/550553.html HTTP/1.1" 404 15610 "-" "Mozilla/5.0 (Linux; Android 6.0.1; Nexus 5X Build/MMB29P) AppleWebKit/537.36 (KHTML, like Gecko) Chrome/131.0.6778.139 Mobile Safari/537.36 (compatible; Googlebot/2.1; +http://www.google.com/bot.html)"
66.249.68.66 - - [24/Dec/2024:17:53:13 -0500] "GET /goods/314286.html HTTP/1.1" 404 15610 "-" "Mozilla/5.0 (Linux; Android 6.0.1; Nexus 5X Build/MMB29P) AppleWebKit/537.36 (KHTML, like Gecko) Chrome/131.0.6778.139 Mobile Safari/537.36 (compatible; Googlebot/2.1; +http://www.google.com/bot.html)"
66.249.68.66 - - [24/Dec/2024:17:53:17 -0500] "GET /goods/776415.html HTTP/1.1" 404 15611 "-" "Mozilla/5.0 (Linux; Android 6.0.1; Nexus 5X Build/MMB29P) AppleWebKit/537.36 (KHTML, like Gecko) Chrome/131.0.6778.139 Mobile Safari/537.36 (compatible; Googlebot/2.1; +http://www.google.com/bot.html)"
66.249.79.2 - - [24/Dec/2024:17:53:19 -0500] "GET /goods/I442294?k=product HTTP/1.1" 301 0 "-" "Mozilla/5.0 (Linux; Android 6.0.1; Nexus 5X Build/MMB29P) AppleWebKit/537.36 (KHTML, like Gecko) Chrome/131.0.6778.139 Mobile Safari/537.36 (compatible; Googlebot/2.1; +http://www.google.com/bot.html)"
66.249.68.66 - - [24/Dec/2024:17:53:19 -0500] "GET /goods/I442294?k=product HTTP/1.1" 404 15610 "-" "Mozilla/5.0 (Linux; Android 6.0.1; Nexus 5X Build/MMB29P) AppleWebKit/537.36 (KHTML, like Gecko) Chrome/131.0.6778.139 Mobile Safari/537.36 (compatible; Googlebot/2.1; +http://www.google.com/bot.html)"
66.249.79.2 - - [24/Dec/2024:17:53:21 -0500] "GET /goods/D895547?k=product HTTP/1.1" 301 0 "-" "Mozilla/5.0 (Linux; Android 6.0.1; Nexus 5X Build/MMB29P) AppleWebKit/537.36 (KHTML, like Gecko) Chrome/131.0.6778.139 Mobile Safari/537.36 (compatible; Googlebot/2.1; +http://www.google.com/bot.html)"
66.249.68.66 - - [24/Dec/2024:17:53:21 -0500] "GET /goods/D895547?k=product HTTP/1.1" 404 15610 "-" "Mozilla/5.0 (Linux; Android 6.0.1; Nexus 5X Build/MMB29P) AppleWebKit/537.36 (KHTML, like Gecko) Chrome/131.0.6778.139 Mobile Safari/537.36 (compatible; Googlebot/2.1; +http://www.google.com/bot.html)"
66.249.79.2 - - [24/Dec/2024:17:53:21 -0500] "GET /goods/W616274?k=product HTTP/1.1" 301 0 "-" "Mozilla/5.0 (Linux; Android 6.0.1; Nexus 5X Build/MMB29P) AppleWebKit/537.36 (KHTML, like Gecko) Chrome/131.0.6778.139 Mobile Safari/537.36 (compatible; Googlebot/2.1; +http://www.google.com/bot.html)"
66.249.68.66 - - [24/Dec/2024:17:53:22 -0500] "GET /goods/W616274?k=product HTTP/1.1" 404 15610 "-" "Mozilla/5.0 (Linux; Android 6.0.1; Nexus 5X Build/MMB29P) AppleWebKit/537.36 (KHTML, like Gecko) Chrome/131.0.6778.139 Mobile Safari/537.36 (compatible; Googlebot/2.1; +http://www.google.com/bot.html)"
165.231.182.61 - - [24/Dec/2024:17:52:47 -0500] "POST /register/ HTTP/1.0" 200 76048 "https://misswavenigeria.com/register/" "Mozilla/5.0 (Windows NT 6.1; Win64; x64) AppleWebKit/537.36 (KHTML, like Gecko) Chrome/103.0.5060.114 Safari/537.36"
66.29.132.124 - - [24/Dec/2024:17:53:54 -0500] "POST /wp-cron.php?doing_wp_cron=1735080834.5166430473327636718750 HTTP/1.1" 200 0 "-" "WordPress/6.7.1; https://misswavenigeria.com"
165.231.182.61 - - [24/Dec/2024:17:53:54 -0500] "GET /register/ HTTP/1.0" 200 75922 "https://misswavenigeria.com/" "Mozilla/5.0 (Windows NT 6.1; Win64; x64) AppleWebKit/537.36 (KHTML, like Gecko) Chrome/103.0.5060.114 Safari/537.36"
66.29.132.124 - - [24/Dec/2024:17:53:54 -0500] "POST /wp-admin/admin-ajax.php?action=async_litespeed&nonce=1FIFRKQyefgxk5xlbUM2Pm0iEGgns2QV&litespeed_type=imgoptm HTTP/1.1" 200 21 "-" "WordPress/6.7.1; https://misswavenigeria.com"
66.29.132.124 - - [24/Dec/2024:17:55:43 -0500] "POST /wp-cron.php?doing_wp_cron=1735080943.8542399406433105468750 HTTP/1.1" 200 0 "-" "WordPress/6.7.1; https://misswavenigeria.com"
165.231.182.61 - - [24/Dec/2024:17:55:42 -0500] "GET / HTTP/1.0" 200 109055 "https://misswavenigeria.com/" "Mozilla/5.0 (Windows NT 6.1; Win64; x64) AppleWebKit/537.36 (KHTML, like Gecko) Chrome/103.0.0.0 Safari/537.36"
66.29.132.124 - - [24/Dec/2024:17:55:44 -0500] "POST /wp-admin/admin-ajax.php?action=async_litespeed&nonce=zLzVaqshNqcwZAEFv48akvwd2QAzePrF&litespeed_type=imgoptm HTTP/1.1" 200 21 "-" "WordPress/6.7.1; https://misswavenigeria.com"
165.231.182.61 - - [24/Dec/2024:17:55:46 -0500] "GET /register/ HTTP/1.0" 200 75922 "https://misswavenigeria.com/register/" "Mozilla/5.0 (Windows NT 6.1; Win64; x64) AppleWebKit/537.36 (KHTML, like Gecko) Chrome/103.0.0.0 Safari/537.36"
165.231.182.61 - - [24/Dec/2024:17:55:47 -0500] "POST /register/ HTTP/1.0" 200 76048 "https://misswavenigeria.com/register/" "Mozilla/5.0 (Windows NT 6.1; Win64; x64) AppleWebKit/537.36 (KHTML, like Gecko) Chrome/103.0.0.0 Safari/537.36"
66.29.132.124 - - [24/Dec/2024:17:57:17 -0500] "POST /wp-cron.php?doing_wp_cron=1735081037.5107638835906982421875 HTTP/1.1" 200 0 "-" "WordPress/6.7.1; https://misswavenigeria.com"
165.231.182.61 - - [24/Dec/2024:17:57:17 -0500] "GET /register/ HTTP/1.0" 200 75922 "https://misswavenigeria.com/" "Mozilla/5.0 (Windows NT 6.1; Win64; x64) AppleWebKit/537.36 (KHTML, like Gecko) Chrome/103.0.0.0 Safari/537.36"
66.29.132.124 - - [24/Dec/2024:17:57:17 -0500] "POST /wp-admin/admin-ajax.php?action=async_litespeed&nonce=62v8M5m7OLL9rOzI1ZDVJTYl9TAPdrEk&litespeed_type=imgoptm HTTP/1.1" 200 21 "-" "WordPress/6.7.1; https://misswavenigeria.com"
66.29.132.124 - - [24/Dec/2024:17:58:43 -0500] "POST /wp-cron.php?doing_wp_cron=1735081123.0303010940551757812500 HTTP/1.1" 200 0 "-" "WordPress/6.7.1; https://misswavenigeria.com"
165.231.182.61 - - [24/Dec/2024:17:58:41 -0500] "GET / HTTP/1.0" 200 109055 "https://misswavenigeria.com/" "Mozilla/5.0 (Windows NT 10.0; WOW64) AppleWebKit/537.36 (KHTML, like Gecko) Chrome/103.0.0.0 Safari/537.36"
66.29.132.124 - - [24/Dec/2024:17:58:43 -0500] "POST /wp-admin/admin-ajax.php?action=async_litespeed&nonce=RU6uqAvv3onE0mrPLaZhgYtUFs6efnKk&litespeed_type=imgoptm HTTP/1.1" 200 21 "-" "WordPress/6.7.1; https://misswavenigeria.com"
165.231.182.61 - - [24/Dec/2024:17:58:45 -0500] "GET /register/ HTTP/1.0" 200 75922 "https://misswavenigeria.com/register/" "Mozilla/5.0 (Windows NT 10.0; WOW64) AppleWebKit/537.36 (KHTML, like Gecko) Chrome/103.0.0.0 Safari/537.36"
165.231.182.61 - - [24/Dec/2024:17:58:46 -0500] "POST /register/ HTTP/1.0" 200 76048 "https://misswavenigeria.com/register/" "Mozilla/5.0 (Windows NT 10.0; WOW64) AppleWebKit/537.36 (KHTML, like Gecko) Chrome/103.0.0.0 Safari/537.36"
66.29.132.124 - - [24/Dec/2024:18:00:02 -0500] "POST /wp-cron.php?doing_wp_cron=1735081202.8408830165863037109375 HTTP/1.1" 200 0 "-" "WordPress/6.7.1; https://misswavenigeria.com"
165.231.182.61 - - [24/Dec/2024:18:00:02 -0500] "GET /register/ HTTP/1.0" 200 75922 "https://misswavenigeria.com/" "Mozilla/5.0 (Windows NT 10.0; WOW64) AppleWebKit/537.36 (KHTML, like Gecko) Chrome/103.0.0.0 Safari/537.36"
66.29.132.124 - - [24/Dec/2024:18:00:03 -0500] "POST /wp-admin/admin-ajax.php?action=async_litespeed&nonce=gUUyf9ZfbsApynj1X4so3Ycp23IR7ls2&litespeed_type=imgoptm HTTP/1.1" 200 21 "-" "WordPress/6.7.1; https://misswavenigeria.com"
66.29.132.124 - - [24/Dec/2024:18:01:50 -0500] "POST /wp-cron.php?doing_wp_cron=1735081310.9248480796813964843750 HTTP/1.1" 200 0 "-" "WordPress/6.7.1; https://misswavenigeria.com"
165.231.182.61 - - [24/Dec/2024:18:01:49 -0500] "GET / HTTP/1.0" 200 109053 "https://misswavenigeria.com/" "Mozilla/5.0 (Windows NT 10.0; Win64; x64) AppleWebKit/537.36 (KHTML, like Gecko) Chrome/103.0.0.0 Safari/537.36 OpenWave/97.4.2043.44"
66.29.132.124 - - [24/Dec/2024:18:01:51 -0500] "POST /wp-admin/admin-ajax.php?action=async_litespeed&nonce=A8S8wXTqYJruAwx47UYJbepI4hldq9t4&litespeed_type=imgoptm HTTP/1.1" 200 21 "-" "WordPress/6.7.1; https://misswavenigeria.com"
165.231.182.61 - - [24/Dec/2024:18:01:53 -0500] "GET /register/ HTTP/1.0" 200 75922 "https://misswavenigeria.com/register/" "Mozilla/5.0 (Windows NT 10.0; Win64; x64) AppleWebKit/537.36 (KHTML, like Gecko) Chrome/103.0.0.0 Safari/537.36 OpenWave/97.4.2043.44"
165.231.182.61 - - [24/Dec/2024:18:01:54 -0500] "POST /register/ HTTP/1.0" 200 76048 "https://misswavenigeria.com/register/" "Mozilla/5.0 (Windows NT 10.0; Win64; x64) AppleWebKit/537.36 (KHTML, like Gecko) Chrome/103.0.0.0 Safari/537.36 OpenWave/97.4.2043.44"
66.29.132.124 - - [24/Dec/2024:18:03:08 -0500] "POST /wp-cron.php?doing_wp_cron=1735081388.0848131179809570312500 HTTP/1.1" 200 0 "-" "WordPress/6.7.1; https://misswavenigeria.com"
165.231.182.61 - - [24/Dec/2024:18:03:07 -0500] "GET /register/ HTTP/1.0" 200 75922 "https://misswavenigeria.com/" "Mozilla/5.0 (Windows NT 10.0; Win64; x64) AppleWebKit/537.36 (KHTML, like Gecko) Chrome/103.0.0.0 Safari/537.36 OpenWave/97.4.2043.44"
66.29.132.124 - - [24/Dec/2024:18:03:08 -0500] "POST /wp-admin/admin-ajax.php?action=async_litespeed&nonce=WAzvgMiCWEIIdTQaU2JZY054Dy38gWZS&litespeed_type=imgoptm HTTP/1.1" 200 21 "-" "WordPress/6.7.1; https://misswavenigeria.com"
66.29.132.124 - - [24/Dec/2024:18:04:04 -0500] "POST /wp-cron.php?doing_wp_cron=1735081444.0953309535980224609375 HTTP/1.1" 200 0 "-" "WordPress/6.7.1; https://misswavenigeria.com"
192.3.53.238 - - [24/Dec/2024:18:04:03 -0500] "GET /contact/ HTTP/1.1" 200 17553 "-" "Mozilla/5.0 (Macintosh; Intel Mac OS X 12.5; rv:114.0) Gecko/20100101 Firefox/114.0"
66.29.132.124 - - [24/Dec/2024:18:04:04 -0500] "POST /wp-admin/admin-ajax.php?action=async_litespeed&nonce=5SE13MK89yyUOXiyDzhLmXiOAT7dSRKn&litespeed_type=imgoptm HTTP/1.1" 200 21 "-" "WordPress/6.7.1; https://misswavenigeria.com"
192.3.53.238 - - [24/Dec/2024:18:04:05 -0500] "GET /wp-content/plugins/contact-form-7/includes/js/index.js?ver=6.0.2 HTTP/1.1" 200 4008 "https://misswavenigeria.com/contact/" "Mozilla/5.0 (Macintosh; Intel Mac OS X 12.5; rv:114.0) Gecko/20100101 Firefox/114.0"
192.3.53.238 - - [24/Dec/2024:18:04:06 -0500] "POST /wp-json/contact-form-7/v1/contact-forms/249/feedback HTTP/1.1" 200 220 "https://misswavenigeria.com/contact/" "Mozilla/5.0 (Macintosh; Intel Mac OS X 12.5; rv:114.0) Gecko/20100101 Firefox/114.0"
66.29.132.124 - - [24/Dec/2024:18:04:52 -0500] "POST /wp-cron.php?doing_wp_cron=1735081492.1068620681762695312500 HTTP/1.1" 200 0 "-" "WordPress/6.7.1; https://misswavenigeria.com"
165.231.182.61 - - [24/Dec/2024:18:04:51 -0500] "GET / HTTP/1.0" 200 109055 "https://misswavenigeria.com/" "Mozilla/5.0 (Windows NT 6.3; Win64; x64) AppleWebKit/537.36 (KHTML, like Gecko) Chrome/103.0.0.0 Safari/537.36"
66.29.132.124 - - [24/Dec/2024:18:04:52 -0500] "POST /wp-admin/admin-ajax.php?action=async_litespeed&nonce=M0he0Qln7PjvGZycBg6jAdwwMw6KGfwt&litespeed_type=imgoptm HTTP/1.1" 200 21 "-" "WordPress/6.7.1; https://misswavenigeria.com"
165.231.182.61 - - [24/Dec/2024:18:04:54 -0500] "GET /register/ HTTP/1.0" 200 75922 "https://misswavenigeria.com/register/" "Mozilla/5.0 (Windows NT 6.3; Win64; x64) AppleWebKit/537.36 (KHTML, like Gecko) Chrome/103.0.0.0 Safari/537.36"
165.231.182.61 - - [24/Dec/2024:18:04:56 -0500] "POST /register/ HTTP/1.0" 200 76048 "https://misswavenigeria.com/register/" "Mozilla/5.0 (Windows NT 6.3; Win64; x64) AppleWebKit/537.36 (KHTML, like Gecko) Chrome/103.0.0.0 Safari/537.36"
66.29.132.124 - - [24/Dec/2024:18:06:07 -0500] "POST /wp-cron.php?doing_wp_cron=1735081567.6496119499206542968750 HTTP/1.1" 200 0 "-" "WordPress/6.7.1; https://misswavenigeria.com"
165.231.182.61 - - [24/Dec/2024:18:06:07 -0500] "GET /register/ HTTP/1.0" 200 75922 "https://misswavenigeria.com/" "Mozilla/5.0 (Windows NT 6.3; Win64; x64) AppleWebKit/537.36 (KHTML, like Gecko) Chrome/103.0.0.0 Safari/537.36"
66.29.132.124 - - [24/Dec/2024:18:06:07 -0500] "POST /wp-admin/admin-ajax.php?action=async_litespeed&nonce=da1Qf2izXl4nYNDaPFrlOrIPziDm12c5&litespeed_type=imgoptm HTTP/1.1" 200 21 "-" "WordPress/6.7.1; https://misswavenigeria.com"
66.29.132.124 - - [24/Dec/2024:18:07:53 -0500] "POST /wp-cron.php?doing_wp_cron=1735081673.9742650985717773437500 HTTP/1.1" 200 0 "-" "WordPress/6.7.1; https://misswavenigeria.com"
165.231.182.61 - - [24/Dec/2024:18:07:52 -0500] "GET / HTTP/1.0" 200 109053 "https://misswavenigeria.com/" "Mozilla/5.0 (Windows NT 6.1) AppleWebKit/537.36 (KHTML, like Gecko) Chrome/103.0.0.0 Safari/537.36"
66.29.132.124 - - [24/Dec/2024:18:07:54 -0500] "POST /wp-admin/admin-ajax.php?action=async_litespeed&nonce=70Pg8I9rcbrRvBz3EOHVD32mYMAhLTZl&litespeed_type=imgoptm HTTP/1.1" 200 21 "-" "WordPress/6.7.1; https://misswavenigeria.com"
165.231.182.61 - - [24/Dec/2024:18:07:56 -0500] "GET /register/ HTTP/1.0" 200 75922 "https://misswavenigeria.com/register/" "Mozilla/5.0 (Windows NT 6.1) AppleWebKit/537.36 (KHTML, like Gecko) Chrome/103.0.0.0 Safari/537.36"
165.231.182.61 - - [24/Dec/2024:18:07:57 -0500] "POST /register/ HTTP/1.0" 200 76048 "https://misswavenigeria.com/register/" "Mozilla/5.0 (Windows NT 6.1) AppleWebKit/537.36 (KHTML, like Gecko) Chrome/103.0.0.0 Safari/537.36"
66.29.132.124 - - [24/Dec/2024:18:09:13 -0500] "POST /wp-cron.php?doing_wp_cron=1735081753.3810200691223144531250 HTTP/1.1" 200 0 "-" "WordPress/6.7.1; https://misswavenigeria.com"
165.231.182.61 - - [24/Dec/2024:18:09:13 -0500] "GET /register/ HTTP/1.0" 200 75922 "https://misswavenigeria.com/" "Mozilla/5.0 (Windows NT 6.1) AppleWebKit/537.36 (KHTML, like Gecko) Chrome/103.0.0.0 Safari/537.36"
66.29.132.124 - - [24/Dec/2024:18:09:13 -0500] "POST /wp-admin/admin-ajax.php?action=async_litespeed&nonce=XydqNcp96e1ES2orabhuefnzTjqr1q51&litespeed_type=imgoptm HTTP/1.1" 200 21 "-" "WordPress/6.7.1; https://misswavenigeria.com"
66.29.132.124 - - [24/Dec/2024:18:10:58 -0500] "POST /wp-cron.php?doing_wp_cron=1735081858.0254778861999511718750 HTTP/1.1" 200 0 "-" "WordPress/6.7.1; https://misswavenigeria.com"
165.231.182.61 - - [24/Dec/2024:18:10:56 -0500] "GET / HTTP/1.0" 200 109055 "https://misswavenigeria.com/" "Mozilla/5.0 (Windows NT 6.3; Win64; x64) AppleWebKit/537.36 (KHTML, like Gecko) Chrome/103.0.5060.53 Safari/537.36"
66.29.132.124 - - [24/Dec/2024:18:10:58 -0500] "POST /wp-admin/admin-ajax.php?action=async_litespeed&nonce=HJ9922qzop0QPLUVOwXNhHU9dBwrmUB5&litespeed_type=imgoptm HTTP/1.1" 200 21 "-" "WordPress/6.7.1; https://misswavenigeria.com"
165.231.182.61 - - [24/Dec/2024:18:11:00 -0500] "GET /register/ HTTP/1.0" 200 75922 "https://misswavenigeria.com/register/" "Mozilla/5.0 (Windows NT 6.3; Win64; x64) AppleWebKit/537.36 (KHTML, like Gecko) Chrome/103.0.5060.53 Safari/537.36"
165.231.182.61 - - [24/Dec/2024:18:11:02 -0500] "POST /register/ HTTP/1.0" 200 76048 "https://misswavenigeria.com/register/" "Mozilla/5.0 (Windows NT 6.3; Win64; x64) AppleWebKit/537.36 (KHTML, like Gecko) Chrome/103.0.5060.53 Safari/537.36"
66.29.132.124 - - [24/Dec/2024:18:12:16 -0500] "POST /wp-cron.php?doing_wp_cron=1735081936.0669400691986083984375 HTTP/1.1" 200 0 "-" "WordPress/6.7.1; https://misswavenigeria.com"
165.231.182.61 - - [24/Dec/2024:18:12:15 -0500] "GET /register/ HTTP/1.0" 200 75922 "https://misswavenigeria.com/" "Mozilla/5.0 (Windows NT 6.3; Win64; x64) AppleWebKit/537.36 (KHTML, like Gecko) Chrome/103.0.5060.53 Safari/537.36"
66.29.132.124 - - [24/Dec/2024:18:12:16 -0500] "POST /wp-admin/admin-ajax.php?action=async_litespeed&nonce=xRz7OQiN6IxpcerAmvfVkrIi2sSfXgIO&litespeed_type=imgoptm HTTP/1.1" 200 21 "-" "WordPress/6.7.1; https://misswavenigeria.com"
66.29.132.124 - - [24/Dec/2024:18:13:59 -0500] "POST /wp-cron.php?doing_wp_cron=1735082039.7672770023345947265625 HTTP/1.1" 200 0 "-" "WordPress/6.7.1; https://misswavenigeria.com"
165.231.182.61 - - [24/Dec/2024:18:13:58 -0500] "GET / HTTP/1.0" 200 109055 "https://misswavenigeria.com/" "Mozilla/5.0 (Windows NT 10.0; Win64; x64) AppleWebKit/537.36 (KHTML, like Gecko) Chrome/103.0.5060.53 Safari/537.36"
66.29.132.124 - - [24/Dec/2024:18:13:59 -0500] "POST /wp-admin/admin-ajax.php?action=async_litespeed&nonce=V3FyUXkC7HxPC2iruwXQm90DYZCwQY1Q&litespeed_type=imgoptm HTTP/1.1" 200 21 "-" "WordPress/6.7.1; https://misswavenigeria.com"
165.231.182.61 - - [24/Dec/2024:18:14:01 -0500] "GET /register/ HTTP/1.0" 200 75922 "https://misswavenigeria.com/register/" "Mozilla/5.0 (Windows NT 10.0; Win64; x64) AppleWebKit/537.36 (KHTML, like Gecko) Chrome/103.0.5060.53 Safari/537.36"
165.231.182.61 - - [24/Dec/2024:18:14:03 -0500] "POST /register/ HTTP/1.0" 200 76048 "https://misswavenigeria.com/register/" "Mozilla/5.0 (Windows NT 10.0; Win64; x64) AppleWebKit/537.36 (KHTML, like Gecko) Chrome/103.0.5060.53 Safari/537.36"
66.29.132.124 - - [24/Dec/2024:18:15:22 -0500] "POST /wp-cron.php?doing_wp_cron=1735082122.0645170211791992187500 HTTP/1.1" 200 0 "-" "WordPress/6.7.1; https://misswavenigeria.com"
165.231.182.61 - - [24/Dec/2024:18:15:21 -0500] "GET /register/ HTTP/1.0" 200 75922 "https://misswavenigeria.com/" "Mozilla/5.0 (Windows NT 10.0; Win64; x64) AppleWebKit/537.36 (KHTML, like Gecko) Chrome/103.0.5060.53 Safari/537.36"
66.29.132.124 - - [24/Dec/2024:18:15:22 -0500] "POST /wp-admin/admin-ajax.php?action=async_litespeed&nonce=cNOfj1tpwSkj0WxE46yBBvPTMwVUihUH&litespeed_type=imgoptm HTTP/1.1" 200 21 "-" "WordPress/6.7.1; https://misswavenigeria.com"
66.29.132.124 - - [24/Dec/2024:18:16:57 -0500] "POST /wp-cron.php?doing_wp_cron=1735082217.7058899402618408203125 HTTP/1.1" 200 0 "-" "WordPress/6.7.1; https://misswavenigeria.com"
165.231.182.61 - - [24/Dec/2024:18:16:56 -0500] "GET / HTTP/1.0" 200 109055 "https://misswavenigeria.com/" "Mozilla/5.0 (Windows NT 6.3; WOW64) AppleWebKit/537.36 (KHTML, like Gecko) Chrome/103.0.5060.114 Safari/537.36"
66.29.132.124 - - [24/Dec/2024:18:16:57 -0500] "POST /wp-admin/admin-ajax.php?action=async_litespeed&nonce=cJA8UW0Cdjwrlg0i3Z9Wml1WnrerNlJ5&litespeed_type=imgoptm HTTP/1.1" 200 21 "-" "WordPress/6.7.1; https://misswavenigeria.com"
165.231.182.61 - - [24/Dec/2024:18:16:59 -0500] "GET /register/ HTTP/1.0" 200 75922 "https://misswavenigeria.com/register/" "Mozilla/5.0 (Windows NT 6.3; WOW64) AppleWebKit/537.36 (KHTML, like Gecko) Chrome/103.0.5060.114 Safari/537.36"
165.231.182.61 - - [24/Dec/2024:18:17:01 -0500] "POST /register/ HTTP/1.0" 200 76048 "https://misswavenigeria.com/register/" "Mozilla/5.0 (Windows NT 6.3; WOW64) AppleWebKit/537.36 (KHTML, like Gecko) Chrome/103.0.5060.114 Safari/537.36"
66.29.132.124 - - [24/Dec/2024:18:18:05 -0500] "POST /wp-cron.php?doing_wp_cron=1735082285.9888849258422851562500 HTTP/1.1" 200 0 "-" "WordPress/6.7.1; https://misswavenigeria.com"
165.231.182.61 - - [24/Dec/2024:18:18:05 -0500] "GET /register/ HTTP/1.0" 200 75922 "https://misswavenigeria.com/" "Mozilla/5.0 (Windows NT 6.3; WOW64) AppleWebKit/537.36 (KHTML, like Gecko) Chrome/103.0.5060.114 Safari/537.36"
66.29.132.124 - - [24/Dec/2024:18:18:06 -0500] "POST /wp-admin/admin-ajax.php?action=async_litespeed&nonce=48XOkKnh6X1EZhwI0OI61osC1bvROCAJ&litespeed_type=imgoptm HTTP/1.1" 200 21 "-" "WordPress/6.7.1; https://misswavenigeria.com"
66.29.132.124 - - [24/Dec/2024:18:20:05 -0500] "POST /wp-cron.php?doing_wp_cron=1735082403.8708910942077636718750 HTTP/1.1" 200 0 "-" "WordPress/6.7.1; https://misswavenigeria.com"
165.231.182.61 - - [24/Dec/2024:18:20:01 -0500] "GET / HTTP/1.0" 200 109055 "https://misswavenigeria.com/" "Mozilla/5.0 (Windows NT 10.0; WOW64) AppleWebKit/537.36 (KHTML, like Gecko) Chrome/103.0.5060.114 Safari/537.36"
66.29.132.124 - - [24/Dec/2024:18:20:05 -0500] "POST /wp-admin/admin-ajax.php?action=async_litespeed&nonce=WsoaaRZJM30A9dHF4EQcjEUKS30DVLlE&litespeed_type=imgoptm HTTP/1.1" 200 21 "-" "WordPress/6.7.1; https://misswavenigeria.com"
165.231.182.61 - - [24/Dec/2024:18:20:07 -0500] "GET /register/ HTTP/1.0" 200 75922 "https://misswavenigeria.com/register/" "Mozilla/5.0 (Windows NT 10.0; WOW64) AppleWebKit/537.36 (KHTML, like Gecko) Chrome/103.0.5060.114 Safari/537.36"
165.231.182.61 - - [24/Dec/2024:18:20:09 -0500] "POST /register/ HTTP/1.0" 200 76048 "https://misswavenigeria.com/register/" "Mozilla/5.0 (Windows NT 10.0; WOW64) AppleWebKit/537.36 (KHTML, like Gecko) Chrome/103.0.5060.114 Safari/537.36"
66.29.132.124 - - [24/Dec/2024:18:21:19 -0500] "POST /wp-cron.php?doing_wp_cron=1735082479.4607589244842529296875 HTTP/1.1" 200 0 "-" "WordPress/6.7.1; https://misswavenigeria.com"
165.231.182.61 - - [24/Dec/2024:18:21:19 -0500] "GET /register/ HTTP/1.0" 200 75922 "https://misswavenigeria.com/" "Mozilla/5.0 (Windows NT 10.0; WOW64) AppleWebKit/537.36 (KHTML, like Gecko) Chrome/103.0.5060.114 Safari/537.36"
66.29.132.124 - - [24/Dec/2024:18:21:19 -0500] "POST /wp-admin/admin-ajax.php?action=async_litespeed&nonce=OWhCVgWuj7ovTIUmHpeYQYwNi95NG5QB&litespeed_type=imgoptm HTTP/1.1" 200 21 "-" "WordPress/6.7.1; https://misswavenigeria.com"
66.29.132.124 - - [24/Dec/2024:18:21:43 -0500] "POST /wp-cron.php?doing_wp_cron=1735082503.9623000621795654296875 HTTP/1.1" 200 0 "-" "WordPress/6.7.1; https://misswavenigeria.com"
66.249.68.67 - - [24/Dec/2024:18:21:43 -0500] "GET /guide/Gamma-STUDIO HTTP/1.1" 404 15610 "-" "Mozilla/5.0 (Linux; Android 6.0.1; Nexus 5X Build/MMB29P) AppleWebKit/537.36 (KHTML, like Gecko) Chrome/131.0.6778.139 Mobile Safari/537.36 (compatible; Googlebot/2.1; +http://www.google.com/bot.html)"
66.29.132.124 - - [24/Dec/2024:18:21:53 -0500] "POST /wp-cron.php?doing_wp_cron=1735082513.4582300186157226562500 HTTP/1.1" 200 0 "-" "WordPress/6.7.1; https://misswavenigeria.com"
66.249.79.3 - - [24/Dec/2024:18:21:53 -0500] "GET /goods/R717773?k=product HTTP/1.1" 301 0 "-" "Mozilla/5.0 (Linux; Android 6.0.1; Nexus 5X Build/MMB29P) AppleWebKit/537.36 (KHTML, like Gecko) Chrome/131.0.6778.139 Mobile Safari/537.36 (compatible; Googlebot/2.1; +http://www.google.com/bot.html)"
66.29.132.124 - - [24/Dec/2024:18:21:53 -0500] "POST /wp-admin/admin-ajax.php?action=async_litespeed&nonce=cMMUuqKAbsyJmXOUVLw9cJtqKtkFoo0q&litespeed_type=imgoptm HTTP/1.1" 200 21 "-" "WordPress/6.7.1; https://misswavenigeria.com"
66.249.68.67 - - [24/Dec/2024:18:21:53 -0500] "GET /goods/R717773?k=product HTTP/1.1" 404 15610 "-" "Mozilla/5.0 (Linux; Android 6.0.1; Nexus 5X Build/MMB29P) AppleWebKit/537.36 (KHTML, like Gecko) Chrome/131.0.6778.139 Mobile Safari/537.36 (compatible; Googlebot/2.1; +http://www.google.com/bot.html)"
66.249.68.66 - - [24/Dec/2024:18:22:07 -0500] "GET /guide/9784325197386 HTTP/1.1" 404 15611 "-" "Mozilla/5.0 (Linux; Android 6.0.1; Nexus 5X Build/MMB29P) AppleWebKit/537.36 (KHTML, like Gecko) Chrome/131.0.6778.139 Mobile Safari/537.36 (compatible; Googlebot/2.1; +http://www.google.com/bot.html)"
66.29.132.124 - - [24/Dec/2024:18:22:59 -0500] "POST /wp-cron.php?doing_wp_cron=1735082579.3029909133911132812500 HTTP/1.1" 200 0 "-" "WordPress/6.7.1; https://misswavenigeria.com"
165.231.182.61 - - [24/Dec/2024:18:22:59 -0500] "GET / HTTP/1.0" 200 109055 "https://misswavenigeria.com/" "Mozilla/5.0 (Windows NT 6.1; WOW64) AppleWebKit/537.36 (KHTML, like Gecko) Chrome/103.0.0.0 Safari/537.36"
66.29.132.124 - - [24/Dec/2024:18:22:59 -0500] "POST /wp-admin/admin-ajax.php?action=async_litespeed&nonce=2TKyOcB70K7Omx4RqtVOENCQ0Z46cMYx&litespeed_type=imgoptm HTTP/1.1" 200 21 "-" "WordPress/6.7.1; https://misswavenigeria.com"
165.231.182.61 - - [24/Dec/2024:18:23:01 -0500] "GET /register/ HTTP/1.0" 200 75922 "https://misswavenigeria.com/register/" "Mozilla/5.0 (Windows NT 6.1; WOW64) AppleWebKit/537.36 (KHTML, like Gecko) Chrome/103.0.0.0 Safari/537.36"
66.249.68.67 - - [24/Dec/2024:18:23:23 -0500] "GET /item/P1196795GS?c=449&keyword=update HTTP/1.1" 404 15610 "-" "Mozilla/5.0 (Linux; Android 6.0.1; Nexus 5X Build/MMB29P) AppleWebKit/537.36 (KHTML, like Gecko) Chrome/131.0.6778.139 Mobile Safari/537.36 (compatible; Googlebot/2.1; +http://www.google.com/bot.html)"
165.231.182.61 - - [24/Dec/2024:18:23:03 -0500] "POST /register/ HTTP/1.0" 200 76048 "https://misswavenigeria.com/register/" "Mozilla/5.0 (Windows NT 6.1; WOW64) AppleWebKit/537.36 (KHTML, like Gecko) Chrome/103.0.0.0 Safari/537.36"
66.29.132.124 - - [24/Dec/2024:18:24:21 -0500] "POST /wp-cron.php?doing_wp_cron=1735082661.0358829498291015625000 HTTP/1.1" 200 0 "-" "WordPress/6.7.1; https://misswavenigeria.com"
165.231.182.61 - - [24/Dec/2024:18:24:20 -0500] "GET /register/ HTTP/1.0" 200 75922 "https://misswavenigeria.com/" "Mozilla/5.0 (Windows NT 6.1; WOW64) AppleWebKit/537.36 (KHTML, like Gecko) Chrome/103.0.0.0 Safari/537.36"
66.29.132.124 - - [24/Dec/2024:18:24:21 -0500] "POST /wp-admin/admin-ajax.php?action=async_litespeed&nonce=uwh4MhcrRbhchKWn6KlHjHSwcz6GDOJz&litespeed_type=imgoptm HTTP/1.1" 200 21 "-" "WordPress/6.7.1; https://misswavenigeria.com"
66.29.132.124 - - [24/Dec/2024:18:24:50 -0500] "POST /wp-cron.php?doing_wp_cron=1735082690.7203340530395507812500 HTTP/1.1" 200 0 "-" "WordPress/6.7.1; https://misswavenigeria.com"
66.249.68.68 - - [24/Dec/2024:18:24:50 -0500] "GET /guide/FIX HTTP/1.1" 404 15610 "-" "Mozilla/5.0 (Linux; Android 6.0.1; Nexus 5X Build/MMB29P) AppleWebKit/537.36 (KHTML, like Gecko) Chrome/131.0.6778.139 Mobile Safari/537.36 (compatible; Googlebot/2.1; +http://www.google.com/bot.html)"
66.29.132.124 - - [24/Dec/2024:18:24:50 -0500] "POST /wp-admin/admin-ajax.php?action=async_litespeed&nonce=0dEx9xBceN0gWF3unYEewOvmrzcbHl4q&litespeed_type=imgoptm HTTP/1.1" 200 21 "-" "WordPress/6.7.1; https://misswavenigeria.com"
66.249.79.2 - - [24/Dec/2024:18:24:58 -0500] "GET /guide/SONICYOUTH HTTP/1.1" 301 0 "-" "Mozilla/5.0 (Linux; Android 6.0.1; Nexus 5X Build/MMB29P) AppleWebKit/537.36 (KHTML, like Gecko) Chrome/131.0.6778.139 Mobile Safari/537.36 (compatible; Googlebot/2.1; +http://www.google.com/bot.html)"
66.249.68.66 - - [24/Dec/2024:18:25:01 -0500] "GET /guide/SONICYOUTH HTTP/1.1" 404 15610 "-" "Mozilla/5.0 (Linux; Android 6.0.1; Nexus 5X Build/MMB29P) AppleWebKit/537.36 (KHTML, like Gecko) Chrome/131.0.6778.139 Mobile Safari/537.36 (compatible; Googlebot/2.1; +http://www.google.com/bot.html)"
66.29.132.124 - - [24/Dec/2024:18:25:40 -0500] "POST /wp-cron.php?doing_wp_cron=1735082740.7979199886322021484375 HTTP/1.1" 200 0 "-" "WordPress/6.7.1; https://misswavenigeria.com"
66.249.79.2 - - [24/Dec/2024:18:25:40 -0500] "GET /goods/O449112?k=product HTTP/1.1" 301 0 "-" "Mozilla/5.0 (Linux; Android 6.0.1; Nexus 5X Build/MMB29P) AppleWebKit/537.36 (KHTML, like Gecko) Chrome/131.0.6778.139 Mobile Safari/537.36 (compatible; Googlebot/2.1; +http://www.google.com/bot.html)"
66.249.68.67 - - [24/Dec/2024:18:25:41 -0500] "GET /goods/O449112?k=product HTTP/1.1" 404 15610 "-" "Mozilla/5.0 (Linux; Android 6.0.1; Nexus 5X Build/MMB29P) AppleWebKit/537.36 (KHTML, like Gecko) Chrome/131.0.6778.139 Mobile Safari/537.36 (compatible; Googlebot/2.1; +http://www.google.com/bot.html)"
66.29.132.124 - - [24/Dec/2024:18:25:55 -0500] "POST /wp-cron.php?doing_wp_cron=1735082755.0008130073547363281250 HTTP/1.1" 200 0 "-" "WordPress/6.7.1; https://misswavenigeria.com"
165.231.182.61 - - [24/Dec/2024:18:25:54 -0500] "GET / HTTP/1.0" 200 109053 "https://misswavenigeria.com/" "Mozilla/5.0 (Windows NT 10.0; Win64; x64) AppleWebKit/537.36 (KHTML, like Gecko) Chrome/103.0.5060.66 Safari/537.36"
66.29.132.124 - - [24/Dec/2024:18:25:55 -0500] "POST /wp-admin/admin-ajax.php?action=async_litespeed&nonce=984K5Hv9CG63YvVbpvZ2YncQazn1xHfV&litespeed_type=imgoptm HTTP/1.1" 200 21 "-" "WordPress/6.7.1; https://misswavenigeria.com"
165.231.182.61 - - [24/Dec/2024:18:25:57 -0500] "GET /register/ HTTP/1.0" 200 75922 "https://misswavenigeria.com/register/" "Mozilla/5.0 (Windows NT 10.0; Win64; x64) AppleWebKit/537.36 (KHTML, like Gecko) Chrome/103.0.5060.66 Safari/537.36"
165.231.182.61 - - [24/Dec/2024:18:25:59 -0500] "POST /register/ HTTP/1.0" 200 76048 "https://misswavenigeria.com/register/" "Mozilla/5.0 (Windows NT 10.0; Win64; x64) AppleWebKit/537.36 (KHTML, like Gecko) Chrome/103.0.5060.66 Safari/537.36"
66.29.132.124 - - [24/Dec/2024:18:27:23 -0500] "POST /wp-cron.php?doing_wp_cron=1735082843.5001010894775390625000 HTTP/1.1" 200 0 "-" "WordPress/6.7.1; https://misswavenigeria.com"
165.231.182.61 - - [24/Dec/2024:18:27:23 -0500] "GET /register/ HTTP/1.0" 200 75922 "https://misswavenigeria.com/" "Mozilla/5.0 (Windows NT 10.0; Win64; x64) AppleWebKit/537.36 (KHTML, like Gecko) Chrome/103.0.5060.66 Safari/537.36"
66.29.132.124 - - [24/Dec/2024:18:27:23 -0500] "POST /wp-admin/admin-ajax.php?action=async_litespeed&nonce=VXEwFk5q9jByfqt0ypSzb7wFvuI7GYup&litespeed_type=imgoptm HTTP/1.1" 200 21 "-" "WordPress/6.7.1; https://misswavenigeria.com"
66.29.132.124 - - [24/Dec/2024:18:28:57 -0500] "POST /wp-cron.php?doing_wp_cron=1735082937.6076900959014892578125 HTTP/1.1" 200 0 "-" "WordPress/6.7.1; https://misswavenigeria.com"
165.231.182.61 - - [24/Dec/2024:18:28:55 -0500] "GET / HTTP/1.0" 200 109053 "https://misswavenigeria.com/" "Mozilla/5.0 (Windows NT 10.0; Win64; x64) AppleWebKit/537.36 (KHTML, like Gecko) Chrome/103.0.0.0 Safari/537.36 Herring/95.1.8810.11"
66.29.132.124 - - [24/Dec/2024:18:28:57 -0500] "POST /wp-admin/admin-ajax.php?action=async_litespeed&nonce=T2ku2AZF8hbIURvCwgWmPten4cbf7YDs&litespeed_type=imgoptm HTTP/1.1" 200 21 "-" "WordPress/6.7.1; https://misswavenigeria.com"
165.231.182.61 - - [24/Dec/2024:18:28:59 -0500] "GET /register/ HTTP/1.0" 200 75922 "https://misswavenigeria.com/register/" "Mozilla/5.0 (Windows NT 10.0; Win64; x64) AppleWebKit/537.36 (KHTML, like Gecko) Chrome/103.0.0.0 Safari/537.36 Herring/95.1.8810.11"
165.231.182.61 - - [24/Dec/2024:18:29:01 -0500] "POST /register/ HTTP/1.0" 200 76048 "https://misswavenigeria.com/register/" "Mozilla/5.0 (Windows NT 10.0; Win64; x64) AppleWebKit/537.36 (KHTML, like Gecko) Chrome/103.0.0.0 Safari/537.36 Herring/95.1.8810.11"
66.29.132.124 - - [24/Dec/2024:18:30:36 -0500] "POST /wp-cron.php?doing_wp_cron=1735083036.6897070407867431640625 HTTP/1.1" 200 0 "-" "WordPress/6.7.1; https://misswavenigeria.com"
165.231.182.61 - - [24/Dec/2024:18:30:36 -0500] "GET /register/ HTTP/1.0" 200 75922 "https://misswavenigeria.com/" "Mozilla/5.0 (Windows NT 10.0; Win64; x64) AppleWebKit/537.36 (KHTML, like Gecko) Chrome/103.0.0.0 Safari/537.36 Herring/95.1.8810.11"
66.29.132.124 - - [24/Dec/2024:18:30:36 -0500] "POST /wp-admin/admin-ajax.php?action=async_litespeed&nonce=ib6fCjjnh4Y7g7Mg5jaEdMrgw2Zb4q7j&litespeed_type=imgoptm HTTP/1.1" 200 21 "-" "WordPress/6.7.1; https://misswavenigeria.com"
66.29.132.124 - - [24/Dec/2024:18:31:58 -0500] "POST /wp-cron.php?doing_wp_cron=1735083118.7564020156860351562500 HTTP/1.1" 200 0 "-" "WordPress/6.7.1; https://misswavenigeria.com"
165.231.182.61 - - [24/Dec/2024:18:31:58 -0500] "GET / HTTP/1.0" 200 109055 "https://misswavenigeria.com/" "Mozilla/5.0 (Windows NT 6.1) AppleWebKit/537.36 (KHTML, like Gecko) Chrome/103.0.5060.114 Safari/537.36"
66.29.132.124 - - [24/Dec/2024:18:31:58 -0500] "POST /wp-admin/admin-ajax.php?action=async_litespeed&nonce=Fn4MrJA3OEdIlfO5bWBh6I2OgGFXQjmG&litespeed_type=imgoptm HTTP/1.1" 200 21 "-" "WordPress/6.7.1; https://misswavenigeria.com"
165.231.182.61 - - [24/Dec/2024:18:32:00 -0500] "GET /register/ HTTP/1.0" 200 75922 "https://misswavenigeria.com/register/" "Mozilla/5.0 (Windows NT 6.1) AppleWebKit/537.36 (KHTML, like Gecko) Chrome/103.0.5060.114 Safari/537.36"
165.231.182.61 - - [24/Dec/2024:18:32:02 -0500] "POST /register/ HTTP/1.0" 200 76048 "https://misswavenigeria.com/register/" "Mozilla/5.0 (Windows NT 6.1) AppleWebKit/537.36 (KHTML, like Gecko) Chrome/103.0.5060.114 Safari/537.36"
66.29.132.124 - - [24/Dec/2024:18:33:17 -0500] "POST /wp-cron.php?doing_wp_cron=1735083197.0555551052093505859375 HTTP/1.1" 200 0 "-" "WordPress/6.7.1; https://misswavenigeria.com"
165.231.182.61 - - [24/Dec/2024:18:33:16 -0500] "GET /register/ HTTP/1.0" 200 75922 "https://misswavenigeria.com/" "Mozilla/5.0 (Windows NT 6.1) AppleWebKit/537.36 (KHTML, like Gecko) Chrome/103.0.5060.114 Safari/537.36"
66.29.132.124 - - [24/Dec/2024:18:33:17 -0500] "POST /wp-admin/admin-ajax.php?action=async_litespeed&nonce=sYDeyt5xFZndJ8skCdKIBuemzhDC5KL1&litespeed_type=imgoptm HTTP/1.1" 200 21 "-" "WordPress/6.7.1; https://misswavenigeria.com"
66.29.132.124 - - [24/Dec/2024:18:35:03 -0500] "POST /wp-cron.php?doing_wp_cron=1735083302.9585430622100830078125 HTTP/1.1" 200 0 "-" "WordPress/6.7.1; https://misswavenigeria.com"
165.231.182.61 - - [24/Dec/2024:18:35:01 -0500] "GET / HTTP/1.0" 200 109055 "https://misswavenigeria.com/" "Mozilla/5.0 (Windows NT 6.1; Win64; x64) AppleWebKit/537.36 (KHTML, like Gecko) Chrome/103.0.0.0 Safari/537.36"
66.29.132.124 - - [24/Dec/2024:18:35:03 -0500] "POST /wp-admin/admin-ajax.php?action=async_litespeed&nonce=dgI2tytOL5MH6wZMth38eJ9Di1irRlCS&litespeed_type=imgoptm HTTP/1.1" 200 21 "-" "WordPress/6.7.1; https://misswavenigeria.com"
165.231.182.61 - - [24/Dec/2024:18:35:05 -0500] "GET /register/ HTTP/1.0" 200 75922 "https://misswavenigeria.com/register/" "Mozilla/5.0 (Windows NT 6.1; Win64; x64) AppleWebKit/537.36 (KHTML, like Gecko) Chrome/103.0.0.0 Safari/537.36"
165.231.182.61 - - [24/Dec/2024:18:35:08 -0500] "POST /register/ HTTP/1.0" 200 76048 "https://misswavenigeria.com/register/" "Mozilla/5.0 (Windows NT 6.1; Win64; x64) AppleWebKit/537.36 (KHTML, like Gecko) Chrome/103.0.0.0 Safari/537.36"
66.29.132.124 - - [24/Dec/2024:18:36:27 -0500] "POST /wp-cron.php?doing_wp_cron=1735083387.9531290531158447265625 HTTP/1.1" 200 0 "-" "WordPress/6.7.1; https://misswavenigeria.com"
165.231.182.61 - - [24/Dec/2024:18:36:27 -0500] "GET /register/ HTTP/1.0" 200 75922 "https://misswavenigeria.com/" "Mozilla/5.0 (Windows NT 6.1; Win64; x64) AppleWebKit/537.36 (KHTML, like Gecko) Chrome/103.0.0.0 Safari/537.36"
66.29.132.124 - - [24/Dec/2024:18:36:28 -0500] "POST /wp-admin/admin-ajax.php?action=async_litespeed&nonce=rmxAkpNfxOW8mnGVytXAYOi8YAT0lu9T&litespeed_type=imgoptm HTTP/1.1" 200 21 "-" "WordPress/6.7.1; https://misswavenigeria.com"
66.29.132.124 - - [24/Dec/2024:18:38:03 -0500] "POST /wp-cron.php?doing_wp_cron=1735083483.2538630962371826171875 HTTP/1.1" 200 0 "-" "WordPress/6.7.1; https://misswavenigeria.com"
165.231.182.61 - - [24/Dec/2024:18:38:01 -0500] "GET / HTTP/1.0" 200 109055 "https://misswavenigeria.com/" "Mozilla/5.0 (Windows NT 6.3; Win64; x64) AppleWebKit/537.36 (KHTML, like Gecko) Chrome/103.0.5060.66 Safari/537.36"
66.29.132.124 - - [24/Dec/2024:18:38:03 -0500] "POST /wp-admin/admin-ajax.php?action=async_litespeed&nonce=KPQVwzWrijQB9eRCOW7lOSzYzlxYaW6H&litespeed_type=imgoptm HTTP/1.1" 200 21 "-" "WordPress/6.7.1; https://misswavenigeria.com"
165.231.182.61 - - [24/Dec/2024:18:38:05 -0500] "GET /register/ HTTP/1.0" 200 75922 "https://misswavenigeria.com/register/" "Mozilla/5.0 (Windows NT 6.3; Win64; x64) AppleWebKit/537.36 (KHTML, like Gecko) Chrome/103.0.5060.66 Safari/537.36"
165.231.182.61 - - [24/Dec/2024:18:38:07 -0500] "POST /register/ HTTP/1.0" 200 76048 "https://misswavenigeria.com/register/" "Mozilla/5.0 (Windows NT 6.3; Win64; x64) AppleWebKit/537.36 (KHTML, like Gecko) Chrome/103.0.5060.66 Safari/537.36"
66.29.132.124 - - [24/Dec/2024:18:39:23 -0500] "POST /wp-cron.php?doing_wp_cron=1735083563.1067700386047363281250 HTTP/1.1" 200 0 "-" "WordPress/6.7.1; https://misswavenigeria.com"
165.231.182.61 - - [24/Dec/2024:18:39:22 -0500] "GET /register/ HTTP/1.0" 200 75922 "https://misswavenigeria.com/" "Mozilla/5.0 (Windows NT 6.3; Win64; x64) AppleWebKit/537.36 (KHTML, like Gecko) Chrome/103.0.5060.66 Safari/537.36"
66.29.132.124 - - [24/Dec/2024:18:39:23 -0500] "POST /wp-admin/admin-ajax.php?action=async_litespeed&nonce=Vctl680D826ofO6G87qmx4BA4GzXEjXD&litespeed_type=imgoptm HTTP/1.1" 200 21 "-" "WordPress/6.7.1; https://misswavenigeria.com"
66.249.79.2 - - [24/Dec/2024:18:39:23 -0500] "GET /buy/1172853GS.html?product_id=375 HTTP/1.1" 301 0 "-" "Mozilla/5.0 (Linux; Android 6.0.1; Nexus 5X Build/MMB29P) AppleWebKit/537.36 (KHTML, like Gecko) Chrome/131.0.6778.139 Mobile Safari/537.36 (compatible; Googlebot/2.1; +http://www.google.com/bot.html)"
66.249.68.68 - - [24/Dec/2024:18:39:24 -0500] "GET /buy/1172853GS.html?product_id=375 HTTP/1.1" 404 15611 "-" "Mozilla/5.0 (Linux; Android 6.0.1; Nexus 5X Build/MMB29P) AppleWebKit/537.36 (KHTML, like Gecko) Chrome/131.0.6778.139 Mobile Safari/537.36 (compatible; Googlebot/2.1; +http://www.google.com/bot.html)"
66.29.132.124 - - [24/Dec/2024:18:41:01 -0500] "POST /wp-cron.php?doing_wp_cron=1735083661.9289700984954833984375 HTTP/1.1" 200 0 "-" "WordPress/6.7.1; https://misswavenigeria.com"
165.231.182.61 - - [24/Dec/2024:18:41:00 -0500] "GET / HTTP/1.0" 200 109055 "https://misswavenigeria.com/" "Mozilla/5.0 (Windows NT 6.1) AppleWebKit/537.36 (KHTML, like Gecko) Chrome/103.0.5060.114 Safari/537.36"
66.29.132.124 - - [24/Dec/2024:18:41:02 -0500] "POST /wp-admin/admin-ajax.php?action=async_litespeed&nonce=rlkzqRUzT3xk6S4BHdwWEWMf8W6iihE8&litespeed_type=imgoptm HTTP/1.1" 200 21 "-" "WordPress/6.7.1; https://misswavenigeria.com"
165.231.182.61 - - [24/Dec/2024:18:41:04 -0500] "GET /register/ HTTP/1.0" 200 75922 "https://misswavenigeria.com/register/" "Mozilla/5.0 (Windows NT 6.1) AppleWebKit/537.36 (KHTML, like Gecko) Chrome/103.0.5060.114 Safari/537.36"
165.231.182.61 - - [24/Dec/2024:18:41:06 -0500] "POST /register/ HTTP/1.0" 200 76048 "https://misswavenigeria.com/register/" "Mozilla/5.0 (Windows NT 6.1) AppleWebKit/537.36 (KHTML, like Gecko) Chrome/103.0.5060.114 Safari/537.36"
66.29.132.124 - - [24/Dec/2024:18:42:32 -0500] "POST /wp-cron.php?doing_wp_cron=1735083752.5211269855499267578125 HTTP/1.1" 200 0 "-" "WordPress/6.7.1; https://misswavenigeria.com"
165.231.182.61 - - [24/Dec/2024:18:42:32 -0500] "GET /register/ HTTP/1.0" 200 75922 "https://misswavenigeria.com/" "Mozilla/5.0 (Windows NT 6.1) AppleWebKit/537.36 (KHTML, like Gecko) Chrome/103.0.5060.114 Safari/537.36"
66.29.132.124 - - [24/Dec/2024:18:42:32 -0500] "POST /wp-admin/admin-ajax.php?action=async_litespeed&nonce=dqwGr2ArNo1kL7x9alRH5i9oYkRctozg&litespeed_type=imgoptm HTTP/1.1" 200 21 "-" "WordPress/6.7.1; https://misswavenigeria.com"
66.29.132.124 - - [24/Dec/2024:18:43:52 -0500] "POST /wp-cron.php?doing_wp_cron=1735083832.4962110519409179687500 HTTP/1.1" 200 0 "-" "WordPress/6.7.1; https://misswavenigeria.com"
66.249.79.2 - - [24/Dec/2024:18:43:52 -0500] "GET /buy/12656626.shtm?product_id=674 HTTP/1.1" 301 0 "-" "Mozilla/5.0 (Linux; Android 6.0.1; Nexus 5X Build/MMB29P) AppleWebKit/537.36 (KHTML, like Gecko) Chrome/131.0.6778.139 Mobile Safari/537.36 (compatible; Googlebot/2.1; +http://www.google.com/bot.html)"
66.29.132.124 - - [24/Dec/2024:18:43:52 -0500] "POST /wp-admin/admin-ajax.php?action=async_litespeed&nonce=M23vnPdG46xXDplegxsfHJhhSX6VvuYd&litespeed_type=imgoptm HTTP/1.1" 200 21 "-" "WordPress/6.7.1; https://misswavenigeria.com"
66.249.68.66 - - [24/Dec/2024:18:43:52 -0500] "GET /buy/12656626.shtm?product_id=674 HTTP/1.1" 404 15610 "-" "Mozilla/5.0 (Linux; Android 6.0.1; Nexus 5X Build/MMB29P) AppleWebKit/537.36 (KHTML, like Gecko) Chrome/131.0.6778.139 Mobile Safari/537.36 (compatible; Googlebot/2.1; +http://www.google.com/bot.html)"
165.231.182.61 - - [24/Dec/2024:18:43:57 -0500] "GET / HTTP/1.0" 200 109053 "https://misswavenigeria.com/" "Mozilla/5.0 (Windows NT 10.0; Win64; x64) AppleWebKit/537.36 (KHTML, like Gecko) Chrome/103.0.0.0 Safari/537.36"
165.231.182.61 - - [24/Dec/2024:18:43:59 -0500] "GET /register/ HTTP/1.0" 200 75922 "https://misswavenigeria.com/register/" "Mozilla/5.0 (Windows NT 10.0; Win64; x64) AppleWebKit/537.36 (KHTML, like Gecko) Chrome/103.0.0.0 Safari/537.36"
165.231.182.61 - - [24/Dec/2024:18:44:01 -0500] "POST /register/ HTTP/1.0" 200 76048 "https://misswavenigeria.com/register/" "Mozilla/5.0 (Windows NT 10.0; Win64; x64) AppleWebKit/537.36 (KHTML, like Gecko) Chrome/103.0.0.0 Safari/537.36"
66.29.132.124 - - [24/Dec/2024:18:45:09 -0500] "POST /wp-cron.php?doing_wp_cron=1735083909.1504459381103515625000 HTTP/1.1" 200 0 "-" "WordPress/6.7.1; https://misswavenigeria.com"
165.231.182.61 - - [24/Dec/2024:18:45:08 -0500] "GET /register/ HTTP/1.0" 200 75922 "https://misswavenigeria.com/" "Mozilla/5.0 (Windows NT 10.0; Win64; x64) AppleWebKit/537.36 (KHTML, like Gecko) Chrome/103.0.0.0 Safari/537.36"
66.29.132.124 - - [24/Dec/2024:18:45:09 -0500] "POST /wp-admin/admin-ajax.php?action=async_litespeed&nonce=fWKstt9kYbY0dqc8susmkQcf5glox65x&litespeed_type=imgoptm HTTP/1.1" 200 21 "-" "WordPress/6.7.1; https://misswavenigeria.com"
66.29.132.124 - - [24/Dec/2024:18:46:59 -0500] "POST /wp-cron.php?doing_wp_cron=1735084019.2959289550781250000000 HTTP/1.1" 200 0 "-" "WordPress/6.7.1; https://misswavenigeria.com"
165.231.182.61 - - [24/Dec/2024:18:46:57 -0500] "GET / HTTP/1.0" 200 109055 "https://misswavenigeria.com/" "Mozilla/5.0 (Windows NT 10.0; Win64; x64) AppleWebKit/537.36 (KHTML, like Gecko) Chrome/103.0.5060.114 Safari/537.36"
66.29.132.124 - - [24/Dec/2024:18:46:59 -0500] "POST /wp-admin/admin-ajax.php?action=async_litespeed&nonce=6ATQ4Ty8ufKTcS52bj7eGL7pAzE5WikJ&litespeed_type=imgoptm HTTP/1.1" 200 21 "-" "WordPress/6.7.1; https://misswavenigeria.com"
165.231.182.61 - - [24/Dec/2024:18:47:01 -0500] "GET /register/ HTTP/1.0" 200 75922 "https://misswavenigeria.com/register/" "Mozilla/5.0 (Windows NT 10.0; Win64; x64) AppleWebKit/537.36 (KHTML, like Gecko) Chrome/103.0.5060.114 Safari/537.36"
165.231.182.61 - - [24/Dec/2024:18:47:03 -0500] "POST /register/ HTTP/1.0" 200 76048 "https://misswavenigeria.com/register/" "Mozilla/5.0 (Windows NT 10.0; Win64; x64) AppleWebKit/537.36 (KHTML, like Gecko) Chrome/103.0.5060.114 Safari/537.36"
66.29.132.124 - - [24/Dec/2024:18:48:05 -0500] "POST /wp-cron.php?doing_wp_cron=1735084085.8038780689239501953125 HTTP/1.1" 200 0 "-" "WordPress/6.7.1; https://misswavenigeria.com"
165.231.182.61 - - [24/Dec/2024:18:48:05 -0500] "GET /register/ HTTP/1.0" 200 75922 "https://misswavenigeria.com/" "Mozilla/5.0 (Windows NT 10.0; Win64; x64) AppleWebKit/537.36 (KHTML, like Gecko) Chrome/103.0.5060.114 Safari/537.36"
66.29.132.124 - - [24/Dec/2024:18:48:06 -0500] "POST /wp-admin/admin-ajax.php?action=async_litespeed&nonce=FnxQsVeKvGn7AhThrbdUnrRHhXCOsVTS&litespeed_type=imgoptm HTTP/1.1" 200 21 "-" "WordPress/6.7.1; https://misswavenigeria.com"
66.29.132.124 - - [24/Dec/2024:18:49:57 -0500] "POST /wp-cron.php?doing_wp_cron=1735084197.6076641082763671875000 HTTP/1.1" 200 0 "-" "WordPress/6.7.1; https://misswavenigeria.com"
165.231.182.61 - - [24/Dec/2024:18:49:56 -0500] "GET / HTTP/1.0" 200 109055 "https://misswavenigeria.com/" "Mozilla/5.0 (Windows NT 10.0; Win64; x64) AppleWebKit/537.36 (KHTML, like Gecko) Chrome/103.0.5042.0 Safari/537.36"
66.29.132.124 - - [24/Dec/2024:18:49:57 -0500] "POST /wp-admin/admin-ajax.php?action=async_litespeed&nonce=vyilLeoo2x40ftoe93AbZ5GndAJdOdrh&litespeed_type=imgoptm HTTP/1.1" 200 21 "-" "WordPress/6.7.1; https://misswavenigeria.com"
165.231.182.61 - - [24/Dec/2024:18:49:59 -0500] "GET /register/ HTTP/1.0" 200 75922 "https://misswavenigeria.com/register/" "Mozilla/5.0 (Windows NT 10.0; Win64; x64) AppleWebKit/537.36 (KHTML, like Gecko) Chrome/103.0.5042.0 Safari/537.36"
165.231.182.61 - - [24/Dec/2024:18:50:01 -0500] "POST /register/ HTTP/1.0" 200 76048 "https://misswavenigeria.com/register/" "Mozilla/5.0 (Windows NT 10.0; Win64; x64) AppleWebKit/537.36 (KHTML, like Gecko) Chrome/103.0.5042.0 Safari/537.36"
66.29.132.124 - - [24/Dec/2024:18:51:11 -0500] "POST /wp-cron.php?doing_wp_cron=1735084271.9066009521484375000000 HTTP/1.1" 200 0 "-" "WordPress/6.7.1; https://misswavenigeria.com"
165.231.182.61 - - [24/Dec/2024:18:51:11 -0500] "GET /register/ HTTP/1.0" 200 75922 "https://misswavenigeria.com/" "Mozilla/5.0 (Windows NT 10.0; Win64; x64) AppleWebKit/537.36 (KHTML, like Gecko) Chrome/103.0.5042.0 Safari/537.36"
66.29.132.124 - - [24/Dec/2024:18:51:12 -0500] "POST /wp-admin/admin-ajax.php?action=async_litespeed&nonce=XpCUzvUITmmeIJDN749OOkXtA7AgumCy&litespeed_type=imgoptm HTTP/1.1" 200 21 "-" "WordPress/6.7.1; https://misswavenigeria.com"
66.29.132.124 - - [24/Dec/2024:18:52:56 -0500] "POST /wp-cron.php?doing_wp_cron=1735084376.8622279167175292968750 HTTP/1.1" 200 0 "-" "WordPress/6.7.1; https://misswavenigeria.com"
165.231.182.61 - - [24/Dec/2024:18:52:54 -0500] "GET / HTTP/1.0" 200 109053 "https://misswavenigeria.com/" "Mozilla/5.0 (Windows NT 6.1; Win64; x64) AppleWebKit/537.36 (KHTML, like Gecko) Chrome/103.0.5060.66 Safari/537.36"
66.29.132.124 - - [24/Dec/2024:18:52:57 -0500] "POST /wp-admin/admin-ajax.php?action=async_litespeed&nonce=SohjoGBFhW3i204kUMVHxj9p9flpsHBv&litespeed_type=imgoptm HTTP/1.1" 200 21 "-" "WordPress/6.7.1; https://misswavenigeria.com"
165.231.182.61 - - [24/Dec/2024:18:52:59 -0500] "GET /register/ HTTP/1.0" 200 75922 "https://misswavenigeria.com/register/" "Mozilla/5.0 (Windows NT 6.1; Win64; x64) AppleWebKit/537.36 (KHTML, like Gecko) Chrome/103.0.5060.66 Safari/537.36"
165.231.182.61 - - [24/Dec/2024:18:53:00 -0500] "POST /register/ HTTP/1.0" 200 76048 "https://misswavenigeria.com/register/" "Mozilla/5.0 (Windows NT 6.1; Win64; x64) AppleWebKit/537.36 (KHTML, like Gecko) Chrome/103.0.5060.66 Safari/537.36"
66.29.132.124 - - [24/Dec/2024:18:54:13 -0500] "POST /wp-cron.php?doing_wp_cron=1735084453.5138680934906005859375 HTTP/1.1" 200 0 "-" "WordPress/6.7.1; https://misswavenigeria.com"
165.231.182.61 - - [24/Dec/2024:18:54:13 -0500] "GET /register/ HTTP/1.0" 200 75922 "https://misswavenigeria.com/" "Mozilla/5.0 (Windows NT 6.1; Win64; x64) AppleWebKit/537.36 (KHTML, like Gecko) Chrome/103.0.5060.66 Safari/537.36"
66.29.132.124 - - [24/Dec/2024:18:54:13 -0500] "POST /wp-admin/admin-ajax.php?action=async_litespeed&nonce=fNLCCuhr20cdJHFn2o9xemtqhTfjfHSG&litespeed_type=imgoptm HTTP/1.1" 200 21 "-" "WordPress/6.7.1; https://misswavenigeria.com"
66.29.132.124 - - [24/Dec/2024:18:55:58 -0500] "POST /wp-cron.php?doing_wp_cron=1735084558.3317899703979492187500 HTTP/1.1" 200 0 "-" "WordPress/6.7.1; https://misswavenigeria.com"
