168.119.80.126 - - [24/Dec/2024:17:36:35 -0500] "GET /wp-content/plugins/so-widgets-bundle/widgets/image-grid/js/image-grid.min.js?ver=1.64.2 HTTP/1.1" 200 347 "https://misswavenigeria.com/" "Mozilla/5.0 (Macintosh; Intel Mac OS X 10_15_7) AppleWebKit/605.1.15 (KHTML, like Gecko) Version/17.0 Safari/605.1.15"
168.119.80.126 - - [24/Dec/2024:17:36:35 -0500] "GET /wp-content/themes/ombre/js/custom.js?ver=3.0 HTTP/1.1" 200 1154 "https://misswavenigeria.com/" "Mozilla/5.0 (Macintosh; Intel Mac OS X 10_15_7) AppleWebKit/605.1.15 (KHTML, like Gecko) Version/17.0 Safari/605.1.15"
168.119.80.126 - - [24/Dec/2024:17:36:35 -0500] "GET /wp-content/themes/ombre/js/tooltipster.js?ver=3.3.0 HTTP/1.1" 200 4635 "https://misswavenigeria.com/" "Mozilla/5.0 (Macintosh; Intel Mac OS X 10_15_7) AppleWebKit/605.1.15 (KHTML, like Gecko) Version/17.0 Safari/605.1.15"
168.119.80.126 - - [24/Dec/2024:17:36:35 -0500] "GET /wp-content/themes/ombre/js/salvattore.min.js?ver=1.0.9 HTTP/1.1" 200 2542 "https://misswavenigeria.com/" "Mozilla/5.0 (Macintosh; Intel Mac OS X 10_15_7) AppleWebKit/605.1.15 (KHTML, like Gecko) Version/17.0 Safari/605.1.15"
168.119.80.126 - - [24/Dec/2024:17:36:35 -0500] "GET /wp-content/plugins/event-tickets/src/resources/js/ticket-details.min.js?ver=5.18.0 HTTP/1.1" 200 577 "https://misswavenigeria.com/" "Mozilla/5.0 (Macintosh; Intel Mac OS X 10_15_7) AppleWebKit/605.1.15 (KHTML, like Gecko) Version/17.0 Safari/605.1.15"
168.119.80.126 - - [24/Dec/2024:17:36:35 -0500] "GET /wp-includes/js/jquery/ui/core.min.js?ver=1.13.3 HTTP/1.1" 200 6811 "https://misswavenigeria.com/" "Mozilla/5.0 (Macintosh; Intel Mac OS X 10_15_7) AppleWebKit/605.1.15 (KHTML, like Gecko) Version/17.0 Safari/605.1.15"
168.119.80.126 - - [24/Dec/2024:17:36:35 -0500] "GET /wp-content/plugins/event-tickets/src/resources/js/rsvp.min.js?ver=5.18.0 HTTP/1.1" 200 899 "https://misswavenigeria.com/" "Mozilla/5.0 (Macintosh; Intel Mac OS X 10_15_7) AppleWebKit/605.1.15 (KHTML, like Gecko) Version/17.0 Safari/605.1.15"
168.119.80.126 - - [24/Dec/2024:17:36:35 -0500] "GET /wp-includes/js/jquery/ui/mouse.min.js?ver=1.13.3 HTTP/1.1" 200 1012 "https://misswavenigeria.com/" "Mozilla/5.0 (Macintosh; Intel Mac OS X 10_15_7) AppleWebKit/605.1.15 (KHTML, like Gecko) Version/17.0 Safari/605.1.15"
168.119.80.126 - - [24/Dec/2024:17:36:35 -0500] "GET /wp-includes/js/jquery/ui/droppable.min.js?ver=1.13.3 HTTP/1.1" 200 1913 "https://misswavenigeria.com/" "Mozilla/5.0 (Macintosh; Intel Mac OS X 10_15_7) AppleWebKit/605.1.15 (KHTML, like Gecko) Version/17.0 Safari/605.1.15"
168.119.80.126 - - [24/Dec/2024:17:36:35 -0500] "GET /wp-includes/js/jquery/ui/draggable.min.js?ver=1.13.3 HTTP/1.1" 200 4691 "https://misswavenigeria.com/" "Mozilla/5.0 (Macintosh; Intel Mac OS X 10_15_7) AppleWebKit/605.1.15 (KHTML, like Gecko) Version/17.0 Safari/605.1.15"
168.119.80.126 - - [24/Dec/2024:17:36:35 -0500] "GET /wp-content/plugins/ombre-features/js/nerveslider.js?ver=1.0.0 HTTP/1.1" 200 5012 "https://misswavenigeria.com/" "Mozilla/5.0 (Macintosh; Intel Mac OS X 10_15_7) AppleWebKit/605.1.15 (KHTML, like Gecko) Version/17.0 Safari/605.1.15"
168.119.80.126 - - [24/Dec/2024:17:36:35 -0500] "GET /wp-includes/js/jquery/ui/effect.min.js?ver=1.13.3 HTTP/1.1" 200 3724 "https://misswavenigeria.com/" "Mozilla/5.0 (Macintosh; Intel Mac OS X 10_15_7) AppleWebKit/605.1.15 (KHTML, like Gecko) Version/17.0 Safari/605.1.15"
168.119.80.126 - - [24/Dec/2024:17:36:35 -0500] "GET /wp-content/plugins/ombre-features/js/tabs.js?ver=1.0.0 HTTP/1.1" 200 1003 "https://misswavenigeria.com/" "Mozilla/5.0 (Macintosh; Intel Mac OS X 10_15_7) AppleWebKit/605.1.15 (KHTML, like Gecko) Version/17.0 Safari/605.1.15"
168.119.80.126 - - [24/Dec/2024:17:36:35 -0500] "GET /wp-content/plugins/ombre-features/js/colorbox.js?ver=1.0.0 HTTP/1.1" 200 4577 "https://misswavenigeria.com/" "Mozilla/5.0 (Macintosh; Intel Mac OS X 10_15_7) AppleWebKit/605.1.15 (KHTML, like Gecko) Version/17.0 Safari/605.1.15"
168.119.80.126 - - [24/Dec/2024:17:36:35 -0500] "GET /wp-content/plugins/ombre-features/js/accordion.js?ver=1.0.0 HTTP/1.1" 200 185 "https://misswavenigeria.com/" "Mozilla/5.0 (Macintosh; Intel Mac OS X 10_15_7) AppleWebKit/605.1.15 (KHTML, like Gecko) Version/17.0 Safari/605.1.15"
168.119.80.126 - - [24/Dec/2024:17:36:35 -0500] "GET /wp-content/plugins/ombre-features/js/owl.js?ver=1.0.0 HTTP/1.1" 200 11090 "https://misswavenigeria.com/" "Mozilla/5.0 (Macintosh; Intel Mac OS X 10_15_7) AppleWebKit/605.1.15 (KHTML, like Gecko) Version/17.0 Safari/605.1.15"
168.119.80.126 - - [24/Dec/2024:17:36:35 -0500] "GET /wp-content/plugins/ombre-features/js/lightgallery.js?ver=1.0.0 HTTP/1.1" 200 15936 "https://misswavenigeria.com/" "Mozilla/5.0 (Macintosh; Intel Mac OS X 10_15_7) AppleWebKit/605.1.15 (KHTML, like Gecko) Version/17.0 Safari/605.1.15"
168.119.80.126 - - [24/Dec/2024:17:36:35 -0500] "GET /wp-content/uploads/2023/11/Constetant-2-600x600.jpg HTTP/1.1" 200 48100 "https://misswavenigeria.com/" "Mozilla/5.0 (Macintosh; Intel Mac OS X 10_15_7) AppleWebKit/605.1.15 (KHTML, like Gecko) Version/17.0 Safari/605.1.15"
168.119.80.126 - - [24/Dec/2024:17:36:35 -0500] "GET /wp-content/uploads/2023/11/Constetant-3-600x600.jpg HTTP/1.1" 200 50381 "https://misswavenigeria.com/" "Mozilla/5.0 (Macintosh; Intel Mac OS X 10_15_7) AppleWebKit/605.1.15 (KHTML, like Gecko) Version/17.0 Safari/605.1.15"
168.119.80.126 - - [24/Dec/2024:17:36:35 -0500] "GET /wp-content/uploads/2023/10/Constetants-Kano-600x600.jpg HTTP/1.1" 200 48101 "https://misswavenigeria.com/" "Mozilla/5.0 (Macintosh; Intel Mac OS X 10_15_7) AppleWebKit/605.1.15 (KHTML, like Gecko) Version/17.0 Safari/605.1.15"
168.119.80.126 - - [24/Dec/2024:17:36:35 -0500] "GET /wp-content/plugins/siteorigin-panels/js/styling.min.js?ver=2.31.3 HTTP/1.1" 200 474 "https://misswavenigeria.com/" "Mozilla/5.0 (Macintosh; Intel Mac OS X 10_15_7) AppleWebKit/605.1.15 (KHTML, like Gecko) Version/17.0 Safari/605.1.15"
168.119.80.126 - - [24/Dec/2024:17:36:35 -0500] "GET /wp-content/uploads/2023/10/Constetants-3-1-600x600.jpg HTTP/1.1" 200 52470 "https://misswavenigeria.com/" "Mozilla/5.0 (Macintosh; Intel Mac OS X 10_15_7) AppleWebKit/605.1.15 (KHTML, like Gecko) Version/17.0 Safari/605.1.15"
168.119.80.126 - - [24/Dec/2024:17:36:35 -0500] "GET /wp-content/uploads/2023/10/Constetant-1-600x600.jpg HTTP/1.1" 200 51612 "https://misswavenigeria.com/" "Mozilla/5.0 (Macintosh; Intel Mac OS X 10_15_7) AppleWebKit/605.1.15 (KHTML, like Gecko) Version/17.0 Safari/605.1.15"
168.119.80.126 - - [24/Dec/2024:17:36:35 -0500] "GET /wp-content/uploads/2023/10/Constetants-1-600x600.jpg HTTP/1.1" 200 48948 "https://misswavenigeria.com/" "Mozilla/5.0 (Macintosh; Intel Mac OS X 10_15_7) AppleWebKit/605.1.15 (KHTML, like Gecko) Version/17.0 Safari/605.1.15"
168.119.80.126 - - [24/Dec/2024:17:36:35 -0500] "GET /wp-content/uploads/2023/10/Constetants-600x600.jpg HTTP/1.1" 200 48447 "https://misswavenigeria.com/" "Mozilla/5.0 (Macintosh; Intel Mac OS X 10_15_7) AppleWebKit/605.1.15 (KHTML, like Gecko) Version/17.0 Safari/605.1.15"
168.119.80.126 - - [24/Dec/2024:17:36:35 -0500] "GET /wp-content/uploads/2023/10/Constetant-600x600.jpg HTTP/1.1" 200 57946 "https://misswavenigeria.com/" "Mozilla/5.0 (Macintosh; Intel Mac OS X 10_15_7) AppleWebKit/605.1.15 (KHTML, like Gecko) Version/17.0 Safari/605.1.15"
168.119.80.126 - - [24/Dec/2024:17:36:35 -0500] "GET /wp-content/uploads/2023/10/Constetants-3-600x600.jpg HTTP/1.1" 200 53527 "https://misswavenigeria.com/" "Mozilla/5.0 (Macintosh; Intel Mac OS X 10_15_7) AppleWebKit/605.1.15 (KHTML, like Gecko) Version/17.0 Safari/605.1.15"
168.119.80.126 - - [24/Dec/2024:17:36:35 -0500] "GET /wp-content/uploads/2023/10/Constetants-2-600x600.jpg HTTP/1.1" 200 45252 "https://misswavenigeria.com/" "Mozilla/5.0 (Macintosh; Intel Mac OS X 10_15_7) AppleWebKit/605.1.15 (KHTML, like Gecko) Version/17.0 Safari/605.1.15"
168.119.80.126 - - [24/Dec/2024:17:36:35 -0500] "GET /wp-content/uploads/2023/10/Constetants-6-600x600.jpg HTTP/1.1" 200 49275 "https://misswavenigeria.com/" "Mozilla/5.0 (Macintosh; Intel Mac OS X 10_15_7) AppleWebKit/605.1.15 (KHTML, like Gecko) Version/17.0 Safari/605.1.15"
168.119.80.126 - - [24/Dec/2024:17:36:35 -0500] "GET /wp-content/uploads/2023/10/Constetants-7-600x600.jpg HTTP/1.1" 200 55534 "https://misswavenigeria.com/" "Mozilla/5.0 (Macintosh; Intel Mac OS X 10_15_7) AppleWebKit/605.1.15 (KHTML, like Gecko) Version/17.0 Safari/605.1.15"
168.119.80.126 - - [24/Dec/2024:17:36:35 -0500] "GET /wp-content/uploads/2023/10/Constetants-5-600x600.jpg HTTP/1.1" 200 61065 "https://misswavenigeria.com/" "Mozilla/5.0 (Macintosh; Intel Mac OS X 10_15_7) AppleWebKit/605.1.15 (KHTML, like Gecko) Version/17.0 Safari/605.1.15"
168.119.80.126 - - [24/Dec/2024:17:36:35 -0500] "GET /wp-content/uploads/2023/10/Constetants-8-600x600.jpg HTTP/1.1" 200 54549 "https://misswavenigeria.com/" "Mozilla/5.0 (Macintosh; Intel Mac OS X 10_15_7) AppleWebKit/605.1.15 (KHTML, like Gecko) Version/17.0 Safari/605.1.15"
168.119.80.126 - - [24/Dec/2024:17:36:35 -0500] "GET /wp-content/uploads/2023/10/Constetants-11-600x600.jpg HTTP/1.1" 200 51538 "https://misswavenigeria.com/" "Mozilla/5.0 (Macintosh; Intel Mac OS X 10_15_7) AppleWebKit/605.1.15 (KHTML, like Gecko) Version/17.0 Safari/605.1.15"
168.119.80.126 - - [24/Dec/2024:17:36:35 -0500] "GET /wp-content/uploads/2023/10/Constetants-12-600x600.jpg HTTP/1.1" 200 47833 "https://misswavenigeria.com/" "Mozilla/5.0 (Macintosh; Intel Mac OS X 10_15_7) AppleWebKit/605.1.15 (KHTML, like Gecko) Version/17.0 Safari/605.1.15"
168.119.80.126 - - [24/Dec/2024:17:36:35 -0500] "GET /wp-content/uploads/2023/10/Constetants-13-600x600.jpg HTTP/1.1" 200 48972 "https://misswavenigeria.com/" "Mozilla/5.0 (Macintosh; Intel Mac OS X 10_15_7) AppleWebKit/605.1.15 (KHTML, like Gecko) Version/17.0 Safari/605.1.15"
168.119.80.126 - - [24/Dec/2024:17:36:35 -0500] "GET /wp-content/uploads/2023/10/Constetants-10-600x600.jpg HTTP/1.1" 200 48662 "https://misswavenigeria.com/" "Mozilla/5.0 (Macintosh; Intel Mac OS X 10_15_7) AppleWebKit/605.1.15 (KHTML, like Gecko) Version/17.0 Safari/605.1.15"
168.119.80.126 - - [24/Dec/2024:17:36:35 -0500] "GET /wp-content/uploads/2023/09/0K4A4057-240x300.jpg HTTP/1.1" 200 9524 "https://misswavenigeria.com/" "Mozilla/5.0 (Macintosh; Intel Mac OS X 10_15_7) AppleWebKit/605.1.15 (KHTML, like Gecko) Version/17.0 Safari/605.1.15"
168.119.80.126 - - [24/Dec/2024:17:36:35 -0500] "GET /wp-content/uploads/2023/10/Constetants-16-600x600.jpg HTTP/1.1" 200 53463 "https://misswavenigeria.com/" "Mozilla/5.0 (Macintosh; Intel Mac OS X 10_15_7) AppleWebKit/605.1.15 (KHTML, like Gecko) Version/17.0 Safari/605.1.15"
168.119.80.126 - - [24/Dec/2024:17:36:35 -0500] "GET /wp-content/uploads/2023/09/0K4A4111-240x300.jpg HTTP/1.1" 200 17899 "https://misswavenigeria.com/" "Mozilla/5.0 (Macintosh; Intel Mac OS X 10_15_7) AppleWebKit/605.1.15 (KHTML, like Gecko) Version/17.0 Safari/605.1.15"
168.119.80.126 - - [24/Dec/2024:17:36:35 -0500] "GET /wp-content/uploads/2023/10/Blessing-Miss-Abia-600x600.png HTTP/1.1" 200 373837 "https://misswavenigeria.com/" "Mozilla/5.0 (Macintosh; Intel Mac OS X 10_15_7) AppleWebKit/605.1.15 (KHTML, like Gecko) Version/17.0 Safari/605.1.15"
168.119.80.126 - - [24/Dec/2024:17:36:35 -0500] "GET /wp-content/plugins/so-widgets-bundle/base/inc/shapes/images/circle.svg HTTP/1.1" 200 184 "https://misswavenigeria.com/wp-content/uploads/siteorigin-widgets/sow-image-default-8426ad51307f-318.css?ver=6.7.1" "Mozilla/5.0 (Macintosh; Intel Mac OS X 10_15_7) AppleWebKit/605.1.15 (KHTML, like Gecko) Version/17.0 Safari/605.1.15"
168.119.80.126 - - [24/Dec/2024:17:36:36 -0500] "GET /wp-content/uploads/2016/02/IMG_0051-e1693136009722.png HTTP/1.1" 200 7771 "https://misswavenigeria.com/" "Mozilla/5.0 (Macintosh; Intel Mac OS X 10_15_7) AppleWebKit/605.1.15 (KHTML, like Gecko) Version/17.0 Safari/605.1.15"
168.119.80.126 - - [24/Dec/2024:17:36:36 -0500] "GET /wp-content/themes/ombre/fonts/raleway-regular-webfont.woff HTTP/1.1" 200 29948 "https://misswavenigeria.com/wp-content/themes/ombre/style.css?ver=6.7.1" "Mozilla/5.0 (Macintosh; Intel Mac OS X 10_15_7) AppleWebKit/605.1.15 (KHTML, like Gecko) Version/17.0 Safari/605.1.15"
168.119.80.126 - - [24/Dec/2024:17:36:36 -0500] "GET /wp-content/uploads/2023/08/Logo-1-1-1-scaled-e1693135379702-1024x895.jpg HTTP/1.1" 200 57805 "https://misswavenigeria.com/" "Mozilla/5.0 (Macintosh; Intel Mac OS X 10_15_7) AppleWebKit/605.1.15 (KHTML, like Gecko) Version/17.0 Safari/605.1.15"
168.119.80.126 - - [24/Dec/2024:17:36:36 -0500] "GET /wp-content/themes/ombre/fonts/raleway-bold-webfont.woff HTTP/1.1" 200 30012 "https://misswavenigeria.com/wp-content/themes/ombre/style.css?ver=6.7.1" "Mozilla/5.0 (Macintosh; Intel Mac OS X 10_15_7) AppleWebKit/605.1.15 (KHTML, like Gecko) Version/17.0 Safari/605.1.15"
168.119.80.126 - - [24/Dec/2024:17:36:36 -0500] "GET /wp-content/themes/ombre/fonts/fontawesome-webfont.woff2?v=4.5.0 HTTP/1.1" 200 66624 "https://misswavenigeria.com/wp-content/themes/ombre/css/font-awesome.min.css?ver=1.0" "Mozilla/5.0 (Macintosh; Intel Mac OS X 10_15_7) AppleWebKit/605.1.15 (KHTML, like Gecko) Version/17.0 Safari/605.1.15"
168.119.80.126 - - [24/Dec/2024:17:36:37 -0500] "GET /wp-includes/js/wp-emoji-release.min.js?ver=6.7.1 HTTP/1.1" 200 4676 "https://misswavenigeria.com/" "Mozilla/5.0 (Macintosh; Intel Mac OS X 10_15_7) AppleWebKit/605.1.15 (KHTML, like Gecko) Version/17.0 Safari/605.1.15"
168.119.80.126 - - [24/Dec/2024:17:36:37 -0500] "GET /wp-content/uploads/2023/08/IMG_4610-scaled.jpg HTTP/1.1" 200 550959 "https://misswavenigeria.com/" "Mozilla/5.0 (Macintosh; Intel Mac OS X 10_15_7) AppleWebKit/605.1.15 (KHTML, like Gecko) Version/17.0 Safari/605.1.15"
168.119.80.126 - - [24/Dec/2024:17:36:38 -0500] "GET /wp-content/themes/ombre/images/left.png HTTP/1.1" 200 272 "https://misswavenigeria.com/" "Mozilla/5.0 (Macintosh; Intel Mac OS X 10_15_7) AppleWebKit/605.1.15 (KHTML, like Gecko) Version/17.0 Safari/605.1.15"
168.119.80.126 - - [24/Dec/2024:17:36:38 -0500] "GET /wp-content/themes/ombre/images/right.png HTTP/1.1" 200 276 "https://misswavenigeria.com/" "Mozilla/5.0 (Macintosh; Intel Mac OS X 10_15_7) AppleWebKit/605.1.15 (KHTML, like Gecko) Version/17.0 Safari/605.1.15"
168.119.80.126 - - [24/Dec/2024:17:36:38 -0500] "GET /wp-content/themes/ombre/images/playpause.png HTTP/1.1" 200 951 "https://misswavenigeria.com/" "Mozilla/5.0 (Macintosh; Intel Mac OS X 10_15_7) AppleWebKit/605.1.15 (KHTML, like Gecko) Version/17.0 Safari/605.1.15"
168.119.80.126 - - [24/Dec/2024:17:36:52 -0500] "GET /wp-includes/css/dist/block-library/style.min.css?ver=6.7.1 HTTP/1.1" 200 14225 "https://misswavenigeria.com/" "Mozilla/5.0 (Macintosh; Intel Mac OS X 10_15_7) AppleWebKit/605.1.15 (KHTML, like Gecko) Version/17.0 Safari/605.1.15"
168.119.80.126 - - [24/Dec/2024:17:36:52 -0500] "GET /wp-content/plugins/contact-form-7/includes/css/styles.css?ver=6.0.2 HTTP/1.1" 200 890 "https://misswavenigeria.com/" "Mozilla/5.0 (Macintosh; Intel Mac OS X 10_15_7) AppleWebKit/605.1.15 (KHTML, like Gecko) Version/17.0 Safari/605.1.15"
168.119.80.126 - - [24/Dec/2024:17:36:52 -0500] "GET /wp-content/plugins/ombre-features/css/ecwid.css?ver=1.0 HTTP/1.1" 200 4175 "https://misswavenigeria.com/" "Mozilla/5.0 (Macintosh; Intel Mac OS X 10_15_7) AppleWebKit/605.1.15 (KHTML, like Gecko) Version/17.0 Safari/605.1.15"
168.119.80.126 - - [24/Dec/2024:17:36:52 -0500] "GET /wp-content/plugins/siteorigin-panels/css/front-flex.min.css?ver=2.31.3 HTTP/1.1" 200 449 "https://misswavenigeria.com/" "Mozilla/5.0 (Macintosh; Intel Mac OS X 10_15_7) AppleWebKit/605.1.15 (KHTML, like Gecko) Version/17.0 Safari/605.1.15"
168.119.80.126 - - [24/Dec/2024:17:36:52 -0500] "GET /wp-content/uploads/siteorigin-widgets/sow-headline-default-b746fb77f7bc-318.css?ver=6.7.1 HTTP/1.1" 200 324 "https://misswavenigeria.com/" "Mozilla/5.0 (Macintosh; Intel Mac OS X 10_15_7) AppleWebKit/605.1.15 (KHTML, like Gecko) Version/17.0 Safari/605.1.15"
168.119.80.126 - - [24/Dec/2024:17:36:52 -0500] "GET /wp-content/uploads/siteorigin-widgets/sow-headline-default-08fadcf72d92-318.css?ver=6.7.1 HTTP/1.1" 200 311 "https://misswavenigeria.com/" "Mozilla/5.0 (Macintosh; Intel Mac OS X 10_15_7) AppleWebKit/605.1.15 (KHTML, like Gecko) Version/17.0 Safari/605.1.15"
168.119.80.126 - - [24/Dec/2024:17:36:52 -0500] "GET /wp-content/uploads/siteorigin-widgets/sow-image-default-8426ad51307f-318.css?ver=6.7.1 HTTP/1.1" 200 293 "https://misswavenigeria.com/" "Mozilla/5.0 (Macintosh; Intel Mac OS X 10_15_7) AppleWebKit/605.1.15 (KHTML, like Gecko) Version/17.0 Safari/605.1.15"
168.119.80.126 - - [24/Dec/2024:17:36:52 -0500] "GET /wp-content/uploads/siteorigin-widgets/sow-headline-default-86b83ee97e00-318.css?ver=6.7.1 HTTP/1.1" 200 309 "https://misswavenigeria.com/" "Mozilla/5.0 (Macintosh; Intel Mac OS X 10_15_7) AppleWebKit/605.1.15 (KHTML, like Gecko) Version/17.0 Safari/605.1.15"
168.119.80.126 - - [24/Dec/2024:17:36:52 -0500] "GET /wp-content/uploads/siteorigin-widgets/sow-headline-default-8a22fb329b39-318.css?ver=6.7.1 HTTP/1.1" 200 324 "https://misswavenigeria.com/" "Mozilla/5.0 (Macintosh; Intel Mac OS X 10_15_7) AppleWebKit/605.1.15 (KHTML, like Gecko) Version/17.0 Safari/605.1.15"
168.119.80.126 - - [24/Dec/2024:17:36:52 -0500] "GET /wp-content/uploads/siteorigin-widgets/sow-image-grid-default-8bf08a9600e8-318.css?ver=6.7.1 HTTP/1.1" 200 207 "https://misswavenigeria.com/" "Mozilla/5.0 (Macintosh; Intel Mac OS X 10_15_7) AppleWebKit/605.1.15 (KHTML, like Gecko) Version/17.0 Safari/605.1.15"
168.119.80.126 - - [24/Dec/2024:17:36:52 -0500] "GET /wp-content/themes/ombre/css/normalize.css?ver=1.0 HTTP/1.1" 200 883 "https://misswavenigeria.com/" "Mozilla/5.0 (Macintosh; Intel Mac OS X 10_15_7) AppleWebKit/605.1.15 (KHTML, like Gecko) Version/17.0 Safari/605.1.15"
168.119.80.126 - - [24/Dec/2024:17:36:52 -0500] "GET /wp-content/themes/ombre/css/fakeloader.css?ver=1.0 HTTP/1.1" 200 1275 "https://misswavenigeria.com/" "Mozilla/5.0 (Macintosh; Intel Mac OS X 10_15_7) AppleWebKit/605.1.15 (KHTML, like Gecko) Version/17.0 Safari/605.1.15"
168.119.80.126 - - [24/Dec/2024:17:36:52 -0500] "GET /wp-content/themes/ombre/css/animations.css?ver=1.0 HTTP/1.1" 200 1240 "https://misswavenigeria.com/" "Mozilla/5.0 (Macintosh; Intel Mac OS X 10_15_7) AppleWebKit/605.1.15 (KHTML, like Gecko) Version/17.0 Safari/605.1.15"
168.119.80.126 - - [24/Dec/2024:17:36:52 -0500] "GET /wp-content/themes/ombre/css/font-awesome.min.css?ver=1.0 HTTP/1.1" 200 5878 "https://misswavenigeria.com/" "Mozilla/5.0 (Macintosh; Intel Mac OS X 10_15_7) AppleWebKit/605.1.15 (KHTML, like Gecko) Version/17.0 Safari/605.1.15"
168.119.80.126 - - [24/Dec/2024:17:36:52 -0500] "GET /wp-content/themes/ombre/css/tooltipster.css?ver=1.0 HTTP/1.1" 200 1473 "https://misswavenigeria.com/" "Mozilla/5.0 (Macintosh; Intel Mac OS X 10_15_7) AppleWebKit/605.1.15 (KHTML, like Gecko) Version/17.0 Safari/605.1.15"
168.119.80.126 - - [24/Dec/2024:17:36:52 -0500] "GET /wp-content/themes/ombre/style.css?ver=6.7.1 HTTP/1.1" 200 9709 "https://misswavenigeria.com/" "Mozilla/5.0 (Macintosh; Intel Mac OS X 10_15_7) AppleWebKit/605.1.15 (KHTML, like Gecko) Version/17.0 Safari/605.1.15"
168.119.80.126 - - [24/Dec/2024:17:36:52 -0500] "GET /wp-content/themes/ombre/css/skin.css?ver=1.0 HTTP/1.1" 200 3161 "https://misswavenigeria.com/" "Mozilla/5.0 (Macintosh; Intel Mac OS X 10_15_7) AppleWebKit/605.1.15 (KHTML, like Gecko) Version/17.0 Safari/605.1.15"
168.119.80.126 - - [24/Dec/2024:17:36:52 -0500] "GET /wp-includes/css/dashicons.min.css?ver=6.7.1 HTTP/1.1" 200 35110 "https://misswavenigeria.com/" "Mozilla/5.0 (Macintosh; Intel Mac OS X 10_15_7) AppleWebKit/605.1.15 (KHTML, like Gecko) Version/17.0 Safari/605.1.15"
168.119.80.126 - - [24/Dec/2024:17:36:52 -0500] "GET /wp-content/plugins/event-tickets/common/src/resources/css/variables-skeleton.min.css?ver=6.4.1 HTTP/1.1" 200 903 "https://misswavenigeria.com/" "Mozilla/5.0 (Macintosh; Intel Mac OS X 10_15_7) AppleWebKit/605.1.15 (KHTML, like Gecko) Version/17.0 Safari/605.1.15"
168.119.80.126 - - [24/Dec/2024:17:36:52 -0500] "GET /wp-content/plugins/event-tickets/common/src/resources/css/variables-full.min.css?ver=6.4.1 HTTP/1.1" 200 469 "https://misswavenigeria.com/" "Mozilla/5.0 (Macintosh; Intel Mac OS X 10_15_7) AppleWebKit/605.1.15 (KHTML, like Gecko) Version/17.0 Safari/605.1.15"
168.119.80.126 - - [24/Dec/2024:17:36:52 -0500] "GET /wp-content/plugins/event-tickets/common/src/resources/css/common-skeleton.min.css?ver=6.4.1 HTTP/1.1" 200 2230 "https://misswavenigeria.com/" "Mozilla/5.0 (Macintosh; Intel Mac OS X 10_15_7) AppleWebKit/605.1.15 (KHTML, like Gecko) Version/17.0 Safari/605.1.15"
168.119.80.126 - - [24/Dec/2024:17:36:52 -0500] "GET /wp-content/plugins/event-tickets/common/src/resources/css/common-full.min.css?ver=6.4.1 HTTP/1.1" 200 3924 "https://misswavenigeria.com/" "Mozilla/5.0 (Macintosh; Intel Mac OS X 10_15_7) AppleWebKit/605.1.15 (KHTML, like Gecko) Version/17.0 Safari/605.1.15"
168.119.80.126 - - [24/Dec/2024:17:36:52 -0500] "GET /wp-content/plugins/event-tickets/src/resources/css/tickets.min.css?ver=5.18.0 HTTP/1.1" 200 3758 "https://misswavenigeria.com/" "Mozilla/5.0 (Macintosh; Intel Mac OS X 10_15_7) AppleWebKit/605.1.15 (KHTML, like Gecko) Version/17.0 Safari/605.1.15"
168.119.80.126 - - [24/Dec/2024:17:36:52 -0500] "GET /wp-content/plugins/event-tickets/src/resources/css/rsvp-v1.min.css?ver=5.18.0 HTTP/1.1" 200 3076 "https://misswavenigeria.com/" "Mozilla/5.0 (Macintosh; Intel Mac OS X 10_15_7) AppleWebKit/605.1.15 (KHTML, like Gecko) Version/17.0 Safari/605.1.15"
168.119.80.126 - - [24/Dec/2024:17:36:52 -0500] "GET /wp-content/plugins/event-tickets/src/resources/css/rsvp.min.css?ver=5.18.0 HTTP/1.1" 200 3290 "https://misswavenigeria.com/" "Mozilla/5.0 (Macintosh; Intel Mac OS X 10_15_7) AppleWebKit/605.1.15 (KHTML, like Gecko) Version/17.0 Safari/605.1.15"
168.119.80.126 - - [24/Dec/2024:17:36:52 -0500] "GET /wp-content/plugins/ombre-features/css/lightgallery.css?ver=1.0 HTTP/1.1" 200 5579 "https://misswavenigeria.com/" "Mozilla/5.0 (Macintosh; Intel Mac OS X 10_15_7) AppleWebKit/605.1.15 (KHTML, like Gecko) Version/17.0 Safari/605.1.15"
168.119.80.126 - - [24/Dec/2024:17:36:52 -0500] "GET /wp-content/plugins/ombre-features/css/owl.css?ver=1.0 HTTP/1.1" 200 1286 "https://misswavenigeria.com/" "Mozilla/5.0 (Macintosh; Intel Mac OS X 10_15_7) AppleWebKit/605.1.15 (KHTML, like Gecko) Version/17.0 Safari/605.1.15"
168.119.80.126 - - [24/Dec/2024:17:36:52 -0500] "GET /wp-content/plugins/ombre-features/css/colorbox.css?ver=1.0 HTTP/1.1" 200 1093 "https://misswavenigeria.com/" "Mozilla/5.0 (Macintosh; Intel Mac OS X 10_15_7) AppleWebKit/605.1.15 (KHTML, like Gecko) Version/17.0 Safari/605.1.15"
168.119.80.126 - - [24/Dec/2024:17:36:52 -0500] "GET /wp-content/plugins/ombre-features/css/nerveslider.css?ver=1.0 HTTP/1.1" 200 1423 "https://misswavenigeria.com/" "Mozilla/5.0 (Macintosh; Intel Mac OS X 10_15_7) AppleWebKit/605.1.15 (KHTML, like Gecko) Version/17.0 Safari/605.1.15"
168.119.80.126 - - [24/Dec/2024:17:36:52 -0500] "GET /wp-content/plugins/ombre-features/css/style.css?ver=1.0 HTTP/1.1" 200 4180 "https://misswavenigeria.com/" "Mozilla/5.0 (Macintosh; Intel Mac OS X 10_15_7) AppleWebKit/605.1.15 (KHTML, like Gecko) Version/17.0 Safari/605.1.15"
168.119.80.126 - - [24/Dec/2024:17:37:07 -0500] "GET /wp-content/themes/ombre/fonts/raleway-bold-webfont.woff HTTP/1.1" 200 30012 "https://misswavenigeria.com/" "Mozilla/5.0 (Macintosh; Intel Mac OS X 10_15_7) AppleWebKit/605.1.15 (KHTML, like Gecko) Version/17.0 Safari/605.1.15"
168.119.80.126 - - [24/Dec/2024:17:37:07 -0500] "GET /wp-content/themes/ombre/fonts/raleway-regular-webfont.woff HTTP/1.1" 200 29948 "https://misswavenigeria.com/" "Mozilla/5.0 (Macintosh; Intel Mac OS X 10_15_7) AppleWebKit/605.1.15 (KHTML, like Gecko) Version/17.0 Safari/605.1.15"
168.119.80.126 - - [24/Dec/2024:17:37:07 -0500] "GET /wp-content/plugins/ombre-features/css/fonts/lg.woff?n1z373 HTTP/1.1" 200 3956 "https://misswavenigeria.com/" "Mozilla/5.0 (Macintosh; Intel Mac OS X 10_15_7) AppleWebKit/605.1.15 (KHTML, like Gecko) Version/17.0 Safari/605.1.15"
168.119.80.126 - - [24/Dec/2024:17:37:07 -0500] "GET /wp-includes/fonts/dashicons.ttf?99ac726223c749443b642ce33df8b800 HTTP/1.1" 200 56392 "https://misswavenigeria.com/" "Mozilla/5.0 (Macintosh; Intel Mac OS X 10_15_7) AppleWebKit/605.1.15 (KHTML, like Gecko) Version/17.0 Safari/605.1.15"
168.119.80.126 - - [24/Dec/2024:17:37:08 -0500] "GET /wp-content/themes/ombre/fonts/raleway-bold-webfont.ttf HTTP/1.1" 200 53196 "https://misswavenigeria.com/" "Mozilla/5.0 (Macintosh; Intel Mac OS X 10_15_7) AppleWebKit/605.1.15 (KHTML, like Gecko) Version/17.0 Safari/605.1.15"
168.119.80.126 - - [24/Dec/2024:17:37:08 -0500] "GET /wp-content/themes/ombre/fonts/raleway-regular-webfont.ttf HTTP/1.1" 200 53864 "https://misswavenigeria.com/" "Mozilla/5.0 (Macintosh; Intel Mac OS X 10_15_7) AppleWebKit/605.1.15 (KHTML, like Gecko) Version/17.0 Safari/605.1.15"
168.119.80.126 - - [24/Dec/2024:17:37:09 -0500] "GET /wp-content/plugins/ombre-features/css/fonts/lg.ttf?n1z373 HTTP/1.1" 200 3880 "https://misswavenigeria.com/" "Mozilla/5.0 (Macintosh; Intel Mac OS X 10_15_7) AppleWebKit/605.1.15 (KHTML, like Gecko) Version/17.0 Safari/605.1.15"
165.231.182.61 - - [24/Dec/2024:17:37:46 -0500] "GET / HTTP/1.0" 200 109053 "https://misswavenigeria.com/" "Mozilla/5.0 (Windows NT 6.1; WOW64) AppleWebKit/537.36 (KHTML, like Gecko) Chrome/103.0.0.0 Safari/537.36"
165.231.182.61 - - [24/Dec/2024:17:37:48 -0500] "GET /register/ HTTP/1.0" 200 75922 "https://misswavenigeria.com/register/" "Mozilla/5.0 (Windows NT 6.1; WOW64) AppleWebKit/537.36 (KHTML, like Gecko) Chrome/103.0.0.0 Safari/537.36"
66.29.132.124 - - [24/Dec/2024:17:37:52 -0500] "POST /wp-cron.php?doing_wp_cron=1735079872.1251161098480224609375 HTTP/1.1" 200 0 "-" "WordPress/6.7.1; https://misswavenigeria.com"
66.29.132.124 - - [24/Dec/2024:17:37:52 -0500] "POST /wp-admin/admin-ajax.php?action=async_litespeed&nonce=VsWjHWUlEShrnvIxVKQUEJuhujwNVP0J&litespeed_type=imgoptm HTTP/1.1" 200 21 "-" "WordPress/6.7.1; https://misswavenigeria.com"
165.231.182.61 - - [24/Dec/2024:17:37:50 -0500] "POST /register/ HTTP/1.0" 200 76048 "https://misswavenigeria.com/register/" "Mozilla/5.0 (Windows NT 6.1; WOW64) AppleWebKit/537.36 (KHTML, like Gecko) Chrome/103.0.0.0 Safari/537.36"
66.29.132.124 - - [24/Dec/2024:17:39:08 -0500] "POST /wp-cron.php?doing_wp_cron=1735079948.3213069438934326171875 HTTP/1.1" 200 0 "-" "WordPress/6.7.1; https://misswavenigeria.com"
165.231.182.61 - - [24/Dec/2024:17:39:08 -0500] "GET /register/ HTTP/1.0" 200 75922 "https://misswavenigeria.com/" "Mozilla/5.0 (Windows NT 6.1; WOW64) AppleWebKit/537.36 (KHTML, like Gecko) Chrome/103.0.0.0 Safari/537.36"
66.29.132.124 - - [24/Dec/2024:17:39:08 -0500] "POST /wp-admin/admin-ajax.php?action=async_litespeed&nonce=Azpk3Bb7o5mUsz7q5aFP8oYupNGGwcmP&litespeed_type=imgoptm HTTP/1.1" 200 21 "-" "WordPress/6.7.1; https://misswavenigeria.com"
66.29.132.124 - - [24/Dec/2024:17:40:52 -0500] "POST /wp-cron.php?doing_wp_cron=1735080052.7894918918609619140625 HTTP/1.1" 200 0 "-" "WordPress/6.7.1; https://misswavenigeria.com"
165.231.182.61 - - [24/Dec/2024:17:40:51 -0500] "GET / HTTP/1.0" 200 109053 "https://misswavenigeria.com/" "Mozilla/5.0 (Windows NT 10.0; Win64; x64) AppleWebKit/537.36 (KHTML, like Gecko) Chrome/103.0.5042.0 Safari/537.36"
66.29.132.124 - - [24/Dec/2024:17:40:52 -0500] "POST /wp-admin/admin-ajax.php?action=async_litespeed&nonce=Fuv3t08RwkaADUPqAt9XLj4KBthfQGEe&litespeed_type=imgoptm HTTP/1.1" 200 21 "-" "WordPress/6.7.1; https://misswavenigeria.com"
165.231.182.61 - - [24/Dec/2024:17:40:55 -0500] "GET /register/ HTTP/1.0" 200 75922 "https://misswavenigeria.com/register/" "Mozilla/5.0 (Windows NT 10.0; Win64; x64) AppleWebKit/537.36 (KHTML, like Gecko) Chrome/103.0.5042.0 Safari/537.36"
165.231.182.61 - - [24/Dec/2024:17:40:56 -0500] "POST /register/ HTTP/1.0" 200 76048 "https://misswavenigeria.com/register/" "Mozilla/5.0 (Windows NT 10.0; Win64; x64) AppleWebKit/537.36 (KHTML, like Gecko) Chrome/103.0.5042.0 Safari/537.36"
66.29.132.124 - - [24/Dec/2024:17:42:11 -0500] "POST /wp-cron.php?doing_wp_cron=1735080131.3692760467529296875000 HTTP/1.1" 200 0 "-" "WordPress/6.7.1; https://misswavenigeria.com"
165.231.182.61 - - [24/Dec/2024:17:42:11 -0500] "GET /register/ HTTP/1.0" 200 75922 "https://misswavenigeria.com/" "Mozilla/5.0 (Windows NT 10.0; Win64; x64) AppleWebKit/537.36 (KHTML, like Gecko) Chrome/103.0.5042.0 Safari/537.36"
66.29.132.124 - - [24/Dec/2024:17:42:11 -0500] "POST /wp-admin/admin-ajax.php?action=async_litespeed&nonce=5tYjvyYEUXnm7bLDgmIPG6ctwQW9nNlK&litespeed_type=imgoptm HTTP/1.1" 200 21 "-" "WordPress/6.7.1; https://misswavenigeria.com"
66.29.132.124 - - [24/Dec/2024:17:43:52 -0500] "POST /wp-cron.php?doing_wp_cron=1735080232.3117918968200683593750 HTTP/1.1" 200 0 "-" "WordPress/6.7.1; https://misswavenigeria.com"
165.231.182.61 - - [24/Dec/2024:17:43:50 -0500] "GET / HTTP/1.0" 200 109053 "https://misswavenigeria.com/" "Mozilla/5.0 (Windows NT 10.0; Win64; x64) AppleWebKit/537.36 (KHTML, like Gecko) Chrome/103.0.5060.134 Safari/537.36"
66.29.132.124 - - [24/Dec/2024:17:43:52 -0500] "POST /wp-admin/admin-ajax.php?action=async_litespeed&nonce=cWF2zxIKe5hr31UgoWDGDgVkhZS9nFzo&litespeed_type=imgoptm HTTP/1.1" 200 21 "-" "WordPress/6.7.1; https://misswavenigeria.com"
165.231.182.61 - - [24/Dec/2024:17:43:54 -0500] "GET /register/ HTTP/1.0" 200 75922 "https://misswavenigeria.com/register/" "Mozilla/5.0 (Windows NT 10.0; Win64; x64) AppleWebKit/537.36 (KHTML, like Gecko) Chrome/103.0.5060.134 Safari/537.36"
165.231.182.61 - - [24/Dec/2024:17:43:56 -0500] "POST /register/ HTTP/1.0" 200 76048 "https://misswavenigeria.com/register/" "Mozilla/5.0 (Windows NT 10.0; Win64; x64) AppleWebKit/537.36 (KHTML, like Gecko) Chrome/103.0.5060.134 Safari/537.36"
66.29.132.124 - - [24/Dec/2024:17:45:09 -0500] "POST /wp-cron.php?doing_wp_cron=1735080309.9723958969116210937500 HTTP/1.1" 200 0 "-" "WordPress/6.7.1; https://misswavenigeria.com"
165.231.182.61 - - [24/Dec/2024:17:45:09 -0500] "GET /register/ HTTP/1.0" 200 75922 "https://misswavenigeria.com/" "Mozilla/5.0 (Windows NT 10.0; Win64; x64) AppleWebKit/537.36 (KHTML, like Gecko) Chrome/103.0.5060.134 Safari/537.36"
66.29.132.124 - - [24/Dec/2024:17:45:10 -0500] "POST /wp-admin/admin-ajax.php?action=async_litespeed&nonce=auen6CJ9cC2w9qK6GxzoeRKQ5Hyelnvz&litespeed_type=imgoptm HTTP/1.1" 200 21 "-" "WordPress/6.7.1; https://misswavenigeria.com"
66.29.132.124 - - [24/Dec/2024:17:46:49 -0500] "POST /wp-cron.php?doing_wp_cron=1735080409.0711719989776611328125 HTTP/1.1" 200 0 "-" "WordPress/6.7.1; https://misswavenigeria.com"
165.231.182.61 - - [24/Dec/2024:17:46:47 -0500] "GET / HTTP/1.0" 200 109055 "https://misswavenigeria.com/" "Mozilla/5.0 (Windows NT 6.3; Win64; x64) AppleWebKit/537.36 (KHTML, like Gecko) Chrome/103.0.5060.114 Safari/537.36"
66.29.132.124 - - [24/Dec/2024:17:46:49 -0500] "POST /wp-admin/admin-ajax.php?action=async_litespeed&nonce=QIiddbiP0Kfu1OvfNNdVO53IemuDLLVL&litespeed_type=imgoptm HTTP/1.1" 200 21 "-" "WordPress/6.7.1; https://misswavenigeria.com"
165.231.182.61 - - [24/Dec/2024:17:46:51 -0500] "GET /register/ HTTP/1.0" 200 75922 "https://misswavenigeria.com/register/" "Mozilla/5.0 (Windows NT 6.3; Win64; x64) AppleWebKit/537.36 (KHTML, like Gecko) Chrome/103.0.5060.114 Safari/537.36"
165.231.182.61 - - [24/Dec/2024:17:46:52 -0500] "POST /register/ HTTP/1.0" 200 76048 "https://misswavenigeria.com/register/" "Mozilla/5.0 (Windows NT 6.3; Win64; x64) AppleWebKit/537.36 (KHTML, like Gecko) Chrome/103.0.5060.114 Safari/537.36"
66.29.132.124 - - [24/Dec/2024:17:48:01 -0500] "POST /wp-cron.php?doing_wp_cron=1735080481.6422669887542724609375 HTTP/1.1" 200 0 "-" "WordPress/6.7.1; https://misswavenigeria.com"
165.231.182.61 - - [24/Dec/2024:17:48:01 -0500] "GET /register/ HTTP/1.0" 200 75922 "https://misswavenigeria.com/" "Mozilla/5.0 (Windows NT 6.3; Win64; x64) AppleWebKit/537.36 (KHTML, like Gecko) Chrome/103.0.5060.114 Safari/537.36"
66.29.132.124 - - [24/Dec/2024:17:48:01 -0500] "POST /wp-admin/admin-ajax.php?action=async_litespeed&nonce=3CzLMCGeZLn2mAZmSRyqYGsMRCGocRSE&litespeed_type=imgoptm HTTP/1.1" 200 21 "-" "WordPress/6.7.1; https://misswavenigeria.com"
66.29.132.124 - - [24/Dec/2024:17:49:46 -0500] "POST /wp-cron.php?doing_wp_cron=1735080586.0552380084991455078125 HTTP/1.1" 200 0 "-" "WordPress/6.7.1; https://misswavenigeria.com"
165.231.182.61 - - [24/Dec/2024:17:49:44 -0500] "GET / HTTP/1.0" 200 109055 "https://misswavenigeria.com/" "Mozilla/5.0 (Windows NT 6.3; Win64; x64) AppleWebKit/537.36 (KHTML, like Gecko) Chrome/103.0.0.0 Safari/537.36"
66.29.132.124 - - [24/Dec/2024:17:49:46 -0500] "POST /wp-admin/admin-ajax.php?action=async_litespeed&nonce=r0gdFaoeTReqY8tGUX7NvvfvTdTciGTa&litespeed_type=imgoptm HTTP/1.1" 200 21 "-" "WordPress/6.7.1; https://misswavenigeria.com"
165.231.182.61 - - [24/Dec/2024:17:49:48 -0500] "GET /register/ HTTP/1.0" 200 75922 "https://misswavenigeria.com/register/" "Mozilla/5.0 (Windows NT 6.3; Win64; x64) AppleWebKit/537.36 (KHTML, like Gecko) Chrome/103.0.0.0 Safari/537.36"
66.29.132.124 - - [24/Dec/2024:17:49:50 -0500] "POST /wp-cron.php?doing_wp_cron=1735080590.1223349571228027343750 HTTP/1.1" 200 0 "-" "WordPress/6.7.1; https://misswavenigeria.com"
66.29.132.124 - - [24/Dec/2024:17:49:50 -0500] "POST /wp-admin/admin-ajax.php?action=async_litespeed&nonce=IqV8tRGnnLu0bUFLAbdurTQAjfxIfZzS&litespeed_type=imgoptm HTTP/1.1" 200 21 "-" "WordPress/6.7.1; https://misswavenigeria.com"
165.231.182.61 - - [24/Dec/2024:17:49:49 -0500] "POST /register/ HTTP/1.0" 200 76048 "https://misswavenigeria.com/register/" "Mozilla/5.0 (Windows NT 6.3; Win64; x64) AppleWebKit/537.36 (KHTML, like Gecko) Chrome/103.0.0.0 Safari/537.36"
66.29.132.124 - - [24/Dec/2024:17:51:02 -0500] "POST /wp-cron.php?doing_wp_cron=1735080662.6333189010620117187500 HTTP/1.1" 200 0 "-" "WordPress/6.7.1; https://misswavenigeria.com"
165.231.182.61 - - [24/Dec/2024:17:51:02 -0500] "GET /register/ HTTP/1.0" 200 75922 "https://misswavenigeria.com/" "Mozilla/5.0 (Windows NT 6.3; Win64; x64) AppleWebKit/537.36 (KHTML, like Gecko) Chrome/103.0.0.0 Safari/537.36"
66.29.132.124 - - [24/Dec/2024:17:51:02 -0500] "POST /wp-admin/admin-ajax.php?action=async_litespeed&nonce=NR1kyd3MDtiA7PzYvmGkeJCTvJKXivyQ&litespeed_type=imgoptm HTTP/1.1" 200 21 "-" "WordPress/6.7.1; https://misswavenigeria.com"
66.29.132.124 - - [24/Dec/2024:17:52:06 -0500] "POST /wp-cron.php?doing_wp_cron=1735080726.8792099952697753906250 HTTP/1.1" 200 0 "-" "WordPress/6.7.1; https://misswavenigeria.com"
66.249.79.3 - - [24/Dec/2024:17:52:06 -0500] "GET /goods/Q510604?k=product HTTP/1.1" 301 0 "-" "Mozilla/5.0 (Linux; Android 6.0.1; Nexus 5X Build/MMB29P) AppleWebKit/537.36 (KHTML, like Gecko) Chrome/131.0.6778.139 Mobile Safari/537.36 (compatible; Googlebot/2.1; +http://www.google.com/bot.html)"
66.29.132.124 - - [24/Dec/2024:17:52:07 -0500] "POST /wp-admin/admin-ajax.php?action=async_litespeed&nonce=w5yFakhzTZ9uA9IHKr8b4BxgIdLEZfMB&litespeed_type=imgoptm HTTP/1.1" 200 21 "-" "WordPress/6.7.1; https://misswavenigeria.com"
66.249.68.66 - - [24/Dec/2024:17:52:07 -0500] "GET /goods/Q510604?k=product HTTP/1.1" 404 15612 "-" "Mozilla/5.0 (Linux; Android 6.0.1; Nexus 5X Build/MMB29P) AppleWebKit/537.36 (KHTML, like Gecko) Chrome/131.0.6778.139 Mobile Safari/537.36 (compatible; Googlebot/2.1; +http://www.google.com/bot.html)"
66.249.79.4 - - [24/Dec/2024:17:52:08 -0500] "GET /goods/Y396160?k=product HTTP/1.1" 301 0 "-" "Mozilla/5.0 (Linux; Android 6.0.1; Nexus 5X Build/MMB29P) AppleWebKit/537.36 (KHTML, like Gecko) Chrome/131.0.6778.139 Mobile Safari/537.36 (compatible; Googlebot/2.1; +http://www.google.com/bot.html)"
66.249.68.66 - - [24/Dec/2024:17:52:09 -0500] "GET /goods/Y396160?k=product HTTP/1.1" 404 15612 "-" "Mozilla/5.0 (Linux; Android 6.0.1; Nexus 5X Build/MMB29P) AppleWebKit/537.36 (KHTML, like Gecko) Chrome/131.0.6778.139 Mobile Safari/537.36 (compatible; Googlebot/2.1; +http://www.google.com/bot.html)"
66.249.79.3 - - [24/Dec/2024:17:52:09 -0500] "GET /goods/K364348?k=product HTTP/1.1" 301 0 "-" "Mozilla/5.0 (Linux; Android 6.0.1; Nexus 5X Build/MMB29P) AppleWebKit/537.36 (KHTML, like Gecko) Chrome/131.0.6778.139 Mobile Safari/537.36 (compatible; Googlebot/2.1; +http://www.google.com/bot.html)"
66.249.68.67 - - [24/Dec/2024:17:52:10 -0500] "GET /goods/K364348?k=product HTTP/1.1" 404 15611 "-" "Mozilla/5.0 (Linux; Android 6.0.1; Nexus 5X Build/MMB29P) AppleWebKit/537.36 (KHTML, like Gecko) Chrome/131.0.6778.139 Mobile Safari/537.36 (compatible; Googlebot/2.1; +http://www.google.com/bot.html)"
66.249.79.3 - - [24/Dec/2024:17:52:12 -0500] "GET /goods/G108140?k=product HTTP/1.1" 301 0 "-" "Mozilla/5.0 (Linux; Android 6.0.1; Nexus 5X Build/MMB29P) AppleWebKit/537.36 (KHTML, like Gecko) Chrome/131.0.6778.139 Mobile Safari/537.36 (compatible; Googlebot/2.1; +http://www.google.com/bot.html)"
66.249.79.3 - - [24/Dec/2024:17:52:12 -0500] "GET /goods/E726288?k=product HTTP/1.1" 301 0 "-" "Mozilla/5.0 (Linux; Android 6.0.1; Nexus 5X Build/MMB29P) AppleWebKit/537.36 (KHTML, like Gecko) Chrome/131.0.6778.139 Mobile Safari/537.36 (compatible; Googlebot/2.1; +http://www.google.com/bot.html)"
66.249.68.67 - - [24/Dec/2024:17:52:12 -0500] "GET /goods/G108140?k=product HTTP/1.1" 404 15611 "-" "Mozilla/5.0 (Linux; Android 6.0.1; Nexus 5X Build/MMB29P) AppleWebKit/537.36 (KHTML, like Gecko) Chrome/131.0.6778.139 Mobile Safari/537.36 (compatible; Googlebot/2.1; +http://www.google.com/bot.html)"
66.249.68.67 - - [24/Dec/2024:17:52:12 -0500] "GET /goods/E726288?k=product HTTP/1.1" 404 15610 "-" "Mozilla/5.0 (Linux; Android 6.0.1; Nexus 5X Build/MMB29P) AppleWebKit/537.36 (KHTML, like Gecko) Chrome/131.0.6778.139 Mobile Safari/537.36 (compatible; Googlebot/2.1; +http://www.google.com/bot.html)"
66.249.79.3 - - [24/Dec/2024:17:52:13 -0500] "GET /goods/B867049?k=product HTTP/1.1" 301 0 "-" "Mozilla/5.0 (Linux; Android 6.0.1; Nexus 5X Build/MMB29P) AppleWebKit/537.36 (KHTML, like Gecko) Chrome/131.0.6778.139 Mobile Safari/537.36 (compatible; Googlebot/2.1; +http://www.google.com/bot.html)"
66.249.68.67 - - [24/Dec/2024:17:52:13 -0500] "GET /goods/B867049?k=product HTTP/1.1" 404 15610 "-" "Mozilla/5.0 (Linux; Android 6.0.1; Nexus 5X Build/MMB29P) AppleWebKit/537.36 (KHTML, like Gecko) Chrome/131.0.6778.139 Mobile Safari/537.36 (compatible; Googlebot/2.1; +http://www.google.com/bot.html)"
66.249.68.66 - - [24/Dec/2024:17:52:13 -0500] "GET /goods/123140.html HTTP/1.1" 404 15610 "-" "Mozilla/5.0 (Linux; Android 6.0.1; Nexus 5X Build/MMB29P) AppleWebKit/537.36 (KHTML, like Gecko) Chrome/131.0.6778.139 Mobile Safari/537.36 (compatible; Googlebot/2.1; +http://www.google.com/bot.html)"
66.249.79.2 - - [24/Dec/2024:17:52:15 -0500] "GET /goods/S841092?k=product HTTP/1.1" 301 0 "-" "Mozilla/5.0 (Linux; Android 6.0.1; Nexus 5X Build/MMB29P) AppleWebKit/537.36 (KHTML, like Gecko) Chrome/131.0.6778.139 Mobile Safari/537.36 (compatible; Googlebot/2.1; +http://www.google.com/bot.html)"
66.249.68.67 - - [24/Dec/2024:17:52:15 -0500] "GET /goods/S841092?k=product HTTP/1.1" 404 15612 "-" "Mozilla/5.0 (Linux; Android 6.0.1; Nexus 5X Build/MMB29P) AppleWebKit/537.36 (KHTML, like Gecko) Chrome/131.0.6778.139 Mobile Safari/537.36 (compatible; Googlebot/2.1; +http://www.google.com/bot.html)"
66.249.79.2 - - [24/Dec/2024:17:52:17 -0500] "GET /goods/C128078?k=product HTTP/1.1" 301 0 "-" "Mozilla/5.0 (Linux; Android 6.0.1; Nexus 5X Build/MMB29P) AppleWebKit/537.36 (KHTML, like Gecko) Chrome/131.0.6778.139 Mobile Safari/537.36 (compatible; Googlebot/2.1; +http://www.google.com/bot.html)"
66.249.68.66 - - [24/Dec/2024:17:52:17 -0500] "GET /goods/C128078?k=product HTTP/1.1" 404 15612 "-" "Mozilla/5.0 (Linux; Android 6.0.1; Nexus 5X Build/MMB29P) AppleWebKit/537.36 (KHTML, like Gecko) Chrome/131.0.6778.139 Mobile Safari/537.36 (compatible; Googlebot/2.1; +http://www.google.com/bot.html)"
66.249.79.2 - - [24/Dec/2024:17:52:17 -0500] "GET /goods/L666495?k=product HTTP/1.1" 301 0 "-" "Mozilla/5.0 (Linux; Android 6.0.1; Nexus 5X Build/MMB29P) AppleWebKit/537.36 (KHTML, like Gecko) Chrome/131.0.6778.139 Mobile Safari/537.36 (compatible; Googlebot/2.1; +http://www.google.com/bot.html)"
66.249.68.66 - - [24/Dec/2024:17:52:18 -0500] "GET /goods/L666495?k=product HTTP/1.1" 404 15612 "-" "Mozilla/5.0 (Linux; Android 6.0.1; Nexus 5X Build/MMB29P) AppleWebKit/537.36 (KHTML, like Gecko) Chrome/131.0.6778.139 Mobile Safari/537.36 (compatible; Googlebot/2.1; +http://www.google.com/bot.html)"
66.249.79.2 - - [24/Dec/2024:17:52:19 -0500] "GET /goods/C918842?k=product HTTP/1.1" 301 0 "-" "Mozilla/5.0 (Linux; Android 6.0.1; Nexus 5X Build/MMB29P) AppleWebKit/537.36 (KHTML, like Gecko) Chrome/131.0.6778.139 Mobile Safari/537.36 (compatible; Googlebot/2.1; +http://www.google.com/bot.html)"
66.249.68.66 - - [24/Dec/2024:17:52:20 -0500] "GET /goods/C918842?k=product HTTP/1.1" 404 15611 "-" "Mozilla/5.0 (Linux; Android 6.0.1; Nexus 5X Build/MMB29P) AppleWebKit/537.36 (KHTML, like Gecko) Chrome/131.0.6778.139 Mobile Safari/537.36 (compatible; Googlebot/2.1; +http://www.google.com/bot.html)"
66.249.68.66 - - [24/Dec/2024:17:52:20 -0500] "GET /goods/355889.html HTTP/1.1" 404 15611 "-" "Mozilla/5.0 (Linux; Android 6.0.1; Nexus 5X Build/MMB29P) AppleWebKit/537.36 (KHTML, like Gecko) Chrome/131.0.6778.139 Mobile Safari/537.36 (compatible; Googlebot/2.1; +http://www.google.com/bot.html)"
66.249.79.2 - - [24/Dec/2024:17:52:20 -0500] "GET /goods/A251004?k=product HTTP/1.1" 301 0 "-" "Mozilla/5.0 (Linux; Android 6.0.1; Nexus 5X Build/MMB29P) AppleWebKit/537.36 (KHTML, like Gecko) Chrome/131.0.6778.139 Mobile Safari/537.36 (compatible; Googlebot/2.1; +http://www.google.com/bot.html)"
66.249.68.66 - - [24/Dec/2024:17:52:20 -0500] "GET /goods/A251004?k=product HTTP/1.1" 404 15611 "-" "Mozilla/5.0 (Linux; Android 6.0.1; Nexus 5X Build/MMB29P) AppleWebKit/537.36 (KHTML, like Gecko) Chrome/131.0.6778.139 Mobile Safari/537.36 (compatible; Googlebot/2.1; +http://www.google.com/bot.html)"
66.249.68.66 - - [24/Dec/2024:17:52:21 -0500] "GET /goods/419540.html HTTP/1.1" 404 15611 "-" "Mozilla/5.0 (Linux; Android 6.0.1; Nexus 5X Build/MMB29P) AppleWebKit/537.36 (KHTML, like Gecko) Chrome/131.0.6778.139 Mobile Safari/537.36 (compatible; Googlebot/2.1; +http://www.google.com/bot.html)"
66.29.132.124 - - [24/Dec/2024:17:52:26 -0500] "POST /wp-cron.php?doing_wp_cron=1735080746.7001481056213378906250 HTTP/1.1" 200 0 "-" "WordPress/6.7.1; https://misswavenigeria.com"
66.249.79.2 - - [24/Dec/2024:17:52:26 -0500] "GET /goods/W722952?k=product HTTP/1.1" 301 0 "-" "Mozilla/5.0 (Linux; Android 6.0.1; Nexus 5X Build/MMB29P) AppleWebKit/537.36 (KHTML, like Gecko) Chrome/131.0.6778.139 Mobile Safari/537.36 (compatible; Googlebot/2.1; +http://www.google.com/bot.html)"
66.249.68.66 - - [24/Dec/2024:17:52:26 -0500] "GET /goods/W722952?k=product HTTP/1.1" 404 15612 "-" "Mozilla/5.0 (Linux; Android 6.0.1; Nexus 5X Build/MMB29P) AppleWebKit/537.36 (KHTML, like Gecko) Chrome/131.0.6778.139 Mobile Safari/537.36 (compatible; Googlebot/2.1; +http://www.google.com/bot.html)"
66.249.79.2 - - [24/Dec/2024:17:52:31 -0500] "GET /goods/Q788700?k=product HTTP/1.1" 301 0 "-" "Mozilla/5.0 (Linux; Android 6.0.1; Nexus 5X Build/MMB29P) AppleWebKit/537.36 (KHTML, like Gecko) Chrome/131.0.6778.139 Mobile Safari/537.36 (compatible; Googlebot/2.1; +http://www.google.com/bot.html)"
66.249.68.66 - - [24/Dec/2024:17:52:32 -0500] "GET /goods/Q788700?k=product HTTP/1.1" 404 15610 "-" "Mozilla/5.0 (Linux; Android 6.0.1; Nexus 5X Build/MMB29P) AppleWebKit/537.36 (KHTML, like Gecko) Chrome/131.0.6778.139 Mobile Safari/537.36 (compatible; Googlebot/2.1; +http://www.google.com/bot.html)"
66.249.79.2 - - [24/Dec/2024:17:52:33 -0500] "GET /goods/R944649?k=product HTTP/1.1" 301 0 "-" "Mozilla/5.0 (Linux; Android 6.0.1; Nexus 5X Build/MMB29P) AppleWebKit/537.36 (KHTML, like Gecko) Chrome/131.0.6778.139 Mobile Safari/537.36 (compatible; Googlebot/2.1; +http://www.google.com/bot.html)"
66.249.68.66 - - [24/Dec/2024:17:52:33 -0500] "GET /goods/R944649?k=product HTTP/1.1" 404 15610 "-" "Mozilla/5.0 (Linux; Android 6.0.1; Nexus 5X Build/MMB29P) AppleWebKit/537.36 (KHTML, like Gecko) Chrome/131.0.6778.139 Mobile Safari/537.36 (compatible; Googlebot/2.1; +http://www.google.com/bot.html)"
66.249.79.2 - - [24/Dec/2024:17:52:35 -0500] "GET /goods/E846616?k=product HTTP/1.1" 301 0 "-" "Mozilla/5.0 (Linux; Android 6.0.1; Nexus 5X Build/MMB29P) AppleWebKit/537.36 (KHTML, like Gecko) Chrome/131.0.6778.139 Mobile Safari/537.36 (compatible; Googlebot/2.1; +http://www.google.com/bot.html)"
66.249.68.66 - - [24/Dec/2024:17:52:35 -0500] "GET /goods/E846616?k=product HTTP/1.1" 404 15610 "-" "Mozilla/5.0 (Linux; Android 6.0.1; Nexus 5X Build/MMB29P) AppleWebKit/537.36 (KHTML, like Gecko) Chrome/131.0.6778.139 Mobile Safari/537.36 (compatible; Googlebot/2.1; +http://www.google.com/bot.html)"
66.249.79.2 - - [24/Dec/2024:17:52:35 -0500] "GET /goods/P141195?k=product HTTP/1.1" 301 0 "-" "Mozilla/5.0 (Linux; Android 6.0.1; Nexus 5X Build/MMB29P) AppleWebKit/537.36 (KHTML, like Gecko) Chrome/131.0.6778.139 Mobile Safari/537.36 (compatible; Googlebot/2.1; +http://www.google.com/bot.html)"
66.249.68.66 - - [24/Dec/2024:17:52:35 -0500] "GET /goods/P141195?k=product HTTP/1.1" 404 15610 "-" "Mozilla/5.0 (Linux; Android 6.0.1; Nexus 5X Build/MMB29P) AppleWebKit/537.36 (KHTML, like Gecko) Chrome/131.0.6778.139 Mobile Safari/537.36 (compatible; Googlebot/2.1; +http://www.google.com/bot.html)"
66.249.68.66 - - [24/Dec/2024:17:52:36 -0500] "GET /goods/54444.html HTTP/1.1" 404 15610 "-" "Mozilla/5.0 (Linux; Android 6.0.1; Nexus 5X Build/MMB29P) AppleWebKit/537.36 (KHTML, like Gecko) Chrome/131.0.6778.139 Mobile Safari/537.36 (compatible; Googlebot/2.1; +http://www.google.com/bot.html)"
165.231.182.61 - - [24/Dec/2024:17:52:43 -0500] "GET / HTTP/1.0" 200 109055 "https://misswavenigeria.com/" "Mozilla/5.0 (Windows NT 6.1; Win64; x64) AppleWebKit/537.36 (KHTML, like Gecko) Chrome/103.0.5060.114 Safari/537.36"
66.249.79.2 - - [24/Dec/2024:17:52:44 -0500] "GET /goods/W927468?k=product HTTP/1.1" 301 0 "-" "Mozilla/5.0 (Linux; Android 6.0.1; Nexus 5X Build/MMB29P) AppleWebKit/537.36 (KHTML, like Gecko) Chrome/131.0.6778.139 Mobile Safari/537.36 (compatible; Googlebot/2.1; +http://www.google.com/bot.html)"
66.249.68.66 - - [24/Dec/2024:17:52:45 -0500] "GET /goods/W927468?k=product HTTP/1.1" 404 15610 "-" "Mozilla/5.0 (Linux; Android 6.0.1; Nexus 5X Build/MMB29P) AppleWebKit/537.36 (KHTML, like Gecko) Chrome/131.0.6778.139 Mobile Safari/537.36 (compatible; Googlebot/2.1; +http://www.google.com/bot.html)"
66.249.79.2 - - [24/Dec/2024:17:52:45 -0500] "GET /goods/A592176?k=product HTTP/1.1" 301 0 "-" "Mozilla/5.0 (Linux; Android 6.0.1; Nexus 5X Build/MMB29P) AppleWebKit/537.36 (KHTML, like Gecko) Chrome/131.0.6778.139 Mobile Safari/537.36 (compatible; Googlebot/2.1; +http://www.google.com/bot.html)"
165.231.182.61 - - [24/Dec/2024:17:52:45 -0500] "GET /register/ HTTP/1.0" 200 75922 "https://misswavenigeria.com/register/" "Mozilla/5.0 (Windows NT 6.1; Win64; x64) AppleWebKit/537.36 (KHTML, like Gecko) Chrome/103.0.5060.114 Safari/537.36"
66.249.68.66 - - [24/Dec/2024:17:52:45 -0500] "GET /goods/A592176?k=product HTTP/1.1" 404 15610 "-" "Mozilla/5.0 (Linux; Android 6.0.1; Nexus 5X Build/MMB29P) AppleWebKit/537.36 (KHTML, like Gecko) Chrome/131.0.6778.139 Mobile Safari/537.36 (compatible; Googlebot/2.1; +http://www.google.com/bot.html)"
66.249.70.2 - - [24/Dec/2024:17:52:46 -0500] "GET /goods/X111329?k=product HTTP/1.1" 301 0 "-" "Mozilla/5.0 (Linux; Android 6.0.1; Nexus 5X Build/MMB29P) AppleWebKit/537.36 (KHTML, like Gecko) Chrome/131.0.6778.139 Mobile Safari/537.36 (compatible; Googlebot/2.1; +http://www.google.com/bot.html)"
66.249.68.66 - - [24/Dec/2024:17:52:47 -0500] "GET /goods/X111329?k=product HTTP/1.1" 404 15611 "-" "Mozilla/5.0 (Linux; Android 6.0.1; Nexus 5X Build/MMB29P) AppleWebKit/537.36 (KHTML, like Gecko) Chrome/131.0.6778.139 Mobile Safari/537.36 (compatible; Googlebot/2.1; +http://www.google.com/bot.html)"
66.249.68.66 - - [24/Dec/2024:17:52:47 -0500] "GET /goods/197386.html HTTP/1.1" 404 15611 "-" "Mozilla/5.0 (Linux; Android 6.0.1; Nexus 5X Build/MMB29P) AppleWebKit/537.36 (KHTML, like Gecko) Chrome/131.0.6778.139 Mobile Safari/537.36 (compatible; Googlebot/2.1; +http://www.google.com/bot.html)"
66.29.132.124 - - [24/Dec/2024:17:52:49 -0500] "POST /wp-cron.php?doing_wp_cron=1735080769.1162838935852050781250 HTTP/1.1" 200 0 "-" "WordPress/6.7.1; https://misswavenigeria.com"
66.249.79.2 - - [24/Dec/2024:17:52:48 -0500] "GET /goods/T802691?k=product HTTP/1.1" 301 0 "-" "Mozilla/5.0 (Linux; Android 6.0.1; Nexus 5X Build/MMB29P) AppleWebKit/537.36 (KHTML, like Gecko) Chrome/131.0.6778.139 Mobile Safari/537.36 (compatible; Googlebot/2.1; +http://www.google.com/bot.html)"
66.249.68.67 - - [24/Dec/2024:17:52:49 -0500] "GET /goods/T802691?k=product HTTP/1.1" 404 15611 "-" "Mozilla/5.0 (Linux; Android 6.0.1; Nexus 5X Build/MMB29P) AppleWebKit/537.36 (KHTML, like Gecko) Chrome/131.0.6778.139 Mobile Safari/537.36 (compatible; Googlebot/2.1; +http://www.google.com/bot.html)"
66.29.132.124 - - [24/Dec/2024:17:52:49 -0500] "POST /wp-admin/admin-ajax.php?action=async_litespeed&nonce=fz8bhf0MvWCplL5QHosVkvClufCWE8PI&litespeed_type=imgoptm HTTP/1.1" 200 21 "-" "WordPress/6.7.1; https://misswavenigeria.com"
66.249.79.2 - - [24/Dec/2024:17:52:51 -0500] "GET /goods/E231430?k=product HTTP/1.1" 301 0 "-" "Mozilla/5.0 (Linux; Android 6.0.1; Nexus 5X Build/MMB29P) AppleWebKit/537.36 (KHTML, like Gecko) Chrome/131.0.6778.139 Mobile Safari/537.36 (compatible; Googlebot/2.1; +http://www.google.com/bot.html)"
