66.249.68.67 - - [24/Dec/2024:10:09:01 -0500] "GET /goods/S342464?k=product HTTP/1.1" 404 15612 "-" "Mozilla/5.0 (Linux; Android 6.0.1; Nexus 5X Build/MMB29P) AppleWebKit/537.36 (KHTML, like Gecko) Chrome/131.0.6778.204 Mobile Safari/537.36 (compatible; Googlebot/2.1; +http://www.google.com/bot.html)"
181.214.206.129 - - [24/Dec/2024:10:07:37 -0500] "POST /register/ HTTP/1.0" 200 76048 "https://misswavenigeria.com/register/" "Mozilla/5.0 (Windows NT 6.3; Win64; x64) AppleWebKit/537.36 (KHTML, like Gecko) Chrome/103.0.5060.53 Safari/537.36"
66.29.132.124 - - [24/Dec/2024:10:09:31 -0500] "POST /wp-cron.php?doing_wp_cron=1735052971.8297100067138671875000 HTTP/1.1" 200 0 "-" "WordPress/6.7.1; https://misswavenigeria.com"
181.214.206.129 - - [24/Dec/2024:10:09:31 -0500] "GET /register/ HTTP/1.0" 200 75922 "https://misswavenigeria.com/" "Mozilla/5.0 (Windows NT 6.3; Win64; x64) AppleWebKit/537.36 (KHTML, like Gecko) Chrome/103.0.5060.53 Safari/537.36"
66.29.132.124 - - [24/Dec/2024:10:13:13 -0500] "POST /wp-cron.php?doing_wp_cron=1735053193.2236959934234619140625 HTTP/1.1" 200 0 "-" "WordPress/6.7.1; https://misswavenigeria.com"
66.249.79.3 - - [24/Dec/2024:10:13:11 -0500] "GET /goods/V868317?k=product HTTP/1.1" 301 0 "-" "Mozilla/5.0 (Linux; Android 6.0.1; Nexus 5X Build/MMB29P) AppleWebKit/537.36 (KHTML, like Gecko) Chrome/131.0.6778.204 Mobile Safari/537.36 (compatible; Googlebot/2.1; +http://www.google.com/bot.html)"
66.29.132.124 - - [24/Dec/2024:10:13:13 -0500] "POST /wp-admin/admin-ajax.php?action=async_litespeed&nonce=8Habw5hUDvDwVuBbgh2KCaoDEjnjzmch&litespeed_type=imgoptm HTTP/1.1" 200 21 "-" "WordPress/6.7.1; https://misswavenigeria.com"
66.249.68.67 - - [24/Dec/2024:10:13:13 -0500] "GET /goods/V868317?k=product HTTP/1.1" 404 15612 "-" "Mozilla/5.0 (Linux; Android 6.0.1; Nexus 5X Build/MMB29P) AppleWebKit/537.36 (KHTML, like Gecko) Chrome/131.0.6778.204 Mobile Safari/537.36 (compatible; Googlebot/2.1; +http://www.google.com/bot.html)"
66.29.132.124 - - [24/Dec/2024:10:16:59 -0500] "POST /wp-cron.php?doing_wp_cron=1735053419.6994988918304443359375 HTTP/1.1" 200 0 "-" "WordPress/6.7.1; https://misswavenigeria.com"
181.214.206.129 - - [24/Dec/2024:10:16:57 -0500] "GET / HTTP/1.0" 200 109055 "https://misswavenigeria.com/" "Mozilla/5.0 (Windows NT 6.1) AppleWebKit/537.36 (KHTML, like Gecko) Chrome/103.0.5060.114 Safari/537.36"
66.29.132.124 - - [24/Dec/2024:10:17:00 -0500] "POST /wp-admin/admin-ajax.php?action=async_litespeed&nonce=sFs3cUPNkoSMhpaEWCkTQ9IGfCEvk3UT&litespeed_type=imgoptm HTTP/1.1" 200 21 "-" "WordPress/6.7.1; https://misswavenigeria.com"
181.214.206.129 - - [24/Dec/2024:10:17:06 -0500] "GET /register/ HTTP/1.0" 200 75922 "https://misswavenigeria.com/register/" "Mozilla/5.0 (Windows NT 6.1) AppleWebKit/537.36 (KHTML, like Gecko) Chrome/103.0.5060.114 Safari/537.36"
181.214.206.129 - - [24/Dec/2024:10:17:12 -0500] "POST /register/ HTTP/1.0" 200 76048 "https://misswavenigeria.com/register/" "Mozilla/5.0 (Windows NT 6.1) AppleWebKit/537.36 (KHTML, like Gecko) Chrome/103.0.5060.114 Safari/537.36"
66.29.132.124 - - [24/Dec/2024:10:18:32 -0500] "POST /wp-cron.php?doing_wp_cron=1735053512.9535539150238037109375 HTTP/1.1" 200 0 "-" "WordPress/6.7.1; https://misswavenigeria.com"
181.214.206.129 - - [24/Dec/2024:10:18:32 -0500] "GET /register/ HTTP/1.0" 200 75922 "https://misswavenigeria.com/" "Mozilla/5.0 (Windows NT 6.1) AppleWebKit/537.36 (KHTML, like Gecko) Chrome/103.0.5060.114 Safari/537.36"
66.29.132.124 - - [24/Dec/2024:10:18:33 -0500] "POST /wp-admin/admin-ajax.php?action=async_litespeed&nonce=aZc3HLwK9uskaHUzBniQr1TPfuf7FgNh&litespeed_type=imgoptm HTTP/1.1" 200 21 "-" "WordPress/6.7.1; https://misswavenigeria.com"
66.29.132.124 - - [24/Dec/2024:10:21:47 -0500] "POST /wp-cron.php?doing_wp_cron=1735053707.2339220046997070312500 HTTP/1.1" 200 0 "-" "WordPress/6.7.1; https://misswavenigeria.com"
66.249.79.2 - - [24/Dec/2024:10:21:45 -0500] "GET /goods/T427433?k=product HTTP/1.1" 301 0 "-" "Mozilla/5.0 (Linux; Android 6.0.1; Nexus 5X Build/MMB29P) AppleWebKit/537.36 (KHTML, like Gecko) Chrome/131.0.6778.139 Mobile Safari/537.36 (compatible; Googlebot/2.1; +http://www.google.com/bot.html)"
66.29.132.124 - - [24/Dec/2024:10:21:47 -0500] "POST /wp-admin/admin-ajax.php?action=async_litespeed&nonce=zZGaUgZXrC6mgJbKcyCQhDZtP46i0Jix&litespeed_type=imgoptm HTTP/1.1" 200 21 "-" "WordPress/6.7.1; https://misswavenigeria.com"
66.249.68.68 - - [24/Dec/2024:10:21:47 -0500] "GET /goods/T427433?k=product HTTP/1.1" 404 15611 "-" "Mozilla/5.0 (Linux; Android 6.0.1; Nexus 5X Build/MMB29P) AppleWebKit/537.36 (KHTML, like Gecko) Chrome/131.0.6778.139 Mobile Safari/537.36 (compatible; Googlebot/2.1; +http://www.google.com/bot.html)"
66.29.132.124 - - [24/Dec/2024:10:21:57 -0500] "POST /wp-cron.php?doing_wp_cron=1735053717.7035679817199707031250 HTTP/1.1" 200 0 "-" "WordPress/6.7.1; https://misswavenigeria.com"
66.249.79.3 - - [24/Dec/2024:10:21:57 -0500] "GET /goods/S894730?k=product HTTP/1.1" 301 0 "-" "Mozilla/5.0 (Linux; Android 6.0.1; Nexus 5X Build/MMB29P) AppleWebKit/537.36 (KHTML, like Gecko) Chrome/131.0.6778.139 Mobile Safari/537.36 (compatible; Googlebot/2.1; +http://www.google.com/bot.html)"
66.29.132.124 - - [24/Dec/2024:10:21:57 -0500] "POST /wp-admin/admin-ajax.php?action=async_litespeed&nonce=XjkBohkRpjpn1Qbm1BwQuvR47bebx7kD&litespeed_type=imgoptm HTTP/1.1" 200 21 "-" "WordPress/6.7.1; https://misswavenigeria.com"
66.249.68.66 - - [24/Dec/2024:10:21:58 -0500] "GET /goods/S894730?k=product HTTP/1.1" 404 15611 "-" "Mozilla/5.0 (Linux; Android 6.0.1; Nexus 5X Build/MMB29P) AppleWebKit/537.36 (KHTML, like Gecko) Chrome/131.0.6778.139 Mobile Safari/537.36 (compatible; Googlebot/2.1; +http://www.google.com/bot.html)"
66.29.132.124 - - [24/Dec/2024:10:26:40 -0500] "POST /wp-cron.php?doing_wp_cron=1735053999.8337090015411376953125 HTTP/1.1" 200 0 "-" "WordPress/6.7.1; https://misswavenigeria.com"
181.214.206.129 - - [24/Dec/2024:10:26:36 -0500] "GET / HTTP/1.0" 200 109055 "https://misswavenigeria.com/" "Mozilla/5.0 (Windows NT 6.1; Win64; x64) AppleWebKit/537.36 (KHTML, like Gecko) Chrome/103.0.0.0 Safari/537.36"
66.29.132.124 - - [24/Dec/2024:10:26:41 -0500] "POST /wp-admin/admin-ajax.php?action=async_litespeed&nonce=00hCUTL1N1MRknQ1nUzYGbb7hniTDxcW&litespeed_type=imgoptm HTTP/1.1" 200 0 "-" "WordPress/6.7.1; https://misswavenigeria.com"
181.214.206.129 - - [24/Dec/2024:10:26:49 -0500] "GET /register/ HTTP/1.0" 200 75922 "https://misswavenigeria.com/register/" "Mozilla/5.0 (Windows NT 6.1; Win64; x64) AppleWebKit/537.36 (KHTML, like Gecko) Chrome/103.0.0.0 Safari/537.36"
66.29.132.124 - - [24/Dec/2024:10:26:54 -0500] "POST /wp-cron.php?doing_wp_cron=1735054014.6784439086914062500000 HTTP/1.1" 200 0 "-" "WordPress/6.7.1; https://misswavenigeria.com"
66.29.132.124 - - [24/Dec/2024:10:26:56 -0500] "POST /wp-admin/admin-ajax.php?action=async_litespeed&nonce=h2B63mxekmKhKVU9dMOuHrEf27emDepR&litespeed_type=imgoptm HTTP/1.1" 200 0 "-" "WordPress/6.7.1; https://misswavenigeria.com"
181.214.206.129 - - [24/Dec/2024:10:26:53 -0500] "POST /register/ HTTP/1.0" 200 76048 "https://misswavenigeria.com/register/" "Mozilla/5.0 (Windows NT 6.1; Win64; x64) AppleWebKit/537.36 (KHTML, like Gecko) Chrome/103.0.0.0 Safari/537.36"
66.29.132.124 - - [24/Dec/2024:10:29:19 -0500] "POST /wp-cron.php?doing_wp_cron=1735054159.3889698982238769531250 HTTP/1.1" 200 0 "-" "WordPress/6.7.1; https://misswavenigeria.com"
181.214.206.129 - - [24/Dec/2024:10:29:19 -0500] "GET /register/ HTTP/1.0" 200 75922 "https://misswavenigeria.com/" "Mozilla/5.0 (Windows NT 6.1; Win64; x64) AppleWebKit/537.36 (KHTML, like Gecko) Chrome/103.0.0.0 Safari/537.36"
66.29.132.124 - - [24/Dec/2024:10:29:19 -0500] "POST /wp-admin/admin-ajax.php?action=async_litespeed&nonce=zJYYHGdYPS1L98yRdNeBoqXdxdVgKHIG&litespeed_type=imgoptm HTTP/1.1" 200 21 "-" "WordPress/6.7.1; https://misswavenigeria.com"
66.29.132.124 - - [24/Dec/2024:10:36:45 -0500] "POST /wp-cron.php?doing_wp_cron=1735054605.3444719314575195312500 HTTP/1.1" 200 0 "-" "WordPress/6.7.1; https://misswavenigeria.com"
181.214.206.129 - - [24/Dec/2024:10:36:40 -0500] "GET / HTTP/1.0" 200 109053 "https://misswavenigeria.com/" "Mozilla/5.0 (Windows NT 6.3; Win64; x64) AppleWebKit/537.36 (KHTML, like Gecko) Chrome/103.0.0.0 Safari/537.36"
66.29.132.124 - - [24/Dec/2024:10:36:46 -0500] "POST /wp-admin/admin-ajax.php?action=async_litespeed&nonce=n5x9243irm1km2fAd5izVAErCI5zrDwR&litespeed_type=imgoptm HTTP/1.1" 200 21 "-" "WordPress/6.7.1; https://misswavenigeria.com"
181.214.206.129 - - [24/Dec/2024:10:36:52 -0500] "GET /register/ HTTP/1.0" 200 75922 "https://misswavenigeria.com/register/" "Mozilla/5.0 (Windows NT 6.3; Win64; x64) AppleWebKit/537.36 (KHTML, like Gecko) Chrome/103.0.0.0 Safari/537.36"
66.29.132.124 - - [24/Dec/2024:10:36:56 -0500] "POST /wp-cron.php?doing_wp_cron=1735054616.6986920833587646484375 HTTP/1.1" 200 0 "-" "WordPress/6.7.1; https://misswavenigeria.com"
66.29.132.124 - - [24/Dec/2024:10:36:56 -0500] "POST /wp-admin/admin-ajax.php?action=async_litespeed&nonce=VxiOvo6PsIj2XM7Ayj1rt9ZaYtuLcKmp&litespeed_type=imgoptm HTTP/1.1" 200 21 "-" "WordPress/6.7.1; https://misswavenigeria.com"
181.214.206.129 - - [24/Dec/2024:10:36:56 -0500] "POST /register/ HTTP/1.0" 200 76048 "https://misswavenigeria.com/register/" "Mozilla/5.0 (Windows NT 6.3; Win64; x64) AppleWebKit/537.36 (KHTML, like Gecko) Chrome/103.0.0.0 Safari/537.36"
66.29.132.124 - - [24/Dec/2024:10:38:31 -0500] "POST /wp-cron.php?doing_wp_cron=1735054711.1225481033325195312500 HTTP/1.1" 200 0 "-" "WordPress/6.7.1; https://misswavenigeria.com"
181.214.206.129 - - [24/Dec/2024:10:38:30 -0500] "GET /register/ HTTP/1.0" 200 75922 "https://misswavenigeria.com/" "Mozilla/5.0 (Windows NT 6.3; Win64; x64) AppleWebKit/537.36 (KHTML, like Gecko) Chrome/103.0.0.0 Safari/537.36"
66.29.132.124 - - [24/Dec/2024:10:38:31 -0500] "POST /wp-admin/admin-ajax.php?action=async_litespeed&nonce=I8GP9MlHUn12DaN2c8zt7CSSD7QKDMQe&litespeed_type=imgoptm HTTP/1.1" 200 21 "-" "WordPress/6.7.1; https://misswavenigeria.com"
66.29.132.124 - - [24/Dec/2024:10:46:44 -0500] "POST /wp-cron.php?doing_wp_cron=1735055204.0962879657745361328125 HTTP/1.1" 200 0 "-" "WordPress/6.7.1; https://misswavenigeria.com"
181.214.206.129 - - [24/Dec/2024:10:46:41 -0500] "GET / HTTP/1.0" 200 109055 "https://misswavenigeria.com/" "Mozilla/5.0 (Windows NT 6.1; WOW64) AppleWebKit/537.36 (KHTML, like Gecko) Chrome/103.0.0.0 Safari/537.36"
66.29.132.124 - - [24/Dec/2024:10:46:44 -0500] "POST /wp-admin/admin-ajax.php?action=async_litespeed&nonce=iJJeEBq1chXsmbUiV53NqPwRLunxa43a&litespeed_type=imgoptm HTTP/1.1" 200 21 "-" "WordPress/6.7.1; https://misswavenigeria.com"
181.214.206.129 - - [24/Dec/2024:10:46:51 -0500] "GET /register/ HTTP/1.0" 200 75922 "https://misswavenigeria.com/register/" "Mozilla/5.0 (Windows NT 6.1; WOW64) AppleWebKit/537.36 (KHTML, like Gecko) Chrome/103.0.0.0 Safari/537.36"
66.29.132.124 - - [24/Dec/2024:10:46:58 -0500] "POST /wp-cron.php?doing_wp_cron=1735055218.2981400489807128906250 HTTP/1.1" 200 0 "-" "WordPress/6.7.1; https://misswavenigeria.com"
66.29.132.124 - - [24/Dec/2024:10:46:58 -0500] "POST /wp-admin/admin-ajax.php?action=async_litespeed&nonce=q2JQKNJoVtGr62yHYNzSAovff0xSwaaf&litespeed_type=imgoptm HTTP/1.1" 200 21 "-" "WordPress/6.7.1; https://misswavenigeria.com"
181.214.206.129 - - [24/Dec/2024:10:46:58 -0500] "POST /register/ HTTP/1.0" 200 76048 "https://misswavenigeria.com/register/" "Mozilla/5.0 (Windows NT 6.1; WOW64) AppleWebKit/537.36 (KHTML, like Gecko) Chrome/103.0.0.0 Safari/537.36"
66.29.132.124 - - [24/Dec/2024:10:48:14 -0500] "POST /wp-cron.php?doing_wp_cron=1735055294.3602359294891357421875 HTTP/1.1" 200 0 "-" "WordPress/6.7.1; https://misswavenigeria.com"
181.214.206.129 - - [24/Dec/2024:10:48:14 -0500] "GET /register/ HTTP/1.0" 200 75922 "https://misswavenigeria.com/" "Mozilla/5.0 (Windows NT 6.1; WOW64) AppleWebKit/537.36 (KHTML, like Gecko) Chrome/103.0.0.0 Safari/537.36"
66.29.132.124 - - [24/Dec/2024:10:48:14 -0500] "POST /wp-admin/admin-ajax.php?action=async_litespeed&nonce=TC3VgeXn7jUr4pHguWwtY8P7ET608Vit&litespeed_type=imgoptm HTTP/1.1" 200 21 "-" "WordPress/6.7.1; https://misswavenigeria.com"
66.29.132.124 - - [24/Dec/2024:10:54:49 -0500] "POST /wp-cron.php?doing_wp_cron=1735055689.4317469596862792968750 HTTP/1.1" 200 0 "-" "WordPress/6.7.1; https://misswavenigeria.com"
20.42.10.177 - - [24/Dec/2024:10:54:47 -0500] "GET /robots.txt HTTP/1.1" 301 0 "-" "Mozilla/5.0 AppleWebKit/537.36 (KHTML, like Gecko); compatible; OAI-SearchBot/1.0; +https://openai.com/searchbot"
51.8.102.103 - - [24/Dec/2024:10:54:49 -0500] "GET /robots.txt HTTP/1.1" 200 99 "-" "Mozilla/5.0 AppleWebKit/537.36 (KHTML, like Gecko); compatible; OAI-SearchBot/1.0; +https://openai.com/searchbot"
66.29.132.124 - - [24/Dec/2024:10:54:49 -0500] "POST /wp-admin/admin-ajax.php?action=async_litespeed&nonce=kAXL5IDsfnMFf8yrIMxHbKa3MaEeKj2O&litespeed_type=imgoptm HTTP/1.1" 200 21 "-" "WordPress/6.7.1; https://misswavenigeria.com"
66.29.132.124 - - [24/Dec/2024:10:56:45 -0500] "POST /wp-cron.php?doing_wp_cron=1735055805.5585489273071289062500 HTTP/1.1" 200 0 "-" "WordPress/6.7.1; https://misswavenigeria.com"
181.214.206.129 - - [24/Dec/2024:10:56:43 -0500] "GET / HTTP/1.0" 200 109053 "https://misswavenigeria.com/" "Mozilla/5.0 (Windows NT 6.2; Win64; x64) AppleWebKit/537.36 (KHTML, like Gecko) Chrome/103.0.0.0 Safari/537.36"
66.29.132.124 - - [24/Dec/2024:10:56:45 -0500] "POST /wp-admin/admin-ajax.php?action=async_litespeed&nonce=Ki92nXCjDPB7bedSG9ZWAs0PyDpWGbDn&litespeed_type=imgoptm HTTP/1.1" 200 21 "-" "WordPress/6.7.1; https://misswavenigeria.com"
181.214.206.129 - - [24/Dec/2024:10:56:55 -0500] "GET /register/ HTTP/1.0" 200 75922 "https://misswavenigeria.com/register/" "Mozilla/5.0 (Windows NT 6.2; Win64; x64) AppleWebKit/537.36 (KHTML, like Gecko) Chrome/103.0.0.0 Safari/537.36"
66.29.132.124 - - [24/Dec/2024:10:57:00 -0500] "POST /wp-cron.php?doing_wp_cron=1735055820.4536249637603759765625 HTTP/1.1" 200 0 "-" "WordPress/6.7.1; https://misswavenigeria.com"
66.29.132.124 - - [24/Dec/2024:10:57:00 -0500] "POST /wp-admin/admin-ajax.php?action=async_litespeed&nonce=udzwgMM9H0uqWZvPbktMJftSI9LyPJbE&litespeed_type=imgoptm HTTP/1.1" 200 21 "-" "WordPress/6.7.1; https://misswavenigeria.com"
181.214.206.129 - - [24/Dec/2024:10:57:00 -0500] "POST /register/ HTTP/1.0" 200 76048 "https://misswavenigeria.com/register/" "Mozilla/5.0 (Windows NT 6.2; Win64; x64) AppleWebKit/537.36 (KHTML, like Gecko) Chrome/103.0.0.0 Safari/537.36"
66.29.132.124 - - [24/Dec/2024:10:58:13 -0500] "POST /wp-cron.php?doing_wp_cron=1735055893.2212989330291748046875 HTTP/1.1" 200 0 "-" "WordPress/6.7.1; https://misswavenigeria.com"
181.214.206.129 - - [24/Dec/2024:10:58:13 -0500] "GET /register/ HTTP/1.0" 200 75922 "https://misswavenigeria.com/" "Mozilla/5.0 (Windows NT 6.2; Win64; x64) AppleWebKit/537.36 (KHTML, like Gecko) Chrome/103.0.0.0 Safari/537.36"
66.29.132.124 - - [24/Dec/2024:10:58:13 -0500] "POST /wp-admin/admin-ajax.php?action=async_litespeed&nonce=HSlr8VV2rRFcch0P5fQP3qM24FRRS81t&litespeed_type=imgoptm HTTP/1.1" 200 21 "-" "WordPress/6.7.1; https://misswavenigeria.com"
66.29.132.124 - - [24/Dec/2024:11:06:37 -0500] "POST /wp-cron.php?doing_wp_cron=1735056397.7527630329132080078125 HTTP/1.1" 200 0 "-" "WordPress/6.7.1; https://misswavenigeria.com"
181.214.206.129 - - [24/Dec/2024:11:06:34 -0500] "GET / HTTP/1.0" 200 109053 "https://misswavenigeria.com/" "Mozilla/5.0 (Windows NT 6.1) AppleWebKit/537.36 (KHTML, like Gecko) Chrome/103.0.0.0 Safari/537.36"
66.29.132.124 - - [24/Dec/2024:11:06:38 -0500] "POST /wp-admin/admin-ajax.php?action=async_litespeed&nonce=jTI7jlJP3E6h8Xp7BNHRN3F7vvLofvSJ&litespeed_type=imgoptm HTTP/1.1" 200 21 "-" "WordPress/6.7.1; https://misswavenigeria.com"
181.214.206.129 - - [24/Dec/2024:11:06:44 -0500] "GET /register/ HTTP/1.0" 200 75922 "https://misswavenigeria.com/register/" "Mozilla/5.0 (Windows NT 6.1) AppleWebKit/537.36 (KHTML, like Gecko) Chrome/103.0.0.0 Safari/537.36"
66.29.132.124 - - [24/Dec/2024:11:06:50 -0500] "POST /wp-cron.php?doing_wp_cron=1735056410.5023910999298095703125 HTTP/1.1" 200 0 "-" "WordPress/6.7.1; https://misswavenigeria.com"
66.29.132.124 - - [24/Dec/2024:11:06:50 -0500] "POST /wp-admin/admin-ajax.php?action=async_litespeed&nonce=m8CPoctr7N2qZ6Yf1R49Dw2NdHe6ciXc&litespeed_type=imgoptm HTTP/1.1" 200 21 "-" "WordPress/6.7.1; https://misswavenigeria.com"
181.214.206.129 - - [24/Dec/2024:11:06:50 -0500] "POST /register/ HTTP/1.0" 200 76048 "https://misswavenigeria.com/register/" "Mozilla/5.0 (Windows NT 6.1) AppleWebKit/537.36 (KHTML, like Gecko) Chrome/103.0.0.0 Safari/537.36"
66.29.132.124 - - [24/Dec/2024:11:08:25 -0500] "POST /wp-cron.php?doing_wp_cron=1735056505.7832939624786376953125 HTTP/1.1" 200 0 "-" "WordPress/6.7.1; https://misswavenigeria.com"
181.214.206.129 - - [24/Dec/2024:11:08:25 -0500] "GET /register/ HTTP/1.0" 200 75922 "https://misswavenigeria.com/" "Mozilla/5.0 (Windows NT 6.1) AppleWebKit/537.36 (KHTML, like Gecko) Chrome/103.0.0.0 Safari/537.36"
66.29.132.124 - - [24/Dec/2024:11:08:26 -0500] "POST /wp-admin/admin-ajax.php?action=async_litespeed&nonce=6xxf6WhCFxW9cJ8OcKoL5FlClycjUrXX&litespeed_type=imgoptm HTTP/1.1" 200 21 "-" "WordPress/6.7.1; https://misswavenigeria.com"
66.29.132.124 - - [24/Dec/2024:11:10:59 -0500] "POST /wp-cron.php?doing_wp_cron=1735056659.1148428916931152343750 HTTP/1.1" 200 0 "-" "WordPress/6.7.1; https://misswavenigeria.com"
66.249.68.66 - - [24/Dec/2024:11:10:57 -0500] "GET /guide/Core-i55200U%E3%83%A1%E3%83%A2%E3%83%AA HTTP/1.1" 404 15610 "-" "Mozilla/5.0 (Linux; Android 6.0.1; Nexus 5X Build/MMB29P) AppleWebKit/537.36 (KHTML, like Gecko) Chrome/131.0.6778.139 Mobile Safari/537.36 (compatible; Googlebot/2.1; +http://www.google.com/bot.html)"
66.29.132.124 - - [24/Dec/2024:11:10:59 -0500] "POST /wp-admin/admin-ajax.php?action=async_litespeed&nonce=2PqNB9mGL8ch54ZbkABHoFWTxgp0wzfa&litespeed_type=imgoptm HTTP/1.1" 200 21 "-" "WordPress/6.7.1; https://misswavenigeria.com"
66.29.132.124 - - [24/Dec/2024:11:16:23 -0500] "POST /wp-cron.php?doing_wp_cron=1735056983.8813490867614746093750 HTTP/1.1" 200 0 "-" "WordPress/6.7.1; https://misswavenigeria.com"
181.214.206.129 - - [24/Dec/2024:11:16:22 -0500] "GET / HTTP/1.0" 200 109055 "https://misswavenigeria.com/" "Mozilla/5.0 (Windows NT 6.1; Win64; x64) AppleWebKit/537.36 (KHTML, like Gecko) Chrome/103.0.5060.66 Safari/537.36"
66.29.132.124 - - [24/Dec/2024:11:16:24 -0500] "POST /wp-admin/admin-ajax.php?action=async_litespeed&nonce=aYYe9iexx0NMYsag6OPmspv1ZBQwbVTI&litespeed_type=imgoptm HTTP/1.1" 200 21 "-" "WordPress/6.7.1; https://misswavenigeria.com"
181.214.206.129 - - [24/Dec/2024:11:16:32 -0500] "GET /register/ HTTP/1.0" 200 75922 "https://misswavenigeria.com/register/" "Mozilla/5.0 (Windows NT 6.1; Win64; x64) AppleWebKit/537.36 (KHTML, like Gecko) Chrome/103.0.5060.66 Safari/537.36"
66.29.132.124 - - [24/Dec/2024:11:16:38 -0500] "POST /wp-cron.php?doing_wp_cron=1735056998.2583630084991455078125 HTTP/1.1" 200 0 "-" "WordPress/6.7.1; https://misswavenigeria.com"
181.214.206.129 - - [24/Dec/2024:11:16:38 -0500] "POST /register/ HTTP/1.0" 200 76048 "https://misswavenigeria.com/register/" "Mozilla/5.0 (Windows NT 6.1; Win64; x64) AppleWebKit/537.36 (KHTML, like Gecko) Chrome/103.0.5060.66 Safari/537.36"
66.29.132.124 - - [24/Dec/2024:11:18:06 -0500] "POST /wp-cron.php?doing_wp_cron=1735057086.0293750762939453125000 HTTP/1.1" 200 0 "-" "WordPress/6.7.1; https://misswavenigeria.com"
181.214.206.129 - - [24/Dec/2024:11:18:05 -0500] "GET /register/ HTTP/1.0" 200 75922 "https://misswavenigeria.com/" "Mozilla/5.0 (Windows NT 6.1; Win64; x64) AppleWebKit/537.36 (KHTML, like Gecko) Chrome/103.0.5060.66 Safari/537.36"
66.29.132.124 - - [24/Dec/2024:11:18:06 -0500] "POST /wp-admin/admin-ajax.php?action=async_litespeed&nonce=38CWy4yHrELBFspsxZwJ6wZ8AeSr9IuF&litespeed_type=imgoptm HTTP/1.1" 200 21 "-" "WordPress/6.7.1; https://misswavenigeria.com"
66.29.132.124 - - [24/Dec/2024:11:23:47 -0500] "POST /wp-cron.php?doing_wp_cron=1735057427.2577440738677978515625 HTTP/1.1" 200 0 "-" "WordPress/6.7.1; https://misswavenigeria.com"
66.249.79.2 - - [24/Dec/2024:11:23:42 -0500] "GET /goods/A115674?k=product HTTP/1.1" 301 0 "-" "Mozilla/5.0 (Linux; Android 6.0.1; Nexus 5X Build/MMB29P) AppleWebKit/537.36 (KHTML, like Gecko) Chrome/131.0.6778.139 Mobile Safari/537.36 (compatible; Googlebot/2.1; +http://www.google.com/bot.html)"
66.249.68.68 - - [24/Dec/2024:11:23:47 -0500] "GET /goods/A115674?k=product HTTP/1.1" 404 15611 "-" "Mozilla/5.0 (Linux; Android 6.0.1; Nexus 5X Build/MMB29P) AppleWebKit/537.36 (KHTML, like Gecko) Chrome/131.0.6778.139 Mobile Safari/537.36 (compatible; Googlebot/2.1; +http://www.google.com/bot.html)"
66.29.132.124 - - [24/Dec/2024:11:23:47 -0500] "POST /wp-admin/admin-ajax.php?action=async_litespeed&nonce=a1q93BweLq6O1fU1OYTr6B2z2qYikZWC&litespeed_type=imgoptm HTTP/1.1" 200 21 "-" "WordPress/6.7.1; https://misswavenigeria.com"
66.29.132.124 - - [24/Dec/2024:11:26:11 -0500] "POST /wp-cron.php?doing_wp_cron=1735057571.3434948921203613281250 HTTP/1.1" 200 0 "-" "WordPress/6.7.1; https://misswavenigeria.com"
181.214.206.129 - - [24/Dec/2024:11:26:09 -0500] "GET / HTTP/1.0" 200 109053 "https://misswavenigeria.com/" "Mozilla/5.0 (Windows NT 6.1) AppleWebKit/537.36 (KHTML, like Gecko) Chrome/103.0.5060.114 Safari/537.36"
66.29.132.124 - - [24/Dec/2024:11:26:11 -0500] "POST /wp-admin/admin-ajax.php?action=async_litespeed&nonce=YajXQGq7BdFAfXEG8G0CdnQNoY6iFQzF&litespeed_type=imgoptm HTTP/1.1" 200 21 "-" "WordPress/6.7.1; https://misswavenigeria.com"
181.214.206.129 - - [24/Dec/2024:11:26:17 -0500] "GET /register/ HTTP/1.0" 200 75922 "https://misswavenigeria.com/register/" "Mozilla/5.0 (Windows NT 6.1) AppleWebKit/537.36 (KHTML, like Gecko) Chrome/103.0.5060.114 Safari/537.36"
181.214.206.129 - - [24/Dec/2024:11:26:23 -0500] "POST /register/ HTTP/1.0" 200 76048 "https://misswavenigeria.com/register/" "Mozilla/5.0 (Windows NT 6.1) AppleWebKit/537.36 (KHTML, like Gecko) Chrome/103.0.5060.114 Safari/537.36"
66.29.132.124 - - [24/Dec/2024:11:27:55 -0500] "POST /wp-cron.php?doing_wp_cron=1735057675.3154299259185791015625 HTTP/1.1" 200 0 "-" "WordPress/6.7.1; https://misswavenigeria.com"
181.214.206.129 - - [24/Dec/2024:11:27:55 -0500] "GET /register/ HTTP/1.0" 200 75922 "https://misswavenigeria.com/" "Mozilla/5.0 (Windows NT 6.1) AppleWebKit/537.36 (KHTML, like Gecko) Chrome/103.0.5060.114 Safari/537.36"
66.29.132.124 - - [24/Dec/2024:11:27:55 -0500] "POST /wp-admin/admin-ajax.php?action=async_litespeed&nonce=V1flKm5aXv1AVxhFbpgY2NjUGiVf3hMY&litespeed_type=imgoptm HTTP/1.1" 200 21 "-" "WordPress/6.7.1; https://misswavenigeria.com"
66.29.132.124 - - [24/Dec/2024:11:36:27 -0500] "POST /wp-cron.php?doing_wp_cron=1735058187.9145779609680175781250 HTTP/1.1" 200 0 "-" "WordPress/6.7.1; https://misswavenigeria.com"
181.214.206.129 - - [24/Dec/2024:11:36:24 -0500] "GET / HTTP/1.0" 200 109055 "https://misswavenigeria.com/" "Mozilla/5.0 (Windows NT 6.1) AppleWebKit/537.36 (KHTML, like Gecko) Chrome/103.0.5060.114 Safari/537.36"
66.29.132.124 - - [24/Dec/2024:11:36:28 -0500] "POST /wp-admin/admin-ajax.php?action=async_litespeed&nonce=BrnZygHSoOPyfBTapzVpszcySmX0KOEX&litespeed_type=imgoptm HTTP/1.1" 200 21 "-" "WordPress/6.7.1; https://misswavenigeria.com"
181.214.206.129 - - [24/Dec/2024:11:36:36 -0500] "GET /register/ HTTP/1.0" 200 75922 "https://misswavenigeria.com/register/" "Mozilla/5.0 (Windows NT 6.1) AppleWebKit/537.36 (KHTML, like Gecko) Chrome/103.0.5060.114 Safari/537.36"
181.214.206.129 - - [24/Dec/2024:11:36:41 -0500] "POST /register/ HTTP/1.0" 200 76048 "https://misswavenigeria.com/register/" "Mozilla/5.0 (Windows NT 6.1) AppleWebKit/537.36 (KHTML, like Gecko) Chrome/103.0.5060.114 Safari/537.36"
66.29.132.124 - - [24/Dec/2024:11:38:19 -0500] "POST /wp-cron.php?doing_wp_cron=1735058299.6489050388336181640625 HTTP/1.1" 200 0 "-" "WordPress/6.7.1; https://misswavenigeria.com"
181.214.206.129 - - [24/Dec/2024:11:38:19 -0500] "GET /register/ HTTP/1.0" 200 75922 "https://misswavenigeria.com/" "Mozilla/5.0 (Windows NT 6.1) AppleWebKit/537.36 (KHTML, like Gecko) Chrome/103.0.5060.114 Safari/537.36"
66.29.132.124 - - [24/Dec/2024:11:38:19 -0500] "POST /wp-admin/admin-ajax.php?action=async_litespeed&nonce=8FWpoTJGReRlMX8dwNzxZ9hBa9a004qD&litespeed_type=imgoptm HTTP/1.1" 200 21 "-" "WordPress/6.7.1; https://misswavenigeria.com"
66.29.132.124 - - [24/Dec/2024:11:46:14 -0500] "POST /wp-cron.php?doing_wp_cron=1735058774.7244091033935546875000 HTTP/1.1" 200 0 "-" "WordPress/6.7.1; https://misswavenigeria.com"
181.214.206.129 - - [24/Dec/2024:11:46:11 -0500] "GET / HTTP/1.0" 200 109055 "https://misswavenigeria.com/" "Mozilla/5.0 (Windows NT 6.3; WOW64) AppleWebKit/537.36 (KHTML, like Gecko) Chrome/103.0.0.0 Safari/537.36"
66.29.132.124 - - [24/Dec/2024:11:46:15 -0500] "POST /wp-admin/admin-ajax.php?action=async_litespeed&nonce=rCq9KWIhqSQJoylRSvVttnKFbZev7b33&litespeed_type=imgoptm HTTP/1.1" 200 21 "-" "WordPress/6.7.1; https://misswavenigeria.com"
181.214.206.129 - - [24/Dec/2024:11:46:28 -0500] "GET /register/ HTTP/1.0" 200 75922 "https://misswavenigeria.com/register/" "Mozilla/5.0 (Windows NT 6.3; WOW64) AppleWebKit/537.36 (KHTML, like Gecko) Chrome/103.0.0.0 Safari/537.36"
66.29.132.124 - - [24/Dec/2024:11:46:33 -0500] "POST /wp-cron.php?doing_wp_cron=1735058793.7700049877166748046875 HTTP/1.1" 200 0 "-" "WordPress/6.7.1; https://misswavenigeria.com"
181.214.206.129 - - [24/Dec/2024:11:46:33 -0500] "POST /register/ HTTP/1.0" 200 76048 "https://misswavenigeria.com/register/" "Mozilla/5.0 (Windows NT 6.3; WOW64) AppleWebKit/537.36 (KHTML, like Gecko) Chrome/103.0.0.0 Safari/537.36"
66.29.132.124 - - [24/Dec/2024:11:48:09 -0500] "POST /wp-cron.php?doing_wp_cron=1735058889.7138550281524658203125 HTTP/1.1" 200 0 "-" "WordPress/6.7.1; https://misswavenigeria.com"
181.214.206.129 - - [24/Dec/2024:11:48:09 -0500] "GET /register/ HTTP/1.0" 200 75922 "https://misswavenigeria.com/" "Mozilla/5.0 (Windows NT 6.3; WOW64) AppleWebKit/537.36 (KHTML, like Gecko) Chrome/103.0.0.0 Safari/537.36"
66.29.132.124 - - [24/Dec/2024:11:48:09 -0500] "POST /wp-admin/admin-ajax.php?action=async_litespeed&nonce=Z6E7TPdceyxnIDKgcPCzz6W2vnyPCwre&litespeed_type=imgoptm HTTP/1.1" 200 21 "-" "WordPress/6.7.1; https://misswavenigeria.com"
66.29.132.124 - - [24/Dec/2024:11:56:04 -0500] "POST /wp-cron.php?doing_wp_cron=1735059364.1736071109771728515625 HTTP/1.1" 200 0 "-" "WordPress/6.7.1; https://misswavenigeria.com"
181.214.206.129 - - [24/Dec/2024:11:56:01 -0500] "GET / HTTP/1.0" 200 109055 "https://misswavenigeria.com/" "Mozilla/5.0 (Windows NT 10.0; Win64; x64) AppleWebKit/537.36 (KHTML, like Gecko) Chrome/103.0.5060.134 Safari/537.36"
66.29.132.124 - - [24/Dec/2024:11:56:04 -0500] "POST /wp-admin/admin-ajax.php?action=async_litespeed&nonce=oWgeq1VRmvRNSDfGBu6CgosXEdUbpj9I&litespeed_type=imgoptm HTTP/1.1" 200 21 "-" "WordPress/6.7.1; https://misswavenigeria.com"
181.214.206.129 - - [24/Dec/2024:11:56:10 -0500] "GET /register/ HTTP/1.0" 200 75922 "https://misswavenigeria.com/register/" "Mozilla/5.0 (Windows NT 10.0; Win64; x64) AppleWebKit/537.36 (KHTML, like Gecko) Chrome/103.0.5060.134 Safari/537.36"
181.214.206.129 - - [24/Dec/2024:11:56:15 -0500] "POST /register/ HTTP/1.0" 200 76048 "https://misswavenigeria.com/register/" "Mozilla/5.0 (Windows NT 10.0; Win64; x64) AppleWebKit/537.36 (KHTML, like Gecko) Chrome/103.0.5060.134 Safari/537.36"
66.29.132.124 - - [24/Dec/2024:11:57:49 -0500] "POST /wp-cron.php?doing_wp_cron=1735059469.4440729618072509765625 HTTP/1.1" 200 0 "-" "WordPress/6.7.1; https://misswavenigeria.com"
181.214.206.129 - - [24/Dec/2024:11:57:49 -0500] "GET /register/ HTTP/1.0" 200 75922 "https://misswavenigeria.com/" "Mozilla/5.0 (Windows NT 10.0; Win64; x64) AppleWebKit/537.36 (KHTML, like Gecko) Chrome/103.0.5060.134 Safari/537.36"
66.29.132.124 - - [24/Dec/2024:11:57:49 -0500] "POST /wp-admin/admin-ajax.php?action=async_litespeed&nonce=OHB0R5pzk5afleLUPTe67ZQqfrStmQgs&litespeed_type=imgoptm HTTP/1.1" 200 21 "-" "WordPress/6.7.1; https://misswavenigeria.com"
66.29.132.124 - - [24/Dec/2024:11:59:03 -0500] "POST /wp-cron.php?doing_wp_cron=1735059543.2708730697631835937500 HTTP/1.1" 200 0 "-" "WordPress/6.7.1; https://misswavenigeria.com"
66.249.79.4 - - [24/Dec/2024:11:59:03 -0500] "GET /goods/L370069?k=product HTTP/1.1" 301 0 "-" "Mozilla/5.0 (Linux; Android 6.0.1; Nexus 5X Build/MMB29P) AppleWebKit/537.36 (KHTML, like Gecko) Chrome/131.0.6778.139 Mobile Safari/537.36 (compatible; Googlebot/2.1; +http://www.google.com/bot.html)"
66.29.132.124 - - [24/Dec/2024:11:59:03 -0500] "POST /wp-admin/admin-ajax.php?action=async_litespeed&nonce=eca0ccL8JR82qWbmmx9TYst1vjTP3wf2&litespeed_type=imgoptm HTTP/1.1" 200 21 "-" "WordPress/6.7.1; https://misswavenigeria.com"
66.249.68.68 - - [24/Dec/2024:11:59:03 -0500] "GET /goods/L370069?k=product HTTP/1.1" 404 15610 "-" "Mozilla/5.0 (Linux; Android 6.0.1; Nexus 5X Build/MMB29P) AppleWebKit/537.36 (KHTML, like Gecko) Chrome/131.0.6778.139 Mobile Safari/537.36 (compatible; Googlebot/2.1; +http://www.google.com/bot.html)"
66.249.79.2 - - [24/Dec/2024:11:59:20 -0500] "GET /goods/F782631?k=product HTTP/1.1" 301 0 "-" "Mozilla/5.0 (Linux; Android 6.0.1; Nexus 5X Build/MMB29P) AppleWebKit/537.36 (KHTML, like Gecko) Chrome/131.0.6778.139 Mobile Safari/537.36 (compatible; Googlebot/2.1; +http://www.google.com/bot.html)"
66.249.68.66 - - [24/Dec/2024:11:59:21 -0500] "GET /goods/F782631?k=product HTTP/1.1" 404 15611 "-" "Mozilla/5.0 (Linux; Android 6.0.1; Nexus 5X Build/MMB29P) AppleWebKit/537.36 (KHTML, like Gecko) Chrome/131.0.6778.139 Mobile Safari/537.36 (compatible; Googlebot/2.1; +http://www.google.com/bot.html)"
54.90.244.132 - - [24/Dec/2024:12:01:45 -0500] "GET /robots.txt HTTP/1.1" 200 115 "-" "Mozilla/5.0 AppleWebKit/537.36 (KHTML, like Gecko; compatible; Amazonbot/0.1; +https://developer.amazon.com/support/amazonbot) Chrome/119.0.6045.214 Safari/537.36"
66.29.132.124 - - [24/Dec/2024:12:01:49 -0500] "POST /wp-cron.php?doing_wp_cron=1735059709.6621251106262207031250 HTTP/1.1" 200 0 "-" "WordPress/6.7.1; https://misswavenigeria.com"
54.83.180.239 - - [24/Dec/2024:12:01:46 -0500] "GET /sponsors HTTP/1.1" 404 18012 "-" "Mozilla/5.0 AppleWebKit/537.36 (KHTML, like Gecko; compatible; Amazonbot/0.1; +https://developer.amazon.com/support/amazonbot) Chrome/119.0.6045.214 Safari/537.36"
66.29.132.124 - - [24/Dec/2024:12:01:49 -0500] "POST /wp-admin/admin-ajax.php?action=async_litespeed&nonce=15eJQdAxqwWkusDKe03i95jMSm2HYTZK&litespeed_type=imgoptm HTTP/1.1" 200 21 "-" "WordPress/6.7.1; https://misswavenigeria.com"
66.29.132.124 - - [24/Dec/2024:12:05:50 -0500] "POST /wp-cron.php?doing_wp_cron=1735059950.5613789558410644531250 HTTP/1.1" 200 0 "-" "WordPress/6.7.1; https://misswavenigeria.com"
181.214.206.129 - - [24/Dec/2024:12:05:46 -0500] "GET / HTTP/1.0" 200 109055 "https://misswavenigeria.com/" "Mozilla/5.0 (Windows NT 6.1; WOW64) AppleWebKit/537.36 (KHTML, like Gecko) Chrome/103.0.0.0 Safari/537.36"
66.29.132.124 - - [24/Dec/2024:12:05:50 -0500] "POST /wp-admin/admin-ajax.php?action=async_litespeed&nonce=JMXVgsRA4L1fN0xfHVDSYYV3ya4PKJZS&litespeed_type=imgoptm HTTP/1.1" 200 21 "-" "WordPress/6.7.1; https://misswavenigeria.com"
181.214.206.129 - - [24/Dec/2024:12:05:58 -0500] "GET /register/ HTTP/1.0" 200 75922 "https://misswavenigeria.com/register/" "Mozilla/5.0 (Windows NT 6.1; WOW64) AppleWebKit/537.36 (KHTML, like Gecko) Chrome/103.0.0.0 Safari/537.36"
66.29.132.124 - - [24/Dec/2024:12:06:51 -0500] "POST /wp-cron.php?doing_wp_cron=1735060010.9978239536285400390625 HTTP/1.1" 200 0 "-" "WordPress/6.7.1; https://misswavenigeria.com"
66.249.68.68 - - [24/Dec/2024:12:06:50 -0500] "GET /goods/882724.html HTTP/1.1" 404 15610 "-" "Mozilla/5.0 (Linux; Android 6.0.1; Nexus 5X Build/MMB29P) AppleWebKit/537.36 (KHTML, like Gecko) Chrome/131.0.6778.139 Mobile Safari/537.36 (compatible; Googlebot/2.1; +http://www.google.com/bot.html)"
66.29.132.124 - - [24/Dec/2024:12:06:52 -0500] "POST /wp-admin/admin-ajax.php?action=async_litespeed&nonce=RAd2f3hUwLlIrlbtxr1oL5KBOB7OahNO&litespeed_type=imgoptm HTTP/1.1" 200 21 "-" "WordPress/6.7.1; https://misswavenigeria.com"
181.214.206.129 - - [24/Dec/2024:12:06:03 -0500] "POST /register/ HTTP/1.0" 200 76048 "https://misswavenigeria.com/register/" "Mozilla/5.0 (Windows NT 6.1; WOW64) AppleWebKit/537.36 (KHTML, like Gecko) Chrome/103.0.0.0 Safari/537.36"
66.29.132.124 - - [24/Dec/2024:12:08:19 -0500] "POST /wp-cron.php?doing_wp_cron=1735060099.4403810501098632812500 HTTP/1.1" 200 0 "-" "WordPress/6.7.1; https://misswavenigeria.com"
181.214.206.129 - - [24/Dec/2024:12:08:19 -0500] "GET /register/ HTTP/1.0" 200 75922 "https://misswavenigeria.com/" "Mozilla/5.0 (Windows NT 6.1; WOW64) AppleWebKit/537.36 (KHTML, like Gecko) Chrome/103.0.0.0 Safari/537.36"
66.29.132.124 - - [24/Dec/2024:12:08:19 -0500] "POST /wp-admin/admin-ajax.php?action=async_litespeed&nonce=ZZrpaCQ57s5lOeTAEWq1BrwFgYG20kJ1&litespeed_type=imgoptm HTTP/1.1" 200 21 "-" "WordPress/6.7.1; https://misswavenigeria.com"
52.167.144.67 - - [24/Dec/2024:12:14:50 -0500] "GET /robots.txt HTTP/1.1" 301 0 "-" "Mozilla/5.0 AppleWebKit/537.36 (KHTML, like Gecko; compatible; bingbot/2.0; +http://www.bing.com/bingbot.htm) Chrome/116.0.1938.76 Safari/537.36"
52.167.144.67 - - [24/Dec/2024:12:14:50 -0500] "GET /robots.txt HTTP/1.1" 200 99 "-" "Mozilla/5.0 AppleWebKit/537.36 (KHTML, like Gecko; compatible; bingbot/2.0; +http://www.bing.com/bingbot.htm) Chrome/116.0.1938.76 Safari/537.36"
52.167.144.67 - - [24/Dec/2024:12:14:50 -0500] "GET /robots.txt HTTP/1.1" 301 0 "-" "Mozilla/5.0 AppleWebKit/537.36 (KHTML, like Gecko; compatible; bingbot/2.0; +http://www.bing.com/bingbot.htm) Chrome/116.0.1938.76 Safari/537.36"
52.167.144.67 - - [24/Dec/2024:12:14:50 -0500] "GET /robots.txt HTTP/1.1" 200 99 "-" "Mozilla/5.0 AppleWebKit/537.36 (KHTML, like Gecko; compatible; bingbot/2.0; +http://www.bing.com/bingbot.htm) Chrome/116.0.1938.76 Safari/537.36"
157.55.39.202 - - [24/Dec/2024:12:14:56 -0500] "GET /wp-includes/block-template-utils.php HTTP/1.1" 200 0 "-" "Mozilla/5.0 AppleWebKit/537.36 (KHTML, like Gecko; compatible; bingbot/2.0; +http://www.bing.com/bingbot.htm) Chrome/116.0.1938.76 Safari/537.36"
66.29.132.124 - - [24/Dec/2024:12:15:27 -0500] "POST /wp-cron.php?doing_wp_cron=1735060527.7702980041503906250000 HTTP/1.1" 200 0 "-" "WordPress/6.7.1; https://misswavenigeria.com"
181.214.206.129 - - [24/Dec/2024:12:15:23 -0500] "GET / HTTP/1.0" 200 109055 "https://misswavenigeria.com/" "Mozilla/5.0 (Windows NT 6.1) AppleWebKit/537.36 (KHTML, like Gecko) Chrome/103.0.0.0 Safari/537.36"
66.29.132.124 - - [24/Dec/2024:12:15:28 -0500] "POST /wp-admin/admin-ajax.php?action=async_litespeed&nonce=TDeuUBIhT2wrxW77UV4kjIgRwHSK7ymu&litespeed_type=imgoptm HTTP/1.1" 200 21 "-" "WordPress/6.7.1; https://misswavenigeria.com"
181.214.206.129 - - [24/Dec/2024:12:15:36 -0500] "GET /register/ HTTP/1.0" 200 75922 "https://misswavenigeria.com/register/" "Mozilla/5.0 (Windows NT 6.1) AppleWebKit/537.36 (KHTML, like Gecko) Chrome/103.0.0.0 Safari/537.36"
181.214.206.129 - - [24/Dec/2024:12:15:43 -0500] "POST /register/ HTTP/1.0" 200 76048 "https://misswavenigeria.com/register/" "Mozilla/5.0 (Windows NT 6.1) AppleWebKit/537.36 (KHTML, like Gecko) Chrome/103.0.0.0 Safari/537.36"
66.29.132.124 - - [24/Dec/2024:12:17:23 -0500] "POST /wp-cron.php?doing_wp_cron=1735060643.6104149818420410156250 HTTP/1.1" 200 0 "-" "WordPress/6.7.1; https://misswavenigeria.com"
181.214.206.129 - - [24/Dec/2024:12:17:23 -0500] "GET /register/ HTTP/1.0" 200 75922 "https://misswavenigeria.com/" "Mozilla/5.0 (Windows NT 6.1) AppleWebKit/537.36 (KHTML, like Gecko) Chrome/103.0.0.0 Safari/537.36"
66.29.132.124 - - [24/Dec/2024:12:17:23 -0500] "POST /wp-admin/admin-ajax.php?action=async_litespeed&nonce=bJ8KfnYsD8Or1La8AgUyvOD4YgVcxDwx&litespeed_type=imgoptm HTTP/1.1" 200 21 "-" "WordPress/6.7.1; https://misswavenigeria.com"
66.29.132.124 - - [24/Dec/2024:12:22:06 -0500] "POST /wp-cron.php?doing_wp_cron=1735060926.8860259056091308593750 HTTP/1.1" 200 0 "-" "WordPress/6.7.1; https://misswavenigeria.com"
66.249.68.66 - - [24/Dec/2024:12:22:03 -0500] "GET /goods/383692.html HTTP/1.1" 404 15612 "-" "Mozilla/5.0 (Linux; Android 6.0.1; Nexus 5X Build/MMB29P) AppleWebKit/537.36 (KHTML, like Gecko) Chrome/131.0.6778.139 Mobile Safari/537.36 (compatible; Googlebot/2.1; +http://www.google.com/bot.html)"
66.29.132.124 - - [24/Dec/2024:12:22:07 -0500] "POST /wp-admin/admin-ajax.php?action=async_litespeed&nonce=zY1TT7GDryimXKpx8d0cjCLHeyfS4TaX&litespeed_type=imgoptm HTTP/1.1" 200 21 "-" "WordPress/6.7.1; https://misswavenigeria.com"
66.249.68.67 - - [24/Dec/2024:12:22:10 -0500] "GET /goods/515912.html HTTP/1.1" 404 15611 "-" "Mozilla/5.0 (Linux; Android 6.0.1; Nexus 5X Build/MMB29P) AppleWebKit/537.36 (KHTML, like Gecko) Chrome/131.0.6778.139 Mobile Safari/537.36 (compatible; Googlebot/2.1; +http://www.google.com/bot.html)"
66.249.79.4 - - [24/Dec/2024:12:22:21 -0500] "GET /goods/A245024?k=product HTTP/1.1" 301 0 "-" "Mozilla/5.0 (Linux; Android 6.0.1; Nexus 5X Build/MMB29P) AppleWebKit/537.36 (KHTML, like Gecko) Chrome/131.0.6778.139 Mobile Safari/537.36 (compatible; Googlebot/2.1; +http://www.google.com/bot.html)"
66.249.68.66 - - [24/Dec/2024:12:22:21 -0500] "GET /goods/A245024?k=product HTTP/1.1" 404 15611 "-" "Mozilla/5.0 (Linux; Android 6.0.1; Nexus 5X Build/MMB29P) AppleWebKit/537.36 (KHTML, like Gecko) Chrome/131.0.6778.139 Mobile Safari/537.36 (compatible; Googlebot/2.1; +http://www.google.com/bot.html)"
66.29.132.124 - - [24/Dec/2024:12:22:50 -0500] "POST /wp-cron.php?doing_wp_cron=1735060970.9407160282135009765625 HTTP/1.1" 200 0 "-" "WordPress/6.7.1; https://misswavenigeria.com"
66.249.68.66 - - [24/Dec/2024:12:22:50 -0500] "GET /goods/904392.html HTTP/1.1" 404 15612 "-" "Mozilla/5.0 (Linux; Android 6.0.1; Nexus 5X Build/MMB29P) AppleWebKit/537.36 (KHTML, like Gecko) Chrome/131.0.6778.139 Mobile Safari/537.36 (compatible; Googlebot/2.1; +http://www.google.com/bot.html)"
66.29.132.124 - - [24/Dec/2024:12:22:51 -0500] "POST /wp-admin/admin-ajax.php?action=async_litespeed&nonce=qGRoTazpsLFVS20AT3KGkeP5evxc6r83&litespeed_type=imgoptm HTTP/1.1" 200 21 "-" "WordPress/6.7.1; https://misswavenigeria.com"
66.29.132.124 - - [24/Dec/2024:12:23:52 -0500] "POST /wp-cron.php?doing_wp_cron=1735061032.9012789726257324218750 HTTP/1.1" 200 0 "-" "WordPress/6.7.1; https://misswavenigeria.com"
66.249.79.4 - - [24/Dec/2024:12:23:52 -0500] "GET /goods/Y31614?k=product HTTP/1.1" 301 0 "-" "Mozilla/5.0 (Linux; Android 6.0.1; Nexus 5X Build/MMB29P) AppleWebKit/537.36 (KHTML, like Gecko) Chrome/131.0.6778.139 Mobile Safari/537.36 (compatible; Googlebot/2.1; +http://www.google.com/bot.html)"
66.29.132.124 - - [24/Dec/2024:12:23:53 -0500] "POST /wp-admin/admin-ajax.php?action=async_litespeed&nonce=YSSAkThFVCQaMDLSChC5L6rZiKLo60Wa&litespeed_type=imgoptm HTTP/1.1" 200 21 "-" "WordPress/6.7.1; https://misswavenigeria.com"
66.249.68.66 - - [24/Dec/2024:12:23:53 -0500] "GET /goods/Y31614?k=product HTTP/1.1" 404 15611 "-" "Mozilla/5.0 (Linux; Android 6.0.1; Nexus 5X Build/MMB29P) AppleWebKit/537.36 (KHTML, like Gecko) Chrome/131.0.6778.139 Mobile Safari/537.36 (compatible; Googlebot/2.1; +http://www.google.com/bot.html)"
66.29.132.124 - - [24/Dec/2024:12:24:42 -0500] "POST /wp-cron.php?doing_wp_cron=1735061082.3773419857025146484375 HTTP/1.1" 200 0 "-" "WordPress/6.7.1; https://misswavenigeria.com"
66.249.68.68 - - [24/Dec/2024:12:24:42 -0500] "GET /goods/720381.html HTTP/1.1" 404 15611 "-" "Mozilla/5.0 (Linux; Android 6.0.1; Nexus 5X Build/MMB29P) AppleWebKit/537.36 (KHTML, like Gecko) Chrome/131.0.6778.139 Mobile Safari/537.36 (compatible; Googlebot/2.1; +http://www.google.com/bot.html)"
66.29.132.124 - - [24/Dec/2024:12:25:03 -0500] "POST /wp-cron.php?doing_wp_cron=1735061102.9784340858459472656250 HTTP/1.1" 200 0 "-" "WordPress/6.7.1; https://misswavenigeria.com"
66.249.79.3 - - [24/Dec/2024:12:25:02 -0500] "GET /goods/O275588?k=product HTTP/1.1" 301 0 "-" "Mozilla/5.0 (Linux; Android 6.0.1; Nexus 5X Build/MMB29P) AppleWebKit/537.36 (KHTML, like Gecko) Chrome/131.0.6778.139 Mobile Safari/537.36 (compatible; Googlebot/2.1; +http://www.google.com/bot.html)"
66.29.132.124 - - [24/Dec/2024:12:25:05 -0500] "POST /wp-admin/admin-ajax.php?action=async_litespeed&nonce=pGGuXXKzi6VmznI2j59R97L3zuYn7Yxn&litespeed_type=imgoptm HTTP/1.1" 200 0 "-" "WordPress/6.7.1; https://misswavenigeria.com"
66.249.68.68 - - [24/Dec/2024:12:25:05 -0500] "GET /goods/O275588?k=product HTTP/1.1" 404 15611 "-" "Mozilla/5.0 (Linux; Android 6.0.1; Nexus 5X Build/MMB29P) AppleWebKit/537.36 (KHTML, like Gecko) Chrome/131.0.6778.139 Mobile Safari/537.36 (compatible; Googlebot/2.1; +http://www.google.com/bot.html)"
181.214.206.129 - - [24/Dec/2024:12:25:11 -0500] "GET / HTTP/1.0" 200 109055 "https://misswavenigeria.com/" "Mozilla/5.0 (Windows NT 6.1; WOW64) AppleWebKit/537.36 (KHTML, like Gecko) Chrome/103.0.0.0 Safari/537.36"
181.214.206.129 - - [24/Dec/2024:12:25:26 -0500] "GET /register/ HTTP/1.0" 200 75922 "https://misswavenigeria.com/register/" "Mozilla/5.0 (Windows NT 6.1; WOW64) AppleWebKit/537.36 (KHTML, like Gecko) Chrome/103.0.0.0 Safari/537.36"
66.29.132.124 - - [24/Dec/2024:12:25:31 -0500] "POST /wp-cron.php?doing_wp_cron=1735061131.7354500293731689453125 HTTP/1.1" 200 0 "-" "WordPress/6.7.1; https://misswavenigeria.com"
66.249.79.3 - - [24/Dec/2024:12:25:44 -0500] "GET /shopping/X94845?c=459 HTTP/1.1" 301 0 "-" "Mozilla/5.0 (Linux; Android 6.0.1; Nexus 5X Build/MMB29P) AppleWebKit/537.36 (KHTML, like Gecko) Chrome/131.0.6778.139 Mobile Safari/537.36 (compatible; Googlebot/2.1; +http://www.google.com/bot.html)"
66.249.68.66 - - [24/Dec/2024:12:25:44 -0500] "GET /shopping/X94845?c=459 HTTP/1.1" 404 15611 "-" "Mozilla/5.0 (Linux; Android 6.0.1; Nexus 5X Build/MMB29P) AppleWebKit/537.36 (KHTML, like Gecko) Chrome/131.0.6778.139 Mobile Safari/537.36 (compatible; Googlebot/2.1; +http://www.google.com/bot.html)"
181.214.206.129 - - [24/Dec/2024:12:25:31 -0500] "POST /register/ HTTP/1.0" 200 76048 "https://misswavenigeria.com/register/" "Mozilla/5.0 (Windows NT 6.1; WOW64) AppleWebKit/537.36 (KHTML, like Gecko) Chrome/103.0.0.0 Safari/537.36"
66.29.132.124 - - [24/Dec/2024:12:27:03 -0500] "POST /wp-cron.php?doing_wp_cron=1735061223.2136139869689941406250 HTTP/1.1" 200 0 "-" "WordPress/6.7.1; https://misswavenigeria.com"
181.214.206.129 - - [24/Dec/2024:12:27:03 -0500] "GET /register/ HTTP/1.0" 200 75922 "https://misswavenigeria.com/" "Mozilla/5.0 (Windows NT 6.1; WOW64) AppleWebKit/537.36 (KHTML, like Gecko) Chrome/103.0.0.0 Safari/537.36"
66.29.132.124 - - [24/Dec/2024:12:27:03 -0500] "POST /wp-admin/admin-ajax.php?action=async_litespeed&nonce=CppHG77g6nCxK3hLbhtDY8op18ccuO10&litespeed_type=imgoptm HTTP/1.1" 200 21 "-" "WordPress/6.7.1; https://misswavenigeria.com"
66.29.132.124 - - [24/Dec/2024:12:28:02 -0500] "POST /wp-cron.php?doing_wp_cron=1735061282.0880420207977294921875 HTTP/1.1" 200 0 "-" "WordPress/6.7.1; https://misswavenigeria.com"
66.249.79.4 - - [24/Dec/2024:12:28:01 -0500] "GET /buy/8294409.shtm?product_id=363 HTTP/1.1" 301 0 "-" "Mozilla/5.0 (Linux; Android 6.0.1; Nexus 5X Build/MMB29P) AppleWebKit/537.36 (KHTML, like Gecko) Chrome/131.0.6778.139 Mobile Safari/537.36 (compatible; Googlebot/2.1; +http://www.google.com/bot.html)"
66.29.132.124 - - [24/Dec/2024:12:28:02 -0500] "POST /wp-admin/admin-ajax.php?action=async_litespeed&nonce=AguivRYudIh0aa9pvZY915suhJVBVsVV&litespeed_type=imgoptm HTTP/1.1" 200 21 "-" "WordPress/6.7.1; https://misswavenigeria.com"
66.249.68.68 - - [24/Dec/2024:12:28:02 -0500] "GET /buy/8294409.shtm?product_id=363 HTTP/1.1" 404 15612 "-" "Mozilla/5.0 (Linux; Android 6.0.1; Nexus 5X Build/MMB29P) AppleWebKit/537.36 (KHTML, like Gecko) Chrome/131.0.6778.139 Mobile Safari/537.36 (compatible; Googlebot/2.1; +http://www.google.com/bot.html)"
66.29.132.124 - - [24/Dec/2024:12:35:00 -0500] "POST /wp-cron.php?doing_wp_cron=1735061700.4355399608612060546875 HTTP/1.1" 200 0 "-" "WordPress/6.7.1; https://misswavenigeria.com"
181.214.206.129 - - [24/Dec/2024:12:34:55 -0500] "GET / HTTP/1.0" 200 109055 "https://misswavenigeria.com/" "Mozilla/5.0 (Windows NT 6.2; Win64; x64) AppleWebKit/537.36 (KHTML, like Gecko) Chrome/103.0.0.0 Safari/537.36"
66.29.132.124 - - [24/Dec/2024:12:35:00 -0500] "POST /wp-admin/admin-ajax.php?action=async_litespeed&nonce=8JWANTWpqt44UtZTzTKz81laBkzRmbTc&litespeed_type=imgoptm HTTP/1.1" 200 21 "-" "WordPress/6.7.1; https://misswavenigeria.com"
181.214.206.129 - - [24/Dec/2024:12:35:08 -0500] "GET /register/ HTTP/1.0" 200 75922 "https://misswavenigeria.com/register/" "Mozilla/5.0 (Windows NT 6.2; Win64; x64) AppleWebKit/537.36 (KHTML, like Gecko) Chrome/103.0.0.0 Safari/537.36"
181.214.206.129 - - [24/Dec/2024:12:35:17 -0500] "POST /register/ HTTP/1.0" 200 76048 "https://misswavenigeria.com/register/" "Mozilla/5.0 (Windows NT 6.2; Win64; x64) AppleWebKit/537.36 (KHTML, like Gecko) Chrome/103.0.0.0 Safari/537.36"
66.29.132.124 - - [24/Dec/2024:12:37:16 -0500] "POST /wp-cron.php?doing_wp_cron=1735061836.6104819774627685546875 HTTP/1.1" 200 0 "-" "WordPress/6.7.1; https://misswavenigeria.com"
181.214.206.129 - - [24/Dec/2024:12:37:16 -0500] "GET /register/ HTTP/1.0" 200 75922 "https://misswavenigeria.com/" "Mozilla/5.0 (Windows NT 6.2; Win64; x64) AppleWebKit/537.36 (KHTML, like Gecko) Chrome/103.0.0.0 Safari/537.36"
66.29.132.124 - - [24/Dec/2024:12:37:16 -0500] "POST /wp-admin/admin-ajax.php?action=async_litespeed&nonce=hrB3Inue0sFKitmUZ0nMlKiiQhMF2Q8Z&litespeed_type=imgoptm HTTP/1.1" 200 21 "-" "WordPress/6.7.1; https://misswavenigeria.com"
66.29.132.124 - - [24/Dec/2024:12:44:12 -0500] "POST /wp-cron.php?doing_wp_cron=1735062252.8556909561157226562500 HTTP/1.1" 200 0 "-" "WordPress/6.7.1; https://misswavenigeria.com"
181.214.206.129 - - [24/Dec/2024:12:44:10 -0500] "GET / HTTP/1.0" 200 109055 "https://misswavenigeria.com/" "Mozilla/5.0 (Windows NT 6.3; Win64; x64) AppleWebKit/537.36 (KHTML, like Gecko) Chrome/103.0.0.0 Safari/537.36"
66.29.132.124 - - [24/Dec/2024:12:44:13 -0500] "POST /wp-admin/admin-ajax.php?action=async_litespeed&nonce=tVLG69ihXOOs7ru3FwvE1XrGZPRCuhm8&litespeed_type=imgoptm HTTP/1.1" 200 21 "-" "WordPress/6.7.1; https://misswavenigeria.com"
181.214.206.129 - - [24/Dec/2024:12:44:19 -0500] "GET /register/ HTTP/1.0" 200 75922 "https://misswavenigeria.com/register/" "Mozilla/5.0 (Windows NT 6.3; Win64; x64) AppleWebKit/537.36 (KHTML, like Gecko) Chrome/103.0.0.0 Safari/537.36"
66.29.132.124 - - [24/Dec/2024:12:44:25 -0500] "POST /wp-cron.php?doing_wp_cron=1735062265.1176218986511230468750 HTTP/1.1" 200 0 "-" "WordPress/6.7.1; https://misswavenigeria.com"
181.214.206.129 - - [24/Dec/2024:12:44:24 -0500] "POST /register/ HTTP/1.0" 200 76048 "https://misswavenigeria.com/register/" "Mozilla/5.0 (Windows NT 6.3; Win64; x64) AppleWebKit/537.36 (KHTML, like Gecko) Chrome/103.0.0.0 Safari/537.36"
66.29.132.124 - - [24/Dec/2024:12:45:55 -0500] "POST /wp-cron.php?doing_wp_cron=1735062355.5047938823699951171875 HTTP/1.1" 200 0 "-" "WordPress/6.7.1; https://misswavenigeria.com"
181.214.206.129 - - [24/Dec/2024:12:45:55 -0500] "GET /register/ HTTP/1.0" 200 75922 "https://misswavenigeria.com/" "Mozilla/5.0 (Windows NT 6.3; Win64; x64) AppleWebKit/537.36 (KHTML, like Gecko) Chrome/103.0.0.0 Safari/537.36"
66.29.132.124 - - [24/Dec/2024:12:45:55 -0500] "POST /wp-admin/admin-ajax.php?action=async_litespeed&nonce=LfgXRH9wjr2MPwHhz1CvX2ixVAPjCBng&litespeed_type=imgoptm HTTP/1.1" 200 21 "-" "WordPress/6.7.1; https://misswavenigeria.com"
66.29.132.124 - - [24/Dec/2024:12:50:03 -0500] "POST /wp-cron.php?doing_wp_cron=1735062603.1259710788726806640625 HTTP/1.1" 200 0 "-" "WordPress/6.7.1; https://misswavenigeria.com"
51.222.253.4 - - [24/Dec/2024:12:49:59 -0500] "GET /o_models/lilian-miss-katsina/ HTTP/1.1" 200 15883 "-" "Mozilla/5.0 (compatible; AhrefsBot/7.0; +http://ahrefs.com/robot/)"
66.29.132.124 - - [24/Dec/2024:12:50:03 -0500] "POST /wp-admin/admin-ajax.php?action=async_litespeed&nonce=8ppFwVpU77dAia9ceJY2HHhNNiMNpIaW&litespeed_type=imgoptm HTTP/1.1" 200 0 "-" "WordPress/6.7.1; https://misswavenigeria.com"
66.29.132.124 - - [24/Dec/2024:12:53:19 -0500] "POST /wp-cron.php?doing_wp_cron=1735062799.6978158950805664062500 HTTP/1.1" 200 0 "-" "WordPress/6.7.1; https://misswavenigeria.com"
181.214.206.129 - - [24/Dec/2024:12:53:16 -0500] "GET / HTTP/1.0" 200 109053 "https://misswavenigeria.com/" "Mozilla/5.0 (Windows NT 10.0; WOW64) AppleWebKit/537.36 (KHTML, like Gecko) Chrome/103.0.0.0 Safari/537.36"
66.29.132.124 - - [24/Dec/2024:12:53:20 -0500] "POST /wp-admin/admin-ajax.php?action=async_litespeed&nonce=Tr0gMakNf2byqMnKZDuWKcfeLzfkDZQD&litespeed_type=imgoptm HTTP/1.1" 200 21 "-" "WordPress/6.7.1; https://misswavenigeria.com"
181.214.206.129 - - [24/Dec/2024:12:53:25 -0500] "GET /register/ HTTP/1.0" 200 75922 "https://misswavenigeria.com/register/" "Mozilla/5.0 (Windows NT 10.0; WOW64) AppleWebKit/537.36 (KHTML, like Gecko) Chrome/103.0.0.0 Safari/537.36"
66.29.132.124 - - [24/Dec/2024:12:53:30 -0500] "POST /wp-cron.php?doing_wp_cron=1735062810.0143909454345703125000 HTTP/1.1" 200 0 "-" "WordPress/6.7.1; https://misswavenigeria.com"
181.214.206.129 - - [24/Dec/2024:12:53:29 -0500] "POST /register/ HTTP/1.0" 200 76048 "https://misswavenigeria.com/register/" "Mozilla/5.0 (Windows NT 10.0; WOW64) AppleWebKit/537.36 (KHTML, like Gecko) Chrome/103.0.0.0 Safari/537.36"
66.29.132.124 - - [24/Dec/2024:12:54:47 -0500] "POST /wp-cron.php?doing_wp_cron=1735062887.7247290611267089843750 HTTP/1.1" 200 0 "-" "WordPress/6.7.1; https://misswavenigeria.com"
181.214.206.129 - - [24/Dec/2024:12:54:47 -0500] "GET /register/ HTTP/1.0" 200 75922 "https://misswavenigeria.com/" "Mozilla/5.0 (Windows NT 10.0; WOW64) AppleWebKit/537.36 (KHTML, like Gecko) Chrome/103.0.0.0 Safari/537.36"
