20.15.133.174 - - [22/Dec/2024:08:42:50 -0500] "GET /tutya/b2968454.html HTTP/1.1" 200 44120 "-" "Mozilla/5.0 AppleWebKit/537.36 (KHTML, like Gecko; compatible; bingbot/2.0; +http://www.bing.com/bingbot.htm) Chrome/116.0.1938.76 Safari/537.36"
66.249.79.160 - - [22/Dec/2024:08:42:54 -0500] "GET /mzvkk/w1696815.html HTTP/1.1" 200 43866 "-" "Mozilla/5.0 (Linux; Android 6.0.1; Nexus 5X Build/MMB29P) AppleWebKit/537.36 (KHTML, like Gecko) Chrome/131.0.6778.139 Mobile Safari/537.36 (compatible; Googlebot/2.1; +http://www.google.com/bot.html)"
20.15.133.175 - - [22/Dec/2024:08:43:28 -0500] "GET /abfno/u2977365.html HTTP/1.1" 200 44071 "-" "Mozilla/5.0 AppleWebKit/537.36 (KHTML, like Gecko; compatible; bingbot/2.0; +http://www.bing.com/bingbot.htm) Chrome/116.0.1938.76 Safari/537.36"
52.167.144.160 - - [22/Dec/2024:08:43:36 -0500] "GET /myjgb/e2523961.html HTTP/1.1" 200 44081 "-" "Mozilla/5.0 AppleWebKit/537.36 (KHTML, like Gecko; compatible; bingbot/2.0; +http://www.bing.com/bingbot.htm) Chrome/116.0.1938.76 Safari/537.36"
52.167.144.160 - - [22/Dec/2024:08:43:37 -0500] "GET /yqals/e855307.html HTTP/1.1" 200 45913 "-" "Mozilla/5.0 AppleWebKit/537.36 (KHTML, like Gecko; compatible; bingbot/2.0; +http://www.bing.com/bingbot.htm) Chrome/116.0.1938.76 Safari/537.36"
20.15.133.175 - - [22/Dec/2024:08:43:48 -0500] "GET /pawoe/j562682.html HTTP/1.1" 200 45054 "-" "Mozilla/5.0 AppleWebKit/537.36 (KHTML, like Gecko; compatible; bingbot/2.0; +http://www.bing.com/bingbot.htm) Chrome/116.0.1938.76 Safari/537.36"
66.249.79.160 - - [22/Dec/2024:08:44:24 -0500] "GET /orscy/o2930013.html HTTP/1.1" 200 43576 "-" "Mozilla/5.0 (Linux; Android 6.0.1; Nexus 5X Build/MMB29P) AppleWebKit/537.36 (KHTML, like Gecko) Chrome/131.0.6778.139 Mobile Safari/537.36 (compatible; Googlebot/2.1; +http://www.google.com/bot.html)"
20.15.133.174 - - [22/Dec/2024:08:44:40 -0500] "GET /obuwk/n2361210.html HTTP/1.1" 200 44094 "-" "Mozilla/5.0 AppleWebKit/537.36 (KHTML, like Gecko; compatible; bingbot/2.0; +http://www.bing.com/bingbot.htm) Chrome/116.0.1938.76 Safari/537.36"
20.15.133.174 - - [22/Dec/2024:08:44:41 -0500] "GET /occmb/a169865.html HTTP/1.1" 200 44743 "-" "Mozilla/5.0 AppleWebKit/537.36 (KHTML, like Gecko; compatible; bingbot/2.0; +http://www.bing.com/bingbot.htm) Chrome/116.0.1938.76 Safari/537.36"
20.15.133.174 - - [22/Dec/2024:08:44:50 -0500] "GET /piyqo/p2675916.html HTTP/1.1" 200 45222 "-" "Mozilla/5.0 AppleWebKit/537.36 (KHTML, like Gecko; compatible; bingbot/2.0; +http://www.bing.com/bingbot.htm) Chrome/116.0.1938.76 Safari/537.36"
66.249.79.161 - - [22/Dec/2024:08:45:27 -0500] "GET /coivj/v1602980.html HTTP/1.1" 200 44714 "-" "Mozilla/5.0 (Linux; Android 6.0.1; Nexus 5X Build/MMB29P) AppleWebKit/537.36 (KHTML, like Gecko) Chrome/131.0.6778.139 Mobile Safari/537.36 (compatible; Googlebot/2.1; +http://www.google.com/bot.html)"
20.15.133.175 - - [22/Dec/2024:08:45:29 -0500] "GET /ojczr/f3017208.html HTTP/1.1" 200 43875 "-" "Mozilla/5.0 AppleWebKit/537.36 (KHTML, like Gecko; compatible; bingbot/2.0; +http://www.bing.com/bingbot.htm) Chrome/116.0.1938.76 Safari/537.36"
20.15.133.174 - - [22/Dec/2024:08:45:34 -0500] "GET /gppoq/e297425.html HTTP/1.1" 200 44406 "-" "Mozilla/5.0 AppleWebKit/537.36 (KHTML, like Gecko; compatible; bingbot/2.0; +http://www.bing.com/bingbot.htm) Chrome/116.0.1938.76 Safari/537.36"
20.15.133.175 - - [22/Dec/2024:08:46:09 -0500] "GET /xuffm/n882590.html HTTP/1.1" 200 44380 "-" "Mozilla/5.0 AppleWebKit/537.36 (KHTML, like Gecko; compatible; bingbot/2.0; +http://www.bing.com/bingbot.htm) Chrome/116.0.1938.76 Safari/537.36"
66.249.79.160 - - [22/Dec/2024:08:46:35 -0500] "GET /uolwv/s2386175.html HTTP/1.1" 200 44776 "-" "Mozilla/5.0 (Linux; Android 6.0.1; Nexus 5X Build/MMB29P) AppleWebKit/537.36 (KHTML, like Gecko) Chrome/131.0.6778.139 Mobile Safari/537.36 (compatible; Googlebot/2.1; +http://www.google.com/bot.html)"
52.167.144.160 - - [22/Dec/2024:08:46:36 -0500] "GET /cesvi/d859492.html HTTP/1.1" 200 44788 "-" "Mozilla/5.0 AppleWebKit/537.36 (KHTML, like Gecko; compatible; bingbot/2.0; +http://www.bing.com/bingbot.htm) Chrome/116.0.1938.76 Safari/537.36"
66.249.79.173 - - [22/Dec/2024:08:46:52 -0500] "GET /iusij/a915363.html HTTP/1.1" 200 46400 "-" "Mozilla/5.0 (Linux; Android 6.0.1; Nexus 5X Build/MMB29P) AppleWebKit/537.36 (KHTML, like Gecko) Chrome/131.0.6778.139 Mobile Safari/537.36 (compatible; Googlebot/2.1; +http://www.google.com/bot.html)"
40.77.167.144 - - [22/Dec/2024:08:47:29 -0500] "GET /kepds/e2001283.html HTTP/1.1" 200 44069 "-" "Mozilla/5.0 AppleWebKit/537.36 (KHTML, like Gecko; compatible; bingbot/2.0; +http://www.bing.com/bingbot.htm) Chrome/116.0.1938.76 Safari/537.36"
52.167.144.167 - - [22/Dec/2024:08:47:37 -0500] "GET /nspsl/a2639995.html HTTP/1.1" 200 44249 "-" "Mozilla/5.0 AppleWebKit/537.36 (KHTML, like Gecko; compatible; bingbot/2.0; +http://www.bing.com/bingbot.htm) Chrome/116.0.1938.76 Safari/537.36"
20.15.133.175 - - [22/Dec/2024:08:47:48 -0500] "GET /ohzgv/i458213.html HTTP/1.1" 200 44850 "-" "Mozilla/5.0 AppleWebKit/537.36 (KHTML, like Gecko; compatible; bingbot/2.0; +http://www.bing.com/bingbot.htm) Chrome/116.0.1938.76 Safari/537.36"
52.167.144.167 - - [22/Dec/2024:08:48:27 -0500] "GET /zousy/z1793902.html HTTP/1.1" 200 43957 "-" "Mozilla/5.0 AppleWebKit/537.36 (KHTML, like Gecko; compatible; bingbot/2.0; +http://www.bing.com/bingbot.htm) Chrome/116.0.1938.76 Safari/537.36"
20.15.133.175 - - [22/Dec/2024:08:48:49 -0500] "GET /defya/w144849.html HTTP/1.1" 200 44896 "-" "Mozilla/5.0 AppleWebKit/537.36 (KHTML, like Gecko; compatible; bingbot/2.0; +http://www.bing.com/bingbot.htm) Chrome/116.0.1938.76 Safari/537.36"
66.249.79.161 - - [22/Dec/2024:08:48:51 -0500] "GET /vmplq/f1979678.html HTTP/1.1" 200 44161 "-" "Mozilla/5.0 (Linux; Android 6.0.1; Nexus 5X Build/MMB29P) AppleWebKit/537.36 (KHTML, like Gecko) Chrome/131.0.6778.139 Mobile Safari/537.36 (compatible; Googlebot/2.1; +http://www.google.com/bot.html)"
66.29.132.124 - - [22/Dec/2024:08:49:01 -0500] "POST /wp-cron.php?doing_wp_cron=1734875341.3321731090545654296875 HTTP/1.1" 200 0 "-" "WordPress/6.7.1; https://diixadigital.com"
43.159.63.75 - - [22/Dec/2024:08:48:50 -0500] "GET / HTTP/1.1" 200 21274 "http://diixadigital.com" "Mozilla/5.0 (iPhone; CPU iPhone OS 13_2_3 like Mac OS X) AppleWebKit/605.1.15 (KHTML, like Gecko) Version/13.0.3 Mobile/15E148 Safari/604.1"
66.29.132.124 - - [22/Dec/2024:08:49:02 -0500] "POST /wp-admin/admin-ajax.php?action=async_litespeed&nonce=m5A00P0TA7m2JsFOovwwBa2XqQ5MHjOD&litespeed_type=imgoptm HTTP/1.1" 200 0 "-" "WordPress/6.7.1; https://diixadigital.com"
52.167.144.145 - - [22/Dec/2024:08:49:07 -0500] "GET /mgcaf/m861607.html HTTP/1.1" 200 45455 "-" "Mozilla/5.0 AppleWebKit/537.36 (KHTML, like Gecko; compatible; bingbot/2.0; +http://www.bing.com/bingbot.htm) Chrome/116.0.1938.76 Safari/537.36"
52.167.144.160 - - [22/Dec/2024:08:49:07 -0500] "GET /ocmox/t2009488.html HTTP/1.1" 200 44515 "-" "Mozilla/5.0 AppleWebKit/537.36 (KHTML, like Gecko; compatible; bingbot/2.0; +http://www.bing.com/bingbot.htm) Chrome/116.0.1938.76 Safari/537.36"
40.77.167.144 - - [22/Dec/2024:08:50:10 -0500] "GET /esayt/n2703838.html HTTP/1.1" 200 44969 "-" "Mozilla/5.0 AppleWebKit/537.36 (KHTML, like Gecko; compatible; bingbot/2.0; +http://www.bing.com/bingbot.htm) Chrome/116.0.1938.76 Safari/537.36"
20.15.133.174 - - [22/Dec/2024:08:50:11 -0500] "GET /ltdzx/t272376.html HTTP/1.1" 200 45254 "-" "Mozilla/5.0 AppleWebKit/537.36 (KHTML, like Gecko; compatible; bingbot/2.0; +http://www.bing.com/bingbot.htm) Chrome/116.0.1938.76 Safari/537.36"
20.15.133.174 - - [22/Dec/2024:08:51:11 -0500] "GET /ehjpy/e410109.html HTTP/1.1" 200 44429 "-" "Mozilla/5.0 AppleWebKit/537.36 (KHTML, like Gecko; compatible; bingbot/2.0; +http://www.bing.com/bingbot.htm) Chrome/116.0.1938.76 Safari/537.36"
40.77.167.144 - - [22/Dec/2024:08:51:49 -0500] "GET /wwneb/s2658967.html HTTP/1.1" 200 45213 "-" "Mozilla/5.0 AppleWebKit/537.36 (KHTML, like Gecko; compatible; bingbot/2.0; +http://www.bing.com/bingbot.htm) Chrome/116.0.1938.76 Safari/537.36"
20.15.133.175 - - [22/Dec/2024:08:51:59 -0500] "GET /sqggk/b2148050.html HTTP/1.1" 200 43737 "-" "Mozilla/5.0 AppleWebKit/537.36 (KHTML, like Gecko; compatible; bingbot/2.0; +http://www.bing.com/bingbot.htm) Chrome/116.0.1938.76 Safari/537.36"
66.249.79.160 - - [22/Dec/2024:08:52:11 -0500] "GET /ncgtw/w547251.html HTTP/1.1" 200 44610 "-" "Mozilla/5.0 (Linux; Android 6.0.1; Nexus 5X Build/MMB29P) AppleWebKit/537.36 (KHTML, like Gecko) Chrome/131.0.6778.139 Mobile Safari/537.36 (compatible; Googlebot/2.1; +http://www.google.com/bot.html)"
40.77.167.144 - - [22/Dec/2024:08:52:59 -0500] "GET /tajls/v2333814.html HTTP/1.1" 200 44547 "-" "Mozilla/5.0 AppleWebKit/537.36 (KHTML, like Gecko; compatible; bingbot/2.0; +http://www.bing.com/bingbot.htm) Chrome/116.0.1938.76 Safari/537.36"
52.167.144.160 - - [22/Dec/2024:08:53:57 -0500] "GET /ptoin/c631393.html HTTP/1.1" 200 47502 "-" "Mozilla/5.0 AppleWebKit/537.36 (KHTML, like Gecko; compatible; bingbot/2.0; +http://www.bing.com/bingbot.htm) Chrome/116.0.1938.76 Safari/537.36"
40.77.167.144 - - [22/Dec/2024:08:54:09 -0500] "GET /jleov/z2958000.html HTTP/1.1" 200 44268 "-" "Mozilla/5.0 AppleWebKit/537.36 (KHTML, like Gecko; compatible; bingbot/2.0; +http://www.bing.com/bingbot.htm) Chrome/116.0.1938.76 Safari/537.36"
52.167.144.167 - - [22/Dec/2024:08:54:19 -0500] "GET /hrptv/u2970605.html HTTP/1.1" 200 44125 "-" "Mozilla/5.0 AppleWebKit/537.36 (KHTML, like Gecko; compatible; bingbot/2.0; +http://www.bing.com/bingbot.htm) Chrome/116.0.1938.76 Safari/537.36"
40.77.167.25 - - [22/Dec/2024:08:54:37 -0500] "GET /kepso/o2849569.html HTTP/1.1" 200 44355 "-" "Mozilla/5.0 AppleWebKit/537.36 (KHTML, like Gecko; compatible; bingbot/2.0; +http://www.bing.com/bingbot.htm) Chrome/116.0.1938.76 Safari/537.36"
20.15.133.174 - - [22/Dec/2024:08:55:01 -0500] "GET /etdyx/u1755313.html HTTP/1.1" 200 44160 "-" "Mozilla/5.0 AppleWebKit/537.36 (KHTML, like Gecko; compatible; bingbot/2.0; +http://www.bing.com/bingbot.htm) Chrome/116.0.1938.76 Safari/537.36"
66.249.79.161 - - [22/Dec/2024:08:55:14 -0500] "GET /frdsv/f2322722.html HTTP/1.1" 200 43882 "-" "Mozilla/5.0 (Linux; Android 6.0.1; Nexus 5X Build/MMB29P) AppleWebKit/537.36 (KHTML, like Gecko) Chrome/131.0.6778.139 Mobile Safari/537.36 (compatible; Googlebot/2.1; +http://www.google.com/bot.html)"
20.15.133.191 - - [22/Dec/2024:08:55:49 -0500] "GET /fyjes/h2524068.html HTTP/1.1" 200 44043 "-" "Mozilla/5.0 AppleWebKit/537.36 (KHTML, like Gecko; compatible; bingbot/2.0; +http://www.bing.com/bingbot.htm) Chrome/116.0.1938.76 Safari/537.36"
40.77.167.25 - - [22/Dec/2024:08:56:07 -0500] "GET /mgcaf/m861607.html HTTP/1.1" 200 45491 "-" "Mozilla/5.0 AppleWebKit/537.36 (KHTML, like Gecko; compatible; bingbot/2.0; +http://www.bing.com/bingbot.htm) Chrome/116.0.1938.76 Safari/537.36"
40.77.167.61 - - [22/Dec/2024:08:56:29 -0500] "GET /yssfp/v565554.html HTTP/1.1" 200 45605 "-" "Mozilla/5.0 AppleWebKit/537.36 (KHTML, like Gecko; compatible; bingbot/2.0; +http://www.bing.com/bingbot.htm) Chrome/116.0.1938.76 Safari/537.36"
40.77.167.61 - - [22/Dec/2024:08:56:30 -0500] "GET /qfjje/c860765.html HTTP/1.1" 200 44723 "-" "Mozilla/5.0 AppleWebKit/537.36 (KHTML, like Gecko; compatible; bingbot/2.0; +http://www.bing.com/bingbot.htm) Chrome/116.0.1938.76 Safari/537.36"
52.167.144.19 - - [22/Dec/2024:08:56:33 -0500] "GET /vukcb/s808989.html HTTP/1.1" 200 44942 "-" "Mozilla/5.0 AppleWebKit/537.36 (KHTML, like Gecko; compatible; bingbot/2.0; +http://www.bing.com/bingbot.htm) Chrome/116.0.1938.76 Safari/537.36"
66.249.79.173 - - [22/Dec/2024:08:58:01 -0500] "GET /viohj/x1735192.html HTTP/1.1" 200 44116 "-" "Mozilla/5.0 (Linux; Android 6.0.1; Nexus 5X Build/MMB29P) AppleWebKit/537.36 (KHTML, like Gecko) Chrome/131.0.6778.139 Mobile Safari/537.36 (compatible; Googlebot/2.1; +http://www.google.com/bot.html)"
20.15.133.191 - - [22/Dec/2024:08:58:02 -0500] "GET /uqfka/c1544669.html HTTP/1.1" 200 45083 "-" "Mozilla/5.0 AppleWebKit/537.36 (KHTML, like Gecko; compatible; bingbot/2.0; +http://www.bing.com/bingbot.htm) Chrome/116.0.1938.76 Safari/537.36"
20.15.133.191 - - [22/Dec/2024:08:58:20 -0500] "GET /qzvqb/l284458.html HTTP/1.1" 200 45320 "-" "Mozilla/5.0 AppleWebKit/537.36 (KHTML, like Gecko; compatible; bingbot/2.0; +http://www.bing.com/bingbot.htm) Chrome/116.0.1938.76 Safari/537.36"
20.15.133.191 - - [22/Dec/2024:08:58:22 -0500] "GET /ajksn/h326236.html HTTP/1.1" 200 44369 "-" "Mozilla/5.0 AppleWebKit/537.36 (KHTML, like Gecko; compatible; bingbot/2.0; +http://www.bing.com/bingbot.htm) Chrome/116.0.1938.76 Safari/537.36"
66.249.79.161 - - [22/Dec/2024:08:59:37 -0500] "GET /ggqgv/x1514270.html HTTP/1.1" 200 44477 "-" "Mozilla/5.0 (Linux; Android 6.0.1; Nexus 5X Build/MMB29P) AppleWebKit/537.36 (KHTML, like Gecko) Chrome/131.0.6778.139 Mobile Safari/537.36 (compatible; Googlebot/2.1; +http://www.google.com/bot.html)"
20.15.133.175 - - [22/Dec/2024:09:00:20 -0500] "GET /xztcn/n976996.html HTTP/1.1" 200 45257 "-" "Mozilla/5.0 AppleWebKit/537.36 (KHTML, like Gecko; compatible; bingbot/2.0; +http://www.bing.com/bingbot.htm) Chrome/116.0.1938.76 Safari/537.36"
66.249.79.173 - - [22/Dec/2024:09:01:43 -0500] "GET /yytvj/q2164731.html HTTP/1.1" 200 44083 "-" "Mozilla/5.0 (Linux; Android 6.0.1; Nexus 5X Build/MMB29P) AppleWebKit/537.36 (KHTML, like Gecko) Chrome/131.0.6778.139 Mobile Safari/537.36 (compatible; Googlebot/2.1; +http://www.google.com/bot.html)"
40.77.167.25 - - [22/Dec/2024:09:03:07 -0500] "GET /mgcaf/m861607.html HTTP/1.1" 200 45455 "-" "Mozilla/5.0 AppleWebKit/537.36 (KHTML, like Gecko; compatible; bingbot/2.0; +http://www.bing.com/bingbot.htm) Chrome/116.0.1938.76 Safari/537.36"
20.15.133.191 - - [22/Dec/2024:09:03:32 -0500] "GET /mtpud/i1105223.html HTTP/1.1" 200 44380 "-" "Mozilla/5.0 AppleWebKit/537.36 (KHTML, like Gecko; compatible; bingbot/2.0; +http://www.bing.com/bingbot.htm) Chrome/116.0.1938.76 Safari/537.36"
20.15.133.175 - - [22/Dec/2024:09:04:41 -0500] "GET /muanp/z1083530.html HTTP/1.1" 200 45041 "-" "Mozilla/5.0 AppleWebKit/537.36 (KHTML, like Gecko; compatible; bingbot/2.0; +http://www.bing.com/bingbot.htm) Chrome/116.0.1938.76 Safari/537.36"
40.77.167.181 - - [22/Dec/2024:09:04:41 -0500] "GET /robots.txt HTTP/1.1" 200 137 "-" "Mozilla/5.0 AppleWebKit/537.36 (KHTML, like Gecko; compatible; bingbot/2.0; +http://www.bing.com/bingbot.htm) Chrome/116.0.1938.76 Safari/537.36"
40.77.167.181 - - [22/Dec/2024:09:04:41 -0500] "GET /robots.txt HTTP/1.1" 200 137 "-" "Mozilla/5.0 AppleWebKit/537.36 (KHTML, like Gecko; compatible; bingbot/2.0; +http://www.bing.com/bingbot.htm) Chrome/116.0.1938.76 Safari/537.36"
52.167.144.19 - - [22/Dec/2024:09:04:41 -0500] "GET /raczu/d607578.html HTTP/1.1" 200 44974 "-" "Mozilla/5.0 AppleWebKit/537.36 (KHTML, like Gecko; compatible; bingbot/2.0; +http://www.bing.com/bingbot.htm) Chrome/116.0.1938.76 Safari/537.36"
20.15.133.175 - - [22/Dec/2024:09:04:44 -0500] "GET /mblvu/n2440224.html HTTP/1.1" 200 43904 "-" "Mozilla/5.0 AppleWebKit/537.36 (KHTML, like Gecko; compatible; bingbot/2.0; +http://www.bing.com/bingbot.htm) Chrome/116.0.1938.76 Safari/537.36"
20.15.133.191 - - [22/Dec/2024:09:04:45 -0500] "GET /qjcgp/v2542126.html HTTP/1.1" 200 43915 "-" "Mozilla/5.0 AppleWebKit/537.36 (KHTML, like Gecko; compatible; bingbot/2.0; +http://www.bing.com/bingbot.htm) Chrome/116.0.1938.76 Safari/537.36"
20.15.133.191 - - [22/Dec/2024:09:05:52 -0500] "GET /hbyrm/x2121448.html HTTP/1.1" 200 43358 "-" "Mozilla/5.0 AppleWebKit/537.36 (KHTML, like Gecko; compatible; bingbot/2.0; +http://www.bing.com/bingbot.htm) Chrome/116.0.1938.76 Safari/537.36"
66.249.79.173 - - [22/Dec/2024:09:07:38 -0500] "GET /vutlt/y431553.html HTTP/1.1" 200 44472 "-" "Mozilla/5.0 (Linux; Android 6.0.1; Nexus 5X Build/MMB29P) AppleWebKit/537.36 (KHTML, like Gecko) Chrome/131.0.6778.139 Mobile Safari/537.36 (compatible; Googlebot/2.1; +http://www.google.com/bot.html)"
66.249.79.173 - - [22/Dec/2024:09:08:09 -0500] "GET /exuod/h2624558.html HTTP/1.1" 200 44016 "-" "Mozilla/5.0 (Linux; Android 6.0.1; Nexus 5X Build/MMB29P) AppleWebKit/537.36 (KHTML, like Gecko) Chrome/131.0.6778.139 Mobile Safari/537.36 (compatible; Googlebot/2.1; +http://www.google.com/bot.html)"
20.15.133.175 - - [22/Dec/2024:09:08:21 -0500] "GET /eojmq/k3061647.html HTTP/1.1" 200 43899 "-" "Mozilla/5.0 AppleWebKit/537.36 (KHTML, like Gecko; compatible; bingbot/2.0; +http://www.bing.com/bingbot.htm) Chrome/116.0.1938.76 Safari/537.36"
40.77.167.71 - - [22/Dec/2024:09:08:28 -0500] "GET /gfpfb/e819401.html HTTP/1.1" 200 44997 "-" "Mozilla/5.0 AppleWebKit/537.36 (KHTML, like Gecko; compatible; bingbot/2.0; +http://www.bing.com/bingbot.htm) Chrome/116.0.1938.76 Safari/537.36"
52.167.144.187 - - [22/Dec/2024:09:09:20 -0500] "GET /mztxr/e2922515.html HTTP/1.1" 200 44601 "-" "Mozilla/5.0 AppleWebKit/537.36 (KHTML, like Gecko; compatible; bingbot/2.0; +http://www.bing.com/bingbot.htm) Chrome/116.0.1938.76 Safari/537.36"
40.77.167.64 - - [22/Dec/2024:09:09:30 -0500] "GET /mufog/v2730106.html HTTP/1.1" 200 44743 "-" "Mozilla/5.0 AppleWebKit/537.36 (KHTML, like Gecko; compatible; bingbot/2.0; +http://www.bing.com/bingbot.htm) Chrome/116.0.1938.76 Safari/537.36"
20.15.133.191 - - [22/Dec/2024:09:09:42 -0500] "GET /trkow/m3026367.html HTTP/1.1" 200 44008 "-" "Mozilla/5.0 AppleWebKit/537.36 (KHTML, like Gecko; compatible; bingbot/2.0; +http://www.bing.com/bingbot.htm) Chrome/116.0.1938.76 Safari/537.36"
40.77.167.71 - - [22/Dec/2024:09:09:49 -0500] "GET /mgcaf/m861607.html HTTP/1.1" 200 45491 "-" "Mozilla/5.0 AppleWebKit/537.36 (KHTML, like Gecko; compatible; bingbot/2.0; +http://www.bing.com/bingbot.htm) Chrome/116.0.1938.76 Safari/537.36"
66.249.79.173 - - [22/Dec/2024:09:11:11 -0500] "GET /gqqwv/e1363425.html HTTP/1.1" 200 43889 "-" "Mozilla/5.0 (Linux; Android 6.0.1; Nexus 5X Build/MMB29P) AppleWebKit/537.36 (KHTML, like Gecko) Chrome/131.0.6778.139 Mobile Safari/537.36 (compatible; Googlebot/2.1; +http://www.google.com/bot.html)"
20.15.133.175 - - [22/Dec/2024:09:11:21 -0500] "GET /nuqbx/w1053887.html HTTP/1.1" 200 45228 "-" "Mozilla/5.0 AppleWebKit/537.36 (KHTML, like Gecko; compatible; bingbot/2.0; +http://www.bing.com/bingbot.htm) Chrome/116.0.1938.76 Safari/537.36"
66.249.79.160 - - [22/Dec/2024:09:12:28 -0500] "GET /xcrpl/n1045480.html HTTP/1.1" 200 44676 "-" "Mozilla/5.0 (Linux; Android 6.0.1; Nexus 5X Build/MMB29P) AppleWebKit/537.36 (KHTML, like Gecko) Chrome/131.0.6778.139 Mobile Safari/537.36 (compatible; Googlebot/2.1; +http://www.google.com/bot.html)"
40.77.167.71 - - [22/Dec/2024:09:12:39 -0500] "GET /nmqsb/l467394.html HTTP/1.1" 200 45638 "-" "Mozilla/5.0 AppleWebKit/537.36 (KHTML, like Gecko; compatible; bingbot/2.0; +http://www.bing.com/bingbot.htm) Chrome/116.0.1938.76 Safari/537.36"
40.77.167.22 - - [22/Dec/2024:09:12:41 -0500] "GET /hksnw/d2612386.html HTTP/1.1" 200 43982 "-" "Mozilla/5.0 AppleWebKit/537.36 (KHTML, like Gecko; compatible; bingbot/2.0; +http://www.bing.com/bingbot.htm) Chrome/116.0.1938.76 Safari/537.36"
40.77.167.64 - - [22/Dec/2024:09:13:00 -0500] "GET /apvnl/k2673831.html HTTP/1.1" 200 44388 "-" "Mozilla/5.0 AppleWebKit/537.36 (KHTML, like Gecko; compatible; bingbot/2.0; +http://www.bing.com/bingbot.htm) Chrome/116.0.1938.76 Safari/537.36"
52.167.144.219 - - [22/Dec/2024:09:13:49 -0500] "GET /clsqe/d2490524.html HTTP/1.1" 200 45168 "-" "Mozilla/5.0 AppleWebKit/537.36 (KHTML, like Gecko; compatible; bingbot/2.0; +http://www.bing.com/bingbot.htm) Chrome/116.0.1938.76 Safari/537.36"
52.167.144.219 - - [22/Dec/2024:09:13:50 -0500] "GET /sguwe/r97394.html HTTP/1.1" 200 45000 "-" "Mozilla/5.0 AppleWebKit/537.36 (KHTML, like Gecko; compatible; bingbot/2.0; +http://www.bing.com/bingbot.htm) Chrome/116.0.1938.76 Safari/537.36"
20.15.133.175 - - [22/Dec/2024:09:13:51 -0500] "GET /iuncc/b2780682.html HTTP/1.1" 200 44798 "-" "Mozilla/5.0 AppleWebKit/537.36 (KHTML, like Gecko; compatible; bingbot/2.0; +http://www.bing.com/bingbot.htm) Chrome/116.0.1938.76 Safari/537.36"
20.15.133.191 - - [22/Dec/2024:09:14:13 -0500] "GET /dfalq/b1195202.html HTTP/1.1" 200 45580 "-" "Mozilla/5.0 AppleWebKit/537.36 (KHTML, like Gecko; compatible; bingbot/2.0; +http://www.bing.com/bingbot.htm) Chrome/116.0.1938.76 Safari/537.36"
20.15.133.191 - - [22/Dec/2024:09:14:15 -0500] "GET /kfrxz/i1154545.html HTTP/1.1" 200 44661 "-" "Mozilla/5.0 AppleWebKit/537.36 (KHTML, like Gecko; compatible; bingbot/2.0; +http://www.bing.com/bingbot.htm) Chrome/116.0.1938.76 Safari/537.36"
52.167.144.219 - - [22/Dec/2024:09:14:29 -0500] "GET /bvslb/h1337714.html HTTP/1.1" 200 43854 "-" "Mozilla/5.0 AppleWebKit/537.36 (KHTML, like Gecko; compatible; bingbot/2.0; +http://www.bing.com/bingbot.htm) Chrome/116.0.1938.76 Safari/537.36"
66.249.79.173 - - [22/Dec/2024:09:15:01 -0500] "GET /heutz/n299228.html HTTP/1.1" 200 44677 "-" "Mozilla/5.0 (Linux; Android 6.0.1; Nexus 5X Build/MMB29P) AppleWebKit/537.36 (KHTML, like Gecko) Chrome/131.0.6778.139 Mobile Safari/537.36 (compatible; Googlebot/2.1; +http://www.google.com/bot.html)"
66.249.79.160 - - [22/Dec/2024:09:15:13 -0500] "GET /aopto/n889844.html HTTP/1.1" 200 44145 "-" "Mozilla/5.0 (Linux; Android 6.0.1; Nexus 5X Build/MMB29P) AppleWebKit/537.36 (KHTML, like Gecko) Chrome/131.0.6778.139 Mobile Safari/537.36 (compatible; Googlebot/2.1; +http://www.google.com/bot.html)"
40.77.167.64 - - [22/Dec/2024:09:15:20 -0500] "GET /xsqma/p2286800.html HTTP/1.1" 200 44595 "-" "Mozilla/5.0 AppleWebKit/537.36 (KHTML, like Gecko; compatible; bingbot/2.0; +http://www.bing.com/bingbot.htm) Chrome/116.0.1938.76 Safari/537.36"
40.77.167.64 - - [22/Dec/2024:09:15:21 -0500] "GET /tsvot/w1278111.html HTTP/1.1" 200 44786 "-" "Mozilla/5.0 AppleWebKit/537.36 (KHTML, like Gecko; compatible; bingbot/2.0; +http://www.bing.com/bingbot.htm) Chrome/116.0.1938.76 Safari/537.36"
52.167.144.219 - - [22/Dec/2024:09:16:29 -0500] "GET /kbscl/v303578.html HTTP/1.1" 200 44287 "-" "Mozilla/5.0 AppleWebKit/537.36 (KHTML, like Gecko; compatible; bingbot/2.0; +http://www.bing.com/bingbot.htm) Chrome/116.0.1938.76 Safari/537.36"
66.249.79.160 - - [22/Dec/2024:09:16:39 -0500] "GET /gxgsi/i2064519.html HTTP/1.1" 200 43831 "-" "Mozilla/5.0 (Linux; Android 6.0.1; Nexus 5X Build/MMB29P) AppleWebKit/537.36 (KHTML, like Gecko) Chrome/131.0.6778.139 Mobile Safari/537.36 (compatible; Googlebot/2.1; +http://www.google.com/bot.html)"
52.167.144.161 - - [22/Dec/2024:09:16:39 -0500] "GET /mgcaf/m861607.html HTTP/1.1" 200 45491 "-" "Mozilla/5.0 AppleWebKit/537.36 (KHTML, like Gecko; compatible; bingbot/2.0; +http://www.bing.com/bingbot.htm) Chrome/116.0.1938.76 Safari/537.36"
52.167.144.188 - - [22/Dec/2024:09:17:32 -0500] "GET /jetfr/x1334038.html HTTP/1.1" 200 44469 "-" "Mozilla/5.0 AppleWebKit/537.36 (KHTML, like Gecko; compatible; bingbot/2.0; +http://www.bing.com/bingbot.htm) Chrome/116.0.1938.76 Safari/537.36"
52.167.144.161 - - [22/Dec/2024:09:18:09 -0500] "GET /dusxo/k601995.html HTTP/1.1" 200 45142 "-" "Mozilla/5.0 AppleWebKit/537.36 (KHTML, like Gecko; compatible; bingbot/2.0; +http://www.bing.com/bingbot.htm) Chrome/116.0.1938.76 Safari/537.36"
52.167.144.20 - - [22/Dec/2024:09:19:59 -0500] "GET /fwqjw/s2939091.html HTTP/1.1" 200 44211 "-" "Mozilla/5.0 AppleWebKit/537.36 (KHTML, like Gecko; compatible; bingbot/2.0; +http://www.bing.com/bingbot.htm) Chrome/116.0.1938.76 Safari/537.36"
20.15.133.191 - - [22/Dec/2024:09:20:22 -0500] "GET /eahcz/u1283127.html HTTP/1.1" 200 44495 "-" "Mozilla/5.0 AppleWebKit/537.36 (KHTML, like Gecko; compatible; bingbot/2.0; +http://www.bing.com/bingbot.htm) Chrome/116.0.1938.76 Safari/537.36"
66.249.79.173 - - [22/Dec/2024:09:21:29 -0500] "GET /tftwx/d775486.html HTTP/1.1" 200 44904 "-" "Mozilla/5.0 (Linux; Android 6.0.1; Nexus 5X Build/MMB29P) AppleWebKit/537.36 (KHTML, like Gecko) Chrome/131.0.6778.139 Mobile Safari/537.36 (compatible; Googlebot/2.1; +http://www.google.com/bot.html)"
40.77.167.71 - - [22/Dec/2024:09:21:41 -0500] "GET /jrsdp/c2437639.html HTTP/1.1" 200 44190 "-" "Mozilla/5.0 AppleWebKit/537.36 (KHTML, like Gecko; compatible; bingbot/2.0; +http://www.bing.com/bingbot.htm) Chrome/116.0.1938.76 Safari/537.36"
40.77.167.71 - - [22/Dec/2024:09:22:51 -0500] "GET /sbsex/k1627227.html HTTP/1.1" 200 44016 "-" "Mozilla/5.0 AppleWebKit/537.36 (KHTML, like Gecko; compatible; bingbot/2.0; +http://www.bing.com/bingbot.htm) Chrome/116.0.1938.76 Safari/537.36"
52.167.144.161 - - [22/Dec/2024:09:23:30 -0500] "GET /mgcaf/m861607.html HTTP/1.1" 200 45491 "-" "Mozilla/5.0 AppleWebKit/537.36 (KHTML, like Gecko; compatible; bingbot/2.0; +http://www.bing.com/bingbot.htm) Chrome/116.0.1938.76 Safari/537.36"
66.249.79.173 - - [22/Dec/2024:09:23:37 -0500] "GET /latro/y346663.html HTTP/1.1" 200 45584 "-" "Mozilla/5.0 (Linux; Android 6.0.1; Nexus 5X Build/MMB29P) AppleWebKit/537.36 (KHTML, like Gecko) Chrome/131.0.6778.139 Mobile Safari/537.36 (compatible; Googlebot/2.1; +http://www.google.com/bot.html)"
52.167.144.188 - - [22/Dec/2024:09:24:14 -0500] "GET /nwgjs/d1049838.html HTTP/1.1" 200 44392 "-" "Mozilla/5.0 AppleWebKit/537.36 (KHTML, like Gecko; compatible; bingbot/2.0; +http://www.bing.com/bingbot.htm) Chrome/116.0.1938.76 Safari/537.36"
20.15.133.174 - - [22/Dec/2024:09:24:23 -0500] "GET /bsiwi/t353964.html HTTP/1.1" 200 44570 "-" "Mozilla/5.0 AppleWebKit/537.36 (KHTML, like Gecko; compatible; bingbot/2.0; +http://www.bing.com/bingbot.htm) Chrome/116.0.1938.76 Safari/537.36"
66.249.79.173 - - [22/Dec/2024:09:25:35 -0500] "GET /bxoxs/f2349632.html HTTP/1.1" 200 44148 "-" "Mozilla/5.0 (Linux; Android 6.0.1; Nexus 5X Build/MMB29P) AppleWebKit/537.36 (KHTML, like Gecko) Chrome/131.0.6778.139 Mobile Safari/537.36 (compatible; Googlebot/2.1; +http://www.google.com/bot.html)"
66.249.79.173 - - [22/Dec/2024:09:25:42 -0500] "GET /ehwcp/m1323107.html HTTP/1.1" 200 44352 "-" "Mozilla/5.0 (Linux; Android 6.0.1; Nexus 5X Build/MMB29P) AppleWebKit/537.36 (KHTML, like Gecko) Chrome/131.0.6778.139 Mobile Safari/537.36 (compatible; Googlebot/2.1; +http://www.google.com/bot.html)"
52.167.144.188 - - [22/Dec/2024:09:25:44 -0500] "GET /mjkik/x1961964.html HTTP/1.1" 200 44419 "-" "Mozilla/5.0 AppleWebKit/537.36 (KHTML, like Gecko; compatible; bingbot/2.0; +http://www.bing.com/bingbot.htm) Chrome/116.0.1938.76 Safari/537.36"
40.77.167.67 - - [22/Dec/2024:09:25:53 -0500] "GET /asnjc/r1958136.html HTTP/1.1" 200 43979 "-" "Mozilla/5.0 AppleWebKit/537.36 (KHTML, like Gecko; compatible; bingbot/2.0; +http://www.bing.com/bingbot.htm) Chrome/116.0.1938.76 Safari/537.36"
40.77.167.67 - - [22/Dec/2024:09:25:54 -0500] "GET /bexau/x2976900.html HTTP/1.1" 200 43950 "-" "Mozilla/5.0 AppleWebKit/537.36 (KHTML, like Gecko; compatible; bingbot/2.0; +http://www.bing.com/bingbot.htm) Chrome/116.0.1938.76 Safari/537.36"
20.15.133.174 - - [22/Dec/2024:09:26:23 -0500] "GET /ciool/w2963327.html HTTP/1.1" 200 44465 "-" "Mozilla/5.0 AppleWebKit/537.36 (KHTML, like Gecko; compatible; bingbot/2.0; +http://www.bing.com/bingbot.htm) Chrome/116.0.1938.76 Safari/537.36"
66.249.79.161 - - [22/Dec/2024:09:26:26 -0500] "GET /rpkga/h2574508.html HTTP/1.1" 200 44350 "-" "Mozilla/5.0 (Linux; Android 6.0.1; Nexus 5X Build/MMB29P) AppleWebKit/537.36 (KHTML, like Gecko) Chrome/131.0.6778.139 Mobile Safari/537.36 (compatible; Googlebot/2.1; +http://www.google.com/bot.html)"
20.15.133.184 - - [22/Dec/2024:09:27:43 -0500] "GET /djzzh/b400720.html HTTP/1.1" 200 44372 "-" "Mozilla/5.0 AppleWebKit/537.36 (KHTML, like Gecko; compatible; bingbot/2.0; +http://www.bing.com/bingbot.htm) Chrome/116.0.1938.76 Safari/537.36"
20.15.133.184 - - [22/Dec/2024:09:28:23 -0500] "GET /dvbaz/y3066861.html HTTP/1.1" 200 43818 "-" "Mozilla/5.0 AppleWebKit/537.36 (KHTML, like Gecko; compatible; bingbot/2.0; +http://www.bing.com/bingbot.htm) Chrome/116.0.1938.76 Safari/537.36"
40.77.167.48 - - [22/Dec/2024:09:28:40 -0500] "GET /zkabp/u112997.html HTTP/1.1" 200 45650 "-" "Mozilla/5.0 AppleWebKit/537.36 (KHTML, like Gecko; compatible; bingbot/2.0; +http://www.bing.com/bingbot.htm) Chrome/116.0.1938.76 Safari/537.36"
52.167.144.198 - - [22/Dec/2024:09:28:45 -0500] "GET /mvzfi/c2420947.html HTTP/1.1" 200 44898 "-" "Mozilla/5.0 AppleWebKit/537.36 (KHTML, like Gecko; compatible; bingbot/2.0; +http://www.bing.com/bingbot.htm) Chrome/116.0.1938.76 Safari/537.36"
66.249.79.161 - - [22/Dec/2024:09:28:56 -0500] "GET /ihfyo/f397734.html HTTP/1.1" 200 44561 "-" "Mozilla/5.0 (Linux; Android 6.0.1; Nexus 5X Build/MMB29P) AppleWebKit/537.36 (KHTML, like Gecko) Chrome/131.0.6778.139 Mobile Safari/537.36 (compatible; Googlebot/2.1; +http://www.google.com/bot.html)"
40.77.167.48 - - [22/Dec/2024:09:29:50 -0500] "GET /mgcaf/m861607.html HTTP/1.1" 200 45455 "-" "Mozilla/5.0 AppleWebKit/537.36 (KHTML, like Gecko; compatible; bingbot/2.0; +http://www.bing.com/bingbot.htm) Chrome/116.0.1938.76 Safari/537.36"
52.167.144.202 - - [22/Dec/2024:09:29:54 -0500] "GET /pzlog/r110160.html HTTP/1.1" 200 46166 "-" "Mozilla/5.0 AppleWebKit/537.36 (KHTML, like Gecko; compatible; bingbot/2.0; +http://www.bing.com/bingbot.htm) Chrome/116.0.1938.76 Safari/537.36"
40.77.167.23 - - [22/Dec/2024:09:30:32 -0500] "GET /stubb/u2530945.html HTTP/1.1" 200 44708 "-" "Mozilla/5.0 AppleWebKit/537.36 (KHTML, like Gecko; compatible; bingbot/2.0; +http://www.bing.com/bingbot.htm) Chrome/116.0.1938.76 Safari/537.36"
20.15.133.175 - - [22/Dec/2024:09:30:54 -0500] "GET /tdque/i1912757.html HTTP/1.1" 200 43815 "-" "Mozilla/5.0 AppleWebKit/537.36 (KHTML, like Gecko; compatible; bingbot/2.0; +http://www.bing.com/bingbot.htm) Chrome/116.0.1938.76 Safari/537.36"
66.249.79.160 - - [22/Dec/2024:09:31:20 -0500] "GET /emlwf/k2140337.html HTTP/1.1" 200 44121 "-" "Mozilla/5.0 (Linux; Android 6.0.1; Nexus 5X Build/MMB29P) AppleWebKit/537.36 (KHTML, like Gecko) Chrome/131.0.6778.139 Mobile Safari/537.36 (compatible; Googlebot/2.1; +http://www.google.com/bot.html)"
20.15.133.175 - - [22/Dec/2024:09:31:24 -0500] "GET /wdqji/u2565291.html HTTP/1.1" 200 43936 "-" "Mozilla/5.0 AppleWebKit/537.36 (KHTML, like Gecko; compatible; bingbot/2.0; +http://www.bing.com/bingbot.htm) Chrome/116.0.1938.76 Safari/537.36"
52.167.144.24 - - [22/Dec/2024:09:31:41 -0500] "GET /enltn/b2372482.html HTTP/1.1" 200 45107 "-" "Mozilla/5.0 AppleWebKit/537.36 (KHTML, like Gecko; compatible; bingbot/2.0; +http://www.bing.com/bingbot.htm) Chrome/116.0.1938.76 Safari/537.36"
66.249.79.173 - - [22/Dec/2024:09:31:44 -0500] "GET /nmxzw/n759038.html HTTP/1.1" 200 44533 "-" "Mozilla/5.0 (Linux; Android 6.0.1; Nexus 5X Build/MMB29P) AppleWebKit/537.36 (KHTML, like Gecko) Chrome/131.0.6778.139 Mobile Safari/537.36 (compatible; Googlebot/2.1; +http://www.google.com/bot.html)"
66.249.79.160 - - [22/Dec/2024:09:31:45 -0500] "GET /chkor/f2119194.html HTTP/1.1" 200 44385 "-" "Mozilla/5.0 (Linux; Android 6.0.1; Nexus 5X Build/MMB29P) AppleWebKit/537.36 (KHTML, like Gecko) Chrome/131.0.6778.139 Mobile Safari/537.36 (compatible; Googlebot/2.1; +http://www.google.com/bot.html)"
52.167.144.24 - - [22/Dec/2024:09:32:31 -0500] "GET /tsomu/q1782219.html HTTP/1.1" 200 43986 "-" "Mozilla/5.0 AppleWebKit/537.36 (KHTML, like Gecko; compatible; bingbot/2.0; +http://www.bing.com/bingbot.htm) Chrome/116.0.1938.76 Safari/537.36"
52.167.144.220 - - [22/Dec/2024:09:32:35 -0500] "GET /hxeej/h186460.html HTTP/1.1" 200 45363 "-" "Mozilla/5.0 AppleWebKit/537.36 (KHTML, like Gecko; compatible; bingbot/2.0; +http://www.bing.com/bingbot.htm) Chrome/116.0.1938.76 Safari/537.36"
20.15.133.174 - - [22/Dec/2024:09:33:43 -0500] "GET /kvkel/m252661.html HTTP/1.1" 200 44915 "-" "Mozilla/5.0 AppleWebKit/537.36 (KHTML, like Gecko; compatible; bingbot/2.0; +http://www.bing.com/bingbot.htm) Chrome/116.0.1938.76 Safari/537.36"
20.15.133.175 - - [22/Dec/2024:09:33:48 -0500] "GET /yibcw/x1429640.html HTTP/1.1" 200 44260 "-" "Mozilla/5.0 AppleWebKit/537.36 (KHTML, like Gecko; compatible; bingbot/2.0; +http://www.bing.com/bingbot.htm) Chrome/116.0.1938.76 Safari/537.36"
20.15.133.175 - - [22/Dec/2024:09:33:50 -0500] "GET /hywba/w1363859.html HTTP/1.1" 200 43925 "-" "Mozilla/5.0 AppleWebKit/537.36 (KHTML, like Gecko; compatible; bingbot/2.0; +http://www.bing.com/bingbot.htm) Chrome/116.0.1938.76 Safari/537.36"
20.15.133.174 - - [22/Dec/2024:09:33:53 -0500] "GET /cdhug/n2450676.html HTTP/1.1" 200 43911 "-" "Mozilla/5.0 AppleWebKit/537.36 (KHTML, like Gecko; compatible; bingbot/2.0; +http://www.bing.com/bingbot.htm) Chrome/116.0.1938.76 Safari/537.36"
66.249.79.173 - - [22/Dec/2024:09:34:34 -0500] "GET /snuvm/q1984811.html HTTP/1.1" 200 45219 "-" "Mozilla/5.0 (Linux; Android 6.0.1; Nexus 5X Build/MMB29P) AppleWebKit/537.36 (KHTML, like Gecko) Chrome/131.0.6778.139 Mobile Safari/537.36 (compatible; Googlebot/2.1; +http://www.google.com/bot.html)"
40.77.167.23 - - [22/Dec/2024:09:34:42 -0500] "GET /uysqi/x2845236.html HTTP/1.1" 200 45606 "-" "Mozilla/5.0 AppleWebKit/537.36 (KHTML, like Gecko; compatible; bingbot/2.0; +http://www.bing.com/bingbot.htm) Chrome/116.0.1938.76 Safari/537.36"
52.167.144.220 - - [22/Dec/2024:09:34:47 -0500] "GET /qysue/e1278145.html HTTP/1.1" 200 44669 "-" "Mozilla/5.0 AppleWebKit/537.36 (KHTML, like Gecko; compatible; bingbot/2.0; +http://www.bing.com/bingbot.htm) Chrome/116.0.1938.76 Safari/537.36"
66.249.79.173 - - [22/Dec/2024:09:34:52 -0500] "GET /ejzer/k646637.html HTTP/1.1" 200 44671 "-" "Mozilla/5.0 (Linux; Android 6.0.1; Nexus 5X Build/MMB29P) AppleWebKit/537.36 (KHTML, like Gecko) Chrome/131.0.6778.139 Mobile Safari/537.36 (compatible; Googlebot/2.1; +http://www.google.com/bot.html)"
40.77.167.23 - - [22/Dec/2024:09:35:02 -0500] "GET /cnffi/i1695995.html HTTP/1.1" 200 44147 "-" "Mozilla/5.0 AppleWebKit/537.36 (KHTML, like Gecko; compatible; bingbot/2.0; +http://www.bing.com/bingbot.htm) Chrome/116.0.1938.76 Safari/537.36"
66.249.79.161 - - [22/Dec/2024:09:35:30 -0500] "GET /kbjll/o1223373.html HTTP/1.1" 200 44899 "-" "Mozilla/5.0 (Linux; Android 6.0.1; Nexus 5X Build/MMB29P) AppleWebKit/537.36 (KHTML, like Gecko) Chrome/131.0.6778.139 Mobile Safari/537.36 (compatible; Googlebot/2.1; +http://www.google.com/bot.html)"
20.15.133.174 - - [22/Dec/2024:09:35:53 -0500] "GET /omtnp/u2636557.html HTTP/1.1" 200 44526 "-" "Mozilla/5.0 AppleWebKit/537.36 (KHTML, like Gecko; compatible; bingbot/2.0; +http://www.bing.com/bingbot.htm) Chrome/116.0.1938.76 Safari/537.36"
52.167.144.24 - - [22/Dec/2024:09:36:51 -0500] "GET /kpvaa/c777539.html HTTP/1.1" 200 44995 "-" "Mozilla/5.0 AppleWebKit/537.36 (KHTML, like Gecko; compatible; bingbot/2.0; +http://www.bing.com/bingbot.htm) Chrome/116.0.1938.76 Safari/537.36"
52.167.144.24 - - [22/Dec/2024:09:37:11 -0500] "GET /bzhar/n2780226.html HTTP/1.1" 200 45182 "-" "Mozilla/5.0 AppleWebKit/537.36 (KHTML, like Gecko; compatible; bingbot/2.0; +http://www.bing.com/bingbot.htm) Chrome/116.0.1938.76 Safari/537.36"
52.167.144.24 - - [22/Dec/2024:09:37:12 -0500] "GET /nsise/m1595197.html HTTP/1.1" 200 44440 "-" "Mozilla/5.0 AppleWebKit/537.36 (KHTML, like Gecko; compatible; bingbot/2.0; +http://www.bing.com/bingbot.htm) Chrome/116.0.1938.76 Safari/537.36"
66.249.79.173 - - [22/Dec/2024:09:37:12 -0500] "GET /zopbz/p2210490.html HTTP/1.1" 200 45015 "-" "Mozilla/5.0 (Linux; Android 6.0.1; Nexus 5X Build/MMB29P) AppleWebKit/537.36 (KHTML, like Gecko) Chrome/131.0.6778.139 Mobile Safari/537.36 (compatible; Googlebot/2.1; +http://www.google.com/bot.html)"
66.249.79.173 - - [22/Dec/2024:09:37:47 -0500] "GET /iunve/v548030.html HTTP/1.1" 200 44633 "-" "Mozilla/5.0 (Linux; Android 6.0.1; Nexus 5X Build/MMB29P) AppleWebKit/537.36 (KHTML, like Gecko) Chrome/131.0.6778.139 Mobile Safari/537.36 (compatible; Googlebot/2.1; +http://www.google.com/bot.html)"
66.249.79.173 - - [22/Dec/2024:09:37:48 -0500] "GET /xfwil/s887483.html HTTP/1.1" 200 44270 "-" "Mozilla/5.0 (Linux; Android 6.0.1; Nexus 5X Build/MMB29P) AppleWebKit/537.36 (KHTML, like Gecko) Chrome/131.0.6778.139 Mobile Safari/537.36 (compatible; Googlebot/2.1; +http://www.google.com/bot.html)"
40.77.167.48 - - [22/Dec/2024:09:37:52 -0500] "GET /mgcaf/m861607.html HTTP/1.1" 200 45491 "-" "Mozilla/5.0 AppleWebKit/537.36 (KHTML, like Gecko; compatible; bingbot/2.0; +http://www.bing.com/bingbot.htm) Chrome/116.0.1938.76 Safari/537.36"
52.167.144.24 - - [22/Dec/2024:09:37:52 -0500] "GET /pllem/h2724060.html HTTP/1.1" 200 44904 "-" "Mozilla/5.0 AppleWebKit/537.36 (KHTML, like Gecko; compatible; bingbot/2.0; +http://www.bing.com/bingbot.htm) Chrome/116.0.1938.76 Safari/537.36"
40.77.167.23 - - [22/Dec/2024:09:37:56 -0500] "GET /xacri/z478510.html HTTP/1.1" 200 45157 "-" "Mozilla/5.0 AppleWebKit/537.36 (KHTML, like Gecko; compatible; bingbot/2.0; +http://www.bing.com/bingbot.htm) Chrome/116.0.1938.76 Safari/537.36"
66.249.79.160 - - [22/Dec/2024:09:38:00 -0500] "GET /cewmq/v2062998.html HTTP/1.1" 200 44278 "-" "Mozilla/5.0 (Linux; Android 6.0.1; Nexus 5X Build/MMB29P) AppleWebKit/537.36 (KHTML, like Gecko) Chrome/131.0.6778.139 Mobile Safari/537.36 (compatible; Googlebot/2.1; +http://www.google.com/bot.html)"
52.167.144.220 - - [22/Dec/2024:09:38:04 -0500] "GET /leuka/n550960.html HTTP/1.1" 200 44471 "-" "Mozilla/5.0 AppleWebKit/537.36 (KHTML, like Gecko; compatible; bingbot/2.0; +http://www.bing.com/bingbot.htm) Chrome/116.0.1938.76 Safari/537.36"
52.167.144.220 - - [22/Dec/2024:09:38:05 -0500] "GET /jcdvb/k2410087.html HTTP/1.1" 200 44169 "-" "Mozilla/5.0 AppleWebKit/537.36 (KHTML, like Gecko; compatible; bingbot/2.0; +http://www.bing.com/bingbot.htm) Chrome/116.0.1938.76 Safari/537.36"
20.15.133.175 - - [22/Dec/2024:09:38:05 -0500] "GET /okkcy/v299444.html HTTP/1.1" 200 44908 "-" "Mozilla/5.0 AppleWebKit/537.36 (KHTML, like Gecko; compatible; bingbot/2.0; +http://www.bing.com/bingbot.htm) Chrome/116.0.1938.76 Safari/537.36"
20.15.133.184 - - [22/Dec/2024:09:38:14 -0500] "GET /cuztw/s2956017.html HTTP/1.1" 200 44026 "-" "Mozilla/5.0 AppleWebKit/537.36 (KHTML, like Gecko; compatible; bingbot/2.0; +http://www.bing.com/bingbot.htm) Chrome/116.0.1938.76 Safari/537.36"
66.249.79.173 - - [22/Dec/2024:09:38:25 -0500] "GET /dnfna/h2004640.html HTTP/1.1" 200 44261 "-" "Mozilla/5.0 (Linux; Android 6.0.1; Nexus 5X Build/MMB29P) AppleWebKit/537.36 (KHTML, like Gecko) Chrome/131.0.6778.139 Mobile Safari/537.36 (compatible; Googlebot/2.1; +http://www.google.com/bot.html)"
40.77.167.22 - - [22/Dec/2024:09:46:35 -0500] "GET /tduwu/d2434858.html HTTP/1.1" 200 44272 "-" "Mozilla/5.0 AppleWebKit/537.36 (KHTML, like Gecko; compatible; bingbot/2.0; +http://www.bing.com/bingbot.htm) Chrome/116.0.1938.76 Safari/537.36"
52.167.144.173 - - [22/Dec/2024:09:38:53 -0500] "GET /esryx/t806572.html HTTP/1.1" 200 44605 "-" "Mozilla/5.0 AppleWebKit/537.36 (KHTML, like Gecko; compatible; bingbot/2.0; +http://www.bing.com/bingbot.htm) Chrome/116.0.1938.76 Safari/537.36"
20.15.133.175 - - [22/Dec/2024:09:38:55 -0500] "GET /cflif/z1370778.html HTTP/1.1" 200 44049 "-" "Mozilla/5.0 AppleWebKit/537.36 (KHTML, like Gecko; compatible; bingbot/2.0; +http://www.bing.com/bingbot.htm) Chrome/116.0.1938.76 Safari/537.36"
52.167.144.173 - - [22/Dec/2024:09:39:12 -0500] "GET /qianp/i2581659.html HTTP/1.1" 200 43464 "-" "Mozilla/5.0 AppleWebKit/537.36 (KHTML, like Gecko; compatible; bingbot/2.0; +http://www.bing.com/bingbot.htm) Chrome/116.0.1938.76 Safari/537.36"
66.249.79.161 - - [22/Dec/2024:09:39:51 -0500] "GET /wzidf/o2794007.html HTTP/1.1" 200 44523 "-" "Mozilla/5.0 (Linux; Android 6.0.1; Nexus 5X Build/MMB29P) AppleWebKit/537.36 (KHTML, like Gecko) Chrome/131.0.6778.139 Mobile Safari/537.36 (compatible; Googlebot/2.1; +http://www.google.com/bot.html)"
40.77.167.18 - - [22/Dec/2024:09:40:31 -0500] "GET /wmysu/s377363.html HTTP/1.1" 200 44675 "-" "Mozilla/5.0 AppleWebKit/537.36 (KHTML, like Gecko; compatible; bingbot/2.0; +http://www.bing.com/bingbot.htm) Chrome/116.0.1938.76 Safari/537.36"
66.249.79.173 - - [22/Dec/2024:09:41:08 -0500] "GET /uymem/w399909.html HTTP/1.1" 200 44492 "-" "Mozilla/5.0 (Linux; Android 6.0.1; Nexus 5X Build/MMB29P) AppleWebKit/537.36 (KHTML, like Gecko) Chrome/131.0.6778.139 Mobile Safari/537.36 (compatible; Googlebot/2.1; +http://www.google.com/bot.html)"
66.249.79.161 - - [22/Dec/2024:09:42:49 -0500] "GET /robots.txt HTTP/1.1" 200 137 "-" "Mozilla/5.0 (compatible; Googlebot/2.1; +http://www.google.com/bot.html)"
52.167.144.173 - - [22/Dec/2024:09:43:03 -0500] "GET /fhhxv/c456075.html HTTP/1.1" 200 43743 "-" "Mozilla/5.0 AppleWebKit/537.36 (KHTML, like Gecko; compatible; bingbot/2.0; +http://www.bing.com/bingbot.htm) Chrome/116.0.1938.76 Safari/537.36"
52.167.144.173 - - [22/Dec/2024:09:43:05 -0500] "GET /mcvpx/b150938.html HTTP/1.1" 200 44266 "-" "Mozilla/5.0 AppleWebKit/537.36 (KHTML, like Gecko; compatible; bingbot/2.0; +http://www.bing.com/bingbot.htm) Chrome/116.0.1938.76 Safari/537.36"
52.167.144.173 - - [22/Dec/2024:09:43:07 -0500] "GET /junmn/n2337420.html HTTP/1.1" 200 44712 "-" "Mozilla/5.0 AppleWebKit/537.36 (KHTML, like Gecko; compatible; bingbot/2.0; +http://www.bing.com/bingbot.htm) Chrome/116.0.1938.76 Safari/537.36"
20.15.133.175 - - [22/Dec/2024:09:43:45 -0500] "GET /gjuvc/i2295503.html HTTP/1.1" 200 44360 "-" "Mozilla/5.0 AppleWebKit/537.36 (KHTML, like Gecko; compatible; bingbot/2.0; +http://www.bing.com/bingbot.htm) Chrome/116.0.1938.76 Safari/537.36"
40.77.167.22 - - [22/Dec/2024:09:44:01 -0500] "GET /gfpfb/e819401.html HTTP/1.1" 200 44978 "-" "Mozilla/5.0 AppleWebKit/537.36 (KHTML, like Gecko; compatible; bingbot/2.0; +http://www.bing.com/bingbot.htm) Chrome/116.0.1938.76 Safari/537.36"
40.77.167.22 - - [22/Dec/2024:09:44:52 -0500] "GET /mgcaf/m861607.html HTTP/1.1" 200 45491 "-" "Mozilla/5.0 AppleWebKit/537.36 (KHTML, like Gecko; compatible; bingbot/2.0; +http://www.bing.com/bingbot.htm) Chrome/116.0.1938.76 Safari/537.36"
20.15.133.184 - - [22/Dec/2024:09:44:54 -0500] "GET /xmfeo/b2355530.html HTTP/1.1" 200 44606 "-" "Mozilla/5.0 AppleWebKit/537.36 (KHTML, like Gecko; compatible; bingbot/2.0; +http://www.bing.com/bingbot.htm) Chrome/116.0.1938.76 Safari/537.36"
40.77.167.18 - - [22/Dec/2024:09:45:32 -0500] "GET /mgssn/s408745.html HTTP/1.1" 200 44534 "-" "Mozilla/5.0 AppleWebKit/537.36 (KHTML, like Gecko; compatible; bingbot/2.0; +http://www.bing.com/bingbot.htm) Chrome/116.0.1938.76 Safari/537.36"
66.249.79.161 - - [22/Dec/2024:09:45:48 -0500] "GET /robots.txt HTTP/1.1" 200 137 "-" "Mozilla/5.0 (compatible; Googlebot/2.1; +http://www.google.com/bot.html)"
52.167.144.173 - - [22/Dec/2024:09:45:53 -0500] "GET /cpere/n907212.html HTTP/1.1" 200 44427 "-" "Mozilla/5.0 AppleWebKit/537.36 (KHTML, like Gecko; compatible; bingbot/2.0; +http://www.bing.com/bingbot.htm) Chrome/116.0.1938.76 Safari/537.36"
20.15.133.174 - - [22/Dec/2024:09:48:15 -0500] "GET /epoqy/x491872.html HTTP/1.1" 200 44798 "-" "Mozilla/5.0 AppleWebKit/537.36 (KHTML, like Gecko; compatible; bingbot/2.0; +http://www.bing.com/bingbot.htm) Chrome/116.0.1938.76 Safari/537.36"
20.15.133.174 - - [22/Dec/2024:09:48:34 -0500] "GET /bgaeq/t223314.html HTTP/1.1" 200 45085 "-" "Mozilla/5.0 AppleWebKit/537.36 (KHTML, like Gecko; compatible; bingbot/2.0; +http://www.bing.com/bingbot.htm) Chrome/116.0.1938.76 Safari/537.36"
52.167.144.173 - - [22/Dec/2024:09:48:43 -0500] "GET /tzbft/w2796407.html HTTP/1.1" 200 45781 "-" "Mozilla/5.0 AppleWebKit/537.36 (KHTML, like Gecko; compatible; bingbot/2.0; +http://www.bing.com/bingbot.htm) Chrome/116.0.1938.76 Safari/537.36"
66.249.79.173 - - [22/Dec/2024:09:48:48 -0500] "GET /robots.txt HTTP/1.1" 200 137 "-" "Mozilla/5.0 (compatible; Googlebot/2.1; +http://www.google.com/bot.html)"
66.249.79.160 - - [22/Dec/2024:09:49:07 -0500] "GET /dkylc/q3039059.html HTTP/1.1" 200 44104 "-" "Mozilla/5.0 (Linux; Android 6.0.1; Nexus 5X Build/MMB29P) AppleWebKit/537.36 (KHTML, like Gecko) Chrome/131.0.6778.139 Mobile Safari/537.36 (compatible; Googlebot/2.1; +http://www.google.com/bot.html)"
40.77.167.22 - - [22/Dec/2024:09:50:05 -0500] "GET /ocurn/m2260641.html HTTP/1.1" 200 43982 "-" "Mozilla/5.0 AppleWebKit/537.36 (KHTML, like Gecko; compatible; bingbot/2.0; +http://www.bing.com/bingbot.htm) Chrome/116.0.1938.76 Safari/537.36"
66.249.79.160 - - [22/Dec/2024:09:50:06 -0500] "GET /robots.txt HTTP/1.1" 200 137 "-" "Mozilla/5.0 (compatible; Googlebot/2.1; +http://www.google.com/bot.html)"
66.249.79.160 - - [22/Dec/2024:09:50:06 -0500] "GET /ugkcl/j979722.html HTTP/1.1" 200 45757 "-" "Mozilla/5.0 (Linux; Android 6.0.1; Nexus 5X Build/MMB29P) AppleWebKit/537.36 (KHTML, like Gecko) Chrome/131.0.6778.139 Mobile Safari/537.36 (compatible; Googlebot/2.1; +http://www.google.com/bot.html)"
52.167.144.228 - - [22/Dec/2024:09:51:13 -0500] "GET /mgcaf/m861607.html HTTP/1.1" 200 45455 "-" "Mozilla/5.0 AppleWebKit/537.36 (KHTML, like Gecko; compatible; bingbot/2.0; +http://www.bing.com/bingbot.htm) Chrome/116.0.1938.76 Safari/537.36"
52.167.144.220 - - [22/Dec/2024:09:51:33 -0500] "GET /uszia/o2245823.html HTTP/1.1" 200 44348 "-" "Mozilla/5.0 AppleWebKit/537.36 (KHTML, like Gecko; compatible; bingbot/2.0; +http://www.bing.com/bingbot.htm) Chrome/116.0.1938.76 Safari/537.36"
40.77.167.15 - - [22/Dec/2024:09:51:38 -0500] "GET /lmioo/h195300.html HTTP/1.1" 200 44521 "-" "Mozilla/5.0 AppleWebKit/537.36 (KHTML, like Gecko; compatible; bingbot/2.0; +http://www.bing.com/bingbot.htm) Chrome/116.0.1938.76 Safari/537.36"
66.249.79.160 - - [22/Dec/2024:09:52:14 -0500] "GET /robots.txt HTTP/1.1" 200 137 "-" "Mozilla/5.0 (compatible; Googlebot/2.1; +http://www.google.com/bot.html)"
52.167.144.160 - - [22/Dec/2024:09:52:14 -0500] "GET /ivyjo/f2818256.html HTTP/1.1" 200 45845 "-" "Mozilla/5.0 AppleWebKit/537.36 (KHTML, like Gecko; compatible; bingbot/2.0; +http://www.bing.com/bingbot.htm) Chrome/116.0.1938.76 Safari/537.36"
66.249.79.161 - - [22/Dec/2024:09:52:14 -0500] "GET /wxgan/z565688.html HTTP/1.1" 200 44618 "-" "Mozilla/5.0 (Linux; Android 6.0.1; Nexus 5X Build/MMB29P) AppleWebKit/537.36 (KHTML, like Gecko) Chrome/131.0.6778.139 Mobile Safari/537.36 (compatible; Googlebot/2.1; +http://www.google.com/bot.html)"
40.77.167.79 - - [22/Dec/2024:09:53:13 -0500] "GET /zaagt/s634685.html HTTP/1.1" 200 45358 "-" "Mozilla/5.0 AppleWebKit/537.36 (KHTML, like Gecko; compatible; bingbot/2.0; +http://www.bing.com/bingbot.htm) Chrome/116.0.1938.76 Safari/537.36"
20.15.133.174 - - [22/Dec/2024:09:53:14 -0500] "GET /pccag/w2883455.html HTTP/1.1" 200 44863 "-" "Mozilla/5.0 AppleWebKit/537.36 (KHTML, like Gecko; compatible; bingbot/2.0; +http://www.bing.com/bingbot.htm) Chrome/116.0.1938.76 Safari/537.36"
20.15.133.184 - - [22/Dec/2024:09:53:46 -0500] "GET /xhmym/p2410430.html HTTP/1.1" 200 43720 "-" "Mozilla/5.0 AppleWebKit/537.36 (KHTML, like Gecko; compatible; bingbot/2.0; +http://www.bing.com/bingbot.htm) Chrome/116.0.1938.76 Safari/537.36"
20.15.133.175 - - [22/Dec/2024:09:54:25 -0500] "GET /yfjiy/g1999985.html HTTP/1.1" 200 44891 "-" "Mozilla/5.0 AppleWebKit/537.36 (KHTML, like Gecko; compatible; bingbot/2.0; +http://www.bing.com/bingbot.htm) Chrome/116.0.1938.76 Safari/537.36"
20.15.133.175 - - [22/Dec/2024:09:54:26 -0500] "GET /kbgbe/m1723039.html HTTP/1.1" 200 44089 "-" "Mozilla/5.0 AppleWebKit/537.36 (KHTML, like Gecko; compatible; bingbot/2.0; +http://www.bing.com/bingbot.htm) Chrome/116.0.1938.76 Safari/537.36"
40.77.167.15 - - [22/Dec/2024:09:54:35 -0500] "GET /pfvtb/i2711529.html HTTP/1.1" 200 44628 "-" "Mozilla/5.0 AppleWebKit/537.36 (KHTML, like Gecko; compatible; bingbot/2.0; +http://www.bing.com/bingbot.htm) Chrome/116.0.1938.76 Safari/537.36"
52.167.144.220 - - [22/Dec/2024:09:54:43 -0500] "GET /somva/c2632457.html HTTP/1.1" 200 44086 "-" "Mozilla/5.0 AppleWebKit/537.36 (KHTML, like Gecko; compatible; bingbot/2.0; +http://www.bing.com/bingbot.htm) Chrome/116.0.1938.76 Safari/537.36"
66.249.79.173 - - [22/Dec/2024:09:54:47 -0500] "GET /robots.txt HTTP/1.1" 200 137 "-" "Mozilla/5.0 (compatible; Googlebot/2.1; +http://www.google.com/bot.html)"
20.15.133.184 - - [22/Dec/2024:09:55:56 -0500] "GET /pvazh/e991157.html HTTP/1.1" 200 44955 "-" "Mozilla/5.0 AppleWebKit/537.36 (KHTML, like Gecko; compatible; bingbot/2.0; +http://www.bing.com/bingbot.htm) Chrome/116.0.1938.76 Safari/537.36"
40.77.167.15 - - [22/Dec/2024:09:56:36 -0500] "GET /kaoea/a171997.html HTTP/1.1" 200 45049 "-" "Mozilla/5.0 AppleWebKit/537.36 (KHTML, like Gecko; compatible; bingbot/2.0; +http://www.bing.com/bingbot.htm) Chrome/116.0.1938.76 Safari/537.36"
40.77.167.79 - - [22/Dec/2024:09:56:43 -0500] "GET /rniar/c167969.html HTTP/1.1" 200 44581 "-" "Mozilla/5.0 AppleWebKit/537.36 (KHTML, like Gecko; compatible; bingbot/2.0; +http://www.bing.com/bingbot.htm) Chrome/116.0.1938.76 Safari/537.36"
20.15.133.184 - - [22/Dec/2024:09:56:56 -0500] "GET /tfxoi/d2623748.html HTTP/1.1" 200 44726 "-" "Mozilla/5.0 AppleWebKit/537.36 (KHTML, like Gecko; compatible; bingbot/2.0; +http://www.bing.com/bingbot.htm) Chrome/116.0.1938.76 Safari/537.36"
20.15.133.184 - - [22/Dec/2024:09:56:58 -0500] "GET /szdum/w1775465.html HTTP/1.1" 200 43911 "-" "Mozilla/5.0 AppleWebKit/537.36 (KHTML, like Gecko; compatible; bingbot/2.0; +http://www.bing.com/bingbot.htm) Chrome/116.0.1938.76 Safari/537.36"
66.249.79.173 - - [22/Dec/2024:09:58:06 -0500] "GET /xfylf/h225252.html HTTP/1.1" 200 46255 "-" "Mozilla/5.0 (Linux; Android 6.0.1; Nexus 5X Build/MMB29P) AppleWebKit/537.36 (KHTML, like Gecko) Chrome/131.0.6778.139 Mobile Safari/537.36 (compatible; Googlebot/2.1; +http://www.google.com/bot.html)"
52.167.144.228 - - [22/Dec/2024:09:58:13 -0500] "GET /mgcaf/m861607.html HTTP/1.1" 200 45491 "-" "Mozilla/5.0 AppleWebKit/537.36 (KHTML, like Gecko; compatible; bingbot/2.0; +http://www.bing.com/bingbot.htm) Chrome/116.0.1938.76 Safari/537.36"
20.15.133.175 - - [22/Dec/2024:09:58:15 -0500] "GET /qfkix/i1688767.html HTTP/1.1" 200 44213 "-" "Mozilla/5.0 AppleWebKit/537.36 (KHTML, like Gecko; compatible; bingbot/2.0; +http://www.bing.com/bingbot.htm) Chrome/116.0.1938.76 Safari/537.36"
52.167.144.228 - - [22/Dec/2024:09:59:13 -0500] "GET /xskns/d649126.html HTTP/1.1" 200 45698 "-" "Mozilla/5.0 AppleWebKit/537.36 (KHTML, like Gecko; compatible; bingbot/2.0; +http://www.bing.com/bingbot.htm) Chrome/116.0.1938.76 Safari/537.36"
