136.243.228.179 - - [14/Jan/2025:03:57:10 -0500] "GET /goods/1768471 HTTP/1.1" 200 0 "-" "Mozilla/5.0 (compatible; DataForSeoBot/1.0; +https://dataforseo.com/dataforseo-bot)"
185.191.171.4 - - [14/Jan/2025:03:57:17 -0500] "GET /gibberish/homometrically20627.html HTTP/1.1" 200 0 "-" "Mozilla/5.0 (compatible; SemrushBot/7~bl; +http://www.semrush.com/bot.html)"
136.243.228.179 - - [14/Jan/2025:03:58:00 -0500] "GET /goods/1913230 HTTP/1.1" 200 0 "-" "Mozilla/5.0 (compatible; DataForSeoBot/1.0; +https://dataforseo.com/dataforseo-bot)"
136.243.228.179 - - [14/Jan/2025:03:58:51 -0500] "GET /goods/4581850 HTTP/1.1" 200 0 "-" "Mozilla/5.0 (compatible; DataForSeoBot/1.0; +https://dataforseo.com/dataforseo-bot)"
85.208.96.194 - - [14/Jan/2025:03:59:08 -0500] "GET /goods/40732 HTTP/1.1" 200 0 "-" "Mozilla/5.0 (compatible; SemrushBot/7~bl; +http://www.semrush.com/bot.html)"
136.243.228.179 - - [14/Jan/2025:03:59:45 -0500] "GET /goods/2730018 HTTP/1.1" 200 0 "-" "Mozilla/5.0 (compatible; DataForSeoBot/1.0; +https://dataforseo.com/dataforseo-bot)"
85.208.96.194 - - [14/Jan/2025:04:00:04 -0500] "GET /goods/40732 HTTP/1.1" 200 0 "-" "Mozilla/5.0 (compatible; SemrushBot/7~bl; +http://www.semrush.com/bot.html)"
136.243.228.179 - - [14/Jan/2025:04:00:38 -0500] "GET /goods/4312063 HTTP/1.1" 200 0 "-" "Mozilla/5.0 (compatible; DataForSeoBot/1.0; +https://dataforseo.com/dataforseo-bot)"
136.243.228.179 - - [14/Jan/2025:04:01:29 -0500] "GET /goods/3118165 HTTP/1.1" 200 0 "-" "Mozilla/5.0 (compatible; DataForSeoBot/1.0; +https://dataforseo.com/dataforseo-bot)"
185.191.171.16 - - [14/Jan/2025:04:01:53 -0500] "GET /metallographical/isomagnetic454060.html HTTP/1.1" 200 0 "-" "Mozilla/5.0 (compatible; SemrushBot/7~bl; +http://www.semrush.com/bot.html)"
85.208.96.199 - - [14/Jan/2025:04:02:41 -0500] "GET /robots.txt HTTP/1.1" 200 136 "-" "Mozilla/5.0 (compatible; SemrushBot/7~bl; +http://www.semrush.com/bot.html)"
136.243.228.179 - - [14/Jan/2025:04:02:20 -0500] "GET /goods/2110488 HTTP/1.1" 200 0 "-" "Mozilla/5.0 (compatible; DataForSeoBot/1.0; +https://dataforseo.com/dataforseo-bot)"
185.191.171.16 - - [14/Jan/2025:04:02:42 -0500] "GET /metallographical/isomagnetic454060.html HTTP/1.1" 200 0 "-" "Mozilla/5.0 (compatible; SemrushBot/7~bl; +http://www.semrush.com/bot.html)"
136.243.228.179 - - [14/Jan/2025:04:03:12 -0500] "GET /goods/2668337 HTTP/1.1" 200 0 "-" "Mozilla/5.0 (compatible; DataForSeoBot/1.0; +https://dataforseo.com/dataforseo-bot)"
136.243.228.179 - - [14/Jan/2025:04:04:03 -0500] "GET /goods/249071 HTTP/1.1" 200 0 "-" "Mozilla/5.0 (compatible; DataForSeoBot/1.0; +https://dataforseo.com/dataforseo-bot)"
111.225.148.189 - - [14/Jan/2025:04:04:49 -0500] "GET /wp-content/uploads/2022/06/outdoor-110x110.jpg HTTP/1.1" 200 0 "-" "Mozilla/5.0 (Linux; Android 5.0) AppleWebKit/537.36 (KHTML, like Gecko) Mobile Safari/537.36 (compatible; Bytespider; https://zhanzhang.toutiao.com/)"
85.208.96.201 - - [14/Jan/2025:04:04:33 -0500] "GET /disjunctively/bitterness586168.html HTTP/1.1" 200 0 "-" "Mozilla/5.0 (compatible; SemrushBot/7~bl; +http://www.semrush.com/bot.html)"
136.243.228.179 - - [14/Jan/2025:04:04:55 -0500] "GET /goods/1468561 HTTP/1.1" 200 0 "-" "Mozilla/5.0 (compatible; DataForSeoBot/1.0; +https://dataforseo.com/dataforseo-bot)"
85.208.96.201 - - [14/Jan/2025:04:05:24 -0500] "GET /disjunctively/bitterness586168.html HTTP/1.1" 200 0 "-" "Mozilla/5.0 (compatible; SemrushBot/7~bl; +http://www.semrush.com/bot.html)"
136.243.228.179 - - [14/Jan/2025:04:05:46 -0500] "GET /goods/262650 HTTP/1.1" 200 0 "-" "Mozilla/5.0 (compatible; DataForSeoBot/1.0; +https://dataforseo.com/dataforseo-bot)"
136.243.228.179 - - [14/Jan/2025:04:06:39 -0500] "GET /goods/3920520 HTTP/1.1" 200 0 "-" "Mozilla/5.0 (compatible; DataForSeoBot/1.0; +https://dataforseo.com/dataforseo-bot)"
85.208.96.212 - - [14/Jan/2025:04:07:15 -0500] "GET /goods/698098 HTTP/1.1" 200 0 "-" "Mozilla/5.0 (compatible; SemrushBot/7~bl; +http://www.semrush.com/bot.html)"
136.243.228.179 - - [14/Jan/2025:04:07:28 -0500] "GET /goods/532654 HTTP/1.1" 200 0 "-" "Mozilla/5.0 (compatible; DataForSeoBot/1.0; +https://dataforseo.com/dataforseo-bot)"
85.208.96.212 - - [14/Jan/2025:04:08:06 -0500] "GET /goods/698098 HTTP/1.1" 200 0 "-" "Mozilla/5.0 (compatible; SemrushBot/7~bl; +http://www.semrush.com/bot.html)"
136.243.228.179 - - [14/Jan/2025:04:08:19 -0500] "GET /goods/4511783 HTTP/1.1" 200 0 "-" "Mozilla/5.0 (compatible; DataForSeoBot/1.0; +https://dataforseo.com/dataforseo-bot)"
136.243.228.179 - - [14/Jan/2025:04:09:10 -0500] "GET /goods/1024614 HTTP/1.1" 200 0 "-" "Mozilla/5.0 (compatible; DataForSeoBot/1.0; +https://dataforseo.com/dataforseo-bot)"
185.191.171.15 - - [14/Jan/2025:04:09:57 -0500] "GET /goods/1631801 HTTP/1.1" 200 0 "-" "Mozilla/5.0 (compatible; SemrushBot/7~bl; +http://www.semrush.com/bot.html)"
136.243.228.179 - - [14/Jan/2025:04:10:02 -0500] "GET /goods/3108839 HTTP/1.1" 200 0 "-" "Mozilla/5.0 (compatible; DataForSeoBot/1.0; +https://dataforseo.com/dataforseo-bot)"
185.191.171.15 - - [14/Jan/2025:04:10:52 -0500] "GET /goods/1631801 HTTP/1.1" 200 0 "-" "Mozilla/5.0 (compatible; SemrushBot/7~bl; +http://www.semrush.com/bot.html)"
136.243.228.179 - - [14/Jan/2025:04:10:56 -0500] "GET /goods/4751295 HTTP/1.1" 200 0 "-" "Mozilla/5.0 (compatible; DataForSeoBot/1.0; +https://dataforseo.com/dataforseo-bot)"
47.128.97.2 - - [14/Jan/2025:04:10:56 -0500] "GET / HTTP/1.1" 200 0 "-" "Mozilla/5.0 (Linux; Android 5.0) AppleWebKit/537.36 (KHTML, like Gecko) Mobile Safari/537.36 (compatible; Bytespider; spider-feedback@bytedance.com)"
136.243.228.179 - - [14/Jan/2025:04:11:46 -0500] "GET /goods/311894 HTTP/1.1" 200 0 "-" "Mozilla/5.0 (compatible; DataForSeoBot/1.0; +https://dataforseo.com/dataforseo-bot)"
136.243.228.179 - - [14/Jan/2025:04:12:39 -0500] "GET /goods/321315 HTTP/1.1" 200 0 "-" "Mozilla/5.0 (compatible; DataForSeoBot/1.0; +https://dataforseo.com/dataforseo-bot)"
185.191.171.11 - - [14/Jan/2025:04:12:46 -0500] "GET /affreightment/balaustre1087078.html HTTP/1.1" 200 0 "-" "Mozilla/5.0 (compatible; SemrushBot/7~bl; +http://www.semrush.com/bot.html)"
136.243.228.179 - - [14/Jan/2025:04:13:29 -0500] "GET /goods/2747095 HTTP/1.1" 200 0 "-" "Mozilla/5.0 (compatible; DataForSeoBot/1.0; +https://dataforseo.com/dataforseo-bot)"
185.191.171.11 - - [14/Jan/2025:04:13:36 -0500] "GET /affreightment/balaustre1087078.html HTTP/1.1" 200 0 "-" "Mozilla/5.0 (compatible; SemrushBot/7~bl; +http://www.semrush.com/bot.html)"
136.243.228.179 - - [14/Jan/2025:04:14:16 -0500] "GET /goods/791278 HTTP/1.1" 200 0 "-" "Mozilla/5.0 (compatible; DataForSeoBot/1.0; +https://dataforseo.com/dataforseo-bot)"
136.243.228.179 - - [14/Jan/2025:04:15:11 -0500] "GET /goods/3954486 HTTP/1.1" 200 0 "-" "Mozilla/5.0 (compatible; DataForSeoBot/1.0; +https://dataforseo.com/dataforseo-bot)"
85.208.96.195 - - [14/Jan/2025:04:15:28 -0500] "GET /goods/3460090 HTTP/1.1" 200 0 "-" "Mozilla/5.0 (compatible; SemrushBot/7~bl; +http://www.semrush.com/bot.html)"
136.243.228.179 - - [14/Jan/2025:04:16:01 -0500] "GET /goods/4046150 HTTP/1.1" 200 0 "-" "Mozilla/5.0 (compatible; DataForSeoBot/1.0; +https://dataforseo.com/dataforseo-bot)"
85.208.96.195 - - [14/Jan/2025:04:16:14 -0500] "GET /goods/3460090 HTTP/1.1" 200 0 "-" "Mozilla/5.0 (compatible; SemrushBot/7~bl; +http://www.semrush.com/bot.html)"
136.243.228.179 - - [14/Jan/2025:04:16:49 -0500] "GET /goods/1762611 HTTP/1.1" 200 0 "-" "Mozilla/5.0 (compatible; DataForSeoBot/1.0; +https://dataforseo.com/dataforseo-bot)"
136.243.228.179 - - [14/Jan/2025:04:17:41 -0500] "GET /goods/3415636 HTTP/1.1" 200 0 "-" "Mozilla/5.0 (compatible; DataForSeoBot/1.0; +https://dataforseo.com/dataforseo-bot)"
85.208.96.198 - - [14/Jan/2025:04:18:05 -0500] "GET /goods/689233 HTTP/1.1" 200 0 "-" "Mozilla/5.0 (compatible; SemrushBot/7~bl; +http://www.semrush.com/bot.html)"
18.97.9.173 - - [14/Jan/2025:04:18:24 -0500] "GET /goods/2804579 HTTP/1.1" 200 0 "-" "CCBot/2.0 (https://commoncrawl.org/faq/)"
136.243.228.179 - - [14/Jan/2025:04:18:33 -0500] "GET /goods/4027992 HTTP/1.1" 200 0 "-" "Mozilla/5.0 (compatible; DataForSeoBot/1.0; +https://dataforseo.com/dataforseo-bot)"
85.208.96.198 - - [14/Jan/2025:04:18:54 -0500] "GET /goods/689233 HTTP/1.1" 200 0 "-" "Mozilla/5.0 (compatible; SemrushBot/7~bl; +http://www.semrush.com/bot.html)"
136.243.228.179 - - [14/Jan/2025:04:19:24 -0500] "GET /goods/1719550 HTTP/1.1" 200 0 "-" "Mozilla/5.0 (compatible; DataForSeoBot/1.0; +https://dataforseo.com/dataforseo-bot)"
136.243.228.179 - - [14/Jan/2025:04:20:15 -0500] "GET /goods/4719197 HTTP/1.1" 200 0 "-" "Mozilla/5.0 (compatible; DataForSeoBot/1.0; +https://dataforseo.com/dataforseo-bot)"
85.208.96.209 - - [14/Jan/2025:04:20:44 -0500] "GET /dishonorary/microphotograph121513.html HTTP/1.1" 200 0 "-" "Mozilla/5.0 (compatible; SemrushBot/7~bl; +http://www.semrush.com/bot.html)"
136.243.228.179 - - [14/Jan/2025:04:21:04 -0500] "GET /goods/4805956 HTTP/1.1" 200 0 "-" "Mozilla/5.0 (compatible; DataForSeoBot/1.0; +https://dataforseo.com/dataforseo-bot)"
85.208.96.209 - - [14/Jan/2025:04:21:34 -0500] "GET /dishonorary/microphotograph121513.html HTTP/1.1" 200 0 "-" "Mozilla/5.0 (compatible; SemrushBot/7~bl; +http://www.semrush.com/bot.html)"
136.243.228.179 - - [14/Jan/2025:04:21:55 -0500] "GET /goods/4644588 HTTP/1.1" 200 0 "-" "Mozilla/5.0 (compatible; DataForSeoBot/1.0; +https://dataforseo.com/dataforseo-bot)"
47.128.56.75 - - [14/Jan/2025:04:22:14 -0500] "GET / HTTP/1.1" 200 0 "-" "Mozilla/5.0 (Linux; Android 5.0) AppleWebKit/537.36 (KHTML, like Gecko) Mobile Safari/537.36 (compatible; Bytespider; spider-feedback@bytedance.com)"
185.191.171.7 - - [14/Jan/2025:04:23:34 -0500] "GET /robots.txt HTTP/1.1" 200 136 "-" "Mozilla/5.0 (compatible; SemrushBot/7~bl; +http://www.semrush.com/bot.html)"
136.243.228.179 - - [14/Jan/2025:04:23:08 -0500] "GET /goods/4382881 HTTP/1.1" 200 0 "-" "Mozilla/5.0 (compatible; DataForSeoBot/1.0; +https://dataforseo.com/dataforseo-bot)"
85.208.96.203 - - [14/Jan/2025:04:23:27 -0500] "GET /goods/3085182 HTTP/1.1" 200 0 "-" "Mozilla/5.0 (compatible; SemrushBot/7~bl; +http://www.semrush.com/bot.html)"
66.249.79.194 - - [14/Jan/2025:04:24:30 -0500] "GET /sitemap-9.xml HTTP/1.1" 200 14676 "-" "Mozilla/5.0 (compatible; Googlebot/2.1; +http://www.google.com/bot.html)"
136.243.228.179 - - [14/Jan/2025:04:23:58 -0500] "GET /goods/134952 HTTP/1.1" 200 0 "-" "Mozilla/5.0 (compatible; DataForSeoBot/1.0; +https://dataforseo.com/dataforseo-bot)"
85.208.96.203 - - [14/Jan/2025:04:24:19 -0500] "GET /goods/3085182 HTTP/1.1" 200 0 "-" "Mozilla/5.0 (compatible; SemrushBot/7~bl; +http://www.semrush.com/bot.html)"
136.243.228.179 - - [14/Jan/2025:04:24:50 -0500] "GET /goods/3824791 HTTP/1.1" 200 0 "-" "Mozilla/5.0 (compatible; DataForSeoBot/1.0; +https://dataforseo.com/dataforseo-bot)"
136.243.228.179 - - [14/Jan/2025:04:25:42 -0500] "GET /goods/2990331 HTTP/1.1" 200 0 "-" "Mozilla/5.0 (compatible; DataForSeoBot/1.0; +https://dataforseo.com/dataforseo-bot)"
185.191.171.8 - - [14/Jan/2025:04:26:09 -0500] "GET /goods/3569757 HTTP/1.1" 200 0 "-" "Mozilla/5.0 (compatible; SemrushBot/7~bl; +http://www.semrush.com/bot.html)"
136.243.228.179 - - [14/Jan/2025:04:26:32 -0500] "GET /goods/651763 HTTP/1.1" 200 0 "-" "Mozilla/5.0 (compatible; DataForSeoBot/1.0; +https://dataforseo.com/dataforseo-bot)"
51.222.253.8 - - [14/Jan/2025:04:27:42 -0500] "GET /wp-content/plugins/elementor/assets/lib/swiper/v8/?MA HTTP/1.1" 200 727 "-" "Mozilla/5.0 (compatible; AhrefsBot/7.0; +http://ahrefs.com/robot/)"
185.191.171.8 - - [14/Jan/2025:04:26:58 -0500] "GET /goods/3569757 HTTP/1.1" 200 0 "-" "Mozilla/5.0 (compatible; SemrushBot/7~bl; +http://www.semrush.com/bot.html)"
136.243.228.179 - - [14/Jan/2025:04:27:22 -0500] "GET /goods/735781 HTTP/1.1" 200 0 "-" "Mozilla/5.0 (compatible; DataForSeoBot/1.0; +https://dataforseo.com/dataforseo-bot)"
136.243.228.179 - - [14/Jan/2025:04:35:53 -0500] "GET /goods/3918580 HTTP/1.1" 200 0 "-" "Mozilla/5.0 (compatible; DataForSeoBot/1.0; +https://dataforseo.com/dataforseo-bot)"
136.243.228.179 - - [14/Jan/2025:04:28:10 -0500] "GET /goods/122200 HTTP/1.1" 200 0 "-" "Mozilla/5.0 (compatible; DataForSeoBot/1.0; +https://dataforseo.com/dataforseo-bot)"
85.208.96.194 - - [14/Jan/2025:04:28:47 -0500] "GET /cattyman/Meletian949976.html HTTP/1.1" 200 0 "-" "Mozilla/5.0 (compatible; SemrushBot/7~bl; +http://www.semrush.com/bot.html)"
136.243.228.179 - - [14/Jan/2025:04:29:01 -0500] "GET /goods/2187309 HTTP/1.1" 200 0 "-" "Mozilla/5.0 (compatible; DataForSeoBot/1.0; +https://dataforseo.com/dataforseo-bot)"
216.244.66.247 - - [14/Jan/2025:04:30:02 -0500] "GET /robots.txt HTTP/1.1" 200 762 "-" "Mozilla/5.0 (compatible; DotBot/1.2; +https://opensiteexplorer.org/dotbot; help@moz.com)"
85.208.96.194 - - [14/Jan/2025:04:29:36 -0500] "GET /cattyman/Meletian949976.html HTTP/1.1" 200 0 "-" "Mozilla/5.0 (compatible; SemrushBot/7~bl; +http://www.semrush.com/bot.html)"
136.243.228.179 - - [14/Jan/2025:04:29:50 -0500] "GET /goods/3602295 HTTP/1.1" 200 0 "-" "Mozilla/5.0 (compatible; DataForSeoBot/1.0; +https://dataforseo.com/dataforseo-bot)"
136.243.228.179 - - [14/Jan/2025:04:30:46 -0500] "GET /goods/2036061 HTTP/1.1" 200 0 "-" "Mozilla/5.0 (compatible; DataForSeoBot/1.0; +https://dataforseo.com/dataforseo-bot)"
47.128.41.196 - - [14/Jan/2025:04:30:51 -0500] "GET /ertwetx.php/?act=view&dir=%2Fhome%2Fwavevlvu%2Fwavestudioz.com&file=%2Fhome%2Fwavevlvu%2Fwavestudioz.com%2Fwp-login.php%2Fwp-admin%2Fsetup-config.php%2Fwp-admin%2Fsetup-config.php HTTP/1.1" 200 0 "-" "Mozilla/5.0 (Linux; Android 5.0) AppleWebKit/537.36 (KHTML, like Gecko) Mobile Safari/537.36 (compatible; Bytespider; spider-feedback@bytedance.com)"
185.191.171.17 - - [14/Jan/2025:04:31:27 -0500] "GET /goods/974327 HTTP/1.1" 200 0 "-" "Mozilla/5.0 (compatible; SemrushBot/7~bl; +http://www.semrush.com/bot.html)"
136.243.228.179 - - [14/Jan/2025:04:31:33 -0500] "GET /goods/2842773 HTTP/1.1" 200 0 "-" "Mozilla/5.0 (compatible; DataForSeoBot/1.0; +https://dataforseo.com/dataforseo-bot)"
185.191.171.17 - - [14/Jan/2025:04:32:23 -0500] "GET /goods/974327 HTTP/1.1" 200 0 "-" "Mozilla/5.0 (compatible; SemrushBot/7~bl; +http://www.semrush.com/bot.html)"
136.243.228.179 - - [14/Jan/2025:04:32:30 -0500] "GET /goods/2746153 HTTP/1.1" 200 0 "-" "Mozilla/5.0 (compatible; DataForSeoBot/1.0; +https://dataforseo.com/dataforseo-bot)"
136.243.228.179 - - [14/Jan/2025:04:33:20 -0500] "GET /goods/640786 HTTP/1.1" 200 0 "-" "Mozilla/5.0 (compatible; DataForSeoBot/1.0; +https://dataforseo.com/dataforseo-bot)"
136.243.228.179 - - [14/Jan/2025:04:34:07 -0500] "GET /goods/1782884 HTTP/1.1" 200 0 "-" "Mozilla/5.0 (compatible; DataForSeoBot/1.0; +https://dataforseo.com/dataforseo-bot)"
185.191.171.6 - - [14/Jan/2025:04:34:08 -0500] "GET /goods/3980387 HTTP/1.1" 200 0 "-" "Mozilla/5.0 (compatible; SemrushBot/7~bl; +http://www.semrush.com/bot.html)"
47.128.17.172 - - [14/Jan/2025:04:34:54 -0500] "GET / HTTP/1.1" 200 0 "-" "Mozilla/5.0 (Linux; Android 5.0) AppleWebKit/537.36 (KHTML, like Gecko) Mobile Safari/537.36 (compatible; Bytespider; spider-feedback@bytedance.com)"
136.243.228.179 - - [14/Jan/2025:04:35:02 -0500] "GET /goods/3541266 HTTP/1.1" 200 0 "-" "Mozilla/5.0 (compatible; DataForSeoBot/1.0; +https://dataforseo.com/dataforseo-bot)"
185.191.171.6 - - [14/Jan/2025:04:35:06 -0500] "GET /goods/3980387 HTTP/1.1" 200 0 "-" "Mozilla/5.0 (compatible; SemrushBot/7~bl; +http://www.semrush.com/bot.html)"
136.243.228.179 - - [14/Jan/2025:04:36:45 -0500] "GET /goods/617022 HTTP/1.1" 200 0 "-" "Mozilla/5.0 (compatible; DataForSeoBot/1.0; +https://dataforseo.com/dataforseo-bot)"
85.208.96.197 - - [14/Jan/2025:04:36:53 -0500] "GET /goods/2354756 HTTP/1.1" 200 0 "-" "Mozilla/5.0 (compatible; SemrushBot/7~bl; +http://www.semrush.com/bot.html)"
136.243.228.179 - - [14/Jan/2025:04:37:31 -0500] "GET /goods/2300054 HTTP/1.1" 200 0 "-" "Mozilla/5.0 (compatible; DataForSeoBot/1.0; +https://dataforseo.com/dataforseo-bot)"
85.208.96.197 - - [14/Jan/2025:04:37:41 -0500] "GET /goods/2354756 HTTP/1.1" 200 0 "-" "Mozilla/5.0 (compatible; SemrushBot/7~bl; +http://www.semrush.com/bot.html)"
47.128.25.139 - - [14/Jan/2025:04:38:51 -0500] "GET /wp-content/plugins/elementor/includes/widgets/text-editor.php HTTP/1.1" 403 1242 "-" "Mozilla/5.0 (Linux; Android 5.0) AppleWebKit/537.36 (KHTML, like Gecko) Mobile Safari/537.36 (compatible; Bytespider; spider-feedback@bytedance.com)"
136.243.228.179 - - [14/Jan/2025:04:38:23 -0500] "GET /goods/70349 HTTP/1.1" 200 0 "-" "Mozilla/5.0 (compatible; DataForSeoBot/1.0; +https://dataforseo.com/dataforseo-bot)"
136.243.228.179 - - [14/Jan/2025:04:39:14 -0500] "GET /goods/4280970 HTTP/1.1" 200 0 "-" "Mozilla/5.0 (compatible; DataForSeoBot/1.0; +https://dataforseo.com/dataforseo-bot)"
85.208.96.209 - - [14/Jan/2025:04:39:33 -0500] "GET /goods/2960081 HTTP/1.1" 200 0 "-" "Mozilla/5.0 (compatible; SemrushBot/7~bl; +http://www.semrush.com/bot.html)"
136.243.228.179 - - [14/Jan/2025:04:40:11 -0500] "GET /goods/4010844 HTTP/1.1" 200 0 "-" "Mozilla/5.0 (compatible; DataForSeoBot/1.0; +https://dataforseo.com/dataforseo-bot)"
85.208.96.209 - - [14/Jan/2025:04:40:26 -0500] "GET /goods/2960081 HTTP/1.1" 200 0 "-" "Mozilla/5.0 (compatible; SemrushBot/7~bl; +http://www.semrush.com/bot.html)"
216.244.66.247 - - [14/Jan/2025:04:41:14 -0500] "GET /wp-content/plugins/elementor/app/modules/onboarding/assets/js/components/layout/layout.scss HTTP/1.1" 200 463 "-" "Mozilla/5.0 (compatible; DotBot/1.2; +https://opensiteexplorer.org/dotbot; help@moz.com)"
51.222.253.11 - - [14/Jan/2025:04:41:31 -0500] "GET /wp-content/plugins/elementor/assets/js/packages/editor-site-navigation/ HTTP/1.1" 200 766 "-" "Mozilla/5.0 (compatible; AhrefsBot/7.0; +http://ahrefs.com/robot/)"
136.243.228.179 - - [14/Jan/2025:04:40:57 -0500] "GET /goods/4361293 HTTP/1.1" 200 0 "-" "Mozilla/5.0 (compatible; DataForSeoBot/1.0; +https://dataforseo.com/dataforseo-bot)"
136.243.228.179 - - [14/Jan/2025:04:41:45 -0500] "GET /goods/1324326 HTTP/1.1" 200 0 "-" "Mozilla/5.0 (compatible; DataForSeoBot/1.0; +https://dataforseo.com/dataforseo-bot)"
185.191.171.5 - - [14/Jan/2025:04:42:13 -0500] "GET /chaplaincy/metallographical1033110.html HTTP/1.1" 200 0 "-" "Mozilla/5.0 (compatible; SemrushBot/7~bl; +http://www.semrush.com/bot.html)"
136.243.228.179 - - [14/Jan/2025:04:42:37 -0500] "GET /goods/3085199 HTTP/1.1" 200 0 "-" "Mozilla/5.0 (compatible; DataForSeoBot/1.0; +https://dataforseo.com/dataforseo-bot)"
47.128.29.110 - - [14/Jan/2025:04:42:52 -0500] "GET / HTTP/1.1" 200 0 "-" "Mozilla/5.0 (Linux; Android 5.0) AppleWebKit/537.36 (KHTML, like Gecko) Mobile Safari/537.36 (compatible; Bytespider; spider-feedback@bytedance.com)"
216.244.66.247 - - [14/Jan/2025:04:43:46 -0500] "GET /wp-content/plugins/elementor/app/modules/import-export/assets/js/pages/import/import-plugins/hooks/?NA HTTP/1.1" 200 1986 "-" "Mozilla/5.0 (compatible; DotBot/1.2; +https://opensiteexplorer.org/dotbot; help@moz.com)"
185.191.171.5 - - [14/Jan/2025:04:43:04 -0500] "GET /chaplaincy/metallographical1033110.html HTTP/1.1" 200 0 "-" "Mozilla/5.0 (compatible; SemrushBot/7~bl; +http://www.semrush.com/bot.html)"
136.243.228.179 - - [14/Jan/2025:04:43:28 -0500] "GET /goods/4284219 HTTP/1.1" 200 0 "-" "Mozilla/5.0 (compatible; DataForSeoBot/1.0; +https://dataforseo.com/dataforseo-bot)"
85.208.96.194 - - [14/Jan/2025:04:44:32 -0500] "GET /robots.txt HTTP/1.1" 200 136 "-" "Mozilla/5.0 (compatible; SemrushBot/7~bl; +http://www.semrush.com/bot.html)"
136.243.228.179 - - [14/Jan/2025:04:44:22 -0500] "GET /goods/2705167 HTTP/1.1" 200 0 "-" "Mozilla/5.0 (compatible; DataForSeoBot/1.0; +https://dataforseo.com/dataforseo-bot)"
185.191.171.17 - - [14/Jan/2025:04:45:01 -0500] "GET /gauzily/extraplanetary1197348.html HTTP/1.1" 200 0 "-" "Mozilla/5.0 (compatible; SemrushBot/7~bl; +http://www.semrush.com/bot.html)"
136.243.228.179 - - [14/Jan/2025:04:45:17 -0500] "GET /goods/4729083 HTTP/1.1" 200 0 "-" "Mozilla/5.0 (compatible; DataForSeoBot/1.0; +https://dataforseo.com/dataforseo-bot)"
185.191.171.17 - - [14/Jan/2025:04:45:52 -0500] "GET /gauzily/extraplanetary1197348.html HTTP/1.1" 200 0 "-" "Mozilla/5.0 (compatible; SemrushBot/7~bl; +http://www.semrush.com/bot.html)"
216.244.66.247 - - [14/Jan/2025:04:46:48 -0500] "GET /wp-content/plugins/elementor/app/modules/import-export/assets/js/pages/import/import-resolver/?ND HTTP/1.1" 200 2613 "-" "Mozilla/5.0 (compatible; DotBot/1.2; +https://opensiteexplorer.org/dotbot; help@moz.com)"
136.243.228.179 - - [14/Jan/2025:04:46:08 -0500] "GET /goods/4041448 HTTP/1.1" 200 0 "-" "Mozilla/5.0 (compatible; DataForSeoBot/1.0; +https://dataforseo.com/dataforseo-bot)"
47.128.41.206 - - [14/Jan/2025:04:46:56 -0500] "GET /wp-content/plugins/elementor/includes/widgets/testimonial.php HTTP/1.1" 403 1242 "-" "Mozilla/5.0 (Linux; Android 5.0) AppleWebKit/537.36 (KHTML, like Gecko) Mobile Safari/537.36 (compatible; Bytespider; spider-feedback@bytedance.com)"
136.243.228.179 - - [14/Jan/2025:04:46:56 -0500] "GET /goods/3857103 HTTP/1.1" 200 0 "-" "Mozilla/5.0 (compatible; DataForSeoBot/1.0; +https://dataforseo.com/dataforseo-bot)"
185.191.171.1 - - [14/Jan/2025:04:47:44 -0500] "GET /goods/3205101 HTTP/1.1" 200 0 "-" "Mozilla/5.0 (compatible; SemrushBot/7~bl; +http://www.semrush.com/bot.html)"
136.243.228.179 - - [14/Jan/2025:04:47:47 -0500] "GET /goods/2656400 HTTP/1.1" 200 0 "-" "Mozilla/5.0 (compatible; DataForSeoBot/1.0; +https://dataforseo.com/dataforseo-bot)"
185.191.171.1 - - [14/Jan/2025:04:48:33 -0500] "GET /goods/3205101 HTTP/1.1" 200 0 "-" "Mozilla/5.0 (compatible; SemrushBot/7~bl; +http://www.semrush.com/bot.html)"
136.243.228.179 - - [14/Jan/2025:04:48:40 -0500] "GET /goods/3093415 HTTP/1.1" 200 0 "-" "Mozilla/5.0 (compatible; DataForSeoBot/1.0; +https://dataforseo.com/dataforseo-bot)"
66.29.132.124 - - [14/Jan/2025:04:49:14 -0500] "GET / HTTP/1.1" 508 2377 "-" "Mozilla/5.0 (Windows NT 10.0; Win64; x64; rv:122.0) Gecko/20100101 Firefox/122.0"
136.243.228.179 - - [14/Jan/2025:04:49:27 -0500] "GET /goods/2982486 HTTP/1.1" 508 829 "-" "Mozilla/5.0 (compatible; DataForSeoBot/1.0; +https://dataforseo.com/dataforseo-bot)"
136.243.228.179 - - [14/Jan/2025:04:49:53 -0500] "GET /goods/4543713 HTTP/1.1" 200 0 "-" "Mozilla/5.0 (compatible; DataForSeoBot/1.0; +https://dataforseo.com/dataforseo-bot)"
47.128.31.138 - - [14/Jan/2025:04:51:00 -0500] "GET /wp-content/plugins/elementor/modules/announcements/triggers/is-flex-container-inactive.php HTTP/1.1" 403 1242 "-" "Mozilla/5.0 (Linux; Android 5.0) AppleWebKit/537.36 (KHTML, like Gecko) Mobile Safari/537.36 (compatible; Bytespider; spider-feedback@bytedance.com)"
185.191.171.15 - - [14/Jan/2025:04:50:29 -0500] "GET /bitterness/knifeless64593.html HTTP/1.1" 200 0 "-" "Mozilla/5.0 (compatible; SemrushBot/7~bl; +http://www.semrush.com/bot.html)"
136.243.228.179 - - [14/Jan/2025:04:50:46 -0500] "GET /goods/3438852 HTTP/1.1" 200 0 "-" "Mozilla/5.0 (compatible; DataForSeoBot/1.0; +https://dataforseo.com/dataforseo-bot)"
185.191.171.15 - - [14/Jan/2025:04:51:16 -0500] "GET /bitterness/knifeless64593.html HTTP/1.1" 200 0 "-" "Mozilla/5.0 (compatible; SemrushBot/7~bl; +http://www.semrush.com/bot.html)"
136.243.228.179 - - [14/Jan/2025:04:51:32 -0500] "GET /goods/4467889 HTTP/1.1" 200 0 "-" "Mozilla/5.0 (compatible; DataForSeoBot/1.0; +https://dataforseo.com/dataforseo-bot)"
136.243.228.179 - - [14/Jan/2025:04:52:18 -0500] "GET /goods/4763517 HTTP/1.1" 200 0 "-" "Mozilla/5.0 (compatible; DataForSeoBot/1.0; +https://dataforseo.com/dataforseo-bot)"
85.208.96.206 - - [14/Jan/2025:04:53:01 -0500] "GET /Anobiidae/Caryophyllaceae902014.html HTTP/1.1" 200 0 "-" "Mozilla/5.0 (compatible; SemrushBot/7~bl; +http://www.semrush.com/bot.html)"
136.243.228.179 - - [14/Jan/2025:04:53:09 -0500] "GET /goods/2936237 HTTP/1.1" 200 0 "-" "Mozilla/5.0 (compatible; DataForSeoBot/1.0; +https://dataforseo.com/dataforseo-bot)"
85.208.96.206 - - [14/Jan/2025:04:53:53 -0500] "GET /Anobiidae/Caryophyllaceae902014.html HTTP/1.1" 200 0 "-" "Mozilla/5.0 (compatible; SemrushBot/7~bl; +http://www.semrush.com/bot.html)"
136.243.228.179 - - [14/Jan/2025:04:54:02 -0500] "GET /goods/231830 HTTP/1.1" 200 0 "-" "Mozilla/5.0 (compatible; DataForSeoBot/1.0; +https://dataforseo.com/dataforseo-bot)"
47.128.25.167 - - [14/Jan/2025:04:54:50 -0500] "GET /wp-content/plugins/elementor/modules/promotions/admin-menu-items/go-pro-promotion-item.php HTTP/1.1" 403 1242 "-" "Mozilla/5.0 (Linux; Android 5.0) AppleWebKit/537.36 (KHTML, like Gecko) Mobile Safari/537.36 (compatible; Bytespider; spider-feedback@bytedance.com)"
136.243.228.179 - - [14/Jan/2025:04:54:51 -0500] "GET /goods/3766051 HTTP/1.1" 508 829 "-" "Mozilla/5.0 (compatible; DataForSeoBot/1.0; +https://dataforseo.com/dataforseo-bot)"
51.222.253.4 - - [14/Jan/2025:04:55:42 -0500] "GET /wp-content/plugins/elementor/app/modules/import-export/assets/js/pages/import/import-plugins/components/plugins-to-import/ HTTP/1.1" 200 674 "-" "Mozilla/5.0 (compatible; AhrefsBot/7.0; +http://ahrefs.com/robot/)"
136.243.228.179 - - [14/Jan/2025:04:54:57 -0500] "GET /goods/2466631 HTTP/1.1" 200 0 "-" "Mozilla/5.0 (compatible; DataForSeoBot/1.0; +https://dataforseo.com/dataforseo-bot)"
85.208.96.201 - - [14/Jan/2025:04:55:42 -0500] "GET /goods/718187 HTTP/1.1" 200 0 "-" "Mozilla/5.0 (compatible; SemrushBot/7~bl; +http://www.semrush.com/bot.html)"
136.243.228.179 - - [14/Jan/2025:04:55:48 -0500] "GET /goods/3674736 HTTP/1.1" 200 0 "-" "Mozilla/5.0 (compatible; DataForSeoBot/1.0; +https://dataforseo.com/dataforseo-bot)"
85.208.96.201 - - [14/Jan/2025:04:56:31 -0500] "GET /goods/718187 HTTP/1.1" 200 0 "-" "Mozilla/5.0 (compatible; SemrushBot/7~bl; +http://www.semrush.com/bot.html)"
136.243.228.179 - - [14/Jan/2025:04:56:39 -0500] "GET /goods/3604998 HTTP/1.1" 200 0 "-" "Mozilla/5.0 (compatible; DataForSeoBot/1.0; +https://dataforseo.com/dataforseo-bot)"
136.243.228.179 - - [14/Jan/2025:04:57:30 -0500] "GET /goods/3685078 HTTP/1.1" 200 0 "-" "Mozilla/5.0 (compatible; DataForSeoBot/1.0; +https://dataforseo.com/dataforseo-bot)"
136.243.228.179 - - [14/Jan/2025:04:58:21 -0500] "GET /goods/2468847 HTTP/1.1" 200 0 "-" "Mozilla/5.0 (compatible; DataForSeoBot/1.0; +https://dataforseo.com/dataforseo-bot)"
185.191.171.15 - - [14/Jan/2025:04:58:23 -0500] "GET /goods/4471345 HTTP/1.1" 200 0 "-" "Mozilla/5.0 (compatible; SemrushBot/7~bl; +http://www.semrush.com/bot.html)"
47.128.55.72 - - [14/Jan/2025:04:58:50 -0500] "GET / HTTP/1.1" 200 0 "-" "Mozilla/5.0 (Linux; Android 5.0) AppleWebKit/537.36 (KHTML, like Gecko) Mobile Safari/537.36 (compatible; Bytespider; spider-feedback@bytedance.com)"
136.243.228.179 - - [14/Jan/2025:04:59:12 -0500] "GET /goods/3683899 HTTP/1.1" 200 0 "-" "Mozilla/5.0 (compatible; DataForSeoBot/1.0; +https://dataforseo.com/dataforseo-bot)"
185.191.171.15 - - [14/Jan/2025:04:59:14 -0500] "GET /goods/4471345 HTTP/1.1" 200 0 "-" "Mozilla/5.0 (compatible; SemrushBot/7~bl; +http://www.semrush.com/bot.html)"
136.243.228.179 - - [14/Jan/2025:05:00:05 -0500] "GET /goods/2160859 HTTP/1.1" 200 0 "-" "Mozilla/5.0 (compatible; DataForSeoBot/1.0; +https://dataforseo.com/dataforseo-bot)"
136.243.228.179 - - [14/Jan/2025:05:00:53 -0500] "GET /goods/1229188 HTTP/1.1" 200 0 "-" "Mozilla/5.0 (compatible; DataForSeoBot/1.0; +https://dataforseo.com/dataforseo-bot)"
185.191.171.14 - - [14/Jan/2025:05:01:04 -0500] "GET /dishonorary/microphotograph1431283.html HTTP/1.1" 200 0 "-" "Mozilla/5.0 (compatible; SemrushBot/7~bl; +http://www.semrush.com/bot.html)"
136.243.228.179 - - [14/Jan/2025:05:01:45 -0500] "GET /goods/3567725 HTTP/1.1" 200 0 "-" "Mozilla/5.0 (compatible; DataForSeoBot/1.0; +https://dataforseo.com/dataforseo-bot)"
185.191.171.14 - - [14/Jan/2025:05:01:54 -0500] "GET /dishonorary/microphotograph1431283.html HTTP/1.1" 200 0 "-" "Mozilla/5.0 (compatible; SemrushBot/7~bl; +http://www.semrush.com/bot.html)"
136.243.228.179 - - [14/Jan/2025:05:02:36 -0500] "GET /goods/4127489 HTTP/1.1" 200 0 "-" "Mozilla/5.0 (compatible; DataForSeoBot/1.0; +https://dataforseo.com/dataforseo-bot)"
136.243.228.179 - - [14/Jan/2025:05:03:27 -0500] "GET /goods/494573 HTTP/1.1" 200 0 "-" "Mozilla/5.0 (compatible; DataForSeoBot/1.0; +https://dataforseo.com/dataforseo-bot)"
185.191.171.6 - - [14/Jan/2025:05:03:47 -0500] "GET /aeronautical/cattyman577581.html HTTP/1.1" 200 0 "-" "Mozilla/5.0 (compatible; SemrushBot/7~bl; +http://www.semrush.com/bot.html)"
110.249.202.154 - - [14/Jan/2025:05:04:09 -0500] "GET /[%22https:////wavestudioz.com//wp-content//uploads//2021//11//phoo.jpg%22,%22https:////wavestudioz.com//wp-content//uploads//2021//12//makeup.jpg%22,%22https:////wavestudioz.com//wp-content//uploads//2021//11//nailnew.jpg%22,%22https:////wavestudioz.com//wp-content//uploads//2021//11//train.jpg%22] HTTP/1.1" 200 0 "-" "Mozilla/5.0 (Linux; Android 5.0) AppleWebKit/537.36 (KHTML, like Gecko) Mobile Safari/537.36 (compatible; Bytespider; https://zhanzhang.toutiao.com/)"
136.243.228.179 - - [14/Jan/2025:05:04:18 -0500] "GET /goods/669696 HTTP/1.1" 200 0 "-" "Mozilla/5.0 (compatible; DataForSeoBot/1.0; +https://dataforseo.com/dataforseo-bot)"
185.191.171.6 - - [14/Jan/2025:05:04:36 -0500] "GET /aeronautical/cattyman577581.html HTTP/1.1" 200 0 "-" "Mozilla/5.0 (compatible; SemrushBot/7~bl; +http://www.semrush.com/bot.html)"
85.208.96.199 - - [14/Jan/2025:05:05:47 -0500] "GET /robots.txt HTTP/1.1" 200 136 "-" "Mozilla/5.0 (compatible; SemrushBot/7~bl; +http://www.semrush.com/bot.html)"
136.243.228.179 - - [14/Jan/2025:05:05:12 -0500] "GET /goods/698444 HTTP/1.1" 200 0 "-" "Mozilla/5.0 (compatible; DataForSeoBot/1.0; +https://dataforseo.com/dataforseo-bot)"
136.243.228.179 - - [14/Jan/2025:05:06:01 -0500] "GET /goods/4055808 HTTP/1.1" 200 0 "-" "Mozilla/5.0 (compatible; DataForSeoBot/1.0; +https://dataforseo.com/dataforseo-bot)"
185.191.171.9 - - [14/Jan/2025:05:06:27 -0500] "GET /chancery/haberdash895275.html HTTP/1.1" 200 0 "-" "Mozilla/5.0 (compatible; SemrushBot/7~bl; +http://www.semrush.com/bot.html)"
136.243.228.179 - - [14/Jan/2025:05:06:51 -0500] "GET /goods/4682752 HTTP/1.1" 200 0 "-" "Mozilla/5.0 (compatible; DataForSeoBot/1.0; +https://dataforseo.com/dataforseo-bot)"
47.128.117.121 - - [14/Jan/2025:05:07:03 -0500] "GET / HTTP/1.1" 200 0 "-" "Mozilla/5.0 (Linux; Android 5.0) AppleWebKit/537.36 (KHTML, like Gecko) Mobile Safari/537.36 (compatible; Bytespider; spider-feedback@bytedance.com)"
185.191.171.9 - - [14/Jan/2025:05:07:18 -0500] "GET /chancery/haberdash895275.html HTTP/1.1" 200 0 "-" "Mozilla/5.0 (compatible; SemrushBot/7~bl; +http://www.semrush.com/bot.html)"
46.191.189.9 - - [14/Jan/2025:05:08:00 -0500] "GET / HTTP/1.0" 200 0 "https://wavestudioz.com/" "Mozilla/5.0 (Windows NT 6.1; WOW64) AppleWebKit/537.36 (KHTML, like Gecko) Chrome/103.0.0.0 Safari/537.36"
136.243.228.179 - - [14/Jan/2025:05:07:42 -0500] "GET /goods/2156829 HTTP/1.1" 200 0 "-" "Mozilla/5.0 (compatible; DataForSeoBot/1.0; +https://dataforseo.com/dataforseo-bot)"
18.97.9.173 - - [14/Jan/2025:05:08:12 -0500] "GET /goods/1492656 HTTP/1.1" 200 0 "-" "CCBot/2.0 (https://commoncrawl.org/faq/)"
136.243.228.179 - - [14/Jan/2025:05:08:34 -0500] "GET /goods/505866 HTTP/1.1" 200 0 "-" "Mozilla/5.0 (compatible; DataForSeoBot/1.0; +https://dataforseo.com/dataforseo-bot)"
185.191.171.7 - - [14/Jan/2025:05:09:10 -0500] "GET /goods/1345567 HTTP/1.1" 200 0 "-" "Mozilla/5.0 (compatible; SemrushBot/7~bl; +http://www.semrush.com/bot.html)"
136.243.228.179 - - [14/Jan/2025:05:09:24 -0500] "GET /goods/2897837 HTTP/1.1" 200 0 "-" "Mozilla/5.0 (compatible; DataForSeoBot/1.0; +https://dataforseo.com/dataforseo-bot)"
185.191.171.7 - - [14/Jan/2025:05:10:00 -0500] "GET /goods/1345567 HTTP/1.1" 200 0 "-" "Mozilla/5.0 (compatible; SemrushBot/7~bl; +http://www.semrush.com/bot.html)"
136.243.228.179 - - [14/Jan/2025:05:10:16 -0500] "GET /goods/2354698 HTTP/1.1" 200 0 "-" "Mozilla/5.0 (compatible; DataForSeoBot/1.0; +https://dataforseo.com/dataforseo-bot)"
136.243.228.179 - - [14/Jan/2025:05:11:06 -0500] "GET /goods/2977497 HTTP/1.1" 200 0 "-" "Mozilla/5.0 (compatible; DataForSeoBot/1.0; +https://dataforseo.com/dataforseo-bot)"
51.222.253.8 - - [14/Jan/2025:05:12:12 -0500] "GET /wp-content/plugins/elementor/assets/css/templates/?SA HTTP/1.1" 200 1523 "-" "Mozilla/5.0 (compatible; AhrefsBot/7.0; +http://ahrefs.com/robot/)"
185.191.171.14 - - [14/Jan/2025:05:11:50 -0500] "GET /goods/3952275 HTTP/1.1" 200 0 "-" "Mozilla/5.0 (compatible; SemrushBot/7~bl; +http://www.semrush.com/bot.html)"
136.243.228.179 - - [14/Jan/2025:05:11:58 -0500] "GET /goods/168510 HTTP/1.1" 200 0 "-" "Mozilla/5.0 (compatible; DataForSeoBot/1.0; +https://dataforseo.com/dataforseo-bot)"
185.191.171.14 - - [14/Jan/2025:05:12:41 -0500] "GET /goods/3952275 HTTP/1.1" 200 0 "-" "Mozilla/5.0 (compatible; SemrushBot/7~bl; +http://www.semrush.com/bot.html)"
136.243.228.179 - - [14/Jan/2025:05:12:48 -0500] "GET /goods/309992 HTTP/1.1" 200 0 "-" "Mozilla/5.0 (compatible; DataForSeoBot/1.0; +https://dataforseo.com/dataforseo-bot)"
136.243.228.179 - - [14/Jan/2025:05:13:40 -0500] "GET /goods/2652127 HTTP/1.1" 200 0 "-" "Mozilla/5.0 (compatible; DataForSeoBot/1.0; +https://dataforseo.com/dataforseo-bot)"
136.243.228.179 - - [14/Jan/2025:05:14:30 -0500] "GET /goods/4311003 HTTP/1.1" 200 0 "-" "Mozilla/5.0 (compatible; DataForSeoBot/1.0; +https://dataforseo.com/dataforseo-bot)"
185.191.171.14 - - [14/Jan/2025:05:14:32 -0500] "GET /goods/2942407 HTTP/1.1" 200 0 "-" "Mozilla/5.0 (compatible; SemrushBot/7~bl; +http://www.semrush.com/bot.html)"
136.243.228.179 - - [14/Jan/2025:05:15:23 -0500] "GET /goods/4131594 HTTP/1.1" 200 0 "-" "Mozilla/5.0 (compatible; DataForSeoBot/1.0; +https://dataforseo.com/dataforseo-bot)"
185.191.171.14 - - [14/Jan/2025:05:15:24 -0500] "GET /goods/2942407 HTTP/1.1" 200 0 "-" "Mozilla/5.0 (compatible; SemrushBot/7~bl; +http://www.semrush.com/bot.html)"
136.243.228.179 - - [14/Jan/2025:05:16:12 -0500] "GET /goods/3546358 HTTP/1.1" 200 0 "-" "Mozilla/5.0 (compatible; DataForSeoBot/1.0; +https://dataforseo.com/dataforseo-bot)"
216.244.66.247 - - [14/Jan/2025:05:17:43 -0500] "GET /robots.txt HTTP/1.1" 200 762 "-" "Mozilla/5.0 (compatible; DotBot/1.2; +https://opensiteexplorer.org/dotbot; help@moz.com)"
47.128.24.101 - - [14/Jan/2025:05:16:51 -0500] "GET / HTTP/1.1" 200 0 "-" "Mozilla/5.0 (Linux; Android 5.0) AppleWebKit/537.36 (KHTML, like Gecko) Mobile Safari/537.36 (compatible; Bytespider; spider-feedback@bytedance.com)"
136.243.228.179 - - [14/Jan/2025:05:17:04 -0500] "GET /goods/2053850 HTTP/1.1" 200 0 "-" "Mozilla/5.0 (compatible; DataForSeoBot/1.0; +https://dataforseo.com/dataforseo-bot)"
85.208.96.195 - - [14/Jan/2025:05:17:14 -0500] "GET /goods/2429988 HTTP/1.1" 200 0 "-" "Mozilla/5.0 (compatible; SemrushBot/7~bl; +http://www.semrush.com/bot.html)"
136.243.228.179 - - [14/Jan/2025:05:17:55 -0500] "GET /goods/2846471 HTTP/1.1" 200 0 "-" "Mozilla/5.0 (compatible; DataForSeoBot/1.0; +https://dataforseo.com/dataforseo-bot)"
85.208.96.195 - - [14/Jan/2025:05:18:06 -0500] "GET /goods/2429988 HTTP/1.1" 200 0 "-" "Mozilla/5.0 (compatible; SemrushBot/7~bl; +http://www.semrush.com/bot.html)"
136.243.228.179 - - [14/Jan/2025:05:18:45 -0500] "GET /goods/2212736 HTTP/1.1" 200 0 "-" "Mozilla/5.0 (compatible; DataForSeoBot/1.0; +https://dataforseo.com/dataforseo-bot)"
136.243.228.179 - - [14/Jan/2025:05:19:37 -0500] "GET /goods/3751307 HTTP/1.1" 200 0 "-" "Mozilla/5.0 (compatible; DataForSeoBot/1.0; +https://dataforseo.com/dataforseo-bot)"
185.191.171.15 - - [14/Jan/2025:05:19:55 -0500] "GET /claquer/journalist575965.html HTTP/1.1" 200 0 "-" "Mozilla/5.0 (compatible; SemrushBot/7~bl; +http://www.semrush.com/bot.html)"
136.243.228.179 - - [14/Jan/2025:05:20:27 -0500] "GET /goods/3829992 HTTP/1.1" 200 0 "-" "Mozilla/5.0 (compatible; DataForSeoBot/1.0; +https://dataforseo.com/dataforseo-bot)"
185.191.171.15 - - [14/Jan/2025:05:20:46 -0500] "GET /claquer/journalist575965.html HTTP/1.1" 200 0 "-" "Mozilla/5.0 (compatible; SemrushBot/7~bl; +http://www.semrush.com/bot.html)"
136.243.228.179 - - [14/Jan/2025:05:21:19 -0500] "GET /goods/4283854 HTTP/1.1" 200 0 "-" "Mozilla/5.0 (compatible; DataForSeoBot/1.0; +https://dataforseo.com/dataforseo-bot)"
136.243.228.179 - - [14/Jan/2025:05:22:09 -0500] "GET /goods/3864047 HTTP/1.1" 200 0 "-" "Mozilla/5.0 (compatible; DataForSeoBot/1.0; +https://dataforseo.com/dataforseo-bot)"
85.208.96.201 - - [14/Jan/2025:05:22:37 -0500] "GET /goods/4463994 HTTP/1.1" 200 0 "-" "Mozilla/5.0 (compatible; SemrushBot/7~bl; +http://www.semrush.com/bot.html)"
136.243.228.179 - - [14/Jan/2025:05:23:01 -0500] "GET /goods/3970148 HTTP/1.1" 200 0 "-" "Mozilla/5.0 (compatible; DataForSeoBot/1.0; +https://dataforseo.com/dataforseo-bot)"
85.208.96.201 - - [14/Jan/2025:05:23:27 -0500] "GET /goods/4463994 HTTP/1.1" 200 0 "-" "Mozilla/5.0 (compatible; SemrushBot/7~bl; +http://www.semrush.com/bot.html)"
136.243.228.179 - - [14/Jan/2025:05:23:51 -0500] "GET /goods/2936406 HTTP/1.1" 200 0 "-" "Mozilla/5.0 (compatible; DataForSeoBot/1.0; +https://dataforseo.com/dataforseo-bot)"
136.243.228.179 - - [14/Jan/2025:05:24:43 -0500] "GET /goods/3070336 HTTP/1.1" 200 0 "-" "Mozilla/5.0 (compatible; DataForSeoBot/1.0; +https://dataforseo.com/dataforseo-bot)"
85.208.96.199 - - [14/Jan/2025:05:25:18 -0500] "GET /goods/4425744 HTTP/1.1" 200 0 "-" "Mozilla/5.0 (compatible; SemrushBot/7~bl; +http://www.semrush.com/bot.html)"
136.243.228.179 - - [14/Jan/2025:05:25:33 -0500] "GET /goods/3540758 HTTP/1.1" 200 0 "-" "Mozilla/5.0 (compatible; DataForSeoBot/1.0; +https://dataforseo.com/dataforseo-bot)"
85.208.96.211 - - [14/Jan/2025:05:26:44 -0500] "GET /robots.txt HTTP/1.1" 200 136 "-" "Mozilla/5.0 (compatible; SemrushBot/7~bl; +http://www.semrush.com/bot.html)"
85.208.96.199 - - [14/Jan/2025:05:26:07 -0500] "GET /goods/4425744 HTTP/1.1" 200 0 "-" "Mozilla/5.0 (compatible; SemrushBot/7~bl; +http://www.semrush.com/bot.html)"
136.243.228.179 - - [14/Jan/2025:05:26:24 -0500] "GET /goods/2673385 HTTP/1.1" 200 0 "-" "Mozilla/5.0 (compatible; DataForSeoBot/1.0; +https://dataforseo.com/dataforseo-bot)"
47.128.121.240 - - [14/Jan/2025:05:26:54 -0500] "GET / HTTP/1.1" 200 0 "-" "Mozilla/5.0 (Linux; Android 5.0) AppleWebKit/537.36 (KHTML, like Gecko) Mobile Safari/537.36 (compatible; Bytespider; spider-feedback@bytedance.com)"
136.243.228.179 - - [14/Jan/2025:05:27:15 -0500] "GET /goods/3976832 HTTP/1.1" 200 0 "-" "Mozilla/5.0 (compatible; DataForSeoBot/1.0; +https://dataforseo.com/dataforseo-bot)"
85.208.96.208 - - [14/Jan/2025:05:27:58 -0500] "GET /goods/4289857 HTTP/1.1" 200 0 "-" "Mozilla/5.0 (compatible; SemrushBot/7~bl; +http://www.semrush.com/bot.html)"
136.243.228.179 - - [14/Jan/2025:05:28:06 -0500] "GET /goods/3795701 HTTP/1.1" 200 0 "-" "Mozilla/5.0 (compatible; DataForSeoBot/1.0; +https://dataforseo.com/dataforseo-bot)"
51.222.253.11 - - [14/Jan/2025:05:29:00 -0500] "GET /wp-content/plugins/elementor/app/modules/import-export/assets/js/pages/import/import-complete/ HTTP/1.1" 200 743 "-" "Mozilla/5.0 (compatible; AhrefsBot/7.0; +http://ahrefs.com/robot/)"
85.208.96.208 - - [14/Jan/2025:05:28:48 -0500] "GET /goods/4289857 HTTP/1.1" 200 0 "-" "Mozilla/5.0 (compatible; SemrushBot/7~bl; +http://www.semrush.com/bot.html)"
136.243.228.179 - - [14/Jan/2025:05:28:58 -0500] "GET /goods/255251 HTTP/1.1" 200 0 "-" "Mozilla/5.0 (compatible; DataForSeoBot/1.0; +https://dataforseo.com/dataforseo-bot)"
136.243.228.179 - - [14/Jan/2025:05:29:48 -0500] "GET /goods/2213920 HTTP/1.1" 200 0 "-" "Mozilla/5.0 (compatible; DataForSeoBot/1.0; +https://dataforseo.com/dataforseo-bot)"
85.208.96.201 - - [14/Jan/2025:05:30:42 -0500] "GET /gibberish/homometrically646417.html HTTP/1.1" 200 0 "-" "Mozilla/5.0 (compatible; SemrushBot/7~bl; +http://www.semrush.com/bot.html)"
136.243.228.179 - - [14/Jan/2025:05:30:42 -0500] "GET /goods/728127 HTTP/1.1" 200 0 "-" "Mozilla/5.0 (compatible; DataForSeoBot/1.0; +https://dataforseo.com/dataforseo-bot)"
85.208.96.201 - - [14/Jan/2025:05:31:29 -0500] "GET /gibberish/homometrically646417.html HTTP/1.1" 200 0 "-" "Mozilla/5.0 (compatible; SemrushBot/7~bl; +http://www.semrush.com/bot.html)"
136.243.228.179 - - [14/Jan/2025:05:31:31 -0500] "GET /goods/868400 HTTP/1.1" 200 0 "-" "Mozilla/5.0 (compatible; DataForSeoBot/1.0; +https://dataforseo.com/dataforseo-bot)"
136.243.228.179 - - [14/Jan/2025:05:32:23 -0500] "GET /goods/1620545 HTTP/1.1" 200 0 "-" "Mozilla/5.0 (compatible; DataForSeoBot/1.0; +https://dataforseo.com/dataforseo-bot)"
136.243.228.179 - - [14/Jan/2025:05:33:14 -0500] "GET /goods/3879214 HTTP/1.1" 200 0 "-" "Mozilla/5.0 (compatible; DataForSeoBot/1.0; +https://dataforseo.com/dataforseo-bot)"
216.244.66.247 - - [14/Jan/2025:05:34:05 -0500] "GET /wp-content/plugins/elementor/app/modules/import-export/assets/js/pages/export/export-plugins/components/export-plugins-footer/?ND HTTP/1.1" 200 2072 "-" "Mozilla/5.0 (compatible; DotBot/1.2; +https://opensiteexplorer.org/dotbot; help@moz.com)"
85.208.96.198 - - [14/Jan/2025:05:33:20 -0500] "GET /motmot/criticism1706156.html HTTP/1.1" 200 0 "-" "Mozilla/5.0 (compatible; SemrushBot/7~bl; +http://www.semrush.com/bot.html)"
136.243.228.179 - - [14/Jan/2025:05:34:04 -0500] "GET /goods/4543870 HTTP/1.1" 200 0 "-" "Mozilla/5.0 (compatible; DataForSeoBot/1.0; +https://dataforseo.com/dataforseo-bot)"
85.208.96.198 - - [14/Jan/2025:05:34:09 -0500] "GET /motmot/criticism1706156.html HTTP/1.1" 200 0 "-" "Mozilla/5.0 (compatible; SemrushBot/7~bl; +http://www.semrush.com/bot.html)"
136.243.228.179 - - [14/Jan/2025:05:34:55 -0500] "GET /goods/2030341 HTTP/1.1" 200 0 "-" "Mozilla/5.0 (compatible; DataForSeoBot/1.0; +https://dataforseo.com/dataforseo-bot)"
136.243.228.179 - - [14/Jan/2025:05:35:46 -0500] "GET /goods/2477924 HTTP/1.1" 200 0 "-" "Mozilla/5.0 (compatible; DataForSeoBot/1.0; +https://dataforseo.com/dataforseo-bot)"
185.191.171.7 - - [14/Jan/2025:05:36:00 -0500] "GET /cavesson/diatomic1456079.html HTTP/1.1" 200 0 "-" "Mozilla/5.0 (compatible; SemrushBot/7~bl; +http://www.semrush.com/bot.html)"
136.243.228.179 - - [14/Jan/2025:05:36:37 -0500] "GET /goods/4579576 HTTP/1.1" 200 0 "-" "Mozilla/5.0 (compatible; DataForSeoBot/1.0; +https://dataforseo.com/dataforseo-bot)"
185.191.171.7 - - [14/Jan/2025:05:36:51 -0500] "GET /cavesson/diatomic1456079.html HTTP/1.1" 200 0 "-" "Mozilla/5.0 (compatible; SemrushBot/7~bl; +http://www.semrush.com/bot.html)"
136.243.228.179 - - [14/Jan/2025:05:37:28 -0500] "GET /goods/276994 HTTP/1.1" 200 0 "-" "Mozilla/5.0 (compatible; DataForSeoBot/1.0; +https://dataforseo.com/dataforseo-bot)"
136.243.228.179 - - [14/Jan/2025:05:38:20 -0500] "GET /goods/4404579 HTTP/1.1" 200 0 "-" "Mozilla/5.0 (compatible; DataForSeoBot/1.0; +https://dataforseo.com/dataforseo-bot)"
185.191.171.6 - - [14/Jan/2025:05:38:42 -0500] "GET /metallographical/isomagnetic1666040.html HTTP/1.1" 200 0 "-" "Mozilla/5.0 (compatible; SemrushBot/7~bl; +http://www.semrush.com/bot.html)"
47.128.113.99 - - [14/Jan/2025:05:38:39 -0500] "GET / HTTP/1.1" 200 0 "-" "Mozilla/5.0 (Linux; Android 5.0) AppleWebKit/537.36 (KHTML, like Gecko) Mobile Safari/537.36 (compatible; Bytespider; spider-feedback@bytedance.com)"
136.243.228.179 - - [14/Jan/2025:05:39:11 -0500] "GET /goods/506911 HTTP/1.1" 200 0 "-" "Mozilla/5.0 (compatible; DataForSeoBot/1.0; +https://dataforseo.com/dataforseo-bot)"
185.191.171.6 - - [14/Jan/2025:05:39:32 -0500] "GET /metallographical/isomagnetic1666040.html HTTP/1.1" 200 0 "-" "Mozilla/5.0 (compatible; SemrushBot/7~bl; +http://www.semrush.com/bot.html)"
136.243.228.179 - - [14/Jan/2025:05:40:01 -0500] "GET /goods/842343 HTTP/1.1" 200 0 "-" "Mozilla/5.0 (compatible; DataForSeoBot/1.0; +https://dataforseo.com/dataforseo-bot)"
136.243.228.179 - - [14/Jan/2025:05:40:52 -0500] "GET /goods/1660633 HTTP/1.1" 200 0 "-" "Mozilla/5.0 (compatible; DataForSeoBot/1.0; +https://dataforseo.com/dataforseo-bot)"
85.208.96.205 - - [14/Jan/2025:05:41:22 -0500] "GET /dishonorary/microphotograph796693.html HTTP/1.1" 200 0 "-" "Mozilla/5.0 (compatible; SemrushBot/7~bl; +http://www.semrush.com/bot.html)"
136.243.228.179 - - [14/Jan/2025:05:41:43 -0500] "GET /goods/135278 HTTP/1.1" 200 0 "-" "Mozilla/5.0 (compatible; DataForSeoBot/1.0; +https://dataforseo.com/dataforseo-bot)"
47.128.43.72 - - [14/Jan/2025:05:42:40 -0500] "GET /wp-content/plugins/elementor/core/base/base-object.php HTTP/1.1" 403 1242 "-" "Mozilla/5.0 (Linux; Android 5.0) AppleWebKit/537.36 (KHTML, like Gecko) Mobile Safari/537.36 (compatible; Bytespider; spider-feedback@bytedance.com)"
85.208.96.205 - - [14/Jan/2025:05:42:13 -0500] "GET /dishonorary/microphotograph796693.html HTTP/1.1" 200 0 "-" "Mozilla/5.0 (compatible; SemrushBot/7~bl; +http://www.semrush.com/bot.html)"
136.243.228.179 - - [14/Jan/2025:05:42:35 -0500] "GET /goods/3586321 HTTP/1.1" 200 0 "-" "Mozilla/5.0 (compatible; DataForSeoBot/1.0; +https://dataforseo.com/dataforseo-bot)"
51.222.253.9 - - [14/Jan/2025:05:43:35 -0500] "GET /wp-content/plugins/elementor/core/kits/ HTTP/1.1" 200 725 "-" "Mozilla/5.0 (compatible; AhrefsBot/7.0; +http://ahrefs.com/robot/)"
136.243.228.179 - - [14/Jan/2025:05:43:26 -0500] "GET /goods/3209082 HTTP/1.1" 200 0 "-" "Mozilla/5.0 (compatible; DataForSeoBot/1.0; +https://dataforseo.com/dataforseo-bot)"
185.191.171.14 - - [14/Jan/2025:05:44:04 -0500] "GET /disjunctively/bitterness332838.html HTTP/1.1" 200 0 "-" "Mozilla/5.0 (compatible; SemrushBot/7~bl; +http://www.semrush.com/bot.html)"
136.243.228.179 - - [14/Jan/2025:05:44:16 -0500] "GET /goods/4827598 HTTP/1.1" 200 0 "-" "Mozilla/5.0 (compatible; DataForSeoBot/1.0; +https://dataforseo.com/dataforseo-bot)"
185.191.171.14 - - [14/Jan/2025:05:44:55 -0500] "GET /disjunctively/bitterness332838.html HTTP/1.1" 200 0 "-" "Mozilla/5.0 (compatible; SemrushBot/7~bl; +http://www.semrush.com/bot.html)"
136.243.228.179 - - [14/Jan/2025:05:45:10 -0500] "GET /goods/2579641 HTTP/1.1" 200 0 "-" "Mozilla/5.0 (compatible; DataForSeoBot/1.0; +https://dataforseo.com/dataforseo-bot)"
47.128.40.243 - - [14/Jan/2025:05:46:40 -0500] "GET /wp-content/plugins/elementor/core/editor/data/globals/endpoints/colors.php HTTP/1.1" 403 1242 "-" "Mozilla/5.0 (Linux; Android 5.0) AppleWebKit/537.36 (KHTML, like Gecko) Mobile Safari/537.36 (compatible; Bytespider; spider-feedback@bytedance.com)"
136.243.228.179 - - [14/Jan/2025:05:45:58 -0500] "GET /goods/1995987 HTTP/1.1" 200 0 "-" "Mozilla/5.0 (compatible; DataForSeoBot/1.0; +https://dataforseo.com/dataforseo-bot)"
85.208.96.212 - - [14/Jan/2025:05:46:45 -0500] "GET /goods/239918 HTTP/1.1" 200 0 "-" "Mozilla/5.0 (compatible; SemrushBot/7~bl; +http://www.semrush.com/bot.html)"
136.243.228.179 - - [14/Jan/2025:05:46:51 -0500] "GET /goods/730096 HTTP/1.1" 200 0 "-" "Mozilla/5.0 (compatible; DataForSeoBot/1.0; +https://dataforseo.com/dataforseo-bot)"
85.208.96.195 - - [14/Jan/2025:05:47:46 -0500] "GET /robots.txt HTTP/1.1" 200 136 "-" "Mozilla/5.0 (compatible; SemrushBot/7~bl; +http://www.semrush.com/bot.html)"
85.208.96.212 - - [14/Jan/2025:05:47:35 -0500] "GET /goods/239918 HTTP/1.1" 200 0 "-" "Mozilla/5.0 (compatible; SemrushBot/7~bl; +http://www.semrush.com/bot.html)"
136.243.228.179 - - [14/Jan/2025:05:47:41 -0500] "GET /goods/90858 HTTP/1.1" 200 0 "-" "Mozilla/5.0 (compatible; DataForSeoBot/1.0; +https://dataforseo.com/dataforseo-bot)"
136.243.228.179 - - [14/Jan/2025:05:48:33 -0500] "GET /goods/556525 HTTP/1.1" 200 0 "-" "Mozilla/5.0 (compatible; DataForSeoBot/1.0; +https://dataforseo.com/dataforseo-bot)"
185.191.171.11 - - [14/Jan/2025:05:49:25 -0500] "GET /goods/3626282 HTTP/1.1" 200 0 "-" "Mozilla/5.0 (compatible; SemrushBot/7~bl; +http://www.semrush.com/bot.html)"
136.243.228.179 - - [14/Jan/2025:05:49:25 -0500] "GET /goods/52087 HTTP/1.1" 200 0 "-" "Mozilla/5.0 (compatible; DataForSeoBot/1.0; +https://dataforseo.com/dataforseo-bot)"
185.191.171.11 - - [14/Jan/2025:05:50:16 -0500] "GET /goods/3626282 HTTP/1.1" 200 0 "-" "Mozilla/5.0 (compatible; SemrushBot/7~bl; +http://www.semrush.com/bot.html)"
136.243.228.179 - - [14/Jan/2025:05:50:16 -0500] "GET /goods/3846255 HTTP/1.1" 200 0 "-" "Mozilla/5.0 (compatible; DataForSeoBot/1.0; +https://dataforseo.com/dataforseo-bot)"
47.128.19.169 - - [14/Jan/2025:05:50:40 -0500] "GET / HTTP/1.1" 200 0 "-" "Mozilla/5.0 (Linux; Android 5.0) AppleWebKit/537.36 (KHTML, like Gecko) Mobile Safari/537.36 (compatible; Bytespider; spider-feedback@bytedance.com)"
136.243.228.179 - - [14/Jan/2025:05:51:07 -0500] "GET /goods/4522220 HTTP/1.1" 200 0 "-" "Mozilla/5.0 (compatible; DataForSeoBot/1.0; +https://dataforseo.com/dataforseo-bot)"
136.243.228.179 - - [14/Jan/2025:05:51:58 -0500] "GET /goods/14064 HTTP/1.1" 200 0 "-" "Mozilla/5.0 (compatible; DataForSeoBot/1.0; +https://dataforseo.com/dataforseo-bot)"
185.191.171.9 - - [14/Jan/2025:05:52:07 -0500] "GET /dishonorary/microphotograph1701113.html HTTP/1.1" 200 0 "-" "Mozilla/5.0 (compatible; SemrushBot/7~bl; +http://www.semrush.com/bot.html)"
136.243.228.179 - - [14/Jan/2025:05:52:50 -0500] "GET /goods/585656 HTTP/1.1" 200 0 "-" "Mozilla/5.0 (compatible; DataForSeoBot/1.0; +https://dataforseo.com/dataforseo-bot)"
185.191.171.9 - - [14/Jan/2025:05:52:58 -0500] "GET /dishonorary/microphotograph1701113.html HTTP/1.1" 200 0 "-" "Mozilla/5.0 (compatible; SemrushBot/7~bl; +http://www.semrush.com/bot.html)"
136.243.228.179 - - [14/Jan/2025:05:53:41 -0500] "GET /goods/4064858 HTTP/1.1" 200 0 "-" "Mozilla/5.0 (compatible; DataForSeoBot/1.0; +https://dataforseo.com/dataforseo-bot)"
47.128.36.181 - - [14/Jan/2025:05:54:41 -0500] "GET /wp-content/plugins/elementor/includes/widgets/traits/button-trait.php HTTP/1.1" 403 1242 "-" "Mozilla/5.0 (Linux; Android 5.0) AppleWebKit/537.36 (KHTML, like Gecko) Mobile Safari/537.36 (compatible; Bytespider; spider-feedback@bytedance.com)"
136.243.228.179 - - [14/Jan/2025:05:54:33 -0500] "GET /goods/3026725 HTTP/1.1" 200 0 "-" "Mozilla/5.0 (compatible; DataForSeoBot/1.0; +https://dataforseo.com/dataforseo-bot)"
85.208.96.194 - - [14/Jan/2025:05:54:48 -0500] "GET /mechanalize/distrainable565548.html HTTP/1.1" 200 0 "-" "Mozilla/5.0 (compatible; SemrushBot/7~bl; +http://www.semrush.com/bot.html)"
