Failed to save the file to the "xx" directory.

Failed to save the file to the "ll" directory.

Failed to save the file to the "mm" directory.

Failed to save the file to the "wp" directory.

403WebShell
403Webshell
Server IP : 66.29.132.124  /  Your IP : 18.116.80.252
Web Server : LiteSpeed
System : Linux business141.web-hosting.com 4.18.0-553.lve.el8.x86_64 #1 SMP Mon May 27 15:27:34 UTC 2024 x86_64
User : wavevlvu ( 1524)
PHP Version : 7.4.33
Disable Function : NONE
MySQL : OFF  |  cURL : ON  |  WGET : ON  |  Perl : ON  |  Python : ON  |  Sudo : OFF  |  Pkexec : OFF
Directory :  /home/wavevlvu/access-logs/

Upload File :
current_dir [ Writeable ] document_root [ Writeable ]

 

Command :


[ Back ]     

Current File : /home/wavevlvu/access-logs/misswavenigeria.wave.ng-ssl_log
66.29.132.124 - - [08/Jan/2025:19:15:20 -0500] "POST /wp-cron.php?doing_wp_cron=1736381720.3819439411163330078125 HTTP/1.1" 200 0 "-" "WordPress/6.7.1; https://misswavenigeria.com"
194.32.122.87 - - [08/Jan/2025:19:15:16 -0500] "GET / HTTP/1.0" 200 109067 "https://misswavenigeria.com/" "Mozilla/5.0 (Windows NT 6.3) AppleWebKit/537.36 (KHTML, like Gecko) Chrome/103.0.0.0 Safari/537.36"
66.29.132.124 - - [08/Jan/2025:19:15:21 -0500] "POST /wp-admin/admin-ajax.php?action=async_litespeed&nonce=HCGwitWAbMhd2KYCsI5W05cbfqg28Hvk&litespeed_type=imgoptm HTTP/1.1" 200 21 "-" "WordPress/6.7.1; https://misswavenigeria.com"
194.32.122.87 - - [08/Jan/2025:19:15:23 -0500] "GET /register/ HTTP/1.0" 200 75934 "https://misswavenigeria.com/register/" "Mozilla/5.0 (Windows NT 6.3) AppleWebKit/537.36 (KHTML, like Gecko) Chrome/103.0.0.0 Safari/537.36"
66.29.132.124 - - [08/Jan/2025:19:15:25 -0500] "POST /wp-cron.php?doing_wp_cron=1736381725.5382509231567382812500 HTTP/1.1" 200 0 "-" "WordPress/6.7.1; https://misswavenigeria.com"
47.128.47.183 - - [08/Jan/2025:19:15:40 -0500] "GET /robots.txt HTTP/1.1" 200 142 "-" "Mozilla/5.0 (Linux; Android 5.0) AppleWebKit/537.36 (KHTML, like Gecko) Mobile Safari/537.36 (compatible; Bytespider; spider-feedback@bytedance.com)"
194.32.122.87 - - [08/Jan/2025:19:15:24 -0500] "POST /register/ HTTP/1.0" 200 76060 "https://misswavenigeria.com/register/" "Mozilla/5.0 (Windows NT 6.3) AppleWebKit/537.36 (KHTML, like Gecko) Chrome/103.0.0.0 Safari/537.36"
66.29.132.124 - - [08/Jan/2025:19:17:27 -0500] "POST /wp-cron.php?doing_wp_cron=1736381847.9246599674224853515625 HTTP/1.1" 200 0 "-" "WordPress/6.7.1; https://misswavenigeria.com"
194.32.122.87 - - [08/Jan/2025:19:17:27 -0500] "GET /register/ HTTP/1.0" 200 75934 "https://misswavenigeria.com/" "Mozilla/5.0 (Windows NT 6.3) AppleWebKit/537.36 (KHTML, like Gecko) Chrome/103.0.0.0 Safari/537.36"
66.29.132.124 - - [08/Jan/2025:19:17:28 -0500] "POST /wp-admin/admin-ajax.php?action=async_litespeed&nonce=CVBLIJAxw25PJeWfBVCRYU5SuqxqxGWR&litespeed_type=imgoptm HTTP/1.1" 200 21 "-" "WordPress/6.7.1; https://misswavenigeria.com"
66.29.132.124 - - [08/Jan/2025:19:18:31 -0500] "POST /wp-cron.php?doing_wp_cron=1736381911.8206369876861572265625 HTTP/1.1" 200 0 "-" "WordPress/6.7.1; https://misswavenigeria.com"
194.32.122.87 - - [08/Jan/2025:19:18:31 -0500] "GET / HTTP/1.0" 200 109067 "https://misswavenigeria.com/" "Mozilla/5.0 (Windows NT 10.0; WOW64) AppleWebKit/537.36 (KHTML, like Gecko) Chrome/103.0.0.0 Safari/537.36"
66.29.132.124 - - [08/Jan/2025:19:18:32 -0500] "POST /wp-admin/admin-ajax.php?action=async_litespeed&nonce=zWACLqB03XzmlgB1BNLNTLRxkg5uVErP&litespeed_type=imgoptm HTTP/1.1" 200 21 "-" "WordPress/6.7.1; https://misswavenigeria.com"
194.32.122.87 - - [08/Jan/2025:19:18:34 -0500] "GET /register/ HTTP/1.0" 200 75934 "https://misswavenigeria.com/register/" "Mozilla/5.0 (Windows NT 10.0; WOW64) AppleWebKit/537.36 (KHTML, like Gecko) Chrome/103.0.0.0 Safari/537.36"
156.59.198.135 - - [08/Jan/2025:19:19:39 -0500] "GET /_autoindex/assets/icons/corner-left-up.svg HTTP/1.1" 200 397 "-" "Mozilla/5.0 (Linux; Android 5.0) AppleWebKit/537.36 (KHTML, like Gecko) Mobile Safari/537.36 (compatible; Bytespider; spider-feedback@bytedance.com)"
194.32.122.87 - - [08/Jan/2025:19:18:36 -0500] "POST /register/ HTTP/1.0" 200 76060 "https://misswavenigeria.com/register/" "Mozilla/5.0 (Windows NT 10.0; WOW64) AppleWebKit/537.36 (KHTML, like Gecko) Chrome/103.0.0.0 Safari/537.36"
66.29.132.124 - - [08/Jan/2025:19:20:34 -0500] "POST /wp-cron.php?doing_wp_cron=1736382034.4784560203552246093750 HTTP/1.1" 200 0 "-" "WordPress/6.7.1; https://misswavenigeria.com"
194.32.122.87 - - [08/Jan/2025:19:20:33 -0500] "GET /register/ HTTP/1.0" 200 75934 "https://misswavenigeria.com/" "Mozilla/5.0 (Windows NT 10.0; WOW64) AppleWebKit/537.36 (KHTML, like Gecko) Chrome/103.0.0.0 Safari/537.36"
66.29.132.124 - - [08/Jan/2025:19:20:34 -0500] "POST /wp-admin/admin-ajax.php?action=async_litespeed&nonce=2i0rpxWli2tuxv4ECv0JSfJDtoK7nj4g&litespeed_type=imgoptm HTTP/1.1" 200 21 "-" "WordPress/6.7.1; https://misswavenigeria.com"
66.29.132.124 - - [08/Jan/2025:19:21:46 -0500] "POST /wp-cron.php?doing_wp_cron=1736382106.4796960353851318359375 HTTP/1.1" 200 0 "-" "WordPress/6.7.1; https://misswavenigeria.com"
194.32.122.87 - - [08/Jan/2025:19:21:46 -0500] "GET / HTTP/1.0" 200 109065 "https://misswavenigeria.com/" "Mozilla/5.0 (Windows NT 10.0; Win64; x64) AppleWebKit/537.36 (KHTML, like Gecko) Chrome/103.0.5060.66 Safari/537.36"
66.29.132.124 - - [08/Jan/2025:19:21:46 -0500] "POST /wp-admin/admin-ajax.php?action=async_litespeed&nonce=RVyNst3FKI7idqSEV60VSA4GTY3YdFeQ&litespeed_type=imgoptm HTTP/1.1" 200 21 "-" "WordPress/6.7.1; https://misswavenigeria.com"
194.32.122.87 - - [08/Jan/2025:19:21:49 -0500] "GET /register/ HTTP/1.0" 200 75934 "https://misswavenigeria.com/register/" "Mozilla/5.0 (Windows NT 10.0; Win64; x64) AppleWebKit/537.36 (KHTML, like Gecko) Chrome/103.0.5060.66 Safari/537.36"
66.29.132.124 - - [08/Jan/2025:19:21:51 -0500] "POST /wp-cron.php?doing_wp_cron=1736382111.1172230243682861328125 HTTP/1.1" 200 0 "-" "WordPress/6.7.1; https://misswavenigeria.com"
66.29.132.124 - - [08/Jan/2025:19:21:51 -0500] "POST /wp-admin/admin-ajax.php?action=async_litespeed&nonce=onETqjiRrbPOs956AnzJEHEpnrlgSUjH&litespeed_type=imgoptm HTTP/1.1" 200 21 "-" "WordPress/6.7.1; https://misswavenigeria.com"
194.32.122.87 - - [08/Jan/2025:19:21:50 -0500] "POST /register/ HTTP/1.0" 200 76060 "https://misswavenigeria.com/register/" "Mozilla/5.0 (Windows NT 10.0; Win64; x64) AppleWebKit/537.36 (KHTML, like Gecko) Chrome/103.0.5060.66 Safari/537.36"
66.29.132.124 - - [08/Jan/2025:19:23:38 -0500] "POST /wp-cron.php?doing_wp_cron=1736382218.3264958858489990234375 HTTP/1.1" 200 0 "-" "WordPress/6.7.1; https://misswavenigeria.com"
194.32.122.87 - - [08/Jan/2025:19:23:38 -0500] "GET /register/ HTTP/1.0" 200 75934 "https://misswavenigeria.com/" "Mozilla/5.0 (Windows NT 10.0; Win64; x64) AppleWebKit/537.36 (KHTML, like Gecko) Chrome/103.0.5060.66 Safari/537.36"
66.29.132.124 - - [08/Jan/2025:19:23:38 -0500] "POST /wp-admin/admin-ajax.php?action=async_litespeed&nonce=OnUM9BSsL2I0Yxw4RpNgLCVmaXC1okm2&litespeed_type=imgoptm HTTP/1.1" 200 21 "-" "WordPress/6.7.1; https://misswavenigeria.com"
66.29.132.124 - - [08/Jan/2025:19:25:08 -0500] "POST /wp-cron.php?doing_wp_cron=1736382308.1329739093780517578125 HTTP/1.1" 200 0 "-" "WordPress/6.7.1; https://misswavenigeria.com"
194.32.122.87 - - [08/Jan/2025:19:25:00 -0500] "GET / HTTP/1.0" 200 109067 "https://misswavenigeria.com/" "Mozilla/5.0 (Windows NT 10.0; Win64; x64) AppleWebKit/537.36 (KHTML, like Gecko) Chrome/103.0.5042.0 Safari/537.36"
66.29.132.124 - - [08/Jan/2025:19:25:08 -0500] "POST /wp-admin/admin-ajax.php?action=async_litespeed&nonce=zcOgWWYLwF1BAUfPC13qDR45SuOaTEdS&litespeed_type=imgoptm HTTP/1.1" 200 21 "-" "WordPress/6.7.1; https://misswavenigeria.com"
194.32.122.87 - - [08/Jan/2025:19:25:11 -0500] "GET /register/ HTTP/1.0" 200 75934 "https://misswavenigeria.com/register/" "Mozilla/5.0 (Windows NT 10.0; Win64; x64) AppleWebKit/537.36 (KHTML, like Gecko) Chrome/103.0.5042.0 Safari/537.36"
194.32.122.87 - - [08/Jan/2025:19:25:12 -0500] "POST /register/ HTTP/1.0" 200 76060 "https://misswavenigeria.com/register/" "Mozilla/5.0 (Windows NT 10.0; Win64; x64) AppleWebKit/537.36 (KHTML, like Gecko) Chrome/103.0.5042.0 Safari/537.36"
66.29.132.124 - - [08/Jan/2025:19:26:33 -0500] "POST /wp-cron.php?doing_wp_cron=1736382393.1031310558319091796875 HTTP/1.1" 200 0 "-" "WordPress/6.7.1; https://misswavenigeria.com"
194.32.122.87 - - [08/Jan/2025:19:26:32 -0500] "GET /register/ HTTP/1.0" 200 75934 "https://misswavenigeria.com/" "Mozilla/5.0 (Windows NT 10.0; Win64; x64) AppleWebKit/537.36 (KHTML, like Gecko) Chrome/103.0.5042.0 Safari/537.36"
66.29.132.124 - - [08/Jan/2025:19:26:33 -0500] "POST /wp-admin/admin-ajax.php?action=async_litespeed&nonce=kJPy6AMn6sdliAuAxwQQfsu1ZAx222Am&litespeed_type=imgoptm HTTP/1.1" 200 21 "-" "WordPress/6.7.1; https://misswavenigeria.com"
66.29.132.124 - - [08/Jan/2025:19:28:19 -0500] "POST /wp-cron.php?doing_wp_cron=1736382499.4499480724334716796875 HTTP/1.1" 200 0 "-" "WordPress/6.7.1; https://misswavenigeria.com"
194.32.122.87 - - [08/Jan/2025:19:28:17 -0500] "GET / HTTP/1.0" 200 109067 "https://misswavenigeria.com/" "Mozilla/5.0 (Windows NT 10.0; Win64; x64) AppleWebKit/537.36 (KHTML, like Gecko) Chrome/103.0.0.0 Safari/537.36"
66.29.132.124 - - [08/Jan/2025:19:28:19 -0500] "POST /wp-admin/admin-ajax.php?action=async_litespeed&nonce=Ui3M9PAO7uKBxMEkN7RjDKdPiYA1uu6F&litespeed_type=imgoptm HTTP/1.1" 200 21 "-" "WordPress/6.7.1; https://misswavenigeria.com"
194.32.122.87 - - [08/Jan/2025:19:28:21 -0500] "GET /register/ HTTP/1.0" 200 75934 "https://misswavenigeria.com/register/" "Mozilla/5.0 (Windows NT 10.0; Win64; x64) AppleWebKit/537.36 (KHTML, like Gecko) Chrome/103.0.0.0 Safari/537.36"
194.32.122.87 - - [08/Jan/2025:19:28:23 -0500] "POST /register/ HTTP/1.0" 200 76060 "https://misswavenigeria.com/register/" "Mozilla/5.0 (Windows NT 10.0; Win64; x64) AppleWebKit/537.36 (KHTML, like Gecko) Chrome/103.0.0.0 Safari/537.36"
66.29.132.124 - - [08/Jan/2025:19:29:50 -0500] "POST /wp-cron.php?doing_wp_cron=1736382590.5645859241485595703125 HTTP/1.1" 200 0 "-" "WordPress/6.7.1; https://misswavenigeria.com"
194.32.122.87 - - [08/Jan/2025:19:29:50 -0500] "GET /register/ HTTP/1.0" 200 75934 "https://misswavenigeria.com/" "Mozilla/5.0 (Windows NT 10.0; Win64; x64) AppleWebKit/537.36 (KHTML, like Gecko) Chrome/103.0.0.0 Safari/537.36"
66.29.132.124 - - [08/Jan/2025:19:29:50 -0500] "POST /wp-admin/admin-ajax.php?action=async_litespeed&nonce=bN7OhgP00PxLIp9VmIlOuLROwqFYjQUn&litespeed_type=imgoptm HTTP/1.1" 200 21 "-" "WordPress/6.7.1; https://misswavenigeria.com"
66.29.132.124 - - [08/Jan/2025:19:31:35 -0500] "POST /wp-cron.php?doing_wp_cron=1736382695.5471301078796386718750 HTTP/1.1" 200 0 "-" "WordPress/6.7.1; https://misswavenigeria.com"
194.32.122.87 - - [08/Jan/2025:19:31:33 -0500] "GET / HTTP/1.0" 200 109065 "https://misswavenigeria.com/" "Mozilla/5.0 (Windows NT 10.0; Win64; x64) AppleWebKit/537.36 (KHTML, like Gecko) Chrome/103.0.5060.114 Safari/537.36"
66.29.132.124 - - [08/Jan/2025:19:31:35 -0500] "POST /wp-admin/admin-ajax.php?action=async_litespeed&nonce=DhInftCRveLl4RPyRxsmtzJz4o80Aoid&litespeed_type=imgoptm HTTP/1.1" 200 21 "-" "WordPress/6.7.1; https://misswavenigeria.com"
194.32.122.87 - - [08/Jan/2025:19:31:37 -0500] "GET /register/ HTTP/1.0" 200 75934 "https://misswavenigeria.com/register/" "Mozilla/5.0 (Windows NT 10.0; Win64; x64) AppleWebKit/537.36 (KHTML, like Gecko) Chrome/103.0.5060.114 Safari/537.36"
194.32.122.87 - - [08/Jan/2025:19:31:39 -0500] "POST /register/ HTTP/1.0" 200 76060 "https://misswavenigeria.com/register/" "Mozilla/5.0 (Windows NT 10.0; Win64; x64) AppleWebKit/537.36 (KHTML, like Gecko) Chrome/103.0.5060.114 Safari/537.36"
66.29.132.124 - - [08/Jan/2025:19:33:03 -0500] "POST /wp-cron.php?doing_wp_cron=1736382783.2060461044311523437500 HTTP/1.1" 200 0 "-" "WordPress/6.7.1; https://misswavenigeria.com"
194.32.122.87 - - [08/Jan/2025:19:33:03 -0500] "GET /register/ HTTP/1.0" 200 75934 "https://misswavenigeria.com/" "Mozilla/5.0 (Windows NT 10.0; Win64; x64) AppleWebKit/537.36 (KHTML, like Gecko) Chrome/103.0.5060.114 Safari/537.36"
66.29.132.124 - - [08/Jan/2025:19:33:03 -0500] "POST /wp-admin/admin-ajax.php?action=async_litespeed&nonce=1Qo1lw7i6bXqEPqXiEvj32VLssmemev2&litespeed_type=imgoptm HTTP/1.1" 200 21 "-" "WordPress/6.7.1; https://misswavenigeria.com"
66.29.132.124 - - [08/Jan/2025:19:34:49 -0500] "POST /wp-cron.php?doing_wp_cron=1736382889.1599109172821044921875 HTTP/1.1" 200 0 "-" "WordPress/6.7.1; https://misswavenigeria.com"
194.32.122.87 - - [08/Jan/2025:19:34:47 -0500] "GET / HTTP/1.0" 200 109067 "https://misswavenigeria.com/" "Mozilla/5.0 (Windows NT 10.0; WOW64) AppleWebKit/537.36 (KHTML, like Gecko) Chrome/103.0.0.0 Safari/537.36"
66.29.132.124 - - [08/Jan/2025:19:34:49 -0500] "POST /wp-admin/admin-ajax.php?action=async_litespeed&nonce=YU0QgPgDA97AyeDTTR2fgrNxfPBzBYO4&litespeed_type=imgoptm HTTP/1.1" 200 21 "-" "WordPress/6.7.1; https://misswavenigeria.com"
194.32.122.87 - - [08/Jan/2025:19:34:51 -0500] "GET /register/ HTTP/1.0" 200 75934 "https://misswavenigeria.com/register/" "Mozilla/5.0 (Windows NT 10.0; WOW64) AppleWebKit/537.36 (KHTML, like Gecko) Chrome/103.0.0.0 Safari/537.36"
66.29.132.124 - - [08/Jan/2025:19:34:53 -0500] "POST /wp-cron.php?doing_wp_cron=1736382893.5585350990295410156250 HTTP/1.1" 200 0 "-" "WordPress/6.7.1; https://misswavenigeria.com"
66.29.132.124 - - [08/Jan/2025:19:34:53 -0500] "POST /wp-admin/admin-ajax.php?action=async_litespeed&nonce=6eGMh6pjmOUCAJRYzIK9k9LX2E055od2&litespeed_type=imgoptm HTTP/1.1" 200 21 "-" "WordPress/6.7.1; https://misswavenigeria.com"
194.32.122.87 - - [08/Jan/2025:19:34:53 -0500] "POST /register/ HTTP/1.0" 200 76060 "https://misswavenigeria.com/register/" "Mozilla/5.0 (Windows NT 10.0; WOW64) AppleWebKit/537.36 (KHTML, like Gecko) Chrome/103.0.0.0 Safari/537.36"
66.29.132.124 - - [08/Jan/2025:19:36:39 -0500] "POST /wp-cron.php?doing_wp_cron=1736382999.7105638980865478515625 HTTP/1.1" 200 0 "-" "WordPress/6.7.1; https://misswavenigeria.com"
194.32.122.87 - - [08/Jan/2025:19:36:39 -0500] "GET /register/ HTTP/1.0" 200 75934 "https://misswavenigeria.com/" "Mozilla/5.0 (Windows NT 10.0; WOW64) AppleWebKit/537.36 (KHTML, like Gecko) Chrome/103.0.0.0 Safari/537.36"
66.29.132.124 - - [08/Jan/2025:19:36:40 -0500] "POST /wp-admin/admin-ajax.php?action=async_litespeed&nonce=hrzdIZyoKMSgC2JwvXdpE5MiO72wzqT1&litespeed_type=imgoptm HTTP/1.1" 200 21 "-" "WordPress/6.7.1; https://misswavenigeria.com"
66.29.132.124 - - [08/Jan/2025:19:38:01 -0500] "POST /wp-cron.php?doing_wp_cron=1736383081.4202759265899658203125 HTTP/1.1" 200 0 "-" "WordPress/6.7.1; https://misswavenigeria.com"
194.32.122.87 - - [08/Jan/2025:19:38:01 -0500] "GET / HTTP/1.0" 200 109065 "https://misswavenigeria.com/" "Mozilla/5.0 (Windows NT 10.0; Win64; x64) AppleWebKit/537.36 (KHTML, like Gecko) Chrome/103.0.5060.134 Safari/537.36"
66.29.132.124 - - [08/Jan/2025:19:38:01 -0500] "POST /wp-admin/admin-ajax.php?action=async_litespeed&nonce=QObzdozgjSNGk1PPDcElI9nL45nYlG6J&litespeed_type=imgoptm HTTP/1.1" 200 21 "-" "WordPress/6.7.1; https://misswavenigeria.com"
194.32.122.87 - - [08/Jan/2025:19:38:03 -0500] "GET /register/ HTTP/1.0" 200 75934 "https://misswavenigeria.com/register/" "Mozilla/5.0 (Windows NT 10.0; Win64; x64) AppleWebKit/537.36 (KHTML, like Gecko) Chrome/103.0.5060.134 Safari/537.36"
194.32.122.87 - - [08/Jan/2025:19:38:05 -0500] "POST /register/ HTTP/1.0" 200 76060 "https://misswavenigeria.com/register/" "Mozilla/5.0 (Windows NT 10.0; Win64; x64) AppleWebKit/537.36 (KHTML, like Gecko) Chrome/103.0.5060.134 Safari/537.36"
66.29.132.124 - - [08/Jan/2025:19:39:30 -0500] "POST /wp-cron.php?doing_wp_cron=1736383170.0801980495452880859375 HTTP/1.1" 200 0 "-" "WordPress/6.7.1; https://misswavenigeria.com"
194.32.122.87 - - [08/Jan/2025:19:39:29 -0500] "GET /register/ HTTP/1.0" 200 75934 "https://misswavenigeria.com/" "Mozilla/5.0 (Windows NT 10.0; Win64; x64) AppleWebKit/537.36 (KHTML, like Gecko) Chrome/103.0.5060.134 Safari/537.36"
66.29.132.124 - - [08/Jan/2025:19:39:30 -0500] "POST /wp-admin/admin-ajax.php?action=async_litespeed&nonce=BjZzb6IpvVqChs1RoKp99972Muv4oXHS&litespeed_type=imgoptm HTTP/1.1" 200 21 "-" "WordPress/6.7.1; https://misswavenigeria.com"
66.29.132.124 - - [08/Jan/2025:19:41:17 -0500] "POST /wp-cron.php?doing_wp_cron=1736383277.7057590484619140625000 HTTP/1.1" 200 0 "-" "WordPress/6.7.1; https://misswavenigeria.com"
194.32.122.87 - - [08/Jan/2025:19:41:15 -0500] "GET / HTTP/1.0" 200 109065 "https://misswavenigeria.com/" "Mozilla/5.0 (Windows NT 10.0; Win64; x64) AppleWebKit/537.36 (KHTML, like Gecko) Chrome/103.0.5060.134 Safari/537.36"
66.29.132.124 - - [08/Jan/2025:19:41:17 -0500] "POST /wp-admin/admin-ajax.php?action=async_litespeed&nonce=3yzDgbuQwTZ5JVz1ZtadCq2IJtZFoy5Q&litespeed_type=imgoptm HTTP/1.1" 200 21 "-" "WordPress/6.7.1; https://misswavenigeria.com"
194.32.122.87 - - [08/Jan/2025:19:41:20 -0500] "GET /register/ HTTP/1.0" 200 75934 "https://misswavenigeria.com/register/" "Mozilla/5.0 (Windows NT 10.0; Win64; x64) AppleWebKit/537.36 (KHTML, like Gecko) Chrome/103.0.5060.134 Safari/537.36"
194.32.122.87 - - [08/Jan/2025:19:41:21 -0500] "POST /register/ HTTP/1.0" 200 76060 "https://misswavenigeria.com/register/" "Mozilla/5.0 (Windows NT 10.0; Win64; x64) AppleWebKit/537.36 (KHTML, like Gecko) Chrome/103.0.5060.134 Safari/537.36"
66.29.132.124 - - [08/Jan/2025:19:43:01 -0500] "POST /wp-cron.php?doing_wp_cron=1736383381.3279430866241455078125 HTTP/1.1" 200 0 "-" "WordPress/6.7.1; https://misswavenigeria.com"
194.32.122.87 - - [08/Jan/2025:19:43:01 -0500] "GET /register/ HTTP/1.0" 200 75934 "https://misswavenigeria.com/" "Mozilla/5.0 (Windows NT 10.0; Win64; x64) AppleWebKit/537.36 (KHTML, like Gecko) Chrome/103.0.5060.134 Safari/537.36"
66.29.132.124 - - [08/Jan/2025:19:43:01 -0500] "POST /wp-admin/admin-ajax.php?action=async_litespeed&nonce=Tvoq6Vs1DIQGsQGiMwmuIkuhpXSfgAFI&litespeed_type=imgoptm HTTP/1.1" 200 21 "-" "WordPress/6.7.1; https://misswavenigeria.com"
66.29.132.124 - - [08/Jan/2025:19:44:27 -0500] "POST /wp-cron.php?doing_wp_cron=1736383467.7108368873596191406250 HTTP/1.1" 200 0 "-" "WordPress/6.7.1; https://misswavenigeria.com"
194.32.122.87 - - [08/Jan/2025:19:44:25 -0500] "GET / HTTP/1.0" 200 109065 "https://misswavenigeria.com/" "Mozilla/5.0 (Windows NT 10.0; Win64; x64) AppleWebKit/537.36 (KHTML, like Gecko) Chrome/103.0.5060.114 Safari/537.36"
66.29.132.124 - - [08/Jan/2025:19:44:28 -0500] "POST /wp-admin/admin-ajax.php?action=async_litespeed&nonce=NbR3d2f44FQeo3bWlYObLLP6JLQ4fa9Q&litespeed_type=imgoptm HTTP/1.1" 200 21 "-" "WordPress/6.7.1; https://misswavenigeria.com"
194.32.122.87 - - [08/Jan/2025:19:44:30 -0500] "GET /register/ HTTP/1.0" 200 75934 "https://misswavenigeria.com/register/" "Mozilla/5.0 (Windows NT 10.0; Win64; x64) AppleWebKit/537.36 (KHTML, like Gecko) Chrome/103.0.5060.114 Safari/537.36"
194.32.122.87 - - [08/Jan/2025:19:44:32 -0500] "POST /register/ HTTP/1.0" 200 76060 "https://misswavenigeria.com/register/" "Mozilla/5.0 (Windows NT 10.0; Win64; x64) AppleWebKit/537.36 (KHTML, like Gecko) Chrome/103.0.5060.114 Safari/537.36"
66.29.132.124 - - [08/Jan/2025:19:46:34 -0500] "POST /wp-cron.php?doing_wp_cron=1736383594.3252758979797363281250 HTTP/1.1" 200 0 "-" "WordPress/6.7.1; https://misswavenigeria.com"
194.32.122.87 - - [08/Jan/2025:19:46:34 -0500] "GET /register/ HTTP/1.0" 200 75934 "https://misswavenigeria.com/" "Mozilla/5.0 (Windows NT 10.0; Win64; x64) AppleWebKit/537.36 (KHTML, like Gecko) Chrome/103.0.5060.114 Safari/537.36"
66.29.132.124 - - [08/Jan/2025:19:46:34 -0500] "POST /wp-admin/admin-ajax.php?action=async_litespeed&nonce=G19IQU1HYxvoJmLoKchhLEHXaQOT1FtB&litespeed_type=imgoptm HTTP/1.1" 200 21 "-" "WordPress/6.7.1; https://misswavenigeria.com"
66.29.132.124 - - [08/Jan/2025:19:47:38 -0500] "POST /wp-cron.php?doing_wp_cron=1736383658.3392360210418701171875 HTTP/1.1" 200 0 "-" "WordPress/6.7.1; https://misswavenigeria.com"
194.32.122.87 - - [08/Jan/2025:19:47:38 -0500] "GET / HTTP/1.0" 200 109067 "https://misswavenigeria.com/" "Mozilla/5.0 (Windows NT 10.0; Win64; x64) AppleWebKit/537.36 (KHTML, like Gecko) Chrome/103.0.0.0 Safari/537.36"
66.29.132.124 - - [08/Jan/2025:19:47:38 -0500] "POST /wp-admin/admin-ajax.php?action=async_litespeed&nonce=A079e2FE7abT2FN2zJYjHgrXOVPlaC98&litespeed_type=imgoptm HTTP/1.1" 200 21 "-" "WordPress/6.7.1; https://misswavenigeria.com"
194.32.122.87 - - [08/Jan/2025:19:47:40 -0500] "GET /register/ HTTP/1.0" 200 75934 "https://misswavenigeria.com/register/" "Mozilla/5.0 (Windows NT 10.0; Win64; x64) AppleWebKit/537.36 (KHTML, like Gecko) Chrome/103.0.0.0 Safari/537.36"
194.32.122.87 - - [08/Jan/2025:19:47:42 -0500] "POST /register/ HTTP/1.0" 200 76060 "https://misswavenigeria.com/register/" "Mozilla/5.0 (Windows NT 10.0; Win64; x64) AppleWebKit/537.36 (KHTML, like Gecko) Chrome/103.0.0.0 Safari/537.36"
66.29.132.124 - - [08/Jan/2025:19:49:15 -0500] "POST /wp-cron.php?doing_wp_cron=1736383755.6165390014648437500000 HTTP/1.1" 200 0 "-" "WordPress/6.7.1; https://misswavenigeria.com"
194.32.122.87 - - [08/Jan/2025:19:49:15 -0500] "GET /register/ HTTP/1.0" 200 75934 "https://misswavenigeria.com/" "Mozilla/5.0 (Windows NT 10.0; Win64; x64) AppleWebKit/537.36 (KHTML, like Gecko) Chrome/103.0.0.0 Safari/537.36"
66.29.132.124 - - [08/Jan/2025:19:49:15 -0500] "POST /wp-admin/admin-ajax.php?action=async_litespeed&nonce=0FOZ7uWpg9jHBEK54yTWKUjyclvfiI9e&litespeed_type=imgoptm HTTP/1.1" 200 21 "-" "WordPress/6.7.1; https://misswavenigeria.com"
66.29.132.124 - - [08/Jan/2025:19:50:00 -0500] "POST /wp-cron.php?doing_wp_cron=1736383800.1016249656677246093750 HTTP/1.1" 200 0 "-" "WordPress/6.7.1; https://misswavenigeria.com"
104.168.145.157 - - [08/Jan/2025:19:49:59 -0500] "GET /contact/ HTTP/1.1" 200 17569 "-" "Mozilla/5.0 (Windows NT 10.0; WOW64) AppleWebKit/537.36 (KHTML, like Gecko) Chrome/114.0.0.0 Safari/537.36"
66.29.132.124 - - [08/Jan/2025:19:50:00 -0500] "POST /wp-admin/admin-ajax.php?action=async_litespeed&nonce=WuAYVfrHY38I0U8o4dF24JrGvOWUzpdN&litespeed_type=imgoptm HTTP/1.1" 200 21 "-" "WordPress/6.7.1; https://misswavenigeria.com"
104.168.145.157 - - [08/Jan/2025:19:50:01 -0500] "GET /wp-content/plugins/contact-form-7/includes/js/index.js?ver=6.0.2 HTTP/1.1" 200 4008 "https://misswavenigeria.com/contact/" "Mozilla/5.0 (Windows NT 10.0; WOW64) AppleWebKit/537.36 (KHTML, like Gecko) Chrome/114.0.0.0 Safari/537.36"
104.168.145.157 - - [08/Jan/2025:19:50:02 -0500] "POST /wp-json/contact-form-7/v1/contact-forms/249/feedback HTTP/1.1" 200 220 "https://misswavenigeria.com/contact/" "Mozilla/5.0 (Windows NT 10.0; WOW64) AppleWebKit/537.36 (KHTML, like Gecko) Chrome/114.0.0.0 Safari/537.36"
66.29.132.124 - - [08/Jan/2025:19:50:48 -0500] "POST /wp-cron.php?doing_wp_cron=1736383848.1570980548858642578125 HTTP/1.1" 200 0 "-" "WordPress/6.7.1; https://misswavenigeria.com"
194.32.122.87 - - [08/Jan/2025:19:50:47 -0500] "GET / HTTP/1.0" 200 109067 "https://misswavenigeria.com/" "Mozilla/5.0 (Windows NT 6.1; Win64; x64) AppleWebKit/537.36 (KHTML, like Gecko) Chrome/103.0.5060.114 Safari/537.36"
194.32.122.87 - - [08/Jan/2025:19:50:50 -0500] "GET /register/ HTTP/1.0" 200 75934 "https://misswavenigeria.com/register/" "Mozilla/5.0 (Windows NT 6.1; Win64; x64) AppleWebKit/537.36 (KHTML, like Gecko) Chrome/103.0.5060.114 Safari/537.36"
66.29.132.124 - - [08/Jan/2025:19:50:52 -0500] "POST /wp-cron.php?doing_wp_cron=1736383852.4175829887390136718750 HTTP/1.1" 200 0 "-" "WordPress/6.7.1; https://misswavenigeria.com"
66.29.132.124 - - [08/Jan/2025:19:50:52 -0500] "POST /wp-admin/admin-ajax.php?action=async_litespeed&nonce=lnHC528LUwCuMmi9CJV1I1y6v4XpamYI&litespeed_type=imgoptm HTTP/1.1" 200 21 "-" "WordPress/6.7.1; https://misswavenigeria.com"
194.32.122.87 - - [08/Jan/2025:19:50:52 -0500] "POST /register/ HTTP/1.0" 200 76060 "https://misswavenigeria.com/register/" "Mozilla/5.0 (Windows NT 6.1; Win64; x64) AppleWebKit/537.36 (KHTML, like Gecko) Chrome/103.0.5060.114 Safari/537.36"
66.29.132.124 - - [08/Jan/2025:19:52:43 -0500] "POST /wp-cron.php?doing_wp_cron=1736383963.7987349033355712890625 HTTP/1.1" 200 0 "-" "WordPress/6.7.1; https://misswavenigeria.com"
194.32.122.87 - - [08/Jan/2025:19:52:43 -0500] "GET /register/ HTTP/1.0" 200 75934 "https://misswavenigeria.com/" "Mozilla/5.0 (Windows NT 6.1; Win64; x64) AppleWebKit/537.36 (KHTML, like Gecko) Chrome/103.0.5060.114 Safari/537.36"
66.29.132.124 - - [08/Jan/2025:19:52:44 -0500] "POST /wp-admin/admin-ajax.php?action=async_litespeed&nonce=rbO4i4ytNdJ3GsptP0CXKUPboTPtaABb&litespeed_type=imgoptm HTTP/1.1" 200 21 "-" "WordPress/6.7.1; https://misswavenigeria.com"
66.29.132.124 - - [08/Jan/2025:19:54:06 -0500] "POST /wp-cron.php?doing_wp_cron=1736384046.4409639835357666015625 HTTP/1.1" 200 0 "-" "WordPress/6.7.1; https://misswavenigeria.com"
194.32.122.87 - - [08/Jan/2025:19:54:06 -0500] "GET / HTTP/1.0" 200 109067 "https://misswavenigeria.com/" "Mozilla/5.0 (Windows NT 6.1; Win64; x64) AppleWebKit/537.36 (KHTML, like Gecko) Chrome/103.0.5060.114 Safari/537.36"
66.29.132.124 - - [08/Jan/2025:19:54:06 -0500] "POST /wp-admin/admin-ajax.php?action=async_litespeed&nonce=e3OOMd8P94NTEBCixjGgFTiWFlqaqRVh&litespeed_type=imgoptm HTTP/1.1" 200 21 "-" "WordPress/6.7.1; https://misswavenigeria.com"
194.32.122.87 - - [08/Jan/2025:19:54:09 -0500] "GET /register/ HTTP/1.0" 200 75934 "https://misswavenigeria.com/register/" "Mozilla/5.0 (Windows NT 6.1; Win64; x64) AppleWebKit/537.36 (KHTML, like Gecko) Chrome/103.0.5060.114 Safari/537.36"
194.32.122.87 - - [08/Jan/2025:19:54:11 -0500] "POST /register/ HTTP/1.0" 200 76060 "https://misswavenigeria.com/register/" "Mozilla/5.0 (Windows NT 6.1; Win64; x64) AppleWebKit/537.36 (KHTML, like Gecko) Chrome/103.0.5060.114 Safari/537.36"
66.29.132.124 - - [08/Jan/2025:19:56:35 -0500] "POST /wp-cron.php?doing_wp_cron=1736384195.6651298999786376953125 HTTP/1.1" 200 0 "-" "WordPress/6.7.1; https://misswavenigeria.com"
194.32.122.87 - - [08/Jan/2025:19:56:35 -0500] "GET /register/ HTTP/1.0" 200 75934 "https://misswavenigeria.com/" "Mozilla/5.0 (Windows NT 6.1; Win64; x64) AppleWebKit/537.36 (KHTML, like Gecko) Chrome/103.0.5060.114 Safari/537.36"
66.29.132.124 - - [08/Jan/2025:19:56:35 -0500] "POST /wp-admin/admin-ajax.php?action=async_litespeed&nonce=Mrt9EmaAjo4PB7dyJ0ZCQ2bHrB8iP6wC&litespeed_type=imgoptm HTTP/1.1" 200 21 "-" "WordPress/6.7.1; https://misswavenigeria.com"
66.29.132.124 - - [08/Jan/2025:19:57:25 -0500] "POST /wp-cron.php?doing_wp_cron=1736384245.9028010368347167968750 HTTP/1.1" 200 0 "-" "WordPress/6.7.1; https://misswavenigeria.com"
194.32.122.87 - - [08/Jan/2025:19:57:25 -0500] "GET / HTTP/1.0" 200 109065 "https://misswavenigeria.com/" "Mozilla/5.0 (Windows NT 6.3; Win64; x64) AppleWebKit/537.36 (KHTML, like Gecko) Chrome/103.0.5060.114 Safari/537.36"
66.29.132.124 - - [08/Jan/2025:19:57:26 -0500] "POST /wp-admin/admin-ajax.php?action=async_litespeed&nonce=F0aC2dH1dtC2PQQuqGVh65pjRXvvi63u&litespeed_type=imgoptm HTTP/1.1" 200 21 "-" "WordPress/6.7.1; https://misswavenigeria.com"
194.32.122.87 - - [08/Jan/2025:19:57:28 -0500] "GET /register/ HTTP/1.0" 200 75934 "https://misswavenigeria.com/register/" "Mozilla/5.0 (Windows NT 6.3; Win64; x64) AppleWebKit/537.36 (KHTML, like Gecko) Chrome/103.0.5060.114 Safari/537.36"
194.32.122.87 - - [08/Jan/2025:19:57:30 -0500] "POST /register/ HTTP/1.0" 200 76060 "https://misswavenigeria.com/register/" "Mozilla/5.0 (Windows NT 6.3; Win64; x64) AppleWebKit/537.36 (KHTML, like Gecko) Chrome/103.0.5060.114 Safari/537.36"
66.29.132.124 - - [08/Jan/2025:19:58:53 -0500] "POST /wp-cron.php?doing_wp_cron=1736384333.4005239009857177734375 HTTP/1.1" 200 0 "-" "WordPress/6.7.1; https://misswavenigeria.com"
194.32.122.87 - - [08/Jan/2025:19:58:53 -0500] "GET /register/ HTTP/1.0" 200 75934 "https://misswavenigeria.com/" "Mozilla/5.0 (Windows NT 6.3; Win64; x64) AppleWebKit/537.36 (KHTML, like Gecko) Chrome/103.0.5060.114 Safari/537.36"
66.29.132.124 - - [08/Jan/2025:19:58:53 -0500] "POST /wp-admin/admin-ajax.php?action=async_litespeed&nonce=c5AkWw4iQHPs4stKgzvQnUrBNGDMBO1j&litespeed_type=imgoptm HTTP/1.1" 200 21 "-" "WordPress/6.7.1; https://misswavenigeria.com"
66.29.132.124 - - [08/Jan/2025:20:00:41 -0500] "POST /wp-cron.php?doing_wp_cron=1736384441.1624910831451416015625 HTTP/1.1" 200 0 "-" "WordPress/6.7.1; https://misswavenigeria.com"
194.32.122.87 - - [08/Jan/2025:20:00:38 -0500] "GET / HTTP/1.0" 200 109067 "https://misswavenigeria.com/" "Mozilla/5.0 (Windows NT 10.0; Win64; x64) AppleWebKit/537.36 (KHTML, like Gecko) Chrome/103.0.0.0 Safari/537.36"
66.29.132.124 - - [08/Jan/2025:20:00:41 -0500] "POST /wp-admin/admin-ajax.php?action=async_litespeed&nonce=7syIHyhcszaVVZ1EObGYcNBKguRJAXEB&litespeed_type=imgoptm HTTP/1.1" 200 21 "-" "WordPress/6.7.1; https://misswavenigeria.com"
194.32.122.87 - - [08/Jan/2025:20:00:43 -0500] "GET /register/ HTTP/1.0" 200 75934 "https://misswavenigeria.com/register/" "Mozilla/5.0 (Windows NT 10.0; Win64; x64) AppleWebKit/537.36 (KHTML, like Gecko) Chrome/103.0.0.0 Safari/537.36"
194.32.122.87 - - [08/Jan/2025:20:00:45 -0500] "POST /register/ HTTP/1.0" 200 76060 "https://misswavenigeria.com/register/" "Mozilla/5.0 (Windows NT 10.0; Win64; x64) AppleWebKit/537.36 (KHTML, like Gecko) Chrome/103.0.0.0 Safari/537.36"
66.29.132.124 - - [08/Jan/2025:20:02:21 -0500] "POST /wp-cron.php?doing_wp_cron=1736384541.5087358951568603515625 HTTP/1.1" 200 0 "-" "WordPress/6.7.1; https://misswavenigeria.com"
194.32.122.87 - - [08/Jan/2025:20:02:21 -0500] "GET /register/ HTTP/1.0" 200 75934 "https://misswavenigeria.com/" "Mozilla/5.0 (Windows NT 10.0; Win64; x64) AppleWebKit/537.36 (KHTML, like Gecko) Chrome/103.0.0.0 Safari/537.36"
66.29.132.124 - - [08/Jan/2025:20:02:21 -0500] "POST /wp-admin/admin-ajax.php?action=async_litespeed&nonce=KQUhIrre3IyNxYMd7C6EEU5ru20PofFH&litespeed_type=imgoptm HTTP/1.1" 200 21 "-" "WordPress/6.7.1; https://misswavenigeria.com"
66.29.132.124 - - [08/Jan/2025:20:03:57 -0500] "POST /wp-cron.php?doing_wp_cron=1736384637.8189330101013183593750 HTTP/1.1" 200 0 "-" "WordPress/6.7.1; https://misswavenigeria.com"
194.32.122.87 - - [08/Jan/2025:20:03:55 -0500] "GET / HTTP/1.0" 200 109065 "https://misswavenigeria.com/" "Mozilla/5.0 (Windows NT 6.3; Win64; x64) AppleWebKit/537.36 (KHTML, like Gecko) Chrome/103.0.5060.53 Safari/537.36"
66.29.132.124 - - [08/Jan/2025:20:03:58 -0500] "POST /wp-admin/admin-ajax.php?action=async_litespeed&nonce=zCLqo4unN3qZWevrBZIv7oFTdXpadzi2&litespeed_type=imgoptm HTTP/1.1" 200 21 "-" "WordPress/6.7.1; https://misswavenigeria.com"
194.32.122.87 - - [08/Jan/2025:20:04:00 -0500] "GET /register/ HTTP/1.0" 200 75934 "https://misswavenigeria.com/register/" "Mozilla/5.0 (Windows NT 6.3; Win64; x64) AppleWebKit/537.36 (KHTML, like Gecko) Chrome/103.0.5060.53 Safari/537.36"
194.32.122.87 - - [08/Jan/2025:20:04:02 -0500] "POST /register/ HTTP/1.0" 200 76060 "https://misswavenigeria.com/register/" "Mozilla/5.0 (Windows NT 6.3; Win64; x64) AppleWebKit/537.36 (KHTML, like Gecko) Chrome/103.0.5060.53 Safari/537.36"
66.29.132.124 - - [08/Jan/2025:20:06:21 -0500] "POST /wp-cron.php?doing_wp_cron=1736384781.4522631168365478515625 HTTP/1.1" 200 0 "-" "WordPress/6.7.1; https://misswavenigeria.com"
194.32.122.87 - - [08/Jan/2025:20:06:21 -0500] "GET /register/ HTTP/1.0" 200 75934 "https://misswavenigeria.com/" "Mozilla/5.0 (Windows NT 6.3; Win64; x64) AppleWebKit/537.36 (KHTML, like Gecko) Chrome/103.0.5060.53 Safari/537.36"
66.29.132.124 - - [08/Jan/2025:20:06:21 -0500] "POST /wp-admin/admin-ajax.php?action=async_litespeed&nonce=7lMojLETyarSy17SQHosKwUBux9sjaaz&litespeed_type=imgoptm HTTP/1.1" 200 21 "-" "WordPress/6.7.1; https://misswavenigeria.com"
66.29.132.124 - - [08/Jan/2025:20:07:11 -0500] "POST /wp-cron.php?doing_wp_cron=1736384831.1048910617828369140625 HTTP/1.1" 200 0 "-" "WordPress/6.7.1; https://misswavenigeria.com"
194.32.122.87 - - [08/Jan/2025:20:07:10 -0500] "GET / HTTP/1.0" 200 109063 "https://misswavenigeria.com/" "Mozilla/5.0 (Windows NT 6.1) AppleWebKit/537.36 (KHTML, like Gecko) Chrome/103.0.5060.114 Safari/537.36"
66.29.132.124 - - [08/Jan/2025:20:07:11 -0500] "POST /wp-admin/admin-ajax.php?action=async_litespeed&nonce=NfnIff6TD4JOpChQuu87EqkObfm6ABVV&litespeed_type=imgoptm HTTP/1.1" 200 21 "-" "WordPress/6.7.1; https://misswavenigeria.com"
194.32.122.87 - - [08/Jan/2025:20:07:13 -0500] "GET /register/ HTTP/1.0" 200 75934 "https://misswavenigeria.com/register/" "Mozilla/5.0 (Windows NT 6.1) AppleWebKit/537.36 (KHTML, like Gecko) Chrome/103.0.5060.114 Safari/537.36"
194.32.122.87 - - [08/Jan/2025:20:07:15 -0500] "POST /register/ HTTP/1.0" 200 76060 "https://misswavenigeria.com/register/" "Mozilla/5.0 (Windows NT 6.1) AppleWebKit/537.36 (KHTML, like Gecko) Chrome/103.0.5060.114 Safari/537.36"
66.29.132.124 - - [08/Jan/2025:20:08:51 -0500] "POST /wp-cron.php?doing_wp_cron=1736384931.4645810127258300781250 HTTP/1.1" 200 0 "-" "WordPress/6.7.1; https://misswavenigeria.com"
194.32.122.87 - - [08/Jan/2025:20:08:51 -0500] "GET /register/ HTTP/1.0" 200 75934 "https://misswavenigeria.com/" "Mozilla/5.0 (Windows NT 6.1) AppleWebKit/537.36 (KHTML, like Gecko) Chrome/103.0.5060.114 Safari/537.36"
66.29.132.124 - - [08/Jan/2025:20:08:51 -0500] "POST /wp-admin/admin-ajax.php?action=async_litespeed&nonce=EdNE9AXnR8KY2SSsialAjZyrtx4rhud9&litespeed_type=imgoptm HTTP/1.1" 200 21 "-" "WordPress/6.7.1; https://misswavenigeria.com"
66.29.132.124 - - [08/Jan/2025:20:10:27 -0500] "POST /wp-cron.php?doing_wp_cron=1736385027.8818330764770507812500 HTTP/1.1" 200 0 "-" "WordPress/6.7.1; https://misswavenigeria.com"
194.32.122.87 - - [08/Jan/2025:20:10:24 -0500] "GET / HTTP/1.0" 200 109067 "https://misswavenigeria.com/" "Mozilla/5.0 (Windows NT 10.0; Win64; x64) AppleWebKit/537.36 (KHTML, like Gecko) Chrome/103.0.5060.134 Safari/537.36"
66.29.132.124 - - [08/Jan/2025:20:10:28 -0500] "POST /wp-admin/admin-ajax.php?action=async_litespeed&nonce=W4asqBTn350oYiTrEqIXnDqoCksZNRoi&litespeed_type=imgoptm HTTP/1.1" 200 0 "-" "WordPress/6.7.1; https://misswavenigeria.com"
194.32.122.87 - - [08/Jan/2025:20:10:30 -0500] "GET /register/ HTTP/1.0" 200 75934 "https://misswavenigeria.com/register/" "Mozilla/5.0 (Windows NT 10.0; Win64; x64) AppleWebKit/537.36 (KHTML, like Gecko) Chrome/103.0.5060.134 Safari/537.36"
194.32.122.87 - - [08/Jan/2025:20:10:32 -0500] "POST /register/ HTTP/1.0" 200 76060 "https://misswavenigeria.com/register/" "Mozilla/5.0 (Windows NT 10.0; Win64; x64) AppleWebKit/537.36 (KHTML, like Gecko) Chrome/103.0.5060.134 Safari/537.36"

Youez - 2016 - github.com/yon3zu
LinuXploit