40.77.167.53 - - [08/Jan/2025:22:51:44 -0500] "GET /kerhe/e2580173.html HTTP/1.1" 200 68549 "-" "Mozilla/5.0 AppleWebKit/537.36 (KHTML, like Gecko; compatible; bingbot/2.0; +http://www.bing.com/bingbot.htm) Chrome/116.0.1938.76 Safari/537.36"
52.167.144.222 - - [08/Jan/2025:22:51:49 -0500] "GET /kvqyu/e2508283.html HTTP/1.1" 200 70513 "-" "Mozilla/5.0 AppleWebKit/537.36 (KHTML, like Gecko; compatible; bingbot/2.0; +http://www.bing.com/bingbot.htm) Chrome/116.0.1938.76 Safari/537.36"
52.167.144.160 - - [08/Jan/2025:22:51:54 -0500] "GET /zttzz/j608208.html HTTP/1.1" 200 68530 "-" "Mozilla/5.0 AppleWebKit/537.36 (KHTML, like Gecko; compatible; bingbot/2.0; +http://www.bing.com/bingbot.htm) Chrome/116.0.1938.76 Safari/537.36"
40.77.167.18 - - [08/Jan/2025:22:51:55 -0500] "GET /pmadv/r2547816.html HTTP/1.1" 200 70423 "-" "Mozilla/5.0 AppleWebKit/537.36 (KHTML, like Gecko; compatible; bingbot/2.0; +http://www.bing.com/bingbot.htm) Chrome/116.0.1938.76 Safari/537.36"
40.77.167.18 - - [08/Jan/2025:22:51:57 -0500] "GET /ihfek/g113815.html HTTP/1.1" 200 68815 "-" "Mozilla/5.0 AppleWebKit/537.36 (KHTML, like Gecko; compatible; bingbot/2.0; +http://www.bing.com/bingbot.htm) Chrome/116.0.1938.76 Safari/537.36"
40.77.167.56 - - [08/Jan/2025:22:52:00 -0500] "GET /dipsm/f1493504.html HTTP/1.1" 200 68674 "-" "Mozilla/5.0 AppleWebKit/537.36 (KHTML, like Gecko; compatible; bingbot/2.0; +http://www.bing.com/bingbot.htm) Chrome/116.0.1938.76 Safari/537.36"
40.77.167.10 - - [08/Jan/2025:22:52:05 -0500] "GET /lyxku/g2307591.html HTTP/1.1" 200 68573 "-" "Mozilla/5.0 AppleWebKit/537.36 (KHTML, like Gecko; compatible; bingbot/2.0; +http://www.bing.com/bingbot.htm) Chrome/116.0.1938.76 Safari/537.36"
40.77.167.10 - - [08/Jan/2025:22:52:07 -0500] "GET /oubpk/q595241.html HTTP/1.1" 200 70032 "-" "Mozilla/5.0 AppleWebKit/537.36 (KHTML, like Gecko; compatible; bingbot/2.0; +http://www.bing.com/bingbot.htm) Chrome/116.0.1938.76 Safari/537.36"
52.167.144.160 - - [08/Jan/2025:22:52:16 -0500] "GET /qxdgw/c265547.html HTTP/1.1" 200 72633 "-" "Mozilla/5.0 AppleWebKit/537.36 (KHTML, like Gecko; compatible; bingbot/2.0; +http://www.bing.com/bingbot.htm) Chrome/116.0.1938.76 Safari/537.36"
40.77.167.18 - - [08/Jan/2025:22:52:27 -0500] "GET /wwnfv/v1382578.html HTTP/1.1" 200 68389 "-" "Mozilla/5.0 AppleWebKit/537.36 (KHTML, like Gecko; compatible; bingbot/2.0; +http://www.bing.com/bingbot.htm) Chrome/116.0.1938.76 Safari/537.36"
52.167.144.160 - - [08/Jan/2025:22:52:44 -0500] "GET /nvwaa/l2231364.html HTTP/1.1" 200 69536 "-" "Mozilla/5.0 AppleWebKit/537.36 (KHTML, like Gecko; compatible; bingbot/2.0; +http://www.bing.com/bingbot.htm) Chrome/116.0.1938.76 Safari/537.36"
40.77.167.18 - - [08/Jan/2025:22:52:45 -0500] "GET /cfmzq/c2150625.html HTTP/1.1" 200 72426 "-" "Mozilla/5.0 AppleWebKit/537.36 (KHTML, like Gecko; compatible; bingbot/2.0; +http://www.bing.com/bingbot.htm) Chrome/116.0.1938.76 Safari/537.36"
52.167.144.160 - - [08/Jan/2025:22:52:45 -0500] "GET /vnotr/q361137.html HTTP/1.1" 200 68605 "-" "Mozilla/5.0 AppleWebKit/537.36 (KHTML, like Gecko; compatible; bingbot/2.0; +http://www.bing.com/bingbot.htm) Chrome/116.0.1938.76 Safari/537.36"
52.167.144.160 - - [08/Jan/2025:22:52:47 -0500] "GET /pcnpr/g1938781.html HTTP/1.1" 200 67741 "-" "Mozilla/5.0 AppleWebKit/537.36 (KHTML, like Gecko; compatible; bingbot/2.0; +http://www.bing.com/bingbot.htm) Chrome/116.0.1938.76 Safari/537.36"
52.167.144.160 - - [08/Jan/2025:22:52:54 -0500] "GET /nqyhs/l1756292.html HTTP/1.1" 200 68685 "-" "Mozilla/5.0 AppleWebKit/537.36 (KHTML, like Gecko; compatible; bingbot/2.0; +http://www.bing.com/bingbot.htm) Chrome/116.0.1938.76 Safari/537.36"
40.77.167.53 - - [08/Jan/2025:22:53:01 -0500] "GET /vlzda/h1644696.html HTTP/1.1" 200 68296 "-" "Mozilla/5.0 AppleWebKit/537.36 (KHTML, like Gecko; compatible; bingbot/2.0; +http://www.bing.com/bingbot.htm) Chrome/116.0.1938.76 Safari/537.36"
40.77.167.10 - - [08/Jan/2025:22:53:01 -0500] "GET /tdhvl/s2686293.html HTTP/1.1" 200 68736 "-" "Mozilla/5.0 AppleWebKit/537.36 (KHTML, like Gecko; compatible; bingbot/2.0; +http://www.bing.com/bingbot.htm) Chrome/116.0.1938.76 Safari/537.36"
40.77.167.53 - - [08/Jan/2025:22:53:03 -0500] "GET /qvuim/e2836377.html HTTP/1.1" 200 69162 "-" "Mozilla/5.0 AppleWebKit/537.36 (KHTML, like Gecko; compatible; bingbot/2.0; +http://www.bing.com/bingbot.htm) Chrome/116.0.1938.76 Safari/537.36"
52.167.144.222 - - [08/Jan/2025:22:53:06 -0500] "GET /qopts/j2623364.html HTTP/1.1" 200 69378 "-" "Mozilla/5.0 AppleWebKit/537.36 (KHTML, like Gecko; compatible; bingbot/2.0; +http://www.bing.com/bingbot.htm) Chrome/116.0.1938.76 Safari/537.36"
52.167.144.222 - - [08/Jan/2025:22:53:08 -0500] "GET /chott/e2539405.html HTTP/1.1" 200 69601 "-" "Mozilla/5.0 AppleWebKit/537.36 (KHTML, like Gecko; compatible; bingbot/2.0; +http://www.bing.com/bingbot.htm) Chrome/116.0.1938.76 Safari/537.36"
40.77.167.56 - - [08/Jan/2025:22:53:19 -0500] "GET /tkrno/o1123949.html HTTP/1.1" 200 70396 "-" "Mozilla/5.0 AppleWebKit/537.36 (KHTML, like Gecko; compatible; bingbot/2.0; +http://www.bing.com/bingbot.htm) Chrome/116.0.1938.76 Safari/537.36"
40.77.167.10 - - [08/Jan/2025:22:53:22 -0500] "GET /mwrrt/y2718357.html HTTP/1.1" 200 68775 "-" "Mozilla/5.0 AppleWebKit/537.36 (KHTML, like Gecko; compatible; bingbot/2.0; +http://www.bing.com/bingbot.htm) Chrome/116.0.1938.76 Safari/537.36"
40.77.167.56 - - [08/Jan/2025:22:53:22 -0500] "GET /tannk/k876191.html HTTP/1.1" 200 68619 "-" "Mozilla/5.0 AppleWebKit/537.36 (KHTML, like Gecko; compatible; bingbot/2.0; +http://www.bing.com/bingbot.htm) Chrome/116.0.1938.76 Safari/537.36"
52.167.144.222 - - [08/Jan/2025:22:53:31 -0500] "GET /mdfoy/j2419446.html HTTP/1.1" 200 70292 "-" "Mozilla/5.0 AppleWebKit/537.36 (KHTML, like Gecko; compatible; bingbot/2.0; +http://www.bing.com/bingbot.htm) Chrome/116.0.1938.76 Safari/537.36"
52.167.144.160 - - [08/Jan/2025:22:53:36 -0500] "GET /azulf/x1295350.html HTTP/1.1" 200 69325 "-" "Mozilla/5.0 AppleWebKit/537.36 (KHTML, like Gecko; compatible; bingbot/2.0; +http://www.bing.com/bingbot.htm) Chrome/116.0.1938.76 Safari/537.36"
52.167.144.160 - - [08/Jan/2025:22:53:37 -0500] "GET /yrezs/f575782.html HTTP/1.1" 200 67408 "-" "Mozilla/5.0 AppleWebKit/537.36 (KHTML, like Gecko; compatible; bingbot/2.0; +http://www.bing.com/bingbot.htm) Chrome/116.0.1938.76 Safari/537.36"
52.167.144.160 - - [08/Jan/2025:22:53:40 -0500] "GET /sjlez/z2108632.html HTTP/1.1" 200 73777 "-" "Mozilla/5.0 AppleWebKit/537.36 (KHTML, like Gecko; compatible; bingbot/2.0; +http://www.bing.com/bingbot.htm) Chrome/116.0.1938.76 Safari/537.36"
40.77.167.56 - - [08/Jan/2025:22:53:40 -0500] "GET /msbtu/y1466613.html HTTP/1.1" 200 69269 "-" "Mozilla/5.0 AppleWebKit/537.36 (KHTML, like Gecko; compatible; bingbot/2.0; +http://www.bing.com/bingbot.htm) Chrome/116.0.1938.76 Safari/537.36"
40.77.167.56 - - [08/Jan/2025:22:53:44 -0500] "GET /scqyn/k143147.html HTTP/1.1" 200 69100 "-" "Mozilla/5.0 AppleWebKit/537.36 (KHTML, like Gecko; compatible; bingbot/2.0; +http://www.bing.com/bingbot.htm) Chrome/116.0.1938.76 Safari/537.36"
52.167.144.222 - - [08/Jan/2025:22:53:50 -0500] "GET /qibub/y2422269.html HTTP/1.1" 200 68785 "-" "Mozilla/5.0 AppleWebKit/537.36 (KHTML, like Gecko; compatible; bingbot/2.0; +http://www.bing.com/bingbot.htm) Chrome/116.0.1938.76 Safari/537.36"
40.77.167.56 - - [08/Jan/2025:22:54:02 -0500] "GET /kehon/o1264427.html HTTP/1.1" 200 67952 "-" "Mozilla/5.0 AppleWebKit/537.36 (KHTML, like Gecko; compatible; bingbot/2.0; +http://www.bing.com/bingbot.htm) Chrome/116.0.1938.76 Safari/537.36"
40.77.167.18 - - [08/Jan/2025:22:54:06 -0500] "GET /amnuj/m1479445.html HTTP/1.1" 200 67800 "-" "Mozilla/5.0 AppleWebKit/537.36 (KHTML, like Gecko; compatible; bingbot/2.0; +http://www.bing.com/bingbot.htm) Chrome/116.0.1938.76 Safari/537.36"
45.157.52.23 - - [08/Jan/2025:22:54:07 -0500] "GET /wp-content/plugins/simple-local-avatars/sldebar.php HTTP/1.1" 200 0 "-" "Mozilla/5.0 (Windows NT 10.0; Win64; x64) AppleWebKit/537.36 (KHTML, like Gecko) Chrome/127.0.0.0 Safari/537.36"
66.29.132.124 - - [08/Jan/2025:22:54:13 -0500] "POST /wp-cron.php?doing_wp_cron=1736394853.1550750732421875000000 HTTP/1.1" 200 0 "-" "WordPress/6.7.1; https://diixadigital.com"
40.77.167.10 - - [08/Jan/2025:22:54:12 -0500] "GET /qcuio/a2410519.html HTTP/1.1" 200 69077 "-" "Mozilla/5.0 AppleWebKit/537.36 (KHTML, like Gecko; compatible; bingbot/2.0; +http://www.bing.com/bingbot.htm) Chrome/116.0.1938.76 Safari/537.36"
66.249.68.34 - - [08/Jan/2025:22:54:14 -0500] "GET /xbvtm/a2483527.html HTTP/1.1" 200 69585 "-" "Mozilla/5.0 (Linux; Android 6.0.1; Nexus 5X Build/MMB29P) AppleWebKit/537.36 (KHTML, like Gecko) Chrome/131.0.6778.204 Mobile Safari/537.36 (compatible; Googlebot/2.1; +http://www.google.com/bot.html)"
45.157.52.23 - - [08/Jan/2025:22:54:12 -0500] "GET /wp-content/plugins/comet-cache/functlons.php HTTP/1.1" 404 60568 "-" "Mozilla/5.0 (Windows NT 10.0; Win64; x64) AppleWebKit/537.36 (KHTML, like Gecko) Chrome/127.0.0.0 Safari/537.36"
66.29.132.124 - - [08/Jan/2025:22:54:14 -0500] "POST /wp-admin/admin-ajax.php?action=async_litespeed&nonce=zG4XbKzzbTDvIChKVA4bHCKBB2wkZIFC&litespeed_type=imgoptm HTTP/1.1" 200 0 "-" "WordPress/6.7.1; https://diixadigital.com"
52.167.144.160 - - [08/Jan/2025:22:54:14 -0500] "GET /zedyd/a1748897.html HTTP/1.1" 200 69924 "-" "Mozilla/5.0 AppleWebKit/537.36 (KHTML, like Gecko; compatible; bingbot/2.0; +http://www.bing.com/bingbot.htm) Chrome/116.0.1938.76 Safari/537.36"
52.167.144.160 - - [08/Jan/2025:22:54:15 -0500] "GET /iqrcw/j2490348.html HTTP/1.1" 200 75472 "-" "Mozilla/5.0 AppleWebKit/537.36 (KHTML, like Gecko; compatible; bingbot/2.0; +http://www.bing.com/bingbot.htm) Chrome/116.0.1938.76 Safari/537.36"
40.77.167.18 - - [08/Jan/2025:22:54:16 -0500] "GET /jmovk/i212903.html HTTP/1.1" 200 70938 "-" "Mozilla/5.0 AppleWebKit/537.36 (KHTML, like Gecko; compatible; bingbot/2.0; +http://www.bing.com/bingbot.htm) Chrome/116.0.1938.76 Safari/537.36"
45.157.52.23 - - [08/Jan/2025:22:54:17 -0500] "GET /wp-content/plugins/wpvivid-backuprestore/functlons.php HTTP/1.1" 404 60578 "-" "Mozilla/5.0 (Windows NT 10.0; Win64; x64) AppleWebKit/537.36 (KHTML, like Gecko) Chrome/127.0.0.0 Safari/537.36"
52.167.144.160 - - [08/Jan/2025:22:54:17 -0500] "GET /mqzgb/f2182920.html HTTP/1.1" 200 70235 "-" "Mozilla/5.0 AppleWebKit/537.36 (KHTML, like Gecko; compatible; bingbot/2.0; +http://www.bing.com/bingbot.htm) Chrome/116.0.1938.76 Safari/537.36"
52.167.144.160 - - [08/Jan/2025:22:54:18 -0500] "GET /bquif/l2283390.html HTTP/1.1" 200 68625 "-" "Mozilla/5.0 AppleWebKit/537.36 (KHTML, like Gecko; compatible; bingbot/2.0; +http://www.bing.com/bingbot.htm) Chrome/116.0.1938.76 Safari/537.36"
45.157.52.23 - - [08/Jan/2025:22:54:20 -0500] "GET /wp-content/plugins/master-addons/functlons.php HTTP/1.1" 404 60570 "-" "Mozilla/5.0 (Windows NT 10.0; Win64; x64) AppleWebKit/537.36 (KHTML, like Gecko) Chrome/127.0.0.0 Safari/537.36"
40.77.167.53 - - [08/Jan/2025:22:54:22 -0500] "GET /wwhgi/r905656.html HTTP/1.1" 200 76394 "-" "Mozilla/5.0 AppleWebKit/537.36 (KHTML, like Gecko; compatible; bingbot/2.0; +http://www.bing.com/bingbot.htm) Chrome/116.0.1938.76 Safari/537.36"
45.157.52.23 - - [08/Jan/2025:22:54:23 -0500] "GET /wp-content/plugins/wp-content-copy-protector/sldebar.php HTTP/1.1" 404 60580 "-" "Mozilla/5.0 (Windows NT 10.0; Win64; x64) AppleWebKit/537.36 (KHTML, like Gecko) Chrome/127.0.0.0 Safari/537.36"
52.167.144.222 - - [08/Jan/2025:22:54:23 -0500] "GET /mgvoi/a1970417.html HTTP/1.1" 200 68851 "-" "Mozilla/5.0 AppleWebKit/537.36 (KHTML, like Gecko; compatible; bingbot/2.0; +http://www.bing.com/bingbot.htm) Chrome/116.0.1938.76 Safari/537.36"
66.29.132.124 - - [08/Jan/2025:22:54:28 -0500] "POST /wp-cron.php?doing_wp_cron=1736394868.1022670269012451171875 HTTP/1.1" 200 0 "-" "WordPress/6.7.1; https://diixadigital.com"
52.167.144.222 - - [08/Jan/2025:22:54:26 -0500] "GET /fcshc/g1819441.html HTTP/1.1" 200 70345 "-" "Mozilla/5.0 AppleWebKit/537.36 (KHTML, like Gecko; compatible; bingbot/2.0; +http://www.bing.com/bingbot.htm) Chrome/116.0.1938.76 Safari/537.36"
45.157.52.23 - - [08/Jan/2025:22:54:26 -0500] "GET /wp-content/plugins/feed-them-social/styIe.php HTTP/1.1" 404 60569 "-" "Mozilla/5.0 (Windows NT 10.0; Win64; x64) AppleWebKit/537.36 (KHTML, like Gecko) Chrome/127.0.0.0 Safari/537.36"
40.77.167.56 - - [08/Jan/2025:22:54:31 -0500] "GET /cpyrf/w1223225.html HTTP/1.1" 200 70796 "-" "Mozilla/5.0 AppleWebKit/537.36 (KHTML, like Gecko; compatible; bingbot/2.0; +http://www.bing.com/bingbot.htm) Chrome/116.0.1938.76 Safari/537.36"
52.167.144.160 - - [08/Jan/2025:22:54:35 -0500] "GET /fezaf/x2827894.html HTTP/1.1" 200 70494 "-" "Mozilla/5.0 AppleWebKit/537.36 (KHTML, like Gecko; compatible; bingbot/2.0; +http://www.bing.com/bingbot.htm) Chrome/116.0.1938.76 Safari/537.36"
40.77.167.10 - - [08/Jan/2025:22:54:35 -0500] "GET /yjzhs/b1080620.html HTTP/1.1" 200 70343 "-" "Mozilla/5.0 AppleWebKit/537.36 (KHTML, like Gecko; compatible; bingbot/2.0; +http://www.bing.com/bingbot.htm) Chrome/116.0.1938.76 Safari/537.36"
40.77.167.18 - - [08/Jan/2025:22:54:40 -0500] "GET /pvjjd/e2647487.html HTTP/1.1" 200 69014 "-" "Mozilla/5.0 AppleWebKit/537.36 (KHTML, like Gecko; compatible; bingbot/2.0; +http://www.bing.com/bingbot.htm) Chrome/116.0.1938.76 Safari/537.36"
40.77.167.18 - - [08/Jan/2025:22:54:43 -0500] "GET /mzhph/a1491055.html HTTP/1.1" 200 69455 "-" "Mozilla/5.0 AppleWebKit/537.36 (KHTML, like Gecko; compatible; bingbot/2.0; +http://www.bing.com/bingbot.htm) Chrome/116.0.1938.76 Safari/537.36"
40.77.167.10 - - [08/Jan/2025:22:55:03 -0500] "GET /qwcwf/h678874.html HTTP/1.1" 200 68192 "-" "Mozilla/5.0 AppleWebKit/537.36 (KHTML, like Gecko; compatible; bingbot/2.0; +http://www.bing.com/bingbot.htm) Chrome/116.0.1938.76 Safari/537.36"
40.77.167.53 - - [08/Jan/2025:22:55:03 -0500] "GET /coefx/s269151.html HTTP/1.1" 200 71305 "-" "Mozilla/5.0 AppleWebKit/537.36 (KHTML, like Gecko; compatible; bingbot/2.0; +http://www.bing.com/bingbot.htm) Chrome/116.0.1938.76 Safari/537.36"
40.77.167.53 - - [08/Jan/2025:22:55:07 -0500] "GET /kaahe/c2536465.html HTTP/1.1" 200 69316 "-" "Mozilla/5.0 AppleWebKit/537.36 (KHTML, like Gecko; compatible; bingbot/2.0; +http://www.bing.com/bingbot.htm) Chrome/116.0.1938.76 Safari/537.36"
40.77.167.18 - - [08/Jan/2025:22:55:07 -0500] "GET /vsdiz/y2210629.html HTTP/1.1" 200 70973 "-" "Mozilla/5.0 AppleWebKit/537.36 (KHTML, like Gecko; compatible; bingbot/2.0; +http://www.bing.com/bingbot.htm) Chrome/116.0.1938.76 Safari/537.36"
52.167.144.222 - - [08/Jan/2025:22:55:11 -0500] "GET /lwcsm/o259215.html HTTP/1.1" 200 70991 "-" "Mozilla/5.0 AppleWebKit/537.36 (KHTML, like Gecko; compatible; bingbot/2.0; +http://www.bing.com/bingbot.htm) Chrome/116.0.1938.76 Safari/537.36"
40.77.167.18 - - [08/Jan/2025:22:55:12 -0500] "GET /jsskg/m430657.html HTTP/1.1" 200 69293 "-" "Mozilla/5.0 AppleWebKit/537.36 (KHTML, like Gecko; compatible; bingbot/2.0; +http://www.bing.com/bingbot.htm) Chrome/116.0.1938.76 Safari/537.36"
52.167.144.160 - - [08/Jan/2025:22:55:24 -0500] "GET /pzcdi/d2529238.html HTTP/1.1" 200 68347 "-" "Mozilla/5.0 AppleWebKit/537.36 (KHTML, like Gecko; compatible; bingbot/2.0; +http://www.bing.com/bingbot.htm) Chrome/116.0.1938.76 Safari/537.36"
40.77.167.53 - - [08/Jan/2025:22:55:30 -0500] "GET /kjrsq/c2372899.html HTTP/1.1" 200 71846 "-" "Mozilla/5.0 AppleWebKit/537.36 (KHTML, like Gecko; compatible; bingbot/2.0; +http://www.bing.com/bingbot.htm) Chrome/116.0.1938.76 Safari/537.36"
40.77.167.10 - - [08/Jan/2025:22:55:43 -0500] "GET /utmnq/m714551.html HTTP/1.1" 200 68837 "-" "Mozilla/5.0 AppleWebKit/537.36 (KHTML, like Gecko; compatible; bingbot/2.0; +http://www.bing.com/bingbot.htm) Chrome/116.0.1938.76 Safari/537.36"
40.77.167.56 - - [08/Jan/2025:22:56:01 -0500] "GET /mjcrq/o1255067.html HTTP/1.1" 200 68661 "-" "Mozilla/5.0 AppleWebKit/537.36 (KHTML, like Gecko; compatible; bingbot/2.0; +http://www.bing.com/bingbot.htm) Chrome/116.0.1938.76 Safari/537.36"
40.77.167.53 - - [08/Jan/2025:22:56:03 -0500] "GET /iwpal/a1123389.html HTTP/1.1" 200 67625 "-" "Mozilla/5.0 AppleWebKit/537.36 (KHTML, like Gecko; compatible; bingbot/2.0; +http://www.bing.com/bingbot.htm) Chrome/116.0.1938.76 Safari/537.36"
40.77.167.56 - - [08/Jan/2025:22:56:06 -0500] "GET /tzisp/x3007710.html HTTP/1.1" 200 68301 "-" "Mozilla/5.0 AppleWebKit/537.36 (KHTML, like Gecko; compatible; bingbot/2.0; +http://www.bing.com/bingbot.htm) Chrome/116.0.1938.76 Safari/537.36"
52.167.144.222 - - [08/Jan/2025:22:56:12 -0500] "GET /nweay/y89757.html HTTP/1.1" 200 68759 "-" "Mozilla/5.0 AppleWebKit/537.36 (KHTML, like Gecko; compatible; bingbot/2.0; +http://www.bing.com/bingbot.htm) Chrome/116.0.1938.76 Safari/537.36"
52.167.144.222 - - [08/Jan/2025:22:56:15 -0500] "GET /zmwot/b408936.html HTTP/1.1" 200 67927 "-" "Mozilla/5.0 AppleWebKit/537.36 (KHTML, like Gecko; compatible; bingbot/2.0; +http://www.bing.com/bingbot.htm) Chrome/116.0.1938.76 Safari/537.36"
52.167.144.222 - - [08/Jan/2025:22:56:17 -0500] "GET /ccbox/p2957652.html HTTP/1.1" 200 68685 "-" "Mozilla/5.0 AppleWebKit/537.36 (KHTML, like Gecko; compatible; bingbot/2.0; +http://www.bing.com/bingbot.htm) Chrome/116.0.1938.76 Safari/537.36"
40.77.167.56 - - [08/Jan/2025:22:56:21 -0500] "GET /pykxz/f1274662.html HTTP/1.1" 200 71030 "-" "Mozilla/5.0 AppleWebKit/537.36 (KHTML, like Gecko; compatible; bingbot/2.0; +http://www.bing.com/bingbot.htm) Chrome/116.0.1938.76 Safari/537.36"
40.77.167.53 - - [08/Jan/2025:22:56:22 -0500] "GET /iutab/q224637.html HTTP/1.1" 200 67394 "-" "Mozilla/5.0 AppleWebKit/537.36 (KHTML, like Gecko; compatible; bingbot/2.0; +http://www.bing.com/bingbot.htm) Chrome/116.0.1938.76 Safari/537.36"
52.167.144.160 - - [08/Jan/2025:22:56:28 -0500] "GET /kkmfc/i700013.html HTTP/1.1" 200 69552 "-" "Mozilla/5.0 AppleWebKit/537.36 (KHTML, like Gecko; compatible; bingbot/2.0; +http://www.bing.com/bingbot.htm) Chrome/116.0.1938.76 Safari/537.36"
52.167.144.160 - - [08/Jan/2025:22:56:30 -0500] "GET /gwrzg/b1812936.html HTTP/1.1" 200 70082 "-" "Mozilla/5.0 AppleWebKit/537.36 (KHTML, like Gecko; compatible; bingbot/2.0; +http://www.bing.com/bingbot.htm) Chrome/116.0.1938.76 Safari/537.36"
52.167.144.160 - - [08/Jan/2025:22:56:32 -0500] "GET /xvafr/q2659069.html HTTP/1.1" 200 67547 "-" "Mozilla/5.0 AppleWebKit/537.36 (KHTML, like Gecko; compatible; bingbot/2.0; +http://www.bing.com/bingbot.htm) Chrome/116.0.1938.76 Safari/537.36"
40.77.167.53 - - [08/Jan/2025:22:56:32 -0500] "GET /reazw/u2407861.html HTTP/1.1" 200 68432 "-" "Mozilla/5.0 AppleWebKit/537.36 (KHTML, like Gecko; compatible; bingbot/2.0; +http://www.bing.com/bingbot.htm) Chrome/116.0.1938.76 Safari/537.36"
52.167.144.160 - - [08/Jan/2025:22:56:33 -0500] "GET /vtrwf/v705252.html HTTP/1.1" 200 67422 "-" "Mozilla/5.0 AppleWebKit/537.36 (KHTML, like Gecko; compatible; bingbot/2.0; +http://www.bing.com/bingbot.htm) Chrome/116.0.1938.76 Safari/537.36"
52.167.144.222 - - [08/Jan/2025:22:56:40 -0500] "GET /tosdf/s2458013.html HTTP/1.1" 200 70933 "-" "Mozilla/5.0 AppleWebKit/537.36 (KHTML, like Gecko; compatible; bingbot/2.0; +http://www.bing.com/bingbot.htm) Chrome/116.0.1938.76 Safari/537.36"
40.77.167.56 - - [08/Jan/2025:22:56:41 -0500] "GET /imslr/l652410.html HTTP/1.1" 200 68137 "-" "Mozilla/5.0 AppleWebKit/537.36 (KHTML, like Gecko; compatible; bingbot/2.0; +http://www.bing.com/bingbot.htm) Chrome/116.0.1938.76 Safari/537.36"
52.167.144.222 - - [08/Jan/2025:22:56:42 -0500] "GET /tvtib/x2656164.html HTTP/1.1" 200 68462 "-" "Mozilla/5.0 AppleWebKit/537.36 (KHTML, like Gecko; compatible; bingbot/2.0; +http://www.bing.com/bingbot.htm) Chrome/116.0.1938.76 Safari/537.36"
52.167.144.222 - - [08/Jan/2025:22:56:44 -0500] "GET /ujfbe/h1741416.html HTTP/1.1" 200 69384 "-" "Mozilla/5.0 AppleWebKit/537.36 (KHTML, like Gecko; compatible; bingbot/2.0; +http://www.bing.com/bingbot.htm) Chrome/116.0.1938.76 Safari/537.36"
52.167.144.222 - - [08/Jan/2025:22:56:45 -0500] "GET /xtnds/i2759343.html HTTP/1.1" 200 69433 "-" "Mozilla/5.0 AppleWebKit/537.36 (KHTML, like Gecko; compatible; bingbot/2.0; +http://www.bing.com/bingbot.htm) Chrome/116.0.1938.76 Safari/537.36"
40.77.167.10 - - [08/Jan/2025:22:56:52 -0500] "GET /xrmpf/x2627590.html HTTP/1.1" 200 72098 "-" "Mozilla/5.0 AppleWebKit/537.36 (KHTML, like Gecko; compatible; bingbot/2.0; +http://www.bing.com/bingbot.htm) Chrome/116.0.1938.76 Safari/537.36"
40.77.167.10 - - [08/Jan/2025:22:56:53 -0500] "GET /khosu/j2256504.html HTTP/1.1" 200 69461 "-" "Mozilla/5.0 AppleWebKit/537.36 (KHTML, like Gecko; compatible; bingbot/2.0; +http://www.bing.com/bingbot.htm) Chrome/116.0.1938.76 Safari/537.36"
52.167.144.160 - - [08/Jan/2025:22:56:54 -0500] "GET /vcffp/s1550353.html HTTP/1.1" 200 71546 "-" "Mozilla/5.0 AppleWebKit/537.36 (KHTML, like Gecko; compatible; bingbot/2.0; +http://www.bing.com/bingbot.htm) Chrome/116.0.1938.76 Safari/537.36"
40.77.167.18 - - [08/Jan/2025:22:56:56 -0500] "GET /fhnqf/n1790224.html HTTP/1.1" 200 69259 "-" "Mozilla/5.0 AppleWebKit/537.36 (KHTML, like Gecko; compatible; bingbot/2.0; +http://www.bing.com/bingbot.htm) Chrome/116.0.1938.76 Safari/537.36"
40.77.167.53 - - [08/Jan/2025:22:57:02 -0500] "GET /dyhgi/k2342097.html HTTP/1.1" 200 71527 "-" "Mozilla/5.0 AppleWebKit/537.36 (KHTML, like Gecko; compatible; bingbot/2.0; +http://www.bing.com/bingbot.htm) Chrome/116.0.1938.76 Safari/537.36"
66.249.79.36 - - [08/Jan/2025:22:57:02 -0500] "GET /jznbj/h979200.html HTTP/1.1" 200 79225 "-" "Mozilla/5.0 (Linux; Android 6.0.1; Nexus 5X Build/MMB29P) AppleWebKit/537.36 (KHTML, like Gecko) Chrome/131.0.6778.204 Mobile Safari/537.36 (compatible; Googlebot/2.1; +http://www.google.com/bot.html)"
52.167.144.222 - - [08/Jan/2025:22:57:06 -0500] "GET /hbqpy/g577317.html HTTP/1.1" 200 68418 "-" "Mozilla/5.0 AppleWebKit/537.36 (KHTML, like Gecko; compatible; bingbot/2.0; +http://www.bing.com/bingbot.htm) Chrome/116.0.1938.76 Safari/537.36"
52.167.144.160 - - [08/Jan/2025:22:57:26 -0500] "GET /uauop/a2420425.html HTTP/1.1" 200 68567 "-" "Mozilla/5.0 AppleWebKit/537.36 (KHTML, like Gecko; compatible; bingbot/2.0; +http://www.bing.com/bingbot.htm) Chrome/116.0.1938.76 Safari/537.36"
52.167.144.160 - - [08/Jan/2025:22:57:29 -0500] "GET /hnqvp/z2078576.html HTTP/1.1" 200 69766 "-" "Mozilla/5.0 AppleWebKit/537.36 (KHTML, like Gecko; compatible; bingbot/2.0; +http://www.bing.com/bingbot.htm) Chrome/116.0.1938.76 Safari/537.36"
40.77.167.18 - - [08/Jan/2025:22:57:36 -0500] "GET /zpdpq/n378658.html HTTP/1.1" 200 67433 "-" "Mozilla/5.0 AppleWebKit/537.36 (KHTML, like Gecko; compatible; bingbot/2.0; +http://www.bing.com/bingbot.htm) Chrome/116.0.1938.76 Safari/537.36"
40.77.167.53 - - [08/Jan/2025:22:57:42 -0500] "GET /xyals/o468359.html HTTP/1.1" 200 69020 "-" "Mozilla/5.0 AppleWebKit/537.36 (KHTML, like Gecko; compatible; bingbot/2.0; +http://www.bing.com/bingbot.htm) Chrome/116.0.1938.76 Safari/537.36"
40.77.167.10 - - [08/Jan/2025:22:57:44 -0500] "GET /hsgrv/y1643881.html HTTP/1.1" 200 68001 "-" "Mozilla/5.0 AppleWebKit/537.36 (KHTML, like Gecko; compatible; bingbot/2.0; +http://www.bing.com/bingbot.htm) Chrome/116.0.1938.76 Safari/537.36"
40.77.167.53 - - [08/Jan/2025:22:57:45 -0500] "GET /bbgez/q2376085.html HTTP/1.1" 200 77933 "-" "Mozilla/5.0 AppleWebKit/537.36 (KHTML, like Gecko; compatible; bingbot/2.0; +http://www.bing.com/bingbot.htm) Chrome/116.0.1938.76 Safari/537.36"
52.167.144.160 - - [08/Jan/2025:22:57:54 -0500] "GET /gnbdi/f2545672.html HTTP/1.1" 200 70361 "-" "Mozilla/5.0 AppleWebKit/537.36 (KHTML, like Gecko; compatible; bingbot/2.0; +http://www.bing.com/bingbot.htm) Chrome/116.0.1938.76 Safari/537.36"
52.167.144.160 - - [08/Jan/2025:22:57:57 -0500] "GET /dzcqg/q2425849.html HTTP/1.1" 200 67699 "-" "Mozilla/5.0 AppleWebKit/537.36 (KHTML, like Gecko; compatible; bingbot/2.0; +http://www.bing.com/bingbot.htm) Chrome/116.0.1938.76 Safari/537.36"
40.77.167.53 - - [08/Jan/2025:22:58:01 -0500] "GET /gmltr/a889883.html HTTP/1.1" 200 68509 "-" "Mozilla/5.0 AppleWebKit/537.36 (KHTML, like Gecko; compatible; bingbot/2.0; +http://www.bing.com/bingbot.htm) Chrome/116.0.1938.76 Safari/537.36"
40.77.167.56 - - [08/Jan/2025:22:58:02 -0500] "GET /zzxnl/l220966.html HTTP/1.1" 200 70072 "-" "Mozilla/5.0 AppleWebKit/537.36 (KHTML, like Gecko; compatible; bingbot/2.0; +http://www.bing.com/bingbot.htm) Chrome/116.0.1938.76 Safari/537.36"
40.77.167.53 - - [08/Jan/2025:22:58:02 -0500] "GET /sarpj/p665570.html HTTP/1.1" 200 69059 "-" "Mozilla/5.0 AppleWebKit/537.36 (KHTML, like Gecko; compatible; bingbot/2.0; +http://www.bing.com/bingbot.htm) Chrome/116.0.1938.76 Safari/537.36"
52.167.144.160 - - [08/Jan/2025:22:58:06 -0500] "GET /psedk/q2173129.html HTTP/1.1" 200 68209 "-" "Mozilla/5.0 AppleWebKit/537.36 (KHTML, like Gecko; compatible; bingbot/2.0; +http://www.bing.com/bingbot.htm) Chrome/116.0.1938.76 Safari/537.36"
52.167.144.160 - - [08/Jan/2025:22:58:08 -0500] "GET /wlqtk/q2513443.html HTTP/1.1" 200 69347 "-" "Mozilla/5.0 AppleWebKit/537.36 (KHTML, like Gecko; compatible; bingbot/2.0; +http://www.bing.com/bingbot.htm) Chrome/116.0.1938.76 Safari/537.36"
52.167.144.222 - - [08/Jan/2025:22:58:11 -0500] "GET /vwwuc/y2552243.html HTTP/1.1" 200 70427 "-" "Mozilla/5.0 AppleWebKit/537.36 (KHTML, like Gecko; compatible; bingbot/2.0; +http://www.bing.com/bingbot.htm) Chrome/116.0.1938.76 Safari/537.36"
52.167.144.222 - - [08/Jan/2025:22:58:13 -0500] "GET /hlosp/d1978428.html HTTP/1.1" 200 67614 "-" "Mozilla/5.0 AppleWebKit/537.36 (KHTML, like Gecko; compatible; bingbot/2.0; +http://www.bing.com/bingbot.htm) Chrome/116.0.1938.76 Safari/537.36"
40.77.167.56 - - [08/Jan/2025:22:58:31 -0500] "GET /khwrt/g1416805.html HTTP/1.1" 200 70344 "-" "Mozilla/5.0 AppleWebKit/537.36 (KHTML, like Gecko; compatible; bingbot/2.0; +http://www.bing.com/bingbot.htm) Chrome/116.0.1938.76 Safari/537.36"
40.77.167.53 - - [08/Jan/2025:22:58:32 -0500] "GET /xkyjl/h1926614.html HTTP/1.1" 200 68516 "-" "Mozilla/5.0 AppleWebKit/537.36 (KHTML, like Gecko; compatible; bingbot/2.0; +http://www.bing.com/bingbot.htm) Chrome/116.0.1938.76 Safari/537.36"
66.249.79.36 - - [08/Jan/2025:22:58:33 -0500] "GET /sspda/x2946870.html HTTP/1.1" 200 68207 "-" "Mozilla/5.0 (Linux; Android 6.0.1; Nexus 5X Build/MMB29P) AppleWebKit/537.36 (KHTML, like Gecko) Chrome/131.0.6778.204 Mobile Safari/537.36 (compatible; Googlebot/2.1; +http://www.google.com/bot.html)"
40.77.167.53 - - [08/Jan/2025:22:58:35 -0500] "GET /pploq/h2384396.html HTTP/1.1" 200 69778 "-" "Mozilla/5.0 AppleWebKit/537.36 (KHTML, like Gecko; compatible; bingbot/2.0; +http://www.bing.com/bingbot.htm) Chrome/116.0.1938.76 Safari/537.36"
52.167.144.160 - - [08/Jan/2025:22:58:36 -0500] "GET /ohwbx/i2517127.html HTTP/1.1" 200 69465 "-" "Mozilla/5.0 AppleWebKit/537.36 (KHTML, like Gecko; compatible; bingbot/2.0; +http://www.bing.com/bingbot.htm) Chrome/116.0.1938.76 Safari/537.36"
40.77.167.10 - - [08/Jan/2025:22:58:43 -0500] "GET /dnrta/m2770397.html HTTP/1.1" 200 68289 "-" "Mozilla/5.0 AppleWebKit/537.36 (KHTML, like Gecko; compatible; bingbot/2.0; +http://www.bing.com/bingbot.htm) Chrome/116.0.1938.76 Safari/537.36"
40.77.167.53 - - [08/Jan/2025:22:58:43 -0500] "GET /pqxwj/x2701300.html HTTP/1.1" 200 68594 "-" "Mozilla/5.0 AppleWebKit/537.36 (KHTML, like Gecko; compatible; bingbot/2.0; +http://www.bing.com/bingbot.htm) Chrome/116.0.1938.76 Safari/537.36"
40.77.167.53 - - [08/Jan/2025:22:58:45 -0500] "GET /pllzm/i2371137.html HTTP/1.1" 200 68373 "-" "Mozilla/5.0 AppleWebKit/537.36 (KHTML, like Gecko; compatible; bingbot/2.0; +http://www.bing.com/bingbot.htm) Chrome/116.0.1938.76 Safari/537.36"
40.77.167.10 - - [08/Jan/2025:22:58:46 -0500] "GET /walmb/g849277.html HTTP/1.1" 200 68115 "-" "Mozilla/5.0 AppleWebKit/537.36 (KHTML, like Gecko; compatible; bingbot/2.0; +http://www.bing.com/bingbot.htm) Chrome/116.0.1938.76 Safari/537.36"
40.77.167.18 - - [08/Jan/2025:22:58:48 -0500] "GET /kefzi/x714874.html HTTP/1.1" 200 68640 "-" "Mozilla/5.0 AppleWebKit/537.36 (KHTML, like Gecko; compatible; bingbot/2.0; +http://www.bing.com/bingbot.htm) Chrome/116.0.1938.76 Safari/537.36"
52.167.144.160 - - [08/Jan/2025:22:58:55 -0500] "GET /iqwpb/b129488.html HTTP/1.1" 200 68511 "-" "Mozilla/5.0 AppleWebKit/537.36 (KHTML, like Gecko; compatible; bingbot/2.0; +http://www.bing.com/bingbot.htm) Chrome/116.0.1938.76 Safari/537.36"
40.77.167.56 - - [08/Jan/2025:22:59:21 -0500] "GET /thvyb/n1176130.html HTTP/1.1" 200 68359 "-" "Mozilla/5.0 AppleWebKit/537.36 (KHTML, like Gecko; compatible; bingbot/2.0; +http://www.bing.com/bingbot.htm) Chrome/116.0.1938.76 Safari/537.36"
40.77.167.10 - - [08/Jan/2025:22:59:23 -0500] "GET /badgj/w706735.html HTTP/1.1" 200 70366 "-" "Mozilla/5.0 AppleWebKit/537.36 (KHTML, like Gecko; compatible; bingbot/2.0; +http://www.bing.com/bingbot.htm) Chrome/116.0.1938.76 Safari/537.36"
52.167.144.149 - - [08/Jan/2025:22:59:25 -0500] "GET /wsjpi/n2215194.html HTTP/1.1" 200 69699 "-" "Mozilla/5.0 AppleWebKit/537.36 (KHTML, like Gecko; compatible; bingbot/2.0; +http://www.bing.com/bingbot.htm) Chrome/116.0.1938.76 Safari/537.36"
52.167.144.160 - - [08/Jan/2025:22:59:27 -0500] "GET /rzdfm/n2278582.html HTTP/1.1" 200 68858 "-" "Mozilla/5.0 AppleWebKit/537.36 (KHTML, like Gecko; compatible; bingbot/2.0; +http://www.bing.com/bingbot.htm) Chrome/116.0.1938.76 Safari/537.36"
52.167.144.160 - - [08/Jan/2025:22:59:30 -0500] "GET /hrvts/y1442251.html HTTP/1.1" 200 72445 "-" "Mozilla/5.0 AppleWebKit/537.36 (KHTML, like Gecko; compatible; bingbot/2.0; +http://www.bing.com/bingbot.htm) Chrome/116.0.1938.76 Safari/537.36"
52.167.144.17 - - [08/Jan/2025:22:59:32 -0500] "GET /ijgio/h1470158.html HTTP/1.1" 200 68278 "-" "Mozilla/5.0 AppleWebKit/537.36 (KHTML, like Gecko; compatible; bingbot/2.0; +http://www.bing.com/bingbot.htm) Chrome/116.0.1938.76 Safari/537.36"
52.167.144.17 - - [08/Jan/2025:22:59:34 -0500] "GET /vqmtl/v2628498.html HTTP/1.1" 200 68209 "-" "Mozilla/5.0 AppleWebKit/537.36 (KHTML, like Gecko; compatible; bingbot/2.0; +http://www.bing.com/bingbot.htm) Chrome/116.0.1938.76 Safari/537.36"
40.77.167.10 - - [08/Jan/2025:22:59:42 -0500] "GET /fyebl/r1438344.html HTTP/1.1" 200 70575 "-" "Mozilla/5.0 AppleWebKit/537.36 (KHTML, like Gecko; compatible; bingbot/2.0; +http://www.bing.com/bingbot.htm) Chrome/116.0.1938.76 Safari/537.36"
52.167.144.158 - - [08/Jan/2025:22:59:42 -0500] "GET /ztrbg/c1653661.html HTTP/1.1" 200 70306 "-" "Mozilla/5.0 AppleWebKit/537.36 (KHTML, like Gecko; compatible; bingbot/2.0; +http://www.bing.com/bingbot.htm) Chrome/116.0.1938.76 Safari/537.36"
52.167.144.158 - - [08/Jan/2025:22:59:44 -0500] "GET /bbkuv/v2524784.html HTTP/1.1" 200 68372 "-" "Mozilla/5.0 AppleWebKit/537.36 (KHTML, like Gecko; compatible; bingbot/2.0; +http://www.bing.com/bingbot.htm) Chrome/116.0.1938.76 Safari/537.36"
52.167.144.149 - - [08/Jan/2025:22:59:45 -0500] "GET /enibp/f2575754.html HTTP/1.1" 200 69055 "-" "Mozilla/5.0 AppleWebKit/537.36 (KHTML, like Gecko; compatible; bingbot/2.0; +http://www.bing.com/bingbot.htm) Chrome/116.0.1938.76 Safari/537.36"
52.167.144.149 - - [08/Jan/2025:22:59:46 -0500] "GET /pcdqs/c573777.html HTTP/1.1" 200 70411 "-" "Mozilla/5.0 AppleWebKit/537.36 (KHTML, like Gecko; compatible; bingbot/2.0; +http://www.bing.com/bingbot.htm) Chrome/116.0.1938.76 Safari/537.36"
52.167.144.17 - - [08/Jan/2025:23:00:02 -0500] "GET /srysj/y2731383.html HTTP/1.1" 200 69890 "-" "Mozilla/5.0 AppleWebKit/537.36 (KHTML, like Gecko; compatible; bingbot/2.0; +http://www.bing.com/bingbot.htm) Chrome/116.0.1938.76 Safari/537.36"
66.29.132.124 - - [08/Jan/2025:23:00:08 -0500] "POST /wp-cron.php?doing_wp_cron=1736395207.5969419479370117187500 HTTP/1.1" 200 0 "-" "WordPress/6.7.1; https://diixadigital.com"
120.71.59.24 - - [08/Jan/2025:23:00:05 -0500] "GET / HTTP/1.1" 200 21667 "http://diixadigital.com" "Mozilla/5.0 (iPhone; CPU iPhone OS 13_2_3 like Mac OS X) AppleWebKit/605.1.15 (KHTML, like Gecko) Version/13.0.3 Mobile/15E148 Safari/604.1"
66.29.132.124 - - [08/Jan/2025:23:00:10 -0500] "POST /wp-admin/admin-ajax.php?action=async_litespeed&nonce=3CPPS4xZXoiI6hConMU2JO6NBUQokAfH&litespeed_type=imgoptm HTTP/1.1" 200 0 "-" "WordPress/6.7.1; https://diixadigital.com"
52.167.144.160 - - [08/Jan/2025:23:00:16 -0500] "GET /fxocn/j2661376.html HTTP/1.1" 200 69055 "-" "Mozilla/5.0 AppleWebKit/537.36 (KHTML, like Gecko; compatible; bingbot/2.0; +http://www.bing.com/bingbot.htm) Chrome/116.0.1938.76 Safari/537.36"
40.77.167.18 - - [08/Jan/2025:23:00:17 -0500] "GET /gwhqd/z2319518.html HTTP/1.1" 200 69507 "-" "Mozilla/5.0 AppleWebKit/537.36 (KHTML, like Gecko; compatible; bingbot/2.0; +http://www.bing.com/bingbot.htm) Chrome/116.0.1938.76 Safari/537.36"
52.167.144.160 - - [08/Jan/2025:23:00:18 -0500] "GET /fajpj/w2781249.html HTTP/1.1" 200 70782 "-" "Mozilla/5.0 AppleWebKit/537.36 (KHTML, like Gecko; compatible; bingbot/2.0; +http://www.bing.com/bingbot.htm) Chrome/116.0.1938.76 Safari/537.36"
52.167.144.149 - - [08/Jan/2025:23:00:23 -0500] "GET /tjapp/i1768405.html HTTP/1.1" 200 69864 "-" "Mozilla/5.0 AppleWebKit/537.36 (KHTML, like Gecko; compatible; bingbot/2.0; +http://www.bing.com/bingbot.htm) Chrome/116.0.1938.76 Safari/537.36"
52.167.144.158 - - [08/Jan/2025:23:00:26 -0500] "GET /qbgdo/h1995904.html HTTP/1.1" 200 67354 "-" "Mozilla/5.0 AppleWebKit/537.36 (KHTML, like Gecko; compatible; bingbot/2.0; +http://www.bing.com/bingbot.htm) Chrome/116.0.1938.76 Safari/537.36"
52.167.144.17 - - [08/Jan/2025:23:00:41 -0500] "GET /exhec/j2681084.html HTTP/1.1" 200 68975 "-" "Mozilla/5.0 AppleWebKit/537.36 (KHTML, like Gecko; compatible; bingbot/2.0; +http://www.bing.com/bingbot.htm) Chrome/116.0.1938.76 Safari/537.36"
52.167.144.17 - - [08/Jan/2025:23:00:44 -0500] "GET /erojd/y1887345.html HTTP/1.1" 200 68467 "-" "Mozilla/5.0 AppleWebKit/537.36 (KHTML, like Gecko; compatible; bingbot/2.0; +http://www.bing.com/bingbot.htm) Chrome/116.0.1938.76 Safari/537.36"
66.249.79.160 - - [08/Jan/2025:23:00:52 -0500] "GET /qgezt/q779997.html HTTP/1.1" 200 72734 "-" "Mozilla/5.0 (Linux; Android 6.0.1; Nexus 5X Build/MMB29P) AppleWebKit/537.36 (KHTML, like Gecko) Chrome/131.0.6778.204 Mobile Safari/537.36 (compatible; Googlebot/2.1; +http://www.google.com/bot.html)"
52.167.144.158 - - [08/Jan/2025:23:00:53 -0500] "GET /tgcsn/b168280.html HTTP/1.1" 200 68504 "-" "Mozilla/5.0 AppleWebKit/537.36 (KHTML, like Gecko; compatible; bingbot/2.0; +http://www.bing.com/bingbot.htm) Chrome/116.0.1938.76 Safari/537.36"
52.167.144.158 - - [08/Jan/2025:23:00:55 -0500] "GET /mgihv/q555357.html HTTP/1.1" 200 68716 "-" "Mozilla/5.0 AppleWebKit/537.36 (KHTML, like Gecko; compatible; bingbot/2.0; +http://www.bing.com/bingbot.htm) Chrome/116.0.1938.76 Safari/537.36"
40.77.167.78 - - [08/Jan/2025:23:01:03 -0500] "GET /zfjtt/l1674366.html HTTP/1.1" 200 68924 "-" "Mozilla/5.0 AppleWebKit/537.36 (KHTML, like Gecko; compatible; bingbot/2.0; +http://www.bing.com/bingbot.htm) Chrome/116.0.1938.76 Safari/537.36"
52.167.144.17 - - [08/Jan/2025:23:01:12 -0500] "GET /bjnee/e338531.html HTTP/1.1" 200 68703 "-" "Mozilla/5.0 AppleWebKit/537.36 (KHTML, like Gecko; compatible; bingbot/2.0; +http://www.bing.com/bingbot.htm) Chrome/116.0.1938.76 Safari/537.36"
52.167.144.149 - - [08/Jan/2025:23:01:12 -0500] "GET /ditti/b1270732.html HTTP/1.1" 200 68659 "-" "Mozilla/5.0 AppleWebKit/537.36 (KHTML, like Gecko; compatible; bingbot/2.0; +http://www.bing.com/bingbot.htm) Chrome/116.0.1938.76 Safari/537.36"
52.167.144.17 - - [08/Jan/2025:23:01:14 -0500] "GET /tusym/r2285190.html HTTP/1.1" 200 67858 "-" "Mozilla/5.0 AppleWebKit/537.36 (KHTML, like Gecko; compatible; bingbot/2.0; +http://www.bing.com/bingbot.htm) Chrome/116.0.1938.76 Safari/537.36"
52.167.144.160 - - [08/Jan/2025:23:01:17 -0500] "GET /wcdyq/j2674922.html HTTP/1.1" 200 69083 "-" "Mozilla/5.0 AppleWebKit/537.36 (KHTML, like Gecko; compatible; bingbot/2.0; +http://www.bing.com/bingbot.htm) Chrome/116.0.1938.76 Safari/537.36"
52.167.144.149 - - [08/Jan/2025:23:01:20 -0500] "GET /xnfqi/s310543.html HTTP/1.1" 200 71282 "-" "Mozilla/5.0 AppleWebKit/537.36 (KHTML, like Gecko; compatible; bingbot/2.0; +http://www.bing.com/bingbot.htm) Chrome/116.0.1938.76 Safari/537.36"
52.167.144.149 - - [08/Jan/2025:23:01:33 -0500] "GET /mojkt/g872469.html HTTP/1.1" 200 69289 "-" "Mozilla/5.0 AppleWebKit/537.36 (KHTML, like Gecko; compatible; bingbot/2.0; +http://www.bing.com/bingbot.htm) Chrome/116.0.1938.76 Safari/537.36"
52.167.144.17 - - [08/Jan/2025:23:01:33 -0500] "GET /fyjfm/x1745280.html HTTP/1.1" 200 69715 "-" "Mozilla/5.0 AppleWebKit/537.36 (KHTML, like Gecko; compatible; bingbot/2.0; +http://www.bing.com/bingbot.htm) Chrome/116.0.1938.76 Safari/537.36"
40.77.167.18 - - [08/Jan/2025:23:01:37 -0500] "GET /smxye/n438900.html HTTP/1.1" 200 68883 "-" "Mozilla/5.0 AppleWebKit/537.36 (KHTML, like Gecko; compatible; bingbot/2.0; +http://www.bing.com/bingbot.htm) Chrome/116.0.1938.76 Safari/537.36"
52.167.144.160 - - [08/Jan/2025:23:01:37 -0500] "GET /igvdt/n1467590.html HTTP/1.1" 200 68000 "-" "Mozilla/5.0 AppleWebKit/537.36 (KHTML, like Gecko; compatible; bingbot/2.0; +http://www.bing.com/bingbot.htm) Chrome/116.0.1938.76 Safari/537.36"
52.167.144.158 - - [08/Jan/2025:23:01:42 -0500] "GET /cqqdz/p1436340.html HTTP/1.1" 200 69235 "-" "Mozilla/5.0 AppleWebKit/537.36 (KHTML, like Gecko; compatible; bingbot/2.0; +http://www.bing.com/bingbot.htm) Chrome/116.0.1938.76 Safari/537.36"
52.167.144.158 - - [08/Jan/2025:23:01:44 -0500] "GET /mnhjm/z1377070.html HTTP/1.1" 200 69503 "-" "Mozilla/5.0 AppleWebKit/537.36 (KHTML, like Gecko; compatible; bingbot/2.0; +http://www.bing.com/bingbot.htm) Chrome/116.0.1938.76 Safari/537.36"
66.249.68.2 - - [08/Jan/2025:23:01:47 -0500] "GET /mlrjf/c2614959.html HTTP/1.1" 200 69013 "-" "Mozilla/5.0 (Linux; Android 6.0.1; Nexus 5X Build/MMB29P) AppleWebKit/537.36 (KHTML, like Gecko) Chrome/131.0.6778.204 Mobile Safari/537.36 (compatible; Googlebot/2.1; +http://www.google.com/bot.html)"
52.167.144.17 - - [08/Jan/2025:23:01:52 -0500] "GET /tmwid/r2765618.html HTTP/1.1" 200 74418 "-" "Mozilla/5.0 AppleWebKit/537.36 (KHTML, like Gecko; compatible; bingbot/2.0; +http://www.bing.com/bingbot.htm) Chrome/116.0.1938.76 Safari/537.36"
40.77.167.18 - - [08/Jan/2025:23:02:07 -0500] "GET /imich/a1402005.html HTTP/1.1" 200 68495 "-" "Mozilla/5.0 AppleWebKit/537.36 (KHTML, like Gecko; compatible; bingbot/2.0; +http://www.bing.com/bingbot.htm) Chrome/116.0.1938.76 Safari/537.36"
52.167.144.17 - - [08/Jan/2025:23:02:42 -0500] "GET /pmboc/l2914774.html HTTP/1.1" 200 68513 "-" "Mozilla/5.0 AppleWebKit/537.36 (KHTML, like Gecko; compatible; bingbot/2.0; +http://www.bing.com/bingbot.htm) Chrome/116.0.1938.76 Safari/537.36"
52.167.144.218 - - [08/Jan/2025:23:02:47 -0500] "GET /pnpzb/h585404.html HTTP/1.1" 200 70681 "-" "Mozilla/5.0 AppleWebKit/537.36 (KHTML, like Gecko; compatible; bingbot/2.0; +http://www.bing.com/bingbot.htm) Chrome/116.0.1938.76 Safari/537.36"
52.167.144.218 - - [08/Jan/2025:23:02:49 -0500] "GET /dukpm/w2994397.html HTTP/1.1" 200 68347 "-" "Mozilla/5.0 AppleWebKit/537.36 (KHTML, like Gecko; compatible; bingbot/2.0; +http://www.bing.com/bingbot.htm) Chrome/116.0.1938.76 Safari/537.36"
52.167.144.218 - - [08/Jan/2025:23:02:56 -0500] "GET /yvsrb/y211385.html HTTP/1.1" 200 67274 "-" "Mozilla/5.0 AppleWebKit/537.36 (KHTML, like Gecko; compatible; bingbot/2.0; +http://www.bing.com/bingbot.htm) Chrome/116.0.1938.76 Safari/537.36"
52.167.144.218 - - [08/Jan/2025:23:02:58 -0500] "GET /krdmg/g2300467.html HTTP/1.1" 200 71700 "-" "Mozilla/5.0 AppleWebKit/537.36 (KHTML, like Gecko; compatible; bingbot/2.0; +http://www.bing.com/bingbot.htm) Chrome/116.0.1938.76 Safari/537.36"
52.167.144.158 - - [08/Jan/2025:23:03:23 -0500] "GET /yaeje/l2496304.html HTTP/1.1" 200 69133 "-" "Mozilla/5.0 AppleWebKit/537.36 (KHTML, like Gecko; compatible; bingbot/2.0; +http://www.bing.com/bingbot.htm) Chrome/116.0.1938.76 Safari/537.36"
52.167.144.17 - - [08/Jan/2025:23:03:24 -0500] "GET /mdmhr/l1895860.html HTTP/1.1" 200 68781 "-" "Mozilla/5.0 AppleWebKit/537.36 (KHTML, like Gecko; compatible; bingbot/2.0; +http://www.bing.com/bingbot.htm) Chrome/116.0.1938.76 Safari/537.36"
52.167.144.158 - - [08/Jan/2025:23:03:25 -0500] "GET /lbwla/f2452670.html HTTP/1.1" 200 67124 "-" "Mozilla/5.0 AppleWebKit/537.36 (KHTML, like Gecko; compatible; bingbot/2.0; +http://www.bing.com/bingbot.htm) Chrome/116.0.1938.76 Safari/537.36"
52.167.144.191 - - [08/Jan/2025:23:03:27 -0500] "GET /snzyj/l1303294.html HTTP/1.1" 200 68716 "-" "Mozilla/5.0 AppleWebKit/537.36 (KHTML, like Gecko; compatible; bingbot/2.0; +http://www.bing.com/bingbot.htm) Chrome/116.0.1938.76 Safari/537.36"
52.167.144.158 - - [08/Jan/2025:23:03:27 -0500] "GET /cdhhg/w2869857.html HTTP/1.1" 200 72317 "-" "Mozilla/5.0 AppleWebKit/537.36 (KHTML, like Gecko; compatible; bingbot/2.0; +http://www.bing.com/bingbot.htm) Chrome/116.0.1938.76 Safari/537.36"
52.167.144.158 - - [08/Jan/2025:23:03:29 -0500] "GET /dtplx/r2531020.html HTTP/1.1" 200 67279 "-" "Mozilla/5.0 AppleWebKit/537.36 (KHTML, like Gecko; compatible; bingbot/2.0; +http://www.bing.com/bingbot.htm) Chrome/116.0.1938.76 Safari/537.36"
52.167.144.158 - - [08/Jan/2025:23:03:31 -0500] "GET /iempf/b366530.html HTTP/1.1" 200 69050 "-" "Mozilla/5.0 AppleWebKit/537.36 (KHTML, like Gecko; compatible; bingbot/2.0; +http://www.bing.com/bingbot.htm) Chrome/116.0.1938.76 Safari/537.36"
52.167.144.149 - - [08/Jan/2025:23:03:32 -0500] "GET /ecbid/k1511735.html HTTP/1.1" 200 68167 "-" "Mozilla/5.0 AppleWebKit/537.36 (KHTML, like Gecko; compatible; bingbot/2.0; +http://www.bing.com/bingbot.htm) Chrome/116.0.1938.76 Safari/537.36"
52.167.144.218 - - [08/Jan/2025:23:03:56 -0500] "GET /kenay/n2691150.html HTTP/1.1" 200 68959 "-" "Mozilla/5.0 AppleWebKit/537.36 (KHTML, like Gecko; compatible; bingbot/2.0; +http://www.bing.com/bingbot.htm) Chrome/116.0.1938.76 Safari/537.36"
52.167.144.218 - - [08/Jan/2025:23:03:58 -0500] "GET /kjear/i2931697.html HTTP/1.1" 200 75608 "-" "Mozilla/5.0 AppleWebKit/537.36 (KHTML, like Gecko; compatible; bingbot/2.0; +http://www.bing.com/bingbot.htm) Chrome/116.0.1938.76 Safari/537.36"
52.167.144.218 - - [08/Jan/2025:23:04:00 -0500] "GET /ueuiq/b2410988.html HTTP/1.1" 200 67741 "-" "Mozilla/5.0 AppleWebKit/537.36 (KHTML, like Gecko; compatible; bingbot/2.0; +http://www.bing.com/bingbot.htm) Chrome/116.0.1938.76 Safari/537.36"
52.167.144.218 - - [08/Jan/2025:23:04:01 -0500] "GET /wyzbu/h1998010.html HTTP/1.1" 200 70138 "-" "Mozilla/5.0 AppleWebKit/537.36 (KHTML, like Gecko; compatible; bingbot/2.0; +http://www.bing.com/bingbot.htm) Chrome/116.0.1938.76 Safari/537.36"
52.167.144.17 - - [08/Jan/2025:23:04:06 -0500] "GET /zwzjp/z2158344.html HTTP/1.1" 200 69303 "-" "Mozilla/5.0 AppleWebKit/537.36 (KHTML, like Gecko; compatible; bingbot/2.0; +http://www.bing.com/bingbot.htm) Chrome/116.0.1938.76 Safari/537.36"
52.167.144.158 - - [08/Jan/2025:23:04:12 -0500] "GET /wyuiq/i302707.html HTTP/1.1" 200 69252 "-" "Mozilla/5.0 AppleWebKit/537.36 (KHTML, like Gecko; compatible; bingbot/2.0; +http://www.bing.com/bingbot.htm) Chrome/116.0.1938.76 Safari/537.36"
52.167.144.158 - - [08/Jan/2025:23:04:14 -0500] "GET /cichp/b1773884.html HTTP/1.1" 200 67788 "-" "Mozilla/5.0 AppleWebKit/537.36 (KHTML, like Gecko; compatible; bingbot/2.0; +http://www.bing.com/bingbot.htm) Chrome/116.0.1938.76 Safari/537.36"
52.167.144.17 - - [08/Jan/2025:23:04:16 -0500] "GET /rbevx/s239771.html HTTP/1.1" 200 69387 "-" "Mozilla/5.0 AppleWebKit/537.36 (KHTML, like Gecko; compatible; bingbot/2.0; +http://www.bing.com/bingbot.htm) Chrome/116.0.1938.76 Safari/537.36"
52.167.144.158 - - [08/Jan/2025:23:04:17 -0500] "GET /pigvf/w2603357.html HTTP/1.1" 200 69088 "-" "Mozilla/5.0 AppleWebKit/537.36 (KHTML, like Gecko; compatible; bingbot/2.0; +http://www.bing.com/bingbot.htm) Chrome/116.0.1938.76 Safari/537.36"
52.167.144.218 - - [08/Jan/2025:23:04:25 -0500] "GET /tbgqp/c2639295.html HTTP/1.1" 200 68882 "-" "Mozilla/5.0 AppleWebKit/537.36 (KHTML, like Gecko; compatible; bingbot/2.0; +http://www.bing.com/bingbot.htm) Chrome/116.0.1938.76 Safari/537.36"
52.167.144.218 - - [08/Jan/2025:23:04:28 -0500] "GET /twoxk/f2697538.html HTTP/1.1" 200 68630 "-" "Mozilla/5.0 AppleWebKit/537.36 (KHTML, like Gecko; compatible; bingbot/2.0; +http://www.bing.com/bingbot.htm) Chrome/116.0.1938.76 Safari/537.36"
52.167.144.17 - - [08/Jan/2025:23:04:29 -0500] "GET /lhkev/j1188138.html HTTP/1.1" 200 68009 "-" "Mozilla/5.0 AppleWebKit/537.36 (KHTML, like Gecko; compatible; bingbot/2.0; +http://www.bing.com/bingbot.htm) Chrome/116.0.1938.76 Safari/537.36"
52.167.144.191 - - [08/Jan/2025:23:04:35 -0500] "GET /vbpig/d1059120.html HTTP/1.1" 200 69111 "-" "Mozilla/5.0 AppleWebKit/537.36 (KHTML, like Gecko; compatible; bingbot/2.0; +http://www.bing.com/bingbot.htm) Chrome/116.0.1938.76 Safari/537.36"
52.167.144.149 - - [08/Jan/2025:23:04:39 -0500] "GET /ahhll/x2453962.html HTTP/1.1" 200 69494 "-" "Mozilla/5.0 AppleWebKit/537.36 (KHTML, like Gecko; compatible; bingbot/2.0; +http://www.bing.com/bingbot.htm) Chrome/116.0.1938.76 Safari/537.36"
52.167.144.158 - - [08/Jan/2025:23:04:44 -0500] "GET /vxrfi/r2226430.html HTTP/1.1" 200 71544 "-" "Mozilla/5.0 AppleWebKit/537.36 (KHTML, like Gecko; compatible; bingbot/2.0; +http://www.bing.com/bingbot.htm) Chrome/116.0.1938.76 Safari/537.36"
52.167.144.158 - - [08/Jan/2025:23:04:46 -0500] "GET /tkzfs/h234482.html HTTP/1.1" 200 70429 "-" "Mozilla/5.0 AppleWebKit/537.36 (KHTML, like Gecko; compatible; bingbot/2.0; +http://www.bing.com/bingbot.htm) Chrome/116.0.1938.76 Safari/537.36"
52.167.144.158 - - [08/Jan/2025:23:04:47 -0500] "GET /dmiea/m2474439.html HTTP/1.1" 200 68688 "-" "Mozilla/5.0 AppleWebKit/537.36 (KHTML, like Gecko; compatible; bingbot/2.0; +http://www.bing.com/bingbot.htm) Chrome/116.0.1938.76 Safari/537.36"
52.167.144.218 - - [08/Jan/2025:23:04:49 -0500] "GET /kzqms/a2336237.html HTTP/1.1" 200 68862 "-" "Mozilla/5.0 AppleWebKit/537.36 (KHTML, like Gecko; compatible; bingbot/2.0; +http://www.bing.com/bingbot.htm) Chrome/116.0.1938.76 Safari/537.36"
52.167.144.218 - - [08/Jan/2025:23:04:50 -0500] "GET /ylllt/e161575.html HTTP/1.1" 200 68197 "-" "Mozilla/5.0 AppleWebKit/537.36 (KHTML, like Gecko; compatible; bingbot/2.0; +http://www.bing.com/bingbot.htm) Chrome/116.0.1938.76 Safari/537.36"
52.167.144.218 - - [08/Jan/2025:23:04:52 -0500] "GET /mlapa/n715852.html HTTP/1.1" 200 69685 "-" "Mozilla/5.0 AppleWebKit/537.36 (KHTML, like Gecko; compatible; bingbot/2.0; +http://www.bing.com/bingbot.htm) Chrome/116.0.1938.76 Safari/537.36"
40.77.167.78 - - [08/Jan/2025:23:04:53 -0500] "GET /kqzaf/d1123444.html HTTP/1.1" 200 69079 "-" "Mozilla/5.0 AppleWebKit/537.36 (KHTML, like Gecko; compatible; bingbot/2.0; +http://www.bing.com/bingbot.htm) Chrome/116.0.1938.76 Safari/537.36"
52.167.144.158 - - [08/Jan/2025:23:04:54 -0500] "GET /llaaj/k2253593.html HTTP/1.1" 200 68596 "-" "Mozilla/5.0 AppleWebKit/537.36 (KHTML, like Gecko; compatible; bingbot/2.0; +http://www.bing.com/bingbot.htm) Chrome/116.0.1938.76 Safari/537.36"
52.167.144.158 - - [08/Jan/2025:23:04:55 -0500] "GET /xycpv/u2844791.html HTTP/1.1" 200 69101 "-" "Mozilla/5.0 AppleWebKit/537.36 (KHTML, like Gecko; compatible; bingbot/2.0; +http://www.bing.com/bingbot.htm) Chrome/116.0.1938.76 Safari/537.36"
40.77.167.78 - - [08/Jan/2025:23:04:56 -0500] "GET /fczxc/w2202333.html HTTP/1.1" 200 69613 "-" "Mozilla/5.0 AppleWebKit/537.36 (KHTML, like Gecko; compatible; bingbot/2.0; +http://www.bing.com/bingbot.htm) Chrome/116.0.1938.76 Safari/537.36"
52.167.144.191 - - [08/Jan/2025:23:04:57 -0500] "GET /bvpdm/t2674022.html HTTP/1.1" 200 72094 "-" "Mozilla/5.0 AppleWebKit/537.36 (KHTML, like Gecko; compatible; bingbot/2.0; +http://www.bing.com/bingbot.htm) Chrome/116.0.1938.76 Safari/537.36"
52.167.144.191 - - [08/Jan/2025:23:04:59 -0500] "GET /wyioz/p1494346.html HTTP/1.1" 200 68147 "-" "Mozilla/5.0 AppleWebKit/537.36 (KHTML, like Gecko; compatible; bingbot/2.0; +http://www.bing.com/bingbot.htm) Chrome/116.0.1938.76 Safari/537.36"
52.167.144.218 - - [08/Jan/2025:23:05:07 -0500] "GET /iacob/u735905.html HTTP/1.1" 200 69076 "-" "Mozilla/5.0 AppleWebKit/537.36 (KHTML, like Gecko; compatible; bingbot/2.0; +http://www.bing.com/bingbot.htm) Chrome/116.0.1938.76 Safari/537.36"
52.167.144.218 - - [08/Jan/2025:23:05:11 -0500] "GET /neymt/h433096.html HTTP/1.1" 200 71517 "-" "Mozilla/5.0 AppleWebKit/537.36 (KHTML, like Gecko; compatible; bingbot/2.0; +http://www.bing.com/bingbot.htm) Chrome/116.0.1938.76 Safari/537.36"
52.167.144.17 - - [08/Jan/2025:23:05:15 -0500] "GET /vntvn/c438707.html HTTP/1.1" 200 68577 "-" "Mozilla/5.0 AppleWebKit/537.36 (KHTML, like Gecko; compatible; bingbot/2.0; +http://www.bing.com/bingbot.htm) Chrome/116.0.1938.76 Safari/537.36"
52.167.144.158 - - [08/Jan/2025:23:05:16 -0500] "GET /fdvdq/k2266931.html HTTP/1.1" 200 68870 "-" "Mozilla/5.0 AppleWebKit/537.36 (KHTML, like Gecko; compatible; bingbot/2.0; +http://www.bing.com/bingbot.htm) Chrome/116.0.1938.76 Safari/537.36"
52.167.144.158 - - [08/Jan/2025:23:05:18 -0500] "GET /trlhc/t3033446.html HTTP/1.1" 200 70039 "-" "Mozilla/5.0 AppleWebKit/537.36 (KHTML, like Gecko; compatible; bingbot/2.0; +http://www.bing.com/bingbot.htm) Chrome/116.0.1938.76 Safari/537.36"
52.167.144.149 - - [08/Jan/2025:23:05:25 -0500] "GET /jpvak/n2593780.html HTTP/1.1" 200 68431 "-" "Mozilla/5.0 AppleWebKit/537.36 (KHTML, like Gecko; compatible; bingbot/2.0; +http://www.bing.com/bingbot.htm) Chrome/116.0.1938.76 Safari/537.36"
52.167.144.218 - - [08/Jan/2025:23:05:28 -0500] "GET /hknjl/p1581888.html HTTP/1.1" 200 67276 "-" "Mozilla/5.0 AppleWebKit/537.36 (KHTML, like Gecko; compatible; bingbot/2.0; +http://www.bing.com/bingbot.htm) Chrome/116.0.1938.76 Safari/537.36"
52.167.144.218 - - [08/Jan/2025:23:05:31 -0500] "GET /cqgno/m3076729.html HTTP/1.1" 200 70079 "-" "Mozilla/5.0 AppleWebKit/537.36 (KHTML, like Gecko; compatible; bingbot/2.0; +http://www.bing.com/bingbot.htm) Chrome/116.0.1938.76 Safari/537.36"
