40.77.167.25 - - [08/Jan/2025:22:28:16 -0500] "GET /xglpk/e2561349.html HTTP/1.1" 200 69512 "-" "Mozilla/5.0 AppleWebKit/537.36 (KHTML, like Gecko; compatible; bingbot/2.0; +http://www.bing.com/bingbot.htm) Chrome/116.0.1938.76 Safari/537.36"
52.167.144.182 - - [08/Jan/2025:22:28:17 -0500] "GET /omwpn/d3037980.html HTTP/1.1" 200 70078 "-" "Mozilla/5.0 AppleWebKit/537.36 (KHTML, like Gecko; compatible; bingbot/2.0; +http://www.bing.com/bingbot.htm) Chrome/116.0.1938.76 Safari/537.36"
40.77.167.25 - - [08/Jan/2025:22:28:18 -0500] "GET /daawa/k2248003.html HTTP/1.1" 200 70274 "-" "Mozilla/5.0 AppleWebKit/537.36 (KHTML, like Gecko; compatible; bingbot/2.0; +http://www.bing.com/bingbot.htm) Chrome/116.0.1938.76 Safari/537.36"
52.167.144.182 - - [08/Jan/2025:22:28:20 -0500] "GET /ilgei/g1351103.html HTTP/1.1" 200 68431 "-" "Mozilla/5.0 AppleWebKit/537.36 (KHTML, like Gecko; compatible; bingbot/2.0; +http://www.bing.com/bingbot.htm) Chrome/116.0.1938.76 Safari/537.36"
40.77.167.25 - - [08/Jan/2025:22:28:21 -0500] "GET /iryjo/d2959044.html HTTP/1.1" 200 70099 "-" "Mozilla/5.0 AppleWebKit/537.36 (KHTML, like Gecko; compatible; bingbot/2.0; +http://www.bing.com/bingbot.htm) Chrome/116.0.1938.76 Safari/537.36"
52.167.144.218 - - [08/Jan/2025:22:28:23 -0500] "GET /axbqo/o319119.html HTTP/1.1" 200 69287 "-" "Mozilla/5.0 AppleWebKit/537.36 (KHTML, like Gecko; compatible; bingbot/2.0; +http://www.bing.com/bingbot.htm) Chrome/116.0.1938.76 Safari/537.36"
52.167.144.187 - - [08/Jan/2025:22:28:33 -0500] "GET /nyxrd/m1102783.html HTTP/1.1" 200 67577 "-" "Mozilla/5.0 AppleWebKit/537.36 (KHTML, like Gecko; compatible; bingbot/2.0; +http://www.bing.com/bingbot.htm) Chrome/116.0.1938.76 Safari/537.36"
52.167.144.182 - - [08/Jan/2025:22:28:37 -0500] "GET /jpfgz/f2904342.html HTTP/1.1" 200 69047 "-" "Mozilla/5.0 AppleWebKit/537.36 (KHTML, like Gecko; compatible; bingbot/2.0; +http://www.bing.com/bingbot.htm) Chrome/116.0.1938.76 Safari/537.36"
40.77.167.17 - - [08/Jan/2025:22:28:41 -0500] "GET /akegg/z202416.html HTTP/1.1" 200 69343 "-" "Mozilla/5.0 AppleWebKit/537.36 (KHTML, like Gecko; compatible; bingbot/2.0; +http://www.bing.com/bingbot.htm) Chrome/116.0.1938.76 Safari/537.36"
52.167.144.218 - - [08/Jan/2025:22:28:44 -0500] "GET /vueos/d1655118.html HTTP/1.1" 200 69265 "-" "Mozilla/5.0 AppleWebKit/537.36 (KHTML, like Gecko; compatible; bingbot/2.0; +http://www.bing.com/bingbot.htm) Chrome/116.0.1938.76 Safari/537.36"
40.77.167.25 - - [08/Jan/2025:22:28:45 -0500] "GET /xzeam/f2651752.html HTTP/1.1" 200 70408 "-" "Mozilla/5.0 AppleWebKit/537.36 (KHTML, like Gecko; compatible; bingbot/2.0; +http://www.bing.com/bingbot.htm) Chrome/116.0.1938.76 Safari/537.36"
52.167.144.141 - - [08/Jan/2025:22:28:53 -0500] "GET /wvqpl/n2964748.html HTTP/1.1" 200 69808 "-" "Mozilla/5.0 AppleWebKit/537.36 (KHTML, like Gecko; compatible; bingbot/2.0; +http://www.bing.com/bingbot.htm) Chrome/116.0.1938.76 Safari/537.36"
66.249.79.3 - - [08/Jan/2025:22:28:54 -0500] "GET /ofrov/j2436736.html HTTP/1.1" 200 69668 "-" "Mozilla/5.0 (Linux; Android 6.0.1; Nexus 5X Build/MMB29P) AppleWebKit/537.36 (KHTML, like Gecko) Chrome/131.0.6778.204 Mobile Safari/537.36 (compatible; Googlebot/2.1; +http://www.google.com/bot.html)"
52.167.144.182 - - [08/Jan/2025:22:28:55 -0500] "GET /oewjd/v2358956.html HTTP/1.1" 200 70004 "-" "Mozilla/5.0 AppleWebKit/537.36 (KHTML, like Gecko; compatible; bingbot/2.0; +http://www.bing.com/bingbot.htm) Chrome/116.0.1938.76 Safari/537.36"
40.77.167.17 - - [08/Jan/2025:22:29:21 -0500] "GET /kpcke/b109988.html HTTP/1.1" 200 68053 "-" "Mozilla/5.0 AppleWebKit/537.36 (KHTML, like Gecko; compatible; bingbot/2.0; +http://www.bing.com/bingbot.htm) Chrome/116.0.1938.76 Safari/537.36"
40.77.167.17 - - [08/Jan/2025:22:29:30 -0500] "GET /crcsb/k2951511.html HTTP/1.1" 200 68109 "-" "Mozilla/5.0 AppleWebKit/537.36 (KHTML, like Gecko; compatible; bingbot/2.0; +http://www.bing.com/bingbot.htm) Chrome/116.0.1938.76 Safari/537.36"
52.167.144.187 - - [08/Jan/2025:22:29:43 -0500] "GET /esygr/k493965.html HTTP/1.1" 200 69273 "-" "Mozilla/5.0 AppleWebKit/537.36 (KHTML, like Gecko; compatible; bingbot/2.0; +http://www.bing.com/bingbot.htm) Chrome/116.0.1938.76 Safari/537.36"
40.77.167.25 - - [08/Jan/2025:22:29:45 -0500] "GET /qoqfn/m1096595.html HTTP/1.1" 200 69518 "-" "Mozilla/5.0 AppleWebKit/537.36 (KHTML, like Gecko; compatible; bingbot/2.0; +http://www.bing.com/bingbot.htm) Chrome/116.0.1938.76 Safari/537.36"
52.167.144.187 - - [08/Jan/2025:22:29:45 -0500] "GET /ehvda/y2366291.html HTTP/1.1" 200 69400 "-" "Mozilla/5.0 AppleWebKit/537.36 (KHTML, like Gecko; compatible; bingbot/2.0; +http://www.bing.com/bingbot.htm) Chrome/116.0.1938.76 Safari/537.36"
52.167.144.141 - - [08/Jan/2025:22:29:49 -0500] "GET /nbwzk/b1523296.html HTTP/1.1" 200 69347 "-" "Mozilla/5.0 AppleWebKit/537.36 (KHTML, like Gecko; compatible; bingbot/2.0; +http://www.bing.com/bingbot.htm) Chrome/116.0.1938.76 Safari/537.36"
40.77.167.17 - - [08/Jan/2025:22:29:54 -0500] "GET /oidrp/k2103703.html HTTP/1.1" 200 68551 "-" "Mozilla/5.0 AppleWebKit/537.36 (KHTML, like Gecko; compatible; bingbot/2.0; +http://www.bing.com/bingbot.htm) Chrome/116.0.1938.76 Safari/537.36"
40.77.167.17 - - [08/Jan/2025:22:29:57 -0500] "GET /kovcr/h2054274.html HTTP/1.1" 200 69464 "-" "Mozilla/5.0 AppleWebKit/537.36 (KHTML, like Gecko; compatible; bingbot/2.0; +http://www.bing.com/bingbot.htm) Chrome/116.0.1938.76 Safari/537.36"
52.167.144.146 - - [08/Jan/2025:22:29:59 -0500] "GET /lqpkn/a455943.html HTTP/1.1" 200 76929 "-" "Mozilla/5.0 AppleWebKit/537.36 (KHTML, like Gecko; compatible; bingbot/2.0; +http://www.bing.com/bingbot.htm) Chrome/116.0.1938.76 Safari/537.36"
52.167.144.146 - - [08/Jan/2025:22:30:04 -0500] "GET /oicpv/u663521.html HTTP/1.1" 200 70401 "-" "Mozilla/5.0 AppleWebKit/537.36 (KHTML, like Gecko; compatible; bingbot/2.0; +http://www.bing.com/bingbot.htm) Chrome/116.0.1938.76 Safari/537.36"
40.77.167.10 - - [08/Jan/2025:22:30:05 -0500] "GET /bpitf/t141258.html HTTP/1.1" 200 68264 "-" "Mozilla/5.0 AppleWebKit/537.36 (KHTML, like Gecko; compatible; bingbot/2.0; +http://www.bing.com/bingbot.htm) Chrome/116.0.1938.76 Safari/537.36"
40.77.167.25 - - [08/Jan/2025:22:30:05 -0500] "GET /sidpj/h588134.html HTTP/1.1" 200 68930 "-" "Mozilla/5.0 AppleWebKit/537.36 (KHTML, like Gecko; compatible; bingbot/2.0; +http://www.bing.com/bingbot.htm) Chrome/116.0.1938.76 Safari/537.36"
52.167.144.182 - - [08/Jan/2025:22:30:11 -0500] "GET /jxjct/t2942082.html HTTP/1.1" 200 70479 "-" "Mozilla/5.0 AppleWebKit/537.36 (KHTML, like Gecko; compatible; bingbot/2.0; +http://www.bing.com/bingbot.htm) Chrome/116.0.1938.76 Safari/537.36"
40.77.167.17 - - [08/Jan/2025:22:30:21 -0500] "GET /nxqky/d181776.html HTTP/1.1" 200 73363 "-" "Mozilla/5.0 AppleWebKit/537.36 (KHTML, like Gecko; compatible; bingbot/2.0; +http://www.bing.com/bingbot.htm) Chrome/116.0.1938.76 Safari/537.36"
52.167.144.141 - - [08/Jan/2025:22:30:24 -0500] "GET /deriz/g2668809.html HTTP/1.1" 200 68208 "-" "Mozilla/5.0 AppleWebKit/537.36 (KHTML, like Gecko; compatible; bingbot/2.0; +http://www.bing.com/bingbot.htm) Chrome/116.0.1938.76 Safari/537.36"
40.77.167.17 - - [08/Jan/2025:22:30:25 -0500] "GET /jmpld/n2575580.html HTTP/1.1" 200 68833 "-" "Mozilla/5.0 AppleWebKit/537.36 (KHTML, like Gecko; compatible; bingbot/2.0; +http://www.bing.com/bingbot.htm) Chrome/116.0.1938.76 Safari/537.36"
52.167.144.141 - - [08/Jan/2025:22:30:25 -0500] "GET /ucpef/c310553.html HTTP/1.1" 200 70228 "-" "Mozilla/5.0 AppleWebKit/537.36 (KHTML, like Gecko; compatible; bingbot/2.0; +http://www.bing.com/bingbot.htm) Chrome/116.0.1938.76 Safari/537.36"
52.167.144.141 - - [08/Jan/2025:22:30:29 -0500] "GET /ndwkf/q2311449.html HTTP/1.1" 200 68105 "-" "Mozilla/5.0 AppleWebKit/537.36 (KHTML, like Gecko; compatible; bingbot/2.0; +http://www.bing.com/bingbot.htm) Chrome/116.0.1938.76 Safari/537.36"
40.77.167.17 - - [08/Jan/2025:22:30:41 -0500] "GET /erzzj/o1222905.html HTTP/1.1" 200 67841 "-" "Mozilla/5.0 AppleWebKit/537.36 (KHTML, like Gecko; compatible; bingbot/2.0; +http://www.bing.com/bingbot.htm) Chrome/116.0.1938.76 Safari/537.36"
40.77.167.25 - - [08/Jan/2025:22:30:46 -0500] "GET /rnyye/z198178.html HTTP/1.1" 200 70122 "-" "Mozilla/5.0 AppleWebKit/537.36 (KHTML, like Gecko; compatible; bingbot/2.0; +http://www.bing.com/bingbot.htm) Chrome/116.0.1938.76 Safari/537.36"
40.77.167.25 - - [08/Jan/2025:22:30:49 -0500] "GET /mfcag/l3073790.html HTTP/1.1" 200 67110 "-" "Mozilla/5.0 AppleWebKit/537.36 (KHTML, like Gecko; compatible; bingbot/2.0; +http://www.bing.com/bingbot.htm) Chrome/116.0.1938.76 Safari/537.36"
52.167.144.141 - - [08/Jan/2025:22:30:53 -0500] "GET /quifz/x417278.html HTTP/1.1" 200 68157 "-" "Mozilla/5.0 AppleWebKit/537.36 (KHTML, like Gecko; compatible; bingbot/2.0; +http://www.bing.com/bingbot.htm) Chrome/116.0.1938.76 Safari/537.36"
52.167.144.141 - - [08/Jan/2025:22:30:55 -0500] "GET /fqkjz/q216837.html HTTP/1.1" 200 67846 "-" "Mozilla/5.0 AppleWebKit/537.36 (KHTML, like Gecko; compatible; bingbot/2.0; +http://www.bing.com/bingbot.htm) Chrome/116.0.1938.76 Safari/537.36"
40.77.167.25 - - [08/Jan/2025:22:30:57 -0500] "GET /cvtsy/o2742163.html HTTP/1.1" 200 67995 "-" "Mozilla/5.0 AppleWebKit/537.36 (KHTML, like Gecko; compatible; bingbot/2.0; +http://www.bing.com/bingbot.htm) Chrome/116.0.1938.76 Safari/537.36"
40.77.167.25 - - [08/Jan/2025:22:31:01 -0500] "GET /aofcw/x2187644.html HTTP/1.1" 200 70733 "-" "Mozilla/5.0 AppleWebKit/537.36 (KHTML, like Gecko; compatible; bingbot/2.0; +http://www.bing.com/bingbot.htm) Chrome/116.0.1938.76 Safari/537.36"
40.77.167.25 - - [08/Jan/2025:22:31:17 -0500] "GET /wlemy/f3047628.html HTTP/1.1" 200 68236 "-" "Mozilla/5.0 AppleWebKit/537.36 (KHTML, like Gecko; compatible; bingbot/2.0; +http://www.bing.com/bingbot.htm) Chrome/116.0.1938.76 Safari/537.36"
40.77.167.25 - - [08/Jan/2025:22:31:20 -0500] "GET /qwwum/o550103.html HTTP/1.1" 200 67581 "-" "Mozilla/5.0 AppleWebKit/537.36 (KHTML, like Gecko; compatible; bingbot/2.0; +http://www.bing.com/bingbot.htm) Chrome/116.0.1938.76 Safari/537.36"
52.167.144.141 - - [08/Jan/2025:22:31:32 -0500] "GET /cqgqm/q716739.html HTTP/1.1" 200 69531 "-" "Mozilla/5.0 AppleWebKit/537.36 (KHTML, like Gecko; compatible; bingbot/2.0; +http://www.bing.com/bingbot.htm) Chrome/116.0.1938.76 Safari/537.36"
52.167.144.141 - - [08/Jan/2025:22:31:35 -0500] "GET /tgymq/r2813406.html HTTP/1.1" 200 69094 "-" "Mozilla/5.0 AppleWebKit/537.36 (KHTML, like Gecko; compatible; bingbot/2.0; +http://www.bing.com/bingbot.htm) Chrome/116.0.1938.76 Safari/537.36"
40.77.167.10 - - [08/Jan/2025:22:31:35 -0500] "GET /dcjqx/w2724881.html HTTP/1.1" 200 69408 "-" "Mozilla/5.0 AppleWebKit/537.36 (KHTML, like Gecko; compatible; bingbot/2.0; +http://www.bing.com/bingbot.htm) Chrome/116.0.1938.76 Safari/537.36"
52.167.144.141 - - [08/Jan/2025:22:31:37 -0500] "GET /cnuce/v2790166.html HTTP/1.1" 200 68187 "-" "Mozilla/5.0 AppleWebKit/537.36 (KHTML, like Gecko; compatible; bingbot/2.0; +http://www.bing.com/bingbot.htm) Chrome/116.0.1938.76 Safari/537.36"
40.77.167.10 - - [08/Jan/2025:22:31:38 -0500] "GET /hmxhq/o817695.html HTTP/1.1" 200 67648 "-" "Mozilla/5.0 AppleWebKit/537.36 (KHTML, like Gecko; compatible; bingbot/2.0; +http://www.bing.com/bingbot.htm) Chrome/116.0.1938.76 Safari/537.36"
52.167.144.182 - - [08/Jan/2025:22:31:44 -0500] "GET /ubvmw/c488289.html HTTP/1.1" 200 69883 "-" "Mozilla/5.0 AppleWebKit/537.36 (KHTML, like Gecko; compatible; bingbot/2.0; +http://www.bing.com/bingbot.htm) Chrome/116.0.1938.76 Safari/537.36"
40.77.167.17 - - [08/Jan/2025:22:31:50 -0500] "GET /hlhkv/g2747069.html HTTP/1.1" 200 68360 "-" "Mozilla/5.0 AppleWebKit/537.36 (KHTML, like Gecko; compatible; bingbot/2.0; +http://www.bing.com/bingbot.htm) Chrome/116.0.1938.76 Safari/537.36"
40.77.167.10 - - [08/Jan/2025:22:31:55 -0500] "GET /curxu/l856926.html HTTP/1.1" 200 69879 "-" "Mozilla/5.0 AppleWebKit/537.36 (KHTML, like Gecko; compatible; bingbot/2.0; +http://www.bing.com/bingbot.htm) Chrome/116.0.1938.76 Safari/537.36"
52.167.144.141 - - [08/Jan/2025:22:32:05 -0500] "GET /yvgwa/h2967368.html HTTP/1.1" 200 69235 "-" "Mozilla/5.0 AppleWebKit/537.36 (KHTML, like Gecko; compatible; bingbot/2.0; +http://www.bing.com/bingbot.htm) Chrome/116.0.1938.76 Safari/537.36"
52.167.144.141 - - [08/Jan/2025:22:32:07 -0500] "GET /litaf/m2615125.html HTTP/1.1" 200 73275 "-" "Mozilla/5.0 AppleWebKit/537.36 (KHTML, like Gecko; compatible; bingbot/2.0; +http://www.bing.com/bingbot.htm) Chrome/116.0.1938.76 Safari/537.36"
40.77.167.17 - - [08/Jan/2025:22:32:10 -0500] "GET /uabvw/s2060265.html HTTP/1.1" 200 71631 "-" "Mozilla/5.0 AppleWebKit/537.36 (KHTML, like Gecko; compatible; bingbot/2.0; +http://www.bing.com/bingbot.htm) Chrome/116.0.1938.76 Safari/537.36"
40.77.167.17 - - [08/Jan/2025:22:32:13 -0500] "GET /nhtas/y2477857.html HTTP/1.1" 200 69632 "-" "Mozilla/5.0 AppleWebKit/537.36 (KHTML, like Gecko; compatible; bingbot/2.0; +http://www.bing.com/bingbot.htm) Chrome/116.0.1938.76 Safari/537.36"
40.77.167.25 - - [08/Jan/2025:22:32:15 -0500] "GET /pmttu/x2938004.html HTTP/1.1" 200 68552 "-" "Mozilla/5.0 AppleWebKit/537.36 (KHTML, like Gecko; compatible; bingbot/2.0; +http://www.bing.com/bingbot.htm) Chrome/116.0.1938.76 Safari/537.36"
40.77.167.17 - - [08/Jan/2025:22:32:20 -0500] "GET /cljvj/d2439070.html HTTP/1.1" 200 70419 "-" "Mozilla/5.0 AppleWebKit/537.36 (KHTML, like Gecko; compatible; bingbot/2.0; +http://www.bing.com/bingbot.htm) Chrome/116.0.1938.76 Safari/537.36"
52.167.144.141 - - [08/Jan/2025:22:32:23 -0500] "GET /vrgss/t692354.html HTTP/1.1" 200 72077 "-" "Mozilla/5.0 AppleWebKit/537.36 (KHTML, like Gecko; compatible; bingbot/2.0; +http://www.bing.com/bingbot.htm) Chrome/116.0.1938.76 Safari/537.36"
52.167.144.141 - - [08/Jan/2025:22:32:24 -0500] "GET /sfyrb/z626736.html HTTP/1.1" 200 67147 "-" "Mozilla/5.0 AppleWebKit/537.36 (KHTML, like Gecko; compatible; bingbot/2.0; +http://www.bing.com/bingbot.htm) Chrome/116.0.1938.76 Safari/537.36"
66.249.68.35 - - [08/Jan/2025:22:32:26 -0500] "GET /lvqkt/a764953.html HTTP/1.1" 200 68384 "-" "Mozilla/5.0 (Linux; Android 6.0.1; Nexus 5X Build/MMB29P) AppleWebKit/537.36 (KHTML, like Gecko) Chrome/131.0.6778.204 Mobile Safari/537.36 (compatible; Googlebot/2.1; +http://www.google.com/bot.html)"
40.77.167.17 - - [08/Jan/2025:22:32:30 -0500] "GET /ngvje/i2305903.html HTTP/1.1" 200 68198 "-" "Mozilla/5.0 AppleWebKit/537.36 (KHTML, like Gecko; compatible; bingbot/2.0; +http://www.bing.com/bingbot.htm) Chrome/116.0.1938.76 Safari/537.36"
40.77.167.10 - - [08/Jan/2025:22:32:32 -0500] "GET /lurps/m2548955.html HTTP/1.1" 200 68497 "-" "Mozilla/5.0 AppleWebKit/537.36 (KHTML, like Gecko; compatible; bingbot/2.0; +http://www.bing.com/bingbot.htm) Chrome/116.0.1938.76 Safari/537.36"
52.167.144.182 - - [08/Jan/2025:22:32:36 -0500] "GET /hzead/o1035991.html HTTP/1.1" 200 68690 "-" "Mozilla/5.0 AppleWebKit/537.36 (KHTML, like Gecko; compatible; bingbot/2.0; +http://www.bing.com/bingbot.htm) Chrome/116.0.1938.76 Safari/537.36"
52.167.144.146 - - [08/Jan/2025:22:32:51 -0500] "GET /qdvaq/t2777372.html HTTP/1.1" 200 68172 "-" "Mozilla/5.0 AppleWebKit/537.36 (KHTML, like Gecko; compatible; bingbot/2.0; +http://www.bing.com/bingbot.htm) Chrome/116.0.1938.76 Safari/537.36"
52.167.144.141 - - [08/Jan/2025:22:32:52 -0500] "GET /atxtq/w449075.html HTTP/1.1" 200 68852 "-" "Mozilla/5.0 AppleWebKit/537.36 (KHTML, like Gecko; compatible; bingbot/2.0; +http://www.bing.com/bingbot.htm) Chrome/116.0.1938.76 Safari/537.36"
52.167.144.146 - - [08/Jan/2025:22:32:53 -0500] "GET /sthod/k540349.html HTTP/1.1" 200 70141 "-" "Mozilla/5.0 AppleWebKit/537.36 (KHTML, like Gecko; compatible; bingbot/2.0; +http://www.bing.com/bingbot.htm) Chrome/116.0.1938.76 Safari/537.36"
52.167.144.141 - - [08/Jan/2025:22:32:54 -0500] "GET /kyxwv/m1030295.html HTTP/1.1" 200 68102 "-" "Mozilla/5.0 AppleWebKit/537.36 (KHTML, like Gecko; compatible; bingbot/2.0; +http://www.bing.com/bingbot.htm) Chrome/116.0.1938.76 Safari/537.36"
40.77.167.25 - - [08/Jan/2025:22:32:55 -0500] "GET /lrxdt/u321153.html HTTP/1.1" 200 68226 "-" "Mozilla/5.0 AppleWebKit/537.36 (KHTML, like Gecko; compatible; bingbot/2.0; +http://www.bing.com/bingbot.htm) Chrome/116.0.1938.76 Safari/537.36"
52.167.144.182 - - [08/Jan/2025:22:32:56 -0500] "GET /aqywl/l1285432.html HTTP/1.1" 200 68535 "-" "Mozilla/5.0 AppleWebKit/537.36 (KHTML, like Gecko; compatible; bingbot/2.0; +http://www.bing.com/bingbot.htm) Chrome/116.0.1938.76 Safari/537.36"
52.167.144.141 - - [08/Jan/2025:22:32:57 -0500] "GET /jizmv/e3083117.html HTTP/1.1" 200 69560 "-" "Mozilla/5.0 AppleWebKit/537.36 (KHTML, like Gecko; compatible; bingbot/2.0; +http://www.bing.com/bingbot.htm) Chrome/116.0.1938.76 Safari/537.36"
52.167.144.182 - - [08/Jan/2025:22:32:57 -0500] "GET /wxtup/o297461.html HTTP/1.1" 200 72704 "-" "Mozilla/5.0 AppleWebKit/537.36 (KHTML, like Gecko; compatible; bingbot/2.0; +http://www.bing.com/bingbot.htm) Chrome/116.0.1938.76 Safari/537.36"
52.167.144.141 - - [08/Jan/2025:22:32:59 -0500] "GET /yuwcm/m1603049.html HTTP/1.1" 200 71464 "-" "Mozilla/5.0 AppleWebKit/537.36 (KHTML, like Gecko; compatible; bingbot/2.0; +http://www.bing.com/bingbot.htm) Chrome/116.0.1938.76 Safari/537.36"
52.167.144.146 - - [08/Jan/2025:22:33:00 -0500] "GET /gecrm/q2665257.html HTTP/1.1" 200 71405 "-" "Mozilla/5.0 AppleWebKit/537.36 (KHTML, like Gecko; compatible; bingbot/2.0; +http://www.bing.com/bingbot.htm) Chrome/116.0.1938.76 Safari/537.36"
40.77.167.17 - - [08/Jan/2025:22:33:01 -0500] "GET /ccoyr/q2255315.html HTTP/1.1" 200 69599 "-" "Mozilla/5.0 AppleWebKit/537.36 (KHTML, like Gecko; compatible; bingbot/2.0; +http://www.bing.com/bingbot.htm) Chrome/116.0.1938.76 Safari/537.36"
52.167.144.141 - - [08/Jan/2025:22:33:01 -0500] "GET /nakvl/z1223384.html HTTP/1.1" 200 69487 "-" "Mozilla/5.0 AppleWebKit/537.36 (KHTML, like Gecko; compatible; bingbot/2.0; +http://www.bing.com/bingbot.htm) Chrome/116.0.1938.76 Safari/537.36"
52.167.144.182 - - [08/Jan/2025:22:33:04 -0500] "GET /awxwc/h397580.html HTTP/1.1" 200 68138 "-" "Mozilla/5.0 AppleWebKit/537.36 (KHTML, like Gecko; compatible; bingbot/2.0; +http://www.bing.com/bingbot.htm) Chrome/116.0.1938.76 Safari/537.36"
40.77.167.25 - - [08/Jan/2025:22:33:06 -0500] "GET /aseno/m2306245.html HTTP/1.1" 200 68246 "-" "Mozilla/5.0 AppleWebKit/537.36 (KHTML, like Gecko; compatible; bingbot/2.0; +http://www.bing.com/bingbot.htm) Chrome/116.0.1938.76 Safari/537.36"
40.77.167.25 - - [08/Jan/2025:22:33:08 -0500] "GET /iqxen/q2221177.html HTTP/1.1" 200 69380 "-" "Mozilla/5.0 AppleWebKit/537.36 (KHTML, like Gecko; compatible; bingbot/2.0; +http://www.bing.com/bingbot.htm) Chrome/116.0.1938.76 Safari/537.36"
52.167.144.141 - - [08/Jan/2025:22:33:13 -0500] "GET /mkvll/c1592899.html HTTP/1.1" 200 72193 "-" "Mozilla/5.0 AppleWebKit/537.36 (KHTML, like Gecko; compatible; bingbot/2.0; +http://www.bing.com/bingbot.htm) Chrome/116.0.1938.76 Safari/537.36"
52.167.144.182 - - [08/Jan/2025:22:33:14 -0500] "GET /ewytj/o1225635.html HTTP/1.1" 200 70795 "-" "Mozilla/5.0 AppleWebKit/537.36 (KHTML, like Gecko; compatible; bingbot/2.0; +http://www.bing.com/bingbot.htm) Chrome/116.0.1938.76 Safari/537.36"
52.167.144.141 - - [08/Jan/2025:22:33:16 -0500] "GET /ivden/a1637123.html HTTP/1.1" 200 72028 "-" "Mozilla/5.0 AppleWebKit/537.36 (KHTML, like Gecko; compatible; bingbot/2.0; +http://www.bing.com/bingbot.htm) Chrome/116.0.1938.76 Safari/537.36"
52.167.144.182 - - [08/Jan/2025:22:33:24 -0500] "GET /qcxqi/f949714.html HTTP/1.1" 200 70565 "-" "Mozilla/5.0 AppleWebKit/537.36 (KHTML, like Gecko; compatible; bingbot/2.0; +http://www.bing.com/bingbot.htm) Chrome/116.0.1938.76 Safari/537.36"
52.167.144.146 - - [08/Jan/2025:22:33:30 -0500] "GET /ymbrv/q126877.html HTTP/1.1" 200 70168 "-" "Mozilla/5.0 AppleWebKit/537.36 (KHTML, like Gecko; compatible; bingbot/2.0; +http://www.bing.com/bingbot.htm) Chrome/116.0.1938.76 Safari/537.36"
40.77.167.17 - - [08/Jan/2025:22:33:31 -0500] "GET /wbrmt/m1450247.html HTTP/1.1" 200 68343 "-" "Mozilla/5.0 AppleWebKit/537.36 (KHTML, like Gecko; compatible; bingbot/2.0; +http://www.bing.com/bingbot.htm) Chrome/116.0.1938.76 Safari/537.36"
52.167.144.146 - - [08/Jan/2025:22:33:32 -0500] "GET /qpjsc/o268861.html HTTP/1.1" 200 68332 "-" "Mozilla/5.0 AppleWebKit/537.36 (KHTML, like Gecko; compatible; bingbot/2.0; +http://www.bing.com/bingbot.htm) Chrome/116.0.1938.76 Safari/537.36"
40.77.167.25 - - [08/Jan/2025:22:33:34 -0500] "GET /duhtr/x2155066.html HTTP/1.1" 200 67872 "-" "Mozilla/5.0 AppleWebKit/537.36 (KHTML, like Gecko; compatible; bingbot/2.0; +http://www.bing.com/bingbot.htm) Chrome/116.0.1938.76 Safari/537.36"
40.77.167.10 - - [08/Jan/2025:22:33:35 -0500] "GET /yrlrz/z88276.html HTTP/1.1" 200 67879 "-" "Mozilla/5.0 AppleWebKit/537.36 (KHTML, like Gecko; compatible; bingbot/2.0; +http://www.bing.com/bingbot.htm) Chrome/116.0.1938.76 Safari/537.36"
52.167.144.141 - - [08/Jan/2025:22:33:36 -0500] "GET /nyvws/p1002972.html HTTP/1.1" 200 70977 "-" "Mozilla/5.0 AppleWebKit/537.36 (KHTML, like Gecko; compatible; bingbot/2.0; +http://www.bing.com/bingbot.htm) Chrome/116.0.1938.76 Safari/537.36"
40.77.167.10 - - [08/Jan/2025:22:33:37 -0500] "GET /kzdav/g841087.html HTTP/1.1" 200 68019 "-" "Mozilla/5.0 AppleWebKit/537.36 (KHTML, like Gecko; compatible; bingbot/2.0; +http://www.bing.com/bingbot.htm) Chrome/116.0.1938.76 Safari/537.36"
40.77.167.17 - - [08/Jan/2025:22:33:40 -0500] "GET /nblza/f198314.html HTTP/1.1" 200 76104 "-" "Mozilla/5.0 AppleWebKit/537.36 (KHTML, like Gecko; compatible; bingbot/2.0; +http://www.bing.com/bingbot.htm) Chrome/116.0.1938.76 Safari/537.36"
52.167.144.182 - - [08/Jan/2025:22:33:40 -0500] "GET /ljalm/k1336989.html HTTP/1.1" 200 67516 "-" "Mozilla/5.0 AppleWebKit/537.36 (KHTML, like Gecko; compatible; bingbot/2.0; +http://www.bing.com/bingbot.htm) Chrome/116.0.1938.76 Safari/537.36"
52.167.144.182 - - [08/Jan/2025:22:33:46 -0500] "GET /dhtew/k850373.html HTTP/1.1" 200 67407 "-" "Mozilla/5.0 AppleWebKit/537.36 (KHTML, like Gecko; compatible; bingbot/2.0; +http://www.bing.com/bingbot.htm) Chrome/116.0.1938.76 Safari/537.36"
52.167.144.141 - - [08/Jan/2025:22:34:01 -0500] "GET /tzzxd/q1418349.html HTTP/1.1" 200 67746 "-" "Mozilla/5.0 AppleWebKit/537.36 (KHTML, like Gecko; compatible; bingbot/2.0; +http://www.bing.com/bingbot.htm) Chrome/116.0.1938.76 Safari/537.36"
52.167.144.141 - - [08/Jan/2025:22:34:04 -0500] "GET /isggl/b2519642.html HTTP/1.1" 200 68786 "-" "Mozilla/5.0 AppleWebKit/537.36 (KHTML, like Gecko; compatible; bingbot/2.0; +http://www.bing.com/bingbot.htm) Chrome/116.0.1938.76 Safari/537.36"
52.167.144.141 - - [08/Jan/2025:22:34:05 -0500] "GET /twzhk/v2090220.html HTTP/1.1" 200 68254 "-" "Mozilla/5.0 AppleWebKit/537.36 (KHTML, like Gecko; compatible; bingbot/2.0; +http://www.bing.com/bingbot.htm) Chrome/116.0.1938.76 Safari/537.36"
52.167.144.182 - - [08/Jan/2025:22:34:05 -0500] "GET /vhgzn/a736093.html HTTP/1.1" 200 68567 "-" "Mozilla/5.0 AppleWebKit/537.36 (KHTML, like Gecko; compatible; bingbot/2.0; +http://www.bing.com/bingbot.htm) Chrome/116.0.1938.76 Safari/537.36"
52.167.144.141 - - [08/Jan/2025:22:34:05 -0500] "GET /uvsro/x3064546.html HTTP/1.1" 200 67905 "-" "Mozilla/5.0 AppleWebKit/537.36 (KHTML, like Gecko; compatible; bingbot/2.0; +http://www.bing.com/bingbot.htm) Chrome/116.0.1938.76 Safari/537.36"
40.77.167.25 - - [08/Jan/2025:22:34:06 -0500] "GET /htrrz/g222261.html HTTP/1.1" 200 68649 "-" "Mozilla/5.0 AppleWebKit/537.36 (KHTML, like Gecko; compatible; bingbot/2.0; +http://www.bing.com/bingbot.htm) Chrome/116.0.1938.76 Safari/537.36"
52.167.144.182 - - [08/Jan/2025:22:34:09 -0500] "GET /viwox/r226796.html HTTP/1.1" 200 68671 "-" "Mozilla/5.0 AppleWebKit/537.36 (KHTML, like Gecko; compatible; bingbot/2.0; +http://www.bing.com/bingbot.htm) Chrome/116.0.1938.76 Safari/537.36"
40.77.167.10 - - [08/Jan/2025:22:34:14 -0500] "GET /awdqs/n2456162.html HTTP/1.1" 200 71609 "-" "Mozilla/5.0 AppleWebKit/537.36 (KHTML, like Gecko; compatible; bingbot/2.0; +http://www.bing.com/bingbot.htm) Chrome/116.0.1938.76 Safari/537.36"
52.167.144.146 - - [08/Jan/2025:22:34:21 -0500] "GET /dvqqw/s249157.html HTTP/1.1" 200 68979 "-" "Mozilla/5.0 AppleWebKit/537.36 (KHTML, like Gecko; compatible; bingbot/2.0; +http://www.bing.com/bingbot.htm) Chrome/116.0.1938.76 Safari/537.36"
52.167.144.141 - - [08/Jan/2025:22:34:24 -0500] "GET /akzem/n2699886.html HTTP/1.1" 200 69789 "-" "Mozilla/5.0 AppleWebKit/537.36 (KHTML, like Gecko; compatible; bingbot/2.0; +http://www.bing.com/bingbot.htm) Chrome/116.0.1938.76 Safari/537.36"
52.167.144.182 - - [08/Jan/2025:22:34:25 -0500] "GET /bmeub/f1210806.html HTTP/1.1" 200 69290 "-" "Mozilla/5.0 AppleWebKit/537.36 (KHTML, like Gecko; compatible; bingbot/2.0; +http://www.bing.com/bingbot.htm) Chrome/116.0.1938.76 Safari/537.36"
40.77.167.17 - - [08/Jan/2025:22:34:28 -0500] "GET /static/4770774 HTTP/1.1" 200 69762 "-" "Mozilla/5.0 AppleWebKit/537.36 (KHTML, like Gecko; compatible; bingbot/2.0; +http://www.bing.com/bingbot.htm) Chrome/116.0.1938.76 Safari/537.36"
40.77.167.17 - - [08/Jan/2025:22:34:29 -0500] "GET /inwkr/v336468.html HTTP/1.1" 200 68265 "-" "Mozilla/5.0 AppleWebKit/537.36 (KHTML, like Gecko; compatible; bingbot/2.0; +http://www.bing.com/bingbot.htm) Chrome/116.0.1938.76 Safari/537.36"
52.167.144.182 - - [08/Jan/2025:22:34:29 -0500] "GET /czglm/a1143539.html HTTP/1.1" 200 68326 "-" "Mozilla/5.0 AppleWebKit/537.36 (KHTML, like Gecko; compatible; bingbot/2.0; +http://www.bing.com/bingbot.htm) Chrome/116.0.1938.76 Safari/537.36"
40.77.167.17 - - [08/Jan/2025:22:34:31 -0500] "GET /fjisl/i2756119.html HTTP/1.1" 200 71806 "-" "Mozilla/5.0 AppleWebKit/537.36 (KHTML, like Gecko; compatible; bingbot/2.0; +http://www.bing.com/bingbot.htm) Chrome/116.0.1938.76 Safari/537.36"
87.120.125.67 - - [08/Jan/2025:22:34:25 -0500] "GET /.env HTTP/1.1" 200 0 "-" "Mozilla/5.0 (X11; Linux i686; rv:122.0) Gecko/20100101 Firefox/122.0"
40.77.167.25 - - [08/Jan/2025:22:34:34 -0500] "GET /hfbuk/o566613.html HTTP/1.1" 200 68341 "-" "Mozilla/5.0 AppleWebKit/537.36 (KHTML, like Gecko; compatible; bingbot/2.0; +http://www.bing.com/bingbot.htm) Chrome/116.0.1938.76 Safari/537.36"
40.77.167.25 - - [08/Jan/2025:22:34:36 -0500] "GET /wbmyw/l418358.html HTTP/1.1" 200 68517 "-" "Mozilla/5.0 AppleWebKit/537.36 (KHTML, like Gecko; compatible; bingbot/2.0; +http://www.bing.com/bingbot.htm) Chrome/116.0.1938.76 Safari/537.36"
66.29.132.124 - - [08/Jan/2025:22:34:37 -0500] "POST /wp-cron.php?doing_wp_cron=1736393677.3022871017456054687500 HTTP/1.1" 200 0 "-" "WordPress/6.7.1; https://diixadigital.com"
87.120.125.67 - - [08/Jan/2025:22:34:37 -0500] "GET /.env HTTP/1.1" 404 15750 "-" "Mozilla/5.0 (X11; Linux i686; rv:122.0) Gecko/20100101 Firefox/122.0"
40.77.167.25 - - [08/Jan/2025:22:34:37 -0500] "GET /hobtn/j1858522.html HTTP/1.1" 200 70164 "-" "Mozilla/5.0 AppleWebKit/537.36 (KHTML, like Gecko; compatible; bingbot/2.0; +http://www.bing.com/bingbot.htm) Chrome/116.0.1938.76 Safari/537.36"
66.29.132.124 - - [08/Jan/2025:22:34:38 -0500] "POST /wp-admin/admin-ajax.php?action=async_litespeed&nonce=s1mNW9sS7spOyAaxjGIdMJtNXLzRGntY&litespeed_type=imgoptm HTTP/1.1" 200 0 "-" "WordPress/6.7.1; https://diixadigital.com"
52.167.144.146 - - [08/Jan/2025:22:34:40 -0500] "GET /xjxmc/l1739574.html HTTP/1.1" 200 68871 "-" "Mozilla/5.0 AppleWebKit/537.36 (KHTML, like Gecko; compatible; bingbot/2.0; +http://www.bing.com/bingbot.htm) Chrome/116.0.1938.76 Safari/537.36"
87.120.125.67 - - [08/Jan/2025:22:34:41 -0500] "GET /.env.dev HTTP/1.1" 404 15335 "-" "Mozilla/5.0 (CentOS; Linux i686) AppleWebKit/537.36 (KHTML, like Gecko) Chrome/120.0.0.0 Safari/537.36"
52.167.144.141 - - [08/Jan/2025:22:34:42 -0500] "GET /bxwcw/d1123132.html HTTP/1.1" 200 69227 "-" "Mozilla/5.0 AppleWebKit/537.36 (KHTML, like Gecko; compatible; bingbot/2.0; +http://www.bing.com/bingbot.htm) Chrome/116.0.1938.76 Safari/537.36"
66.29.132.124 - - [08/Jan/2025:22:34:45 -0500] "POST /wp-cron.php?doing_wp_cron=1736393685.0612750053405761718750 HTTP/1.1" 200 0 "-" "WordPress/6.7.1; https://diixadigital.com"
87.120.125.67 - - [08/Jan/2025:22:34:43 -0500] "GET /.env.dev.local HTTP/1.1" 404 15335 "-" "Mozilla/5.0 \\(Windows NT 10.0\\; Win64\\; x64\\) AppleWebKit/537.36 \\(KHTML, like Gecko\\) Chrome/100.0.4896.60 Safari/537.36"
40.77.167.10 - - [08/Jan/2025:22:34:44 -0500] "GET /taopt/v271130.html HTTP/1.1" 200 69619 "-" "Mozilla/5.0 AppleWebKit/537.36 (KHTML, like Gecko; compatible; bingbot/2.0; +http://www.bing.com/bingbot.htm) Chrome/116.0.1938.76 Safari/537.36"
66.29.132.124 - - [08/Jan/2025:22:34:45 -0500] "POST /wp-admin/admin-ajax.php?action=async_litespeed&nonce=c8zn1WWU2YWIdKsinAfLafP44Lr94ea4&litespeed_type=imgoptm HTTP/1.1" 200 0 "-" "WordPress/6.7.1; https://diixadigital.com"
87.120.125.67 - - [08/Jan/2025:22:34:47 -0500] "GET /.env.development.local HTTP/1.1" 404 15335 "-" "Mozilla/5.0 (Macintosh; Intel Mac OS X 10_15_7) AppleWebKit/605.1.15 (KHTML, like Gecko) Version/17.3 Safari/617.2.4.11.12"
87.120.125.67 - - [08/Jan/2025:22:34:51 -0500] "GET /.env.prod HTTP/1.1" 404 15341 "-" "Mozilla/5.0 (Macintosh; Intel Mac OS X 10_15_7) AppleWebKit/605.1.15 (KHTML, like Gecko) Version/17.4.1 Safari/605.1.24"
40.77.167.25 - - [08/Jan/2025:22:34:55 -0500] "GET /scemr/m420777.html HTTP/1.1" 200 69042 "-" "Mozilla/5.0 AppleWebKit/537.36 (KHTML, like Gecko; compatible; bingbot/2.0; +http://www.bing.com/bingbot.htm) Chrome/116.0.1938.76 Safari/537.36"
87.120.125.67 - - [08/Jan/2025:22:34:55 -0500] "GET /.env.prod.local HTTP/1.1" 404 15341 "-" "Mozilla/5.0 (Macintosh; Intel Mac OS X 14.6) AppleWebKit/616.20 (KHTML, like Gecko) Version/17.1.83 Safari/616.20"
87.120.125.67 - - [08/Jan/2025:22:34:59 -0500] "GET /.env.production HTTP/1.1" 404 15341 "-" "Mozilla/5.0 (Windows NT 10.0; Win64; x64; WebView/3.0) AppleWebKit/537.36 (KHTML, like Gecko) Chrome/70.0.3538.102 Safari/537.36 Edge/18.18362"
40.77.167.17 - - [08/Jan/2025:22:34:59 -0500] "GET /jfxnp/q915899.html HTTP/1.1" 200 67751 "-" "Mozilla/5.0 AppleWebKit/537.36 (KHTML, like Gecko; compatible; bingbot/2.0; +http://www.bing.com/bingbot.htm) Chrome/116.0.1938.76 Safari/537.36"
52.167.144.146 - - [08/Jan/2025:22:34:59 -0500] "GET /howja/h1463450.html HTTP/1.1" 200 68371 "-" "Mozilla/5.0 AppleWebKit/537.36 (KHTML, like Gecko; compatible; bingbot/2.0; +http://www.bing.com/bingbot.htm) Chrome/116.0.1938.76 Safari/537.36"
40.77.167.17 - - [08/Jan/2025:22:35:01 -0500] "GET /ljjbu/e818933.html HTTP/1.1" 200 69528 "-" "Mozilla/5.0 AppleWebKit/537.36 (KHTML, like Gecko; compatible; bingbot/2.0; +http://www.bing.com/bingbot.htm) Chrome/116.0.1938.76 Safari/537.36"
87.120.125.67 - - [08/Jan/2025:22:35:03 -0500] "GET /.env.production.local HTTP/1.1" 404 15335 "-" "Mozilla/5.0 (Macintosh; Intel Mac OS X 10_15_7) AppleWebKit/605.1.15 (KHTML, like Gecko) Version/17.4.1 Safari/605.6.24"
87.120.125.67 - - [08/Jan/2025:22:35:07 -0500] "GET /.env.local HTTP/1.1" 404 15335 "-" "Mozilla/5.0 (Macintosh; Intel Mac OS X 10_15_7) AppleWebKit/605.1.15 (KHTML, like Gecko) Version/17.5 Safari/605.6.22"
52.167.144.146 - - [08/Jan/2025:22:35:10 -0500] "GET /zlyuz/h1118092.html HTTP/1.1" 200 68868 "-" "Mozilla/5.0 AppleWebKit/537.36 (KHTML, like Gecko; compatible; bingbot/2.0; +http://www.bing.com/bingbot.htm) Chrome/116.0.1938.76 Safari/537.36"
87.120.125.67 - - [08/Jan/2025:22:35:11 -0500] "GET /.env.example HTTP/1.1" 404 15336 "-" "Mozilla/5.0 (CentOS; Linux x86_64) AppleWebKit/537.36 (KHTML, like Gecko) Chrome/126.0.0.0 Safari/537.36"
52.167.144.146 - - [08/Jan/2025:22:35:11 -0500] "GET /ucpxs/w190349.html HTTP/1.1" 200 70566 "-" "Mozilla/5.0 AppleWebKit/537.36 (KHTML, like Gecko; compatible; bingbot/2.0; +http://www.bing.com/bingbot.htm) Chrome/116.0.1938.76 Safari/537.36"
87.120.125.67 - - [08/Jan/2025:22:35:13 -0500] "GET /.env.stage HTTP/1.1" 404 15334 "-" "Mozilla/5.0 (Ubuntu; Linux i686) AppleWebKit/537.36 (KHTML, like Gecko) Chrome/127.0.0.0 Safari/537.36"
40.77.167.25 - - [08/Jan/2025:22:35:16 -0500] "GET /lmnou/u2374217.html HTTP/1.1" 200 69231 "-" "Mozilla/5.0 AppleWebKit/537.36 (KHTML, like Gecko; compatible; bingbot/2.0; +http://www.bing.com/bingbot.htm) Chrome/116.0.1938.76 Safari/537.36"
87.120.125.67 - - [08/Jan/2025:22:35:17 -0500] "GET /.env.live HTTP/1.1" 404 15342 "-" "Mozilla/5.0 (Kubuntu; Linux x86_64) AppleWebKit/537.36 (KHTML, like Gecko) Chrome/126.0.0.0 Safari/537.36"
40.77.167.25 - - [08/Jan/2025:22:35:18 -0500] "GET /rbxtx/e1560141.html HTTP/1.1" 200 71081 "-" "Mozilla/5.0 AppleWebKit/537.36 (KHTML, like Gecko; compatible; bingbot/2.0; +http://www.bing.com/bingbot.htm) Chrome/116.0.1938.76 Safari/537.36"
87.120.125.67 - - [08/Jan/2025:22:35:19 -0500] "GET /.env.backup HTTP/1.1" 404 15335 "-" "Mozilla/5.0 (Macintosh; Intel Mac OS X 10_15_7) AppleWebKit/537.36 (KHTML, like Gecko) Chrome/113.0.0.0 Safari/537.36"
87.120.125.67 - - [08/Jan/2025:22:35:21 -0500] "GET /.env.save HTTP/1.1" 404 15335 "-" "Mozilla/5.0 (Macintosh; Intel Mac OS X 11) AppleWebKit/616.16 (KHTML, like Gecko) Version/17.0.90 Safari/616.16"
87.120.125.67 - - [08/Jan/2025:22:35:23 -0500] "GET /.env.old HTTP/1.1" 404 15336 "-" "Mozilla/5.0 (Macintosh; Intel Mac OS X 10_15_7) AppleWebKit/537.36 (KHTML, like Gecko) Chrome/128.0.0.0 Safari/537.36"
52.167.144.141 - - [08/Jan/2025:22:35:24 -0500] "GET /cqsfg/t3013400.html HTTP/1.1" 200 68778 "-" "Mozilla/5.0 AppleWebKit/537.36 (KHTML, like Gecko; compatible; bingbot/2.0; +http://www.bing.com/bingbot.htm) Chrome/116.0.1938.76 Safari/537.36"
87.120.125.67 - - [08/Jan/2025:22:35:25 -0500] "GET /.env.www HTTP/1.1" 404 15335 "-" "Mozilla/5.0 (Macintosh; Intel Mac OS X 10_15_7) AppleWebKit/605.1.15 (KHTML, like Gecko) Version/17.4.1 Safari/605.6.17"
66.29.132.124 - - [08/Jan/2025:22:35:28 -0500] "POST /wp-cron.php?doing_wp_cron=1736393728.2228169441223144531250 HTTP/1.1" 200 0 "-" "WordPress/6.7.1; https://diixadigital.com"
87.120.125.67 - - [08/Jan/2025:22:35:27 -0500] "GET /.env_1 HTTP/1.1" 404 15335 "-" "Mozilla/5.0 (Macintosh; Intel Mac OS X 14_3_1) AppleWebKit/605.1.15 (KHTML, like Gecko) Version/17.2 Safari/605.1.15"
66.29.132.124 - - [08/Jan/2025:22:35:30 -0500] "POST /wp-cron.php?doing_wp_cron=1736393730.3563868999481201171875 HTTP/1.1" 200 0 "-" "WordPress/6.7.1; https://diixadigital.com"
87.120.125.67 - - [08/Jan/2025:22:35:29 -0500] "GET /.env_sample HTTP/1.1" 404 15341 "-" "Mozilla/5.0 (Windows NT 6.1; rv:109.0) Gecko/20100101 Firefox/115.0"
52.167.144.141 - - [08/Jan/2025:22:35:31 -0500] "GET /xhuwf/d680430.html HTTP/1.1" 200 68292 "-" "Mozilla/5.0 AppleWebKit/537.36 (KHTML, like Gecko; compatible; bingbot/2.0; +http://www.bing.com/bingbot.htm) Chrome/116.0.1938.76 Safari/537.36"
52.167.144.146 - - [08/Jan/2025:22:35:31 -0500] "GET /aakfa/v265514.html HTTP/1.1" 200 70664 "-" "Mozilla/5.0 AppleWebKit/537.36 (KHTML, like Gecko; compatible; bingbot/2.0; +http://www.bing.com/bingbot.htm) Chrome/116.0.1938.76 Safari/537.36"
87.120.125.67 - - [08/Jan/2025:22:35:31 -0500] "GET /.env.diixadigital HTTP/1.1" 404 15342 "-" "Mozilla/5.0 (Macintosh; Intel Mac OS X 10_15_7) AppleWebKit/605.1.15 (KHTML, like Gecko) Version/17.5 Safari/605.6.22"
87.120.125.67 - - [08/Jan/2025:22:35:33 -0500] "GET /.env. HTTP/1.1" 301 0 "-" "Mozilla/5.0 (Fedora; Linux x86_64; rv:125.0) Gecko/20100101 Firefox/125.0"
52.167.144.141 - - [08/Jan/2025:22:35:33 -0500] "GET /mkmcu/k2776037.html HTTP/1.1" 200 70384 "-" "Mozilla/5.0 AppleWebKit/537.36 (KHTML, like Gecko; compatible; bingbot/2.0; +http://www.bing.com/bingbot.htm) Chrome/116.0.1938.76 Safari/537.36"
87.120.125.67 - - [08/Jan/2025:22:35:35 -0500] "GET /api/.env HTTP/1.1" 404 15342 "-" "Mozilla/5.0 (CentOS; Linux i686; rv:122.0) Gecko/20100101 Firefox/122.0"
40.77.167.25 - - [08/Jan/2025:22:35:41 -0500] "GET /hcqsc/g2261311.html HTTP/1.1" 200 68753 "-" "Mozilla/5.0 AppleWebKit/537.36 (KHTML, like Gecko; compatible; bingbot/2.0; +http://www.bing.com/bingbot.htm) Chrome/116.0.1938.76 Safari/537.36"
40.77.167.25 - - [08/Jan/2025:22:35:43 -0500] "GET /iacrr/c145921.html HTTP/1.1" 200 68657 "-" "Mozilla/5.0 AppleWebKit/537.36 (KHTML, like Gecko; compatible; bingbot/2.0; +http://www.bing.com/bingbot.htm) Chrome/116.0.1938.76 Safari/537.36"
40.77.167.17 - - [08/Jan/2025:22:36:00 -0500] "GET /phgya/f179490.html HTTP/1.1" 200 68929 "-" "Mozilla/5.0 AppleWebKit/537.36 (KHTML, like Gecko; compatible; bingbot/2.0; +http://www.bing.com/bingbot.htm) Chrome/116.0.1938.76 Safari/537.36"
40.77.167.10 - - [08/Jan/2025:22:36:02 -0500] "GET /wwgsb/t225810.html HTTP/1.1" 200 66344 "-" "Mozilla/5.0 AppleWebKit/537.36 (KHTML, like Gecko; compatible; bingbot/2.0; +http://www.bing.com/bingbot.htm) Chrome/116.0.1938.76 Safari/537.36"
66.249.79.107 - - [08/Jan/2025:22:36:10 -0500] "GET /brlek/n1142538.html HTTP/1.1" 200 68624 "-" "Mozilla/5.0 (Linux; Android 6.0.1; Nexus 5X Build/MMB29P) AppleWebKit/537.36 (KHTML, like Gecko) Chrome/131.0.6778.204 Mobile Safari/537.36 (compatible; Googlebot/2.1; +http://www.google.com/bot.html)"
40.77.167.17 - - [08/Jan/2025:22:36:11 -0500] "GET /yaguq/w2594023.html HTTP/1.1" 200 68603 "-" "Mozilla/5.0 AppleWebKit/537.36 (KHTML, like Gecko; compatible; bingbot/2.0; +http://www.bing.com/bingbot.htm) Chrome/116.0.1938.76 Safari/537.36"
40.77.167.25 - - [08/Jan/2025:22:36:25 -0500] "GET /zoaoq/t2293226.html HTTP/1.1" 200 68815 "-" "Mozilla/5.0 AppleWebKit/537.36 (KHTML, like Gecko; compatible; bingbot/2.0; +http://www.bing.com/bingbot.htm) Chrome/116.0.1938.76 Safari/537.36"
66.249.68.34 - - [08/Jan/2025:22:36:25 -0500] "GET /ndvwh/l1540986.html HTTP/1.1" 200 67687 "-" "Mozilla/5.0 (Linux; Android 6.0.1; Nexus 5X Build/MMB29P) AppleWebKit/537.36 (KHTML, like Gecko) Chrome/131.0.6778.204 Mobile Safari/537.36 (compatible; Googlebot/2.1; +http://www.google.com/bot.html)"
40.77.167.25 - - [08/Jan/2025:22:36:27 -0500] "GET /odldn/t2597790.html HTTP/1.1" 200 68749 "-" "Mozilla/5.0 AppleWebKit/537.36 (KHTML, like Gecko; compatible; bingbot/2.0; +http://www.bing.com/bingbot.htm) Chrome/116.0.1938.76 Safari/537.36"
40.77.167.10 - - [08/Jan/2025:22:36:31 -0500] "GET /qbnij/w565659.html HTTP/1.1" 200 69405 "-" "Mozilla/5.0 AppleWebKit/537.36 (KHTML, like Gecko; compatible; bingbot/2.0; +http://www.bing.com/bingbot.htm) Chrome/116.0.1938.76 Safari/537.36"
52.167.144.141 - - [08/Jan/2025:22:36:33 -0500] "GET /pqrkh/r2321902.html HTTP/1.1" 200 73616 "-" "Mozilla/5.0 AppleWebKit/537.36 (KHTML, like Gecko; compatible; bingbot/2.0; +http://www.bing.com/bingbot.htm) Chrome/116.0.1938.76 Safari/537.36"
52.167.144.141 - - [08/Jan/2025:22:36:34 -0500] "GET /etiny/g620555.html HTTP/1.1" 200 69678 "-" "Mozilla/5.0 AppleWebKit/537.36 (KHTML, like Gecko; compatible; bingbot/2.0; +http://www.bing.com/bingbot.htm) Chrome/116.0.1938.76 Safari/537.36"
52.167.144.182 - - [08/Jan/2025:22:36:35 -0500] "GET /iqxuh/u1166595.html HTTP/1.1" 200 69411 "-" "Mozilla/5.0 AppleWebKit/537.36 (KHTML, like Gecko; compatible; bingbot/2.0; +http://www.bing.com/bingbot.htm) Chrome/116.0.1938.76 Safari/537.36"
52.167.144.182 - - [08/Jan/2025:22:36:46 -0500] "GET /blbdv/i1434669.html HTTP/1.1" 200 68159 "-" "Mozilla/5.0 AppleWebKit/537.36 (KHTML, like Gecko; compatible; bingbot/2.0; +http://www.bing.com/bingbot.htm) Chrome/116.0.1938.76 Safari/537.36"
52.167.144.182 - - [08/Jan/2025:22:36:56 -0500] "GET /ylnxo/m1266583.html HTTP/1.1" 200 70258 "-" "Mozilla/5.0 AppleWebKit/537.36 (KHTML, like Gecko; compatible; bingbot/2.0; +http://www.bing.com/bingbot.htm) Chrome/116.0.1938.76 Safari/537.36"
40.77.167.25 - - [08/Jan/2025:22:36:56 -0500] "GET /irwgd/q2691101.html HTTP/1.1" 200 67614 "-" "Mozilla/5.0 AppleWebKit/537.36 (KHTML, like Gecko; compatible; bingbot/2.0; +http://www.bing.com/bingbot.htm) Chrome/116.0.1938.76 Safari/537.36"
66.249.68.2 - - [08/Jan/2025:22:36:57 -0500] "GET /nehgo/x2506716.html HTTP/1.1" 200 70326 "-" "Mozilla/5.0 (Linux; Android 6.0.1; Nexus 5X Build/MMB29P) AppleWebKit/537.36 (KHTML, like Gecko) Chrome/131.0.6778.204 Mobile Safari/537.36 (compatible; Googlebot/2.1; +http://www.google.com/bot.html)"
40.77.167.25 - - [08/Jan/2025:22:36:58 -0500] "GET /cvolc/x1139532.html HTTP/1.1" 200 67947 "-" "Mozilla/5.0 AppleWebKit/537.36 (KHTML, like Gecko; compatible; bingbot/2.0; +http://www.bing.com/bingbot.htm) Chrome/116.0.1938.76 Safari/537.36"
52.167.144.182 - - [08/Jan/2025:22:37:00 -0500] "GET /ktwtk/z369830.html HTTP/1.1" 200 68231 "-" "Mozilla/5.0 AppleWebKit/537.36 (KHTML, like Gecko; compatible; bingbot/2.0; +http://www.bing.com/bingbot.htm) Chrome/116.0.1938.76 Safari/537.36"
40.77.167.10 - - [08/Jan/2025:22:37:03 -0500] "GET /hosyk/y1553115.html HTTP/1.1" 200 69101 "-" "Mozilla/5.0 AppleWebKit/537.36 (KHTML, like Gecko; compatible; bingbot/2.0; +http://www.bing.com/bingbot.htm) Chrome/116.0.1938.76 Safari/537.36"
52.167.144.141 - - [08/Jan/2025:22:37:13 -0500] "GET /hfvot/y178131.html HTTP/1.1" 200 71097 "-" "Mozilla/5.0 AppleWebKit/537.36 (KHTML, like Gecko; compatible; bingbot/2.0; +http://www.bing.com/bingbot.htm) Chrome/116.0.1938.76 Safari/537.36"
52.167.144.141 - - [08/Jan/2025:22:37:14 -0500] "GET /ewxnm/c2908915.html HTTP/1.1" 200 70071 "-" "Mozilla/5.0 AppleWebKit/537.36 (KHTML, like Gecko; compatible; bingbot/2.0; +http://www.bing.com/bingbot.htm) Chrome/116.0.1938.76 Safari/537.36"
52.167.144.182 - - [08/Jan/2025:22:37:16 -0500] "GET /lpxhc/e1198117.html HTTP/1.1" 200 73130 "-" "Mozilla/5.0 AppleWebKit/537.36 (KHTML, like Gecko; compatible; bingbot/2.0; +http://www.bing.com/bingbot.htm) Chrome/116.0.1938.76 Safari/537.36"
40.77.167.25 - - [08/Jan/2025:22:37:17 -0500] "GET /gjvnk/w3085501.html HTTP/1.1" 200 68605 "-" "Mozilla/5.0 AppleWebKit/537.36 (KHTML, like Gecko; compatible; bingbot/2.0; +http://www.bing.com/bingbot.htm) Chrome/116.0.1938.76 Safari/537.36"
52.167.144.182 - - [08/Jan/2025:22:37:20 -0500] "GET /ogxrr/z857252.html HTTP/1.1" 200 68418 "-" "Mozilla/5.0 AppleWebKit/537.36 (KHTML, like Gecko; compatible; bingbot/2.0; +http://www.bing.com/bingbot.htm) Chrome/116.0.1938.76 Safari/537.36"
40.77.167.10 - - [08/Jan/2025:22:37:25 -0500] "GET /jflps/r626208.html HTTP/1.1" 200 67442 "-" "Mozilla/5.0 AppleWebKit/537.36 (KHTML, like Gecko; compatible; bingbot/2.0; +http://www.bing.com/bingbot.htm) Chrome/116.0.1938.76 Safari/537.36"
52.167.144.138 - - [08/Jan/2025:22:37:26 -0500] "GET /armmx/o124535.html HTTP/1.1" 200 69822 "-" "Mozilla/5.0 AppleWebKit/537.36 (KHTML, like Gecko; compatible; bingbot/2.0; +http://www.bing.com/bingbot.htm) Chrome/116.0.1938.76 Safari/537.36"
52.167.144.138 - - [08/Jan/2025:22:37:27 -0500] "GET /uczkc/d3088732.html HTTP/1.1" 200 68982 "-" "Mozilla/5.0 AppleWebKit/537.36 (KHTML, like Gecko; compatible; bingbot/2.0; +http://www.bing.com/bingbot.htm) Chrome/116.0.1938.76 Safari/537.36"
52.167.144.138 - - [08/Jan/2025:22:37:30 -0500] "GET /nltob/y534747.html HTTP/1.1" 200 68197 "-" "Mozilla/5.0 AppleWebKit/537.36 (KHTML, like Gecko; compatible; bingbot/2.0; +http://www.bing.com/bingbot.htm) Chrome/116.0.1938.76 Safari/537.36"
52.167.144.138 - - [08/Jan/2025:22:37:31 -0500] "GET /fsgtp/y126105.html HTTP/1.1" 200 67894 "-" "Mozilla/5.0 AppleWebKit/537.36 (KHTML, like Gecko; compatible; bingbot/2.0; +http://www.bing.com/bingbot.htm) Chrome/116.0.1938.76 Safari/537.36"
52.167.144.141 - - [08/Jan/2025:22:37:33 -0500] "GET /ihywx/g2270047.html HTTP/1.1" 200 69782 "-" "Mozilla/5.0 AppleWebKit/537.36 (KHTML, like Gecko; compatible; bingbot/2.0; +http://www.bing.com/bingbot.htm) Chrome/116.0.1938.76 Safari/537.36"
52.167.144.141 - - [08/Jan/2025:22:37:35 -0500] "GET /zrdev/t2218918.html HTTP/1.1" 200 68613 "-" "Mozilla/5.0 AppleWebKit/537.36 (KHTML, like Gecko; compatible; bingbot/2.0; +http://www.bing.com/bingbot.htm) Chrome/116.0.1938.76 Safari/537.36"
66.249.79.197 - - [08/Jan/2025:22:37:38 -0500] "GET /rokpj/y1731111.html HTTP/1.1" 200 70109 "-" "Mozilla/5.0 (Linux; Android 6.0.1; Nexus 5X Build/MMB29P) AppleWebKit/537.36 (KHTML, like Gecko) Chrome/131.0.6778.204 Mobile Safari/537.36 (compatible; Googlebot/2.1; +http://www.google.com/bot.html)"
40.77.167.64 - - [08/Jan/2025:22:37:40 -0500] "GET /luxsr/u2247389.html HTTP/1.1" 200 67679 "-" "Mozilla/5.0 AppleWebKit/537.36 (KHTML, like Gecko; compatible; bingbot/2.0; +http://www.bing.com/bingbot.htm) Chrome/116.0.1938.76 Safari/537.36"
40.77.167.64 - - [08/Jan/2025:22:37:40 -0500] "GET /mlrjm/t112762.html HTTP/1.1" 200 69451 "-" "Mozilla/5.0 AppleWebKit/537.36 (KHTML, like Gecko; compatible; bingbot/2.0; +http://www.bing.com/bingbot.htm) Chrome/116.0.1938.76 Safari/537.36"
52.167.144.146 - - [08/Jan/2025:22:37:41 -0500] "GET /xvntz/f2891602.html HTTP/1.1" 200 68960 "-" "Mozilla/5.0 AppleWebKit/537.36 (KHTML, like Gecko; compatible; bingbot/2.0; +http://www.bing.com/bingbot.htm) Chrome/116.0.1938.76 Safari/537.36"
40.77.167.64 - - [08/Jan/2025:22:37:42 -0500] "GET /dnozi/l2065224.html HTTP/1.1" 200 68877 "-" "Mozilla/5.0 AppleWebKit/537.36 (KHTML, like Gecko; compatible; bingbot/2.0; +http://www.bing.com/bingbot.htm) Chrome/116.0.1938.76 Safari/537.36"
52.167.144.146 - - [08/Jan/2025:22:37:43 -0500] "GET /cfgbx/a1416539.html HTTP/1.1" 200 68887 "-" "Mozilla/5.0 AppleWebKit/537.36 (KHTML, like Gecko; compatible; bingbot/2.0; +http://www.bing.com/bingbot.htm) Chrome/116.0.1938.76 Safari/537.36"
40.77.167.64 - - [08/Jan/2025:22:38:01 -0500] "GET /yrrru/z2566596.html HTTP/1.1" 200 72921 "-" "Mozilla/5.0 AppleWebKit/537.36 (KHTML, like Gecko; compatible; bingbot/2.0; +http://www.bing.com/bingbot.htm) Chrome/116.0.1938.76 Safari/537.36"
66.249.68.35 - - [08/Jan/2025:22:38:05 -0500] "GET /oohru/n1279948.html HTTP/1.1" 200 67774 "-" "Mozilla/5.0 (Linux; Android 6.0.1; Nexus 5X Build/MMB29P) AppleWebKit/537.36 (KHTML, like Gecko) Chrome/131.0.6778.204 Mobile Safari/537.36 (compatible; Googlebot/2.1; +http://www.google.com/bot.html)"
52.167.144.141 - - [08/Jan/2025:22:38:06 -0500] "GET /bihtq/z370480.html HTTP/1.1" 200 68017 "-" "Mozilla/5.0 AppleWebKit/537.36 (KHTML, like Gecko; compatible; bingbot/2.0; +http://www.bing.com/bingbot.htm) Chrome/116.0.1938.76 Safari/537.36"
52.167.144.138 - - [08/Jan/2025:22:38:36 -0500] "GET /sqyke/l325668.html HTTP/1.1" 200 67914 "-" "Mozilla/5.0 AppleWebKit/537.36 (KHTML, like Gecko; compatible; bingbot/2.0; +http://www.bing.com/bingbot.htm) Chrome/116.0.1938.76 Safari/537.36"
40.77.167.67 - - [08/Jan/2025:22:38:41 -0500] "GET /hslfz/j1988522.html HTTP/1.1" 200 72104 "-" "Mozilla/5.0 AppleWebKit/537.36 (KHTML, like Gecko; compatible; bingbot/2.0; +http://www.bing.com/bingbot.htm) Chrome/116.0.1938.76 Safari/537.36"
40.77.167.67 - - [08/Jan/2025:22:38:51 -0500] "GET /jyqbu/b2083258.html HTTP/1.1" 200 70073 "-" "Mozilla/5.0 AppleWebKit/537.36 (KHTML, like Gecko; compatible; bingbot/2.0; +http://www.bing.com/bingbot.htm) Chrome/116.0.1938.76 Safari/537.36"
40.77.167.64 - - [08/Jan/2025:22:39:01 -0500] "GET /gnlgm/e3010031.html HTTP/1.1" 200 71100 "-" "Mozilla/5.0 AppleWebKit/537.36 (KHTML, like Gecko; compatible; bingbot/2.0; +http://www.bing.com/bingbot.htm) Chrome/116.0.1938.76 Safari/537.36"
40.77.167.64 - - [08/Jan/2025:22:39:02 -0500] "GET /zokto/s107639.html HTTP/1.1" 200 69893 "-" "Mozilla/5.0 AppleWebKit/537.36 (KHTML, like Gecko; compatible; bingbot/2.0; +http://www.bing.com/bingbot.htm) Chrome/116.0.1938.76 Safari/537.36"
40.77.167.10 - - [08/Jan/2025:22:39:02 -0500] "GET /tazvx/d1996732.html HTTP/1.1" 200 68078 "-" "Mozilla/5.0 AppleWebKit/537.36 (KHTML, like Gecko; compatible; bingbot/2.0; +http://www.bing.com/bingbot.htm) Chrome/116.0.1938.76 Safari/537.36"
52.167.144.141 - - [08/Jan/2025:22:39:03 -0500] "GET /gzuet/k2746527.html HTTP/1.1" 200 67036 "-" "Mozilla/5.0 AppleWebKit/537.36 (KHTML, like Gecko; compatible; bingbot/2.0; +http://www.bing.com/bingbot.htm) Chrome/116.0.1938.76 Safari/537.36"
40.77.167.64 - - [08/Jan/2025:22:39:04 -0500] "GET /srjyk/m2372103.html HTTP/1.1" 200 70794 "-" "Mozilla/5.0 AppleWebKit/537.36 (KHTML, like Gecko; compatible; bingbot/2.0; +http://www.bing.com/bingbot.htm) Chrome/116.0.1938.76 Safari/537.36"
52.167.144.141 - - [08/Jan/2025:22:39:05 -0500] "GET /eyffn/b2651670.html HTTP/1.1" 200 68835 "-" "Mozilla/5.0 AppleWebKit/537.36 (KHTML, like Gecko; compatible; bingbot/2.0; +http://www.bing.com/bingbot.htm) Chrome/116.0.1938.76 Safari/537.36"
52.167.144.141 - - [08/Jan/2025:22:39:06 -0500] "GET /vnmdt/n2442772.html HTTP/1.1" 200 70756 "-" "Mozilla/5.0 AppleWebKit/537.36 (KHTML, like Gecko; compatible; bingbot/2.0; +http://www.bing.com/bingbot.htm) Chrome/116.0.1938.76 Safari/537.36"
40.77.167.10 - - [08/Jan/2025:22:39:13 -0500] "GET /eaqkp/x2259196.html HTTP/1.1" 200 70410 "-" "Mozilla/5.0 AppleWebKit/537.36 (KHTML, like Gecko; compatible; bingbot/2.0; +http://www.bing.com/bingbot.htm) Chrome/116.0.1938.76 Safari/537.36"
40.77.167.10 - - [08/Jan/2025:22:39:15 -0500] "GET /pzkih/u710737.html HTTP/1.1" 200 68656 "-" "Mozilla/5.0 AppleWebKit/537.36 (KHTML, like Gecko; compatible; bingbot/2.0; +http://www.bing.com/bingbot.htm) Chrome/116.0.1938.76 Safari/537.36"
52.167.144.138 - - [08/Jan/2025:22:39:15 -0500] "GET /qbicz/m2197201.html HTTP/1.1" 200 70059 "-" "Mozilla/5.0 AppleWebKit/537.36 (KHTML, like Gecko; compatible; bingbot/2.0; +http://www.bing.com/bingbot.htm) Chrome/116.0.1938.76 Safari/537.36"
52.167.144.138 - - [08/Jan/2025:22:39:17 -0500] "GET /atjvw/r2059874.html HTTP/1.1" 200 69404 "-" "Mozilla/5.0 AppleWebKit/537.36 (KHTML, like Gecko; compatible; bingbot/2.0; +http://www.bing.com/bingbot.htm) Chrome/116.0.1938.76 Safari/537.36"
40.77.167.10 - - [08/Jan/2025:22:39:17 -0500] "GET /nixmx/q418077.html HTTP/1.1" 200 69128 "-" "Mozilla/5.0 AppleWebKit/537.36 (KHTML, like Gecko; compatible; bingbot/2.0; +http://www.bing.com/bingbot.htm) Chrome/116.0.1938.76 Safari/537.36"
52.167.144.138 - - [08/Jan/2025:22:39:18 -0500] "GET /kuobm/p2825988.html HTTP/1.1" 200 69173 "-" "Mozilla/5.0 AppleWebKit/537.36 (KHTML, like Gecko; compatible; bingbot/2.0; +http://www.bing.com/bingbot.htm) Chrome/116.0.1938.76 Safari/537.36"
40.77.167.64 - - [08/Jan/2025:22:39:21 -0500] "GET /tgtrj/q535883.html HTTP/1.1" 200 68822 "-" "Mozilla/5.0 AppleWebKit/537.36 (KHTML, like Gecko; compatible; bingbot/2.0; +http://www.bing.com/bingbot.htm) Chrome/116.0.1938.76 Safari/537.36"
