176.123.7.98 - - [11/Jan/2025:07:47:07 -0500] "GET //tacafoundation.org/wp-content/themes/charite/assets/js/bootstrap.min.js HTTP/1.1" 404 1251 "-" "Mozilla/5.0 (iPhone; U; CPU iPhone OS) (compatible; Googlebot-Mobile/2.1;  http://www.google.com/bot.html)"
176.123.7.98 - - [11/Jan/2025:07:47:07 -0500] "GET //tacafoundation.org/wp-content/themes/charite/assets/js/main.js HTTP/1.1" 404 1251 "-" "Mozilla/5.0 (Macintosh; Intel Mac OS X 10_12_6) AppleWebKit/537.36 (KHTML, like Gecko) Chrome/75.0.3770.100 Safari/537.36 OPR/62.0.3331.101"
176.123.7.98 - - [11/Jan/2025:07:47:07 -0500] "GET //tacafoundation.org/wp-content/themes/charite/assets/js/meanmenu.js HTTP/1.1" 404 1251 "-" "Mozilla/5.0 (Macintosh; Intel Mac OS X 10_13_6; rv:57.0) Gecko/20100101 Firefox/57.0"
176.123.7.98 - - [11/Jan/2025:07:47:07 -0500] "GET //tacafoundation.org/wp-includes/js/jquery/jquery-migrate.min.js HTTP/1.1" 404 1251 "-" "Mozilla/5.0 (SymbianOS/9.4; Series60/5.0 NokiaN97-1/10.0.012; Profile/MIDP-2.1 Configuration/CLDC-1.1; en-us) AppleWebKit/525 (KHTML, like Gecko) WicKed/7.1.12344"
176.123.7.98 - - [11/Jan/2025:07:47:07 -0500] "GET //tacafoundation.org/wp-includes/js/jquery/jquery.min.js HTTP/1.1" 404 1251 "-" "Mozilla/5.0 (Windows NT 6.1; WOW64) AppleWebKit/537.36 (KHTML, like Gecko) Chrome/49.0.2623.87 Safari/537.36"
176.123.7.98 - - [11/Jan/2025:07:47:07 -0500] "GET //tacafoundation.org/wp-includes/js/jquery/ui/core.min.js HTTP/1.1" 404 1251 "-" "Mozilla/5.0 (Linux; Android 9; SM-N950U) AppleWebKit/537.36 (KHTML, like Gecko) Chrome/76.0.3809.89 Mobile Safari/537.36"
176.123.7.98 - - [11/Jan/2025:07:47:07 -0500] "GET /wp-emoji-release.min.js HTTP/1.1" 404 1251 "-" "Mozilla/5.0 (Linux; U; Android 6.0; he-il; Redmi Note 4X Build/MRA58K) AppleWebKit/537.36 (KHTML, like Gecko) Version/4.0 Chrome/71.0.3578.141 Mobile Safari/537.36 XiaoMi/MiuiBrowser/10.9.7-g"
176.123.7.98 - - [11/Jan/2025:07:47:07 -0500] "GET //tacafoundation.org/wp-includes/js/dist/hooks.min.js HTTP/1.1" 404 1251 "-" "Mozilla/5.0 (Android 4.2; rv:19.0) Gecko/20121129 Firefox/19.0"
176.123.7.98 - - [11/Jan/2025:07:47:07 -0500] "GET //tacafoundation.org/wp-includes/js/dist/i18n.min.js HTTP/1.1" 404 1251 "-" "Mozilla/5.0 (X11; Ubuntu; Linux x86_64) AppleWebKit/605.1.15 (KHTML, like Gecko) Version/11.0 Safari/605.1.15 Epiphany/605.1.15"
176.123.7.98 - - [11/Jan/2025:07:47:21 -0500] "GET //tacafoundation.org/wp-content/plugins/charite-core/assets/js/imageload.min.js HTTP/1.1" 404 1251 "-" "SonyEricssonT610/R201 Profile/MIDP-1.0 Configuration/CLDC-1.0"
176.123.7.98 - - [11/Jan/2025:07:47:21 -0500] "GET //tacafoundation.org/wp-content/plugins/charite-core/assets/js/magnific.min.js HTTP/1.1" 404 1251 "-" "Mozilla/5.0 (X11; Linux x86_64) AppleWebKit/537.36 (KHTML, like Gecko) snap Chromium/75.0.3770.142 Chrome/75.0.3770.142 Safari/537.36"
176.123.7.98 - - [11/Jan/2025:07:47:21 -0500] "GET //tacafoundation.org/wp-content/plugins/charite-core/assets/js/progressbar.js HTTP/1.1" 404 1251 "-" "Mozilla/5.0 (Windows NT 10.0; Win64; x64) AppleWebKit/537.36 (KHTML, like Gecko) Chrome/74.0.3729.157 Safari/537.36"
176.123.7.98 - - [11/Jan/2025:07:47:21 -0500] "GET //tacafoundation.org/wp-content/plugins/charite-core/assets/js/slick.min.js HTTP/1.1" 404 1251 "-" "Mozilla/5.0 (Linux; U; Android 2.2; en-us; ADR6300 Build/FRF91) AppleWebKit/533.1 (KHTML, like Gecko) Version/4.0 Mobile Safari/533.1"
176.123.7.98 - - [11/Jan/2025:07:47:21 -0500] "GET //tacafoundation.org/wp-content/plugins/charite-core/assets/js/nice-select.min.js HTTP/1.1" 404 1251 "-" "Mozilla/5.0 (Linux; Android 9; Redmi Note 7 Build/PKQ1.180904.001) AppleWebKit/537.36 (KHTML, like Gecko) SamsungBrowser/9.4 Chrome/67.0.3396.87 Mobile Safari/537.36"
176.123.7.98 - - [11/Jan/2025:07:47:21 -0500] "GET //tacafoundation.org/wp-content/plugins/contact-form-7/includes/js/index.js HTTP/1.1" 404 1251 "-" "Mozilla/5.0 (Linux; Android 7.0; SM-T819) AppleWebKit/537.36 (KHTML, like Gecko) Chrome/76.0.3809.111 Safari/537.36"
176.123.7.98 - - [11/Jan/2025:07:47:21 -0500] "GET //tacafoundation.org/wp-content/plugins/charite-core/assets/js/isotope.min.js HTTP/1.1" 404 1251 "-" "NetSurf/1.2 (NetBSD; amd64)"
176.123.7.98 - - [11/Jan/2025:07:47:21 -0500] "GET //tacafoundation.org/wp-content/plugins/contact-form-7/includes/swv/js/index.js HTTP/1.1" 404 1251 "-" "Mozilla/5.0 (Windows NT 6.1; Win64; x64) AppleWebKit/537.36 (KHTML, like Gecko) Chrome/72.0.3626.121 Safari/537.36"
176.123.7.98 - - [11/Jan/2025:07:47:21 -0500] "GET //tacafoundation.org/wp-content/plugins/elementor/assets/js/frontend-modules.min.js HTTP/1.1" 404 1251 "-" "Mozilla/5.0 (Linux; Android 9; ASUS_X00TD) AppleWebKit/537.36 (KHTML, like Gecko) Chrome/76.0.3809.111 Mobile Safari/537.36"
176.123.7.98 - - [11/Jan/2025:07:47:21 -0500] "GET //tacafoundation.org/wp-content/plugins/elementor/assets/js/webpack.runtime.min.js HTTP/1.1" 404 1251 "-" "Opera/9.30 (Nintendo Wii; U; ; 2047-7; en)"
176.123.7.98 - - [11/Jan/2025:07:47:21 -0500] "GET //tacafoundation.org/wp-content/plugins/give/assets/dist/js/give-donation-summary.js HTTP/1.1" 404 1251 "-" "Mozilla/5.0 (Windows NT 10.0) AppleWebKit/537.36 (KHTML, like Gecko) Chrome/60.0.3112.91 Safari/537.36 Vivaldi/1.92.917.39"
176.123.7.98 - - [11/Jan/2025:07:47:21 -0500] "GET //tacafoundation.org/wp-content/plugins/give/assets/dist/js/give.js HTTP/1.1" 404 1251 "-" "Mozilla/5.0 (X11; U; Linux i686; en-US; rv:1.9.0.11) Gecko/2009060309 Ubuntu/9.10 (karmic) Firefox/3.0.11"
176.123.7.98 - - [11/Jan/2025:07:47:21 -0500] "GET //tacafoundation.org/wp-content/plugins/elementor/assets/js/frontend.min.js HTTP/1.1" 404 1251 "-" "Mozilla/5.0 (X11; Linux x86_64) AppleWebKit/537.36 (KHTML, like Gecko) Ubuntu Chromium/73.0.3683.86 Chrome/73.0.3683.86 Safari/537.36"
176.123.7.98 - - [11/Jan/2025:07:47:21 -0500] "GET //tacafoundation.org/wp-content/plugins/paystack-for-give/public/js/paystack-give-public.js HTTP/1.1" 404 1251 "-" "Mozilla/5.0 (Windows NT 6.1; Win64; x64) AppleWebKit/537.36 (KHTML, like Gecko) Chrome/75.0.3770.142 Safari/537.36"
176.123.7.98 - - [11/Jan/2025:07:47:21 -0500] "GET //tacafoundation.org/wp-content/themes/charite/assets/js/bootstrap.min.js HTTP/1.1" 404 1251 "-" "Mozilla/5.0 (Linux; Android 9; Mi MIX 2S) AppleWebKit/537.36 (KHTML, like Gecko) Chrome/76.0.3809.111 Mobile Safari/537.36"
176.123.7.98 - - [11/Jan/2025:07:47:21 -0500] "GET //tacafoundation.org/wp-content/themes/charite/assets/js/main.js HTTP/1.1" 404 1251 "-" "Mozilla/4.0 (compatible; MSIE 6.0; Windows NT 5.1)"
176.123.7.98 - - [11/Jan/2025:07:47:21 -0500] "GET //tacafoundation.org/wp-includes/js/dist/hooks.min.js HTTP/1.1" 404 1251 "-" "Mozilla/5.0 (Linux; Android 9; ONEPLUS A6003) AppleWebKit/537.36 (KHTML, like Gecko) Chrome/76.0.3809.89 Mobile Safari/537.36"
176.123.7.98 - - [11/Jan/2025:07:47:21 -0500] "GET //tacafoundation.org/wp-content/themes/charite/assets/js/meanmenu.js HTTP/1.1" 404 1251 "-" "Mozilla/5.0 (Macintosh; Intel Mac OS X 10_14_3) AppleWebKit/537.36 (KHTML, like Gecko) Chrome/75.0.3770.100 Safari/537.36"
176.123.7.98 - - [11/Jan/2025:07:47:21 -0500] "GET //tacafoundation.org/wp-includes/js/dist/i18n.min.js HTTP/1.1" 404 1251 "-" "Mozilla/5.0 (X11; Linux i686 on x86_64; rv:2.0.1) Gecko/20100101 Firefox/4.0.1"
176.123.7.98 - - [11/Jan/2025:07:47:22 -0500] "GET //cdnjs.cloudflare.com/ajax/libs/OwlCarousel2/2.3.4/owl.carousel.min.js HTTP/1.1" 404 1251 "-" "Mozilla/5.0 (Macintosh; U; Intel Mac OS X 10.5; en-US; rv:1.9.1) Gecko/20090624 Firefox/3.5"
176.123.7.98 - - [11/Jan/2025:07:47:22 -0500] "GET //tacafoundation.org/wp-includes/js/jquery/jquery-migrate.min.js HTTP/1.1" 404 1251 "-" "Mozilla/5.0 (Macintosh; Intel Mac OS X 10_14_6) AppleWebKit/537.36 (KHTML, like Gecko) Chrome/76.0.3809.87 Safari/537.36"
176.123.7.98 - - [11/Jan/2025:07:47:22 -0500] "GET //tacafoundation.org/wp-content/plugins/charite-core/assets/js/appear.min.js HTTP/1.1" 404 1251 "-" "Mozilla/5.0 (iPod; U; CPU iPhone OS 2_2_1 like Mac OS X; en-us) AppleWebKit/525.18.1 (KHTML, like Gecko) Version/3.1.1 Mobile/5H11a Safari/525.20"
176.123.7.98 - - [11/Jan/2025:07:47:22 -0500] "GET //tacafoundation.org/wp-includes/js/jquery/ui/core.min.js HTTP/1.1" 404 1251 "-" "Mozilla/5.0 (X11; Linux x86_64) AppleWebKit/537.36 (KHTML, like Gecko) Chrome/74.0.3729.131 Safari/537.36"
176.123.7.98 - - [11/Jan/2025:07:47:22 -0500] "GET //tacafoundation.org/wp-includes/js/jquery/jquery.min.js HTTP/1.1" 404 1251 "-" "Mozilla/5.0 (X11; Linux x86_64) AppleWebKit/537.36 (KHTML, like Gecko) Ubuntu Chromium/65.0.3325.181 Chrome/65.0.3325.181 Safari/537.36"
176.123.7.98 - - [11/Jan/2025:07:47:22 -0500] "GET /wp-emoji-release.min.js HTTP/1.1" 404 1251 "-" "Mozilla/5.0 (Linux; U; Android 4.0.3; de-ch; HTC Sensation Build/IML74K) AppleWebKit/534.30 (KHTML, like Gecko) Version/4.0 Mobile Safari/534.30"
176.123.7.98 - - [11/Jan/2025:07:47:22 -0500] "GET //tacafoundation.org/wp-content/plugins/charite-core/assets/js/elementor-script.js HTTP/1.1" 404 1251 "-" "Mozilla/5.0 (Windows NT 6.2; ARM; Trident/7.0; Touch; rv:11.0; WPDesktop; NOKIA; Lumia 635) like Gecko"
176.123.7.98 - - [11/Jan/2025:07:47:22 -0500] "GET //tacafoundation.org/wp-content/plugins/charite-core/assets/js/circle-progress.min.js HTTP/1.1" 404 1251 "-" "Mozilla/5.0 (Linux; Android 9; LG-H930) AppleWebKit/537.36 (KHTML, like Gecko) Chrome/76.0.3809.111 Mobile Safari/537.36"
176.123.7.98 - - [11/Jan/2025:07:47:35 -0500] "GET //cdnjs.cloudflare.com/ajax/libs/OwlCarousel2/2.3.4/owl.carousel.min.js HTTP/1.1" 404 1251 "-" "Mozilla/5.0 (Windows NT 6.1; WOW64) AppleWebKit/537.36 (KHTML, like Gecko) Chrome/70.0.3538.25 Safari/537.36 Core/1.70.3704.400 QQBrowser/10.4.3587.400"
176.123.7.98 - - [11/Jan/2025:07:47:36 -0500] "GET //tacafoundation.org/wp-content/plugins/charite-core/assets/js/circle-progress.min.js HTTP/1.1" 404 1251 "-" "Mozilla/5.0 (X11; U; Linux arm7tdmi; rv:1.8.1.11) Gecko/20071130 Minimo/0.025"
176.123.7.98 - - [11/Jan/2025:07:47:36 -0500] "GET //tacafoundation.org/wp-content/plugins/charite-core/assets/js/elementor-script.js HTTP/1.1" 404 1251 "-" "Opera/9.80 (X11; Linux i686) Presto/2.12.388 Version/12.16"
176.123.7.98 - - [11/Jan/2025:07:47:36 -0500] "GET //tacafoundation.org/wp-content/plugins/charite-core/assets/js/isotope.min.js HTTP/1.1" 404 1251 "-" "Mozilla/5.0 (Windows NT 10.0; Win64; x64) AppleWebKit/537.36 (KHTML, like Gecko) Chrome/78.0.3890.0 Safari/537.36"
176.123.7.98 - - [11/Jan/2025:07:47:36 -0500] "GET //tacafoundation.org/wp-content/plugins/charite-core/assets/js/imageload.min.js HTTP/1.1" 404 1251 "-" "Mozilla/5.0 (Macintosh; Intel Mac OS X 10_13_6) AppleWebKit/537.36 (KHTML, like Gecko) Chrome/75.0.3770.142 Safari/537.36"
176.123.7.98 - - [11/Jan/2025:07:47:36 -0500] "GET //tacafoundation.org/wp-content/plugins/charite-core/assets/js/appear.min.js HTTP/1.1" 404 1251 "-" "Mozilla/5.0 (Macintosh; Intel Mac OS X 10_13_6) AppleWebKit/537.36 (KHTML, like Gecko) Chrome/68.0.3440.84 Safari/537.36"
176.123.7.98 - - [11/Jan/2025:07:47:36 -0500] "GET //tacafoundation.org/wp-content/plugins/charite-core/assets/js/magnific.min.js HTTP/1.1" 404 1251 "-" "Mozilla/5.0 (Windows NT 10.0; Win64; x64) AppleWebKit/537.36 (KHTML, like Gecko) Chrome/73.0.3683.75 Safari/537.36"
176.123.7.98 - - [11/Jan/2025:07:47:36 -0500] "GET //tacafoundation.org/wp-content/plugins/contact-form-7/includes/js/index.js HTTP/1.1" 404 1251 "-" "Mozilla/5.0 (Macintosh; Intel Mac OS X 10_14_5) AppleWebKit/537.36 (KHTML, like Gecko) Chrome/75.0.3770.100 Safari/537.36"
176.123.7.98 - - [11/Jan/2025:07:47:36 -0500] "GET //tacafoundation.org/wp-content/plugins/charite-core/assets/js/nice-select.min.js HTTP/1.1" 404 1251 "-" "Mozilla/5.0 (Windows NT 6.1; WOW64) AppleWebKit/537.1 (KHTML, like Gecko) Chrome/22.0.1207.1 Safari/537.1"
176.123.7.98 - - [11/Jan/2025:07:47:36 -0500] "GET //tacafoundation.org/wp-content/plugins/charite-core/assets/js/slick.min.js HTTP/1.1" 404 1251 "-" "Mozilla/5.0 (Linux; Android 7.0; Nexus 9 Build/NRD90R) AppleWebKit/537.36 (KHTML, like Gecko) Chrome/53.0.2785.124 Safari/537.36"
176.123.7.98 - - [11/Jan/2025:07:47:36 -0500] "GET //tacafoundation.org/wp-content/plugins/charite-core/assets/js/progressbar.js HTTP/1.1" 404 1251 "-" "Mozilla/5.0 (Macintosh; Intel Mac OS X 10_10_3) AppleWebKit/537.36 (KHTML, like Gecko) Chrome/76.0.3809.100 Safari/537.36"
176.123.7.98 - - [11/Jan/2025:07:47:36 -0500] "GET //tacafoundation.org/wp-content/plugins/contact-form-7/includes/swv/js/index.js HTTP/1.1" 404 1251 "-" "Mozilla/5.0 (Macintosh; Intel Mac OS X 10_12_4) AppleWebKit/537.36 (KHTML, like Gecko) Chrome/76.0.3809.100 Safari/537.36"
176.123.7.98 - - [11/Jan/2025:07:47:36 -0500] "GET //tacafoundation.org/wp-content/plugins/elementor/assets/js/frontend.min.js HTTP/1.1" 404 1251 "-" "Avant Browser/1.2.789rel1 (http://www.avantbrowser.com)"
176.123.7.98 - - [11/Jan/2025:07:47:36 -0500] "GET //tacafoundation.org/wp-content/plugins/elementor/assets/js/frontend-modules.min.js HTTP/1.1" 404 1251 "-" "Mozilla/5.0 (Macintosh; Intel Mac OS X 10_14_0) AppleWebKit/537.36 (KHTML, like Gecko) Chrome/76.0.3809.100 Safari/537.36"
176.123.7.98 - - [11/Jan/2025:07:47:36 -0500] "GET //tacafoundation.org/wp-content/plugins/give/assets/dist/js/give-donation-summary.js HTTP/1.1" 404 1251 "-" "Mozilla/5.0 (Macintosh; Intel Mac OS X 10_14_4) AppleWebKit/537.36 (KHTML, like Gecko) Chrome/76.0.3809.87 Safari/537.36"
176.123.7.98 - - [11/Jan/2025:07:47:36 -0500] "GET //tacafoundation.org/wp-content/plugins/elementor/assets/js/webpack.runtime.min.js HTTP/1.1" 404 1251 "-" "Mozilla/5.0 (X11; U; Linux i686; en-US) AppleWebKit/534.15 (KHTML, like Gecko) Ubuntu/10.10 Chromium/10.0.613.0 Chrome/10.0.613.0 Safari/534.15"
176.123.7.98 - - [11/Jan/2025:07:47:36 -0500] "GET //tacafoundation.org/wp-content/plugins/give/assets/dist/js/give.js HTTP/1.1" 404 1251 "-" "Mozilla/5.0 (Linux; U; Android 9; en-US; ASUS_X00TD Build/PKQ1) AppleWebKit/537.36 (KHTML, like Gecko) Version/4.0 Chrome/57.0.2987.108 UCBrowser/12.12.8.1206 Mobile Safari/537.36"
176.123.7.98 - - [11/Jan/2025:07:47:36 -0500] "GET //tacafoundation.org/wp-content/plugins/paystack-for-give/public/js/paystack-give-public.js HTTP/1.1" 404 1251 "-" "Mozilla/5.0 (Windows NT 6.1; WOW64) AppleWebKit/537.36 (KHTML, like Gecko) Chrome/70.0.3538.25 Safari/537.36 Core/1.70.3722.400 QQBrowser/10.5.3738.400"
176.123.7.98 - - [11/Jan/2025:07:47:36 -0500] "GET //tacafoundation.org/wp-content/themes/charite/assets/js/main.js HTTP/1.1" 404 1251 "-" "Mozilla/5.0 (Macintosh; Intel Mac OS X 10_14_2) AppleWebKit/537.36 (KHTML, like Gecko) Chrome/76.0.3809.100 Safari/537.36"
176.123.7.98 - - [11/Jan/2025:07:47:36 -0500] "GET //tacafoundation.org/wp-content/themes/charite/assets/js/meanmenu.js HTTP/1.1" 404 1251 "-" "Mozilla/5.0 (Macintosh; Intel Mac OS X 10_14_3) AppleWebKit/537.36 (KHTML, like Gecko) Chrome/75.0.3770.142 Safari/537.36"
176.123.7.98 - - [11/Jan/2025:07:47:36 -0500] "GET //tacafoundation.org/wp-includes/js/dist/i18n.min.js HTTP/1.1" 404 1251 "-" "Mozilla/5.0 (X11; U; Linux i686; en-US; rv:1.9.1.2) Gecko/20090803 Ubuntu/9.04 (jaunty) Shiretoko/3.5.2"
176.123.7.98 - - [11/Jan/2025:07:47:36 -0500] "GET //tacafoundation.org/wp-content/themes/charite/assets/js/bootstrap.min.js HTTP/1.1" 404 1251 "-" "MOT-L7v/08.B7.5DR MIB/2.2.1 Profile/MIDP-2.0 Configuration/CLDC-1.1 UP.Link/6.3.0.0.0"
176.123.7.98 - - [11/Jan/2025:07:47:36 -0500] "GET //tacafoundation.org/wp-includes/js/dist/hooks.min.js HTTP/1.1" 404 1251 "-" "Mozilla/5.0 (Windows NT 10.0; WOW64) AppleWebKit/537.36 (KHTML, like Gecko) Chrome/74.0.3729.131 Safari/537.36"
176.123.7.98 - - [11/Jan/2025:07:47:36 -0500] "GET //tacafoundation.org/wp-includes/js/jquery/jquery.min.js HTTP/1.1" 404 1251 "-" "Mozilla/5.0 (iPad; CPU OS 13_0 like Mac OS X) AppleWebKit/605.1.15 (KHTML, like Gecko) GSA/79.0.259819395 Mobile/17A5556d Safari/604.1"
176.123.7.98 - - [11/Jan/2025:07:47:36 -0500] "GET //tacafoundation.org/wp-includes/js/jquery/ui/core.min.js HTTP/1.1" 404 1251 "-" "Mozilla/5.0 (iPhone; CPU iPhone OS 9_2 like Mac OS X) AppleWebKit/601.1.46 (KHTML, like Gecko) Version/9.0 Mobile/13C75 Safari/601.1"
176.123.7.98 - - [11/Jan/2025:07:47:36 -0500] "GET //tacafoundation.org/wp-includes/js/jquery/jquery-migrate.min.js HTTP/1.1" 404 1251 "-" "Mozilla/5.0 (Windows NT 10.0; WOW64) AppleWebKit/537.36 (KHTML, like Gecko) Chrome/76.0.3809.25 Safari/537.36"
176.123.7.98 - - [11/Jan/2025:07:47:36 -0500] "GET /wp-emoji-release.min.js HTTP/1.1" 404 1251 "-" "Opera/8.01 (J2ME/MIDP; Opera Mini/1.0.1479/HiFi; SonyEricsson P900; no; U; ssr)"
66.249.79.1 - - [11/Jan/2025:07:52:19 -0500] "GET /commodity/B493299?c=goods&t=lic HTTP/1.1" 404 1251 "-" "Mozilla/5.0 (Linux; Android 6.0.1; Nexus 5X Build/MMB29P) AppleWebKit/537.36 (KHTML, like Gecko) Chrome/131.0.6778.264 Mobile Safari/537.36 (compatible; Googlebot/2.1; +http://www.google.com/bot.html)"
66.249.79.173 - - [11/Jan/2025:08:02:05 -0500] "GET /credits.php/goods/B?283583=passivity HTTP/1.1" 404 1251 "-" "Mozilla/5.0 (Linux; Android 6.0.1; Nexus 5X Build/MMB29P) AppleWebKit/537.36 (KHTML, like Gecko) Chrome/131.0.6778.264 Mobile Safari/537.36 (compatible; Googlebot/2.1; +http://www.google.com/bot.html)"
66.249.79.8 - - [11/Jan/2025:08:04:44 -0500] "GET /commodity/T193121?c=goods&t=lic HTTP/1.1" 404 1251 "-" "Mozilla/5.0 (Linux; Android 6.0.1; Nexus 5X Build/MMB29P) AppleWebKit/537.36 (KHTML, like Gecko) Chrome/131.0.6778.264 Mobile Safari/537.36 (compatible; Googlebot/2.1; +http://www.google.com/bot.html)"
66.249.79.160 - - [11/Jan/2025:08:07:02 -0500] "GET /commodity/108287.html?product HTTP/1.1" 404 1251 "-" "Mozilla/5.0 (Linux; Android 6.0.1; Nexus 5X Build/MMB29P) AppleWebKit/537.36 (KHTML, like Gecko) Chrome/131.0.6778.264 Mobile Safari/537.36 (compatible; Googlebot/2.1; +http://www.google.com/bot.html)"
66.29.132.124 - - [11/Jan/2025:08:15:17 -0500] "POST /wp-cron.php?doing_wp_cron=1736601317.6405820846557617187500 HTTP/1.1" 200 0 "-" "WordPress/6.7.1; https://tacafoundation.org"
162.0.213.193 - - [11/Jan/2025:08:15:14 -0500] "GET /wp-login.php HTTP/1.1" 200 2157 "http://www.tacafoundation.org/wp-login.php" "Mozilla/5.0 (X11; Fedora; Linux x86_64; rv:94.0) Gecko/20100101 Firefox/95.0"
162.0.213.193 - - [11/Jan/2025:08:15:17 -0500] "GET /?author=1 HTTP/1.1" 301 0 "http://www.tacafoundation.org///?author=1" "Mozilla/5.0 (X11; Fedora; Linux x86_64; rv:94.0) Gecko/20100101 Firefox/95.0"
162.0.213.193 - - [11/Jan/2025:08:15:18 -0500] "GET /author/ceeliacom/ HTTP/1.1" 404 1251 "https://www.tacafoundation.org/?author=1" "Mozilla/5.0 (X11; Fedora; Linux x86_64; rv:94.0) Gecko/20100101 Firefox/95.0"
66.29.132.124 - - [11/Jan/2025:08:15:17 -0500] "POST /wp-admin/admin-ajax.php?action=async_litespeed&nonce=HwJa7MIiPqS36Mr1GVUGa4i5JCcgKyen&litespeed_type=imgoptm HTTP/1.1" 200 21 "-" "WordPress/6.7.1; https://tacafoundation.org"
66.249.79.1 - - [11/Jan/2025:08:22:11 -0500] "GET /commodity/962787YS.html?key=H HTTP/1.1" 404 1251 "-" "Mozilla/5.0 (Linux; Android 6.0.1; Nexus 5X Build/MMB29P) AppleWebKit/537.36 (KHTML, like Gecko) Chrome/131.0.6778.264 Mobile Safari/537.36 (compatible; Googlebot/2.1; +http://www.google.com/bot.html)"
66.249.79.160 - - [11/Jan/2025:08:23:36 -0500] "GET /post.php/commodity/191429.html?product HTTP/1.1" 404 1251 "-" "Mozilla/5.0 (Linux; Android 6.0.1; Nexus 5X Build/MMB29P) AppleWebKit/537.36 (KHTML, like Gecko) Chrome/131.0.6778.264 Mobile Safari/537.36 (compatible; Googlebot/2.1; +http://www.google.com/bot.html)"
94.228.162.228 - - [11/Jan/2025:08:34:53 -0500] "GET /wp-content/plugins/give/readme.txt HTTP/1.1" 200 16752 "-" "Mozilla/5.0 (Macintosh; Intel Mac OS X 10.9; rv:45.0) Gecko/20100101 Firefox/45.0"
144.126.222.14 - - [11/Jan/2025:09:03:32 -0500] "GET / HTTP/1.1" 200 23499 "-" "Mozilla/5.0 (compatible)"
144.126.222.14 - - [11/Jan/2025:09:03:32 -0500] "GET /wp-content/uploads/2023/08/cropped-cropped-Logo-3-32x32.png HTTP/1.1" 200 1178 "https://tacafoundation.org/" "Mozilla/5.0 (compatible)"
66.249.79.2 - - [11/Jan/2025:09:35:25 -0500] "GET /commodity/1275622LS.html?key=K HTTP/1.1" 404 1251 "-" "Mozilla/5.0 (Linux; Android 6.0.1; Nexus 5X Build/MMB29P) AppleWebKit/537.36 (KHTML, like Gecko) Chrome/131.0.6778.264 Mobile Safari/537.36 (compatible; Googlebot/2.1; +http://www.google.com/bot.html)"
51.8.102.230 - - [11/Jan/2025:09:41:24 -0500] "GET /robots.txt HTTP/1.1" 404 1251 "-" "Mozilla/5.0 AppleWebKit/537.36 (KHTML, like Gecko); compatible; OAI-SearchBot/1.0; +https://openai.com/searchbot"
51.8.102.230 - - [11/Jan/2025:09:41:25 -0500] "GET /robots.txt HTTP/1.1" 404 1251 "-" "Mozilla/5.0 AppleWebKit/537.36 (KHTML, like Gecko); compatible; OAI-SearchBot/1.0; +https://openai.com/searchbot"
51.222.253.9 - - [11/Jan/2025:10:00:36 -0500] "GET /robots.txt HTTP/1.1" 404 1251 "-" "Mozilla/5.0 (compatible; AhrefsBot/7.0; +http://ahrefs.com/robot/)"
66.249.79.8 - - [11/Jan/2025:10:12:03 -0500] "GET /commodity/X579095?c=goods&t=lic HTTP/1.1" 404 1251 "-" "Mozilla/5.0 (Linux; Android 6.0.1; Nexus 5X Build/MMB29P) AppleWebKit/537.36 (KHTML, like Gecko) Chrome/131.0.6778.264 Mobile Safari/537.36 (compatible; Googlebot/2.1; +http://www.google.com/bot.html)"
195.191.219.131 - - [11/Jan/2025:10:24:10 -0500] "GET /robots.txt HTTP/1.1" 404 1251 "-" "Mozilla/5.0 (compatible; MJ12bot/v1.4.8; http://mj12bot.com/)"
195.191.219.131 - - [11/Jan/2025:10:24:12 -0500] "GET / HTTP/1.1" 200 19613 "-" "Mozilla/5.0 (compatible; MJ12bot/v1.4.8; http://mj12bot.com/)"
66.249.79.2 - - [11/Jan/2025:10:35:21 -0500] "GET /commodity/F935329?c=goods&t=lic HTTP/1.1" 404 1251 "-" "Mozilla/5.0 (Linux; Android 6.0.1; Nexus 5X Build/MMB29P) AppleWebKit/537.36 (KHTML, like Gecko) Chrome/131.0.6778.264 Mobile Safari/537.36 (compatible; Googlebot/2.1; +http://www.google.com/bot.html)"
40.69.23.58 - - [11/Jan/2025:10:37:30 -0500] "GET /autoload_classmap.php HTTP/1.1" 404 1251 "-" "-"
40.69.23.58 - - [11/Jan/2025:10:37:30 -0500] "GET /post.php HTTP/1.1" 404 1251 "-" "-"
40.69.23.58 - - [11/Jan/2025:10:37:30 -0500] "GET /1.php HTTP/1.1" 404 1251 "-" "-"
40.69.23.58 - - [11/Jan/2025:10:37:31 -0500] "GET /flower.php HTTP/1.1" 404 1251 "-" "-"
40.69.23.58 - - [11/Jan/2025:10:37:31 -0500] "GET /admin.php HTTP/1.1" 404 1251 "-" "-"
40.69.23.58 - - [11/Jan/2025:10:37:31 -0500] "GET /file.php HTTP/1.1" 404 1251 "-" "-"
40.69.23.58 - - [11/Jan/2025:10:37:32 -0500] "GET /meta.php HTTP/1.1" 404 1251 "-" "-"
66.29.132.124 - - [11/Jan/2025:10:37:35 -0500] "POST /wp-cron.php?doing_wp_cron=1736609855.7539629936218261718750 HTTP/1.1" 200 0 "-" "WordPress/6.7.1; https://tacafoundation.org"
40.69.23.58 - - [11/Jan/2025:10:37:32 -0500] "GET /index.php HTTP/1.1" 301 0 "-" "-"
40.69.23.58 - - [11/Jan/2025:10:37:35 -0500] "GET / HTTP/1.1" 200 108798 "-" "-"
66.29.132.124 - - [11/Jan/2025:10:37:36 -0500] "POST /wp-admin/admin-ajax.php?action=async_litespeed&nonce=271Ua9jIPPFjHUFQLRkpCFMrZyhjGIIa&litespeed_type=imgoptm HTTP/1.1" 200 21 "-" "WordPress/6.7.1; https://tacafoundation.org"
40.69.23.58 - - [11/Jan/2025:10:37:36 -0500] "GET /about.php HTTP/1.1" 404 1251 "-" "-"
40.69.23.58 - - [11/Jan/2025:10:37:37 -0500] "GET /randkeyword.php HTTP/1.1" 404 1251 "-" "-"
40.69.23.58 - - [11/Jan/2025:10:37:37 -0500] "GET /goods.php HTTP/1.1" 404 1251 "-" "-"
40.69.23.58 - - [11/Jan/2025:10:37:37 -0500] "GET /hehe.php HTTP/1.1" 404 1251 "-" "-"
40.69.23.58 - - [11/Jan/2025:10:37:38 -0500] "GET /user.php HTTP/1.1" 404 1251 "-" "-"
40.69.23.58 - - [11/Jan/2025:10:37:38 -0500] "GET /wp-2019.php HTTP/1.1" 404 1251 "-" "-"
40.69.23.58 - - [11/Jan/2025:10:37:38 -0500] "GET /chosen.php HTTP/1.1" 404 1251 "-" "-"
40.69.23.58 - - [11/Jan/2025:10:37:39 -0500] "GET /functions.php HTTP/1.1" 404 1251 "-" "-"
40.69.23.58 - - [11/Jan/2025:10:37:39 -0500] "GET /cron.php HTTP/1.1" 404 1251 "-" "-"
40.69.23.58 - - [11/Jan/2025:10:37:39 -0500] "GET /edit.php HTTP/1.1" 404 1251 "-" "-"
40.69.23.58 - - [11/Jan/2025:10:37:40 -0500] "GET /gecko-new.php HTTP/1.1" 404 1251 "-" "-"
40.69.23.58 - - [11/Jan/2025:10:37:40 -0500] "GET /cookie.php HTTP/1.1" 404 1251 "-" "-"
40.69.23.58 - - [11/Jan/2025:10:37:40 -0500] "GET /xleet.php HTTP/1.1" 404 1251 "-" "-"
40.69.23.58 - - [11/Jan/2025:10:37:40 -0500] "GET /spip.php HTTP/1.1" 404 1251 "-" "-"
40.69.23.58 - - [11/Jan/2025:10:37:41 -0500] "GET /22.php HTTP/1.1" 404 1251 "-" "-"
40.69.23.58 - - [11/Jan/2025:10:37:41 -0500] "GET /room.php HTTP/1.1" 404 1251 "-" "-"
40.69.23.58 - - [11/Jan/2025:10:37:41 -0500] "GET /disagreed.php HTTP/1.1" 404 1251 "-" "-"
40.69.23.58 - - [11/Jan/2025:10:37:42 -0500] "GET /text.php HTTP/1.1" 404 1251 "-" "-"
40.69.23.58 - - [11/Jan/2025:10:37:42 -0500] "GET /alfa-rex.php HTTP/1.1" 404 1251 "-" "-"
40.69.23.58 - - [11/Jan/2025:10:37:42 -0500] "GET /alfa-rex.php7 HTTP/1.1" 404 1251 "-" "-"
40.69.23.58 - - [11/Jan/2025:10:37:43 -0500] "GET /feeds.php HTTP/1.1" 404 1251 "-" "-"
40.69.23.58 - - [11/Jan/2025:10:37:43 -0500] "GET /radio.php HTTP/1.1" 404 1251 "-" "-"
40.69.23.58 - - [11/Jan/2025:10:37:43 -0500] "GET /dropdown.php HTTP/1.1" 404 1251 "-" "-"
40.69.23.58 - - [11/Jan/2025:10:37:44 -0500] "GET /defaults.php HTTP/1.1" 404 1251 "-" "-"
40.69.23.58 - - [11/Jan/2025:10:37:44 -0500] "GET /system.php HTTP/1.1" 404 1251 "-" "-"
40.69.23.58 - - [11/Jan/2025:10:37:45 -0500] "GET /colors.php HTTP/1.1" 404 1251 "-" "-"
40.69.23.58 - - [11/Jan/2025:10:37:45 -0500] "GET /updates.php HTTP/1.1" 404 1251 "-" "-"
40.69.23.58 - - [11/Jan/2025:10:37:45 -0500] "GET /alfa-rex1.php HTTP/1.1" 404 1251 "-" "-"
40.69.23.58 - - [11/Jan/2025:10:37:46 -0500] "GET /wp-index.php HTTP/1.1" 404 1251 "-" "-"
40.69.23.58 - - [11/Jan/2025:10:37:46 -0500] "GET /wp-admin.php HTTP/1.1" 404 1251 "-" "-"
40.69.23.58 - - [11/Jan/2025:10:37:46 -0500] "GET /alfa.php HTTP/1.1" 404 1251 "-" "-"
40.69.23.58 - - [11/Jan/2025:10:37:47 -0500] "GET /alfanew.php7 HTTP/1.1" 404 1251 "-" "-"
40.69.23.58 - - [11/Jan/2025:10:37:47 -0500] "GET /locale.php HTTP/1.1" 404 1251 "-" "-"
40.69.23.58 - - [11/Jan/2025:10:37:47 -0500] "GET /wxo.php HTTP/1.1" 404 1251 "-" "-"
40.69.23.58 - - [11/Jan/2025:10:37:48 -0500] "GET /colour.php HTTP/1.1" 404 1251 "-" "-"
40.69.23.58 - - [11/Jan/2025:10:37:48 -0500] "GET /files.php HTTP/1.1" 404 1251 "-" "-"
40.69.23.58 - - [11/Jan/2025:10:37:48 -0500] "GET /install.php HTTP/1.1" 404 1251 "-" "-"
40.69.23.58 - - [11/Jan/2025:10:37:48 -0500] "GET /wp-contentt.php HTTP/1.1" 404 1251 "-" "-"
40.69.23.58 - - [11/Jan/2025:10:37:49 -0500] "GET /config.php7 HTTP/1.1" 404 1251 "-" "-"
40.69.23.58 - - [11/Jan/2025:10:37:49 -0500] "GET /config.php HTTP/1.1" 404 1251 "-" "-"
40.69.23.58 - - [11/Jan/2025:10:37:49 -0500] "GET /theme.php HTTP/1.1" 404 1251 "-" "-"
40.69.23.58 - - [11/Jan/2025:10:37:50 -0500] "GET /block-bindings.php HTTP/1.1" 404 1251 "-" "-"
40.69.23.58 - - [11/Jan/2025:10:37:50 -0500] "GET /class_api.php HTTP/1.1" 404 1251 "-" "-"
40.69.23.58 - - [11/Jan/2025:10:37:50 -0500] "GET /inputs.php HTTP/1.1" 404 1251 "-" "-"
40.69.23.58 - - [11/Jan/2025:10:37:51 -0500] "GET /root.php HTTP/1.1" 404 1251 "-" "-"
40.69.23.58 - - [11/Jan/2025:10:37:51 -0500] "GET /menu.php HTTP/1.1" 404 1251 "-" "-"
40.69.23.58 - - [11/Jan/2025:10:37:51 -0500] "GET /plugin.php HTTP/1.1" 404 1251 "-" "-"
40.69.23.58 - - [11/Jan/2025:10:37:52 -0500] "GET /cloud.php HTTP/1.1" 404 1251 "-" "-"
40.69.23.58 - - [11/Jan/2025:10:37:52 -0500] "GET /configs.php HTTP/1.1" 404 1251 "-" "-"
40.69.23.58 - - [11/Jan/2025:10:37:52 -0500] "GET /wp-configs.php HTTP/1.1" 404 1251 "-" "-"
40.69.23.58 - - [11/Jan/2025:10:37:53 -0500] "GET /update.php HTTP/1.1" 404 1251 "-" "-"
40.69.23.58 - - [11/Jan/2025:10:37:53 -0500] "GET /2.php HTTP/1.1" 404 1251 "-" "-"
40.69.23.58 - - [11/Jan/2025:10:37:53 -0500] "GET /input.php HTTP/1.1" 404 1251 "-" "-"
40.69.23.58 - - [11/Jan/2025:10:37:54 -0500] "GET /aaa.php HTTP/1.1" 404 1251 "-" "-"
66.249.79.8 - - [11/Jan/2025:10:43:50 -0500] "GET /commodity/Y984254?c=goods&t=lic HTTP/1.1" 404 1251 "-" "Mozilla/5.0 (Linux; Android 6.0.1; Nexus 5X Build/MMB29P) AppleWebKit/537.36 (KHTML, like Gecko) Chrome/131.0.6778.264 Mobile Safari/537.36 (compatible; Googlebot/2.1; +http://www.google.com/bot.html)"
66.249.79.1 - - [11/Jan/2025:11:03:51 -0500] "GET /commodity/H892639?c=goods&t=lic HTTP/1.1" 404 1251 "-" "Mozilla/5.0 (Linux; Android 6.0.1; Nexus 5X Build/MMB29P) AppleWebKit/537.36 (KHTML, like Gecko) Chrome/131.0.6778.264 Mobile Safari/537.36 (compatible; Googlebot/2.1; +http://www.google.com/bot.html)"
66.249.79.172 - - [11/Jan/2025:11:10:23 -0500] "GET /robots.txt HTTP/1.1" 404 1251 "-" "Mozilla/5.0 (compatible; Googlebot/2.1; +http://www.google.com/bot.html)"
66.249.79.1 - - [11/Jan/2025:11:20:38 -0500] "GET /post.php/commodity/Y328768?c=goods&t=lic HTTP/1.1" 404 1251 "-" "Mozilla/5.0 (Linux; Android 6.0.1; Nexus 5X Build/MMB29P) AppleWebKit/537.36 (KHTML, like Gecko) Chrome/131.0.6778.264 Mobile Safari/537.36 (compatible; Googlebot/2.1; +http://www.google.com/bot.html)"
66.249.79.2 - - [11/Jan/2025:11:22:56 -0500] "GET /commodity/A7228?c=goods&t=lic HTTP/1.1" 404 1251 "-" "Mozilla/5.0 (Linux; Android 6.0.1; Nexus 5X Build/MMB29P) AppleWebKit/537.36 (KHTML, like Gecko) Chrome/131.0.6778.264 Mobile Safari/537.36 (compatible; Googlebot/2.1; +http://www.google.com/bot.html)"
66.249.79.1 - - [11/Jan/2025:11:27:49 -0500] "GET /commodity/X816189?c=goods&t=lic HTTP/1.1" 404 1251 "-" "Mozilla/5.0 (Linux; Android 6.0.1; Nexus 5X Build/MMB29P) AppleWebKit/537.36 (KHTML, like Gecko) Chrome/131.0.6778.264 Mobile Safari/537.36 (compatible; Googlebot/2.1; +http://www.google.com/bot.html)"
66.249.79.2 - - [11/Jan/2025:11:28:19 -0500] "GET /commodity/1675312KS.html?key=C HTTP/1.1" 404 1251 "-" "Mozilla/5.0 (Linux; Android 6.0.1; Nexus 5X Build/MMB29P) AppleWebKit/537.36 (KHTML, like Gecko) Chrome/131.0.6778.264 Mobile Safari/537.36 (compatible; Googlebot/2.1; +http://www.google.com/bot.html)"
66.249.79.173 - - [11/Jan/2025:11:33:33 -0500] "GET /commodity/147518.html?product HTTP/1.1" 404 1251 "-" "Mozilla/5.0 (Linux; Android 6.0.1; Nexus 5X Build/MMB29P) AppleWebKit/537.36 (KHTML, like Gecko) Chrome/131.0.6778.264 Mobile Safari/537.36 (compatible; Googlebot/2.1; +http://www.google.com/bot.html)"
66.249.79.2 - - [11/Jan/2025:11:35:26 -0500] "GET /keyword/HOTTOYS HTTP/1.1" 404 1251 "-" "Mozilla/5.0 (Linux; Android 6.0.1; Nexus 5X Build/MMB29P) AppleWebKit/537.36 (KHTML, like Gecko) Chrome/131.0.6778.264 Mobile Safari/537.36 (compatible; Googlebot/2.1; +http://www.google.com/bot.html)"
66.249.79.173 - - [11/Jan/2025:11:37:24 -0500] "GET /commodity/679316.html?product HTTP/1.1" 404 1251 "-" "Mozilla/5.0 (Linux; Android 6.0.1; Nexus 5X Build/MMB29P) AppleWebKit/537.36 (KHTML, like Gecko) Chrome/131.0.6778.264 Mobile Safari/537.36 (compatible; Googlebot/2.1; +http://www.google.com/bot.html)"
66.249.79.172 - - [11/Jan/2025:11:41:05 -0500] "GET /goods/Q?476284=hesitantly HTTP/1.1" 404 1251 "-" "Mozilla/5.0 (Linux; Android 6.0.1; Nexus 5X Build/MMB29P) AppleWebKit/537.36 (KHTML, like Gecko) Chrome/131.0.6778.264 Mobile Safari/537.36 (compatible; Googlebot/2.1; +http://www.google.com/bot.html)"
66.249.79.2 - - [11/Jan/2025:11:49:37 -0500] "GET /commodity/W368780?c=goods&t=lic HTTP/1.1" 404 1251 "-" "Mozilla/5.0 (Linux; Android 6.0.1; Nexus 5X Build/MMB29P) AppleWebKit/537.36 (KHTML, like Gecko) Chrome/131.0.6778.264 Mobile Safari/537.36 (compatible; Googlebot/2.1; +http://www.google.com/bot.html)"
66.249.79.160 - - [11/Jan/2025:11:51:30 -0500] "GET /commodity/164589.html?product HTTP/1.1" 404 1251 "-" "Mozilla/5.0 (Linux; Android 6.0.1; Nexus 5X Build/MMB29P) AppleWebKit/537.36 (KHTML, like Gecko) Chrome/131.0.6778.264 Mobile Safari/537.36 (compatible; Googlebot/2.1; +http://www.google.com/bot.html)"
66.249.79.8 - - [11/Jan/2025:11:52:44 -0500] "GET /post.php/commodity/Z548677?c=goods&t=lic HTTP/1.1" 404 1251 "-" "Mozilla/5.0 (Linux; Android 6.0.1; Nexus 5X Build/MMB29P) AppleWebKit/537.36 (KHTML, like Gecko) Chrome/131.0.6778.264 Mobile Safari/537.36 (compatible; Googlebot/2.1; +http://www.google.com/bot.html)"
66.249.79.160 - - [11/Jan/2025:11:56:17 -0500] "GET /post.php/commodity/881457.html?product HTTP/1.1" 404 1251 "-" "Mozilla/5.0 (Linux; Android 6.0.1; Nexus 5X Build/MMB29P) AppleWebKit/537.36 (KHTML, like Gecko) Chrome/131.0.6778.264 Mobile Safari/537.36 (compatible; Googlebot/2.1; +http://www.google.com/bot.html)"
66.249.79.173 - - [11/Jan/2025:11:56:25 -0500] "GET /goods/P?25235=mythic HTTP/1.1" 404 1251 "-" "Mozilla/5.0 (Linux; Android 6.0.1; Nexus 5X Build/MMB29P) AppleWebKit/537.36 (KHTML, like Gecko) Chrome/131.0.6778.264 Mobile Safari/537.36 (compatible; Googlebot/2.1; +http://www.google.com/bot.html)"
66.249.79.199 - - [11/Jan/2025:12:04:32 -0500] "GET /post.php/commodity/726262.html?product HTTP/1.1" 404 1251 "-" "Mozilla/5.0 (Linux; Android 6.0.1; Nexus 5X Build/MMB29P) AppleWebKit/537.36 (KHTML, like Gecko) Chrome/131.0.6778.264 Mobile Safari/537.36 (compatible; Googlebot/2.1; +http://www.google.com/bot.html)"
51.8.102.88 - - [11/Jan/2025:12:54:43 -0500] "GET /robots.txt HTTP/1.1" 404 1251 "-" "Mozilla/5.0 AppleWebKit/537.36 (KHTML, like Gecko); compatible; OAI-SearchBot/1.0; +https://openai.com/searchbot"
51.8.102.88 - - [11/Jan/2025:12:54:43 -0500] "GET /robots.txt HTTP/1.1" 404 1251 "-" "Mozilla/5.0 AppleWebKit/537.36 (KHTML, like Gecko); compatible; OAI-SearchBot/1.0; +https://openai.com/searchbot"
66.249.79.173 - - [11/Jan/2025:13:30:50 -0500] "GET /post.php/commodity/896623.html?product HTTP/1.1" 404 1251 "-" "Mozilla/5.0 (Linux; Android 6.0.1; Nexus 5X Build/MMB29P) AppleWebKit/537.36 (KHTML, like Gecko) Chrome/131.0.6778.264 Mobile Safari/537.36 (compatible; Googlebot/2.1; +http://www.google.com/bot.html)"
66.249.79.96 - - [11/Jan/2025:13:35:31 -0500] "GET /robots.txt HTTP/1.1" 404 1251 "-" "Mozilla/5.0 (compatible; Googlebot/2.1; +http://www.google.com/bot.html)"
66.249.79.97 - - [11/Jan/2025:13:35:31 -0500] "GET /commodity/P451843?c=goods&t=lic HTTP/1.1" 404 1251 "-" "Mozilla/5.0 (Linux; Android 6.0.1; Nexus 5X Build/MMB29P) AppleWebKit/537.36 (KHTML, like Gecko) Chrome/131.0.6778.264 Mobile Safari/537.36 (compatible; Googlebot/2.1; +http://www.google.com/bot.html)"
66.249.79.107 - - [11/Jan/2025:13:41:36 -0500] "GET /commodity/C572860?c=goods&t=lic HTTP/1.1" 404 1251 "-" "Mozilla/5.0 (Linux; Android 6.0.1; Nexus 5X Build/MMB29P) AppleWebKit/537.36 (KHTML, like Gecko) Chrome/131.0.6778.264 Mobile Safari/537.36 (compatible; Googlebot/2.1; +http://www.google.com/bot.html)"
94.72.112.56 - - [11/Jan/2025:13:43:12 -0500] "GET /geju.php HTTP/1.1" 404 1251 "-" "Mozlila/5.0 (Linux; Android 7.0; SM-G892A Bulid/NRD90M; wv) AppleWebKit/537.36 (KHTML, like Gecko) Version/4.0 Chrome/60.0.3112.107 Moblie Safari/537.36"
94.72.112.56 - - [11/Jan/2025:13:44:02 -0500] "GET /wp.php HTTP/1.1" 404 1251 "-" "Mozlila/5.0 (Linux; Android 7.0; SM-G892A Bulid/NRD90M; wv) AppleWebKit/537.36 (KHTML, like Gecko) Version/4.0 Chrome/60.0.3112.107 Moblie Safari/537.36"
37.19.223.122 - - [11/Jan/2025:13:45:11 -0500] "GET / HTTP/1.0" 200 108798 "https://tacafoundation.org/" "Mozilla/5.0 (Windows NT 10.0; Win64; x64) AppleWebKit/537.36 (KHTML, like Gecko) Chrome/131.0.0.0 Safari/537.36 Avast/131.0.0.0"
94.72.112.56 - - [11/Jan/2025:13:45:11 -0500] "GET /hoot.php HTTP/1.1" 404 1251 "-" "Mozlila/5.0 (Linux; Android 7.0; SM-G892A Bulid/NRD90M; wv) AppleWebKit/537.36 (KHTML, like Gecko) Version/4.0 Chrome/60.0.3112.107 Moblie Safari/537.36"
66.29.132.124 - - [11/Jan/2025:13:45:19 -0500] "POST /wp-cron.php?doing_wp_cron=1736621119.9289810657501220703125 HTTP/1.1" 200 0 "-" "WordPress/6.7.1; https://tacafoundation.org"
66.29.132.124 - - [11/Jan/2025:13:45:20 -0500] "POST /wp-admin/admin-ajax.php?action=async_litespeed&nonce=UmJgr709okqnKuBMTKKG8wJVU1px161n&litespeed_type=imgoptm HTTP/1.1" 200 21 "-" "WordPress/6.7.1; https://tacafoundation.org"
37.19.223.122 - - [11/Jan/2025:13:45:13 -0500] "POST / HTTP/1.0" 200 109453 "https://tacafoundation.org/" "Mozilla/5.0 (Windows NT 10.0; Win64; x64) AppleWebKit/537.36 (KHTML, like Gecko) Chrome/131.0.0.0 Safari/537.36 Avast/131.0.0.0"
66.249.79.107 - - [11/Jan/2025:13:46:56 -0500] "GET /commodity/I391204?c=goods&t=lic HTTP/1.1" 404 1251 "-" "Mozilla/5.0 (Linux; Android 6.0.1; Nexus 5X Build/MMB29P) AppleWebKit/537.36 (KHTML, like Gecko) Chrome/131.0.6778.264 Mobile Safari/537.36 (compatible; Googlebot/2.1; +http://www.google.com/bot.html)"
94.72.112.56 - - [11/Jan/2025:13:47:51 -0500] "GET /about.php HTTP/1.1" 404 1251 "-" "Mozlila/5.0 (Linux; Android 7.0; SM-G892A Bulid/NRD90M; wv) AppleWebKit/537.36 (KHTML, like Gecko) Version/4.0 Chrome/60.0.3112.107 Moblie Safari/537.36"
94.72.112.56 - - [11/Jan/2025:13:49:21 -0500] "GET /admin.php HTTP/1.1" 404 1251 "-" "Mozlila/5.0 (Linux; Android 7.0; SM-G892A Bulid/NRD90M; wv) AppleWebKit/537.36 (KHTML, like Gecko) Version/4.0 Chrome/60.0.3112.107 Moblie Safari/537.36"
94.72.112.56 - - [11/Jan/2025:13:50:38 -0500] "GET /wp-content/plugins/admin.php HTTP/1.1" 404 1251 "-" "Mozlila/5.0 (Linux; Android 7.0; SM-G892A Bulid/NRD90M; wv) AppleWebKit/537.36 (KHTML, like Gecko) Version/4.0 Chrome/60.0.3112.107 Moblie Safari/537.36"
66.249.79.201 - - [11/Jan/2025:13:51:06 -0500] "GET /commodity/D223551?c=goods&t=lic HTTP/1.1" 404 1251 "-" "Mozilla/5.0 (Linux; Android 6.0.1; Nexus 5X Build/MMB29P) AppleWebKit/537.36 (KHTML, like Gecko) Chrome/131.0.6778.264 Mobile Safari/537.36 (compatible; Googlebot/2.1; +http://www.google.com/bot.html)"
66.249.79.1 - - [11/Jan/2025:13:51:46 -0500] "GET /post.php/commodity/1676041NS.html?key=D HTTP/1.1" 404 1251 "-" "Mozilla/5.0 (Linux; Android 6.0.1; Nexus 5X Build/MMB29P) AppleWebKit/537.36 (KHTML, like Gecko) Chrome/131.0.6778.264 Mobile Safari/537.36 (compatible; Googlebot/2.1; +http://www.google.com/bot.html)"
94.72.112.56 - - [11/Jan/2025:13:52:49 -0500] "GET /wp-content/db-cache.php HTTP/1.1" 404 1251 "-" "Mozlila/5.0 (Linux; Android 7.0; SM-G892A Bulid/NRD90M; wv) AppleWebKit/537.36 (KHTML, like Gecko) Version/4.0 Chrome/60.0.3112.107 Moblie Safari/537.36"
94.72.112.56 - - [11/Jan/2025:13:53:16 -0500] "GET /wp-content/themes/twentyeleven/functions.php HTTP/1.1" 404 1251 "-" "Mozlila/5.0 (Linux; Android 7.0; SM-G892A Bulid/NRD90M; wv) AppleWebKit/537.36 (KHTML, like Gecko) Version/4.0 Chrome/60.0.3112.107 Moblie Safari/537.36"
94.72.112.56 - - [11/Jan/2025:13:54:23 -0500] "GET /wp-content/themes/oceanwp/functions.php HTTP/1.1" 404 1251 "-" "Mozlila/5.0 (Linux; Android 7.0; SM-G892A Bulid/NRD90M; wv) AppleWebKit/537.36 (KHTML, like Gecko) Version/4.0 Chrome/60.0.3112.107 Moblie Safari/537.36"
94.72.112.56 - - [11/Jan/2025:13:56:05 -0500] "GET /wp-content/themes/twentythirteen/functions.php HTTP/1.1" 404 1251 "-" "Mozlila/5.0 (Linux; Android 7.0; SM-G892A Bulid/NRD90M; wv) AppleWebKit/537.36 (KHTML, like Gecko) Version/4.0 Chrome/60.0.3112.107 Moblie Safari/537.36"
94.72.112.56 - - [11/Jan/2025:13:56:49 -0500] "GET /wp-content/themes/kadence/functions.php HTTP/1.1" 404 1251 "-" "Mozlila/5.0 (Linux; Android 7.0; SM-G892A Bulid/NRD90M; wv) AppleWebKit/537.36 (KHTML, like Gecko) Version/4.0 Chrome/60.0.3112.107 Moblie Safari/537.36"
66.249.68.1 - - [11/Jan/2025:13:58:14 -0500] "GET /commodity/S409154?c=goods&t=lic HTTP/1.1" 404 1251 "-" "Mozilla/5.0 (Linux; Android 6.0.1; Nexus 5X Build/MMB29P) AppleWebKit/537.36 (KHTML, like Gecko) Chrome/131.0.6778.264 Mobile Safari/537.36 (compatible; Googlebot/2.1; +http://www.google.com/bot.html)"
94.72.112.56 - - [11/Jan/2025:13:58:36 -0500] "GET /wp-content/themes/twentytwenty/functions.php HTTP/1.1" 404 1251 "-" "Mozlila/5.0 (Linux; Android 7.0; SM-G892A Bulid/NRD90M; wv) AppleWebKit/537.36 (KHTML, like Gecko) Version/4.0 Chrome/60.0.3112.107 Moblie Safari/537.36"
94.72.112.56 - - [11/Jan/2025:13:59:45 -0500] "GET /wp-content/plugins/about.php HTTP/1.1" 404 1251 "-" "Mozlila/5.0 (Linux; Android 7.0; SM-G892A Bulid/NRD90M; wv) AppleWebKit/537.36 (KHTML, like Gecko) Version/4.0 Chrome/60.0.3112.107 Moblie Safari/537.36"
159.223.206.253 - - [11/Jan/2025:14:00:17 -0500] "GET /chosen.php?p= HTTP/1.1" 404 1251 "-" "Mozilla/5.0 (Linux; Android 7.0; SM-G892A Build/NRD90M; wv) AppleWebKit/537.36 (KHTML, like Gecko) Version/4.0 Chrome/60.0.3112.107 Mobile Safari/537.36"
66.249.79.199 - - [11/Jan/2025:14:01:27 -0500] "GET /post.php/commodity/847123.html?product HTTP/1.1" 404 1251 "-" "Mozilla/5.0 (Linux; Android 6.0.1; Nexus 5X Build/MMB29P) AppleWebKit/537.36 (KHTML, like Gecko) Chrome/131.0.6778.264 Mobile Safari/537.36 (compatible; Googlebot/2.1; +http://www.google.com/bot.html)"
195.178.110.163 - - [11/Jan/2025:14:13:39 -0500] "GET / HTTP/1.1" 200 23499 "-" "Mozilla/5.0 (Windows NT 10.0; Win64; x64; rv:97.0) Gecko/20100101 Firefox/97.0"
66.249.79.1 - - [11/Jan/2025:14:21:03 -0500] "GET /commodity/C135540?c=goods&t=lic HTTP/1.1" 404 1251 "-" "Mozilla/5.0 (Linux; Android 6.0.1; Nexus 5X Build/MMB29P) AppleWebKit/537.36 (KHTML, like Gecko) Chrome/131.0.6778.264 Mobile Safari/537.36 (compatible; Googlebot/2.1; +http://www.google.com/bot.html)"
195.178.110.163 - - [11/Jan/2025:14:24:34 -0500] "GET //tacafoundation.org/wp-content/plugins/charite-core/assets/js/appear.min.js HTTP/1.1" 404 1251 "-" "Mozilla/5.0 (Windows NT 10.0; Win64; x64; rv:97.0) Gecko/20100101 Firefox/97.0"
195.178.110.163 - - [11/Jan/2025:14:24:34 -0500] "GET //tacafoundation.org/wp-content/plugins/charite-core/assets/js/elementor-script.js HTTP/1.1" 404 1251 "-" "Mozilla/5.0 (Windows NT 10.0; Win64; x64; rv:97.0) Gecko/20100101 Firefox/97.0"
195.178.110.163 - - [11/Jan/2025:14:24:34 -0500] "GET //tacafoundation.org/wp-content/plugins/charite-core/assets/js/imageload.min.js HTTP/1.1" 404 1251 "-" "Mozilla/5.0 (Windows NT 10.0; Win64; x64; rv:97.0) Gecko/20100101 Firefox/97.0"
195.178.110.163 - - [11/Jan/2025:14:24:34 -0500] "GET //tacafoundation.org/wp-content/plugins/charite-core/assets/js/isotope.min.js HTTP/1.1" 404 1251 "-" "Mozilla/5.0 (Windows NT 10.0; Win64; x64; rv:97.0) Gecko/20100101 Firefox/97.0"
195.178.110.163 - - [11/Jan/2025:14:24:34 -0500] "GET //tacafoundation.org/wp-content/plugins/charite-core/assets/js/nice-select.min.js HTTP/1.1" 404 1251 "-" "Mozilla/5.0 (Windows NT 10.0; Win64; x64; rv:97.0) Gecko/20100101 Firefox/97.0"
195.178.110.163 - - [11/Jan/2025:14:24:34 -0500] "GET //tacafoundation.org/wp-content/plugins/charite-core/assets/js/magnific.min.js HTTP/1.1" 404 1251 "-" "Mozilla/5.0 (Windows NT 10.0; Win64; x64; rv:97.0) Gecko/20100101 Firefox/97.0"
195.178.110.163 - - [11/Jan/2025:14:24:34 -0500] "GET //tacafoundation.org/wp-content/plugins/charite-core/assets/js/progressbar.js HTTP/1.1" 404 1251 "-" "Mozilla/5.0 (Windows NT 10.0; Win64; x64; rv:97.0) Gecko/20100101 Firefox/97.0"
195.178.110.163 - - [11/Jan/2025:14:24:34 -0500] "GET //tacafoundation.org/wp-content/plugins/charite-core/assets/js/slick.min.js HTTP/1.1" 404 1251 "-" "Mozilla/5.0 (Windows NT 10.0; Win64; x64; rv:97.0) Gecko/20100101 Firefox/97.0"
195.178.110.163 - - [11/Jan/2025:14:24:34 -0500] "GET //tacafoundation.org/wp-content/plugins/contact-form-7/includes/js/index.js HTTP/1.1" 404 1251 "-" "Mozilla/5.0 (Windows NT 10.0; Win64; x64; rv:97.0) Gecko/20100101 Firefox/97.0"
195.178.110.163 - - [11/Jan/2025:14:24:34 -0500] "GET //tacafoundation.org/wp-content/plugins/contact-form-7/includes/swv/js/index.js HTTP/1.1" 404 1251 "-" "Mozilla/5.0 (Windows NT 10.0; Win64; x64; rv:97.0) Gecko/20100101 Firefox/97.0"
195.178.110.163 - - [11/Jan/2025:14:24:34 -0500] "GET //tacafoundation.org/wp-content/plugins/elementor/assets/js/frontend.min.js HTTP/1.1" 404 1251 "-" "Mozilla/5.0 (Windows NT 10.0; Win64; x64; rv:97.0) Gecko/20100101 Firefox/97.0"
195.178.110.163 - - [11/Jan/2025:14:24:34 -0500] "GET //tacafoundation.org/wp-content/plugins/elementor/assets/js/frontend-modules.min.js HTTP/1.1" 404 1251 "-" "Mozilla/5.0 (Windows NT 10.0; Win64; x64; rv:97.0) Gecko/20100101 Firefox/97.0"
195.178.110.163 - - [11/Jan/2025:14:24:34 -0500] "GET //tacafoundation.org/wp-content/plugins/elementor/assets/js/webpack.runtime.min.js HTTP/1.1" 404 1251 "-" "Mozilla/5.0 (Windows NT 10.0; Win64; x64; rv:97.0) Gecko/20100101 Firefox/97.0"
195.178.110.163 - - [11/Jan/2025:14:24:34 -0500] "GET //tacafoundation.org/wp-content/plugins/give/assets/dist/js/give-donation-summary.js HTTP/1.1" 404 1251 "-" "Mozilla/5.0 (Windows NT 10.0; Win64; x64; rv:97.0) Gecko/20100101 Firefox/97.0"
195.178.110.163 - - [11/Jan/2025:14:24:34 -0500] "GET //tacafoundation.org/wp-content/themes/charite/assets/js/bootstrap.min.js HTTP/1.1" 404 1251 "-" "Mozilla/5.0 (Windows NT 10.0; Win64; x64; rv:97.0) Gecko/20100101 Firefox/97.0"
195.178.110.163 - - [11/Jan/2025:14:24:34 -0500] "GET //tacafoundation.org/wp-content/plugins/give/assets/dist/js/give.js HTTP/1.1" 404 1251 "-" "Mozilla/5.0 (Windows NT 10.0; Win64; x64; rv:97.0) Gecko/20100101 Firefox/97.0"
195.178.110.163 - - [11/Jan/2025:14:24:34 -0500] "GET //tacafoundation.org/wp-content/plugins/paystack-for-give/public/js/paystack-give-public.js HTTP/1.1" 404 1251 "-" "Mozilla/5.0 (Windows NT 10.0; Win64; x64; rv:97.0) Gecko/20100101 Firefox/97.0"
195.178.110.163 - - [11/Jan/2025:14:24:34 -0500] "GET //tacafoundation.org/wp-content/themes/charite/assets/js/main.js HTTP/1.1" 404 1251 "-" "Mozilla/5.0 (Windows NT 10.0; Win64; x64; rv:97.0) Gecko/20100101 Firefox/97.0"
195.178.110.163 - - [11/Jan/2025:14:24:34 -0500] "GET //tacafoundation.org/wp-content/themes/charite/assets/js/meanmenu.js HTTP/1.1" 404 1251 "-" "Mozilla/5.0 (Windows NT 10.0; Win64; x64; rv:97.0) Gecko/20100101 Firefox/97.0"
195.178.110.163 - - [11/Jan/2025:14:24:34 -0500] "GET //tacafoundation.org/wp-includes/js/dist/hooks.min.js HTTP/1.1" 404 1251 "-" "Mozilla/5.0 (Windows NT 10.0; Win64; x64; rv:97.0) Gecko/20100101 Firefox/97.0"
195.178.110.163 - - [11/Jan/2025:14:24:34 -0500] "GET //tacafoundation.org/wp-includes/js/dist/i18n.min.js HTTP/1.1" 404 1251 "-" "Mozilla/5.0 (Windows NT 10.0; Win64; x64; rv:97.0) Gecko/20100101 Firefox/97.0"
195.178.110.163 - - [11/Jan/2025:14:24:34 -0500] "GET //tacafoundation.org/wp-includes/js/jquery/jquery-migrate.min.js HTTP/1.1" 404 1251 "-" "Mozilla/5.0 (Windows NT 10.0; Win64; x64; rv:97.0) Gecko/20100101 Firefox/97.0"
195.178.110.163 - - [11/Jan/2025:14:24:34 -0500] "GET //tacafoundation.org/wp-includes/js/jquery/jquery.min.js HTTP/1.1" 404 1251 "-" "Mozilla/5.0 (Windows NT 10.0; Win64; x64; rv:97.0) Gecko/20100101 Firefox/97.0"
195.178.110.163 - - [11/Jan/2025:14:24:35 -0500] "GET //tacafoundation.org/wp-includes/js/jquery/ui/core.min.js HTTP/1.1" 404 1251 "-" "Mozilla/5.0 (Windows NT 10.0; Win64; x64; rv:97.0) Gecko/20100101 Firefox/97.0"
195.178.110.163 - - [11/Jan/2025:14:24:35 -0500] "GET /%5C/tacafoundation.org%5C/wp-includes%5C/js%5C/wp-emoji-release.min.js HTTP/1.1" 404 1251 "-" "Mozilla/5.0 (Windows NT 10.0; Win64; x64; rv:97.0) Gecko/20100101 Firefox/97.0"
195.178.110.163 - - [11/Jan/2025:14:24:37 -0500] "GET //tacafoundation.org/wp-content/plugins/charite-core/assets/js/circle-progress.min.js HTTP/1.1" 404 1251 "-" "Mozilla/5.0 (Windows NT 10.0; Win64; x64; rv:97.0) Gecko/20100101 Firefox/97.0"
195.178.110.163 - - [11/Jan/2025:14:24:37 -0500] "GET //cdnjs.cloudflare.com/ajax/libs/OwlCarousel2/2.3.4/owl.carousel.min.js HTTP/1.1" 404 1251 "-" "Mozilla/5.0 (Windows NT 10.0; Win64; x64; rv:97.0) Gecko/20100101 Firefox/97.0"
94.228.162.228 - - [11/Jan/2025:14:32:07 -0500] "GET /wp-json/wp/v2/give_forms/ HTTP/1.1" 404 1251 "-" "Mozilla/5.0 (Macintosh; Intel Mac OS X 10.11; rv:51.0) Gecko/20100101 Firefox/51.0"
66.29.132.124 - - [11/Jan/2025:14:32:11 -0500] "POST /wp-cron.php?doing_wp_cron=1736623931.9023330211639404296875 HTTP/1.1" 200 0 "-" "WordPress/6.7.1; https://tacafoundation.org"
94.228.162.228 - - [11/Jan/2025:14:32:08 -0500] "POST /wp-admin/admin-ajax.php HTTP/1.1" 200 142 "https://tacafoundation.org/wp-json/wp/v2/give_forms/" "Mozilla/5.0 (Macintosh; Intel Mac OS X 10.11; rv:51.0) Gecko/20100101 Firefox/51.0"
66.29.132.124 - - [11/Jan/2025:14:32:12 -0500] "POST /wp-admin/admin-ajax.php?action=async_litespeed&nonce=OOrkzwXtNkktC8hCgI8Es5t93wa3c7kK&litespeed_type=imgoptm HTTP/1.1" 200 21 "-" "WordPress/6.7.1; https://tacafoundation.org"
94.228.162.228 - - [11/Jan/2025:14:32:12 -0500] "GET /?p=1581 HTTP/1.1" 301 0 "https://tacafoundation.org/wp-admin/admin-ajax.php" "Mozilla/5.0 (Macintosh; Intel Mac OS X 10.11; rv:51.0) Gecko/20100101 Firefox/51.0"
94.228.162.228 - - [11/Jan/2025:14:32:13 -0500] "GET /donations/free-1000-sanitary-pads-to-young-girls-in-lagos/ HTTP/1.1" 404 1251 "https://tacafoundation.org/wp-admin/admin-ajax.php" "Mozilla/5.0 (Macintosh; Intel Mac OS X 10.11; rv:51.0) Gecko/20100101 Firefox/51.0"
94.228.162.228 - - [11/Jan/2025:14:32:14 -0500] "GET /?post_type=give_forms&p=1581 HTTP/1.1" 301 0 "https://tacafoundation.org/donations/free-1000-sanitary-pads-to-young-girls-in-lagos/" "Mozilla/5.0 (Macintosh; Intel Mac OS X 10.11; rv:51.0) Gecko/20100101 Firefox/51.0"
94.228.162.228 - - [11/Jan/2025:14:32:14 -0500] "GET /donations/free-1000-sanitary-pads-to-young-girls-in-lagos/ HTTP/1.1" 404 1251 "https://tacafoundation.org/donations/free-1000-sanitary-pads-to-young-girls-in-lagos/" "Mozilla/5.0 (Macintosh; Intel Mac OS X 10.11; rv:51.0) Gecko/20100101 Firefox/51.0"
66.249.79.8 - - [11/Jan/2025:14:40:19 -0500] "GET /commodity/P867141?c=goods&t=lic HTTP/1.1" 404 1251 "-" "Mozilla/5.0 (Linux; Android 6.0.1; Nexus 5X Build/MMB29P) AppleWebKit/537.36 (KHTML, like Gecko) Chrome/131.0.6778.264 Mobile Safari/537.36 (compatible; Googlebot/2.1; +http://www.google.com/bot.html)"
66.249.79.8 - - [11/Jan/2025:14:41:47 -0500] "GET /commodity/J337437?c=goods&t=lic HTTP/1.1" 404 1251 "-" "Mozilla/5.0 (Linux; Android 6.0.1; Nexus 5X Build/MMB29P) AppleWebKit/537.36 (KHTML, like Gecko) Chrome/131.0.6778.264 Mobile Safari/537.36 (compatible; Googlebot/2.1; +http://www.google.com/bot.html)"
51.222.253.13 - - [11/Jan/2025:14:42:16 -0500] "GET / HTTP/1.1" 200 19613 "-" "Mozilla/5.0 (compatible; AhrefsBot/7.0; +http://ahrefs.com/robot/)"
66.249.79.160 - - [11/Jan/2025:14:45:24 -0500] "GET /goods/P?748321=recuperation HTTP/1.1" 404 1251 "-" "Mozilla/5.0 (Linux; Android 6.0.1; Nexus 5X Build/MMB29P) AppleWebKit/537.36 (KHTML, like Gecko) Chrome/131.0.6778.264 Mobile Safari/537.36 (compatible; Googlebot/2.1; +http://www.google.com/bot.html)"
