66.249.68.68 - - [11/Jan/2025:18:53:10 -0500] "GET /static/4294058?keyword=Murano HTTP/1.1" 200 69229 "-" "Mozilla/5.0 (Linux; Android 6.0.1; Nexus 5X Build/MMB29P) AppleWebKit/537.36 (KHTML, like Gecko) Chrome/131.0.6778.264 Mobile Safari/537.36 (compatible; Googlebot/2.1; +http://www.google.com/bot.html)"
66.249.79.3 - - [11/Jan/2025:18:53:14 -0500] "GET /goods/G216846?k=product HTTP/1.1" 200 69647 "-" "Mozilla/5.0 (Linux; Android 6.0.1; Nexus 5X Build/MMB29P) AppleWebKit/537.36 (KHTML, like Gecko) Chrome/131.0.6778.264 Mobile Safari/537.36 (compatible; Googlebot/2.1; +http://www.google.com/bot.html)"
66.249.68.67 - - [11/Jan/2025:18:53:26 -0500] "GET /index.php?goods/1114331 HTTP/1.1" 200 69572 "-" "Mozilla/5.0 (Linux; Android 6.0.1; Nexus 5X Build/MMB29P) AppleWebKit/537.36 (KHTML, like Gecko) Chrome/131.0.6778.264 Mobile Safari/537.36 (compatible; Googlebot/2.1; +http://www.google.com/bot.html)"
66.249.68.67 - - [11/Jan/2025:18:53:30 -0500] "GET /static/917159?keyword= HTTP/1.1" 200 76155 "-" "Mozilla/5.0 (Linux; Android 6.0.1; Nexus 5X Build/MMB29P) AppleWebKit/537.36 (KHTML, like Gecko) Chrome/131.0.6778.264 Mobile Safari/537.36 (compatible; Googlebot/2.1; +http://www.google.com/bot.html)"
66.249.68.68 - - [11/Jan/2025:18:53:41 -0500] "GET /index.php?static/932270 HTTP/1.1" 200 69335 "-" "Mozilla/5.0 (Linux; Android 6.0.1; Nexus 5X Build/MMB29P) AppleWebKit/537.36 (KHTML, like Gecko) Chrome/131.0.6778.264 Mobile Safari/537.36 (compatible; Googlebot/2.1; +http://www.google.com/bot.html)"
194.32.122.41 - - [11/Jan/2025:18:51:57 -0500] "POST /register/ HTTP/1.0" 200 76060 "https://misswavenigeria.com/register/" "Mozilla/5.0 (Windows NT 10.0; Win64; x64) AppleWebKit/537.36 (KHTML, like Gecko) Chrome/103.0.5060.66 Safari/537.36"
66.29.132.124 - - [11/Jan/2025:18:53:48 -0500] "POST /wp-cron.php?doing_wp_cron=1736639628.2488360404968261718750 HTTP/1.1" 200 0 "-" "WordPress/6.7.1; https://misswavenigeria.com"
194.32.122.41 - - [11/Jan/2025:18:53:47 -0500] "GET /register/ HTTP/1.0" 200 75934 "https://misswavenigeria.com/" "Mozilla/5.0 (Windows NT 10.0; Win64; x64) AppleWebKit/537.36 (KHTML, like Gecko) Chrome/103.0.5060.66 Safari/537.36"
66.29.132.124 - - [11/Jan/2025:18:53:48 -0500] "POST /wp-admin/admin-ajax.php?action=async_litespeed&nonce=CxPwMAfzVVIVPjNUB8mrJgT7FnEhFf4i&litespeed_type=imgoptm HTTP/1.1" 200 21 "-" "WordPress/6.7.1; https://misswavenigeria.com"
66.249.68.68 - - [11/Jan/2025:18:53:48 -0500] "GET /static/4067730?keyword=%E3%82%A2%E3%82%A4%E3%82%A2%E3%83%B3%E3%82%B4%E3%83%BC%E3%83%AB%E3%83%89%E3%83%8A%E3%83%81%E3%83%A5%E3%83%A9%E3%83%AB%E3%83%84%E3%83%AA%E3%83%BC69cm%E2%AD%90%EF%B8%8E%E3%82%AF%E3%83%AA%E3%82%B9%E3%83%9E%E3%82%B9%E3%83%84%E3%83%AA%E3%83%BC%E2%AD%90%EF%B8%8E%E3%82%AA%E3%83%BC%E3%83%8A%E3%83%A1%E3%83%B3%E3%83%88%E4%BB%98%E3%81%8D?keyword=%E3%82%AF%E3%83%A9%E3%82%A6%E3%83%87%E3%82%A3%E3%82%A2%E3%80%80%E3%82%A6%E3%82%A8%E3%83%87%E3%82%A3%E3%83%B3%E3%82%B0%E3%83%99%E3%83%BC%E3%83%AB%E3%80%80%E3%82%B0%E3%83%AD%E3%83%BC%E3%83%96%E3%80%80%E3%83%8F%E3%83%B3%E3%82%AB%E3%83%81%E3%80%803%E7%82%B9%E3%82%BB%E3%83%83%E3%83%88 HTTP/1.1" 200 67793 "-" "Mozilla/5.0 (Linux; Android 6.0.1; Nexus 5X Build/MMB29P) AppleWebKit/537.36 (KHTML, like Gecko) Chrome/131.0.6778.264 Mobile Safari/537.36 (compatible; Googlebot/2.1; +http://www.google.com/bot.html)"
66.249.68.67 - - [11/Jan/2025:18:53:59 -0500] "GET /goods/3962711?keyword=Bluetooth?keyword=Captain HTTP/1.1" 200 69259 "-" "Mozilla/5.0 (Linux; Android 6.0.1; Nexus 5X Build/MMB29P) AppleWebKit/537.36 (KHTML, like Gecko) Chrome/131.0.6778.264 Mobile Safari/537.36 (compatible; Googlebot/2.1; +http://www.google.com/bot.html)"
66.249.79.204 - - [11/Jan/2025:18:54:10 -0500] "GET /index.php?static/3914123 HTTP/1.1" 200 69345 "-" "Mozilla/5.0 (Linux; Android 6.0.1; Nexus 5X Build/MMB29P) AppleWebKit/537.36 (KHTML, like Gecko) Chrome/131.0.6778.264 Mobile Safari/537.36 (compatible; Googlebot/2.1; +http://www.google.com/bot.html)"
66.249.68.67 - - [11/Jan/2025:18:54:20 -0500] "GET /static/4067730?keyword=%E3%82%A2%E3%82%A4%E3%82%A2%E3%83%B3%E3%82%B4%E3%83%BC%E3%83%AB%E3%83%89%E3%83%8A%E3%83%81%E3%83%A5%E3%83%A9%E3%83%AB%E3%83%84%E3%83%AA%E3%83%BC69cm%E2%AD%90%EF%B8%8E%E3%82%AF%E3%83%AA%E3%82%B9%E3%83%9E%E3%82%B9%E3%83%84%E3%83%AA%E3%83%BC%E2%AD%90%EF%B8%8E%E3%82%AA%E3%83%BC%E3%83%8A%E3%83%A1%E3%83%B3%E3%83%88%E4%BB%98%E3%81%8D?keyword=%E3%83%AC%E3%83%87%E3%82%A3%E3%83%BC%E3%82%B9 HTTP/1.1" 200 70929 "-" "Mozilla/5.0 (Linux; Android 6.0.1; Nexus 5X Build/MMB29P) AppleWebKit/537.36 (KHTML, like Gecko) Chrome/131.0.6778.264 Mobile Safari/537.36 (compatible; Googlebot/2.1; +http://www.google.com/bot.html)"
66.249.68.67 - - [11/Jan/2025:18:54:30 -0500] "GET /index.php?static/635258 HTTP/1.1" 200 68756 "-" "Mozilla/5.0 (Linux; Android 6.0.1; Nexus 5X Build/MMB29P) AppleWebKit/537.36 (KHTML, like Gecko) Chrome/131.0.6778.264 Mobile Safari/537.36 (compatible; Googlebot/2.1; +http://www.google.com/bot.html)"
66.249.68.67 - - [11/Jan/2025:18:54:33 -0500] "GET /static/688438?keyword=%E3%81%8A%E3%82%82%E3%81%A1%E3%82%83%E3%80%81%E3%82%B2%E3%83%BC%E3%83%A0 HTTP/1.1" 200 69431 "-" "Mozilla/5.0 (Linux; Android 6.0.1; Nexus 5X Build/MMB29P) AppleWebKit/537.36 (KHTML, like Gecko) Chrome/131.0.6778.264 Mobile Safari/537.36 (compatible; Googlebot/2.1; +http://www.google.com/bot.html)"
66.249.68.67 - - [11/Jan/2025:18:54:36 -0500] "GET /static/4294058?keyword=Glass HTTP/1.1" 200 70427 "-" "Mozilla/5.0 (Linux; Android 6.0.1; Nexus 5X Build/MMB29P) AppleWebKit/537.36 (KHTML, like Gecko) Chrome/131.0.6778.264 Mobile Safari/537.36 (compatible; Googlebot/2.1; +http://www.google.com/bot.html)"
66.249.68.67 - - [11/Jan/2025:18:54:43 -0500] "GET /index.php?static/2548814 HTTP/1.1" 200 69000 "-" "Mozilla/5.0 (Linux; Android 6.0.1; Nexus 5X Build/MMB29P) AppleWebKit/537.36 (KHTML, like Gecko) Chrome/131.0.6778.264 Mobile Safari/537.36 (compatible; Googlebot/2.1; +http://www.google.com/bot.html)"
66.249.68.67 - - [11/Jan/2025:18:54:46 -0500] "GET /static/3188318?keyword=%E5%AE%B6%E9%9B%BB%E3%80%81AV%E3%80%81%E3%82%AB%E3%83%A1%E3%83%A9 HTTP/1.1" 200 68575 "-" "Mozilla/5.0 (Linux; Android 6.0.1; Nexus 5X Build/MMB29P) AppleWebKit/537.36 (KHTML, like Gecko) Chrome/131.0.6778.264 Mobile Safari/537.36 (compatible; Googlebot/2.1; +http://www.google.com/bot.html)"
66.249.68.3 - - [11/Jan/2025:18:54:56 -0500] "GET /index.php?goods/2059634 HTTP/1.1" 200 68285 "-" "Mozilla/5.0 (Linux; Android 6.0.1; Nexus 5X Build/MMB29P) AppleWebKit/537.36 (KHTML, like Gecko) Chrome/131.0.6778.264 Mobile Safari/537.36 (compatible; Googlebot/2.1; +http://www.google.com/bot.html)"
66.249.68.69 - - [11/Jan/2025:18:55:02 -0500] "GET /static/3188318?keyword=%E2%80%A6 HTTP/1.1" 200 70243 "-" "Mozilla/5.0 (Linux; Android 6.0.1; Nexus 5X Build/MMB29P) AppleWebKit/537.36 (KHTML, like Gecko) Chrome/131.0.6778.264 Mobile Safari/537.36 (compatible; Googlebot/2.1; +http://www.google.com/bot.html)"
66.29.132.124 - - [11/Jan/2025:18:55:08 -0500] "POST /wp-cron.php?doing_wp_cron=1736639708.1491219997406005859375 HTTP/1.1" 200 0 "-" "WordPress/6.7.1; https://misswavenigeria.com"
194.32.122.41 - - [11/Jan/2025:18:55:07 -0500] "GET / HTTP/1.0" 200 109067 "https://misswavenigeria.com/" "Mozilla/5.0 (Windows NT 6.1; WOW64) AppleWebKit/537.36 (KHTML, like Gecko) Chrome/103.0.0.0 Safari/537.36"
66.29.132.124 - - [11/Jan/2025:18:55:08 -0500] "POST /wp-admin/admin-ajax.php?action=async_litespeed&nonce=NbO7nVKkzK5c2t6iLBbPjHOrvBHnmLz1&litespeed_type=imgoptm HTTP/1.1" 200 21 "-" "WordPress/6.7.1; https://misswavenigeria.com"
194.32.122.41 - - [11/Jan/2025:18:55:10 -0500] "GET /register/ HTTP/1.0" 200 75934 "https://misswavenigeria.com/register/" "Mozilla/5.0 (Windows NT 6.1; WOW64) AppleWebKit/537.36 (KHTML, like Gecko) Chrome/103.0.0.0 Safari/537.36"
66.249.68.68 - - [11/Jan/2025:18:55:13 -0500] "GET /index.php?static/3429595 HTTP/1.1" 200 68907 "-" "Mozilla/5.0 (Linux; Android 6.0.1; Nexus 5X Build/MMB29P) AppleWebKit/537.36 (KHTML, like Gecko) Chrome/131.0.6778.264 Mobile Safari/537.36 (compatible; Googlebot/2.1; +http://www.google.com/bot.html)"
66.249.68.67 - - [11/Jan/2025:18:55:19 -0500] "GET /static/1403725?keyword=KITCHEN HTTP/1.1" 200 68265 "-" "Mozilla/5.0 (Linux; Android 6.0.1; Nexus 5X Build/MMB29P) AppleWebKit/537.36 (KHTML, like Gecko) Chrome/131.0.6778.264 Mobile Safari/537.36 (compatible; Googlebot/2.1; +http://www.google.com/bot.html)"
66.249.68.67 - - [11/Jan/2025:18:55:27 -0500] "GET /index.php?static/1403751 HTTP/1.1" 200 77874 "-" "Mozilla/5.0 (Linux; Android 6.0.1; Nexus 5X Build/MMB29P) AppleWebKit/537.36 (KHTML, like Gecko) Chrome/131.0.6778.264 Mobile Safari/537.36 (compatible; Googlebot/2.1; +http://www.google.com/bot.html)"
66.249.68.67 - - [11/Jan/2025:18:55:30 -0500] "GET /static/508772?keyword=Blue/Gum%22 HTTP/1.1" 200 72665 "-" "Mozilla/5.0 (Linux; Android 6.0.1; Nexus 5X Build/MMB29P) AppleWebKit/537.36 (KHTML, like Gecko) Chrome/131.0.6778.264 Mobile Safari/537.36 (compatible; Googlebot/2.1; +http://www.google.com/bot.html)"
66.249.68.68 - - [11/Jan/2025:18:55:41 -0500] "GET /index.php?static/1306455?keyword=%E3%83%A1%E3%83%B3%E3%82%BA HTTP/1.1" 200 68601 "-" "Mozilla/5.0 (Linux; Android 6.0.1; Nexus 5X Build/MMB29P) AppleWebKit/537.36 (KHTML, like Gecko) Chrome/131.0.6778.264 Mobile Safari/537.36 (compatible; Googlebot/2.1; +http://www.google.com/bot.html)"
66.249.68.68 - - [11/Jan/2025:18:55:44 -0500] "GET /static/477025?keyword=Areas?keyword=%E3%83%A2%EF%BC%8D%E3%82%BC%E3%83%AB HTTP/1.1" 200 68546 "-" "Mozilla/5.0 (Linux; Android 6.0.1; Nexus 5X Build/MMB29P) AppleWebKit/537.36 (KHTML, like Gecko) Chrome/131.0.6778.264 Mobile Safari/537.36 (compatible; Googlebot/2.1; +http://www.google.com/bot.html)"
66.249.68.67 - - [11/Jan/2025:18:55:50 -0500] "GET /index.php?static/3388949 HTTP/1.1" 200 69758 "-" "Mozilla/5.0 (Linux; Android 6.0.1; Nexus 5X Build/MMB29P) AppleWebKit/537.36 (KHTML, like Gecko) Chrome/131.0.6778.264 Mobile Safari/537.36 (compatible; Googlebot/2.1; +http://www.google.com/bot.html)"
66.249.68.68 - - [11/Jan/2025:18:55:53 -0500] "GET /static/254152?keyword=%E3%82%B0%E3%83%A9%E3%83%9F%E3%83%81%E3%80%80%E3%83%91%E3%83%B3%E3%83%84?keyword=%E3%82%B9%E3%83%9D%E3%83%BC%E3%83%84%E5%88%A5 HTTP/1.1" 200 68972 "-" "Mozilla/5.0 (Linux; Android 6.0.1; Nexus 5X Build/MMB29P) AppleWebKit/537.36 (KHTML, like Gecko) Chrome/131.0.6778.264 Mobile Safari/537.36 (compatible; Googlebot/2.1; +http://www.google.com/bot.html)"
66.249.68.69 - - [11/Jan/2025:18:55:59 -0500] "GET /index.php?goods/4176295 HTTP/1.1" 200 69339 "-" "Mozilla/5.0 (Linux; Android 6.0.1; Nexus 5X Build/MMB29P) AppleWebKit/537.36 (KHTML, like Gecko) Chrome/131.0.6778.264 Mobile Safari/537.36 (compatible; Googlebot/2.1; +http://www.google.com/bot.html)"
66.249.68.67 - - [11/Jan/2025:18:56:06 -0500] "GET /static/477025?keyword=Areas?keyword=%E3%83%9B%E3%83%93%E3%83%BC%E3%80%81%E3%82%AB%E3%83%AB%E3%83%81%E3%83%A3%E3%83%BC HTTP/1.1" 200 69387 "-" "Mozilla/5.0 (Linux; Android 6.0.1; Nexus 5X Build/MMB29P) AppleWebKit/537.36 (KHTML, like Gecko) Chrome/131.0.6778.264 Mobile Safari/537.36 (compatible; Googlebot/2.1; +http://www.google.com/bot.html)"
66.249.68.67 - - [11/Jan/2025:18:56:16 -0500] "GET /index.php?static/1092458 HTTP/1.1" 200 70230 "-" "Mozilla/5.0 (Linux; Android 6.0.1; Nexus 5X Build/MMB29P) AppleWebKit/537.36 (KHTML, like Gecko) Chrome/131.0.6778.264 Mobile Safari/537.36 (compatible; Googlebot/2.1; +http://www.google.com/bot.html)"
66.249.68.67 - - [11/Jan/2025:18:56:19 -0500] "GET /static/477025?keyword=Areas?keyword=%E3%82%AB%EF%BC%8D%E3%83%886%E7%99%BA%E4%BB%98%E3%80%80%E9%80%81%E6%96%99%E7%84%A1%E6%96%99 HTTP/1.1" 200 66908 "-" "Mozilla/5.0 (Linux; Android 6.0.1; Nexus 5X Build/MMB29P) AppleWebKit/537.36 (KHTML, like Gecko) Chrome/131.0.6778.264 Mobile Safari/537.36 (compatible; Googlebot/2.1; +http://www.google.com/bot.html)"
66.249.79.168 - - [11/Jan/2025:18:56:23 -0500] "GET /static/1521011?keyword=%E5%8F%A4%E7%BE%8E%E8%A1%93 HTTP/1.1" 200 66774 "-" "Mozilla/5.0 (Linux; Android 6.0.1; Nexus 5X Build/MMB29P) AppleWebKit/537.36 (KHTML, like Gecko) Chrome/131.0.6778.264 Mobile Safari/537.36 (compatible; Googlebot/2.1; +http://www.google.com/bot.html)"
194.32.122.41 - - [11/Jan/2025:18:55:12 -0500] "POST /register/ HTTP/1.0" 200 76060 "https://misswavenigeria.com/register/" "Mozilla/5.0 (Windows NT 6.1; WOW64) AppleWebKit/537.36 (KHTML, like Gecko) Chrome/103.0.0.0 Safari/537.36"
66.249.79.102 - - [11/Jan/2025:18:56:26 -0500] "GET /static/1592033?keyword=%E6%9C%AC%E3%83%BB%E9%9B%91%E8%AA%8C%E3%83%BB%E6%BC%AB%E7%94%BB HTTP/1.1" 200 68400 "-" "Mozilla/5.0 (Linux; Android 6.0.1; Nexus 5X Build/MMB29P) AppleWebKit/537.36 (KHTML, like Gecko) Chrome/131.0.6778.264 Mobile Safari/537.36 (compatible; Googlebot/2.1; +http://www.google.com/bot.html)"
66.29.132.124 - - [11/Jan/2025:18:56:28 -0500] "POST /wp-cron.php?doing_wp_cron=1736639788.0281629562377929687500 HTTP/1.1" 200 0 "-" "WordPress/6.7.1; https://misswavenigeria.com"
194.32.122.41 - - [11/Jan/2025:18:56:27 -0500] "GET /register/ HTTP/1.0" 200 75934 "https://misswavenigeria.com/" "Mozilla/5.0 (Windows NT 6.1; WOW64) AppleWebKit/537.36 (KHTML, like Gecko) Chrome/103.0.0.0 Safari/537.36"
66.29.132.124 - - [11/Jan/2025:18:56:28 -0500] "POST /wp-admin/admin-ajax.php?action=async_litespeed&nonce=usRpmlko08b9qJWpgP89xUuLyi43Ojjn&litespeed_type=imgoptm HTTP/1.1" 200 21 "-" "WordPress/6.7.1; https://misswavenigeria.com"
66.249.68.67 - - [11/Jan/2025:18:56:34 -0500] "GET /index.php?static/2185788 HTTP/1.1" 200 70057 "-" "Mozilla/5.0 (Linux; Android 6.0.1; Nexus 5X Build/MMB29P) AppleWebKit/537.36 (KHTML, like Gecko) Chrome/131.0.6778.264 Mobile Safari/537.36 (compatible; Googlebot/2.1; +http://www.google.com/bot.html)"
66.249.79.4 - - [11/Jan/2025:18:56:38 -0500] "GET /goods/C134188?k=product HTTP/1.1" 200 68743 "-" "Mozilla/5.0 (Linux; Android 6.0.1; Nexus 5X Build/MMB29P) AppleWebKit/537.36 (KHTML, like Gecko) Chrome/131.0.6778.264 Mobile Safari/537.36 (compatible; Googlebot/2.1; +http://www.google.com/bot.html)"
185.252.235.251 - - [11/Jan/2025:18:56:41 -0500] "GET / HTTP/1.1" 200 24486 "-" "Mozilla/5.0 (Windows NT 10.0; Win64; x64) AppleWebKit/537.36 (KHTML, like Gecko) Chrome/117.0.0.0 Safari/537.36"
185.252.235.251 - - [11/Jan/2025:18:56:41 -0500] "GET /wp-json HTTP/1.1" 200 248797 "-" "Mozilla/5.0 (Windows NT 10.0; Win64; x64; rv:109.0) Gecko/20100101 Firefox/117.0"
66.249.79.3 - - [11/Jan/2025:18:56:42 -0500] "GET /static/477025?keyword=Areas?keyword=%EF%BC%B3%EF%BC%AD%EF%BC%A7%E5%88%BB%E5%8D%B0%E5%85%A5(%E5%90%88%E6%B3%95%E5%93%81)%E6%9C%AA%E7%99%BA%E7%81%AB HTTP/1.1" 200 69576 "-" "Mozilla/5.0 (Linux; Android 6.0.1; Nexus 5X Build/MMB29P) AppleWebKit/537.36 (KHTML, like Gecko) Chrome/131.0.6778.264 Mobile Safari/537.36 (compatible; Googlebot/2.1; +http://www.google.com/bot.html)"
185.252.235.251 - - [11/Jan/2025:18:56:43 -0500] "GET / HTTP/1.1" 200 24486 "-" "Mozilla/5.0 (Macintosh; Intel Mac OS X 10.15; rv:109.0) Gecko/20100101 Firefox/117.0"
185.252.235.251 - - [11/Jan/2025:18:56:44 -0500] "GET /wp-json HTTP/1.1" 200 248797 "-" "Mozilla/5.0 (Windows NT 10.0; Win64; x64) AppleWebKit/537.36 (KHTML, like Gecko) Chrome/117.0.0.0 Safari/537.36"
185.252.235.251 - - [11/Jan/2025:18:56:45 -0500] "GET / HTTP/1.1" 200 24486 "-" "Mozilla/5.0 (X11; Linux x86_64) AppleWebKit/537.36 (KHTML, like Gecko) Chrome/116.0.0.0 Safari/537.36"
185.252.235.251 - - [11/Jan/2025:18:56:45 -0500] "GET /wp-content/plugins/wp-time-capsule/wp-tcapsule-bridge/upload/php/ HTTP/1.1" 404 18018 "-" "Mozilla/5.0 (Macintosh; Intel Mac OS X 10.15; rv:109.0) Gecko/20100101 Firefox/117.0"
185.252.235.251 - - [11/Jan/2025:18:56:46 -0500] "GET /wp-json HTTP/1.1" 200 248797 "-" "Mozilla/5.0 (Macintosh; Intel Mac OS X 10_15_7) AppleWebKit/605.1.15 (KHTML, like Gecko) Version/16.6 Safari/605.1.15"
185.252.235.251 - - [11/Jan/2025:18:56:47 -0500] "GET /wp-content/plugins/wp-hide-security-enhancer/assets/js/devtools-detect.js HTTP/1.1" 404 18012 "-" "Mozilla/5.0 (Windows NT 10.0; Win64; x64) AppleWebKit/537.36 (KHTML, like Gecko) Chrome/116.0.0.0 Safari/537.36 OPR/102.0.0.0"
185.252.235.251 - - [11/Jan/2025:18:56:48 -0500] "GET /wp-content/plugins/wp-file-upload/css/wordpress_file_upload_style.css HTTP/1.1" 404 18012 "-" "Mozilla/5.0 (Macintosh; Intel Mac OS X 10.15; rv:109.0) Gecko/20100101 Firefox/117.0"
185.252.235.251 - - [11/Jan/2025:18:56:49 -0500] "GET /wp-content/plugins/wp-database-backup/assets/css/wpdb_admin.css HTTP/1.1" 404 18012 "-" "Mozilla/5.0 (Windows NT 10.0; Win64; x64; rv:109.0) Gecko/20100101 Firefox/118.0"
66.29.132.124 - - [11/Jan/2025:18:56:50 -0500] "POST /wp-cron.php?doing_wp_cron=1736639810.4221179485321044921875 HTTP/1.1" 200 0 "-" "WordPress/6.7.1; https://misswavenigeria.com"
185.252.235.251 - - [11/Jan/2025:18:56:50 -0500] "GET /wp-admin/admin-ajax.php?action=sb_fav_ad HTTP/1.1" 400 21 "-" "Mozilla/5.0 (Macintosh; Intel Mac OS X 10.15; rv:109.0) Gecko/20100101 Firefox/117.0"
66.29.132.124 - - [11/Jan/2025:18:56:50 -0500] "POST /wp-admin/admin-ajax.php?action=async_litespeed&nonce=baYtmF6s2ivZ7TcWIoj4mmAPHOwnBqU7&litespeed_type=imgoptm HTTP/1.1" 200 21 "-" "WordPress/6.7.1; https://misswavenigeria.com"
66.249.68.3 - - [11/Jan/2025:18:56:54 -0500] "GET /index.php?static/3885293 HTTP/1.1" 200 70364 "-" "Mozilla/5.0 (Linux; Android 6.0.1; Nexus 5X Build/MMB29P) AppleWebKit/537.36 (KHTML, like Gecko) Chrome/131.0.6778.264 Mobile Safari/537.36 (compatible; Googlebot/2.1; +http://www.google.com/bot.html)"
66.249.79.102 - - [11/Jan/2025:18:56:58 -0500] "GET /index.php?static/448779 HTTP/1.1" 200 68773 "-" "Mozilla/5.0 (Linux; Android 6.0.1; Nexus 5X Build/MMB29P) AppleWebKit/537.36 (KHTML, like Gecko) Chrome/131.0.6778.264 Mobile Safari/537.36 (compatible; Googlebot/2.1; +http://www.google.com/bot.html)"
66.249.79.102 - - [11/Jan/2025:18:57:02 -0500] "GET /static/917159?keyword=%E6%9C%AC%E3%83%BB%E9%9B%91%E8%AA%8C%E3%83%BB%E6%BC%AB%E7%94%BB HTTP/1.1" 200 69131 "-" "Mozilla/5.0 (Linux; Android 6.0.1; Nexus 5X Build/MMB29P) AppleWebKit/537.36 (KHTML, like Gecko) Chrome/131.0.6778.264 Mobile Safari/537.36 (compatible; Googlebot/2.1; +http://www.google.com/bot.html)"
66.249.79.168 - - [11/Jan/2025:18:57:07 -0500] "GET /static/1092543?keyword=%E3%83%AC%E3%83%87%E3%82%A3%E3%83%BC%E3%82%B9 HTTP/1.1" 200 69028 "-" "Mozilla/5.0 (Linux; Android 6.0.1; Nexus 5X Build/MMB29P) AppleWebKit/537.36 (KHTML, like Gecko) Chrome/131.0.6778.264 Mobile Safari/537.36 (compatible; Googlebot/2.1; +http://www.google.com/bot.html)"
66.249.68.67 - - [11/Jan/2025:18:57:16 -0500] "GET /index.php?static/990445 HTTP/1.1" 200 68827 "-" "Mozilla/5.0 (Linux; Android 6.0.1; Nexus 5X Build/MMB29P) AppleWebKit/537.36 (KHTML, like Gecko) Chrome/131.0.6778.264 Mobile Safari/537.36 (compatible; Googlebot/2.1; +http://www.google.com/bot.html)"
66.249.68.67 - - [11/Jan/2025:18:57:20 -0500] "GET /goods/1521533?keyword=%E3%82%AD%E3%83%A3%E3%82%B9%E3%83%91%E3%83%BC HTTP/1.1" 200 68072 "-" "Mozilla/5.0 (Linux; Android 6.0.1; Nexus 5X Build/MMB29P) AppleWebKit/537.36 (KHTML, like Gecko) Chrome/131.0.6778.264 Mobile Safari/537.36 (compatible; Googlebot/2.1; +http://www.google.com/bot.html)"
66.249.68.67 - - [11/Jan/2025:18:57:39 -0500] "GET /index.php?static/1673607 HTTP/1.1" 200 69481 "-" "Mozilla/5.0 (Linux; Android 6.0.1; Nexus 5X Build/MMB29P) AppleWebKit/537.36 (KHTML, like Gecko) Chrome/131.0.6778.264 Mobile Safari/537.36 (compatible; Googlebot/2.1; +http://www.google.com/bot.html)"
66.249.79.3 - - [11/Jan/2025:18:57:43 -0500] "GET /static/3188318?keyword=%E3%83%9F%E3%83%83%E3%83%89%E3%83%8A%E3%82%A4%E3%83%88 HTTP/1.1" 200 67471 "-" "Mozilla/5.0 (Linux; Android 6.0.1; Nexus 5X Build/MMB29P) AppleWebKit/537.36 (KHTML, like Gecko) Chrome/131.0.6778.264 Mobile Safari/537.36 (compatible; Googlebot/2.1; +http://www.google.com/bot.html)"
66.249.68.67 - - [11/Jan/2025:18:57:50 -0500] "GET /index.php?static/2759165 HTTP/1.1" 200 69016 "-" "Mozilla/5.0 (Linux; Android 6.0.1; Nexus 5X Build/MMB29P) AppleWebKit/537.36 (KHTML, like Gecko) Chrome/131.0.6778.264 Mobile Safari/537.36 (compatible; Googlebot/2.1; +http://www.google.com/bot.html)"
66.249.68.67 - - [11/Jan/2025:18:58:07 -0500] "GET /index.php?static/4590793 HTTP/1.1" 200 69053 "-" "Mozilla/5.0 (Linux; Android 6.0.1; Nexus 5X Build/MMB29P) AppleWebKit/537.36 (KHTML, like Gecko) Chrome/131.0.6778.264 Mobile Safari/537.36 (compatible; Googlebot/2.1; +http://www.google.com/bot.html)"
66.249.68.68 - - [11/Jan/2025:18:58:17 -0500] "GET /static/3188318?keyword=Series8[45mm/%E3%82%BB%E3%83%AB%E3%83%A9%E3%83%BC]%E3%82%A2%E3%83%AB%E3%83%9F HTTP/1.1" 200 68374 "-" "Mozilla/5.0 (Linux; Android 6.0.1; Nexus 5X Build/MMB29P) AppleWebKit/537.36 (KHTML, like Gecko) Chrome/131.0.6778.264 Mobile Safari/537.36 (compatible; Googlebot/2.1; +http://www.google.com/bot.html)"
194.32.122.41 - - [11/Jan/2025:18:58:20 -0500] "GET / HTTP/1.0" 200 109065 "https://misswavenigeria.com/" "Mozilla/5.0 (Windows NT 10.0; WOW64) AppleWebKit/537.36 (KHTML, like Gecko) Chrome/103.0.0.0 Safari/537.36"
194.32.122.41 - - [11/Jan/2025:18:58:22 -0500] "GET /register/ HTTP/1.0" 200 75934 "https://misswavenigeria.com/register/" "Mozilla/5.0 (Windows NT 10.0; WOW64) AppleWebKit/537.36 (KHTML, like Gecko) Chrome/103.0.0.0 Safari/537.36"
66.29.132.124 - - [11/Jan/2025:18:58:24 -0500] "POST /wp-cron.php?doing_wp_cron=1736639904.6577548980712890625000 HTTP/1.1" 200 0 "-" "WordPress/6.7.1; https://misswavenigeria.com"
66.29.132.124 - - [11/Jan/2025:18:58:24 -0500] "POST /wp-admin/admin-ajax.php?action=async_litespeed&nonce=oTewBmw1RHNRU9jNhfyS31zVdvmbVr9V&litespeed_type=imgoptm HTTP/1.1" 200 21 "-" "WordPress/6.7.1; https://misswavenigeria.com"
66.249.79.3 - - [11/Jan/2025:18:58:31 -0500] "GET /index.php?goods/2204448 HTTP/1.1" 200 69128 "-" "Mozilla/5.0 (Linux; Android 6.0.1; Nexus 5X Build/MMB29P) AppleWebKit/537.36 (KHTML, like Gecko) Chrome/131.0.6778.264 Mobile Safari/537.36 (compatible; Googlebot/2.1; +http://www.google.com/bot.html)"
66.249.79.102 - - [11/Jan/2025:18:58:38 -0500] "GET /goods/1103101?keyword=%E3%81%8A%E8%B2%B7%E3%81%84%E5%BE%97%E5%93%81%EF%BC%81?keyword=%E3%83%86%E3%83%AC%E3%83%93%E3%83%BB%E3%82%AA%E3%83%BC%E3%83%87%E3%82%A3%E3%82%AA%E3%83%BB%E3%82%AB%E3%83%A1%E3%83%A9 HTTP/1.1" 200 68532 "-" "Mozilla/5.0 (Linux; Android 6.0.1; Nexus 5X Build/MMB29P) AppleWebKit/537.36 (KHTML, like Gecko) Chrome/131.0.6778.264 Mobile Safari/537.36 (compatible; Googlebot/2.1; +http://www.google.com/bot.html)"
66.249.68.67 - - [11/Jan/2025:18:58:45 -0500] "GET /index.php?static/241463 HTTP/1.1" 200 69007 "-" "Mozilla/5.0 (Linux; Android 6.0.1; Nexus 5X Build/MMB29P) AppleWebKit/537.36 (KHTML, like Gecko) Chrome/131.0.6778.264 Mobile Safari/537.36 (compatible; Googlebot/2.1; +http://www.google.com/bot.html)"
66.249.68.67 - - [11/Jan/2025:18:58:48 -0500] "GET /static/4294058?keyword=%E5%B7%A5%E8%8A%B8%E5%93%81 HTTP/1.1" 200 68613 "-" "Mozilla/5.0 (Linux; Android 6.0.1; Nexus 5X Build/MMB29P) AppleWebKit/537.36 (KHTML, like Gecko) Chrome/131.0.6778.264 Mobile Safari/537.36 (compatible; Googlebot/2.1; +http://www.google.com/bot.html)"
66.249.68.3 - - [11/Jan/2025:18:59:25 -0500] "GET /index.php?static/1323778 HTTP/1.1" 200 68343 "-" "Mozilla/5.0 (Linux; Android 6.0.1; Nexus 5X Build/MMB29P) AppleWebKit/537.36 (KHTML, like Gecko) Chrome/131.0.6778.264 Mobile Safari/537.36 (compatible; Googlebot/2.1; +http://www.google.com/bot.html)"
66.249.79.102 - - [11/Jan/2025:18:59:29 -0500] "GET /goods/1103101?keyword=LOFT?keyword=%E3%83%95%E3%82%A1%E3%83%83%E3%82%B7%E3%83%A7%E3%83%B3 HTTP/1.1" 200 76799 "-" "Mozilla/5.0 (Linux; Android 6.0.1; Nexus 5X Build/MMB29P) AppleWebKit/537.36 (KHTML, like Gecko) Chrome/131.0.6778.264 Mobile Safari/537.36 (compatible; Googlebot/2.1; +http://www.google.com/bot.html)"
66.249.68.34 - - [11/Jan/2025:18:59:35 -0500] "GET /index.php?static/4165809 HTTP/1.1" 200 70257 "-" "Mozilla/5.0 (Linux; Android 6.0.1; Nexus 5X Build/MMB29P) AppleWebKit/537.36 (KHTML, like Gecko) Chrome/131.0.6778.264 Mobile Safari/537.36 (compatible; Googlebot/2.1; +http://www.google.com/bot.html)"
194.32.122.41 - - [11/Jan/2025:18:58:24 -0500] "POST /register/ HTTP/1.0" 200 76060 "https://misswavenigeria.com/register/" "Mozilla/5.0 (Windows NT 10.0; WOW64) AppleWebKit/537.36 (KHTML, like Gecko) Chrome/103.0.0.0 Safari/537.36"
66.29.132.124 - - [11/Jan/2025:18:59:39 -0500] "POST /wp-cron.php?doing_wp_cron=1736639979.9643518924713134765625 HTTP/1.1" 200 0 "-" "WordPress/6.7.1; https://misswavenigeria.com"
194.32.122.41 - - [11/Jan/2025:18:59:39 -0500] "GET /register/ HTTP/1.0" 200 75934 "https://misswavenigeria.com/" "Mozilla/5.0 (Windows NT 10.0; WOW64) AppleWebKit/537.36 (KHTML, like Gecko) Chrome/103.0.0.0 Safari/537.36"
66.29.132.124 - - [11/Jan/2025:18:59:40 -0500] "POST /wp-admin/admin-ajax.php?action=async_litespeed&nonce=BXNr5SL4P5hvWXNulxOt7ataHM7J3jh9&litespeed_type=imgoptm HTTP/1.1" 200 21 "-" "WordPress/6.7.1; https://misswavenigeria.com"
66.249.68.3 - - [11/Jan/2025:18:59:42 -0500] "GET /static/4294058?keyword=%E3%82%B0%E3%83%A9%E3%82%B9 HTTP/1.1" 200 68716 "-" "Mozilla/5.0 (Linux; Android 6.0.1; Nexus 5X Build/MMB29P) AppleWebKit/537.36 (KHTML, like Gecko) Chrome/131.0.6778.264 Mobile Safari/537.36 (compatible; Googlebot/2.1; +http://www.google.com/bot.html)"
66.249.79.168 - - [11/Jan/2025:18:59:49 -0500] "GET /index.php?static/1092955 HTTP/1.1" 200 68844 "-" "Mozilla/5.0 (Linux; Android 6.0.1; Nexus 5X Build/MMB29P) AppleWebKit/537.36 (KHTML, like Gecko) Chrome/131.0.6778.264 Mobile Safari/537.36 (compatible; Googlebot/2.1; +http://www.google.com/bot.html)"
66.249.68.5 - - [11/Jan/2025:19:00:04 -0500] "GET /index.php?goods/2277847 HTTP/1.1" 200 68295 "-" "Mozilla/5.0 (Linux; Android 6.0.1; Nexus 5X Build/MMB29P) AppleWebKit/537.36 (KHTML, like Gecko) Chrome/131.0.6778.264 Mobile Safari/537.36 (compatible; Googlebot/2.1; +http://www.google.com/bot.html)"
66.249.79.3 - - [11/Jan/2025:19:00:09 -0500] "GET /index.php?static/3711118 HTTP/1.1" 200 69104 "-" "Mozilla/5.0 (Linux; Android 6.0.1; Nexus 5X Build/MMB29P) AppleWebKit/537.36 (KHTML, like Gecko) Chrome/131.0.6778.264 Mobile Safari/537.36 (compatible; Googlebot/2.1; +http://www.google.com/bot.html)"
66.249.79.3 - - [11/Jan/2025:19:00:13 -0500] "GET /static/3188318?keyword=Watch%E3%80%90%E5%AE%89 HTTP/1.1" 200 72409 "-" "Mozilla/5.0 (Linux; Android 6.0.1; Nexus 5X Build/MMB29P) AppleWebKit/537.36 (KHTML, like Gecko) Chrome/131.0.6778.264 Mobile Safari/537.36 (compatible; Googlebot/2.1; +http://www.google.com/bot.html)"
66.249.79.204 - - [11/Jan/2025:19:00:35 -0500] "GET /index.php?goods/2049523 HTTP/1.1" 200 70545 "-" "Mozilla/5.0 (Linux; Android 6.0.1; Nexus 5X Build/MMB29P) AppleWebKit/537.36 (KHTML, like Gecko) Chrome/131.0.6778.264 Mobile Safari/537.36 (compatible; Googlebot/2.1; +http://www.google.com/bot.html)"
66.249.68.3 - - [11/Jan/2025:19:00:39 -0500] "GET /static/214551?keyword=%E8%A4%87%E6%95%B0%E5%9C%A8%E5%BA%AB%EF%BC%81%E3%80%91MITSUBISHI/%E4%B8%89%E8%8F%B1%E9%9B%BB%E6%A9%9F HTTP/1.1" 200 68436 "-" "Mozilla/5.0 (Linux; Android 6.0.1; Nexus 5X Build/MMB29P) AppleWebKit/537.36 (KHTML, like Gecko) Chrome/131.0.6778.264 Mobile Safari/537.36 (compatible; Googlebot/2.1; +http://www.google.com/bot.html)"
66.249.79.103 - - [11/Jan/2025:19:00:47 -0500] "GET /index.php?goods/2658295 HTTP/1.1" 200 69402 "-" "Mozilla/5.0 (Linux; Android 6.0.1; Nexus 5X Build/MMB29P) AppleWebKit/537.36 (KHTML, like Gecko) Chrome/131.0.6778.264 Mobile Safari/537.36 (compatible; Googlebot/2.1; +http://www.google.com/bot.html)"
66.249.68.4 - - [11/Jan/2025:19:00:51 -0500] "GET /static/3188318?keyword=%E3%82%B9%E3%83%9E%E3%83%BC%E3%83%88%E3%82%A6%E3%82%A9%E3%83%83%E3%83%81%E3%80%81%E3%82%A6%E3%82%A7%E3%82%A2%E3%83%A9%E3%83%96%E3%83%AB%E7%AB%AF%E6%9C%AB HTTP/1.1" 200 69579 "-" "Mozilla/5.0 (Linux; Android 6.0.1; Nexus 5X Build/MMB29P) AppleWebKit/537.36 (KHTML, like Gecko) Chrome/131.0.6778.264 Mobile Safari/537.36 (compatible; Googlebot/2.1; +http://www.google.com/bot.html)"
66.249.79.103 - - [11/Jan/2025:19:01:06 -0500] "GET /index.php?static/3252413 HTTP/1.1" 200 67921 "-" "Mozilla/5.0 (Linux; Android 6.0.1; Nexus 5X Build/MMB29P) AppleWebKit/537.36 (KHTML, like Gecko) Chrome/131.0.6778.264 Mobile Safari/537.36 (compatible; Googlebot/2.1; +http://www.google.com/bot.html)"
66.249.79.206 - - [11/Jan/2025:19:01:11 -0500] "GET /static/4294058?keyword=%E3%82%A2%E3%83%B3%E3%83%86%E3%82%A3%E3%83%BC%E3%82%AF%E3%80%81%E3%82%B3%E3%83%AC%E3%82%AF%E3%82%B7%E3%83%A7%E3%83%B3 HTTP/1.1" 200 68478 "-" "Mozilla/5.0 (Linux; Android 6.0.1; Nexus 5X Build/MMB29P) AppleWebKit/537.36 (KHTML, like Gecko) Chrome/131.0.6778.264 Mobile Safari/537.36 (compatible; Googlebot/2.1; +http://www.google.com/bot.html)"
66.249.68.4 - - [11/Jan/2025:19:01:25 -0500] "GET /index.php?goods/1471028 HTTP/1.1" 200 68350 "-" "Mozilla/5.0 (Linux; Android 6.0.1; Nexus 5X Build/MMB29P) AppleWebKit/537.36 (KHTML, like Gecko) Chrome/131.0.6778.264 Mobile Safari/537.36 (compatible; Googlebot/2.1; +http://www.google.com/bot.html)"
66.29.132.124 - - [11/Jan/2025:19:01:34 -0500] "POST /wp-cron.php?doing_wp_cron=1736640094.7641260623931884765625 HTTP/1.1" 200 0 "-" "WordPress/6.7.1; https://misswavenigeria.com"
194.32.122.41 - - [11/Jan/2025:19:01:34 -0500] "GET / HTTP/1.0" 200 109067 "https://misswavenigeria.com/" "Mozilla/5.0 (Windows NT 10.0; WOW64) AppleWebKit/537.36 (KHTML, like Gecko) Chrome/103.0.5060.114 Safari/537.36"
66.29.132.124 - - [11/Jan/2025:19:01:34 -0500] "POST /wp-admin/admin-ajax.php?action=async_litespeed&nonce=71Fg5bwtnwyePSMHQIKNPorGbYoD89YX&litespeed_type=imgoptm HTTP/1.1" 200 21 "-" "WordPress/6.7.1; https://misswavenigeria.com"
66.249.68.67 - - [11/Jan/2025:19:01:34 -0500] "GET /static/4294058?keyword=%E3%83%99%E3%83%8D%E3%83%81%E3%82%A2%E3%83%B3%E3%82%AC%E3%83%A9%E3%82%B9 HTTP/1.1" 200 71944 "-" "Mozilla/5.0 (Linux; Android 6.0.1; Nexus 5X Build/MMB29P) AppleWebKit/537.36 (KHTML, like Gecko) Chrome/131.0.6778.264 Mobile Safari/537.36 (compatible; Googlebot/2.1; +http://www.google.com/bot.html)"
194.32.122.41 - - [11/Jan/2025:19:01:37 -0500] "GET /register/ HTTP/1.0" 200 75934 "https://misswavenigeria.com/register/" "Mozilla/5.0 (Windows NT 10.0; WOW64) AppleWebKit/537.36 (KHTML, like Gecko) Chrome/103.0.5060.114 Safari/537.36"
66.249.79.168 - - [11/Jan/2025:19:01:48 -0500] "GET /index.php?goods/90790 HTTP/1.1" 200 69625 "-" "Mozilla/5.0 (Linux; Android 6.0.1; Nexus 5X Build/MMB29P) AppleWebKit/537.36 (KHTML, like Gecko) Chrome/131.0.6778.264 Mobile Safari/537.36 (compatible; Googlebot/2.1; +http://www.google.com/bot.html)"
66.249.79.204 - - [11/Jan/2025:19:01:54 -0500] "GET /goods/1103101?keyword=LOFT?keyword=%E3%83%94%E3%82%A2%E3%82%B9 HTTP/1.1" 200 68999 "-" "Mozilla/5.0 (Linux; Android 6.0.1; Nexus 5X Build/MMB29P) AppleWebKit/537.36 (KHTML, like Gecko) Chrome/131.0.6778.264 Mobile Safari/537.36 (compatible; Googlebot/2.1; +http://www.google.com/bot.html)"
66.249.79.204 - - [11/Jan/2025:19:02:07 -0500] "GET /index.php?static/4000716 HTTP/1.1" 200 71251 "-" "Mozilla/5.0 (Linux; Android 6.0.1; Nexus 5X Build/MMB29P) AppleWebKit/537.36 (KHTML, like Gecko) Chrome/131.0.6778.264 Mobile Safari/537.36 (compatible; Googlebot/2.1; +http://www.google.com/bot.html)"
66.249.79.35 - - [11/Jan/2025:19:02:18 -0500] "GET /index.php?static/3036633 HTTP/1.1" 200 72464 "-" "Mozilla/5.0 (Linux; Android 6.0.1; Nexus 5X Build/MMB29P) AppleWebKit/537.36 (KHTML, like Gecko) Chrome/131.0.6778.264 Mobile Safari/537.36 (compatible; Googlebot/2.1; +http://www.google.com/bot.html)"

Youez - 2016 - github.com/yon3zu
LinuXploit