66.249.68.67 - - [11/Jan/2025:15:20:34 -0500] "GET /static/3646509?keyword=%E3%83%A1%E3%83%B3%E3%82%BA?keyword=- HTTP/1.1" 200 69169 "-" "Mozilla/5.0 (Linux; Android 6.0.1; Nexus 5X Build/MMB29P) AppleWebKit/537.36 (KHTML, like Gecko) Chrome/131.0.6778.264 Mobile Safari/537.36 (compatible; Googlebot/2.1; +http://www.google.com/bot.html)"
66.249.68.67 - - [11/Jan/2025:15:20:36 -0500] "GET /static/4291615 HTTP/1.1" 200 67487 "-" "Mozilla/5.0 (Linux; Android 6.0.1; Nexus 5X Build/MMB29P) AppleWebKit/537.36 (KHTML, like Gecko) Chrome/131.0.6778.264 Mobile Safari/537.36 (compatible; Googlebot/2.1; +http://www.google.com/bot.html)"
66.249.68.67 - - [11/Jan/2025:15:20:58 -0500] "GET /static/480847?keyword=%E3%83%99%E3%83%93%E3%83%BC%E3%83%BB%E3%82%AD%E3%83%83%E3%82%BA?keyword=IC HTTP/1.1" 200 68375 "-" "Mozilla/5.0 (Linux; Android 6.0.1; Nexus 5X Build/MMB29P) AppleWebKit/537.36 (KHTML, like Gecko) Chrome/131.0.6778.264 Mobile Safari/537.36 (compatible; Googlebot/2.1; +http://www.google.com/bot.html)"
66.249.68.68 - - [11/Jan/2025:15:21:02 -0500] "GET /static/1332866 HTTP/1.1" 200 68365 "-" "Mozilla/5.0 (Linux; Android 6.0.1; Nexus 5X Build/MMB29P) AppleWebKit/537.36 (KHTML, like Gecko) Chrome/131.0.6778.264 Mobile Safari/537.36 (compatible; Googlebot/2.1; +http://www.google.com/bot.html)"
66.249.68.67 - - [11/Jan/2025:15:21:05 -0500] "GET /static/4228643?keyword=%E5%BF%97%E6%91%A9%E3%83%AA%E3%83%B3%E3%80%80%E3%83%AA%E3%83%B3%E3%80%80SSP?keyword=%E3%82%B9%E3%83%9D%E3%83%BC%E3%83%84 HTTP/1.1" 200 68388 "-" "Mozilla/5.0 (Linux; Android 6.0.1; Nexus 5X Build/MMB29P) AppleWebKit/537.36 (KHTML, like Gecko) Chrome/131.0.6778.264 Mobile Safari/537.36 (compatible; Googlebot/2.1; +http://www.google.com/bot.html)"
66.249.68.67 - - [11/Jan/2025:15:21:09 -0500] "GET /static/3810700 HTTP/1.1" 200 69435 "-" "Mozilla/5.0 (Linux; Android 6.0.1; Nexus 5X Build/MMB29P) AppleWebKit/537.36 (KHTML, like Gecko) Chrome/131.0.6778.264 Mobile Safari/537.36 (compatible; Googlebot/2.1; +http://www.google.com/bot.html)"
66.249.68.67 - - [11/Jan/2025:15:21:22 -0500] "GET /static/480847?keyword=%E3%83%99%E3%83%93%E3%83%BC%E3%83%BB%E3%82%AD%E3%83%83%E3%82%BA?keyword=SR-H4500 HTTP/1.1" 200 69751 "-" "Mozilla/5.0 (Linux; Android 6.0.1; Nexus 5X Build/MMB29P) AppleWebKit/537.36 (KHTML, like Gecko) Chrome/131.0.6778.264 Mobile Safari/537.36 (compatible; Googlebot/2.1; +http://www.google.com/bot.html)"
66.249.68.67 - - [11/Jan/2025:15:21:25 -0500] "GET /show/439120 HTTP/1.1" 200 70386 "-" "Mozilla/5.0 (Linux; Android 6.0.1; Nexus 5X Build/MMB29P) AppleWebKit/537.36 (KHTML, like Gecko) Chrome/131.0.6778.264 Mobile Safari/537.36 (compatible; Googlebot/2.1; +http://www.google.com/bot.html)"
66.249.68.67 - - [11/Jan/2025:15:21:39 -0500] "GET /static/480847?keyword=%E3%83%99%E3%83%93%E3%83%BC%E3%83%BB%E3%82%AD%E3%83%83%E3%82%BA?keyword=%E5%AD%A6%E7%BF%92%E3%83%A2%E3%83%87%E3%83%AB) HTTP/1.1" 200 67871 "-" "Mozilla/5.0 (Linux; Android 6.0.1; Nexus 5X Build/MMB29P) AppleWebKit/537.36 (KHTML, like Gecko) Chrome/131.0.6778.264 Mobile Safari/537.36 (compatible; Googlebot/2.1; +http://www.google.com/bot.html)"
66.249.68.67 - - [11/Jan/2025:15:21:43 -0500] "GET /goods/1075848 HTTP/1.1" 200 69781 "-" "Mozilla/5.0 (Linux; Android 6.0.1; Nexus 5X Build/MMB29P) AppleWebKit/537.36 (KHTML, like Gecko) Chrome/131.0.6778.264 Mobile Safari/537.36 (compatible; Googlebot/2.1; +http://www.google.com/bot.html)"
66.29.132.124 - - [11/Jan/2025:15:21:52 -0500] "POST /wp-cron.php?doing_wp_cron=1736626912.6887030601501464843750 HTTP/1.1" 200 0 "-" "WordPress/6.7.1; https://misswavenigeria.com"
194.32.122.41 - - [11/Jan/2025:15:21:52 -0500] "GET / HTTP/1.0" 200 109067 "https://misswavenigeria.com/" "Mozilla/5.0 (Windows NT 6.1; Win64; x64) AppleWebKit/537.36 (KHTML, like Gecko) Chrome/103.0.5060.114 Safari/537.36"
66.29.132.124 - - [11/Jan/2025:15:21:52 -0500] "POST /wp-admin/admin-ajax.php?action=async_litespeed&nonce=tLLnXo2yuBC6dRrAr2FsJqYrzp6URlHo&litespeed_type=imgoptm HTTP/1.1" 200 21 "-" "WordPress/6.7.1; https://misswavenigeria.com"
66.249.68.68 - - [11/Jan/2025:15:21:53 -0500] "GET /goods/1103101?keyword=2.0 HTTP/1.1" 200 68222 "-" "Mozilla/5.0 (Linux; Android 6.0.1; Nexus 5X Build/MMB29P) AppleWebKit/537.36 (KHTML, like Gecko) Chrome/131.0.6778.264 Mobile Safari/537.36 (compatible; Googlebot/2.1; +http://www.google.com/bot.html)"
194.32.122.41 - - [11/Jan/2025:15:21:55 -0500] "GET /register/ HTTP/1.0" 200 75934 "https://misswavenigeria.com/register/" "Mozilla/5.0 (Windows NT 6.1; Win64; x64) AppleWebKit/537.36 (KHTML, like Gecko) Chrome/103.0.5060.114 Safari/537.36"
66.249.68.68 - - [11/Jan/2025:15:22:00 -0500] "GET /static/223388 HTTP/1.1" 200 67597 "-" "Mozilla/5.0 (Linux; Android 6.0.1; Nexus 5X Build/MMB29P) AppleWebKit/537.36 (KHTML, like Gecko) Chrome/131.0.6778.264 Mobile Safari/537.36 (compatible; Googlebot/2.1; +http://www.google.com/bot.html)"
66.249.68.68 - - [11/Jan/2025:15:22:11 -0500] "GET /goods/1103101?keyword=VR_S HTTP/1.1" 200 68970 "-" "Mozilla/5.0 (Linux; Android 6.0.1; Nexus 5X Build/MMB29P) AppleWebKit/537.36 (KHTML, like Gecko) Chrome/131.0.6778.264 Mobile Safari/537.36 (compatible; Googlebot/2.1; +http://www.google.com/bot.html)"
66.249.68.67 - - [11/Jan/2025:15:22:13 -0500] "GET /static/3167310 HTTP/1.1" 200 68734 "-" "Mozilla/5.0 (Linux; Android 6.0.1; Nexus 5X Build/MMB29P) AppleWebKit/537.36 (KHTML, like Gecko) Chrome/131.0.6778.264 Mobile Safari/537.36 (compatible; Googlebot/2.1; +http://www.google.com/bot.html)"
66.249.68.67 - - [11/Jan/2025:15:22:22 -0500] "GET /goods/1103101?keyword=VRS HTTP/1.1" 200 69110 "-" "Mozilla/5.0 (Linux; Android 6.0.1; Nexus 5X Build/MMB29P) AppleWebKit/537.36 (KHTML, like Gecko) Chrome/131.0.6778.264 Mobile Safari/537.36 (compatible; Googlebot/2.1; +http://www.google.com/bot.html)"
66.249.68.67 - - [11/Jan/2025:15:22:25 -0500] "GET /goods/2182098 HTTP/1.1" 200 69327 "-" "Mozilla/5.0 (Linux; Android 6.0.1; Nexus 5X Build/MMB29P) AppleWebKit/537.36 (KHTML, like Gecko) Chrome/131.0.6778.264 Mobile Safari/537.36 (compatible; Googlebot/2.1; +http://www.google.com/bot.html)"
66.249.68.67 - - [11/Jan/2025:15:22:32 -0500] "GET /goods/1103101?keyword=1W HTTP/1.1" 200 68015 "-" "Mozilla/5.0 (Linux; Android 6.0.1; Nexus 5X Build/MMB29P) AppleWebKit/537.36 (KHTML, like Gecko) Chrome/131.0.6778.264 Mobile Safari/537.36 (compatible; Googlebot/2.1; +http://www.google.com/bot.html)"
66.249.68.67 - - [11/Jan/2025:15:22:35 -0500] "GET /static/3713716 HTTP/1.1" 200 73060 "-" "Mozilla/5.0 (Linux; Android 6.0.1; Nexus 5X Build/MMB29P) AppleWebKit/537.36 (KHTML, like Gecko) Chrome/131.0.6778.264 Mobile Safari/537.36 (compatible; Googlebot/2.1; +http://www.google.com/bot.html)"
66.249.68.67 - - [11/Jan/2025:15:22:49 -0500] "GET /goods/1103101?keyword=%E3%83%89%E3%83%A9%E3%82%A4%E3%83%90%E3%83%BC HTTP/1.1" 200 70878 "-" "Mozilla/5.0 (Linux; Android 6.0.1; Nexus 5X Build/MMB29P) AppleWebKit/537.36 (KHTML, like Gecko) Chrome/131.0.6778.264 Mobile Safari/537.36 (compatible; Googlebot/2.1; +http://www.google.com/bot.html)"
66.249.68.68 - - [11/Jan/2025:15:22:52 -0500] "GET /goods/2897495 HTTP/1.1" 200 68765 "-" "Mozilla/5.0 (Linux; Android 6.0.1; Nexus 5X Build/MMB29P) AppleWebKit/537.36 (KHTML, like Gecko) Chrome/131.0.6778.264 Mobile Safari/537.36 (compatible; Googlebot/2.1; +http://www.google.com/bot.html)"
66.249.68.69 - - [11/Jan/2025:15:23:04 -0500] "GET /goods/3498746?keyword=%E3%83%95%E3%82%A1%E3%83%83%E3%82%B7%E3%83%A7%E3%83%B3?keyword=%E3%83%AC%E3%82%B6%E3%83%BC HTTP/1.1" 200 67552 "-" "Mozilla/5.0 (Linux; Android 6.0.1; Nexus 5X Build/MMB29P) AppleWebKit/537.36 (KHTML, like Gecko) Chrome/131.0.6778.264 Mobile Safari/537.36 (compatible; Googlebot/2.1; +http://www.google.com/bot.html)"
66.249.68.69 - - [11/Jan/2025:15:23:07 -0500] "GET /goods/4647997?keyword=%E7%94%9F%E6%B4%BB%E5%AE%B6%E9%9B%BB%E3%83%BB%E7%A9%BA%E8%AA%BF?keyword=F4.5-6.3 HTTP/1.1" 200 69003 "-" "Mozilla/5.0 (Linux; Android 6.0.1; Nexus 5X Build/MMB29P) AppleWebKit/537.36 (KHTML, like Gecko) Chrome/131.0.6778.264 Mobile Safari/537.36 (compatible; Googlebot/2.1; +http://www.google.com/bot.html)"
66.249.68.67 - - [11/Jan/2025:15:23:15 -0500] "GET /static/4442189 HTTP/1.1" 200 67880 "-" "Mozilla/5.0 (Linux; Android 6.0.1; Nexus 5X Build/MMB29P) AppleWebKit/537.36 (KHTML, like Gecko) Chrome/131.0.6778.264 Mobile Safari/537.36 (compatible; Googlebot/2.1; +http://www.google.com/bot.html)"
66.249.68.67 - - [11/Jan/2025:15:23:32 -0500] "GET /static/4067730?keyword=%E3%82%A4%E3%83%B3%E3%83%86%E3%83%AA%E3%82%A2%E5%B0%8F%E7%89%A9 HTTP/1.1" 200 69458 "-" "Mozilla/5.0 (Linux; Android 6.0.1; Nexus 5X Build/MMB29P) AppleWebKit/537.36 (KHTML, like Gecko) Chrome/131.0.6778.264 Mobile Safari/537.36 (compatible; Googlebot/2.1; +http://www.google.com/bot.html)"
66.249.68.67 - - [11/Jan/2025:15:23:33 -0500] "GET /goods/1521533 HTTP/1.1" 200 69354 "-" "Mozilla/5.0 (Linux; Android 6.0.1; Nexus 5X Build/MMB29P) AppleWebKit/537.36 (KHTML, like Gecko) Chrome/131.0.6778.264 Mobile Safari/537.36 (compatible; Googlebot/2.1; +http://www.google.com/bot.html)"
194.32.122.41 - - [11/Jan/2025:15:21:56 -0500] "POST /register/ HTTP/1.0" 200 76060 "https://misswavenigeria.com/register/" "Mozilla/5.0 (Windows NT 6.1; Win64; x64) AppleWebKit/537.36 (KHTML, like Gecko) Chrome/103.0.5060.114 Safari/537.36"
66.29.132.124 - - [11/Jan/2025:15:23:37 -0500] "POST /wp-cron.php?doing_wp_cron=1736627017.9771909713745117187500 HTTP/1.1" 200 0 "-" "WordPress/6.7.1; https://misswavenigeria.com"
194.32.122.41 - - [11/Jan/2025:15:23:37 -0500] "GET /register/ HTTP/1.0" 200 75934 "https://misswavenigeria.com/" "Mozilla/5.0 (Windows NT 6.1; Win64; x64) AppleWebKit/537.36 (KHTML, like Gecko) Chrome/103.0.5060.114 Safari/537.36"
66.29.132.124 - - [11/Jan/2025:15:23:38 -0500] "POST /wp-admin/admin-ajax.php?action=async_litespeed&nonce=pUNd8Ng8aegaH3FI5IOhh5kT2kCVyaBu&litespeed_type=imgoptm HTTP/1.1" 200 21 "-" "WordPress/6.7.1; https://misswavenigeria.com"
66.249.68.67 - - [11/Jan/2025:15:23:42 -0500] "GET /static/3646509?keyword=%E3%83%A1%E3%83%B3%E3%82%BA?keyword=%E3%83%9A%E3%83%B3%E3%83%80%E3%83%B3%E3%83%88%E3%83%88%E3%83%83%E3%83%97 HTTP/1.1" 200 71826 "-" "Mozilla/5.0 (Linux; Android 6.0.1; Nexus 5X Build/MMB29P) AppleWebKit/537.36 (KHTML, like Gecko) Chrome/131.0.6778.264 Mobile Safari/537.36 (compatible; Googlebot/2.1; +http://www.google.com/bot.html)"
66.249.68.67 - - [11/Jan/2025:15:23:45 -0500] "GET /goods/973995 HTTP/1.1" 200 69832 "-" "Mozilla/5.0 (Linux; Android 6.0.1; Nexus 5X Build/MMB29P) AppleWebKit/537.36 (KHTML, like Gecko) Chrome/131.0.6778.264 Mobile Safari/537.36 (compatible; Googlebot/2.1; +http://www.google.com/bot.html)"
66.249.68.68 - - [11/Jan/2025:15:23:53 -0500] "GET /goods/1103101?keyword=%E3%82%B9%E3%83%9D%E3%83%BC%E3%83%84%E5%88%A5 HTTP/1.1" 200 68429 "-" "Mozilla/5.0 (Linux; Android 6.0.1; Nexus 5X Build/MMB29P) AppleWebKit/537.36 (KHTML, like Gecko) Chrome/131.0.6778.264 Mobile Safari/537.36 (compatible; Googlebot/2.1; +http://www.google.com/bot.html)"
66.249.68.68 - - [11/Jan/2025:15:23:56 -0500] "GET /static/1608512 HTTP/1.1" 200 67967 "-" "Mozilla/5.0 (Linux; Android 6.0.1; Nexus 5X Build/MMB29P) AppleWebKit/537.36 (KHTML, like Gecko) Chrome/131.0.6778.264 Mobile Safari/537.36 (compatible; Googlebot/2.1; +http://www.google.com/bot.html)"
66.249.68.69 - - [11/Jan/2025:15:24:14 -0500] "GET /goods/3498746?keyword=%E3%83%95%E3%82%A1%E3%83%83%E3%82%B7%E3%83%A7%E3%83%B3?keyword=%E3%82%B0%E3%83%AC%E3%83%BC%E3%82%B8%E3%83%A5 HTTP/1.1" 200 67807 "-" "Mozilla/5.0 (Linux; Android 6.0.1; Nexus 5X Build/MMB29P) AppleWebKit/537.36 (KHTML, like Gecko) Chrome/131.0.6778.264 Mobile Safari/537.36 (compatible; Googlebot/2.1; +http://www.google.com/bot.html)"
66.249.68.68 - - [11/Jan/2025:15:24:23 -0500] "GET /static/214551 HTTP/1.1" 200 71517 "-" "Mozilla/5.0 (Linux; Android 6.0.1; Nexus 5X Build/MMB29P) AppleWebKit/537.36 (KHTML, like Gecko) Chrome/131.0.6778.264 Mobile Safari/537.36 (compatible; Googlebot/2.1; +http://www.google.com/bot.html)"
66.249.68.67 - - [11/Jan/2025:15:24:35 -0500] "GET /goods/1103101?keyword=LOFT HTTP/1.1" 200 67680 "-" "Mozilla/5.0 (Linux; Android 6.0.1; Nexus 5X Build/MMB29P) AppleWebKit/537.36 (KHTML, like Gecko) Chrome/131.0.6778.264 Mobile Safari/537.36 (compatible; Googlebot/2.1; +http://www.google.com/bot.html)"
66.249.68.67 - - [11/Jan/2025:15:24:37 -0500] "GET /static/4294058 HTTP/1.1" 200 70580 "-" "Mozilla/5.0 (Linux; Android 6.0.1; Nexus 5X Build/MMB29P) AppleWebKit/537.36 (KHTML, like Gecko) Chrome/131.0.6778.264 Mobile Safari/537.36 (compatible; Googlebot/2.1; +http://www.google.com/bot.html)"
66.249.68.67 - - [11/Jan/2025:15:24:44 -0500] "GET /static/4541925?keyword=K728 HTTP/1.1" 200 68467 "-" "Mozilla/5.0 (Linux; Android 6.0.1; Nexus 5X Build/MMB29P) AppleWebKit/537.36 (KHTML, like Gecko) Chrome/131.0.6778.264 Mobile Safari/537.36 (compatible; Googlebot/2.1; +http://www.google.com/bot.html)"
66.249.68.68 - - [11/Jan/2025:15:24:49 -0500] "GET /static/3188318 HTTP/1.1" 200 69924 "-" "Mozilla/5.0 (Linux; Android 6.0.1; Nexus 5X Build/MMB29P) AppleWebKit/537.36 (KHTML, like Gecko) Chrome/131.0.6778.264 Mobile Safari/537.36 (compatible; Googlebot/2.1; +http://www.google.com/bot.html)"
66.249.68.68 - - [11/Jan/2025:15:24:52 -0500] "GET /goods/1103101?keyword=%E3%81%8A%E8%B2%B7%E3%81%84%E5%BE%97%E5%93%81%EF%BC%81 HTTP/1.1" 200 68895 "-" "Mozilla/5.0 (Linux; Android 6.0.1; Nexus 5X Build/MMB29P) AppleWebKit/537.36 (KHTML, like Gecko) Chrome/131.0.6778.264 Mobile Safari/537.36 (compatible; Googlebot/2.1; +http://www.google.com/bot.html)"
66.249.68.68 - - [11/Jan/2025:15:24:54 -0500] "GET /static/1929343 HTTP/1.1" 200 67579 "-" "Mozilla/5.0 (Linux; Android 6.0.1; Nexus 5X Build/MMB29P) AppleWebKit/537.36 (KHTML, like Gecko) Chrome/131.0.6778.264 Mobile Safari/537.36 (compatible; Googlebot/2.1; +http://www.google.com/bot.html)"
66.29.132.124 - - [11/Jan/2025:15:24:59 -0500] "POST /wp-cron.php?doing_wp_cron=1736627099.7667169570922851562500 HTTP/1.1" 200 0 "-" "WordPress/6.7.1; https://misswavenigeria.com"
194.32.122.41 - - [11/Jan/2025:15:24:59 -0500] "GET / HTTP/1.0" 200 109067 "https://misswavenigeria.com/" "Mozilla/5.0 (Windows NT 6.3; Win64; x64) AppleWebKit/537.36 (KHTML, like Gecko) Chrome/103.0.5060.66 Safari/537.36"
66.29.132.124 - - [11/Jan/2025:15:25:00 -0500] "POST /wp-admin/admin-ajax.php?action=async_litespeed&nonce=8974O7CJ8tNZehU0hA0yMZK0BN5tLS5Y&litespeed_type=imgoptm HTTP/1.1" 200 21 "-" "WordPress/6.7.1; https://misswavenigeria.com"
194.32.122.41 - - [11/Jan/2025:15:25:02 -0500] "GET /register/ HTTP/1.0" 200 75934 "https://misswavenigeria.com/register/" "Mozilla/5.0 (Windows NT 6.3; Win64; x64) AppleWebKit/537.36 (KHTML, like Gecko) Chrome/103.0.5060.66 Safari/537.36"
66.249.68.67 - - [11/Jan/2025:15:25:00 -0500] "GET /static/480847?keyword=%E3%83%99%E3%83%93%E3%83%BC%E3%83%BB%E3%82%AD%E3%83%83%E3%82%BA?keyword=%E3%80%90%E3%80%91 HTTP/1.1" 200 67396 "-" "Mozilla/5.0 (Linux; Android 6.0.1; Nexus 5X Build/MMB29P) AppleWebKit/537.36 (KHTML, like Gecko) Chrome/131.0.6778.264 Mobile Safari/537.36 (compatible; Googlebot/2.1; +http://www.google.com/bot.html)"
66.249.68.69 - - [11/Jan/2025:15:25:03 -0500] "GET /goods/2814629 HTTP/1.1" 200 67282 "-" "Mozilla/5.0 (Linux; Android 6.0.1; Nexus 5X Build/MMB29P) AppleWebKit/537.36 (KHTML, like Gecko) Chrome/131.0.6778.264 Mobile Safari/537.36 (compatible; Googlebot/2.1; +http://www.google.com/bot.html)"
66.249.68.68 - - [11/Jan/2025:15:25:25 -0500] "GET /static/3646509?keyword=%E3%83%A1%E3%83%B3%E3%82%BA?keyword=925 HTTP/1.1" 200 68383 "-" "Mozilla/5.0 (Linux; Android 6.0.1; Nexus 5X Build/MMB29P) AppleWebKit/537.36 (KHTML, like Gecko) Chrome/131.0.6778.264 Mobile Safari/537.36 (compatible; Googlebot/2.1; +http://www.google.com/bot.html)"
66.249.68.68 - - [11/Jan/2025:15:25:28 -0500] "GET /goods/2115319 HTTP/1.1" 200 70738 "-" "Mozilla/5.0 (Linux; Android 6.0.1; Nexus 5X Build/MMB29P) AppleWebKit/537.36 (KHTML, like Gecko) Chrome/131.0.6778.264 Mobile Safari/537.36 (compatible; Googlebot/2.1; +http://www.google.com/bot.html)"
66.249.68.67 - - [11/Jan/2025:15:25:35 -0500] "GET /static/4067730?keyword=%E3%82%A2%E3%82%A4%E3%82%A2%E3%83%B3%E3%82%B4%E3%83%BC%E3%83%AB%E3%83%89%E3%83%8A%E3%83%81%E3%83%A5%E3%83%A9%E3%83%AB%E3%83%84%E3%83%AA%E3%83%BC69cm%E2%AD%90%EF%B8%8E%E3%82%AF%E3%83%AA%E3%82%B9%E3%83%9E%E3%82%B9%E3%83%84%E3%83%AA%E3%83%BC%E2%AD%90%EF%B8%8E%E3%82%AA%E3%83%BC%E3%83%8A%E3%83%A1%E3%83%B3%E3%83%88%E4%BB%98%E3%81%8D HTTP/1.1" 200 69059 "-" "Mozilla/5.0 (Linux; Android 6.0.1; Nexus 5X Build/MMB29P) AppleWebKit/537.36 (KHTML, like Gecko) Chrome/131.0.6778.264 Mobile Safari/537.36 (compatible; Googlebot/2.1; +http://www.google.com/bot.html)"
66.249.68.67 - - [11/Jan/2025:15:25:38 -0500] "GET /static/2946809 HTTP/1.1" 200 72243 "-" "Mozilla/5.0 (Linux; Android 6.0.1; Nexus 5X Build/MMB29P) AppleWebKit/537.36 (KHTML, like Gecko) Chrome/131.0.6778.264 Mobile Safari/537.36 (compatible; Googlebot/2.1; +http://www.google.com/bot.html)"
66.249.68.68 - - [11/Jan/2025:15:25:47 -0500] "GET /static/480847?keyword=%E3%83%99%E3%83%93%E3%83%BC%E3%83%BB%E3%82%AD%E3%83%83%E3%82%BA?keyword=(11%E3%82%B3%E3%83%B3%E3%83%86%E3%83%B3%E3%83%84 HTTP/1.1" 200 71377 "-" "Mozilla/5.0 (Linux; Android 6.0.1; Nexus 5X Build/MMB29P) AppleWebKit/537.36 (KHTML, like Gecko) Chrome/131.0.6778.264 Mobile Safari/537.36 (compatible; Googlebot/2.1; +http://www.google.com/bot.html)"
66.249.68.68 - - [11/Jan/2025:15:25:51 -0500] "GET /static/1865112 HTTP/1.1" 200 67591 "-" "Mozilla/5.0 (Linux; Android 6.0.1; Nexus 5X Build/MMB29P) AppleWebKit/537.36 (KHTML, like Gecko) Chrome/131.0.6778.264 Mobile Safari/537.36 (compatible; Googlebot/2.1; +http://www.google.com/bot.html)"
66.249.68.67 - - [11/Jan/2025:15:25:57 -0500] "GET /goods/3498746?keyword=%E3%83%95%E3%82%A1%E3%83%83%E3%82%B7%E3%83%A7%E3%83%B3?keyword=GUCCI HTTP/1.1" 200 68541 "-" "Mozilla/5.0 (Linux; Android 6.0.1; Nexus 5X Build/MMB29P) AppleWebKit/537.36 (KHTML, like Gecko) Chrome/131.0.6778.264 Mobile Safari/537.36 (compatible; Googlebot/2.1; +http://www.google.com/bot.html)"
66.249.68.68 - - [11/Jan/2025:15:26:04 -0500] "GET /goods/3498746?keyword=%E3%83%95%E3%82%A1%E3%83%83%E3%82%B7%E3%83%A7%E3%83%B3?keyword=%E3%83%88%E3%83%BC%E3%83%97 HTTP/1.1" 200 70252 "-" "Mozilla/5.0 (Linux; Android 6.0.1; Nexus 5X Build/MMB29P) AppleWebKit/537.36 (KHTML, like Gecko) Chrome/131.0.6778.264 Mobile Safari/537.36 (compatible; Googlebot/2.1; +http://www.google.com/bot.html)"
66.249.68.68 - - [11/Jan/2025:15:26:07 -0500] "GET /static/4258198 HTTP/1.1" 200 68466 "-" "Mozilla/5.0 (Linux; Android 6.0.1; Nexus 5X Build/MMB29P) AppleWebKit/537.36 (KHTML, like Gecko) Chrome/131.0.6778.264 Mobile Safari/537.36 (compatible; Googlebot/2.1; +http://www.google.com/bot.html)"
66.249.68.68 - - [11/Jan/2025:15:26:29 -0500] "GET /goods/1103101?keyword=%E3%82%B3%E3%83%90%E3%83%BC%E3%83%88 HTTP/1.1" 200 69678 "-" "Mozilla/5.0 (Linux; Android 6.0.1; Nexus 5X Build/MMB29P) AppleWebKit/537.36 (KHTML, like Gecko) Chrome/131.0.6778.264 Mobile Safari/537.36 (compatible; Googlebot/2.1; +http://www.google.com/bot.html)"
66.249.68.68 - - [11/Jan/2025:15:26:31 -0500] "GET /static/3695401 HTTP/1.1" 200 68805 "-" "Mozilla/5.0 (Linux; Android 6.0.1; Nexus 5X Build/MMB29P) AppleWebKit/537.36 (KHTML, like Gecko) Chrome/131.0.6778.264 Mobile Safari/537.36 (compatible; Googlebot/2.1; +http://www.google.com/bot.html)"
66.249.68.67 - - [11/Jan/2025:15:26:39 -0500] "GET /static/1484193?keyword=%E8%B3%BC%E5%85%A5 HTTP/1.1" 200 69251 "-" "Mozilla/5.0 (Linux; Android 6.0.1; Nexus 5X Build/MMB29P) AppleWebKit/537.36 (KHTML, like Gecko) Chrome/131.0.6778.264 Mobile Safari/537.36 (compatible; Googlebot/2.1; +http://www.google.com/bot.html)"
66.249.68.67 - - [11/Jan/2025:15:26:41 -0500] "GET /static/4284594 HTTP/1.1" 200 68521 "-" "Mozilla/5.0 (Linux; Android 6.0.1; Nexus 5X Build/MMB29P) AppleWebKit/537.36 (KHTML, like Gecko) Chrome/131.0.6778.264 Mobile Safari/537.36 (compatible; Googlebot/2.1; +http://www.google.com/bot.html)"
194.32.122.41 - - [11/Jan/2025:15:25:04 -0500] "POST /register/ HTTP/1.0" 200 76060 "https://misswavenigeria.com/register/" "Mozilla/5.0 (Windows NT 6.3; Win64; x64) AppleWebKit/537.36 (KHTML, like Gecko) Chrome/103.0.5060.66 Safari/537.36"
66.29.132.124 - - [11/Jan/2025:15:26:45 -0500] "POST /wp-cron.php?doing_wp_cron=1736627205.9666590690612792968750 HTTP/1.1" 200 0 "-" "WordPress/6.7.1; https://misswavenigeria.com"
194.32.122.41 - - [11/Jan/2025:15:26:45 -0500] "GET /register/ HTTP/1.0" 200 75934 "https://misswavenigeria.com/" "Mozilla/5.0 (Windows NT 6.3; Win64; x64) AppleWebKit/537.36 (KHTML, like Gecko) Chrome/103.0.5060.66 Safari/537.36"
66.29.132.124 - - [11/Jan/2025:15:26:46 -0500] "POST /wp-admin/admin-ajax.php?action=async_litespeed&nonce=HG4vbBswUt45KsXEitDm7QK5eLhp68lp&litespeed_type=imgoptm HTTP/1.1" 200 21 "-" "WordPress/6.7.1; https://misswavenigeria.com"
66.249.68.67 - - [11/Jan/2025:15:26:47 -0500] "GET /static/1484193?keyword=%E7%BE%8E%E8%A1%93%E5%93%81%E3%83%BB%E3%82%A2%E3%83%B3%E3%83%86%E3%82%A3%E3%83%BC%E3%82%AF%E3%83%BB%E3%82%B3%E3%83%AC%E3%82%AF%E3%82%B7%E3%83%A7%E3%83%B3 HTTP/1.1" 200 68464 "-" "Mozilla/5.0 (Linux; Android 6.0.1; Nexus 5X Build/MMB29P) AppleWebKit/537.36 (KHTML, like Gecko) Chrome/131.0.6778.264 Mobile Safari/537.36 (compatible; Googlebot/2.1; +http://www.google.com/bot.html)"
66.249.68.68 - - [11/Jan/2025:15:26:50 -0500] "GET /static/4327920 HTTP/1.1" 200 68992 "-" "Mozilla/5.0 (Linux; Android 6.0.1; Nexus 5X Build/MMB29P) AppleWebKit/537.36 (KHTML, like Gecko) Chrome/131.0.6778.264 Mobile Safari/537.36 (compatible; Googlebot/2.1; +http://www.google.com/bot.html)"
66.249.68.68 - - [11/Jan/2025:15:26:58 -0500] "GET /goods/4295365?keyword=%E6%8E%B2%E8%BC%89?keyword=%E3%82%BB%E3%82%A4%E3%82%B3%E3%83%BC HTTP/1.1" 200 68833 "-" "Mozilla/5.0 (Linux; Android 6.0.1; Nexus 5X Build/MMB29P) AppleWebKit/537.36 (KHTML, like Gecko) Chrome/131.0.6778.264 Mobile Safari/537.36 (compatible; Googlebot/2.1; +http://www.google.com/bot.html)"
66.249.68.68 - - [11/Jan/2025:15:27:01 -0500] "GET /static/1597352 HTTP/1.1" 200 67942 "-" "Mozilla/5.0 (Linux; Android 6.0.1; Nexus 5X Build/MMB29P) AppleWebKit/537.36 (KHTML, like Gecko) Chrome/131.0.6778.264 Mobile Safari/537.36 (compatible; Googlebot/2.1; +http://www.google.com/bot.html)"
66.249.68.67 - - [11/Jan/2025:15:27:11 -0500] "GET /goods/4295365?keyword=%E5%AE%8C%E5%A3%B2?keyword=%E3%83%95%E3%82%A3%E3%83%83%E3%82%B7%E3%83%B3%E3%82%B0 HTTP/1.1" 200 68671 "-" "Mozilla/5.0 (Linux; Android 6.0.1; Nexus 5X Build/MMB29P) AppleWebKit/537.36 (KHTML, like Gecko) Chrome/131.0.6778.264 Mobile Safari/537.36 (compatible; Googlebot/2.1; +http://www.google.com/bot.html)"
66.249.68.67 - - [11/Jan/2025:15:27:14 -0500] "GET /static/4381695 HTTP/1.1" 200 70080 "-" "Mozilla/5.0 (Linux; Android 6.0.1; Nexus 5X Build/MMB29P) AppleWebKit/537.36 (KHTML, like Gecko) Chrome/131.0.6778.264 Mobile Safari/537.36 (compatible; Googlebot/2.1; +http://www.google.com/bot.html)"
66.249.68.67 - - [11/Jan/2025:15:27:26 -0500] "GET /static/1289628?keyword=%E7%99%BD%E6%A2%85 HTTP/1.1" 200 68458 "-" "Mozilla/5.0 (Linux; Android 6.0.1; Nexus 5X Build/MMB29P) AppleWebKit/537.36 (KHTML, like Gecko) Chrome/131.0.6778.264 Mobile Safari/537.36 (compatible; Googlebot/2.1; +http://www.google.com/bot.html)"
66.249.68.67 - - [11/Jan/2025:15:27:28 -0500] "GET /static/284701 HTTP/1.1" 200 68510 "-" "Mozilla/5.0 (Linux; Android 6.0.1; Nexus 5X Build/MMB29P) AppleWebKit/537.36 (KHTML, like Gecko) Chrome/131.0.6778.264 Mobile Safari/537.36 (compatible; Googlebot/2.1; +http://www.google.com/bot.html)"
66.249.68.67 - - [11/Jan/2025:15:27:34 -0500] "GET /goods/1364738?keyword=%E3%83%90%E3%83%83%E3%82%B7%E3%83%A5 HTTP/1.1" 200 71067 "-" "Mozilla/5.0 (Linux; Android 6.0.1; Nexus 5X Build/MMB29P) AppleWebKit/537.36 (KHTML, like Gecko) Chrome/131.0.6778.264 Mobile Safari/537.36 (compatible; Googlebot/2.1; +http://www.google.com/bot.html)"
66.249.68.68 - - [11/Jan/2025:15:27:37 -0500] "GET /static/4154573?keyword=%E4%BD%8F%E3%81%BE%E3%81%84%E3%80%81%E3%82%A4%E3%83%B3%E3%83%86%E3%83%AA%E3%82%A2?keyword=%E5%AE%B6%E9%9B%BB%E3%80%81AV%E3%80%81%E3%82%AB%E3%83%A1%E3%83%A9 HTTP/1.1" 200 69346 "-" "Mozilla/5.0 (Linux; Android 6.0.1; Nexus 5X Build/MMB29P) AppleWebKit/537.36 (KHTML, like Gecko) Chrome/131.0.6778.264 Mobile Safari/537.36 (compatible; Googlebot/2.1; +http://www.google.com/bot.html)"
66.249.68.68 - - [11/Jan/2025:15:27:40 -0500] "GET /static/3357897 HTTP/1.1" 200 68582 "-" "Mozilla/5.0 (Linux; Android 6.0.1; Nexus 5X Build/MMB29P) AppleWebKit/537.36 (KHTML, like Gecko) Chrome/131.0.6778.264 Mobile Safari/537.36 (compatible; Googlebot/2.1; +http://www.google.com/bot.html)"
66.249.68.67 - - [11/Jan/2025:15:27:53 -0500] "GET /static/1289628?keyword=%E5%B0%BA%E5%85%AB%E6%A8%AA%E2%97%87%E2%97%86%E6%97%A9%E6%98%A5 HTTP/1.1" 200 69098 "-" "Mozilla/5.0 (Linux; Android 6.0.1; Nexus 5X Build/MMB29P) AppleWebKit/537.36 (KHTML, like Gecko) Chrome/131.0.6778.264 Mobile Safari/537.36 (compatible; Googlebot/2.1; +http://www.google.com/bot.html)"
66.249.68.69 - - [11/Jan/2025:15:27:56 -0500] "GET /goods/1051798 HTTP/1.1" 200 74510 "-" "Mozilla/5.0 (Linux; Android 6.0.1; Nexus 5X Build/MMB29P) AppleWebKit/537.36 (KHTML, like Gecko) Chrome/131.0.6778.264 Mobile Safari/537.36 (compatible; Googlebot/2.1; +http://www.google.com/bot.html)"
66.249.68.68 - - [11/Jan/2025:15:28:02 -0500] "GET /static/1289628?keyword=%E4%BD%9C%E8%80%85%E4%B8%8D%E8%A9%B3 HTTP/1.1" 200 70257 "-" "Mozilla/5.0 (Linux; Android 6.0.1; Nexus 5X Build/MMB29P) AppleWebKit/537.36 (KHTML, like Gecko) Chrome/131.0.6778.264 Mobile Safari/537.36 (compatible; Googlebot/2.1; +http://www.google.com/bot.html)"
66.249.68.69 - - [11/Jan/2025:15:28:05 -0500] "GET /static/1975175 HTTP/1.1" 200 68062 "-" "Mozilla/5.0 (Linux; Android 6.0.1; Nexus 5X Build/MMB29P) AppleWebKit/537.36 (KHTML, like Gecko) Chrome/131.0.6778.264 Mobile Safari/537.36 (compatible; Googlebot/2.1; +http://www.google.com/bot.html)"
66.29.132.124 - - [11/Jan/2025:15:28:08 -0500] "POST /wp-cron.php?doing_wp_cron=1736627288.3436899185180664062500 HTTP/1.1" 200 0 "-" "WordPress/6.7.1; https://misswavenigeria.com"
194.32.122.41 - - [11/Jan/2025:15:28:08 -0500] "GET / HTTP/1.0" 200 109067 "https://misswavenigeria.com/" "Mozilla/5.0 (Windows NT 10.0; Win64; x64) AppleWebKit/537.36 (KHTML, like Gecko) Chrome/103.0.0.0 Safari/537.36 OpenWave/97.4.2043.44"
66.29.132.124 - - [11/Jan/2025:15:28:08 -0500] "POST /wp-admin/admin-ajax.php?action=async_litespeed&nonce=zSosPi3MYuB6YtdOfb5fEUmx7o1GgSiQ&litespeed_type=imgoptm HTTP/1.1" 200 21 "-" "WordPress/6.7.1; https://misswavenigeria.com"
66.249.68.68 - - [11/Jan/2025:15:28:09 -0500] "GET /goods/4671939?keyword=%E3%82%B9%E3%83%9E%E3%83%BC%E3%83%88%E3%83%95%E3%82%A9%E3%83%B3%E3%83%BB%E6%90%BA%E5%B8%AF%E9%9B%BB%E8%A9%B1 HTTP/1.1" 200 67698 "-" "Mozilla/5.0 (Linux; Android 6.0.1; Nexus 5X Build/MMB29P) AppleWebKit/537.36 (KHTML, like Gecko) Chrome/131.0.6778.264 Mobile Safari/537.36 (compatible; Googlebot/2.1; +http://www.google.com/bot.html)"
194.32.122.41 - - [11/Jan/2025:15:28:10 -0500] "GET /register/ HTTP/1.0" 200 75934 "https://misswavenigeria.com/register/" "Mozilla/5.0 (Windows NT 10.0; Win64; x64) AppleWebKit/537.36 (KHTML, like Gecko) Chrome/103.0.0.0 Safari/537.36 OpenWave/97.4.2043.44"
66.249.68.67 - - [11/Jan/2025:15:28:18 -0500] "GET /static/1289628?keyword=%E7%BE%8E%E8%A1%93%E5%93%81 HTTP/1.1" 200 69131 "-" "Mozilla/5.0 (Linux; Android 6.0.1; Nexus 5X Build/MMB29P) AppleWebKit/537.36 (KHTML, like Gecko) Chrome/131.0.6778.264 Mobile Safari/537.36 (compatible; Googlebot/2.1; +http://www.google.com/bot.html)"
66.249.68.67 - - [11/Jan/2025:15:28:21 -0500] "GET /goods/1582278 HTTP/1.1" 200 67305 "-" "Mozilla/5.0 (Linux; Android 6.0.1; Nexus 5X Build/MMB29P) AppleWebKit/537.36 (KHTML, like Gecko) Chrome/131.0.6778.264 Mobile Safari/537.36 (compatible; Googlebot/2.1; +http://www.google.com/bot.html)"
66.249.68.68 - - [11/Jan/2025:15:28:31 -0500] "GET /static/1289628?keyword=%E5%85%B1%E7%AE%B1 HTTP/1.1" 200 69054 "-" "Mozilla/5.0 (Linux; Android 6.0.1; Nexus 5X Build/MMB29P) AppleWebKit/537.36 (KHTML, like Gecko) Chrome/131.0.6778.264 Mobile Safari/537.36 (compatible; Googlebot/2.1; +http://www.google.com/bot.html)"
66.249.68.67 - - [11/Jan/2025:15:28:34 -0500] "GET /static/2777103 HTTP/1.1" 200 69318 "-" "Mozilla/5.0 (Linux; Android 6.0.1; Nexus 5X Build/MMB29P) AppleWebKit/537.36 (KHTML, like Gecko) Chrome/131.0.6778.264 Mobile Safari/537.36 (compatible; Googlebot/2.1; +http://www.google.com/bot.html)"
66.249.68.68 - - [11/Jan/2025:15:28:46 -0500] "GET /static/1289628?keyword=JY559%E2%97%86%E2%97%87%E6%8E%9B%E8%BB%B8 HTTP/1.1" 200 68201 "-" "Mozilla/5.0 (Linux; Android 6.0.1; Nexus 5X Build/MMB29P) AppleWebKit/537.36 (KHTML, like Gecko) Chrome/131.0.6778.264 Mobile Safari/537.36 (compatible; Googlebot/2.1; +http://www.google.com/bot.html)"
66.249.68.68 - - [11/Jan/2025:15:28:49 -0500] "GET /shop/brand=2969045 HTTP/1.1" 200 72326 "-" "Mozilla/5.0 (Linux; Android 6.0.1; Nexus 5X Build/MMB29P) AppleWebKit/537.36 (KHTML, like Gecko) Chrome/131.0.6778.264 Mobile Safari/537.36 (compatible; Googlebot/2.1; +http://www.google.com/bot.html)"
66.249.68.69 - - [11/Jan/2025:15:28:58 -0500] "GET /goods/1364738?keyword=29cm HTTP/1.1" 200 70734 "-" "Mozilla/5.0 (Linux; Android 6.0.1; Nexus 5X Build/MMB29P) AppleWebKit/537.36 (KHTML, like Gecko) Chrome/131.0.6778.264 Mobile Safari/537.36 (compatible; Googlebot/2.1; +http://www.google.com/bot.html)"
66.249.68.67 - - [11/Jan/2025:15:29:01 -0500] "GET /goods/519366 HTTP/1.1" 200 69229 "-" "Mozilla/5.0 (Linux; Android 6.0.1; Nexus 5X Build/MMB29P) AppleWebKit/537.36 (KHTML, like Gecko) Chrome/131.0.6778.264 Mobile Safari/537.36 (compatible; Googlebot/2.1; +http://www.google.com/bot.html)"
66.249.68.67 - - [11/Jan/2025:15:29:10 -0500] "GET /static/1289628?keyword=%E9%8A%98%EF%BC%9A%E5%92%8C%E5%BD%A6 HTTP/1.1" 200 70986 "-" "Mozilla/5.0 (Linux; Android 6.0.1; Nexus 5X Build/MMB29P) AppleWebKit/537.36 (KHTML, like Gecko) Chrome/131.0.6778.264 Mobile Safari/537.36 (compatible; Googlebot/2.1; +http://www.google.com/bot.html)"
66.249.68.67 - - [11/Jan/2025:15:29:13 -0500] "GET /static/1940414 HTTP/1.1" 200 67752 "-" "Mozilla/5.0 (Linux; Android 6.0.1; Nexus 5X Build/MMB29P) AppleWebKit/537.36 (KHTML, like Gecko) Chrome/131.0.6778.264 Mobile Safari/537.36 (compatible; Googlebot/2.1; +http://www.google.com/bot.html)"
66.249.68.67 - - [11/Jan/2025:15:29:27 -0500] "GET /static/1289628?keyword=%E6%99%AE%E6%AE%B5%E6%8E%9B%E3%81%91 HTTP/1.1" 200 68222 "-" "Mozilla/5.0 (Linux; Android 6.0.1; Nexus 5X Build/MMB29P) AppleWebKit/537.36 (KHTML, like Gecko) Chrome/131.0.6778.264 Mobile Safari/537.36 (compatible; Googlebot/2.1; +http://www.google.com/bot.html)"
66.249.68.67 - - [11/Jan/2025:15:29:30 -0500] "GET /static/1968207 HTTP/1.1" 200 69482 "-" "Mozilla/5.0 (Linux; Android 6.0.1; Nexus 5X Build/MMB29P) AppleWebKit/537.36 (KHTML, like Gecko) Chrome/131.0.6778.264 Mobile Safari/537.36 (compatible; Googlebot/2.1; +http://www.google.com/bot.html)"
194.32.122.41 - - [11/Jan/2025:15:28:12 -0500] "POST /register/ HTTP/1.0" 200 76060 "https://misswavenigeria.com/register/" "Mozilla/5.0 (Windows NT 10.0; Win64; x64) AppleWebKit/537.36 (KHTML, like Gecko) Chrome/103.0.0.0 Safari/537.36 OpenWave/97.4.2043.44"
66.29.132.124 - - [11/Jan/2025:15:29:37 -0500] "POST /wp-cron.php?doing_wp_cron=1736627377.4933478832244873046875 HTTP/1.1" 200 0 "-" "WordPress/6.7.1; https://misswavenigeria.com"
194.32.122.41 - - [11/Jan/2025:15:29:37 -0500] "GET /register/ HTTP/1.0" 200 75934 "https://misswavenigeria.com/" "Mozilla/5.0 (Windows NT 10.0; Win64; x64) AppleWebKit/537.36 (KHTML, like Gecko) Chrome/103.0.0.0 Safari/537.36 OpenWave/97.4.2043.44"
66.29.132.124 - - [11/Jan/2025:15:29:37 -0500] "POST /wp-admin/admin-ajax.php?action=async_litespeed&nonce=FzIYVMYt1557WANZam1WkoIQAoC9Y04B&litespeed_type=imgoptm HTTP/1.1" 200 21 "-" "WordPress/6.7.1; https://misswavenigeria.com"
66.249.68.67 - - [11/Jan/2025:15:29:42 -0500] "GET /static/3078445?keyword=%E3%82%A2%E3%82%AF%E3%82%BB%E3%82%B5%E3%83%AA%E3%83%BC%E3%80%81%E6%99%82%E8%A8%88 HTTP/1.1" 200 67469 "-" "Mozilla/5.0 (Linux; Android 6.0.1; Nexus 5X Build/MMB29P) AppleWebKit/537.36 (KHTML, like Gecko) Chrome/131.0.6778.264 Mobile Safari/537.36 (compatible; Googlebot/2.1; +http://www.google.com/bot.html)"
66.249.68.67 - - [11/Jan/2025:15:29:43 -0500] "GET /static/415417 HTTP/1.1" 200 69185 "-" "Mozilla/5.0 (Linux; Android 6.0.1; Nexus 5X Build/MMB29P) AppleWebKit/537.36 (KHTML, like Gecko) Chrome/131.0.6778.264 Mobile Safari/537.36 (compatible; Googlebot/2.1; +http://www.google.com/bot.html)"
66.249.68.67 - - [11/Jan/2025:15:29:46 -0500] "GET /goods/4780034 HTTP/1.1" 200 68672 "-" "Mozilla/5.0 (Linux; Android 6.0.1; Nexus 5X Build/MMB29P) AppleWebKit/537.36 (KHTML, like Gecko) Chrome/131.0.6778.264 Mobile Safari/537.36 (compatible; Googlebot/2.1; +http://www.google.com/bot.html)"
66.249.68.67 - - [11/Jan/2025:15:29:52 -0500] "GET /static/441825?keyword=%E3%82%B8%E3%83%9F%E3%83%BC%E3%83%81%E3%83%A5%E3%82%A6%E3%81%AE%E7%B6%BA%E9%BA%97%E3%81%AA%E3%83%94%E3%83%B3%E3%82%AF%E3%81%AE%E3%83%8F%E3%82%A4%E3%83%92%E3%83%BC%E3%83%AB%E3%81%A7%E3%81%99 HTTP/1.1" 200 71165 "-" "Mozilla/5.0 (Linux; Android 6.0.1; Nexus 5X Build/MMB29P) AppleWebKit/537.36 (KHTML, like Gecko) Chrome/131.0.6778.264 Mobile Safari/537.36 (compatible; Googlebot/2.1; +http://www.google.com/bot.html)"
66.249.68.67 - - [11/Jan/2025:15:29:56 -0500] "GET /goods/4369009 HTTP/1.1" 200 73564 "-" "Mozilla/5.0 (Linux; Android 6.0.1; Nexus 5X Build/MMB29P) AppleWebKit/537.36 (KHTML, like Gecko) Chrome/131.0.6778.264 Mobile Safari/537.36 (compatible; Googlebot/2.1; +http://www.google.com/bot.html)"
66.249.68.67 - - [11/Jan/2025:15:30:11 -0500] "GET /static/3078445?keyword=%E3%83%9A%E3%83%AA%E3%83%89%E3%83%83%E3%83%88 HTTP/1.1" 200 70511 "-" "Mozilla/5.0 (Linux; Android 6.0.1; Nexus 5X Build/MMB29P) AppleWebKit/537.36 (KHTML, like Gecko) Chrome/131.0.6778.264 Mobile Safari/537.36 (compatible; Googlebot/2.1; +http://www.google.com/bot.html)"
66.249.68.69 - - [11/Jan/2025:15:30:15 -0500] "GET /static/2309494 HTTP/1.1" 200 69357 "-" "Mozilla/5.0 (Linux; Android 6.0.1; Nexus 5X Build/MMB29P) AppleWebKit/537.36 (KHTML, like Gecko) Chrome/131.0.6778.264 Mobile Safari/537.36 (compatible; Googlebot/2.1; +http://www.google.com/bot.html)"
66.249.68.68 - - [11/Jan/2025:15:30:31 -0500] "GET /static/441825?keyword=%E3%83%AC%E3%83%87%E3%82%A3%E3%83%BC%E3%82%B9 HTTP/1.1" 200 68465 "-" "Mozilla/5.0 (Linux; Android 6.0.1; Nexus 5X Build/MMB29P) AppleWebKit/537.36 (KHTML, like Gecko) Chrome/131.0.6778.264 Mobile Safari/537.36 (compatible; Googlebot/2.1; +http://www.google.com/bot.html)"
66.249.68.67 - - [11/Jan/2025:15:30:43 -0500] "GET /static/3374593 HTTP/1.1" 200 70282 "-" "Mozilla/5.0 (Linux; Android 6.0.1; Nexus 5X Build/MMB29P) AppleWebKit/537.36 (KHTML, like Gecko) Chrome/131.0.6778.264 Mobile Safari/537.36 (compatible; Googlebot/2.1; +http://www.google.com/bot.html)"
66.249.68.67 - - [11/Jan/2025:15:30:54 -0500] "GET /static/441825?keyword=%E3%83%95%E3%82%A1%E3%83%83%E3%82%B7%E3%83%A7%E3%83%B3 HTTP/1.1" 200 68501 "-" "Mozilla/5.0 (Linux; Android 6.0.1; Nexus 5X Build/MMB29P) AppleWebKit/537.36 (KHTML, like Gecko) Chrome/131.0.6778.264 Mobile Safari/537.36 (compatible; Googlebot/2.1; +http://www.google.com/bot.html)"
66.249.68.68 - - [11/Jan/2025:15:30:59 -0500] "GET /goods/1964465 HTTP/1.1" 200 68529 "-" "Mozilla/5.0 (Linux; Android 6.0.1; Nexus 5X Build/MMB29P) AppleWebKit/537.36 (KHTML, like Gecko) Chrome/131.0.6778.264 Mobile Safari/537.36 (compatible; Googlebot/2.1; +http://www.google.com/bot.html)"
66.249.68.67 - - [11/Jan/2025:15:31:06 -0500] "GET /static/3078445?keyword=%E4%B8%80%E7%B2%92 HTTP/1.1" 200 69320 "-" "Mozilla/5.0 (Linux; Android 6.0.1; Nexus 5X Build/MMB29P) AppleWebKit/537.36 (KHTML, like Gecko) Chrome/131.0.6778.264 Mobile Safari/537.36 (compatible; Googlebot/2.1; +http://www.google.com/bot.html)"
66.249.68.67 - - [11/Jan/2025:15:31:09 -0500] "GET /static/3693342 HTTP/1.1" 200 68158 "-" "Mozilla/5.0 (Linux; Android 6.0.1; Nexus 5X Build/MMB29P) AppleWebKit/537.36 (KHTML, like Gecko) Chrome/131.0.6778.264 Mobile Safari/537.36 (compatible; Googlebot/2.1; +http://www.google.com/bot.html)"
66.249.68.67 - - [11/Jan/2025:15:31:14 -0500] "GET /goods/3498746?keyword=%E3%83%95%E3%82%A1%E3%83%83%E3%82%B7%E3%83%A7%E3%83%B3?keyword=739479 HTTP/1.1" 200 74162 "-" "Mozilla/5.0 (Linux; Android 6.0.1; Nexus 5X Build/MMB29P) AppleWebKit/537.36 (KHTML, like Gecko) Chrome/131.0.6778.264 Mobile Safari/537.36 (compatible; Googlebot/2.1; +http://www.google.com/bot.html)"
66.29.132.124 - - [11/Jan/2025:15:31:16 -0500] "POST /wp-cron.php?doing_wp_cron=1736627476.9702899456024169921875 HTTP/1.1" 200 0 "-" "WordPress/6.7.1; https://misswavenigeria.com"
194.32.122.41 - - [11/Jan/2025:15:31:16 -0500] "GET / HTTP/1.0" 200 109065 "https://misswavenigeria.com/" "Mozilla/5.0 (Windows NT 10.0; Win64; x64) AppleWebKit/537.36 (KHTML, like Gecko) Chrome/103.0.5060.66 Safari/537.36"
66.29.132.124 - - [11/Jan/2025:15:31:17 -0500] "POST /wp-admin/admin-ajax.php?action=async_litespeed&nonce=yl4fnAXYfKYokrexedx6VMwesv6GTBZg&litespeed_type=imgoptm HTTP/1.1" 200 21 "-" "WordPress/6.7.1; https://misswavenigeria.com"
194.32.122.41 - - [11/Jan/2025:15:31:19 -0500] "GET /register/ HTTP/1.0" 200 75934 "https://misswavenigeria.com/register/" "Mozilla/5.0 (Windows NT 10.0; Win64; x64) AppleWebKit/537.36 (KHTML, like Gecko) Chrome/103.0.5060.66 Safari/537.36"
66.249.68.67 - - [11/Jan/2025:15:31:19 -0500] "GET /static/3078445?keyword=%E3%83%94%E3%82%A2%E3%82%B9 HTTP/1.1" 200 69707 "-" "Mozilla/5.0 (Linux; Android 6.0.1; Nexus 5X Build/MMB29P) AppleWebKit/537.36 (KHTML, like Gecko) Chrome/131.0.6778.264 Mobile Safari/537.36 (compatible; Googlebot/2.1; +http://www.google.com/bot.html)"
66.249.68.67 - - [11/Jan/2025:15:31:22 -0500] "GET /static/3316591 HTTP/1.1" 200 68738 "-" "Mozilla/5.0 (Linux; Android 6.0.1; Nexus 5X Build/MMB29P) AppleWebKit/537.36 (KHTML, like Gecko) Chrome/131.0.6778.264 Mobile Safari/537.36 (compatible; Googlebot/2.1; +http://www.google.com/bot.html)"
66.249.68.68 - - [11/Jan/2025:15:31:29 -0500] "GET /goods/2671350?keyword=%E3%81%9D%E3%81%AE%E4%BB%96 HTTP/1.1" 200 67451 "-" "Mozilla/5.0 (Linux; Android 6.0.1; Nexus 5X Build/MMB29P) AppleWebKit/537.36 (KHTML, like Gecko) Chrome/131.0.6778.264 Mobile Safari/537.36 (compatible; Googlebot/2.1; +http://www.google.com/bot.html)"
66.249.68.67 - - [11/Jan/2025:15:31:35 -0500] "GET /static/2979885 HTTP/1.1" 200 70553 "-" "Mozilla/5.0 (Linux; Android 6.0.1; Nexus 5X Build/MMB29P) AppleWebKit/537.36 (KHTML, like Gecko) Chrome/131.0.6778.264 Mobile Safari/537.36 (compatible; Googlebot/2.1; +http://www.google.com/bot.html)"
66.249.68.67 - - [11/Jan/2025:15:31:57 -0500] "GET /show/1198721 HTTP/1.1" 200 68319 "-" "Mozilla/5.0 (Linux; Android 6.0.1; Nexus 5X Build/MMB29P) AppleWebKit/537.36 (KHTML, like Gecko) Chrome/131.0.6778.264 Mobile Safari/537.36 (compatible; Googlebot/2.1; +http://www.google.com/bot.html)"
66.249.68.67 - - [11/Jan/2025:15:32:08 -0500] "GET /static/4737770 HTTP/1.1" 200 69150 "-" "Mozilla/5.0 (Linux; Android 6.0.1; Nexus 5X Build/MMB29P) AppleWebKit/537.36 (KHTML, like Gecko) Chrome/131.0.6778.264 Mobile Safari/537.36 (compatible; Googlebot/2.1; +http://www.google.com/bot.html)"
66.249.68.68 - - [11/Jan/2025:15:32:21 -0500] "GET /goods/4295365?keyword=%E3%83%AC%E3%83%87%E3%82%A3%E3%83%BC%E3%82%B9?keyword=Complete HTTP/1.1" 200 69093 "-" "Mozilla/5.0 (Linux; Android 6.0.1; Nexus 5X Build/MMB29P) AppleWebKit/537.36 (KHTML, like Gecko) Chrome/131.0.6778.264 Mobile Safari/537.36 (compatible; Googlebot/2.1; +http://www.google.com/bot.html)"
66.249.68.67 - - [11/Jan/2025:15:32:23 -0500] "GET /static/185244 HTTP/1.1" 200 69673 "-" "Mozilla/5.0 (Linux; Android 6.0.1; Nexus 5X Build/MMB29P) AppleWebKit/537.36 (KHTML, like Gecko) Chrome/131.0.6778.264 Mobile Safari/537.36 (compatible; Googlebot/2.1; +http://www.google.com/bot.html)"
66.249.68.67 - - [11/Jan/2025:15:32:28 -0500] "GET /static/1988221?keyword=3x950x1310?keyword=%E3%80%90%E7%BE%8E%E5%93%81%E2%98%86%E5%8B%95%E4%BD%9C%E7%A2%BA%E8%AA%8D%E6%B8%88%E3%80%91Pioneer HTTP/1.1" 200 69006 "-" "Mozilla/5.0 (Linux; Android 6.0.1; Nexus 5X Build/MMB29P) AppleWebKit/537.36 (KHTML, like Gecko) Chrome/131.0.6778.264 Mobile Safari/537.36 (compatible; Googlebot/2.1; +http://www.google.com/bot.html)"
66.249.68.67 - - [11/Jan/2025:15:32:43 -0500] "GET /static/4164177 HTTP/1.1" 200 68092 "-" "Mozilla/5.0 (Linux; Android 6.0.1; Nexus 5X Build/MMB29P) AppleWebKit/537.36 (KHTML, like Gecko) Chrome/131.0.6778.264 Mobile Safari/537.36 (compatible; Googlebot/2.1; +http://www.google.com/bot.html)"
194.32.122.41 - - [11/Jan/2025:15:31:21 -0500] "POST /register/ HTTP/1.0" 200 76060 "https://misswavenigeria.com/register/" "Mozilla/5.0 (Windows NT 10.0; Win64; x64) AppleWebKit/537.36 (KHTML, like Gecko) Chrome/103.0.5060.66 Safari/537.36"
66.29.132.124 - - [11/Jan/2025:15:32:50 -0500] "POST /wp-cron.php?doing_wp_cron=1736627570.3141129016876220703125 HTTP/1.1" 200 0 "-" "WordPress/6.7.1; https://misswavenigeria.com"
194.32.122.41 - - [11/Jan/2025:15:32:50 -0500] "GET /register/ HTTP/1.0" 200 75934 "https://misswavenigeria.com/" "Mozilla/5.0 (Windows NT 10.0; Win64; x64) AppleWebKit/537.36 (KHTML, like Gecko) Chrome/103.0.5060.66 Safari/537.36"
66.249.68.68 - - [11/Jan/2025:15:32:49 -0500] "GET /static/92228?keyword=%E8%8A%B1%E3%80%81%E5%9C%92%E8%8A%B8?keyword=%E9%9B%91%E8%B2%A8 HTTP/1.1" 200 67514 "-" "Mozilla/5.0 (Linux; Android 6.0.1; Nexus 5X Build/MMB29P) AppleWebKit/537.36 (KHTML, like Gecko) Chrome/131.0.6778.264 Mobile Safari/537.36 (compatible; Googlebot/2.1; +http://www.google.com/bot.html)"
66.29.132.124 - - [11/Jan/2025:15:32:50 -0500] "POST /wp-admin/admin-ajax.php?action=async_litespeed&nonce=JHiG7Pi0SwI91ESdLbsjUt6TRWTU1luG&litespeed_type=imgoptm HTTP/1.1" 200 21 "-" "WordPress/6.7.1; https://misswavenigeria.com"
66.249.68.67 - - [11/Jan/2025:15:32:51 -0500] "GET /static/3001710 HTTP/1.1" 200 69490 "-" "Mozilla/5.0 (Linux; Android 6.0.1; Nexus 5X Build/MMB29P) AppleWebKit/537.36 (KHTML, like Gecko) Chrome/131.0.6778.264 Mobile Safari/537.36 (compatible; Googlebot/2.1; +http://www.google.com/bot.html)"
66.249.68.67 - - [11/Jan/2025:15:32:57 -0500] "GET /static/1988221?keyword=3x950x1310?keyword=%E3%82%AA%E3%83%BC%E3%83%87%E3%82%A3%E3%82%AA%E6%A9%9F%E5%99%A8 HTTP/1.1" 200 69201 "-" "Mozilla/5.0 (Linux; Android 6.0.1; Nexus 5X Build/MMB29P) AppleWebKit/537.36 (KHTML, like Gecko) Chrome/131.0.6778.264 Mobile Safari/537.36 (compatible; Googlebot/2.1; +http://www.google.com/bot.html)"
66.249.68.67 - - [11/Jan/2025:15:32:59 -0500] "GET /static/1159794 HTTP/1.1" 200 70793 "-" "Mozilla/5.0 (Linux; Android 6.0.1; Nexus 5X Build/MMB29P) AppleWebKit/537.36 (KHTML, like Gecko) Chrome/131.0.6778.264 Mobile Safari/537.36 (compatible; Googlebot/2.1; +http://www.google.com/bot.html)"
66.249.68.67 - - [11/Jan/2025:15:33:05 -0500] "GET /static/92228?keyword=%E8%8A%B1%E3%80%81%E5%9C%92%E8%8A%B8?keyword=%E3%82%B8%E3%83%83%E3%83%9D%E3%83%BC%E3%83%A9%E3%82%A4%E3%82%BF%E3%83%BC%E3%83%AA%E3%83%81%E3%83%A3%E3%83%BC%E3%83%89%E3%82%A6%E3%82%A9%E3%83%AA%E3%83%83%E3%82%AF%E3%80%80%E3%83%93%E3%83%BC%E3%83%88%E3%83%AB%E3%82%BA2010%E5%B9%B4%E8%A3%BD HTTP/1.1" 200 70322 "-" "Mozilla/5.0 (Linux; Android 6.0.1; Nexus 5X Build/MMB29P) AppleWebKit/537.36 (KHTML, like Gecko) Chrome/131.0.6778.264 Mobile Safari/537.36 (compatible; Googlebot/2.1; +http://www.google.com/bot.html)"
66.249.68.67 - - [11/Jan/2025:15:33:07 -0500] "GET /static/1028943 HTTP/1.1" 200 68467 "-" "Mozilla/5.0 (Linux; Android 6.0.1; Nexus 5X Build/MMB29P) AppleWebKit/537.36 (KHTML, like Gecko) Chrome/131.0.6778.264 Mobile Safari/537.36 (compatible; Googlebot/2.1; +http://www.google.com/bot.html)"
66.249.68.67 - - [11/Jan/2025:15:33:13 -0500] "GET /goods/371012?keyword=%E3%80%90%E6%BB%8B%E8%B3%80%E7%99%BA%E3%80%91 HTTP/1.1" 200 69860 "-" "Mozilla/5.0 (Linux; Android 6.0.1; Nexus 5X Build/MMB29P) AppleWebKit/537.36 (KHTML, like Gecko) Chrome/131.0.6778.264 Mobile Safari/537.36 (compatible; Googlebot/2.1; +http://www.google.com/bot.html)"
66.249.68.67 - - [11/Jan/2025:15:33:15 -0500] "GET /static/1734138 HTTP/1.1" 200 69488 "-" "Mozilla/5.0 (Linux; Android 6.0.1; Nexus 5X Build/MMB29P) AppleWebKit/537.36 (KHTML, like Gecko) Chrome/131.0.6778.264 Mobile Safari/537.36 (compatible; Googlebot/2.1; +http://www.google.com/bot.html)"
66.249.68.67 - - [11/Jan/2025:15:33:22 -0500] "GET /goods/772784?keyword=Mobile HTTP/1.1" 200 68170 "-" "Mozilla/5.0 (Linux; Android 6.0.1; Nexus 5X Build/MMB29P) AppleWebKit/537.36 (KHTML, like Gecko) Chrome/131.0.6778.264 Mobile Safari/537.36 (compatible; Googlebot/2.1; +http://www.google.com/bot.html)"
66.249.68.67 - - [11/Jan/2025:15:33:24 -0500] "GET /static/231509 HTTP/1.1" 200 71937 "-" "Mozilla/5.0 (Linux; Android 6.0.1; Nexus 5X Build/MMB29P) AppleWebKit/537.36 (KHTML, like Gecko) Chrome/131.0.6778.264 Mobile Safari/537.36 (compatible; Googlebot/2.1; +http://www.google.com/bot.html)"
66.249.68.68 - - [11/Jan/2025:15:33:28 -0500] "GET /goods/772784?keyword=Iron-Blooded HTTP/1.1" 200 70303 "-" "Mozilla/5.0 (Linux; Android 6.0.1; Nexus 5X Build/MMB29P) AppleWebKit/537.36 (KHTML, like Gecko) Chrome/131.0.6778.264 Mobile Safari/537.36 (compatible; Googlebot/2.1; +http://www.google.com/bot.html)"
66.249.68.67 - - [11/Jan/2025:15:33:30 -0500] "GET /goods/3498746?keyword=%E3%83%95%E3%82%A1%E3%83%83%E3%82%B7%E3%83%A7%E3%83%B3?keyword=%E3%83%96%E3%83%A9%E3%83%B3%E3%83%89%E5%88%A5 HTTP/1.1" 200 68758 "-" "Mozilla/5.0 (Linux; Android 6.0.1; Nexus 5X Build/MMB29P) AppleWebKit/537.36 (KHTML, like Gecko) Chrome/131.0.6778.264 Mobile Safari/537.36 (compatible; Googlebot/2.1; +http://www.google.com/bot.html)"
66.249.68.68 - - [11/Jan/2025:15:33:32 -0500] "GET /static/3336632 HTTP/1.1" 200 77661 "-" "Mozilla/5.0 (Linux; Android 6.0.1; Nexus 5X Build/MMB29P) AppleWebKit/537.36 (KHTML, like Gecko) Chrome/131.0.6778.264 Mobile Safari/537.36 (compatible; Googlebot/2.1; +http://www.google.com/bot.html)"
66.249.68.67 - - [11/Jan/2025:15:33:34 -0500] "GET /goods/384351 HTTP/1.1" 200 70814 "-" "Mozilla/5.0 (Linux; Android 6.0.1; Nexus 5X Build/MMB29P) AppleWebKit/537.36 (KHTML, like Gecko) Chrome/131.0.6778.264 Mobile Safari/537.36 (compatible; Googlebot/2.1; +http://www.google.com/bot.html)"
66.249.68.67 - - [11/Jan/2025:15:33:44 -0500] "GET /goods/772784?keyword=%E6%98%A0%E7%94%BB%E3%80%81%E3%83%93%E3%83%87%E3%82%AA HTTP/1.1" 200 68469 "-" "Mozilla/5.0 (Linux; Android 6.0.1; Nexus 5X Build/MMB29P) AppleWebKit/537.36 (KHTML, like Gecko) Chrome/131.0.6778.264 Mobile Safari/537.36 (compatible; Googlebot/2.1; +http://www.google.com/bot.html)"
66.249.68.69 - - [11/Jan/2025:15:33:46 -0500] "GET /goods/1366375 HTTP/1.1" 200 67636 "-" "Mozilla/5.0 (Linux; Android 6.0.1; Nexus 5X Build/MMB29P) AppleWebKit/537.36 (KHTML, like Gecko) Chrome/131.0.6778.264 Mobile Safari/537.36 (compatible; Googlebot/2.1; +http://www.google.com/bot.html)"
66.249.68.68 - - [11/Jan/2025:15:34:06 -0500] "GET /goods/772784?keyword=One HTTP/1.1" 200 69584 "-" "Mozilla/5.0 (Linux; Android 6.0.1; Nexus 5X Build/MMB29P) AppleWebKit/537.36 (KHTML, like Gecko) Chrome/131.0.6778.264 Mobile Safari/537.36 (compatible; Googlebot/2.1; +http://www.google.com/bot.html)"
66.249.68.67 - - [11/Jan/2025:15:34:10 -0500] "GET /static/1551136 HTTP/1.1" 200 69207 "-" "Mozilla/5.0 (Linux; Android 6.0.1; Nexus 5X Build/MMB29P) AppleWebKit/537.36 (KHTML, like Gecko) Chrome/131.0.6778.264 Mobile Safari/537.36 (compatible; Googlebot/2.1; +http://www.google.com/bot.html)"
66.249.68.68 - - [11/Jan/2025:15:34:21 -0500] "GET /goods/772784?keyword=Par HTTP/1.1" 200 67354 "-" "Mozilla/5.0 (Linux; Android 6.0.1; Nexus 5X Build/MMB29P) AppleWebKit/537.36 (KHTML, like Gecko) Chrome/131.0.6778.264 Mobile Safari/537.36 (compatible; Googlebot/2.1; +http://www.google.com/bot.html)"
66.29.132.124 - - [11/Jan/2025:15:34:25 -0500] "POST /wp-cron.php?doing_wp_cron=1736627665.3555910587310791015625 HTTP/1.1" 200 0 "-" "WordPress/6.7.1; https://misswavenigeria.com"
194.32.122.41 - - [11/Jan/2025:15:34:25 -0500] "GET / HTTP/1.0" 200 109067 "https://misswavenigeria.com/" "Mozilla/5.0 (Windows NT 6.2; Win64; x64) AppleWebKit/537.36 (KHTML, like Gecko) Chrome/103.0.0.0 Safari/537.36"
66.29.132.124 - - [11/Jan/2025:15:34:25 -0500] "POST /wp-admin/admin-ajax.php?action=async_litespeed&nonce=kD3IkxssQIJqmpEbl1JsZf6ssEnBP9Vm&litespeed_type=imgoptm HTTP/1.1" 200 21 "-" "WordPress/6.7.1; https://misswavenigeria.com"
66.249.68.67 - - [11/Jan/2025:15:34:25 -0500] "GET /goods/3675687 HTTP/1.1" 200 69695 "-" "Mozilla/5.0 (Linux; Android 6.0.1; Nexus 5X Build/MMB29P) AppleWebKit/537.36 (KHTML, like Gecko) Chrome/131.0.6778.264 Mobile Safari/537.36 (compatible; Googlebot/2.1; +http://www.google.com/bot.html)"
194.32.122.41 - - [11/Jan/2025:15:34:27 -0500] "GET /register/ HTTP/1.0" 200 75934 "https://misswavenigeria.com/register/" "Mozilla/5.0 (Windows NT 6.2; Win64; x64) AppleWebKit/537.36 (KHTML, like Gecko) Chrome/103.0.0.0 Safari/537.36"
66.249.68.67 - - [11/Jan/2025:15:34:28 -0500] "GET /goods/772784?keyword=Season HTTP/1.1" 200 69776 "-" "Mozilla/5.0 (Linux; Android 6.0.1; Nexus 5X Build/MMB29P) AppleWebKit/537.36 (KHTML, like Gecko) Chrome/131.0.6778.264 Mobile Safari/537.36 (compatible; Googlebot/2.1; +http://www.google.com/bot.html)"
66.249.68.67 - - [11/Jan/2025:15:34:30 -0500] "GET /static/444288 HTTP/1.1" 200 69427 "-" "Mozilla/5.0 (Linux; Android 6.0.1; Nexus 5X Build/MMB29P) AppleWebKit/537.36 (KHTML, like Gecko) Chrome/131.0.6778.264 Mobile Safari/537.36 (compatible; Googlebot/2.1; +http://www.google.com/bot.html)"
66.249.68.67 - - [11/Jan/2025:15:34:38 -0500] "GET /goods/772784?keyword=DVD HTTP/1.1" 200 68944 "-" "Mozilla/5.0 (Linux; Android 6.0.1; Nexus 5X Build/MMB29P) AppleWebKit/537.36 (KHTML, like Gecko) Chrome/131.0.6778.264 Mobile Safari/537.36 (compatible; Googlebot/2.1; +http://www.google.com/bot.html)"
