194.32.122.41 - - [11/Jan/2025:14:18:07 -0500] "GET / HTTP/1.0" 200 109065 "https://misswavenigeria.com/" "Mozilla/5.0 (Windows NT 10.0; Win64; x64) AppleWebKit/537.36 (KHTML, like Gecko) Chrome/103.0.5060.66 Safari/537.36"
66.29.132.124 - - [11/Jan/2025:14:18:07 -0500] "POST /wp-admin/admin-ajax.php?action=async_litespeed&nonce=JRE7gmdvjABujCJO58iIo0fAm5On7yF9&litespeed_type=imgoptm HTTP/1.1" 200 21 "-" "WordPress/6.7.1; https://misswavenigeria.com"
194.32.122.41 - - [11/Jan/2025:14:18:09 -0500] "GET /register/ HTTP/1.0" 200 75934 "https://misswavenigeria.com/register/" "Mozilla/5.0 (Windows NT 10.0; Win64; x64) AppleWebKit/537.36 (KHTML, like Gecko) Chrome/103.0.5060.66 Safari/537.36"
66.249.68.67 - - [11/Jan/2025:14:18:15 -0500] "GET /static/3995884?keyword=%E3%83%AC%E3%83%87%E3%82%A3%E3%83%BC%E3%82%B9 HTTP/1.1" 200 69787 "-" "Mozilla/5.0 (Linux; Android 6.0.1; Nexus 5X Build/MMB29P) AppleWebKit/537.36 (KHTML, like Gecko) Chrome/131.0.6778.264 Mobile Safari/537.36 (compatible; Googlebot/2.1; +http://www.google.com/bot.html)"
66.249.68.67 - - [11/Jan/2025:14:18:34 -0500] "GET /static/3690455 HTTP/1.1" 200 69275 "-" "Mozilla/5.0 (Linux; Android 6.0.1; Nexus 5X Build/MMB29P) AppleWebKit/537.36 (KHTML, like Gecko) Chrome/131.0.6778.264 Mobile Safari/537.36 (compatible; Googlebot/2.1; +http://www.google.com/bot.html)"
66.249.68.67 - - [11/Jan/2025:14:18:36 -0500] "GET /static/1961448?keyword=%E3%83%95%E3%82%A1%E3%83%83%E3%82%B7%E3%83%A7%E3%83%B3 HTTP/1.1" 200 75834 "-" "Mozilla/5.0 (Linux; Android 6.0.1; Nexus 5X Build/MMB29P) AppleWebKit/537.36 (KHTML, like Gecko) Chrome/131.0.6778.264 Mobile Safari/537.36 (compatible; Googlebot/2.1; +http://www.google.com/bot.html)"
66.249.68.67 - - [11/Jan/2025:14:19:03 -0500] "GET /static/3995884?keyword=%E3%83%95%E3%82%A1%E3%83%83%E3%82%B7%E3%83%A7%E3%83%B3 HTTP/1.1" 200 69976 "-" "Mozilla/5.0 (Linux; Android 6.0.1; Nexus 5X Build/MMB29P) AppleWebKit/537.36 (KHTML, like Gecko) Chrome/131.0.6778.264 Mobile Safari/537.36 (compatible; Googlebot/2.1; +http://www.google.com/bot.html)"
66.249.68.68 - - [11/Jan/2025:14:19:28 -0500] "GET /static/1032857 HTTP/1.1" 200 69689 "-" "Mozilla/5.0 (Linux; Android 6.0.1; Nexus 5X Build/MMB29P) AppleWebKit/537.36 (KHTML, like Gecko) Chrome/131.0.6778.264 Mobile Safari/537.36 (compatible; Googlebot/2.1; +http://www.google.com/bot.html)"
194.32.122.41 - - [11/Jan/2025:14:18:11 -0500] "POST /register/ HTTP/1.0" 200 76060 "https://misswavenigeria.com/register/" "Mozilla/5.0 (Windows NT 10.0; Win64; x64) AppleWebKit/537.36 (KHTML, like Gecko) Chrome/103.0.5060.66 Safari/537.36"
66.29.132.124 - - [11/Jan/2025:14:19:43 -0500] "POST /wp-cron.php?doing_wp_cron=1736623183.2056450843811035156250 HTTP/1.1" 200 0 "-" "WordPress/6.7.1; https://misswavenigeria.com"
194.32.122.41 - - [11/Jan/2025:14:19:43 -0500] "GET /register/ HTTP/1.0" 200 75934 "https://misswavenigeria.com/" "Mozilla/5.0 (Windows NT 10.0; Win64; x64) AppleWebKit/537.36 (KHTML, like Gecko) Chrome/103.0.5060.66 Safari/537.36"
66.29.132.124 - - [11/Jan/2025:14:19:43 -0500] "POST /wp-admin/admin-ajax.php?action=async_litespeed&nonce=FrtMGGvIghKCZzi1ZYdLJbWOeKRKrtYn&litespeed_type=imgoptm HTTP/1.1" 200 21 "-" "WordPress/6.7.1; https://misswavenigeria.com"
66.249.68.68 - - [11/Jan/2025:14:20:09 -0500] "GET /static/3995884?keyword=%E8%96%94%E8%96%87 HTTP/1.1" 200 70017 "-" "Mozilla/5.0 (Linux; Android 6.0.1; Nexus 5X Build/MMB29P) AppleWebKit/537.36 (KHTML, like Gecko) Chrome/131.0.6778.264 Mobile Safari/537.36 (compatible; Googlebot/2.1; +http://www.google.com/bot.html)"
66.249.68.68 - - [11/Jan/2025:14:20:36 -0500] "GET /goods/2345696 HTTP/1.1" 200 68315 "-" "Mozilla/5.0 (Linux; Android 6.0.1; Nexus 5X Build/MMB29P) AppleWebKit/537.36 (KHTML, like Gecko) Chrome/131.0.6778.264 Mobile Safari/537.36 (compatible; Googlebot/2.1; +http://www.google.com/bot.html)"
66.29.132.124 - - [11/Jan/2025:14:21:18 -0500] "POST /wp-cron.php?doing_wp_cron=1736623278.3625349998474121093750 HTTP/1.1" 200 0 "-" "WordPress/6.7.1; https://misswavenigeria.com"
194.32.122.41 - - [11/Jan/2025:14:21:18 -0500] "GET / HTTP/1.0" 200 109067 "https://misswavenigeria.com/" "Mozilla/5.0 (Windows NT 10.0; Win64; x64) AppleWebKit/537.36 (KHTML, like Gecko) Chrome/103.0.5060.53 Safari/537.36"
66.29.132.124 - - [11/Jan/2025:14:21:18 -0500] "POST /wp-admin/admin-ajax.php?action=async_litespeed&nonce=q7DMkPaYQ0FVrmDaAnnDmcftH3dZOO6y&litespeed_type=imgoptm HTTP/1.1" 200 21 "-" "WordPress/6.7.1; https://misswavenigeria.com"
194.32.122.41 - - [11/Jan/2025:14:21:20 -0500] "GET /register/ HTTP/1.0" 200 75934 "https://misswavenigeria.com/register/" "Mozilla/5.0 (Windows NT 10.0; Win64; x64) AppleWebKit/537.36 (KHTML, like Gecko) Chrome/103.0.5060.53 Safari/537.36"
47.128.118.228 - - [11/Jan/2025:14:21:24 -0500] "GET /wp-includes/customize/class-wp-customize-nav-menu-item-control.php HTTP/1.1" 500 0 "-" "Mozilla/5.0 (Linux; Android 5.0) AppleWebKit/537.36 (KHTML, like Gecko) Mobile Safari/537.36 (compatible; Bytespider; spider-feedback@bytedance.com)"
66.249.68.68 - - [11/Jan/2025:14:21:39 -0500] "GET /goods/4186856?keyword=FR-E740-5.5K?keyword=%E7%89%87%E6%A1%90%E8%B2%9E%E6%B3%B0%E7%AE%B1 HTTP/1.1" 200 68189 "-" "Mozilla/5.0 (Linux; Android 6.0.1; Nexus 5X Build/MMB29P) AppleWebKit/537.36 (KHTML, like Gecko) Chrome/131.0.6778.264 Mobile Safari/537.36 (compatible; Googlebot/2.1; +http://www.google.com/bot.html)"
66.249.68.67 - - [11/Jan/2025:14:21:52 -0500] "GET /goods/3498746 HTTP/1.1" 200 67808 "-" "Mozilla/5.0 (Linux; Android 6.0.1; Nexus 5X Build/MMB29P) AppleWebKit/537.36 (KHTML, like Gecko) Chrome/131.0.6778.264 Mobile Safari/537.36 (compatible; Googlebot/2.1; +http://www.google.com/bot.html)"
66.249.68.68 - - [11/Jan/2025:14:22:22 -0500] "GET /goods/2043010 HTTP/1.1" 200 69487 "-" "Mozilla/5.0 (Linux; Android 6.0.1; Nexus 5X Build/MMB29P) AppleWebKit/537.36 (KHTML, like Gecko) Chrome/131.0.6778.264 Mobile Safari/537.36 (compatible; Googlebot/2.1; +http://www.google.com/bot.html)"
66.249.68.67 - - [11/Jan/2025:14:22:25 -0500] "GET /static/4288667 HTTP/1.1" 200 68551 "-" "Mozilla/5.0 (Linux; Android 6.0.1; Nexus 5X Build/MMB29P) AppleWebKit/537.36 (KHTML, like Gecko) Chrome/131.0.6778.264 Mobile Safari/537.36 (compatible; Googlebot/2.1; +http://www.google.com/bot.html)"
66.249.68.67 - - [11/Jan/2025:14:22:40 -0500] "GET /goods/4295365?keyword=%E6%8E%B2%E8%BC%89?keyword=%E3%82%B7%E3%83%83%E3%83%97%E3%82%B9%E3%83%A2%E3%83%87%E3%83%ABGIUGIARO HTTP/1.1" 200 68877 "-" "Mozilla/5.0 (Linux; Android 6.0.1; Nexus 5X Build/MMB29P) AppleWebKit/537.36 (KHTML, like Gecko) Chrome/131.0.6778.264 Mobile Safari/537.36 (compatible; Googlebot/2.1; +http://www.google.com/bot.html)"
194.32.122.41 - - [11/Jan/2025:14:21:22 -0500] "POST /register/ HTTP/1.0" 200 76060 "https://misswavenigeria.com/register/" "Mozilla/5.0 (Windows NT 10.0; Win64; x64) AppleWebKit/537.36 (KHTML, like Gecko) Chrome/103.0.5060.53 Safari/537.36"
66.29.132.124 - - [11/Jan/2025:14:22:49 -0500] "POST /wp-cron.php?doing_wp_cron=1736623369.3731760978698730468750 HTTP/1.1" 200 0 "-" "WordPress/6.7.1; https://misswavenigeria.com"
194.32.122.41 - - [11/Jan/2025:14:22:49 -0500] "GET /register/ HTTP/1.0" 200 75934 "https://misswavenigeria.com/" "Mozilla/5.0 (Windows NT 10.0; Win64; x64) AppleWebKit/537.36 (KHTML, like Gecko) Chrome/103.0.5060.53 Safari/537.36"
66.29.132.124 - - [11/Jan/2025:14:22:49 -0500] "POST /wp-admin/admin-ajax.php?action=async_litespeed&nonce=o0rX4dbYpppgcNQJ9SICKBtQzcgAKd77&litespeed_type=imgoptm HTTP/1.1" 200 21 "-" "WordPress/6.7.1; https://misswavenigeria.com"
66.249.68.67 - - [11/Jan/2025:14:22:58 -0500] "GET /static/4685566 HTTP/1.1" 200 67872 "-" "Mozilla/5.0 (Linux; Android 6.0.1; Nexus 5X Build/MMB29P) AppleWebKit/537.36 (KHTML, like Gecko) Chrome/131.0.6778.264 Mobile Safari/537.36 (compatible; Googlebot/2.1; +http://www.google.com/bot.html)"
66.249.68.67 - - [11/Jan/2025:14:23:01 -0500] "GET /shop/brand=2665643 HTTP/1.1" 200 70343 "-" "Mozilla/5.0 (Linux; Android 6.0.1; Nexus 5X Build/MMB29P) AppleWebKit/537.36 (KHTML, like Gecko) Chrome/131.0.6778.264 Mobile Safari/537.36 (compatible; Googlebot/2.1; +http://www.google.com/bot.html)"
66.249.68.67 - - [11/Jan/2025:14:23:40 -0500] "GET /goods/4295365?keyword=%E6%8E%B2%E8%BC%89?keyword=%E3%83%95%E3%82%A1%E3%83%83%E3%82%B7%E3%83%A7%E3%83%B3 HTTP/1.1" 200 70559 "-" "Mozilla/5.0 (Linux; Android 6.0.1; Nexus 5X Build/MMB29P) AppleWebKit/537.36 (KHTML, like Gecko) Chrome/131.0.6778.264 Mobile Safari/537.36 (compatible; Googlebot/2.1; +http://www.google.com/bot.html)"
66.249.68.67 - - [11/Jan/2025:14:23:54 -0500] "GET /static/3775914 HTTP/1.1" 200 69223 "-" "Mozilla/5.0 (Linux; Android 6.0.1; Nexus 5X Build/MMB29P) AppleWebKit/537.36 (KHTML, like Gecko) Chrome/131.0.6778.264 Mobile Safari/537.36 (compatible; Googlebot/2.1; +http://www.google.com/bot.html)"
66.29.132.124 - - [11/Jan/2025:14:24:26 -0500] "POST /wp-cron.php?doing_wp_cron=1736623466.6020269393920898437500 HTTP/1.1" 200 0 "-" "WordPress/6.7.1; https://misswavenigeria.com"
194.32.122.41 - - [11/Jan/2025:14:24:26 -0500] "GET / HTTP/1.0" 200 109067 "https://misswavenigeria.com/" "Mozilla/5.0 (Windows NT 6.1; Win64; x64) AppleWebKit/537.36 (KHTML, like Gecko) Chrome/103.0.0.0 Safari/537.36"
66.29.132.124 - - [11/Jan/2025:14:24:26 -0500] "POST /wp-admin/admin-ajax.php?action=async_litespeed&nonce=lkbmlVs71sMhjaJ8YTxV56ycJ1Zf7Ccd&litespeed_type=imgoptm HTTP/1.1" 200 21 "-" "WordPress/6.7.1; https://misswavenigeria.com"
194.32.122.41 - - [11/Jan/2025:14:24:28 -0500] "GET /register/ HTTP/1.0" 200 75934 "https://misswavenigeria.com/register/" "Mozilla/5.0 (Windows NT 6.1; Win64; x64) AppleWebKit/537.36 (KHTML, like Gecko) Chrome/103.0.0.0 Safari/537.36"
66.249.68.68 - - [11/Jan/2025:14:25:05 -0500] "GET /goods/4186856?keyword=FR-E740-5.5K?keyword=%E9%8A%98%E3%80%8C%E8%8F%8A%E8%8A%B1%E3%81%AE%E5%AE%B4%E3%80%8D%E5%85%B1%E7%AE%B1%E4%BB%98 HTTP/1.1" 200 68814 "-" "Mozilla/5.0 (Linux; Android 6.0.1; Nexus 5X Build/MMB29P) AppleWebKit/537.36 (KHTML, like Gecko) Chrome/131.0.6778.264 Mobile Safari/537.36 (compatible; Googlebot/2.1; +http://www.google.com/bot.html)"
66.249.68.67 - - [11/Jan/2025:14:25:31 -0500] "GET /static/1484193 HTTP/1.1" 200 67624 "-" "Mozilla/5.0 (Linux; Android 6.0.1; Nexus 5X Build/MMB29P) AppleWebKit/537.36 (KHTML, like Gecko) Chrome/131.0.6778.264 Mobile Safari/537.36 (compatible; Googlebot/2.1; +http://www.google.com/bot.html)"
66.249.68.67 - - [11/Jan/2025:14:25:39 -0500] "GET /goods/2671350?keyword=%E5%A1%97%E8%A3%85%E6%B8%88%E3%81%BF%E5%AE%8C%E6%88%90%E5%93%81%E3%83%95%E3%82%A3%E3%82%AE%E3%83%A5%E3%82%A2(%E5%93%81)%E3%80%80(shin HTTP/1.1" 200 78171 "-" "Mozilla/5.0 (Linux; Android 6.0.1; Nexus 5X Build/MMB29P) AppleWebKit/537.36 (KHTML, like Gecko) Chrome/131.0.6778.264 Mobile Safari/537.36 (compatible; Googlebot/2.1; +http://www.google.com/bot.html)"
66.249.68.67 - - [11/Jan/2025:14:25:52 -0500] "GET /goods/126674.html HTTP/1.1" 200 67595 "-" "Mozilla/5.0 (Linux; Android 6.0.1; Nexus 5X Build/MMB29P) AppleWebKit/537.36 (KHTML, like Gecko) Chrome/131.0.6778.264 Mobile Safari/537.36 (compatible; Googlebot/2.1; +http://www.google.com/bot.html)"
66.249.68.67 - - [11/Jan/2025:14:26:06 -0500] "GET /goods/4295365?keyword=%E6%8E%B2%E8%BC%89?keyword=%E3%82%B8%E3%82%A6%E3%82%B8%E3%82%A2%E3%83%BC%E3%83%AD HTTP/1.1" 200 68882 "-" "Mozilla/5.0 (Linux; Android 6.0.1; Nexus 5X Build/MMB29P) AppleWebKit/537.36 (KHTML, like Gecko) Chrome/131.0.6778.264 Mobile Safari/537.36 (compatible; Googlebot/2.1; +http://www.google.com/bot.html)"
194.32.122.41 - - [11/Jan/2025:14:24:30 -0500] "POST /register/ HTTP/1.0" 200 76060 "https://misswavenigeria.com/register/" "Mozilla/5.0 (Windows NT 6.1; Win64; x64) AppleWebKit/537.36 (KHTML, like Gecko) Chrome/103.0.0.0 Safari/537.36"
66.29.132.124 - - [11/Jan/2025:14:26:11 -0500] "POST /wp-cron.php?doing_wp_cron=1736623571.3833999633789062500000 HTTP/1.1" 200 0 "-" "WordPress/6.7.1; https://misswavenigeria.com"
194.32.122.41 - - [11/Jan/2025:14:26:11 -0500] "GET /register/ HTTP/1.0" 200 75934 "https://misswavenigeria.com/" "Mozilla/5.0 (Windows NT 6.1; Win64; x64) AppleWebKit/537.36 (KHTML, like Gecko) Chrome/103.0.0.0 Safari/537.36"
66.29.132.124 - - [11/Jan/2025:14:26:11 -0500] "POST /wp-admin/admin-ajax.php?action=async_litespeed&nonce=5Odnb3iOTKkS1S2a0kmHJGRYS8nW4Khl&litespeed_type=imgoptm HTTP/1.1" 200 21 "-" "WordPress/6.7.1; https://misswavenigeria.com"
66.249.79.3 - - [11/Jan/2025:14:26:19 -0500] "GET /static/3857863 HTTP/1.1" 200 66930 "-" "Mozilla/5.0 (Linux; Android 6.0.1; Nexus 5X Build/MMB29P) AppleWebKit/537.36 (KHTML, like Gecko) Chrome/131.0.6778.264 Mobile Safari/537.36 (compatible; Googlebot/2.1; +http://www.google.com/bot.html)"
66.249.68.69 - - [11/Jan/2025:14:27:01 -0500] "GET /static/1704267 HTTP/1.1" 200 68543 "-" "Mozilla/5.0 (Linux; Android 6.0.1; Nexus 5X Build/MMB29P) AppleWebKit/537.36 (KHTML, like Gecko) Chrome/131.0.6778.264 Mobile Safari/537.36 (compatible; Googlebot/2.1; +http://www.google.com/bot.html)"
66.29.132.124 - - [11/Jan/2025:14:27:40 -0500] "POST /wp-cron.php?doing_wp_cron=1736623660.3026800155639648437500 HTTP/1.1" 200 0 "-" "WordPress/6.7.1; https://misswavenigeria.com"
194.32.122.41 - - [11/Jan/2025:14:27:40 -0500] "GET / HTTP/1.0" 200 109067 "https://misswavenigeria.com/" "Mozilla/5.0 (Windows NT 6.1; WOW64) AppleWebKit/537.36 (KHTML, like Gecko) Chrome/103.0.0.0 Safari/537.36"
66.29.132.124 - - [11/Jan/2025:14:27:40 -0500] "POST /wp-admin/admin-ajax.php?action=async_litespeed&nonce=F8sH45exXNV03NT322SlitolPoObOu3r&litespeed_type=imgoptm HTTP/1.1" 200 21 "-" "WordPress/6.7.1; https://misswavenigeria.com"
194.32.122.41 - - [11/Jan/2025:14:27:42 -0500] "GET /register/ HTTP/1.0" 200 75934 "https://misswavenigeria.com/register/" "Mozilla/5.0 (Windows NT 6.1; WOW64) AppleWebKit/537.36 (KHTML, like Gecko) Chrome/103.0.0.0 Safari/537.36"
66.249.68.68 - - [11/Jan/2025:14:27:44 -0500] "GET /?product=passionate11549213-147 HTTP/1.1" 200 67563 "-" "Mozilla/5.0 (Linux; Android 6.0.1; Nexus 5X Build/MMB29P) AppleWebKit/537.36 (KHTML, like Gecko) Chrome/131.0.6778.264 Mobile Safari/537.36 (compatible; Googlebot/2.1; +http://www.google.com/bot.html)"
66.249.68.68 - - [11/Jan/2025:14:28:38 -0500] "GET /?product=evaporation10536224-439?keyword=%E3%82%AA%E3%83%BC%E3%83%80%E3%83%BC%E7%94%A8%E3%83%91%E3%83%8D%E3%83%AB HTTP/1.1" 200 69274 "-" "Mozilla/5.0 (Linux; Android 6.0.1; Nexus 5X Build/MMB29P) AppleWebKit/537.36 (KHTML, like Gecko) Chrome/131.0.6778.264 Mobile Safari/537.36 (compatible; Googlebot/2.1; +http://www.google.com/bot.html)"
66.249.68.67 - - [11/Jan/2025:14:28:41 -0500] "GET /static/4228643?keyword=%E5%BF%97%E6%91%A9%E3%83%AA%E3%83%B3%E3%80%80%E3%83%AA%E3%83%B3%E3%80%80SSP HTTP/1.1" 200 68156 "-" "Mozilla/5.0 (Linux; Android 6.0.1; Nexus 5X Build/MMB29P) AppleWebKit/537.36 (KHTML, like Gecko) Chrome/131.0.6778.264 Mobile Safari/537.36 (compatible; Googlebot/2.1; +http://www.google.com/bot.html)"
66.249.68.68 - - [11/Jan/2025:14:28:57 -0500] "GET /static/181104?keyword=%E6%98%A0%E7%94%BB%E3%80%81%E3%83%93%E3%83%87%E3%82%AA HTTP/1.1" 200 70261 "-" "Mozilla/5.0 (Linux; Android 6.0.1; Nexus 5X Build/MMB29P) AppleWebKit/537.36 (KHTML, like Gecko) Chrome/131.0.6778.264 Mobile Safari/537.36 (compatible; Googlebot/2.1; +http://www.google.com/bot.html)"
194.32.122.41 - - [11/Jan/2025:14:27:44 -0500] "POST /register/ HTTP/1.0" 200 76060 "https://misswavenigeria.com/register/" "Mozilla/5.0 (Windows NT 6.1; WOW64) AppleWebKit/537.36 (KHTML, like Gecko) Chrome/103.0.0.0 Safari/537.36"
66.29.132.124 - - [11/Jan/2025:14:29:06 -0500] "POST /wp-cron.php?doing_wp_cron=1736623746.1493809223175048828125 HTTP/1.1" 200 0 "-" "WordPress/6.7.1; https://misswavenigeria.com"
194.32.122.41 - - [11/Jan/2025:14:29:06 -0500] "GET /register/ HTTP/1.0" 200 75934 "https://misswavenigeria.com/" "Mozilla/5.0 (Windows NT 6.1; WOW64) AppleWebKit/537.36 (KHTML, like Gecko) Chrome/103.0.0.0 Safari/537.36"
66.29.132.124 - - [11/Jan/2025:14:29:06 -0500] "POST /wp-admin/admin-ajax.php?action=async_litespeed&nonce=983gyFHp2UP3BSgrJxfYq8xK2aLKPUcL&litespeed_type=imgoptm HTTP/1.1" 200 21 "-" "WordPress/6.7.1; https://misswavenigeria.com"
66.249.68.69 - - [11/Jan/2025:14:29:23 -0500] "GET /static/181104?keyword=Giacomo HTTP/1.1" 200 68374 "-" "Mozilla/5.0 (Linux; Android 6.0.1; Nexus 5X Build/MMB29P) AppleWebKit/537.36 (KHTML, like Gecko) Chrome/131.0.6778.264 Mobile Safari/537.36 (compatible; Googlebot/2.1; +http://www.google.com/bot.html)"
47.128.51.229 - - [11/Jan/2025:14:29:41 -0500] "GET /wp-includes/sodium_compat/src/Core/Ed25519.php HTTP/1.1" 500 0 "-" "Mozilla/5.0 (Linux; Android 5.0) AppleWebKit/537.36 (KHTML, like Gecko) Mobile Safari/537.36 (compatible; Bytespider; spider-feedback@bytedance.com)"
66.249.68.67 - - [11/Jan/2025:14:29:54 -0500] "GET /?product=evaporation10536224-439?keyword=%E6%89%8B%E8%8A%B8%E7%B4%A0%E6%9D%90%E3%83%BB%E6%9D%90%E6%96%99 HTTP/1.1" 200 73825 "-" "Mozilla/5.0 (Linux; Android 6.0.1; Nexus 5X Build/MMB29P) AppleWebKit/537.36 (KHTML, like Gecko) Chrome/131.0.6778.264 Mobile Safari/537.36 (compatible; Googlebot/2.1; +http://www.google.com/bot.html)"
66.249.68.68 - - [11/Jan/2025:14:30:51 -0500] "GET /static/181104?keyword=Opera HTTP/1.1" 200 70404 "-" "Mozilla/5.0 (Linux; Android 6.0.1; Nexus 5X Build/MMB29P) AppleWebKit/537.36 (KHTML, like Gecko) Chrome/131.0.6778.264 Mobile Safari/537.36 (compatible; Googlebot/2.1; +http://www.google.com/bot.html)"
66.249.68.69 - - [11/Jan/2025:14:30:53 -0500] "GET /static/793941?keyword=%E3%83%94%E3%82%A2%E3%82%B9%E7%89%87%E6%96%B9 HTTP/1.1" 200 67792 "-" "Mozilla/5.0 (Linux; Android 6.0.1; Nexus 5X Build/MMB29P) AppleWebKit/537.36 (KHTML, like Gecko) Chrome/131.0.6778.264 Mobile Safari/537.36 (compatible; Googlebot/2.1; +http://www.google.com/bot.html)"
66.29.132.124 - - [11/Jan/2025:14:30:56 -0500] "POST /wp-cron.php?doing_wp_cron=1736623856.4312720298767089843750 HTTP/1.1" 200 0 "-" "WordPress/6.7.1; https://misswavenigeria.com"
194.32.122.41 - - [11/Jan/2025:14:30:56 -0500] "GET / HTTP/1.0" 200 109065 "https://misswavenigeria.com/" "Mozilla/5.0 (Windows NT 6.3; Win64; x64) AppleWebKit/537.36 (KHTML, like Gecko) Chrome/103.0.5060.66 Safari/537.36"
66.29.132.124 - - [11/Jan/2025:14:30:56 -0500] "POST /wp-admin/admin-ajax.php?action=async_litespeed&nonce=HSH001jcl5uClhZCZRXa0zayWn9m1n96&litespeed_type=imgoptm HTTP/1.1" 200 21 "-" "WordPress/6.7.1; https://misswavenigeria.com"
194.32.122.41 - - [11/Jan/2025:14:30:58 -0500] "GET /register/ HTTP/1.0" 200 75934 "https://misswavenigeria.com/register/" "Mozilla/5.0 (Windows NT 6.3; Win64; x64) AppleWebKit/537.36 (KHTML, like Gecko) Chrome/103.0.5060.66 Safari/537.36"
66.249.68.67 - - [11/Jan/2025:14:31:07 -0500] "GET /?product=evaporation10536224-439?keyword=%E2%91%A0%EF%BD%9E%E2%91%A7 HTTP/1.1" 200 69515 "-" "Mozilla/5.0 (Linux; Android 6.0.1; Nexus 5X Build/MMB29P) AppleWebKit/537.36 (KHTML, like Gecko) Chrome/131.0.6778.264 Mobile Safari/537.36 (compatible; Googlebot/2.1; +http://www.google.com/bot.html)"
66.249.68.67 - - [11/Jan/2025:14:31:56 -0500] "GET /static/181104?keyword=Edition HTTP/1.1" 200 69754 "-" "Mozilla/5.0 (Linux; Android 6.0.1; Nexus 5X Build/MMB29P) AppleWebKit/537.36 (KHTML, like Gecko) Chrome/131.0.6778.264 Mobile Safari/537.36 (compatible; Googlebot/2.1; +http://www.google.com/bot.html)"
66.249.68.67 - - [11/Jan/2025:14:31:58 -0500] "GET /static/181104?keyword=DVD HTTP/1.1" 200 68249 "-" "Mozilla/5.0 (Linux; Android 6.0.1; Nexus 5X Build/MMB29P) AppleWebKit/537.36 (KHTML, like Gecko) Chrome/131.0.6778.264 Mobile Safari/537.36 (compatible; Googlebot/2.1; +http://www.google.com/bot.html)"
66.249.68.67 - - [11/Jan/2025:14:32:00 -0500] "GET /static/526284?keyword=SA HTTP/1.1" 200 67534 "-" "Mozilla/5.0 (Linux; Android 6.0.1; Nexus 5X Build/MMB29P) AppleWebKit/537.36 (KHTML, like Gecko) Chrome/131.0.6778.264 Mobile Safari/537.36 (compatible; Googlebot/2.1; +http://www.google.com/bot.html)"
66.249.68.67 - - [11/Jan/2025:14:32:14 -0500] "GET /?product=evaporation10536224-439?keyword=%E3%83%8F%E3%83%B3%E3%83%89%E3%83%A1%E3%82%A4%E3%83%89%E3%83%BB%E6%89%8B%E8%8A%B8 HTTP/1.1" 200 68376 "-" "Mozilla/5.0 (Linux; Android 6.0.1; Nexus 5X Build/MMB29P) AppleWebKit/537.36 (KHTML, like Gecko) Chrome/131.0.6778.264 Mobile Safari/537.36 (compatible; Googlebot/2.1; +http://www.google.com/bot.html)"
194.32.122.41 - - [11/Jan/2025:14:31:00 -0500] "POST /register/ HTTP/1.0" 200 76060 "https://misswavenigeria.com/register/" "Mozilla/5.0 (Windows NT 6.3; Win64; x64) AppleWebKit/537.36 (KHTML, like Gecko) Chrome/103.0.5060.66 Safari/537.36"
66.29.132.124 - - [11/Jan/2025:14:32:32 -0500] "POST /wp-cron.php?doing_wp_cron=1736623952.7129499912261962890625 HTTP/1.1" 200 0 "-" "WordPress/6.7.1; https://misswavenigeria.com"
194.32.122.41 - - [11/Jan/2025:14:32:32 -0500] "GET /register/ HTTP/1.0" 200 75934 "https://misswavenigeria.com/" "Mozilla/5.0 (Windows NT 6.3; Win64; x64) AppleWebKit/537.36 (KHTML, like Gecko) Chrome/103.0.5060.66 Safari/537.36"
66.29.132.124 - - [11/Jan/2025:14:32:33 -0500] "POST /wp-admin/admin-ajax.php?action=async_litespeed&nonce=ZO6J4UfKCTE6w8iASGY3phEuasjKyxDa&litespeed_type=imgoptm HTTP/1.1" 200 21 "-" "WordPress/6.7.1; https://misswavenigeria.com"
66.249.68.67 - - [11/Jan/2025:14:32:48 -0500] "GET /static/3646509 HTTP/1.1" 200 69099 "-" "Mozilla/5.0 (Linux; Android 6.0.1; Nexus 5X Build/MMB29P) AppleWebKit/537.36 (KHTML, like Gecko) Chrome/131.0.6778.264 Mobile Safari/537.36 (compatible; Googlebot/2.1; +http://www.google.com/bot.html)"
66.249.68.67 - - [11/Jan/2025:14:32:51 -0500] "GET /goods/2071214?keyword=%E3%83%96%E3%83%A9%E3%83%83%E3%82%AF?keyword=%E3%82%A4%E3%83%B3%E3%83%86%E3%83%AA%E3%82%A2%E5%B0%8F%E7%89%A9 HTTP/1.1" 200 70239 "-" "Mozilla/5.0 (Linux; Android 6.0.1; Nexus 5X Build/MMB29P) AppleWebKit/537.36 (KHTML, like Gecko) Chrome/131.0.6778.264 Mobile Safari/537.36 (compatible; Googlebot/2.1; +http://www.google.com/bot.html)"
66.249.68.67 - - [11/Jan/2025:14:33:04 -0500] "GET /goods/3978420 HTTP/1.1" 200 69627 "-" "Mozilla/5.0 (Linux; Android 6.0.1; Nexus 5X Build/MMB29P) AppleWebKit/537.36 (KHTML, like Gecko) Chrome/131.0.6778.264 Mobile Safari/537.36 (compatible; Googlebot/2.1; +http://www.google.com/bot.html)"
47.128.123.239 - - [11/Jan/2025:14:33:41 -0500] "GET /wp-includes/canonical.php HTTP/1.1" 200 0 "-" "Mozilla/5.0 (Linux; Android 5.0) AppleWebKit/537.36 (KHTML, like Gecko) Mobile Safari/537.36 (compatible; Bytespider; spider-feedback@bytedance.com)"
66.249.68.68 - - [11/Jan/2025:14:33:56 -0500] "GET /static/2392032?keyword=M HTTP/1.1" 200 69592 "-" "Mozilla/5.0 (Linux; Android 6.0.1; Nexus 5X Build/MMB29P) AppleWebKit/537.36 (KHTML, like Gecko) Chrome/131.0.6778.264 Mobile Safari/537.36 (compatible; Googlebot/2.1; +http://www.google.com/bot.html)"
66.29.132.124 - - [11/Jan/2025:14:34:08 -0500] "POST /wp-cron.php?doing_wp_cron=1736624048.1828799247741699218750 HTTP/1.1" 200 0 "-" "WordPress/6.7.1; https://misswavenigeria.com"
194.32.122.41 - - [11/Jan/2025:14:34:07 -0500] "GET / HTTP/1.0" 200 109061 "https://misswavenigeria.com/" "Mozilla/5.0 (Windows NT 10.0; Win64; x64) AppleWebKit/537.36 (KHTML, like Gecko) Chrome/103.0.5060.134 Safari/537.36"
66.29.132.124 - - [11/Jan/2025:14:34:08 -0500] "POST /wp-admin/admin-ajax.php?action=async_litespeed&nonce=JeBx0CGDFwPC7uIi8YSJoE0n3ImGcvpE&litespeed_type=imgoptm HTTP/1.1" 200 21 "-" "WordPress/6.7.1; https://misswavenigeria.com"
194.32.122.41 - - [11/Jan/2025:14:34:10 -0500] "GET /register/ HTTP/1.0" 200 75934 "https://misswavenigeria.com/register/" "Mozilla/5.0 (Windows NT 10.0; Win64; x64) AppleWebKit/537.36 (KHTML, like Gecko) Chrome/103.0.5060.134 Safari/537.36"
66.249.68.69 - - [11/Jan/2025:14:34:11 -0500] "GET /static/2423845 HTTP/1.1" 200 67831 "-" "Mozilla/5.0 (Linux; Android 6.0.1; Nexus 5X Build/MMB29P) AppleWebKit/537.36 (KHTML, like Gecko) Chrome/131.0.6778.264 Mobile Safari/537.36 (compatible; Googlebot/2.1; +http://www.google.com/bot.html)"
66.249.68.67 - - [11/Jan/2025:14:34:20 -0500] "GET /static/793941?keyword=WG HTTP/1.1" 200 67813 "-" "Mozilla/5.0 (Linux; Android 6.0.1; Nexus 5X Build/MMB29P) AppleWebKit/537.36 (KHTML, like Gecko) Chrome/131.0.6778.264 Mobile Safari/537.36 (compatible; Googlebot/2.1; +http://www.google.com/bot.html)"
66.249.68.67 - - [11/Jan/2025:14:34:50 -0500] "GET /static/4154573?keyword=%E3%83%AA%E3%83%95%E3%82%A9%E3%83%BC%E3%83%A0 HTTP/1.1" 200 67944 "-" "Mozilla/5.0 (Linux; Android 6.0.1; Nexus 5X Build/MMB29P) AppleWebKit/537.36 (KHTML, like Gecko) Chrome/131.0.6778.264 Mobile Safari/537.36 (compatible; Googlebot/2.1; +http://www.google.com/bot.html)"
66.249.68.69 - - [11/Jan/2025:14:35:20 -0500] "GET /static/1961448?keyword=24.5%E3%8E%9D?keyword=13%E5%8F%B7 HTTP/1.1" 200 70548 "-" "Mozilla/5.0 (Linux; Android 6.0.1; Nexus 5X Build/MMB29P) AppleWebKit/537.36 (KHTML, like Gecko) Chrome/131.0.6778.264 Mobile Safari/537.36 (compatible; Googlebot/2.1; +http://www.google.com/bot.html)"
66.249.68.68 - - [11/Jan/2025:14:35:23 -0500] "GET /static/4228643?keyword=%E3%81%9D%E3%81%AE%E4%BB%96 HTTP/1.1" 200 69285 "-" "Mozilla/5.0 (Linux; Android 6.0.1; Nexus 5X Build/MMB29P) AppleWebKit/537.36 (KHTML, like Gecko) Chrome/131.0.6778.264 Mobile Safari/537.36 (compatible; Googlebot/2.1; +http://www.google.com/bot.html)"
66.249.68.68 - - [11/Jan/2025:14:35:36 -0500] "GET /static/480847 HTTP/1.1" 200 68093 "-" "Mozilla/5.0 (Linux; Android 6.0.1; Nexus 5X Build/MMB29P) AppleWebKit/537.36 (KHTML, like Gecko) Chrome/131.0.6778.264 Mobile Safari/537.36 (compatible; Googlebot/2.1; +http://www.google.com/bot.html)"
194.32.122.41 - - [11/Jan/2025:14:34:12 -0500] "POST /register/ HTTP/1.0" 200 76060 "https://misswavenigeria.com/register/" "Mozilla/5.0 (Windows NT 10.0; Win64; x64) AppleWebKit/537.36 (KHTML, like Gecko) Chrome/103.0.5060.134 Safari/537.36"
66.29.132.124 - - [11/Jan/2025:14:35:55 -0500] "POST /wp-cron.php?doing_wp_cron=1736624155.7949690818786621093750 HTTP/1.1" 200 0 "-" "WordPress/6.7.1; https://misswavenigeria.com"
194.32.122.41 - - [11/Jan/2025:14:35:55 -0500] "GET /register/ HTTP/1.0" 200 75934 "https://misswavenigeria.com/" "Mozilla/5.0 (Windows NT 10.0; Win64; x64) AppleWebKit/537.36 (KHTML, like Gecko) Chrome/103.0.5060.134 Safari/537.36"
66.29.132.124 - - [11/Jan/2025:14:35:55 -0500] "POST /wp-admin/admin-ajax.php?action=async_litespeed&nonce=gjbmNNS9i0cflMsomnxsosFJmb8F8bNH&litespeed_type=imgoptm HTTP/1.1" 200 21 "-" "WordPress/6.7.1; https://misswavenigeria.com"
66.249.79.3 - - [11/Jan/2025:14:36:15 -0500] "GET /goods/O781912?k=product HTTP/1.1" 200 67818 "-" "Mozilla/5.0 (Linux; Android 6.0.1; Nexus 5X Build/MMB29P) AppleWebKit/537.36 (KHTML, like Gecko) Chrome/131.0.6778.264 Mobile Safari/537.36 (compatible; Googlebot/2.1; +http://www.google.com/bot.html)"
66.249.68.69 - - [11/Jan/2025:14:36:28 -0500] "GET /static/2701709?keyword=%E4%BA%8B%E5%8B%99%E3%80%81%E5%BA%97%E8%88%97%E7%94%A8%E5%93%81 HTTP/1.1" 200 70835 "-" "Mozilla/5.0 (Linux; Android 6.0.1; Nexus 5X Build/MMB29P) AppleWebKit/537.36 (KHTML, like Gecko) Chrome/131.0.6778.264 Mobile Safari/537.36 (compatible; Googlebot/2.1; +http://www.google.com/bot.html)"
66.249.68.67 - - [11/Jan/2025:14:36:42 -0500] "GET /goods/1055682 HTTP/1.1" 200 69857 "-" "Mozilla/5.0 (Linux; Android 6.0.1; Nexus 5X Build/MMB29P) AppleWebKit/537.36 (KHTML, like Gecko) Chrome/131.0.6778.264 Mobile Safari/537.36 (compatible; Googlebot/2.1; +http://www.google.com/bot.html)"
66.29.132.124 - - [11/Jan/2025:14:37:17 -0500] "POST /wp-cron.php?doing_wp_cron=1736624237.6790580749511718750000 HTTP/1.1" 200 0 "-" "WordPress/6.7.1; https://misswavenigeria.com"
194.32.122.41 - - [11/Jan/2025:14:37:17 -0500] "GET / HTTP/1.0" 200 109067 "https://misswavenigeria.com/" "Mozilla/5.0 (Windows NT 10.0; Win64; x64) AppleWebKit/537.36 (KHTML, like Gecko) Chrome/103.0.5060.53 Safari/537.36"
66.29.132.124 - - [11/Jan/2025:14:37:17 -0500] "POST /wp-admin/admin-ajax.php?action=async_litespeed&nonce=JaahXkaKu8lx60fiZ6dZr23bOmuZ5tgi&litespeed_type=imgoptm HTTP/1.1" 200 21 "-" "WordPress/6.7.1; https://misswavenigeria.com"
194.32.122.41 - - [11/Jan/2025:14:37:19 -0500] "GET /register/ HTTP/1.0" 200 75934 "https://misswavenigeria.com/register/" "Mozilla/5.0 (Windows NT 10.0; Win64; x64) AppleWebKit/537.36 (KHTML, like Gecko) Chrome/103.0.5060.53 Safari/537.36"
66.249.68.67 - - [11/Jan/2025:14:37:25 -0500] "GET /goods/2671350?keyword=%E3%83%87%E3%83%A5%E3%82%A8%E3%83%AB%E3%83%A2%E3%83%B3%E3%82%B9%E3%82%BF%E3%83%BC%E3%82%BA?keyword=CD%E3%83%BBDVD%E3%83%BB%E3%83%96%E3%83%AB%E3%83%BC%E3%83%AC%E3%82%A4 HTTP/1.1" 200 69412 "-" "Mozilla/5.0 (Linux; Android 6.0.1; Nexus 5X Build/MMB29P) AppleWebKit/537.36 (KHTML, like Gecko) Chrome/131.0.6778.264 Mobile Safari/537.36 (compatible; Googlebot/2.1; +http://www.google.com/bot.html)"
66.249.68.67 - - [11/Jan/2025:14:37:39 -0500] "GET /static/2701709?keyword=%E6%96%87%E6%88%BF%E5%85%B7 HTTP/1.1" 200 67863 "-" "Mozilla/5.0 (Linux; Android 6.0.1; Nexus 5X Build/MMB29P) AppleWebKit/537.36 (KHTML, like Gecko) Chrome/131.0.6778.264 Mobile Safari/537.36 (compatible; Googlebot/2.1; +http://www.google.com/bot.html)"
47.128.123.205 - - [11/Jan/2025:14:37:42 -0500] "GET /wp-includes/sodium_compat/src/Core32/HChaCha20.php HTTP/1.1" 500 0 "-" "Mozilla/5.0 (Linux; Android 5.0) AppleWebKit/537.36 (KHTML, like Gecko) Mobile Safari/537.36 (compatible; Bytespider; spider-feedback@bytedance.com)"
66.249.68.67 - - [11/Jan/2025:14:37:55 -0500] "GET /static/3449843 HTTP/1.1" 200 67898 "-" "Mozilla/5.0 (Linux; Android 6.0.1; Nexus 5X Build/MMB29P) AppleWebKit/537.36 (KHTML, like Gecko) Chrome/131.0.6778.264 Mobile Safari/537.36 (compatible; Googlebot/2.1; +http://www.google.com/bot.html)"
66.249.68.68 - - [11/Jan/2025:14:38:16 -0500] "GET /static/1048027 HTTP/1.1" 200 68258 "-" "Mozilla/5.0 (Linux; Android 6.0.1; Nexus 5X Build/MMB29P) AppleWebKit/537.36 (KHTML, like Gecko) Chrome/131.0.6778.264 Mobile Safari/537.36 (compatible; Googlebot/2.1; +http://www.google.com/bot.html)"
66.249.68.67 - - [11/Jan/2025:14:38:23 -0500] "GET /static/3927962?keyword=%E3%83%95%E3%82%A1%E3%83%83%E3%82%B7%E3%83%A7%E3%83%B3 HTTP/1.1" 200 68317 "-" "Mozilla/5.0 (Linux; Android 6.0.1; Nexus 5X Build/MMB29P) AppleWebKit/537.36 (KHTML, like Gecko) Chrome/131.0.6778.264 Mobile Safari/537.36 (compatible; Googlebot/2.1; +http://www.google.com/bot.html)"
66.249.68.68 - - [11/Jan/2025:14:38:25 -0500] "GET /static/2701709?keyword=%E7%89%87%E9%96%8B%E3%81%8D HTTP/1.1" 200 68212 "-" "Mozilla/5.0 (Linux; Android 6.0.1; Nexus 5X Build/MMB29P) AppleWebKit/537.36 (KHTML, like Gecko) Chrome/131.0.6778.264 Mobile Safari/537.36 (compatible; Googlebot/2.1; +http://www.google.com/bot.html)"
66.249.68.67 - - [11/Jan/2025:14:38:27 -0500] "GET /static/1473794 HTTP/1.1" 200 69153 "-" "Mozilla/5.0 (Linux; Android 6.0.1; Nexus 5X Build/MMB29P) AppleWebKit/537.36 (KHTML, like Gecko) Chrome/131.0.6778.264 Mobile Safari/537.36 (compatible; Googlebot/2.1; +http://www.google.com/bot.html)"
194.32.122.41 - - [11/Jan/2025:14:37:22 -0500] "POST /register/ HTTP/1.0" 200 76060 "https://misswavenigeria.com/register/" "Mozilla/5.0 (Windows NT 10.0; Win64; x64) AppleWebKit/537.36 (KHTML, like Gecko) Chrome/103.0.5060.53 Safari/537.36"
66.29.132.124 - - [11/Jan/2025:14:38:37 -0500] "POST /wp-cron.php?doing_wp_cron=1736624317.0628271102905273437500 HTTP/1.1" 200 0 "-" "WordPress/6.7.1; https://misswavenigeria.com"
194.32.122.41 - - [11/Jan/2025:14:38:36 -0500] "GET /register/ HTTP/1.0" 200 75934 "https://misswavenigeria.com/" "Mozilla/5.0 (Windows NT 10.0; Win64; x64) AppleWebKit/537.36 (KHTML, like Gecko) Chrome/103.0.5060.53 Safari/537.36"
66.29.132.124 - - [11/Jan/2025:14:38:37 -0500] "POST /wp-admin/admin-ajax.php?action=async_litespeed&nonce=SfnoOHQcqLwejHIVh1h8ws7aaQUtTTFH&litespeed_type=imgoptm HTTP/1.1" 200 21 "-" "WordPress/6.7.1; https://misswavenigeria.com"
66.249.68.67 - - [11/Jan/2025:14:38:40 -0500] "GET /goods/3253610 HTTP/1.1" 200 70224 "-" "Mozilla/5.0 (Linux; Android 6.0.1; Nexus 5X Build/MMB29P) AppleWebKit/537.36 (KHTML, like Gecko) Chrome/131.0.6778.264 Mobile Safari/537.36 (compatible; Googlebot/2.1; +http://www.google.com/bot.html)"
66.249.68.68 - - [11/Jan/2025:14:39:37 -0500] "GET /static/4228643?keyword=%E4%BD%8F%E3%81%BE%E3%81%84%E3%80%81%E3%82%A4%E3%83%B3%E3%83%86%E3%83%AA%E3%82%A2?keyword=%E3%83%AC%E3%83%88%E3%83%AD HTTP/1.1" 200 68140 "-" "Mozilla/5.0 (Linux; Android 6.0.1; Nexus 5X Build/MMB29P) AppleWebKit/537.36 (KHTML, like Gecko) Chrome/131.0.6778.264 Mobile Safari/537.36 (compatible; Googlebot/2.1; +http://www.google.com/bot.html)"
66.249.68.67 - - [11/Jan/2025:14:39:51 -0500] "GET /static/1111082 HTTP/1.1" 200 70777 "-" "Mozilla/5.0 (Linux; Android 6.0.1; Nexus 5X Build/MMB29P) AppleWebKit/537.36 (KHTML, like Gecko) Chrome/131.0.6778.264 Mobile Safari/537.36 (compatible; Googlebot/2.1; +http://www.google.com/bot.html)"
66.29.132.124 - - [11/Jan/2025:14:40:25 -0500] "POST /wp-cron.php?doing_wp_cron=1736624425.1587688922882080078125 HTTP/1.1" 200 0 "-" "WordPress/6.7.1; https://misswavenigeria.com"
194.32.122.41 - - [11/Jan/2025:14:40:24 -0500] "GET / HTTP/1.0" 200 109065 "https://misswavenigeria.com/" "Mozilla/5.0 (Windows NT 6.1; Win64; x64) AppleWebKit/537.36 (KHTML, like Gecko) Chrome/103.0.5060.66 Safari/537.36"
66.29.132.124 - - [11/Jan/2025:14:40:25 -0500] "POST /wp-admin/admin-ajax.php?action=async_litespeed&nonce=Zr97LnGe26LcBKuFZPHtU7xK2NsLnoxd&litespeed_type=imgoptm HTTP/1.1" 200 21 "-" "WordPress/6.7.1; https://misswavenigeria.com"
194.32.122.41 - - [11/Jan/2025:14:40:27 -0500] "GET /register/ HTTP/1.0" 200 75934 "https://misswavenigeria.com/register/" "Mozilla/5.0 (Windows NT 6.1; Win64; x64) AppleWebKit/537.36 (KHTML, like Gecko) Chrome/103.0.5060.66 Safari/537.36"
66.249.68.68 - - [11/Jan/2025:14:40:43 -0500] "GET /static/3493590?keyword=%E3%83%9D%E3%82%B1%E3%83%A2%E3%83%B3%E3%82%AB%E3%83%BC%E3%83%89%E3%80%80%E3%83%8B%E3%83%B3%E3%83%95%E3%82%A3%E3%82%A2ex HTTP/1.1" 200 77301 "-" "Mozilla/5.0 (Linux; Android 6.0.1; Nexus 5X Build/MMB29P) AppleWebKit/537.36 (KHTML, like Gecko) Chrome/131.0.6778.264 Mobile Safari/537.36 (compatible; Googlebot/2.1; +http://www.google.com/bot.html)"
66.249.68.67 - - [11/Jan/2025:14:40:47 -0500] "GET /static/4228643?keyword=%E4%BD%8F%E3%81%BE%E3%81%84%E3%80%81%E3%82%A4%E3%83%B3%E3%83%86%E3%83%AA%E3%82%A2?keyword=7%E6%9E%9A%E3%82%BB%E3%83%83%E3%83%88 HTTP/1.1" 200 69671 "-" "Mozilla/5.0 (Linux; Android 6.0.1; Nexus 5X Build/MMB29P) AppleWebKit/537.36 (KHTML, like Gecko) Chrome/131.0.6778.264 Mobile Safari/537.36 (compatible; Googlebot/2.1; +http://www.google.com/bot.html)"
66.249.68.69 - - [11/Jan/2025:14:41:01 -0500] "GET /goods/4025485 HTTP/1.1" 200 69322 "-" "Mozilla/5.0 (Linux; Android 6.0.1; Nexus 5X Build/MMB29P) AppleWebKit/537.36 (KHTML, like Gecko) Chrome/131.0.6778.264 Mobile Safari/537.36 (compatible; Googlebot/2.1; +http://www.google.com/bot.html)"
66.249.68.68 - - [11/Jan/2025:14:41:16 -0500] "GET /?product=evaporation10536224-439?keyword=%E3%83%9F%E3%83%AB%E3%82%AF%E3%81%A0%E3%81%AB%E3%82%83%E3%82%93%E3%81%93 HTTP/1.1" 200 67606 "-" "Mozilla/5.0 (Linux; Android 6.0.1; Nexus 5X Build/MMB29P) AppleWebKit/537.36 (KHTML, like Gecko) Chrome/131.0.6778.264 Mobile Safari/537.36 (compatible; Googlebot/2.1; +http://www.google.com/bot.html)"
66.249.68.67 - - [11/Jan/2025:14:41:42 -0500] "GET /static/2701709?keyword=A4%E3%82%BF%E3%83%86 HTTP/1.1" 200 67891 "-" "Mozilla/5.0 (Linux; Android 6.0.1; Nexus 5X Build/MMB29P) AppleWebKit/537.36 (KHTML, like Gecko) Chrome/131.0.6778.264 Mobile Safari/537.36 (compatible; Googlebot/2.1; +http://www.google.com/bot.html)"
194.32.122.41 - - [11/Jan/2025:14:40:29 -0500] "POST /register/ HTTP/1.0" 200 76060 "https://misswavenigeria.com/register/" "Mozilla/5.0 (Windows NT 6.1; Win64; x64) AppleWebKit/537.36 (KHTML, like Gecko) Chrome/103.0.5060.66 Safari/537.36"
66.29.132.124 - - [11/Jan/2025:14:41:48 -0500] "POST /wp-cron.php?doing_wp_cron=1736624508.5989949703216552734375 HTTP/1.1" 200 0 "-" "WordPress/6.7.1; https://misswavenigeria.com"
194.32.122.41 - - [11/Jan/2025:14:41:48 -0500] "GET /register/ HTTP/1.0" 200 75934 "https://misswavenigeria.com/" "Mozilla/5.0 (Windows NT 6.1; Win64; x64) AppleWebKit/537.36 (KHTML, like Gecko) Chrome/103.0.5060.66 Safari/537.36"
66.29.132.124 - - [11/Jan/2025:14:41:48 -0500] "POST /wp-admin/admin-ajax.php?action=async_litespeed&nonce=yhYfyiASssKyTQpjlUd09zTVt01Xtwmp&litespeed_type=imgoptm HTTP/1.1" 200 21 "-" "WordPress/6.7.1; https://misswavenigeria.com"
66.249.68.68 - - [11/Jan/2025:14:42:19 -0500] "GET /static/2559990 HTTP/1.1" 200 70049 "-" "Mozilla/5.0 (Linux; Android 6.0.1; Nexus 5X Build/MMB29P) AppleWebKit/537.36 (KHTML, like Gecko) Chrome/131.0.6778.264 Mobile Safari/537.36 (compatible; Googlebot/2.1; +http://www.google.com/bot.html)"
66.249.68.68 - - [11/Jan/2025:14:42:34 -0500] "GET /goods/877360.html HTTP/1.1" 200 69340 "-" "Mozilla/5.0 (Linux; Android 6.0.1; Nexus 5X Build/MMB29P) AppleWebKit/537.36 (KHTML, like Gecko) Chrome/131.0.6778.264 Mobile Safari/537.36 (compatible; Googlebot/2.1; +http://www.google.com/bot.html)"
66.249.68.67 - - [11/Jan/2025:14:43:00 -0500] "GET /static/4228643?keyword=%E4%BD%8F%E3%81%BE%E3%81%84%E3%80%81%E3%82%A4%E3%83%B3%E3%83%86%E3%83%AA%E3%82%A2?keyword=%E3%83%87%E3%82%A3%E3%82%BA%E3%83%8B%E3%83%BC%E3%83%A9%E3%83%B3%E3%83%89%E3%81%AE%E9%8D%8B%E6%95%B7 HTTP/1.1" 200 69005 "-" "Mozilla/5.0 (Linux; Android 6.0.1; Nexus 5X Build/MMB29P) AppleWebKit/537.36 (KHTML, like Gecko) Chrome/131.0.6778.264 Mobile Safari/537.36 (compatible; Googlebot/2.1; +http://www.google.com/bot.html)"
66.249.68.68 - - [11/Jan/2025:14:43:14 -0500] "GET /goods/705476 HTTP/1.1" 200 69120 "-" "Mozilla/5.0 (Linux; Android 6.0.1; Nexus 5X Build/MMB29P) AppleWebKit/537.36 (KHTML, like Gecko) Chrome/131.0.6778.264 Mobile Safari/537.36 (compatible; Googlebot/2.1; +http://www.google.com/bot.html)"
66.29.132.124 - - [11/Jan/2025:14:43:31 -0500] "POST /wp-cron.php?doing_wp_cron=1736624611.6481239795684814453125 HTTP/1.1" 200 0 "-" "WordPress/6.7.1; https://misswavenigeria.com"
66.249.68.67 - - [11/Jan/2025:14:43:30 -0500] "GET /goods/1700879 HTTP/1.1" 200 69902 "-" "Mozilla/5.0 (Linux; Android 6.0.1; Nexus 5X Build/MMB29P) AppleWebKit/537.36 (KHTML, like Gecko) Chrome/131.0.6778.264 Mobile Safari/537.36 (compatible; Googlebot/2.1; +http://www.google.com/bot.html)"
194.32.122.41 - - [11/Jan/2025:14:43:31 -0500] "GET / HTTP/1.0" 200 109065 "https://misswavenigeria.com/" "Mozilla/5.0 (Windows NT 6.3; Win64; x64) AppleWebKit/537.36 (KHTML, like Gecko) Chrome/103.0.5060.66 Safari/537.36"
66.29.132.124 - - [11/Jan/2025:14:43:31 -0500] "POST /wp-admin/admin-ajax.php?action=async_litespeed&nonce=bkOoZgKLfHMzZoDCqRRopf6EmdWoAAjw&litespeed_type=imgoptm HTTP/1.1" 200 21 "-" "WordPress/6.7.1; https://misswavenigeria.com"
194.32.122.41 - - [11/Jan/2025:14:43:33 -0500] "GET /register/ HTTP/1.0" 200 75934 "https://misswavenigeria.com/register/" "Mozilla/5.0 (Windows NT 6.3; Win64; x64) AppleWebKit/537.36 (KHTML, like Gecko) Chrome/103.0.5060.66 Safari/537.36"
66.249.68.68 - - [11/Jan/2025:14:44:08 -0500] "GET /static/4154573?keyword=%E9%98%B2%E9%9F%B3 HTTP/1.1" 200 70077 "-" "Mozilla/5.0 (Linux; Android 6.0.1; Nexus 5X Build/MMB29P) AppleWebKit/537.36 (KHTML, like Gecko) Chrome/131.0.6778.264 Mobile Safari/537.36 (compatible; Googlebot/2.1; +http://www.google.com/bot.html)"
66.249.68.68 - - [11/Jan/2025:14:44:21 -0500] "GET /static/2159244 HTTP/1.1" 200 68570 "-" "Mozilla/5.0 (Linux; Android 6.0.1; Nexus 5X Build/MMB29P) AppleWebKit/537.36 (KHTML, like Gecko) Chrome/131.0.6778.264 Mobile Safari/537.36 (compatible; Googlebot/2.1; +http://www.google.com/bot.html)"
66.249.68.67 - - [11/Jan/2025:14:45:03 -0500] "GET /static/4154573?keyword=%E9%A2%A8%E6%99%AF HTTP/1.1" 200 68045 "-" "Mozilla/5.0 (Linux; Android 6.0.1; Nexus 5X Build/MMB29P) AppleWebKit/537.36 (KHTML, like Gecko) Chrome/131.0.6778.264 Mobile Safari/537.36 (compatible; Googlebot/2.1; +http://www.google.com/bot.html)"
66.249.68.68 - - [11/Jan/2025:14:45:26 -0500] "GET /static/3816823 HTTP/1.1" 200 67619 "-" "Mozilla/5.0 (Linux; Android 6.0.1; Nexus 5X Build/MMB29P) AppleWebKit/537.36 (KHTML, like Gecko) Chrome/131.0.6778.264 Mobile Safari/537.36 (compatible; Googlebot/2.1; +http://www.google.com/bot.html)"
194.32.122.41 - - [11/Jan/2025:14:43:35 -0500] "POST /register/ HTTP/1.0" 200 76060 "https://misswavenigeria.com/register/" "Mozilla/5.0 (Windows NT 6.3; Win64; x64) AppleWebKit/537.36 (KHTML, like Gecko) Chrome/103.0.5060.66 Safari/537.36"
66.29.132.124 - - [11/Jan/2025:14:45:36 -0500] "POST /wp-cron.php?doing_wp_cron=1736624736.9502460956573486328125 HTTP/1.1" 200 0 "-" "WordPress/6.7.1; https://misswavenigeria.com"
194.32.122.41 - - [11/Jan/2025:14:45:36 -0500] "GET /register/ HTTP/1.0" 200 75934 "https://misswavenigeria.com/" "Mozilla/5.0 (Windows NT 6.3; Win64; x64) AppleWebKit/537.36 (KHTML, like Gecko) Chrome/103.0.5060.66 Safari/537.36"
66.29.132.124 - - [11/Jan/2025:14:45:37 -0500] "POST /wp-admin/admin-ajax.php?action=async_litespeed&nonce=IHxR9BbMHG7IfK07AyMqvkRrpBAAZrUz&litespeed_type=imgoptm HTTP/1.1" 200 21 "-" "WordPress/6.7.1; https://misswavenigeria.com"
66.249.68.67 - - [11/Jan/2025:14:46:22 -0500] "GET /static/4060931 HTTP/1.1" 200 69559 "-" "Mozilla/5.0 (Linux; Android 6.0.1; Nexus 5X Build/MMB29P) AppleWebKit/537.36 (KHTML, like Gecko) Chrome/131.0.6778.264 Mobile Safari/537.36 (compatible; Googlebot/2.1; +http://www.google.com/bot.html)"
66.29.132.124 - - [11/Jan/2025:14:46:42 -0500] "POST /wp-cron.php?doing_wp_cron=1736624802.4686179161071777343750 HTTP/1.1" 200 0 "-" "WordPress/6.7.1; https://misswavenigeria.com"
194.32.122.41 - - [11/Jan/2025:14:46:42 -0500] "GET / HTTP/1.0" 200 109065 "https://misswavenigeria.com/" "Mozilla/5.0 (Windows NT 6.1; Win64; x64) AppleWebKit/537.36 (KHTML, like Gecko) Chrome/103.0.0.0 Safari/537.36"
66.29.132.124 - - [11/Jan/2025:14:46:42 -0500] "POST /wp-admin/admin-ajax.php?action=async_litespeed&nonce=qRtRlwO0uuPtNfWExioiykC3w2GNVREa&litespeed_type=imgoptm HTTP/1.1" 200 21 "-" "WordPress/6.7.1; https://misswavenigeria.com"
194.32.122.41 - - [11/Jan/2025:14:46:44 -0500] "GET /register/ HTTP/1.0" 200 75934 "https://misswavenigeria.com/register/" "Mozilla/5.0 (Windows NT 6.1; Win64; x64) AppleWebKit/537.36 (KHTML, like Gecko) Chrome/103.0.0.0 Safari/537.36"
66.249.68.68 - - [11/Jan/2025:14:46:50 -0500] "GET /static/2701709?keyword=A4%E3%82%BF%E3%83%86?keyword=%E6%9C%BA%E3%83%BB%E3%83%86%E3%83%BC%E3%83%96%E3%83%AB HTTP/1.1" 200 67529 "-" "Mozilla/5.0 (Linux; Android 6.0.1; Nexus 5X Build/MMB29P) AppleWebKit/537.36 (KHTML, like Gecko) Chrome/131.0.6778.264 Mobile Safari/537.36 (compatible; Googlebot/2.1; +http://www.google.com/bot.html)"
66.249.68.67 - - [11/Jan/2025:14:47:08 -0500] "GET /?product=passionate11549213-147?keyword=%E3%82%A2%E3%83%AB%E3%83%9F%E6%9D%BF HTTP/1.1" 200 67610 "-" "Mozilla/5.0 (Linux; Android 6.0.1; Nexus 5X Build/MMB29P) AppleWebKit/537.36 (KHTML, like Gecko) Chrome/131.0.6778.264 Mobile Safari/537.36 (compatible; Googlebot/2.1; +http://www.google.com/bot.html)"
66.249.68.67 - - [11/Jan/2025:14:47:37 -0500] "GET /static/2701709?keyword=A4%E3%82%BF%E3%83%86?keyword=%E5%AE%B6%E5%85%B7%E3%83%BB%E3%82%A4%E3%83%B3%E3%83%86%E3%83%AA%E3%82%A2 HTTP/1.1" 200 67569 "-" "Mozilla/5.0 (Linux; Android 6.0.1; Nexus 5X Build/MMB29P) AppleWebKit/537.36 (KHTML, like Gecko) Chrome/131.0.6778.264 Mobile Safari/537.36 (compatible; Googlebot/2.1; +http://www.google.com/bot.html)"
66.249.68.67 - - [11/Jan/2025:14:47:52 -0500] "GET /?product=passionate11549213-147?keyword=%E4%BD%8F%E3%81%BE%E3%81%84%E3%80%81%E3%82%A4%E3%83%B3%E3%83%86%E3%83%AA%E3%82%A2 HTTP/1.1" 200 68023 "-" "Mozilla/5.0 (Linux; Android 6.0.1; Nexus 5X Build/MMB29P) AppleWebKit/537.36 (KHTML, like Gecko) Chrome/131.0.6778.264 Mobile Safari/537.36 (compatible; Googlebot/2.1; +http://www.google.com/bot.html)"
194.32.122.41 - - [11/Jan/2025:14:46:46 -0500] "POST /register/ HTTP/1.0" 200 76060 "https://misswavenigeria.com/register/" "Mozilla/5.0 (Windows NT 6.1; Win64; x64) AppleWebKit/537.36 (KHTML, like Gecko) Chrome/103.0.0.0 Safari/537.36"
66.29.132.124 - - [11/Jan/2025:14:48:35 -0500] "POST /wp-cron.php?doing_wp_cron=1736624915.8504629135131835937500 HTTP/1.1" 200 0 "-" "WordPress/6.7.1; https://misswavenigeria.com"
194.32.122.41 - - [11/Jan/2025:14:48:35 -0500] "GET /register/ HTTP/1.0" 200 75934 "https://misswavenigeria.com/" "Mozilla/5.0 (Windows NT 6.1; Win64; x64) AppleWebKit/537.36 (KHTML, like Gecko) Chrome/103.0.0.0 Safari/537.36"
66.29.132.124 - - [11/Jan/2025:14:48:36 -0500] "POST /wp-admin/admin-ajax.php?action=async_litespeed&nonce=l3vDJpXTQ4HG9Osq1Q6HG540ntv5bydL&litespeed_type=imgoptm HTTP/1.1" 200 21 "-" "WordPress/6.7.1; https://misswavenigeria.com"
66.249.68.69 - - [11/Jan/2025:14:48:52 -0500] "GET /goods/4025485?keyword= HTTP/1.1" 200 69504 "-" "Mozilla/5.0 (Linux; Android 6.0.1; Nexus 5X Build/MMB29P) AppleWebKit/537.36 (KHTML, like Gecko) Chrome/131.0.6778.264 Mobile Safari/537.36 (compatible; Googlebot/2.1; +http://www.google.com/bot.html)"
66.249.68.68 - - [11/Jan/2025:14:48:55 -0500] "GET /goods/3498746?keyword=Jacket HTTP/1.1" 200 68856 "-" "Mozilla/5.0 (Linux; Android 6.0.1; Nexus 5X Build/MMB29P) AppleWebKit/537.36 (KHTML, like Gecko) Chrome/131.0.6778.264 Mobile Safari/537.36 (compatible; Googlebot/2.1; +http://www.google.com/bot.html)"
66.249.68.68 - - [11/Jan/2025:14:49:10 -0500] "GET /?product=passionate11549213-147?keyword=25x300x865 HTTP/1.1" 200 68959 "-" "Mozilla/5.0 (Linux; Android 6.0.1; Nexus 5X Build/MMB29P) AppleWebKit/537.36 (KHTML, like Gecko) Chrome/131.0.6778.264 Mobile Safari/537.36 (compatible; Googlebot/2.1; +http://www.google.com/bot.html)"
66.29.132.124 - - [11/Jan/2025:14:49:52 -0500] "POST /wp-cron.php?doing_wp_cron=1736624992.3885700702667236328125 HTTP/1.1" 200 0 "-" "WordPress/6.7.1; https://misswavenigeria.com"
194.32.122.41 - - [11/Jan/2025:14:49:51 -0500] "GET / HTTP/1.0" 200 109065 "https://misswavenigeria.com/" "Mozilla/5.0 (Windows NT 10.0; WOW64) AppleWebKit/537.36 (KHTML, like Gecko) Chrome/103.0.5060.114 Safari/537.36"
66.29.132.124 - - [11/Jan/2025:14:49:53 -0500] "POST /wp-admin/admin-ajax.php?action=async_litespeed&nonce=WHDAEMP5ItTCmTxdktwBuohjDgVh0d8N&litespeed_type=imgoptm HTTP/1.1" 200 21 "-" "WordPress/6.7.1; https://misswavenigeria.com"
194.32.122.41 - - [11/Jan/2025:14:49:57 -0500] "GET /register/ HTTP/1.0" 200 75934 "https://misswavenigeria.com/register/" "Mozilla/5.0 (Windows NT 10.0; WOW64) AppleWebKit/537.36 (KHTML, like Gecko) Chrome/103.0.5060.114 Safari/537.36"
66.249.68.69 - - [11/Jan/2025:14:51:11 -0500] "GET /static/3449843?keyword=DUNU HTTP/1.1" 200 69604 "-" "Mozilla/5.0 (Linux; Android 6.0.1; Nexus 5X Build/MMB29P) AppleWebKit/537.36 (KHTML, like Gecko) Chrome/131.0.6778.264 Mobile Safari/537.36 (compatible; Googlebot/2.1; +http://www.google.com/bot.html)"
66.249.68.68 - - [11/Jan/2025:14:51:35 -0500] "GET /static/909939 HTTP/1.1" 200 75727 "-" "Mozilla/5.0 (Linux; Android 6.0.1; Nexus 5X Build/MMB29P) AppleWebKit/537.36 (KHTML, like Gecko) Chrome/131.0.6778.264 Mobile Safari/537.36 (compatible; Googlebot/2.1; +http://www.google.com/bot.html)"
66.249.68.67 - - [11/Jan/2025:14:51:55 -0500] "GET /goods/3253610?keyword=2004 HTTP/1.1" 200 70364 "-" "Mozilla/5.0 (Linux; Android 6.0.1; Nexus 5X Build/MMB29P) AppleWebKit/537.36 (KHTML, like Gecko) Chrome/131.0.6778.264 Mobile Safari/537.36 (compatible; Googlebot/2.1; +http://www.google.com/bot.html)"
66.249.68.68 - - [11/Jan/2025:14:52:01 -0500] "GET /static/2224539 HTTP/1.1" 200 74746 "-" "Mozilla/5.0 (Linux; Android 6.0.1; Nexus 5X Build/MMB29P) AppleWebKit/537.36 (KHTML, like Gecko) Chrome/131.0.6778.264 Mobile Safari/537.36 (compatible; Googlebot/2.1; +http://www.google.com/bot.html)"
66.249.68.68 - - [11/Jan/2025:14:52:11 -0500] "GET /static/2701709?keyword=%E4%BA%8B%E5%8B%99%E3%80%81%E5%BA%97%E8%88%97%E7%94%A8%E5%93%81?keyword=%E3%83%95%E3%82%A1%E3%83%83%E3%82%B7%E3%83%A7%E3%83%B3 HTTP/1.1" 200 70074 "-" "Mozilla/5.0 (Linux; Android 6.0.1; Nexus 5X Build/MMB29P) AppleWebKit/537.36 (KHTML, like Gecko) Chrome/131.0.6778.264 Mobile Safari/537.36 (compatible; Googlebot/2.1; +http://www.google.com/bot.html)"
194.32.122.41 - - [11/Jan/2025:14:49:59 -0500] "POST /register/ HTTP/1.0" 200 0 "https://misswavenigeria.com/register/" "Mozilla/5.0 (Windows NT 10.0; WOW64) AppleWebKit/537.36 (KHTML, like Gecko) Chrome/103.0.5060.114 Safari/537.36"
194.32.122.41 - - [11/Jan/2025:14:52:29 -0500] "GET /register/ HTTP/1.0" 200 75934 "https://misswavenigeria.com/" "Mozilla/5.0 (Windows NT 10.0; WOW64) AppleWebKit/537.36 (KHTML, like Gecko) Chrome/103.0.5060.114 Safari/537.36"
66.249.68.67 - - [11/Jan/2025:14:52:32 -0500] "GET /goods/3253610?keyword=RC%E7%89%B9%E5%88%A5%E4%BC%81%E7%94%BB%E5%95%86%E5%93%81 HTTP/1.1" 200 72151 "-" "Mozilla/5.0 (Linux; Android 6.0.1; Nexus 5X Build/MMB29P) AppleWebKit/537.36 (KHTML, like Gecko) Chrome/131.0.6778.264 Mobile Safari/537.36 (compatible; Googlebot/2.1; +http://www.google.com/bot.html)"
66.249.68.67 - - [11/Jan/2025:14:52:35 -0500] "GET /static/4228643?keyword=%E4%BD%8F%E3%81%BE%E3%81%84%E3%80%81%E3%82%A4%E3%83%B3%E3%83%86%E3%83%AA%E3%82%A2?keyword=%E3%82%AD%E3%83%83%E3%83%81%E3%83%B3%E3%83%BB%E6%97%A5%E7%94%A8%E5%93%81%E3%83%BB%E3%81%9D%E3%81%AE%E4%BB%96 HTTP/1.1" 200 69246 "-" "Mozilla/5.0 (Linux; Android 6.0.1; Nexus 5X Build/MMB29P) AppleWebKit/537.36 (KHTML, like Gecko) Chrome/131.0.6778.264 Mobile Safari/537.36 (compatible; Googlebot/2.1; +http://www.google.com/bot.html)"
66.249.68.67 - - [11/Jan/2025:14:52:46 -0500] "GET /static/771393 HTTP/1.1" 200 68321 "-" "Mozilla/5.0 (Linux; Android 6.0.1; Nexus 5X Build/MMB29P) AppleWebKit/537.36 (KHTML, like Gecko) Chrome/131.0.6778.264 Mobile Safari/537.36 (compatible; Googlebot/2.1; +http://www.google.com/bot.html)"
194.32.122.41 - - [11/Jan/2025:14:53:05 -0500] "GET / HTTP/1.0" 200 109065 "https://misswavenigeria.com/" "Mozilla/5.0 (Windows NT 10.0; Win64; x64) AppleWebKit/537.36 (KHTML, like Gecko) Chrome/103.0.0.0 Safari/537.36"
