66.249.68.67 - - [11/Jan/2025:16:40:21 -0500] "GET /static/3589901 HTTP/1.1" 200 68238 "-" "Mozilla/5.0 (Linux; Android 6.0.1; Nexus 5X Build/MMB29P) AppleWebKit/537.36 (KHTML, like Gecko) Chrome/131.0.6778.264 Mobile Safari/537.36 (compatible; Googlebot/2.1; +http://www.google.com/bot.html)"
66.249.68.67 - - [11/Jan/2025:16:40:24 -0500] "GET /goods/3453328?keyword=%E3%83%9B%E3%83%93%E3%83%BC%E3%80%81%E3%82%AB%E3%83%AB%E3%83%81%E3%83%A3%E3%83%BC HTTP/1.1" 200 68070 "-" "Mozilla/5.0 (Linux; Android 6.0.1; Nexus 5X Build/MMB29P) AppleWebKit/537.36 (KHTML, like Gecko) Chrome/131.0.6778.264 Mobile Safari/537.36 (compatible; Googlebot/2.1; +http://www.google.com/bot.html)"
66.249.68.68 - - [11/Jan/2025:16:40:28 -0500] "GET /goods/1051798?keyword=%E6%9C%80%E4%B8%8A%E7%B4%9A HTTP/1.1" 200 67468 "-" "Mozilla/5.0 (Linux; Android 6.0.1; Nexus 5X Build/MMB29P) AppleWebKit/537.36 (KHTML, like Gecko) Chrome/131.0.6778.264 Mobile Safari/537.36 (compatible; Googlebot/2.1; +http://www.google.com/bot.html)"
66.249.68.67 - - [11/Jan/2025:16:40:37 -0500] "GET /static/1096277 HTTP/1.1" 200 72682 "-" "Mozilla/5.0 (Linux; Android 6.0.1; Nexus 5X Build/MMB29P) AppleWebKit/537.36 (KHTML, like Gecko) Chrome/131.0.6778.264 Mobile Safari/537.36 (compatible; Googlebot/2.1; +http://www.google.com/bot.html)"
66.249.68.68 - - [11/Jan/2025:16:40:41 -0500] "GET /static/3078445?keyword=%E3%82%A2%E3%82%AF%E3%82%BB%E3%82%B5%E3%83%AA%E3%83%BC%E3%80%81%E6%99%82%E8%A8%88?keyword=%E7%94%9F%E6%B4%BB%E5%AE%B6%E9%9B%BB%E3%83%BB%E7%A9%BA%E8%AA%BF HTTP/1.1" 200 68883 "-" "Mozilla/5.0 (Linux; Android 6.0.1; Nexus 5X Build/MMB29P) AppleWebKit/537.36 (KHTML, like Gecko) Chrome/131.0.6778.264 Mobile Safari/537.36 (compatible; Googlebot/2.1; +http://www.google.com/bot.html)"
47.128.31.228 - - [11/Jan/2025:16:40:56 -0500] "GET /wp-includes/sodium_compat/namespaced/Core/Curve25519/H.php HTTP/1.1" 500 0 "-" "Mozilla/5.0 (Linux; Android 5.0) AppleWebKit/537.36 (KHTML, like Gecko) Mobile Safari/537.36 (compatible; Bytespider; spider-feedback@bytedance.com)"
66.249.68.68 - - [11/Jan/2025:16:41:00 -0500] "GET /goods/3960473 HTTP/1.1" 200 70270 "-" "Mozilla/5.0 (Linux; Android 6.0.1; Nexus 5X Build/MMB29P) AppleWebKit/537.36 (KHTML, like Gecko) Chrome/131.0.6778.264 Mobile Safari/537.36 (compatible; Googlebot/2.1; +http://www.google.com/bot.html)"
66.249.68.69 - - [11/Jan/2025:16:41:03 -0500] "GET /goods/1051798?keyword=B-3 HTTP/1.1" 200 70933 "-" "Mozilla/5.0 (Linux; Android 6.0.1; Nexus 5X Build/MMB29P) AppleWebKit/537.36 (KHTML, like Gecko) Chrome/131.0.6778.264 Mobile Safari/537.36 (compatible; Googlebot/2.1; +http://www.google.com/bot.html)"
66.249.68.68 - - [11/Jan/2025:16:41:10 -0500] "GET /goods/4134128 HTTP/1.1" 200 69572 "-" "Mozilla/5.0 (Linux; Android 6.0.1; Nexus 5X Build/MMB29P) AppleWebKit/537.36 (KHTML, like Gecko) Chrome/131.0.6778.264 Mobile Safari/537.36 (compatible; Googlebot/2.1; +http://www.google.com/bot.html)"
66.249.68.68 - - [11/Jan/2025:16:41:13 -0500] "GET /static/3078445?keyword=%E3%82%A2%E3%82%AF%E3%82%BB%E3%82%B5%E3%83%AA%E3%83%BC%E3%80%81%E6%99%82%E8%A8%88?keyword=%E5%86%B7%E6%9A%96%E6%88%BF%E3%83%BB%E7%A9%BA%E8%AA%BF HTTP/1.1" 200 69019 "-" "Mozilla/5.0 (Linux; Android 6.0.1; Nexus 5X Build/MMB29P) AppleWebKit/537.36 (KHTML, like Gecko) Chrome/131.0.6778.264 Mobile Safari/537.36 (compatible; Googlebot/2.1; +http://www.google.com/bot.html)"
66.249.68.67 - - [11/Jan/2025:16:41:21 -0500] "GET /goods/865244.html?keyword=M42228 HTTP/1.1" 200 68124 "-" "Mozilla/5.0 (Linux; Android 6.0.1; Nexus 5X Build/MMB29P) AppleWebKit/537.36 (KHTML, like Gecko) Chrome/131.0.6778.264 Mobile Safari/537.36 (compatible; Googlebot/2.1; +http://www.google.com/bot.html)"
66.249.68.67 - - [11/Jan/2025:16:41:24 -0500] "GET /static/1968207?keyword=%E8%8A%B1%E3%80%81%E5%9C%92%E8%8A%B8 HTTP/1.1" 200 72274 "-" "Mozilla/5.0 (Linux; Android 6.0.1; Nexus 5X Build/MMB29P) AppleWebKit/537.36 (KHTML, like Gecko) Chrome/131.0.6778.264 Mobile Safari/537.36 (compatible; Googlebot/2.1; +http://www.google.com/bot.html)"
66.249.68.67 - - [11/Jan/2025:16:41:32 -0500] "GET /static/438716 HTTP/1.1" 200 68379 "-" "Mozilla/5.0 (Linux; Android 6.0.1; Nexus 5X Build/MMB29P) AppleWebKit/537.36 (KHTML, like Gecko) Chrome/131.0.6778.264 Mobile Safari/537.36 (compatible; Googlebot/2.1; +http://www.google.com/bot.html)"
66.249.68.68 - - [11/Jan/2025:16:41:37 -0500] "GET /static/3832550?keyword=DIOR HTTP/1.1" 200 69627 "-" "Mozilla/5.0 (Linux; Android 6.0.1; Nexus 5X Build/MMB29P) AppleWebKit/537.36 (KHTML, like Gecko) Chrome/131.0.6778.264 Mobile Safari/537.36 (compatible; Googlebot/2.1; +http://www.google.com/bot.html)"
66.249.68.67 - - [11/Jan/2025:16:41:40 -0500] "GET /goods/4199597 HTTP/1.1" 200 69843 "-" "Mozilla/5.0 (Linux; Android 6.0.1; Nexus 5X Build/MMB29P) AppleWebKit/537.36 (KHTML, like Gecko) Chrome/131.0.6778.264 Mobile Safari/537.36 (compatible; Googlebot/2.1; +http://www.google.com/bot.html)"
66.249.68.68 - - [11/Jan/2025:16:41:45 -0500] "GET /static/3059247 HTTP/1.1" 200 70192 "-" "Mozilla/5.0 (Linux; Android 6.0.1; Nexus 5X Build/MMB29P) AppleWebKit/537.36 (KHTML, like Gecko) Chrome/131.0.6778.264 Mobile Safari/537.36 (compatible; Googlebot/2.1; +http://www.google.com/bot.html)"
66.249.68.68 - - [11/Jan/2025:16:41:48 -0500] "GET /goods/3167504 HTTP/1.1" 200 68336 "-" "Mozilla/5.0 (Linux; Android 6.0.1; Nexus 5X Build/MMB29P) AppleWebKit/537.36 (KHTML, like Gecko) Chrome/131.0.6778.264 Mobile Safari/537.36 (compatible; Googlebot/2.1; +http://www.google.com/bot.html)"
66.249.68.69 - - [11/Jan/2025:16:41:51 -0500] "GET /goods/1051798?keyword=%E3%83%95%E3%82%A1%E3%83%83%E3%82%B7%E3%83%A7%E3%83%B3 HTTP/1.1" 200 69750 "-" "Mozilla/5.0 (Linux; Android 6.0.1; Nexus 5X Build/MMB29P) AppleWebKit/537.36 (KHTML, like Gecko) Chrome/131.0.6778.264 Mobile Safari/537.36 (compatible; Googlebot/2.1; +http://www.google.com/bot.html)"
66.249.68.67 - - [11/Jan/2025:16:42:05 -0500] "GET /static/903700 HTTP/1.1" 200 68146 "-" "Mozilla/5.0 (Linux; Android 6.0.1; Nexus 5X Build/MMB29P) AppleWebKit/537.36 (KHTML, like Gecko) Chrome/131.0.6778.264 Mobile Safari/537.36 (compatible; Googlebot/2.1; +http://www.google.com/bot.html)"
194.32.122.41 - - [11/Jan/2025:16:39:51 -0500] "POST /register/ HTTP/1.0" 200 76060 "https://misswavenigeria.com/register/" "Mozilla/5.0 (Windows NT 10.0; Win64; x64) AppleWebKit/537.36 (KHTML, like Gecko) Chrome/103.0.5060.134 Safari/537.36"
66.29.132.124 - - [11/Jan/2025:16:42:14 -0500] "POST /wp-cron.php?doing_wp_cron=1736631734.7600600719451904296875 HTTP/1.1" 200 0 "-" "WordPress/6.7.1; https://misswavenigeria.com"
194.32.122.41 - - [11/Jan/2025:16:42:14 -0500] "GET /register/ HTTP/1.0" 200 75934 "https://misswavenigeria.com/" "Mozilla/5.0 (Windows NT 10.0; Win64; x64) AppleWebKit/537.36 (KHTML, like Gecko) Chrome/103.0.5060.134 Safari/537.36"
66.29.132.124 - - [11/Jan/2025:16:42:14 -0500] "POST /wp-admin/admin-ajax.php?action=async_litespeed&nonce=x1Q8ylTnQDP7nQefS2AJyrdMzs5tl4jx&litespeed_type=imgoptm HTTP/1.1" 200 21 "-" "WordPress/6.7.1; https://misswavenigeria.com"
66.249.68.67 - - [11/Jan/2025:16:42:20 -0500] "GET /goods/1051798?keyword=%E3%83%A1%E3%83%B3%E3%82%BA%E3%83%95%E3%82%A1%E3%83%83%E3%82%B7%E3%83%A7%E3%83%B3 HTTP/1.1" 200 67882 "-" "Mozilla/5.0 (Linux; Android 6.0.1; Nexus 5X Build/MMB29P) AppleWebKit/537.36 (KHTML, like Gecko) Chrome/131.0.6778.264 Mobile Safari/537.36 (compatible; Googlebot/2.1; +http://www.google.com/bot.html)"
66.249.68.67 - - [11/Jan/2025:16:42:29 -0500] "GET /static/2851110 HTTP/1.1" 200 70060 "-" "Mozilla/5.0 (Linux; Android 6.0.1; Nexus 5X Build/MMB29P) AppleWebKit/537.36 (KHTML, like Gecko) Chrome/131.0.6778.264 Mobile Safari/537.36 (compatible; Googlebot/2.1; +http://www.google.com/bot.html)"
66.249.68.67 - - [11/Jan/2025:16:42:31 -0500] "GET /static/3832550?keyword=%E3%83%95%E3%82%A1%E3%83%83%E3%82%B7%E3%83%A7%E3%83%B3 HTTP/1.1" 200 76931 "-" "Mozilla/5.0 (Linux; Android 6.0.1; Nexus 5X Build/MMB29P) AppleWebKit/537.36 (KHTML, like Gecko) Chrome/131.0.6778.264 Mobile Safari/537.36 (compatible; Googlebot/2.1; +http://www.google.com/bot.html)"
66.249.68.67 - - [11/Jan/2025:16:42:35 -0500] "GET /static/2808615 HTTP/1.1" 200 68531 "-" "Mozilla/5.0 (Linux; Android 6.0.1; Nexus 5X Build/MMB29P) AppleWebKit/537.36 (KHTML, like Gecko) Chrome/131.0.6778.264 Mobile Safari/537.36 (compatible; Googlebot/2.1; +http://www.google.com/bot.html)"
66.249.68.67 - - [11/Jan/2025:16:42:37 -0500] "GET /goods/1051798?keyword=USAF HTTP/1.1" 200 68650 "-" "Mozilla/5.0 (Linux; Android 6.0.1; Nexus 5X Build/MMB29P) AppleWebKit/537.36 (KHTML, like Gecko) Chrome/131.0.6778.264 Mobile Safari/537.36 (compatible; Googlebot/2.1; +http://www.google.com/bot.html)"
66.249.68.68 - - [11/Jan/2025:16:42:47 -0500] "GET /static/1052509 HTTP/1.1" 200 69837 "-" "Mozilla/5.0 (Linux; Android 6.0.1; Nexus 5X Build/MMB29P) AppleWebKit/537.36 (KHTML, like Gecko) Chrome/131.0.6778.264 Mobile Safari/537.36 (compatible; Googlebot/2.1; +http://www.google.com/bot.html)"
66.249.68.68 - - [11/Jan/2025:16:42:49 -0500] "GET /static/1289628?keyword=%E6%99%AE%E6%AE%B5%E6%8E%9B%E3%81%91?keyword=%E3%82%B9%E3%83%94%E3%83%BC%E3%83%89%E3%81%AE%E5%A4%89%E5%8C%96%E3%81%AB%E6%85%A3%E3%82%8C%E3%82%8C%E3%81%B0%E5%BF%85%E3%81%9A%E8%81%B4%E3%81%8D%E5%8F%96%E3%82%8C%E3%82%8B HTTP/1.1" 200 68496 "-" "Mozilla/5.0 (Linux; Android 6.0.1; Nexus 5X Build/MMB29P) AppleWebKit/537.36 (KHTML, like Gecko) Chrome/131.0.6778.264 Mobile Safari/537.36 (compatible; Googlebot/2.1; +http://www.google.com/bot.html)"
66.29.132.124 - - [11/Jan/2025:16:42:59 -0500] "POST /wp-cron.php?doing_wp_cron=1736631779.1543109416961669921875 HTTP/1.1" 200 0 "-" "WordPress/6.7.1; https://misswavenigeria.com"
194.32.122.41 - - [11/Jan/2025:16:42:58 -0500] "GET / HTTP/1.0" 200 109067 "https://misswavenigeria.com/" "Mozilla/5.0 (Windows NT 6.1) AppleWebKit/537.36 (KHTML, like Gecko) Chrome/103.0.0.0 Safari/537.36"
66.29.132.124 - - [11/Jan/2025:16:42:59 -0500] "POST /wp-admin/admin-ajax.php?action=async_litespeed&nonce=5EiNhjDvPyYFLGSZBc6q9pTumE46kung&litespeed_type=imgoptm HTTP/1.1" 200 21 "-" "WordPress/6.7.1; https://misswavenigeria.com"
66.249.68.69 - - [11/Jan/2025:16:43:00 -0500] "GET /static/4271506 HTTP/1.1" 200 68671 "-" "Mozilla/5.0 (Linux; Android 6.0.1; Nexus 5X Build/MMB29P) AppleWebKit/537.36 (KHTML, like Gecko) Chrome/131.0.6778.264 Mobile Safari/537.36 (compatible; Googlebot/2.1; +http://www.google.com/bot.html)"
194.32.122.41 - - [11/Jan/2025:16:43:02 -0500] "GET /register/ HTTP/1.0" 200 75934 "https://misswavenigeria.com/register/" "Mozilla/5.0 (Windows NT 6.1) AppleWebKit/537.36 (KHTML, like Gecko) Chrome/103.0.0.0 Safari/537.36"
66.249.68.68 - - [11/Jan/2025:16:43:05 -0500] "GET /static/3078445?keyword=%E4%B8%80%E7%B2%92?keyword=%E3%82%A8%E3%83%AB%E3%83%A1%E3%82%B9 HTTP/1.1" 200 69002 "-" "Mozilla/5.0 (Linux; Android 6.0.1; Nexus 5X Build/MMB29P) AppleWebKit/537.36 (KHTML, like Gecko) Chrome/131.0.6778.264 Mobile Safari/537.36 (compatible; Googlebot/2.1; +http://www.google.com/bot.html)"
66.249.68.67 - - [11/Jan/2025:16:43:15 -0500] "GET /goods/1890056 HTTP/1.1" 200 72384 "-" "Mozilla/5.0 (Linux; Android 6.0.1; Nexus 5X Build/MMB29P) AppleWebKit/537.36 (KHTML, like Gecko) Chrome/131.0.6778.264 Mobile Safari/537.36 (compatible; Googlebot/2.1; +http://www.google.com/bot.html)"
66.249.68.67 - - [11/Jan/2025:16:43:17 -0500] "GET /static/1968207?keyword=12%E5%8F%B7 HTTP/1.1" 200 68259 "-" "Mozilla/5.0 (Linux; Android 6.0.1; Nexus 5X Build/MMB29P) AppleWebKit/537.36 (KHTML, like Gecko) Chrome/131.0.6778.264 Mobile Safari/537.36 (compatible; Googlebot/2.1; +http://www.google.com/bot.html)"
66.249.68.67 - - [11/Jan/2025:16:43:28 -0500] "GET /static/4321048 HTTP/1.1" 200 70586 "-" "Mozilla/5.0 (Linux; Android 6.0.1; Nexus 5X Build/MMB29P) AppleWebKit/537.36 (KHTML, like Gecko) Chrome/131.0.6778.264 Mobile Safari/537.36 (compatible; Googlebot/2.1; +http://www.google.com/bot.html)"
66.249.68.67 - - [11/Jan/2025:16:43:30 -0500] "GET /goods/1051798?keyword=%E5%BE%A9%E5%88%BB30%27s HTTP/1.1" 200 68730 "-" "Mozilla/5.0 (Linux; Android 6.0.1; Nexus 5X Build/MMB29P) AppleWebKit/537.36 (KHTML, like Gecko) Chrome/131.0.6778.264 Mobile Safari/537.36 (compatible; Googlebot/2.1; +http://www.google.com/bot.html)"
66.249.68.67 - - [11/Jan/2025:16:43:36 -0500] "GET /static/2378980 HTTP/1.1" 200 68341 "-" "Mozilla/5.0 (Linux; Android 6.0.1; Nexus 5X Build/MMB29P) AppleWebKit/537.36 (KHTML, like Gecko) Chrome/131.0.6778.264 Mobile Safari/537.36 (compatible; Googlebot/2.1; +http://www.google.com/bot.html)"
66.249.68.68 - - [11/Jan/2025:16:43:39 -0500] "GET /static/3832550?keyword=%E3%83%A1%E3%83%B3%E3%82%BA HTTP/1.1" 200 70388 "-" "Mozilla/5.0 (Linux; Android 6.0.1; Nexus 5X Build/MMB29P) AppleWebKit/537.36 (KHTML, like Gecko) Chrome/131.0.6778.264 Mobile Safari/537.36 (compatible; Googlebot/2.1; +http://www.google.com/bot.html)"
66.249.68.67 - - [11/Jan/2025:16:43:50 -0500] "GET /static/2899661 HTTP/1.1" 200 69535 "-" "Mozilla/5.0 (Linux; Android 6.0.1; Nexus 5X Build/MMB29P) AppleWebKit/537.36 (KHTML, like Gecko) Chrome/131.0.6778.264 Mobile Safari/537.36 (compatible; Googlebot/2.1; +http://www.google.com/bot.html)"
66.249.68.68 - - [11/Jan/2025:16:43:53 -0500] "GET /static/3832550?keyword=%E3%83%90%E3%82%A4%E3%82%B6%E3%83%BC%E3%82%AD%E3%83%A3%E3%83%83%E3%83%97 HTTP/1.1" 200 69721 "-" "Mozilla/5.0 (Linux; Android 6.0.1; Nexus 5X Build/MMB29P) AppleWebKit/537.36 (KHTML, like Gecko) Chrome/131.0.6778.264 Mobile Safari/537.36 (compatible; Googlebot/2.1; +http://www.google.com/bot.html)"
66.249.68.67 - - [11/Jan/2025:16:43:59 -0500] "GET /goods/2521593 HTTP/1.1" 200 69500 "-" "Mozilla/5.0 (Linux; Android 6.0.1; Nexus 5X Build/MMB29P) AppleWebKit/537.36 (KHTML, like Gecko) Chrome/131.0.6778.264 Mobile Safari/537.36 (compatible; Googlebot/2.1; +http://www.google.com/bot.html)"
66.249.68.68 - - [11/Jan/2025:16:44:04 -0500] "GET /goods/4369009?keyword=/ HTTP/1.1" 200 69327 "-" "Mozilla/5.0 (Linux; Android 6.0.1; Nexus 5X Build/MMB29P) AppleWebKit/537.36 (KHTML, like Gecko) Chrome/131.0.6778.264 Mobile Safari/537.36 (compatible; Googlebot/2.1; +http://www.google.com/bot.html)"
66.249.68.67 - - [11/Jan/2025:16:44:10 -0500] "GET /goods/2384996 HTTP/1.1" 200 70138 "-" "Mozilla/5.0 (Linux; Android 6.0.1; Nexus 5X Build/MMB29P) AppleWebKit/537.36 (KHTML, like Gecko) Chrome/131.0.6778.264 Mobile Safari/537.36 (compatible; Googlebot/2.1; +http://www.google.com/bot.html)"
66.249.68.67 - - [11/Jan/2025:16:44:13 -0500] "GET /static/1940414?keyword=%E3%83%99%E3%83%93%E3%83%BC%E3%83%BB%E3%82%AD%E3%83%83%E3%82%BA HTTP/1.1" 200 68019 "-" "Mozilla/5.0 (Linux; Android 6.0.1; Nexus 5X Build/MMB29P) AppleWebKit/537.36 (KHTML, like Gecko) Chrome/131.0.6778.264 Mobile Safari/537.36 (compatible; Googlebot/2.1; +http://www.google.com/bot.html)"
194.32.122.41 - - [11/Jan/2025:16:43:03 -0500] "POST /register/ HTTP/1.0" 200 76060 "https://misswavenigeria.com/register/" "Mozilla/5.0 (Windows NT 6.1) AppleWebKit/537.36 (KHTML, like Gecko) Chrome/103.0.0.0 Safari/537.36"
66.29.132.124 - - [11/Jan/2025:16:44:26 -0500] "POST /wp-cron.php?doing_wp_cron=1736631866.6719050407409667968750 HTTP/1.1" 200 0 "-" "WordPress/6.7.1; https://misswavenigeria.com"
194.32.122.41 - - [11/Jan/2025:16:44:26 -0500] "GET /register/ HTTP/1.0" 200 75934 "https://misswavenigeria.com/" "Mozilla/5.0 (Windows NT 6.1) AppleWebKit/537.36 (KHTML, like Gecko) Chrome/103.0.0.0 Safari/537.36"
66.29.132.124 - - [11/Jan/2025:16:44:26 -0500] "POST /wp-admin/admin-ajax.php?action=async_litespeed&nonce=h8U7AUt3maKi4XD4orSYTM9SQvEXBCS5&litespeed_type=imgoptm HTTP/1.1" 200 21 "-" "WordPress/6.7.1; https://misswavenigeria.com"
66.249.68.67 - - [11/Jan/2025:16:44:26 -0500] "GET /static/2055819 HTTP/1.1" 200 68898 "-" "Mozilla/5.0 (Linux; Android 6.0.1; Nexus 5X Build/MMB29P) AppleWebKit/537.36 (KHTML, like Gecko) Chrome/131.0.6778.264 Mobile Safari/537.36 (compatible; Googlebot/2.1; +http://www.google.com/bot.html)"
66.249.68.67 - - [11/Jan/2025:16:44:31 -0500] "GET /goods/4780034?keyword=%E3%83%8F%E3%82%A4%E3%83%96%E3%83%AA%E3%83%83%E3%83%89 HTTP/1.1" 200 70755 "-" "Mozilla/5.0 (Linux; Android 6.0.1; Nexus 5X Build/MMB29P) AppleWebKit/537.36 (KHTML, like Gecko) Chrome/131.0.6778.264 Mobile Safari/537.36 (compatible; Googlebot/2.1; +http://www.google.com/bot.html)"
66.249.68.68 - - [11/Jan/2025:16:44:37 -0500] "GET /static/4605643 HTTP/1.1" 200 67882 "-" "Mozilla/5.0 (Linux; Android 6.0.1; Nexus 5X Build/MMB29P) AppleWebKit/537.36 (KHTML, like Gecko) Chrome/131.0.6778.264 Mobile Safari/537.36 (compatible; Googlebot/2.1; +http://www.google.com/bot.html)"
66.249.68.68 - - [11/Jan/2025:16:44:40 -0500] "GET /static/1289628?keyword=%E5%B0%BA%E5%85%AB%E6%A8%AA%E2%97%87%E2%97%86%E6%97%A9%E6%98%A5?keyword=%E3%82%B9%E3%83%9E%E3%83%9B%E3%83%BB%E3%82%BF%E3%83%96%E3%83%AC%E3%83%83%E3%83%88%E3%83%BB%E3%83%91%E3%82%BD%E3%82%B3%E3%83%B3 HTTP/1.1" 200 72618 "-" "Mozilla/5.0 (Linux; Android 6.0.1; Nexus 5X Build/MMB29P) AppleWebKit/537.36 (KHTML, like Gecko) Chrome/131.0.6778.264 Mobile Safari/537.36 (compatible; Googlebot/2.1; +http://www.google.com/bot.html)"
66.249.68.67 - - [11/Jan/2025:16:44:51 -0500] "GET /static/4029177 HTTP/1.1" 200 68755 "-" "Mozilla/5.0 (Linux; Android 6.0.1; Nexus 5X Build/MMB29P) AppleWebKit/537.36 (KHTML, like Gecko) Chrome/131.0.6778.264 Mobile Safari/537.36 (compatible; Googlebot/2.1; +http://www.google.com/bot.html)"
66.249.68.67 - - [11/Jan/2025:16:44:57 -0500] "GET /goods/4780034?keyword=%E3%82%B9%E3%83%9D%E3%83%BC%E3%83%84%E5%88%A5 HTTP/1.1" 200 70146 "-" "Mozilla/5.0 (Linux; Android 6.0.1; Nexus 5X Build/MMB29P) AppleWebKit/537.36 (KHTML, like Gecko) Chrome/131.0.6778.264 Mobile Safari/537.36 (compatible; Googlebot/2.1; +http://www.google.com/bot.html)"
66.249.68.67 - - [11/Jan/2025:16:45:04 -0500] "GET /goods/3156767 HTTP/1.1" 200 68755 "-" "Mozilla/5.0 (Linux; Android 6.0.1; Nexus 5X Build/MMB29P) AppleWebKit/537.36 (KHTML, like Gecko) Chrome/131.0.6778.264 Mobile Safari/537.36 (compatible; Googlebot/2.1; +http://www.google.com/bot.html)"
66.249.68.69 - - [11/Jan/2025:16:45:08 -0500] "GET /goods/4369009?keyword=%E6%A5%AD%E5%8B%99%E7%94%A8%E5%86%B7%E8%94%B5%E5%BA%AB HTTP/1.1" 200 68481 "-" "Mozilla/5.0 (Linux; Android 6.0.1; Nexus 5X Build/MMB29P) AppleWebKit/537.36 (KHTML, like Gecko) Chrome/131.0.6778.264 Mobile Safari/537.36 (compatible; Googlebot/2.1; +http://www.google.com/bot.html)"
66.249.68.68 - - [11/Jan/2025:16:45:25 -0500] "GET /goods/865244.html?keyword=VUITTON HTTP/1.1" 200 68962 "-" "Mozilla/5.0 (Linux; Android 6.0.1; Nexus 5X Build/MMB29P) AppleWebKit/537.36 (KHTML, like Gecko) Chrome/131.0.6778.264 Mobile Safari/537.36 (compatible; Googlebot/2.1; +http://www.google.com/bot.html)"
66.249.68.68 - - [11/Jan/2025:16:45:28 -0500] "GET /static/3357897?keyword=%E3%83%93%E3%83%BC%E3%82%B5%E3%82%A4%E3%83%89%E3%80%80Mr.Children HTTP/1.1" 200 69600 "-" "Mozilla/5.0 (Linux; Android 6.0.1; Nexus 5X Build/MMB29P) AppleWebKit/537.36 (KHTML, like Gecko) Chrome/131.0.6778.264 Mobile Safari/537.36 (compatible; Googlebot/2.1; +http://www.google.com/bot.html)"
66.249.68.67 - - [11/Jan/2025:16:45:39 -0500] "GET /static/143131 HTTP/1.1" 200 70652 "-" "Mozilla/5.0 (Linux; Android 6.0.1; Nexus 5X Build/MMB29P) AppleWebKit/537.36 (KHTML, like Gecko) Chrome/131.0.6778.264 Mobile Safari/537.36 (compatible; Googlebot/2.1; +http://www.google.com/bot.html)"
66.249.68.68 - - [11/Jan/2025:16:45:45 -0500] "GET /static/1975175?keyword=%E3%82%A4%E3%83%83%E3%82%BF%E3%83%A9 HTTP/1.1" 200 70309 "-" "Mozilla/5.0 (Linux; Android 6.0.1; Nexus 5X Build/MMB29P) AppleWebKit/537.36 (KHTML, like Gecko) Chrome/131.0.6778.264 Mobile Safari/537.36 (compatible; Googlebot/2.1; +http://www.google.com/bot.html)"
66.249.68.67 - - [11/Jan/2025:16:45:52 -0500] "GET /static/2351538 HTTP/1.1" 200 70149 "-" "Mozilla/5.0 (Linux; Android 6.0.1; Nexus 5X Build/MMB29P) AppleWebKit/537.36 (KHTML, like Gecko) Chrome/131.0.6778.264 Mobile Safari/537.36 (compatible; Googlebot/2.1; +http://www.google.com/bot.html)"
66.249.68.68 - - [11/Jan/2025:16:46:02 -0500] "GET /goods/4369009?keyword=%E5%BA%97%E8%88%97%E7%94%A8%E5%93%81 HTTP/1.1" 200 67975 "-" "Mozilla/5.0 (Linux; Android 6.0.1; Nexus 5X Build/MMB29P) AppleWebKit/537.36 (KHTML, like Gecko) Chrome/131.0.6778.264 Mobile Safari/537.36 (compatible; Googlebot/2.1; +http://www.google.com/bot.html)"
66.29.132.124 - - [11/Jan/2025:16:46:06 -0500] "POST /wp-cron.php?doing_wp_cron=1736631966.7650690078735351562500 HTTP/1.1" 200 0 "-" "WordPress/6.7.1; https://misswavenigeria.com"
194.32.122.41 - - [11/Jan/2025:16:46:06 -0500] "GET / HTTP/1.0" 200 109065 "https://misswavenigeria.com/" "Mozilla/5.0 (Windows NT 6.1; WOW64) AppleWebKit/537.36 (KHTML, like Gecko) Chrome/103.0.0.0 Safari/537.36"
66.29.132.124 - - [11/Jan/2025:16:46:07 -0500] "POST /wp-admin/admin-ajax.php?action=async_litespeed&nonce=WfPuxcjPNvR5jlbMid7OKwfRvSakgdqT&litespeed_type=imgoptm HTTP/1.1" 200 21 "-" "WordPress/6.7.1; https://misswavenigeria.com"
194.32.122.41 - - [11/Jan/2025:16:46:09 -0500] "GET /register/ HTTP/1.0" 200 75934 "https://misswavenigeria.com/register/" "Mozilla/5.0 (Windows NT 6.1; WOW64) AppleWebKit/537.36 (KHTML, like Gecko) Chrome/103.0.0.0 Safari/537.36"
66.249.68.68 - - [11/Jan/2025:16:46:14 -0500] "GET /static/241010 HTTP/1.1" 200 69575 "-" "Mozilla/5.0 (Linux; Android 6.0.1; Nexus 5X Build/MMB29P) AppleWebKit/537.36 (KHTML, like Gecko) Chrome/131.0.6778.264 Mobile Safari/537.36 (compatible; Googlebot/2.1; +http://www.google.com/bot.html)"
66.249.68.67 - - [11/Jan/2025:16:46:17 -0500] "GET /static/441825?keyword=%E3%82%B8%E3%83%9F%E3%83%BC%E3%83%81%E3%83%A5%E3%82%A6%E3%81%AE%E7%B6%BA%E9%BA%97%E3%81%AA%E3%83%94%E3%83%B3%E3%82%AF%E3%81%AE%E3%83%8F%E3%82%A4%E3%83%92%E3%83%BC%E3%83%AB%E3%81%A7%E3%81%99?keyword=%E3%82%B9%E3%83%BC%E3%83%84 HTTP/1.1" 200 69469 "-" "Mozilla/5.0 (Linux; Android 6.0.1; Nexus 5X Build/MMB29P) AppleWebKit/537.36 (KHTML, like Gecko) Chrome/131.0.6778.264 Mobile Safari/537.36 (compatible; Googlebot/2.1; +http://www.google.com/bot.html)"
66.249.68.67 - - [11/Jan/2025:16:46:27 -0500] "GET /static/2490508 HTTP/1.1" 200 69141 "-" "Mozilla/5.0 (Linux; Android 6.0.1; Nexus 5X Build/MMB29P) AppleWebKit/537.36 (KHTML, like Gecko) Chrome/131.0.6778.264 Mobile Safari/537.36 (compatible; Googlebot/2.1; +http://www.google.com/bot.html)"
66.249.68.67 - - [11/Jan/2025:16:46:31 -0500] "GET /static/1289628?keyword=%E9%8A%98%EF%BC%9A%E5%92%8C%E5%BD%A6?keyword=%E3%82%A2%E3%82%AF%E3%82%BB%E3%82%B5%E3%83%AA%E3%83%BC%E3%80%81%E6%99%82%E8%A8%88 HTTP/1.1" 200 71656 "-" "Mozilla/5.0 (Linux; Android 6.0.1; Nexus 5X Build/MMB29P) AppleWebKit/537.36 (KHTML, like Gecko) Chrome/131.0.6778.264 Mobile Safari/537.36 (compatible; Googlebot/2.1; +http://www.google.com/bot.html)"
66.249.68.67 - - [11/Jan/2025:16:46:37 -0500] "GET /static/4697721?keyword=%E3%83%8D%E3%82%AF%E3%82%BF%E3%82%A4M78364 HTTP/1.1" 200 70347 "-" "Mozilla/5.0 (Linux; Android 6.0.1; Nexus 5X Build/MMB29P) AppleWebKit/537.36 (KHTML, like Gecko) Chrome/131.0.6778.264 Mobile Safari/537.36 (compatible; Googlebot/2.1; +http://www.google.com/bot.html)"
66.249.68.68 - - [11/Jan/2025:16:46:50 -0500] "GET /goods/3020270 HTTP/1.1" 200 75299 "-" "Mozilla/5.0 (Linux; Android 6.0.1; Nexus 5X Build/MMB29P) AppleWebKit/537.36 (KHTML, like Gecko) Chrome/131.0.6778.264 Mobile Safari/537.36 (compatible; Googlebot/2.1; +http://www.google.com/bot.html)"
66.249.68.67 - - [11/Jan/2025:16:46:53 -0500] "GET /goods/4369009?keyword=%E5%BA%97%E8%88%97%E6%A9%9F%E5%99%A8 HTTP/1.1" 200 72026 "-" "Mozilla/5.0 (Linux; Android 6.0.1; Nexus 5X Build/MMB29P) AppleWebKit/537.36 (KHTML, like Gecko) Chrome/131.0.6778.264 Mobile Safari/537.36 (compatible; Googlebot/2.1; +http://www.google.com/bot.html)"
66.249.68.68 - - [11/Jan/2025:16:46:59 -0500] "GET /static/902015 HTTP/1.1" 200 69833 "-" "Mozilla/5.0 (Linux; Android 6.0.1; Nexus 5X Build/MMB29P) AppleWebKit/537.36 (KHTML, like Gecko) Chrome/131.0.6778.264 Mobile Safari/537.36 (compatible; Googlebot/2.1; +http://www.google.com/bot.html)"
66.249.68.67 - - [11/Jan/2025:16:47:06 -0500] "GET /goods/4780034?keyword=G430 HTTP/1.1" 200 69712 "-" "Mozilla/5.0 (Linux; Android 6.0.1; Nexus 5X Build/MMB29P) AppleWebKit/537.36 (KHTML, like Gecko) Chrome/131.0.6778.264 Mobile Safari/537.36 (compatible; Googlebot/2.1; +http://www.google.com/bot.html)"
66.249.68.67 - - [11/Jan/2025:16:47:30 -0500] "GET /static/4530672 HTTP/1.1" 200 68470 "-" "Mozilla/5.0 (Linux; Android 6.0.1; Nexus 5X Build/MMB29P) AppleWebKit/537.36 (KHTML, like Gecko) Chrome/131.0.6778.264 Mobile Safari/537.36 (compatible; Googlebot/2.1; +http://www.google.com/bot.html)"
66.249.68.67 - - [11/Jan/2025:16:47:35 -0500] "GET /goods/519366?keyword=BeBe%E5%8D%83%E9%B3%A5%E6%A0%BC%E5%AD%90%E3%81%AE%E3%83%AF%E3%83%B3%E3%83%94%E3%83%BC%E3%82%B990 HTTP/1.1" 200 69665 "-" "Mozilla/5.0 (Linux; Android 6.0.1; Nexus 5X Build/MMB29P) AppleWebKit/537.36 (KHTML, like Gecko) Chrome/131.0.6778.264 Mobile Safari/537.36 (compatible; Googlebot/2.1; +http://www.google.com/bot.html)"
194.32.122.41 - - [11/Jan/2025:16:46:11 -0500] "POST /register/ HTTP/1.0" 200 76060 "https://misswavenigeria.com/register/" "Mozilla/5.0 (Windows NT 6.1; WOW64) AppleWebKit/537.36 (KHTML, like Gecko) Chrome/103.0.0.0 Safari/537.36"
66.249.68.67 - - [11/Jan/2025:16:47:52 -0500] "GET /static/2648597 HTTP/1.1" 200 68874 "-" "Mozilla/5.0 (Linux; Android 6.0.1; Nexus 5X Build/MMB29P) AppleWebKit/537.36 (KHTML, like Gecko) Chrome/131.0.6778.264 Mobile Safari/537.36 (compatible; Googlebot/2.1; +http://www.google.com/bot.html)"
66.29.132.124 - - [11/Jan/2025:16:47:54 -0500] "POST /wp-cron.php?doing_wp_cron=1736632074.2903409004211425781250 HTTP/1.1" 200 0 "-" "WordPress/6.7.1; https://misswavenigeria.com"
194.32.122.41 - - [11/Jan/2025:16:47:54 -0500] "GET /register/ HTTP/1.0" 200 75934 "https://misswavenigeria.com/" "Mozilla/5.0 (Windows NT 6.1; WOW64) AppleWebKit/537.36 (KHTML, like Gecko) Chrome/103.0.0.0 Safari/537.36"
66.29.132.124 - - [11/Jan/2025:16:47:54 -0500] "POST /wp-admin/admin-ajax.php?action=async_litespeed&nonce=vL84wvzzLgFZsctZPcpn43MinsJheDT0&litespeed_type=imgoptm HTTP/1.1" 200 21 "-" "WordPress/6.7.1; https://misswavenigeria.com"
66.249.68.67 - - [11/Jan/2025:16:47:56 -0500] "GET /static/1975175?keyword=%E3%82%A4%E3%83%B3%E3%83%86%E3%83%AA%E3%82%A2%E5%B0%8F%E7%89%A9 HTTP/1.1" 200 69238 "-" "Mozilla/5.0 (Linux; Android 6.0.1; Nexus 5X Build/MMB29P) AppleWebKit/537.36 (KHTML, like Gecko) Chrome/131.0.6778.264 Mobile Safari/537.36 (compatible; Googlebot/2.1; +http://www.google.com/bot.html)"
66.249.68.67 - - [11/Jan/2025:16:48:10 -0500] "GET /static/413084 HTTP/1.1" 200 68676 "-" "Mozilla/5.0 (Linux; Android 6.0.1; Nexus 5X Build/MMB29P) AppleWebKit/537.36 (KHTML, like Gecko) Chrome/131.0.6778.264 Mobile Safari/537.36 (compatible; Googlebot/2.1; +http://www.google.com/bot.html)"
66.249.68.67 - - [11/Jan/2025:16:48:32 -0500] "GET /goods/128172.html HTTP/1.1" 200 68637 "-" "Mozilla/5.0 (Linux; Android 6.0.1; Nexus 5X Build/MMB29P) AppleWebKit/537.36 (KHTML, like Gecko) Chrome/131.0.6778.264 Mobile Safari/537.36 (compatible; Googlebot/2.1; +http://www.google.com/bot.html)"
66.249.68.67 - - [11/Jan/2025:16:48:50 -0500] "GET /static/69970?keyword=%E3%82%B2%E3%83%BC%E3%83%A0%E3%83%BB%E3%81%8A%E3%82%82%E3%81%A1%E3%82%83%E3%83%BB%E3%82%B0%E3%83%83%E3%82%BA HTTP/1.1" 200 68767 "-" "Mozilla/5.0 (Linux; Android 6.0.1; Nexus 5X Build/MMB29P) AppleWebKit/537.36 (KHTML, like Gecko) Chrome/131.0.6778.264 Mobile Safari/537.36 (compatible; Googlebot/2.1; +http://www.google.com/bot.html)"
66.249.68.69 - - [11/Jan/2025:16:49:05 -0500] "GET /?product=Adder6078275-17?keyword=2025%E5%B9%B411%E6%9C%88%E3%81%BE%E3%81%A7%E3%80%8010%E6%9E%9A%E7%B5%84%E2%98%85%E9%BB%84 HTTP/1.1" 200 73172 "-" "Mozilla/5.0 (Linux; Android 6.0.1; Nexus 5X Build/MMB29P) AppleWebKit/537.36 (KHTML, like Gecko) Chrome/131.0.6778.264 Mobile Safari/537.36 (compatible; Googlebot/2.1; +http://www.google.com/bot.html)"
66.249.68.68 - - [11/Jan/2025:16:49:22 -0500] "GET /static/1968207?keyword=%E8%8A%B1%E3%80%81%E5%9C%92%E8%8A%B8?keyword=%E3%82%A6%E3%83%AB%E3%83%88%E3%83%A9%E3%83%9E%E3%83%B380 HTTP/1.1" 200 70670 "-" "Mozilla/5.0 (Linux; Android 6.0.1; Nexus 5X Build/MMB29P) AppleWebKit/537.36 (KHTML, like Gecko) Chrome/131.0.6778.264 Mobile Safari/537.36 (compatible; Googlebot/2.1; +http://www.google.com/bot.html)"
66.29.132.124 - - [11/Jan/2025:16:49:25 -0500] "POST /wp-cron.php?doing_wp_cron=1736632165.0724759101867675781250 HTTP/1.1" 200 0 "-" "WordPress/6.7.1; https://misswavenigeria.com"
194.32.122.41 - - [11/Jan/2025:16:49:24 -0500] "GET / HTTP/1.0" 200 109067 "https://misswavenigeria.com/" "Mozilla/5.0 (Windows NT 10.0; Win64; x64) AppleWebKit/537.36 (KHTML, like Gecko) Chrome/103.0.5060.134 Safari/537.36"
66.29.132.124 - - [11/Jan/2025:16:49:25 -0500] "POST /wp-admin/admin-ajax.php?action=async_litespeed&nonce=Efs4vFz8G78fYfbZ5B3FHNCN7iCg08Tc&litespeed_type=imgoptm HTTP/1.1" 200 21 "-" "WordPress/6.7.1; https://misswavenigeria.com"
194.32.122.41 - - [11/Jan/2025:16:49:27 -0500] "GET /register/ HTTP/1.0" 200 75934 "https://misswavenigeria.com/register/" "Mozilla/5.0 (Windows NT 10.0; Win64; x64) AppleWebKit/537.36 (KHTML, like Gecko) Chrome/103.0.5060.134 Safari/537.36"
66.249.68.67 - - [11/Jan/2025:16:49:44 -0500] "GET /?product=Adder6078275-17?keyword=%E3%83%81%E3%82%B1%E3%83%83%E3%83%88%E3%80%81%E9%87%91%E5%88%B8%E3%80%81%E5%AE%BF%E6%B3%8A%E4%BA%88%E7%B4%84 HTTP/1.1" 200 69927 "-" "Mozilla/5.0 (Linux; Android 6.0.1; Nexus 5X Build/MMB29P) AppleWebKit/537.36 (KHTML, like Gecko) Chrome/131.0.6778.264 Mobile Safari/537.36 (compatible; Googlebot/2.1; +http://www.google.com/bot.html)"
66.249.68.67 - - [11/Jan/2025:16:49:46 -0500] "GET /static/766751?keyword=%E3%83%87%E3%82%A3%E3%82%BA%E3%83%8B%E3%83%BC%E3%82%BF%E3%82%A4%E3%83%A0?keyword=%E8%A7%92085g%EF%BC%8Fm2 HTTP/1.1" 200 69240 "-" "Mozilla/5.0 (Linux; Android 6.0.1; Nexus 5X Build/MMB29P) AppleWebKit/537.36 (KHTML, like Gecko) Chrome/131.0.6778.264 Mobile Safari/537.36 (compatible; Googlebot/2.1; +http://www.google.com/bot.html)"
66.249.68.67 - - [11/Jan/2025:16:49:48 -0500] "GET /static/438716?keyword=8-Z HTTP/1.1" 200 69190 "-" "Mozilla/5.0 (Linux; Android 6.0.1; Nexus 5X Build/MMB29P) AppleWebKit/537.36 (KHTML, like Gecko) Chrome/131.0.6778.264 Mobile Safari/537.36 (compatible; Googlebot/2.1; +http://www.google.com/bot.html)"
66.249.68.69 - - [11/Jan/2025:16:50:00 -0500] "GET /index.php?keyword=%E4%BF%BA%E3%81%9F%E3%81%A1%E3%83%9E%E3%82%B8%E6%A0%A1%E3%83%87%E3%82%B9%E3%83%88%E3%83%AD%E3%82%A4 HTTP/1.1" 200 67801 "-" "Mozilla/5.0 (Linux; Android 6.0.1; Nexus 5X Build/MMB29P) AppleWebKit/537.36 (KHTML, like Gecko) Chrome/131.0.6778.264 Mobile Safari/537.36 (compatible; Googlebot/2.1; +http://www.google.com/bot.html)"
66.249.68.67 - - [11/Jan/2025:16:50:44 -0500] "GET /goods/2384996?keyword=LADIES HTTP/1.1" 200 68278 "-" "Mozilla/5.0 (Linux; Android 6.0.1; Nexus 5X Build/MMB29P) AppleWebKit/537.36 (KHTML, like Gecko) Chrome/131.0.6778.264 Mobile Safari/537.36 (compatible; Googlebot/2.1; +http://www.google.com/bot.html)"
66.249.68.68 - - [11/Jan/2025:16:50:48 -0500] "GET /goods/451947.html HTTP/1.1" 200 69271 "-" "Mozilla/5.0 (Linux; Android 6.0.1; Nexus 5X Build/MMB29P) AppleWebKit/537.36 (KHTML, like Gecko) Chrome/131.0.6778.264 Mobile Safari/537.36 (compatible; Googlebot/2.1; +http://www.google.com/bot.html)"
66.249.68.67 - - [11/Jan/2025:16:50:51 -0500] "GET /static/4424064 HTTP/1.1" 200 68463 "-" "Mozilla/5.0 (Linux; Android 6.0.1; Nexus 5X Build/MMB29P) AppleWebKit/537.36 (KHTML, like Gecko) Chrome/131.0.6778.264 Mobile Safari/537.36 (compatible; Googlebot/2.1; +http://www.google.com/bot.html)"
66.249.79.3 - - [11/Jan/2025:16:50:55 -0500] "GET /goods/Z994525?k=product HTTP/1.1" 200 68957 "-" "Mozilla/5.0 (Linux; Android 6.0.1; Nexus 5X Build/MMB29P) AppleWebKit/537.36 (KHTML, like Gecko) Chrome/131.0.6778.264 Mobile Safari/537.36 (compatible; Googlebot/2.1; +http://www.google.com/bot.html)"
66.249.68.69 - - [11/Jan/2025:16:51:06 -0500] "GET /static/4321048?keyword=%E5%85%A86%E5%B7%BB%E6%8F%83 HTTP/1.1" 200 70972 "-" "Mozilla/5.0 (Linux; Android 6.0.1; Nexus 5X Build/MMB29P) AppleWebKit/537.36 (KHTML, like Gecko) Chrome/131.0.6778.264 Mobile Safari/537.36 (compatible; Googlebot/2.1; +http://www.google.com/bot.html)"
66.249.79.2 - - [11/Jan/2025:16:51:09 -0500] "GET /goods/F555703?k=product HTTP/1.1" 200 69069 "-" "Mozilla/5.0 (Linux; Android 6.0.1; Nexus 5X Build/MMB29P) AppleWebKit/537.36 (KHTML, like Gecko) Chrome/131.0.6778.264 Mobile Safari/537.36 (compatible; Googlebot/2.1; +http://www.google.com/bot.html)"
194.32.122.41 - - [11/Jan/2025:16:49:29 -0500] "POST /register/ HTTP/1.0" 200 76060 "https://misswavenigeria.com/register/" "Mozilla/5.0 (Windows NT 10.0; Win64; x64) AppleWebKit/537.36 (KHTML, like Gecko) Chrome/103.0.5060.134 Safari/537.36"
66.29.132.124 - - [11/Jan/2025:16:51:15 -0500] "POST /wp-cron.php?doing_wp_cron=1736632275.1541090011596679687500 HTTP/1.1" 200 0 "-" "WordPress/6.7.1; https://misswavenigeria.com"
194.32.122.41 - - [11/Jan/2025:16:51:14 -0500] "GET /register/ HTTP/1.0" 200 75934 "https://misswavenigeria.com/" "Mozilla/5.0 (Windows NT 10.0; Win64; x64) AppleWebKit/537.36 (KHTML, like Gecko) Chrome/103.0.5060.134 Safari/537.36"
66.29.132.124 - - [11/Jan/2025:16:51:15 -0500] "POST /wp-admin/admin-ajax.php?action=async_litespeed&nonce=foyJNIGw3xrfcd0QM7wNvLDeN0butIs5&litespeed_type=imgoptm HTTP/1.1" 200 21 "-" "WordPress/6.7.1; https://misswavenigeria.com"
66.249.68.67 - - [11/Jan/2025:16:51:17 -0500] "GET /?product=Adder6078275-17?keyword=%E4%B9%97%E8%BB%8A%E5%88%B8%E3%80%81%E4%BA%A4%E9%80%9A%E5%88%B8 HTTP/1.1" 200 69341 "-" "Mozilla/5.0 (Linux; Android 6.0.1; Nexus 5X Build/MMB29P) AppleWebKit/537.36 (KHTML, like Gecko) Chrome/131.0.6778.264 Mobile Safari/537.36 (compatible; Googlebot/2.1; +http://www.google.com/bot.html)"
66.249.68.68 - - [11/Jan/2025:16:51:21 -0500] "GET /goods/4369009?keyword=/?keyword=2way HTTP/1.1" 200 69563 "-" "Mozilla/5.0 (Linux; Android 6.0.1; Nexus 5X Build/MMB29P) AppleWebKit/537.36 (KHTML, like Gecko) Chrome/131.0.6778.264 Mobile Safari/537.36 (compatible; Googlebot/2.1; +http://www.google.com/bot.html)"
66.249.68.67 - - [11/Jan/2025:16:51:25 -0500] "GET /goods/4780034?keyword=%E3%82%B9%E3%83%9D%E3%83%BC%E3%83%84%E5%88%A5?keyword=Panasonic HTTP/1.1" 200 68546 "-" "Mozilla/5.0 (Linux; Android 6.0.1; Nexus 5X Build/MMB29P) AppleWebKit/537.36 (KHTML, like Gecko) Chrome/131.0.6778.264 Mobile Safari/537.36 (compatible; Googlebot/2.1; +http://www.google.com/bot.html)"
66.249.68.67 - - [11/Jan/2025:16:51:54 -0500] "GET /index.php?keyword=%E6%9C%AC%E3%83%BB%E9%9B%91%E8%AA%8C%E3%83%BB%E6%BC%AB%E7%94%BB HTTP/1.1" 200 69989 "-" "Mozilla/5.0 (Linux; Android 6.0.1; Nexus 5X Build/MMB29P) AppleWebKit/537.36 (KHTML, like Gecko) Chrome/131.0.6778.264 Mobile Safari/537.36 (compatible; Googlebot/2.1; +http://www.google.com/bot.html)"
66.249.68.67 - - [11/Jan/2025:16:52:09 -0500] "GET /goods/4780034?keyword=%E3%82%B9%E3%83%9D%E3%83%BC%E3%83%84%E5%88%A5?keyword=BD/HDD%E3%83%AC%E3%82%B3%E3%83%BC%E3%83%80%E3%83%BC HTTP/1.1" 200 70413 "-" "Mozilla/5.0 (Linux; Android 6.0.1; Nexus 5X Build/MMB29P) AppleWebKit/537.36 (KHTML, like Gecko) Chrome/131.0.6778.264 Mobile Safari/537.36 (compatible; Googlebot/2.1; +http://www.google.com/bot.html)"
66.249.68.67 - - [11/Jan/2025:16:52:28 -0500] "GET /index.php?keyword=1 HTTP/1.1" 200 67249 "-" "Mozilla/5.0 (Linux; Android 6.0.1; Nexus 5X Build/MMB29P) AppleWebKit/537.36 (KHTML, like Gecko) Chrome/131.0.6778.264 Mobile Safari/537.36 (compatible; Googlebot/2.1; +http://www.google.com/bot.html)"
66.249.68.67 - - [11/Jan/2025:16:52:37 -0500] "GET /goods/4780034?keyword=%E3%82%B9%E3%83%9D%E3%83%BC%E3%83%84%E5%88%A5?keyword=%E3%83%91%E3%83%8A%E3%82%BD%E3%83%8B%E3%83%83%E3%82%AF HTTP/1.1" 200 68591 "-" "Mozilla/5.0 (Linux; Android 6.0.1; Nexus 5X Build/MMB29P) AppleWebKit/537.36 (KHTML, like Gecko) Chrome/131.0.6778.264 Mobile Safari/537.36 (compatible; Googlebot/2.1; +http://www.google.com/bot.html)"
66.29.132.124 - - [11/Jan/2025:16:52:42 -0500] "POST /wp-cron.php?doing_wp_cron=1736632362.1414959430694580078125 HTTP/1.1" 200 0 "-" "WordPress/6.7.1; https://misswavenigeria.com"
194.32.122.41 - - [11/Jan/2025:16:52:41 -0500] "GET / HTTP/1.0" 200 109065 "https://misswavenigeria.com/" "Mozilla/5.0 (Windows NT 6.3; Win64; x64) AppleWebKit/537.36 (KHTML, like Gecko) Chrome/103.0.5060.53 Safari/537.36"
66.29.132.124 - - [11/Jan/2025:16:52:42 -0500] "POST /wp-admin/admin-ajax.php?action=async_litespeed&nonce=Xi0nNVLKZOSaEKVNhpTMfpduhelnJKcn&litespeed_type=imgoptm HTTP/1.1" 200 21 "-" "WordPress/6.7.1; https://misswavenigeria.com"
194.32.122.41 - - [11/Jan/2025:16:52:44 -0500] "GET /register/ HTTP/1.0" 200 75934 "https://misswavenigeria.com/register/" "Mozilla/5.0 (Windows NT 6.3; Win64; x64) AppleWebKit/537.36 (KHTML, like Gecko) Chrome/103.0.5060.53 Safari/537.36"
66.249.68.67 - - [11/Jan/2025:16:52:44 -0500] "GET /index.php?keyword=%E6%BC%AB%E7%94%BB HTTP/1.1" 200 68276 "-" "Mozilla/5.0 (Linux; Android 6.0.1; Nexus 5X Build/MMB29P) AppleWebKit/537.36 (KHTML, like Gecko) Chrome/131.0.6778.264 Mobile Safari/537.36 (compatible; Googlebot/2.1; +http://www.google.com/bot.html)"
66.249.68.67 - - [11/Jan/2025:16:52:46 -0500] "GET /static/2953708?keyword=%E7%94%9F%E6%B4%BB%E5%AE%B6%E9%9B%BB HTTP/1.1" 200 71319 "-" "Mozilla/5.0 (Linux; Android 6.0.1; Nexus 5X Build/MMB29P) AppleWebKit/537.36 (KHTML, like Gecko) Chrome/131.0.6778.264 Mobile Safari/537.36 (compatible; Googlebot/2.1; +http://www.google.com/bot.html)"
66.249.68.68 - - [11/Jan/2025:16:53:10 -0500] "GET /shop/brand=586995 HTTP/1.1" 200 69086 "-" "Mozilla/5.0 (Linux; Android 6.0.1; Nexus 5X Build/MMB29P) AppleWebKit/537.36 (KHTML, like Gecko) Chrome/131.0.6778.264 Mobile Safari/537.36 (compatible; Googlebot/2.1; +http://www.google.com/bot.html)"
66.249.68.69 - - [11/Jan/2025:16:53:12 -0500] "GET /static/69970?keyword=%E3%83%9D%E3%82%B1%E3%83%A2%E3%83%B3%E3%82%AB%E3%83%BC%E3%83%89 HTTP/1.1" 200 72139 "-" "Mozilla/5.0 (Linux; Android 6.0.1; Nexus 5X Build/MMB29P) AppleWebKit/537.36 (KHTML, like Gecko) Chrome/131.0.6778.264 Mobile Safari/537.36 (compatible; Googlebot/2.1; +http://www.google.com/bot.html)"
66.249.68.68 - - [11/Jan/2025:16:53:23 -0500] "GET /goods/1512128 HTTP/1.1" 200 68107 "-" "Mozilla/5.0 (Linux; Android 6.0.1; Nexus 5X Build/MMB29P) AppleWebKit/537.36 (KHTML, like Gecko) Chrome/131.0.6778.264 Mobile Safari/537.36 (compatible; Googlebot/2.1; +http://www.google.com/bot.html)"
66.249.68.67 - - [11/Jan/2025:16:53:31 -0500] "GET /static/69970?keyword=%E9%99%90%E5%AE%9A HTTP/1.1" 200 71504 "-" "Mozilla/5.0 (Linux; Android 6.0.1; Nexus 5X Build/MMB29P) AppleWebKit/537.36 (KHTML, like Gecko) Chrome/131.0.6778.264 Mobile Safari/537.36 (compatible; Googlebot/2.1; +http://www.google.com/bot.html)"
66.249.68.67 - - [11/Jan/2025:16:53:38 -0500] "GET /goods/597498 HTTP/1.1" 200 69005 "-" "Mozilla/5.0 (Linux; Android 6.0.1; Nexus 5X Build/MMB29P) AppleWebKit/537.36 (KHTML, like Gecko) Chrome/131.0.6778.264 Mobile Safari/537.36 (compatible; Googlebot/2.1; +http://www.google.com/bot.html)"
66.249.68.68 - - [11/Jan/2025:16:53:43 -0500] "GET /goods/3453328?keyword=%E3%83%9B%E3%83%93%E3%83%BC%E3%80%81%E3%82%AB%E3%83%AB%E3%83%81%E3%83%A3%E3%83%BC?keyword=%E3%83%96%E3%83%A9%E3%83%83%E3%82%AF%E3%83%80%E3%82%A6%E3%83%B3%E3%82%B8%E3%83%A3%E3%82%B1%E3%83%83%E3%83%88 HTTP/1.1" 200 68854 "-" "Mozilla/5.0 (Linux; Android 6.0.1; Nexus 5X Build/MMB29P) AppleWebKit/537.36 (KHTML, like Gecko) Chrome/131.0.6778.264 Mobile Safari/537.36 (compatible; Googlebot/2.1; +http://www.google.com/bot.html)"
66.249.68.68 - - [11/Jan/2025:16:53:47 -0500] "GET /static/3706232 HTTP/1.1" 200 68843 "-" "Mozilla/5.0 (Linux; Android 6.0.1; Nexus 5X Build/MMB29P) AppleWebKit/537.36 (KHTML, like Gecko) Chrome/131.0.6778.264 Mobile Safari/537.36 (compatible; Googlebot/2.1; +http://www.google.com/bot.html)"
66.249.68.68 - - [11/Jan/2025:16:53:55 -0500] "GET /static/4250664 HTTP/1.1" 200 70025 "-" "Mozilla/5.0 (Linux; Android 6.0.1; Nexus 5X Build/MMB29P) AppleWebKit/537.36 (KHTML, like Gecko) Chrome/131.0.6778.264 Mobile Safari/537.36 (compatible; Googlebot/2.1; +http://www.google.com/bot.html)"
66.249.68.67 - - [11/Jan/2025:16:53:57 -0500] "GET /goods/3962711?keyword=%E3%82%AA%E3%83%BC%E3%83%87%E3%82%A3%E3%82%AA%E6%A9%9F%E5%99%A8 HTTP/1.1" 200 68476 "-" "Mozilla/5.0 (Linux; Android 6.0.1; Nexus 5X Build/MMB29P) AppleWebKit/537.36 (KHTML, like Gecko) Chrome/131.0.6778.264 Mobile Safari/537.36 (compatible; Googlebot/2.1; +http://www.google.com/bot.html)"
66.249.68.67 - - [11/Jan/2025:16:54:05 -0500] "GET /static/4274916 HTTP/1.1" 200 69130 "-" "Mozilla/5.0 (Linux; Android 6.0.1; Nexus 5X Build/MMB29P) AppleWebKit/537.36 (KHTML, like Gecko) Chrome/131.0.6778.264 Mobile Safari/537.36 (compatible; Googlebot/2.1; +http://www.google.com/bot.html)"
66.249.68.68 - - [11/Jan/2025:16:54:18 -0500] "GET /static/69970?keyword=%E3%82%B9%E3%83%9A%E3%82%B7%E3%83%A3%E3%83%AB%E3%83%9C%E3%83%83%E3%82%AF%E3%82%B9 HTTP/1.1" 200 70823 "-" "Mozilla/5.0 (Linux; Android 6.0.1; Nexus 5X Build/MMB29P) AppleWebKit/537.36 (KHTML, like Gecko) Chrome/131.0.6778.264 Mobile Safari/537.36 (compatible; Googlebot/2.1; +http://www.google.com/bot.html)"
194.32.122.41 - - [11/Jan/2025:16:52:46 -0500] "POST /register/ HTTP/1.0" 200 76060 "https://misswavenigeria.com/register/" "Mozilla/5.0 (Windows NT 6.3; Win64; x64) AppleWebKit/537.36 (KHTML, like Gecko) Chrome/103.0.5060.53 Safari/537.36"
66.29.132.124 - - [11/Jan/2025:16:54:26 -0500] "POST /wp-cron.php?doing_wp_cron=1736632466.4590299129486083984375 HTTP/1.1" 200 0 "-" "WordPress/6.7.1; https://misswavenigeria.com"
194.32.122.41 - - [11/Jan/2025:16:54:26 -0500] "GET /register/ HTTP/1.0" 200 75934 "https://misswavenigeria.com/" "Mozilla/5.0 (Windows NT 6.3; Win64; x64) AppleWebKit/537.36 (KHTML, like Gecko) Chrome/103.0.5060.53 Safari/537.36"
66.249.68.67 - - [11/Jan/2025:16:54:25 -0500] "GET /static/3575311 HTTP/1.1" 200 69018 "-" "Mozilla/5.0 (Linux; Android 6.0.1; Nexus 5X Build/MMB29P) AppleWebKit/537.36 (KHTML, like Gecko) Chrome/131.0.6778.264 Mobile Safari/537.36 (compatible; Googlebot/2.1; +http://www.google.com/bot.html)"
66.29.132.124 - - [11/Jan/2025:16:54:26 -0500] "POST /wp-admin/admin-ajax.php?action=async_litespeed&nonce=a24F5whhSwqZ6jyNwnJnmXCdWClFy6K5&litespeed_type=imgoptm HTTP/1.1" 200 21 "-" "WordPress/6.7.1; https://misswavenigeria.com"
66.249.68.67 - - [11/Jan/2025:16:54:34 -0500] "GET /goods/3962711?keyword=SWR35 HTTP/1.1" 200 96627 "-" "Mozilla/5.0 (Linux; Android 6.0.1; Nexus 5X Build/MMB29P) AppleWebKit/537.36 (KHTML, like Gecko) Chrome/131.0.6778.264 Mobile Safari/537.36 (compatible; Googlebot/2.1; +http://www.google.com/bot.html)"
66.249.68.67 - - [11/Jan/2025:16:54:42 -0500] "GET /static/1731200 HTTP/1.1" 200 73346 "-" "Mozilla/5.0 (Linux; Android 6.0.1; Nexus 5X Build/MMB29P) AppleWebKit/537.36 (KHTML, like Gecko) Chrome/131.0.6778.264 Mobile Safari/537.36 (compatible; Googlebot/2.1; +http://www.google.com/bot.html)"
66.249.68.68 - - [11/Jan/2025:16:54:45 -0500] "GET /static/2808615?keyword=%E3%83%95%E3%82%A3%E3%82%AE%E3%83%A5%E3%82%A2 HTTP/1.1" 200 70055 "-" "Mozilla/5.0 (Linux; Android 6.0.1; Nexus 5X Build/MMB29P) AppleWebKit/537.36 (KHTML, like Gecko) Chrome/131.0.6778.264 Mobile Safari/537.36 (compatible; Googlebot/2.1; +http://www.google.com/bot.html)"
66.249.68.67 - - [11/Jan/2025:16:54:56 -0500] "GET /static/3195825 HTTP/1.1" 200 69563 "-" "Mozilla/5.0 (Linux; Android 6.0.1; Nexus 5X Build/MMB29P) AppleWebKit/537.36 (KHTML, like Gecko) Chrome/131.0.6778.264 Mobile Safari/537.36 (compatible; Googlebot/2.1; +http://www.google.com/bot.html)"
66.249.68.68 - - [11/Jan/2025:16:55:06 -0500] "GET /static/430968 HTTP/1.1" 200 69119 "-" "Mozilla/5.0 (Linux; Android 6.0.1; Nexus 5X Build/MMB29P) AppleWebKit/537.36 (KHTML, like Gecko) Chrome/131.0.6778.264 Mobile Safari/537.36 (compatible; Googlebot/2.1; +http://www.google.com/bot.html)"
66.249.68.67 - - [11/Jan/2025:16:55:08 -0500] "GET /goods/1051798?keyword=%E3%83%95%E3%82%A1%E3%83%83%E3%82%B7%E3%83%A7%E3%83%B3?keyword=%E3%81%9D%E3%81%AE%E4%BB%96 HTTP/1.1" 200 69549 "-" "Mozilla/5.0 (Linux; Android 6.0.1; Nexus 5X Build/MMB29P) AppleWebKit/537.36 (KHTML, like Gecko) Chrome/131.0.6778.264 Mobile Safari/537.36 (compatible; Googlebot/2.1; +http://www.google.com/bot.html)"
66.249.68.68 - - [11/Jan/2025:16:55:16 -0500] "GET /static/2768126 HTTP/1.1" 200 70096 "-" "Mozilla/5.0 (Linux; Android 6.0.1; Nexus 5X Build/MMB29P) AppleWebKit/537.36 (KHTML, like Gecko) Chrome/131.0.6778.264 Mobile Safari/537.36 (compatible; Googlebot/2.1; +http://www.google.com/bot.html)"
66.249.68.67 - - [11/Jan/2025:16:55:19 -0500] "GET /goods/4780034?keyword=%E3%83%8F%E3%82%A4%E3%83%96%E3%83%AA%E3%83%83%E3%83%89?keyword=10%E5%80%8B%E3%82%BB%E3%83%83%E3%83%88%E3%82%B5%E3%83%B3%E3%83%AF%E3%82%B5%E3%83%97%E3%83%A9%E3%82%A4 HTTP/1.1" 200 67995 "-" "Mozilla/5.0 (Linux; Android 6.0.1; Nexus 5X Build/MMB29P) AppleWebKit/537.36 (KHTML, like Gecko) Chrome/131.0.6778.264 Mobile Safari/537.36 (compatible; Googlebot/2.1; +http://www.google.com/bot.html)"
66.249.68.67 - - [11/Jan/2025:16:55:28 -0500] "GET /static/3383054 HTTP/1.1" 200 69626 "-" "Mozilla/5.0 (Linux; Android 6.0.1; Nexus 5X Build/MMB29P) AppleWebKit/537.36 (KHTML, like Gecko) Chrome/131.0.6778.264 Mobile Safari/537.36 (compatible; Googlebot/2.1; +http://www.google.com/bot.html)"
66.249.68.67 - - [11/Jan/2025:16:55:30 -0500] "GET /static/4321048?keyword=%E6%96%87%E5%AD%A6%E3%80%81%E5%B0%8F%E8%AA%AC HTTP/1.1" 200 69695 "-" "Mozilla/5.0 (Linux; Android 6.0.1; Nexus 5X Build/MMB29P) AppleWebKit/537.36 (KHTML, like Gecko) Chrome/131.0.6778.264 Mobile Safari/537.36 (compatible; Googlebot/2.1; +http://www.google.com/bot.html)"
66.249.68.68 - - [11/Jan/2025:16:55:38 -0500] "GET /goods/208043 HTTP/1.1" 200 70794 "-" "Mozilla/5.0 (Linux; Android 6.0.1; Nexus 5X Build/MMB29P) AppleWebKit/537.36 (KHTML, like Gecko) Chrome/131.0.6778.264 Mobile Safari/537.36 (compatible; Googlebot/2.1; +http://www.google.com/bot.html)"
66.249.68.67 - - [11/Jan/2025:16:55:41 -0500] "GET /goods/4369009?keyword=%E6%A5%AD%E5%8B%99%E7%94%A8%E5%86%B7%E8%94%B5%E5%BA%AB?keyword=%E2%91%A2%E7%BE%8E%E5%93%81%EF%BC%81YONEX%E3%80%80%E3%82%AB%E3%83%BC%E3%83%9C%E3%83%8D%E3%83%83%E3%82%AF%E3%82%B920%E3%80%80%E3%83%9B%E3%83%AF%E3%82%A4%E3%83%88 HTTP/1.1" 200 72269 "-" "Mozilla/5.0 (Linux; Android 6.0.1; Nexus 5X Build/MMB29P) AppleWebKit/537.36 (KHTML, like Gecko) Chrome/131.0.6778.264 Mobile Safari/537.36 (compatible; Googlebot/2.1; +http://www.google.com/bot.html)"
66.249.68.67 - - [11/Jan/2025:16:55:52 -0500] "GET /static/3436651 HTTP/1.1" 200 70413 "-" "Mozilla/5.0 (Linux; Android 6.0.1; Nexus 5X Build/MMB29P) AppleWebKit/537.36 (KHTML, like Gecko) Chrome/131.0.6778.264 Mobile Safari/537.36 (compatible; Googlebot/2.1; +http://www.google.com/bot.html)"
66.249.68.67 - - [11/Jan/2025:16:55:57 -0500] "GET /goods/4780034?keyword=%E3%83%8F%E3%82%A4%E3%83%96%E3%83%AA%E3%83%83%E3%83%89?keyword=%E3%83%91%E3%83%BC%E3%83%84 HTTP/1.1" 200 69874 "-" "Mozilla/5.0 (Linux; Android 6.0.1; Nexus 5X Build/MMB29P) AppleWebKit/537.36 (KHTML, like Gecko) Chrome/131.0.6778.264 Mobile Safari/537.36 (compatible; Googlebot/2.1; +http://www.google.com/bot.html)"
66.29.132.124 - - [11/Jan/2025:16:55:59 -0500] "POST /wp-cron.php?doing_wp_cron=1736632559.4075529575347900390625 HTTP/1.1" 200 0 "-" "WordPress/6.7.1; https://misswavenigeria.com"
194.32.122.41 - - [11/Jan/2025:16:55:59 -0500] "GET / HTTP/1.0" 200 109063 "https://misswavenigeria.com/" "Mozilla/5.0 (Windows NT 10.0; WOW64) AppleWebKit/537.36 (KHTML, like Gecko) Chrome/103.0.0.0 Safari/537.36"
66.29.132.124 - - [11/Jan/2025:16:55:59 -0500] "POST /wp-admin/admin-ajax.php?action=async_litespeed&nonce=KoFTWqQNPKLQq3P1DsCyzSSMAwO4eP80&litespeed_type=imgoptm HTTP/1.1" 200 21 "-" "WordPress/6.7.1; https://misswavenigeria.com"
194.32.122.41 - - [11/Jan/2025:16:56:01 -0500] "GET /register/ HTTP/1.0" 200 75934 "https://misswavenigeria.com/register/" "Mozilla/5.0 (Windows NT 10.0; WOW64) AppleWebKit/537.36 (KHTML, like Gecko) Chrome/103.0.0.0 Safari/537.36"
66.249.68.67 - - [11/Jan/2025:16:56:04 -0500] "GET /goods/865244.html?keyword=M42228?keyword=%E3%83%88%E3%83%A9%E3%82%A4 HTTP/1.1" 200 68179 "-" "Mozilla/5.0 (Linux; Android 6.0.1; Nexus 5X Build/MMB29P) AppleWebKit/537.36 (KHTML, like Gecko) Chrome/131.0.6778.264 Mobile Safari/537.36 (compatible; Googlebot/2.1; +http://www.google.com/bot.html)"
66.249.68.67 - - [11/Jan/2025:16:56:12 -0500] "GET /goods/4369009?keyword=%E5%BA%97%E8%88%97%E6%A9%9F%E5%99%A8?keyword=%E3%83%8F%E3%83%B3%E3%83%89%E3%83%91%E3%83%AC%E3%83%83%E3%83%88 HTTP/1.1" 200 67877 "-" "Mozilla/5.0 (Linux; Android 6.0.1; Nexus 5X Build/MMB29P) AppleWebKit/537.36 (KHTML, like Gecko) Chrome/131.0.6778.264 Mobile Safari/537.36 (compatible; Googlebot/2.1; +http://www.google.com/bot.html)"
66.249.68.67 - - [11/Jan/2025:16:56:19 -0500] "GET /static/4166240 HTTP/1.1" 200 72213 "-" "Mozilla/5.0 (Linux; Android 6.0.1; Nexus 5X Build/MMB29P) AppleWebKit/537.36 (KHTML, like Gecko) Chrome/131.0.6778.264 Mobile Safari/537.36 (compatible; Googlebot/2.1; +http://www.google.com/bot.html)"
66.249.68.67 - - [11/Jan/2025:16:56:24 -0500] "GET /goods/1051798?keyword=%E5%BE%A9%E5%88%BB30%27s?keyword=%E3%82%AF%E3%83%AA%E3%82%A2%E3%83%BC%E3%82%B8%E3%83%A5 HTTP/1.1" 200 69468 "-" "Mozilla/5.0 (Linux; Android 6.0.1; Nexus 5X Build/MMB29P) AppleWebKit/537.36 (KHTML, like Gecko) Chrome/131.0.6778.264 Mobile Safari/537.36 (compatible; Googlebot/2.1; +http://www.google.com/bot.html)"
66.249.68.67 - - [11/Jan/2025:16:56:36 -0500] "GET /goods/777652 HTTP/1.1" 200 68918 "-" "Mozilla/5.0 (Linux; Android 6.0.1; Nexus 5X Build/MMB29P) AppleWebKit/537.36 (KHTML, like Gecko) Chrome/131.0.6778.264 Mobile Safari/537.36 (compatible; Googlebot/2.1; +http://www.google.com/bot.html)"
