194.32.122.41 - - [11/Jan/2025:14:53:07 -0500] "GET /register/ HTTP/1.0" 200 75934 "https://misswavenigeria.com/register/" "Mozilla/5.0 (Windows NT 10.0; Win64; x64) AppleWebKit/537.36 (KHTML, like Gecko) Chrome/103.0.0.0 Safari/537.36"
66.29.132.124 - - [11/Jan/2025:14:53:09 -0500] "POST /wp-cron.php?doing_wp_cron=1736625189.9327120780944824218750 HTTP/1.1" 200 0 "-" "WordPress/6.7.1; https://misswavenigeria.com"
66.29.132.124 - - [11/Jan/2025:14:53:10 -0500] "POST /wp-admin/admin-ajax.php?action=async_litespeed&nonce=BQaVTwj8DzqSftqDjqi2zmLKHtshbQ1O&litespeed_type=imgoptm HTTP/1.1" 200 21 "-" "WordPress/6.7.1; https://misswavenigeria.com"
66.249.68.69 - - [11/Jan/2025:14:53:36 -0500] "GET /static/4154573?keyword=%E4%BD%8F%E3%81%BE%E3%81%84%E3%80%81%E3%82%A4%E3%83%B3%E3%83%86%E3%83%AA%E3%82%A2 HTTP/1.1" 200 75112 "-" "Mozilla/5.0 (Linux; Android 6.0.1; Nexus 5X Build/MMB29P) AppleWebKit/537.36 (KHTML, like Gecko) Chrome/131.0.6778.264 Mobile Safari/537.36 (compatible; Googlebot/2.1; +http://www.google.com/bot.html)"
66.249.68.67 - - [11/Jan/2025:14:53:57 -0500] "GET /static/2312052 HTTP/1.1" 200 71391 "-" "Mozilla/5.0 (Linux; Android 6.0.1; Nexus 5X Build/MMB29P) AppleWebKit/537.36 (KHTML, like Gecko) Chrome/131.0.6778.264 Mobile Safari/537.36 (compatible; Googlebot/2.1; +http://www.google.com/bot.html)"
66.249.68.68 - - [11/Jan/2025:14:54:03 -0500] "GET /static/1314886 HTTP/1.1" 200 67686 "-" "Mozilla/5.0 (Linux; Android 6.0.1; Nexus 5X Build/MMB29P) AppleWebKit/537.36 (KHTML, like Gecko) Chrome/131.0.6778.264 Mobile Safari/537.36 (compatible; Googlebot/2.1; +http://www.google.com/bot.html)"
66.249.68.67 - - [11/Jan/2025:14:54:18 -0500] "GET /static/4154573?keyword=%E6%BB%9D HTTP/1.1" 200 70438 "-" "Mozilla/5.0 (Linux; Android 6.0.1; Nexus 5X Build/MMB29P) AppleWebKit/537.36 (KHTML, like Gecko) Chrome/131.0.6778.264 Mobile Safari/537.36 (compatible; Googlebot/2.1; +http://www.google.com/bot.html)"
66.249.68.67 - - [11/Jan/2025:14:54:36 -0500] "GET /static/4154573?keyword=%E5%BA%8A HTTP/1.1" 200 70364 "-" "Mozilla/5.0 (Linux; Android 6.0.1; Nexus 5X Build/MMB29P) AppleWebKit/537.36 (KHTML, like Gecko) Chrome/131.0.6778.264 Mobile Safari/537.36 (compatible; Googlebot/2.1; +http://www.google.com/bot.html)"
66.249.68.67 - - [11/Jan/2025:14:54:47 -0500] "GET /static/1428977 HTTP/1.1" 200 69429 "-" "Mozilla/5.0 (Linux; Android 6.0.1; Nexus 5X Build/MMB29P) AppleWebKit/537.36 (KHTML, like Gecko) Chrome/131.0.6778.264 Mobile Safari/537.36 (compatible; Googlebot/2.1; +http://www.google.com/bot.html)"
194.32.122.41 - - [11/Jan/2025:14:53:09 -0500] "POST /register/ HTTP/1.0" 200 76060 "https://misswavenigeria.com/register/" "Mozilla/5.0 (Windows NT 10.0; Win64; x64) AppleWebKit/537.36 (KHTML, like Gecko) Chrome/103.0.0.0 Safari/537.36"
66.29.132.124 - - [11/Jan/2025:14:55:07 -0500] "POST /wp-cron.php?doing_wp_cron=1736625306.5134470462799072265625 HTTP/1.1" 200 0 "-" "WordPress/6.7.1; https://misswavenigeria.com"
194.32.122.41 - - [11/Jan/2025:14:55:05 -0500] "GET /register/ HTTP/1.0" 200 75934 "https://misswavenigeria.com/" "Mozilla/5.0 (Windows NT 10.0; Win64; x64) AppleWebKit/537.36 (KHTML, like Gecko) Chrome/103.0.0.0 Safari/537.36"
66.29.132.124 - - [11/Jan/2025:14:55:08 -0500] "POST /wp-admin/admin-ajax.php?action=async_litespeed&nonce=lQRUupuLOJ4HpXj8M4PhoQiJhvR5btND&litespeed_type=imgoptm HTTP/1.1" 200 0 "-" "WordPress/6.7.1; https://misswavenigeria.com"
66.249.68.67 - - [11/Jan/2025:14:55:27 -0500] "GET /static/2701709?keyword=%E4%BA%8B%E5%8B%99%E3%80%81%E5%BA%97%E8%88%97%E7%94%A8%E5%93%81?keyword=%E3%83%A1%E3%83%B3%E3%82%BA HTTP/1.1" 200 68935 "-" "Mozilla/5.0 (Linux; Android 6.0.1; Nexus 5X Build/MMB29P) AppleWebKit/537.36 (KHTML, like Gecko) Chrome/131.0.6778.264 Mobile Safari/537.36 (compatible; Googlebot/2.1; +http://www.google.com/bot.html)"
66.249.68.68 - - [11/Jan/2025:14:55:41 -0500] "GET /goods/4647997?keyword=%E7%94%9F%E6%B4%BB%E5%AE%B6%E9%9B%BB%E3%83%BB%E7%A9%BA%E8%AA%BF HTTP/1.1" 200 72367 "-" "Mozilla/5.0 (Linux; Android 6.0.1; Nexus 5X Build/MMB29P) AppleWebKit/537.36 (KHTML, like Gecko) Chrome/131.0.6778.264 Mobile Safari/537.36 (compatible; Googlebot/2.1; +http://www.google.com/bot.html)"
66.249.68.67 - - [11/Jan/2025:14:55:44 -0500] "GET /static/2469910 HTTP/1.1" 200 68751 "-" "Mozilla/5.0 (Linux; Android 6.0.1; Nexus 5X Build/MMB29P) AppleWebKit/537.36 (KHTML, like Gecko) Chrome/131.0.6778.264 Mobile Safari/537.36 (compatible; Googlebot/2.1; +http://www.google.com/bot.html)"
66.29.132.124 - - [11/Jan/2025:14:56:18 -0500] "POST /wp-cron.php?doing_wp_cron=1736625378.6092240810394287109375 HTTP/1.1" 200 0 "-" "WordPress/6.7.1; https://misswavenigeria.com"
194.32.122.41 - - [11/Jan/2025:14:56:18 -0500] "GET / HTTP/1.0" 200 109065 "https://misswavenigeria.com/" "Mozilla/5.0 (Windows NT 6.1; Win64; x64) AppleWebKit/537.36 (KHTML, like Gecko) Chrome/103.0.5060.114 Safari/537.36"
66.29.132.124 - - [11/Jan/2025:14:56:18 -0500] "POST /wp-admin/admin-ajax.php?action=async_litespeed&nonce=dvCyBLVcX5jpBmlkBEYewjUeyHjNxWLG&litespeed_type=imgoptm HTTP/1.1" 200 21 "-" "WordPress/6.7.1; https://misswavenigeria.com"
194.32.122.41 - - [11/Jan/2025:14:56:21 -0500] "GET /register/ HTTP/1.0" 200 75934 "https://misswavenigeria.com/register/" "Mozilla/5.0 (Windows NT 6.1; Win64; x64) AppleWebKit/537.36 (KHTML, like Gecko) Chrome/103.0.5060.114 Safari/537.36"
66.249.68.68 - - [11/Jan/2025:14:56:33 -0500] "GET /static/2701709?keyword=%E4%BA%8B%E5%8B%99%E3%80%81%E5%BA%97%E8%88%97%E7%94%A8%E5%93%81?keyword=%E6%96%B0%E5%93%81%E6%9C%AA%E4%BD%BF%E7%94%A8%E3%82%BF%E3%82%B0%E4%BB%98%E3%81%8D%E3%80%80%E3%83%8B%E3%83%A5%E3%83%BC%E3%82%A8%E3%83%A9%E3%80%80%E3%83%A8%E3%82%A6%E3%82%B8%E3%83%A4%E3%83%9E%E3%83%A2%E3%83%88%E3%80%80%E3%82%B3%E3%83%A9%E3%83%9C%E3%80%80%E5%88%A5%E6%B3%A8%E3%80%80%E3%82%AD%E3%83%A3%E3%83%83%E3%83%97%E3%80%8059 HTTP/1.1" 200 68267 "-" "Mozilla/5.0 (Linux; Android 6.0.1; Nexus 5X Build/MMB29P) AppleWebKit/537.36 (KHTML, like Gecko) Chrome/131.0.6778.264 Mobile Safari/537.36 (compatible; Googlebot/2.1; +http://www.google.com/bot.html)"
66.249.68.68 - - [11/Jan/2025:14:56:58 -0500] "GET /static/356746 HTTP/1.1" 200 68136 "-" "Mozilla/5.0 (Linux; Android 6.0.1; Nexus 5X Build/MMB29P) AppleWebKit/537.36 (KHTML, like Gecko) Chrome/131.0.6778.264 Mobile Safari/537.36 (compatible; Googlebot/2.1; +http://www.google.com/bot.html)"
66.249.68.67 - - [11/Jan/2025:14:57:42 -0500] "GET /static/4154573?keyword=%E5%92%8C%E3%83%A2%E3%83%80%E3%83%B3 HTTP/1.1" 200 68676 "-" "Mozilla/5.0 (Linux; Android 6.0.1; Nexus 5X Build/MMB29P) AppleWebKit/537.36 (KHTML, like Gecko) Chrome/131.0.6778.264 Mobile Safari/537.36 (compatible; Googlebot/2.1; +http://www.google.com/bot.html)"
66.249.68.67 - - [11/Jan/2025:14:57:51 -0500] "GET /goods/3498746?keyword=NIKE HTTP/1.1" 200 72456 "-" "Mozilla/5.0 (Linux; Android 6.0.1; Nexus 5X Build/MMB29P) AppleWebKit/537.36 (KHTML, like Gecko) Chrome/131.0.6778.264 Mobile Safari/537.36 (compatible; Googlebot/2.1; +http://www.google.com/bot.html)"
194.32.122.41 - - [11/Jan/2025:14:56:23 -0500] "POST /register/ HTTP/1.0" 200 76060 "https://misswavenigeria.com/register/" "Mozilla/5.0 (Windows NT 6.1; Win64; x64) AppleWebKit/537.36 (KHTML, like Gecko) Chrome/103.0.5060.114 Safari/537.36"
66.249.68.69 - - [11/Jan/2025:14:58:12 -0500] "GET /shop/brand=1683146 HTTP/1.1" 200 70331 "-" "Mozilla/5.0 (Linux; Android 6.0.1; Nexus 5X Build/MMB29P) AppleWebKit/537.36 (KHTML, like Gecko) Chrome/131.0.6778.264 Mobile Safari/537.36 (compatible; Googlebot/2.1; +http://www.google.com/bot.html)"
66.29.132.124 - - [11/Jan/2025:14:58:15 -0500] "POST /wp-cron.php?doing_wp_cron=1736625495.3225889205932617187500 HTTP/1.1" 200 0 "-" "WordPress/6.7.1; https://misswavenigeria.com"
194.32.122.41 - - [11/Jan/2025:14:58:15 -0500] "GET /register/ HTTP/1.0" 200 75934 "https://misswavenigeria.com/" "Mozilla/5.0 (Windows NT 6.1; Win64; x64) AppleWebKit/537.36 (KHTML, like Gecko) Chrome/103.0.5060.114 Safari/537.36"
66.29.132.124 - - [11/Jan/2025:14:58:15 -0500] "POST /wp-admin/admin-ajax.php?action=async_litespeed&nonce=cL67LWK7Sy0QdcrplOALmVAv27T8Wwkt&litespeed_type=imgoptm HTTP/1.1" 200 21 "-" "WordPress/6.7.1; https://misswavenigeria.com"
66.249.79.2 - - [11/Jan/2025:14:58:31 -0500] "GET /goods/O820418?k=product HTTP/1.1" 200 68234 "-" "Mozilla/5.0 (Linux; Android 6.0.1; Nexus 5X Build/MMB29P) AppleWebKit/537.36 (KHTML, like Gecko) Chrome/131.0.6778.264 Mobile Safari/537.36 (compatible; Googlebot/2.1; +http://www.google.com/bot.html)"
66.249.68.68 - - [11/Jan/2025:14:58:46 -0500] "GET /static/4154573?keyword=C371 HTTP/1.1" 200 69328 "-" "Mozilla/5.0 (Linux; Android 6.0.1; Nexus 5X Build/MMB29P) AppleWebKit/537.36 (KHTML, like Gecko) Chrome/131.0.6778.264 Mobile Safari/537.36 (compatible; Googlebot/2.1; +http://www.google.com/bot.html)"
66.249.68.69 - - [11/Jan/2025:14:59:11 -0500] "GET /static/3648154 HTTP/1.1" 200 68254 "-" "Mozilla/5.0 (Linux; Android 6.0.1; Nexus 5X Build/MMB29P) AppleWebKit/537.36 (KHTML, like Gecko) Chrome/131.0.6778.264 Mobile Safari/537.36 (compatible; Googlebot/2.1; +http://www.google.com/bot.html)"
66.249.68.68 - - [11/Jan/2025:14:59:13 -0500] "GET /static/441207?keyword=%E5%86%B7%E6%9A%96%E6%88%BF%E3%80%81%E7%A9%BA%E8%AA%BF HTTP/1.1" 200 69518 "-" "Mozilla/5.0 (Linux; Android 6.0.1; Nexus 5X Build/MMB29P) AppleWebKit/537.36 (KHTML, like Gecko) Chrome/131.0.6778.264 Mobile Safari/537.36 (compatible; Googlebot/2.1; +http://www.google.com/bot.html)"
66.29.132.124 - - [11/Jan/2025:14:59:28 -0500] "POST /wp-cron.php?doing_wp_cron=1736625568.2272129058837890625000 HTTP/1.1" 200 0 "-" "WordPress/6.7.1; https://misswavenigeria.com"
194.32.122.41 - - [11/Jan/2025:14:59:28 -0500] "GET / HTTP/1.0" 200 109065 "https://misswavenigeria.com/" "Mozilla/5.0 (Windows NT 6.1) AppleWebKit/537.36 (KHTML, like Gecko) Chrome/103.0.0.0 Safari/537.36"
66.29.132.124 - - [11/Jan/2025:14:59:28 -0500] "POST /wp-admin/admin-ajax.php?action=async_litespeed&nonce=EYP3RlKWQzm5TjLZCFGXgoUQnGfA1RWH&litespeed_type=imgoptm HTTP/1.1" 200 21 "-" "WordPress/6.7.1; https://misswavenigeria.com"
194.32.122.41 - - [11/Jan/2025:14:59:30 -0500] "GET /register/ HTTP/1.0" 200 75934 "https://misswavenigeria.com/register/" "Mozilla/5.0 (Windows NT 6.1) AppleWebKit/537.36 (KHTML, like Gecko) Chrome/103.0.0.0 Safari/537.36"
66.249.68.68 - - [11/Jan/2025:14:59:31 -0500] "GET /static/1484193?keyword=%E3%83%9B%E3%83%93%E3%83%BC%E3%83%BB%E6%A5%BD%E5%99%A8%E3%83%BB%E3%82%A2%E3%83%BC%E3%83%88 HTTP/1.1" 200 69489 "-" "Mozilla/5.0 (Linux; Android 6.0.1; Nexus 5X Build/MMB29P) AppleWebKit/537.36 (KHTML, like Gecko) Chrome/131.0.6778.264 Mobile Safari/537.36 (compatible; Googlebot/2.1; +http://www.google.com/bot.html)"
66.249.68.69 - - [11/Jan/2025:15:00:03 -0500] "GET /static/4154573?keyword=2m*2m* HTTP/1.1" 200 72109 "-" "Mozilla/5.0 (Linux; Android 6.0.1; Nexus 5X Build/MMB29P) AppleWebKit/537.36 (KHTML, like Gecko) Chrome/131.0.6778.264 Mobile Safari/537.36 (compatible; Googlebot/2.1; +http://www.google.com/bot.html)"
66.249.68.67 - - [11/Jan/2025:15:00:17 -0500] "GET /goods/1454120 HTTP/1.1" 200 74782 "-" "Mozilla/5.0 (Linux; Android 6.0.1; Nexus 5X Build/MMB29P) AppleWebKit/537.36 (KHTML, like Gecko) Chrome/131.0.6778.264 Mobile Safari/537.36 (compatible; Googlebot/2.1; +http://www.google.com/bot.html)"
66.249.68.67 - - [11/Jan/2025:15:00:30 -0500] "GET /static/181104?keyword=Giacomo?keyword=%E3%82%B9%E3%83%9E%E3%83%9B%E3%83%BB%E3%82%BF%E3%83%96%E3%83%AC%E3%83%83%E3%83%88%E3%83%BB%E3%83%91%E3%82%BD%E3%82%B3%E3%83%B3 HTTP/1.1" 200 71923 "-" "Mozilla/5.0 (Linux; Android 6.0.1; Nexus 5X Build/MMB29P) AppleWebKit/537.36 (KHTML, like Gecko) Chrome/131.0.6778.264 Mobile Safari/537.36 (compatible; Googlebot/2.1; +http://www.google.com/bot.html)"
66.249.68.69 - - [11/Jan/2025:15:01:11 -0500] "GET /static/4154573?keyword=%E6%BB%91%E3%82%8A%E6%AD%A2%E3%82%81%E3%82%B7%E3%83%BC%E3%83%88 HTTP/1.1" 200 70742 "-" "Mozilla/5.0 (Linux; Android 6.0.1; Nexus 5X Build/MMB29P) AppleWebKit/537.36 (KHTML, like Gecko) Chrome/131.0.6778.264 Mobile Safari/537.36 (compatible; Googlebot/2.1; +http://www.google.com/bot.html)"
194.32.122.41 - - [11/Jan/2025:14:59:32 -0500] "POST /register/ HTTP/1.0" 200 76060 "https://misswavenigeria.com/register/" "Mozilla/5.0 (Windows NT 6.1) AppleWebKit/537.36 (KHTML, like Gecko) Chrome/103.0.0.0 Safari/537.36"
66.29.132.124 - - [11/Jan/2025:15:01:29 -0500] "POST /wp-cron.php?doing_wp_cron=1736625689.7958068847656250000000 HTTP/1.1" 200 0 "-" "WordPress/6.7.1; https://misswavenigeria.com"
194.32.122.41 - - [11/Jan/2025:15:01:29 -0500] "GET /register/ HTTP/1.0" 200 75934 "https://misswavenigeria.com/" "Mozilla/5.0 (Windows NT 6.1) AppleWebKit/537.36 (KHTML, like Gecko) Chrome/103.0.0.0 Safari/537.36"
66.29.132.124 - - [11/Jan/2025:15:01:29 -0500] "POST /wp-admin/admin-ajax.php?action=async_litespeed&nonce=Gv6B4cMJtcRE34ef9yqZgjq8VsTSLOxV&litespeed_type=imgoptm HTTP/1.1" 200 21 "-" "WordPress/6.7.1; https://misswavenigeria.com"
66.249.68.68 - - [11/Jan/2025:15:01:29 -0500] "GET /static/301367 HTTP/1.1" 200 69832 "-" "Mozilla/5.0 (Linux; Android 6.0.1; Nexus 5X Build/MMB29P) AppleWebKit/537.36 (KHTML, like Gecko) Chrome/131.0.6778.264 Mobile Safari/537.36 (compatible; Googlebot/2.1; +http://www.google.com/bot.html)"
66.249.68.67 - - [11/Jan/2025:15:01:35 -0500] "GET /goods/3415020 HTTP/1.1" 200 71513 "-" "Mozilla/5.0 (Linux; Android 6.0.1; Nexus 5X Build/MMB29P) AppleWebKit/537.36 (KHTML, like Gecko) Chrome/131.0.6778.264 Mobile Safari/537.36 (compatible; Googlebot/2.1; +http://www.google.com/bot.html)"
66.249.68.67 - - [11/Jan/2025:15:02:17 -0500] "GET /static/4154573?keyword=%E9%AF%89 HTTP/1.1" 200 67566 "-" "Mozilla/5.0 (Linux; Android 6.0.1; Nexus 5X Build/MMB29P) AppleWebKit/537.36 (KHTML, like Gecko) Chrome/131.0.6778.264 Mobile Safari/537.36 (compatible; Googlebot/2.1; +http://www.google.com/bot.html)"
66.249.68.67 - - [11/Jan/2025:15:02:33 -0500] "GET /static/1816798 HTTP/1.1" 200 67575 "-" "Mozilla/5.0 (Linux; Android 6.0.1; Nexus 5X Build/MMB29P) AppleWebKit/537.36 (KHTML, like Gecko) Chrome/131.0.6778.264 Mobile Safari/537.36 (compatible; Googlebot/2.1; +http://www.google.com/bot.html)"
66.29.132.124 - - [11/Jan/2025:15:02:39 -0500] "POST /wp-cron.php?doing_wp_cron=1736625759.7927150726318359375000 HTTP/1.1" 200 0 "-" "WordPress/6.7.1; https://misswavenigeria.com"
194.32.122.41 - - [11/Jan/2025:15:02:39 -0500] "GET / HTTP/1.0" 200 109065 "https://misswavenigeria.com/" "Mozilla/5.0 (Windows NT 6.3; WOW64) AppleWebKit/537.36 (KHTML, like Gecko) Chrome/103.0.0.0 Safari/537.36"
66.29.132.124 - - [11/Jan/2025:15:02:40 -0500] "POST /wp-admin/admin-ajax.php?action=async_litespeed&nonce=XUqzuyUauYJXTeBjpuSJRC5gROCdE3zr&litespeed_type=imgoptm HTTP/1.1" 200 21 "-" "WordPress/6.7.1; https://misswavenigeria.com"
194.32.122.41 - - [11/Jan/2025:15:02:42 -0500] "GET /register/ HTTP/1.0" 200 75934 "https://misswavenigeria.com/register/" "Mozilla/5.0 (Windows NT 6.3; WOW64) AppleWebKit/537.36 (KHTML, like Gecko) Chrome/103.0.0.0 Safari/537.36"
66.249.68.67 - - [11/Jan/2025:15:03:17 -0500] "GET /static/4154573?keyword=%E3%83%95%E3%83%AD%E3%82%A2%E3%83%9E%E3%83%83%E3%83%88 HTTP/1.1" 200 69786 "-" "Mozilla/5.0 (Linux; Android 6.0.1; Nexus 5X Build/MMB29P) AppleWebKit/537.36 (KHTML, like Gecko) Chrome/131.0.6778.264 Mobile Safari/537.36 (compatible; Googlebot/2.1; +http://www.google.com/bot.html)"
66.249.68.67 - - [11/Jan/2025:15:03:32 -0500] "GET /static/904024 HTTP/1.1" 200 70617 "-" "Mozilla/5.0 (Linux; Android 6.0.1; Nexus 5X Build/MMB29P) AppleWebKit/537.36 (KHTML, like Gecko) Chrome/131.0.6778.264 Mobile Safari/537.36 (compatible; Googlebot/2.1; +http://www.google.com/bot.html)"
194.32.122.41 - - [11/Jan/2025:15:02:44 -0500] "POST /register/ HTTP/1.0" 200 76060 "https://misswavenigeria.com/register/" "Mozilla/5.0 (Windows NT 6.3; WOW64) AppleWebKit/537.36 (KHTML, like Gecko) Chrome/103.0.0.0 Safari/537.36"
66.29.132.124 - - [11/Jan/2025:15:04:10 -0500] "POST /wp-cron.php?doing_wp_cron=1736625850.9646880626678466796875 HTTP/1.1" 200 0 "-" "WordPress/6.7.1; https://misswavenigeria.com"
194.32.122.41 - - [11/Jan/2025:15:04:10 -0500] "GET /register/ HTTP/1.0" 200 75934 "https://misswavenigeria.com/" "Mozilla/5.0 (Windows NT 6.3; WOW64) AppleWebKit/537.36 (KHTML, like Gecko) Chrome/103.0.0.0 Safari/537.36"
66.29.132.124 - - [11/Jan/2025:15:04:11 -0500] "POST /wp-admin/admin-ajax.php?action=async_litespeed&nonce=reiXaUtifVUYjPC70nHNRl23X3V33W2k&litespeed_type=imgoptm HTTP/1.1" 200 21 "-" "WordPress/6.7.1; https://misswavenigeria.com"
66.249.68.69 - - [11/Jan/2025:15:04:23 -0500] "GET /static/4154573?keyword=3D HTTP/1.1" 200 71533 "-" "Mozilla/5.0 (Linux; Android 6.0.1; Nexus 5X Build/MMB29P) AppleWebKit/537.36 (KHTML, like Gecko) Chrome/131.0.6778.264 Mobile Safari/537.36 (compatible; Googlebot/2.1; +http://www.google.com/bot.html)"
66.249.68.68 - - [11/Jan/2025:15:04:49 -0500] "GET /static/3088264 HTTP/1.1" 200 67632 "-" "Mozilla/5.0 (Linux; Android 6.0.1; Nexus 5X Build/MMB29P) AppleWebKit/537.36 (KHTML, like Gecko) Chrome/131.0.6778.264 Mobile Safari/537.36 (compatible; Googlebot/2.1; +http://www.google.com/bot.html)"
66.29.132.124 - - [11/Jan/2025:15:05:52 -0500] "POST /wp-cron.php?doing_wp_cron=1736625952.1753060817718505859375 HTTP/1.1" 200 0 "-" "WordPress/6.7.1; https://misswavenigeria.com"
194.32.122.41 - - [11/Jan/2025:15:05:51 -0500] "GET / HTTP/1.0" 200 109065 "https://misswavenigeria.com/" "Mozilla/5.0 (Windows NT 10.0; Win64; x64) AppleWebKit/537.36 (KHTML, like Gecko) Chrome/103.0.0.0 Safari/537.36"
66.29.132.124 - - [11/Jan/2025:15:05:52 -0500] "POST /wp-admin/admin-ajax.php?action=async_litespeed&nonce=LdxK6F5mv3IP8sAlYWAFLWS33S8h0PHc&litespeed_type=imgoptm HTTP/1.1" 200 21 "-" "WordPress/6.7.1; https://misswavenigeria.com"
66.249.68.67 - - [11/Jan/2025:15:05:51 -0500] "GET /static/4154573?keyword=%E5%A4%A9%E4%BA%95 HTTP/1.1" 200 70910 "-" "Mozilla/5.0 (Linux; Android 6.0.1; Nexus 5X Build/MMB29P) AppleWebKit/537.36 (KHTML, like Gecko) Chrome/131.0.6778.264 Mobile Safari/537.36 (compatible; Googlebot/2.1; +http://www.google.com/bot.html)"
194.32.122.41 - - [11/Jan/2025:15:05:54 -0500] "GET /register/ HTTP/1.0" 200 75934 "https://misswavenigeria.com/register/" "Mozilla/5.0 (Windows NT 10.0; Win64; x64) AppleWebKit/537.36 (KHTML, like Gecko) Chrome/103.0.0.0 Safari/537.36"
66.249.68.69 - - [11/Jan/2025:15:06:08 -0500] "GET /static/1827973 HTTP/1.1" 200 69295 "-" "Mozilla/5.0 (Linux; Android 6.0.1; Nexus 5X Build/MMB29P) AppleWebKit/537.36 (KHTML, like Gecko) Chrome/131.0.6778.264 Mobile Safari/537.36 (compatible; Googlebot/2.1; +http://www.google.com/bot.html)"
66.249.68.68 - - [11/Jan/2025:15:06:10 -0500] "GET /static/4288667?keyword=%E3%82%AE%E3%83%A3%E3%83%AC%E3%83%AA%E3%83%BC HTTP/1.1" 200 76239 "-" "Mozilla/5.0 (Linux; Android 6.0.1; Nexus 5X Build/MMB29P) AppleWebKit/537.36 (KHTML, like Gecko) Chrome/131.0.6778.264 Mobile Safari/537.36 (compatible; Googlebot/2.1; +http://www.google.com/bot.html)"
66.249.68.68 - - [11/Jan/2025:15:06:56 -0500] "GET /goods/3498746?keyword=%E3%83%A1%E3%83%B3%E3%82%BA HTTP/1.1" 200 69061 "-" "Mozilla/5.0 (Linux; Android 6.0.1; Nexus 5X Build/MMB29P) AppleWebKit/537.36 (KHTML, like Gecko) Chrome/131.0.6778.264 Mobile Safari/537.36 (compatible; Googlebot/2.1; +http://www.google.com/bot.html)"
66.249.68.68 - - [11/Jan/2025:15:07:10 -0500] "GET /show/992408 HTTP/1.1" 200 69152 "-" "Mozilla/5.0 (Linux; Android 6.0.1; Nexus 5X Build/MMB29P) AppleWebKit/537.36 (KHTML, like Gecko) Chrome/131.0.6778.264 Mobile Safari/537.36 (compatible; Googlebot/2.1; +http://www.google.com/bot.html)"
47.128.56.105 - - [11/Jan/2025:15:07:13 -0500] "GET /wp-includes/post.php HTTP/1.1" 200 0 "-" "Mozilla/5.0 (Linux; Android 5.0) AppleWebKit/537.36 (KHTML, like Gecko) Mobile Safari/537.36 (compatible; Bytespider; spider-feedback@bytedance.com)"
194.32.122.41 - - [11/Jan/2025:15:05:56 -0500] "POST /register/ HTTP/1.0" 200 76060 "https://misswavenigeria.com/register/" "Mozilla/5.0 (Windows NT 10.0; Win64; x64) AppleWebKit/537.36 (KHTML, like Gecko) Chrome/103.0.0.0 Safari/537.36"
66.29.132.124 - - [11/Jan/2025:15:07:38 -0500] "POST /wp-cron.php?doing_wp_cron=1736626058.2113978862762451171875 HTTP/1.1" 200 0 "-" "WordPress/6.7.1; https://misswavenigeria.com"
194.32.122.41 - - [11/Jan/2025:15:07:38 -0500] "GET /register/ HTTP/1.0" 200 75934 "https://misswavenigeria.com/" "Mozilla/5.0 (Windows NT 10.0; Win64; x64) AppleWebKit/537.36 (KHTML, like Gecko) Chrome/103.0.0.0 Safari/537.36"
66.29.132.124 - - [11/Jan/2025:15:07:38 -0500] "POST /wp-admin/admin-ajax.php?action=async_litespeed&nonce=GDLGFh8aLTVgOQn6gYY6cvkJDpniTvoL&litespeed_type=imgoptm HTTP/1.1" 200 21 "-" "WordPress/6.7.1; https://misswavenigeria.com"
66.249.68.67 - - [11/Jan/2025:15:07:49 -0500] "GET /goods/3498746?keyword=Work HTTP/1.1" 200 68704 "-" "Mozilla/5.0 (Linux; Android 6.0.1; Nexus 5X Build/MMB29P) AppleWebKit/537.36 (KHTML, like Gecko) Chrome/131.0.6778.264 Mobile Safari/537.36 (compatible; Googlebot/2.1; +http://www.google.com/bot.html)"
66.249.68.67 - - [11/Jan/2025:15:07:50 -0500] "GET /static/2701709?keyword=%E4%BA%8B%E5%8B%99%E3%80%81%E5%BA%97%E8%88%97%E7%94%A8%E5%93%81?keyword=7 HTTP/1.1" 200 69393 "-" "Mozilla/5.0 (Linux; Android 6.0.1; Nexus 5X Build/MMB29P) AppleWebKit/537.36 (KHTML, like Gecko) Chrome/131.0.6778.264 Mobile Safari/537.36 (compatible; Googlebot/2.1; +http://www.google.com/bot.html)"
66.249.68.67 - - [11/Jan/2025:15:08:06 -0500] "GET /static/4067730 HTTP/1.1" 200 67874 "-" "Mozilla/5.0 (Linux; Android 6.0.1; Nexus 5X Build/MMB29P) AppleWebKit/537.36 (KHTML, like Gecko) Chrome/131.0.6778.264 Mobile Safari/537.36 (compatible; Googlebot/2.1; +http://www.google.com/bot.html)"
66.249.68.67 - - [11/Jan/2025:15:08:21 -0500] "GET /goods/217840 HTTP/1.1" 200 68698 "-" "Mozilla/5.0 (Linux; Android 6.0.1; Nexus 5X Build/MMB29P) AppleWebKit/537.36 (KHTML, like Gecko) Chrome/131.0.6778.264 Mobile Safari/537.36 (compatible; Googlebot/2.1; +http://www.google.com/bot.html)"
66.29.132.124 - - [11/Jan/2025:15:08:38 -0500] "POST /wp-cron.php?doing_wp_cron=1736626118.1609990596771240234375 HTTP/1.1" 200 0 "-" "WordPress/6.7.1; https://misswavenigeria.com"
167.94.138.41 - - [11/Jan/2025:15:08:37 -0500] "GET / HTTP/1.1" 200 24488 "-" "Mozilla/5.0 (compatible; CensysInspect/1.1; +https://about.censys.io/)"
66.29.132.124 - - [11/Jan/2025:15:08:38 -0500] "POST /wp-admin/admin-ajax.php?action=async_litespeed&nonce=6pwNTLOit0VYNLGVMfcgIlsUYFcKRNJA&litespeed_type=imgoptm HTTP/1.1" 200 21 "-" "WordPress/6.7.1; https://misswavenigeria.com"
167.94.138.41 - - [11/Jan/2025:15:08:49 -0500] "GET /wp-content/uploads/2023/08/cropped-Logo-1-1-2-scaled-1-32x32.jpg HTTP/1.1" 200 1013 "-" "Mozilla/5.0 (compatible; CensysInspect/1.1; +https://about.censys.io/)"
167.94.138.41 - - [11/Jan/2025:15:08:55 -0500] "GET /wp-content/uploads/2023/08/cropped-Logo-1-1-2-scaled-1-192x192.jpg HTTP/1.1" 200 5929 "-" "Mozilla/5.0 (compatible; CensysInspect/1.1; +https://about.censys.io/)"
194.32.122.41 - - [11/Jan/2025:15:09:02 -0500] "GET / HTTP/1.0" 200 109067 "https://misswavenigeria.com/" "Mozilla/5.0 (Windows NT 6.1; WOW64) AppleWebKit/537.36 (KHTML, like Gecko) Chrome/103.0.0.0 Safari/537.36"
66.249.68.68 - - [11/Jan/2025:15:09:00 -0500] "GET /goods/3498746?keyword=supreme HTTP/1.1" 200 69290 "-" "Mozilla/5.0 (Linux; Android 6.0.1; Nexus 5X Build/MMB29P) AppleWebKit/537.36 (KHTML, like Gecko) Chrome/131.0.6778.264 Mobile Safari/537.36 (compatible; Googlebot/2.1; +http://www.google.com/bot.html)"
167.94.138.41 - - [11/Jan/2025:15:09:03 -0500] "GET /wp-content/uploads/2023/08/cropped-Logo-1-1-2-scaled-1-180x180.jpg HTTP/1.1" 200 5288 "-" "Mozilla/5.0 (compatible; CensysInspect/1.1; +https://about.censys.io/)"
194.32.122.41 - - [11/Jan/2025:15:09:04 -0500] "GET /register/ HTTP/1.0" 200 75934 "https://misswavenigeria.com/register/" "Mozilla/5.0 (Windows NT 6.1; WOW64) AppleWebKit/537.36 (KHTML, like Gecko) Chrome/103.0.0.0 Safari/537.36"
66.29.132.124 - - [11/Jan/2025:15:09:07 -0500] "POST /wp-cron.php?doing_wp_cron=1736626147.3203709125518798828125 HTTP/1.1" 200 0 "-" "WordPress/6.7.1; https://misswavenigeria.com"
66.29.132.124 - - [11/Jan/2025:15:09:07 -0500] "POST /wp-admin/admin-ajax.php?action=async_litespeed&nonce=5v2RYuyFH43DLMQREY5gjpeBsVO8rdfZ&litespeed_type=imgoptm HTTP/1.1" 200 21 "-" "WordPress/6.7.1; https://misswavenigeria.com"
167.94.138.41 - - [11/Jan/2025:15:09:08 -0500] "GET /favicon.ico HTTP/1.1" 404 1251 "-" "Mozilla/5.0 (compatible; CensysInspect/1.1; +https://about.censys.io/)"
66.249.68.67 - - [11/Jan/2025:15:09:14 -0500] "GET /static/4176402 HTTP/1.1" 200 68564 "-" "Mozilla/5.0 (Linux; Android 6.0.1; Nexus 5X Build/MMB29P) AppleWebKit/537.36 (KHTML, like Gecko) Chrome/131.0.6778.264 Mobile Safari/537.36 (compatible; Googlebot/2.1; +http://www.google.com/bot.html)"
66.249.68.67 - - [11/Jan/2025:15:09:52 -0500] "GET /goods/3498746?keyword=%E3%83%95%E3%82%A1%E3%83%83%E3%82%B7%E3%83%A7%E3%83%B3 HTTP/1.1" 200 69151 "-" "Mozilla/5.0 (Linux; Android 6.0.1; Nexus 5X Build/MMB29P) AppleWebKit/537.36 (KHTML, like Gecko) Chrome/131.0.6778.264 Mobile Safari/537.36 (compatible; Googlebot/2.1; +http://www.google.com/bot.html)"
66.249.68.67 - - [11/Jan/2025:15:09:56 -0500] "GET /static/4541925 HTTP/1.1" 200 68398 "-" "Mozilla/5.0 (Linux; Android 6.0.1; Nexus 5X Build/MMB29P) AppleWebKit/537.36 (KHTML, like Gecko) Chrome/131.0.6778.264 Mobile Safari/537.36 (compatible; Googlebot/2.1; +http://www.google.com/bot.html)"
66.249.68.69 - - [11/Jan/2025:15:10:06 -0500] "GET /goods/4671939 HTTP/1.1" 200 69671 "-" "Mozilla/5.0 (Linux; Android 6.0.1; Nexus 5X Build/MMB29P) AppleWebKit/537.36 (KHTML, like Gecko) Chrome/131.0.6778.264 Mobile Safari/537.36 (compatible; Googlebot/2.1; +http://www.google.com/bot.html)"
66.249.68.68 - - [11/Jan/2025:15:10:10 -0500] "GET /static/3239797 HTTP/1.1" 200 67688 "-" "Mozilla/5.0 (Linux; Android 6.0.1; Nexus 5X Build/MMB29P) AppleWebKit/537.36 (KHTML, like Gecko) Chrome/131.0.6778.264 Mobile Safari/537.36 (compatible; Googlebot/2.1; +http://www.google.com/bot.html)"
138.246.253.24 - - [11/Jan/2025:15:10:22 -0500] "GET /robots.txt HTTP/1.1" 200 979 "-" "Mozilla/5.0 (Windows NT 10.0; Win64; x64) AppleWebKit/537.36 (KHTML, like Gecko) Chrome/103.0.5060.134 Safari/537.36"
66.249.68.67 - - [11/Jan/2025:15:10:54 -0500] "GET /static/480847?keyword=%E3%83%99%E3%83%93%E3%83%BC%E3%83%BB%E3%82%AD%E3%83%83%E3%82%BA HTTP/1.1" 200 72423 "-" "Mozilla/5.0 (Linux; Android 6.0.1; Nexus 5X Build/MMB29P) AppleWebKit/537.36 (KHTML, like Gecko) Chrome/131.0.6778.264 Mobile Safari/537.36 (compatible; Googlebot/2.1; +http://www.google.com/bot.html)"
66.249.68.67 - - [11/Jan/2025:15:11:11 -0500] "GET /goods/1103101 HTTP/1.1" 200 71218 "-" "Mozilla/5.0 (Linux; Android 6.0.1; Nexus 5X Build/MMB29P) AppleWebKit/537.36 (KHTML, like Gecko) Chrome/131.0.6778.264 Mobile Safari/537.36 (compatible; Googlebot/2.1; +http://www.google.com/bot.html)"
47.128.124.141 - - [11/Jan/2025:15:11:13 -0500] "GET /wp-includes/sodium_compat/src/Core32/Curve25519/Ge/Precomp.php HTTP/1.1" 200 0 "-" "Mozilla/5.0 (Linux; Android 5.0) AppleWebKit/537.36 (KHTML, like Gecko) Mobile Safari/537.36 (compatible; Bytespider; spider-feedback@bytedance.com)"
194.32.122.41 - - [11/Jan/2025:15:09:06 -0500] "POST /register/ HTTP/1.0" 200 0 "https://misswavenigeria.com/register/" "Mozilla/5.0 (Windows NT 6.1; WOW64) AppleWebKit/537.36 (KHTML, like Gecko) Chrome/103.0.0.0 Safari/537.36"
194.32.122.41 - - [11/Jan/2025:15:11:37 -0500] "GET /register/ HTTP/1.0" 200 75934 "https://misswavenigeria.com/" "Mozilla/5.0 (Windows NT 6.1; WOW64) AppleWebKit/537.36 (KHTML, like Gecko) Chrome/103.0.0.0 Safari/537.36"
66.249.68.69 - - [11/Jan/2025:15:12:00 -0500] "GET /static/3646509?keyword=%E3%83%A1%E3%83%B3%E3%82%BA HTTP/1.1" 200 72398 "-" "Mozilla/5.0 (Linux; Android 6.0.1; Nexus 5X Build/MMB29P) AppleWebKit/537.36 (KHTML, like Gecko) Chrome/131.0.6778.264 Mobile Safari/537.36 (compatible; Googlebot/2.1; +http://www.google.com/bot.html)"
194.32.122.41 - - [11/Jan/2025:15:12:14 -0500] "GET / HTTP/1.0" 200 109067 "https://misswavenigeria.com/" "Mozilla/5.0 (Windows NT 6.3; Win64; x64) AppleWebKit/537.36 (KHTML, like Gecko) Chrome/103.0.0.0 Safari/537.36"
194.32.122.41 - - [11/Jan/2025:15:12:16 -0500] "GET /register/ HTTP/1.0" 200 75934 "https://misswavenigeria.com/register/" "Mozilla/5.0 (Windows NT 6.3; Win64; x64) AppleWebKit/537.36 (KHTML, like Gecko) Chrome/103.0.0.0 Safari/537.36"
66.29.132.124 - - [11/Jan/2025:15:12:18 -0500] "POST /wp-cron.php?doing_wp_cron=1736626338.7218050956726074218750 HTTP/1.1" 200 0 "-" "WordPress/6.7.1; https://misswavenigeria.com"
66.29.132.124 - - [11/Jan/2025:15:12:19 -0500] "POST /wp-admin/admin-ajax.php?action=async_litespeed&nonce=STzdiednjGhjnibAcAvU2Rd6UU0XkDjM&litespeed_type=imgoptm HTTP/1.1" 200 21 "-" "WordPress/6.7.1; https://misswavenigeria.com"
66.249.68.67 - - [11/Jan/2025:15:12:20 -0500] "GET /goods/1902446 HTTP/1.1" 200 71526 "-" "Mozilla/5.0 (Linux; Android 6.0.1; Nexus 5X Build/MMB29P) AppleWebKit/537.36 (KHTML, like Gecko) Chrome/131.0.6778.264 Mobile Safari/537.36 (compatible; Googlebot/2.1; +http://www.google.com/bot.html)"
66.249.68.67 - - [11/Jan/2025:15:12:52 -0500] "GET /static/480847?keyword=%E3%83%AF%E3%83%83%E3%83%95%E3%83%AA%E3%83%83%E3%82%B7%E3%83%A5%E3%83%AF%E3%83%83%E3%83%95%E3%83%AB%E3%80%80%E3%83%87%E3%83%8B%E3%83%A0%E3%81%A8%E3%83%9C%E3%82%A2%E3%81%AE%E3%83%AD%E3%83%B3%E3%82%B0%E3%83%96%E3%83%AB%E3%82%BE%E3%83%B3%E3%80%804XL HTTP/1.1" 200 71784 "-" "Mozilla/5.0 (Linux; Android 6.0.1; Nexus 5X Build/MMB29P) AppleWebKit/537.36 (KHTML, like Gecko) Chrome/131.0.6778.264 Mobile Safari/537.36 (compatible; Googlebot/2.1; +http://www.google.com/bot.html)"
66.249.68.68 - - [11/Jan/2025:15:13:05 -0500] "GET /static/2125695 HTTP/1.1" 200 70581 "-" "Mozilla/5.0 (Linux; Android 6.0.1; Nexus 5X Build/MMB29P) AppleWebKit/537.36 (KHTML, like Gecko) Chrome/131.0.6778.264 Mobile Safari/537.36 (compatible; Googlebot/2.1; +http://www.google.com/bot.html)"
194.32.122.41 - - [11/Jan/2025:15:12:18 -0500] "POST /register/ HTTP/1.0" 200 76060 "https://misswavenigeria.com/register/" "Mozilla/5.0 (Windows NT 6.3; Win64; x64) AppleWebKit/537.36 (KHTML, like Gecko) Chrome/103.0.0.0 Safari/537.36"
66.29.132.124 - - [11/Jan/2025:15:13:42 -0500] "POST /wp-cron.php?doing_wp_cron=1736626422.7575290203094482421875 HTTP/1.1" 200 0 "-" "WordPress/6.7.1; https://misswavenigeria.com"
194.32.122.41 - - [11/Jan/2025:15:13:42 -0500] "GET /register/ HTTP/1.0" 200 75934 "https://misswavenigeria.com/" "Mozilla/5.0 (Windows NT 6.3; Win64; x64) AppleWebKit/537.36 (KHTML, like Gecko) Chrome/103.0.0.0 Safari/537.36"
66.29.132.124 - - [11/Jan/2025:15:13:42 -0500] "POST /wp-admin/admin-ajax.php?action=async_litespeed&nonce=vfB2w3h93yrcJjyZ1dch07AxpPSyxDxA&litespeed_type=imgoptm HTTP/1.1" 200 21 "-" "WordPress/6.7.1; https://misswavenigeria.com"
66.249.68.67 - - [11/Jan/2025:15:13:57 -0500] "GET /goods/3498746?keyword=18SS HTTP/1.1" 200 69888 "-" "Mozilla/5.0 (Linux; Android 6.0.1; Nexus 5X Build/MMB29P) AppleWebKit/537.36 (KHTML, like Gecko) Chrome/131.0.6778.264 Mobile Safari/537.36 (compatible; Googlebot/2.1; +http://www.google.com/bot.html)"
66.249.68.68 - - [11/Jan/2025:15:14:14 -0500] "GET /goods/869710 HTTP/1.1" 200 71141 "-" "Mozilla/5.0 (Linux; Android 6.0.1; Nexus 5X Build/MMB29P) AppleWebKit/537.36 (KHTML, like Gecko) Chrome/131.0.6778.264 Mobile Safari/537.36 (compatible; Googlebot/2.1; +http://www.google.com/bot.html)"
66.249.68.67 - - [11/Jan/2025:15:14:42 -0500] "GET /goods/806888.html HTTP/1.1" 200 69717 "-" "Mozilla/5.0 (Linux; Android 6.0.1; Nexus 5X Build/MMB29P) AppleWebKit/537.36 (KHTML, like Gecko) Chrome/131.0.6778.264 Mobile Safari/537.36 (compatible; Googlebot/2.1; +http://www.google.com/bot.html)"
47.128.111.33 - - [11/Jan/2025:15:15:14 -0500] "GET /wp-includes/sodium_compat/src/Core/Curve25519.php HTTP/1.1" 500 0 "-" "Mozilla/5.0 (Linux; Android 5.0) AppleWebKit/537.36 (KHTML, like Gecko) Mobile Safari/537.36 (compatible; Bytespider; spider-feedback@bytedance.com)"
66.249.68.69 - - [11/Jan/2025:15:15:22 -0500] "GET /goods/3498746?keyword=Zip HTTP/1.1" 200 67943 "-" "Mozilla/5.0 (Linux; Android 6.0.1; Nexus 5X Build/MMB29P) AppleWebKit/537.36 (KHTML, like Gecko) Chrome/131.0.6778.264 Mobile Safari/537.36 (compatible; Googlebot/2.1; +http://www.google.com/bot.html)"
66.29.132.124 - - [11/Jan/2025:15:15:26 -0500] "POST /wp-cron.php?doing_wp_cron=1736626526.8587241172790527343750 HTTP/1.1" 200 0 "-" "WordPress/6.7.1; https://misswavenigeria.com"
194.32.122.41 - - [11/Jan/2025:15:15:26 -0500] "GET / HTTP/1.0" 200 109065 "https://misswavenigeria.com/" "Mozilla/5.0 (Windows NT 6.1) AppleWebKit/537.36 (KHTML, like Gecko) Chrome/103.0.5060.114 Safari/537.36"
66.29.132.124 - - [11/Jan/2025:15:15:27 -0500] "POST /wp-admin/admin-ajax.php?action=async_litespeed&nonce=Vb58AOlrK3qxklkeQgOcOlNVEL7Vqhsg&litespeed_type=imgoptm HTTP/1.1" 200 21 "-" "WordPress/6.7.1; https://misswavenigeria.com"
194.32.122.41 - - [11/Jan/2025:15:15:29 -0500] "GET /register/ HTTP/1.0" 200 75934 "https://misswavenigeria.com/register/" "Mozilla/5.0 (Windows NT 6.1) AppleWebKit/537.36 (KHTML, like Gecko) Chrome/103.0.5060.114 Safari/537.36"
66.249.68.68 - - [11/Jan/2025:15:15:36 -0500] "GET /static/2298643 HTTP/1.1" 200 67326 "-" "Mozilla/5.0 (Linux; Android 6.0.1; Nexus 5X Build/MMB29P) AppleWebKit/537.36 (KHTML, like Gecko) Chrome/131.0.6778.264 Mobile Safari/537.36 (compatible; Googlebot/2.1; +http://www.google.com/bot.html)"
66.249.68.67 - - [11/Jan/2025:15:16:07 -0500] "GET /static/480847?keyword=%E3%82%AD%E3%83%83%E3%82%BA%E6%9C%8D(100cm~) HTTP/1.1" 200 68255 "-" "Mozilla/5.0 (Linux; Android 6.0.1; Nexus 5X Build/MMB29P) AppleWebKit/537.36 (KHTML, like Gecko) Chrome/131.0.6778.264 Mobile Safari/537.36 (compatible; Googlebot/2.1; +http://www.google.com/bot.html)"
66.249.68.68 - - [11/Jan/2025:15:16:11 -0500] "GET /static/327241 HTTP/1.1" 200 68818 "-" "Mozilla/5.0 (Linux; Android 6.0.1; Nexus 5X Build/MMB29P) AppleWebKit/537.36 (KHTML, like Gecko) Chrome/131.0.6778.264 Mobile Safari/537.36 (compatible; Googlebot/2.1; +http://www.google.com/bot.html)"
66.249.68.67 - - [11/Jan/2025:15:16:29 -0500] "GET /static/917159 HTTP/1.1" 200 68313 "-" "Mozilla/5.0 (Linux; Android 6.0.1; Nexus 5X Build/MMB29P) AppleWebKit/537.36 (KHTML, like Gecko) Chrome/131.0.6778.264 Mobile Safari/537.36 (compatible; Googlebot/2.1; +http://www.google.com/bot.html)"
66.249.68.67 - - [11/Jan/2025:15:16:33 -0500] "GET /static/480847?keyword=%E3%82%BE%E3%83%B3 HTTP/1.1" 200 68470 "-" "Mozilla/5.0 (Linux; Android 6.0.1; Nexus 5X Build/MMB29P) AppleWebKit/537.36 (KHTML, like Gecko) Chrome/131.0.6778.264 Mobile Safari/537.36 (compatible; Googlebot/2.1; +http://www.google.com/bot.html)"
66.249.68.67 - - [11/Jan/2025:15:16:38 -0500] "GET /static/515268 HTTP/1.1" 200 70927 "-" "Mozilla/5.0 (Linux; Android 6.0.1; Nexus 5X Build/MMB29P) AppleWebKit/537.36 (KHTML, like Gecko) Chrome/131.0.6778.264 Mobile Safari/537.36 (compatible; Googlebot/2.1; +http://www.google.com/bot.html)"
66.249.68.67 - - [11/Jan/2025:15:16:45 -0500] "GET /goods/3978420?keyword=%E3%83%99%E3%83%93%E3%83%BC%E3%83%BB%E3%82%AD%E3%83%83%E3%82%BA%E3%81%8A%E3%82%82%E3%81%A1%E3%82%83 HTTP/1.1" 200 73295 "-" "Mozilla/5.0 (Linux; Android 6.0.1; Nexus 5X Build/MMB29P) AppleWebKit/537.36 (KHTML, like Gecko) Chrome/131.0.6778.264 Mobile Safari/537.36 (compatible; Googlebot/2.1; +http://www.google.com/bot.html)"
66.249.68.67 - - [11/Jan/2025:15:16:50 -0500] "GET /static/3077847 HTTP/1.1" 200 73605 "-" "Mozilla/5.0 (Linux; Android 6.0.1; Nexus 5X Build/MMB29P) AppleWebKit/537.36 (KHTML, like Gecko) Chrome/131.0.6778.264 Mobile Safari/537.36 (compatible; Googlebot/2.1; +http://www.google.com/bot.html)"
66.249.68.67 - - [11/Jan/2025:15:16:58 -0500] "GET /static/181104?keyword=Giacomo?keyword=AQUOS HTTP/1.1" 200 68636 "-" "Mozilla/5.0 (Linux; Android 6.0.1; Nexus 5X Build/MMB29P) AppleWebKit/537.36 (KHTML, like Gecko) Chrome/131.0.6778.264 Mobile Safari/537.36 (compatible; Googlebot/2.1; +http://www.google.com/bot.html)"
66.249.68.67 - - [11/Jan/2025:15:17:00 -0500] "GET /static/3832550 HTTP/1.1" 200 68643 "-" "Mozilla/5.0 (Linux; Android 6.0.1; Nexus 5X Build/MMB29P) AppleWebKit/537.36 (KHTML, like Gecko) Chrome/131.0.6778.264 Mobile Safari/537.36 (compatible; Googlebot/2.1; +http://www.google.com/bot.html)"
66.249.68.67 - - [11/Jan/2025:15:17:11 -0500] "GET /static/181104?keyword=Giacomo?keyword=%E3%82%B9%E3%83%9E%E3%83%BC%E3%83%88%E3%83%95%E3%82%A9%E3%83%B3%E3%83%BB%E6%90%BA%E5%B8%AF%E9%9B%BB%E8%A9%B1 HTTP/1.1" 200 70917 "-" "Mozilla/5.0 (Linux; Android 6.0.1; Nexus 5X Build/MMB29P) AppleWebKit/537.36 (KHTML, like Gecko) Chrome/131.0.6778.264 Mobile Safari/537.36 (compatible; Googlebot/2.1; +http://www.google.com/bot.html)"
66.249.68.67 - - [11/Jan/2025:15:17:13 -0500] "GET /static/3998033 HTTP/1.1" 200 68074 "-" "Mozilla/5.0 (Linux; Android 6.0.1; Nexus 5X Build/MMB29P) AppleWebKit/537.36 (KHTML, like Gecko) Chrome/131.0.6778.264 Mobile Safari/537.36 (compatible; Googlebot/2.1; +http://www.google.com/bot.html)"
194.32.122.41 - - [11/Jan/2025:15:15:31 -0500] "POST /register/ HTTP/1.0" 200 76060 "https://misswavenigeria.com/register/" "Mozilla/5.0 (Windows NT 6.1) AppleWebKit/537.36 (KHTML, like Gecko) Chrome/103.0.5060.114 Safari/537.36"
66.29.132.124 - - [11/Jan/2025:15:17:23 -0500] "POST /wp-cron.php?doing_wp_cron=1736626643.0187768936157226562500 HTTP/1.1" 200 0 "-" "WordPress/6.7.1; https://misswavenigeria.com"
194.32.122.41 - - [11/Jan/2025:15:17:22 -0500] "GET /register/ HTTP/1.0" 200 75934 "https://misswavenigeria.com/" "Mozilla/5.0 (Windows NT 6.1) AppleWebKit/537.36 (KHTML, like Gecko) Chrome/103.0.5060.114 Safari/537.36"
66.29.132.124 - - [11/Jan/2025:15:17:23 -0500] "POST /wp-admin/admin-ajax.php?action=async_litespeed&nonce=7bI8Q2okUSZzrfWhG0VUczN7xqU09m2D&litespeed_type=imgoptm HTTP/1.1" 200 21 "-" "WordPress/6.7.1; https://misswavenigeria.com"
66.249.68.67 - - [11/Jan/2025:15:17:29 -0500] "GET /static/4228643?keyword=%E5%BF%97%E6%91%A9%E3%83%AA%E3%83%B3%E3%80%80%E3%83%AA%E3%83%B3%E3%80%80SSP?keyword=%E3%80%90%E6%96%B0%E5%93%81%E6%9C%AA%E4%BD%BF%E7%94%A8%E3%82%BF%E3%82%B0%E4%BB%98%E3%81%8D%E3%80%91SALOMON HTTP/1.1" 200 69822 "-" "Mozilla/5.0 (Linux; Android 6.0.1; Nexus 5X Build/MMB29P) AppleWebKit/537.36 (KHTML, like Gecko) Chrome/131.0.6778.264 Mobile Safari/537.36 (compatible; Googlebot/2.1; +http://www.google.com/bot.html)"
66.249.68.67 - - [11/Jan/2025:15:17:36 -0500] "GET /static/414778 HTTP/1.1" 200 70259 "-" "Mozilla/5.0 (Linux; Android 6.0.1; Nexus 5X Build/MMB29P) AppleWebKit/537.36 (KHTML, like Gecko) Chrome/131.0.6778.264 Mobile Safari/537.36 (compatible; Googlebot/2.1; +http://www.google.com/bot.html)"
66.249.68.68 - - [11/Jan/2025:15:17:49 -0500] "GET /static/4122264 HTTP/1.1" 200 68379 "-" "Mozilla/5.0 (Linux; Android 6.0.1; Nexus 5X Build/MMB29P) AppleWebKit/537.36 (KHTML, like Gecko) Chrome/131.0.6778.264 Mobile Safari/537.36 (compatible; Googlebot/2.1; +http://www.google.com/bot.html)"
66.249.68.68 - - [11/Jan/2025:15:17:52 -0500] "GET /goods/4295365?keyword=%E5%AE%8C%E5%A3%B2?keyword=%E3%83%A0%E3%83%BC%E3%83%96%E3%80%80%E3%81%8A%E3%81%BE%E3%81%91%E4%BB%98%E3%81%8D HTTP/1.1" 200 69242 "-" "Mozilla/5.0 (Linux; Android 6.0.1; Nexus 5X Build/MMB29P) AppleWebKit/537.36 (KHTML, like Gecko) Chrome/131.0.6778.264 Mobile Safari/537.36 (compatible; Googlebot/2.1; +http://www.google.com/bot.html)"
66.249.68.68 - - [11/Jan/2025:15:17:56 -0500] "GET /static/4228643?keyword=%E5%BF%97%E6%91%A9%E3%83%AA%E3%83%B3%E3%80%80%E3%83%AA%E3%83%B3%E3%80%80SSP?keyword=M HTTP/1.1" 200 70465 "-" "Mozilla/5.0 (Linux; Android 6.0.1; Nexus 5X Build/MMB29P) AppleWebKit/537.36 (KHTML, like Gecko) Chrome/131.0.6778.264 Mobile Safari/537.36 (compatible; Googlebot/2.1; +http://www.google.com/bot.html)"
66.249.68.67 - - [11/Jan/2025:15:17:58 -0500] "GET /static/883907 HTTP/1.1" 200 68137 "-" "Mozilla/5.0 (Linux; Android 6.0.1; Nexus 5X Build/MMB29P) AppleWebKit/537.36 (KHTML, like Gecko) Chrome/131.0.6778.264 Mobile Safari/537.36 (compatible; Googlebot/2.1; +http://www.google.com/bot.html)"
66.249.68.68 - - [11/Jan/2025:15:18:12 -0500] "GET /static/4228643?keyword=%E5%BF%97%E6%91%A9%E3%83%AA%E3%83%B3%E3%80%80%E3%83%AA%E3%83%B3%E3%80%80SSP?keyword=%E3%82%A6%E3%82%A3%E3%83%B3%E3%82%BF%E3%83%BC%E3%82%B9%E3%83%9D%E3%83%BC%E3%83%84 HTTP/1.1" 200 70900 "-" "Mozilla/5.0 (Linux; Android 6.0.1; Nexus 5X Build/MMB29P) AppleWebKit/537.36 (KHTML, like Gecko) Chrome/131.0.6778.264 Mobile Safari/537.36 (compatible; Googlebot/2.1; +http://www.google.com/bot.html)"
66.249.68.68 - - [11/Jan/2025:15:18:15 -0500] "GET /static/2050988 HTTP/1.1" 200 67794 "-" "Mozilla/5.0 (Linux; Android 6.0.1; Nexus 5X Build/MMB29P) AppleWebKit/537.36 (KHTML, like Gecko) Chrome/131.0.6778.264 Mobile Safari/537.36 (compatible; Googlebot/2.1; +http://www.google.com/bot.html)"
66.249.68.67 - - [11/Jan/2025:15:18:24 -0500] "GET /static/480847?keyword=%E3%83%99%E3%83%93%E3%83%BC%E3%83%BB%E3%82%AD%E3%83%83%E3%82%BA?keyword=SEIKO HTTP/1.1" 200 68650 "-" "Mozilla/5.0 (Linux; Android 6.0.1; Nexus 5X Build/MMB29P) AppleWebKit/537.36 (KHTML, like Gecko) Chrome/131.0.6778.264 Mobile Safari/537.36 (compatible; Googlebot/2.1; +http://www.google.com/bot.html)"
66.249.68.67 - - [11/Jan/2025:15:18:26 -0500] "GET /static/3475918 HTTP/1.1" 200 68042 "-" "Mozilla/5.0 (Linux; Android 6.0.1; Nexus 5X Build/MMB29P) AppleWebKit/537.36 (KHTML, like Gecko) Chrome/131.0.6778.264 Mobile Safari/537.36 (compatible; Googlebot/2.1; +http://www.google.com/bot.html)"
66.249.68.67 - - [11/Jan/2025:15:18:36 -0500] "GET /goods/1103101?keyword=%E3%82%B3%E3%83%90%E3%83%BC%E3%83%88%E3%82%B0%E3%83%A9%E3%83%95%E3%82%A1%E3%82%A4%E3%83%88 HTTP/1.1" 200 70258 "-" "Mozilla/5.0 (Linux; Android 6.0.1; Nexus 5X Build/MMB29P) AppleWebKit/537.36 (KHTML, like Gecko) Chrome/131.0.6778.264 Mobile Safari/537.36 (compatible; Googlebot/2.1; +http://www.google.com/bot.html)"
66.29.132.124 - - [11/Jan/2025:15:18:38 -0500] "POST /wp-cron.php?doing_wp_cron=1736626718.2185568809509277343750 HTTP/1.1" 200 0 "-" "WordPress/6.7.1; https://misswavenigeria.com"
194.32.122.41 - - [11/Jan/2025:15:18:38 -0500] "GET / HTTP/1.0" 200 109065 "https://misswavenigeria.com/" "Mozilla/5.0 (Windows NT 10.0; Win64; x64) AppleWebKit/537.36 (KHTML, like Gecko) Chrome/103.0.5042.0 Safari/537.36"
66.29.132.124 - - [11/Jan/2025:15:18:38 -0500] "POST /wp-admin/admin-ajax.php?action=async_litespeed&nonce=25kVG84d3g3gR4MvxE5RnxF9raB0lHzL&litespeed_type=imgoptm HTTP/1.1" 200 21 "-" "WordPress/6.7.1; https://misswavenigeria.com"
194.32.122.41 - - [11/Jan/2025:15:18:41 -0500] "GET /register/ HTTP/1.0" 200 75934 "https://misswavenigeria.com/register/" "Mozilla/5.0 (Windows NT 10.0; Win64; x64) AppleWebKit/537.36 (KHTML, like Gecko) Chrome/103.0.5042.0 Safari/537.36"
66.249.68.68 - - [11/Jan/2025:15:18:40 -0500] "GET /static/718149 HTTP/1.1" 200 67891 "-" "Mozilla/5.0 (Linux; Android 6.0.1; Nexus 5X Build/MMB29P) AppleWebKit/537.36 (KHTML, like Gecko) Chrome/131.0.6778.264 Mobile Safari/537.36 (compatible; Googlebot/2.1; +http://www.google.com/bot.html)"
66.249.68.68 - - [11/Jan/2025:15:18:49 -0500] "GET /static/480847?keyword=%E3%83%99%E3%83%93%E3%83%BC%E3%83%BB%E3%82%AD%E3%83%83%E3%82%BA?keyword=%E3%82%BB%E3%82%A4%E3%82%B3%E3%83%BC HTTP/1.1" 200 68662 "-" "Mozilla/5.0 (Linux; Android 6.0.1; Nexus 5X Build/MMB29P) AppleWebKit/537.36 (KHTML, like Gecko) Chrome/131.0.6778.264 Mobile Safari/537.36 (compatible; Googlebot/2.1; +http://www.google.com/bot.html)"
66.249.68.68 - - [11/Jan/2025:15:18:52 -0500] "GET /static/3682668 HTTP/1.1" 200 69946 "-" "Mozilla/5.0 (Linux; Android 6.0.1; Nexus 5X Build/MMB29P) AppleWebKit/537.36 (KHTML, like Gecko) Chrome/131.0.6778.264 Mobile Safari/537.36 (compatible; Googlebot/2.1; +http://www.google.com/bot.html)"
66.249.68.69 - - [11/Jan/2025:15:19:01 -0500] "GET /static/480847?keyword=%E3%83%99%E3%83%93%E3%83%BC%E3%83%BB%E3%82%AD%E3%83%83%E3%82%BA?keyword=DICTIONARY HTTP/1.1" 200 70842 "-" "Mozilla/5.0 (Linux; Android 6.0.1; Nexus 5X Build/MMB29P) AppleWebKit/537.36 (KHTML, like Gecko) Chrome/131.0.6778.264 Mobile Safari/537.36 (compatible; Googlebot/2.1; +http://www.google.com/bot.html)"
66.249.68.69 - - [11/Jan/2025:15:19:04 -0500] "GET /static/4486391 HTTP/1.1" 200 69043 "-" "Mozilla/5.0 (Linux; Android 6.0.1; Nexus 5X Build/MMB29P) AppleWebKit/537.36 (KHTML, like Gecko) Chrome/131.0.6778.264 Mobile Safari/537.36 (compatible; Googlebot/2.1; +http://www.google.com/bot.html)"
66.249.68.68 - - [11/Jan/2025:15:19:14 -0500] "GET /goods/1103101?keyword=%E3%82%B9%E3%83%9D%E3%83%BC%E3%83%84%E3%80%81%E3%83%AC%E3%82%B8%E3%83%A3%E3%83%BC HTTP/1.1" 200 71988 "-" "Mozilla/5.0 (Linux; Android 6.0.1; Nexus 5X Build/MMB29P) AppleWebKit/537.36 (KHTML, like Gecko) Chrome/131.0.6778.264 Mobile Safari/537.36 (compatible; Googlebot/2.1; +http://www.google.com/bot.html)"
66.249.68.67 - - [11/Jan/2025:15:19:16 -0500] "GET /static/2927354 HTTP/1.1" 200 68276 "-" "Mozilla/5.0 (Linux; Android 6.0.1; Nexus 5X Build/MMB29P) AppleWebKit/537.36 (KHTML, like Gecko) Chrome/131.0.6778.264 Mobile Safari/537.36 (compatible; Googlebot/2.1; +http://www.google.com/bot.html)"
66.249.68.67 - - [11/Jan/2025:15:19:31 -0500] "GET /goods/3498746?keyword=%E3%83%95%E3%82%A1%E3%83%83%E3%82%B7%E3%83%A7%E3%83%B3?keyword=%E3%82%B8%E3%83%A3%E3%83%B3%E3%83%9CGG HTTP/1.1" 200 67525 "-" "Mozilla/5.0 (Linux; Android 6.0.1; Nexus 5X Build/MMB29P) AppleWebKit/537.36 (KHTML, like Gecko) Chrome/131.0.6778.264 Mobile Safari/537.36 (compatible; Googlebot/2.1; +http://www.google.com/bot.html)"
66.249.68.67 - - [11/Jan/2025:15:19:33 -0500] "GET /static/4246419 HTTP/1.1" 200 68141 "-" "Mozilla/5.0 (Linux; Android 6.0.1; Nexus 5X Build/MMB29P) AppleWebKit/537.36 (KHTML, like Gecko) Chrome/131.0.6778.264 Mobile Safari/537.36 (compatible; Googlebot/2.1; +http://www.google.com/bot.html)"
66.249.79.4 - - [11/Jan/2025:15:19:40 -0500] "GET /goods/Z642277?k=product HTTP/1.1" 200 70339 "-" "Mozilla/5.0 (Linux; Android 6.0.1; Nexus 5X Build/MMB29P) AppleWebKit/537.36 (KHTML, like Gecko) Chrome/131.0.6778.264 Mobile Safari/537.36 (compatible; Googlebot/2.1; +http://www.google.com/bot.html)"
66.249.68.68 - - [11/Jan/2025:15:19:43 -0500] "GET /static/3646509?keyword=%E3%83%A1%E3%83%B3%E3%82%BA?keyword=%E3%82%B7%E3%83%AB%E3%83%90%E3%83%BC HTTP/1.1" 200 69417 "-" "Mozilla/5.0 (Linux; Android 6.0.1; Nexus 5X Build/MMB29P) AppleWebKit/537.36 (KHTML, like Gecko) Chrome/131.0.6778.264 Mobile Safari/537.36 (compatible; Googlebot/2.1; +http://www.google.com/bot.html)"
66.249.68.68 - - [11/Jan/2025:15:19:45 -0500] "GET /static/4046097 HTTP/1.1" 200 70114 "-" "Mozilla/5.0 (Linux; Android 6.0.1; Nexus 5X Build/MMB29P) AppleWebKit/537.36 (KHTML, like Gecko) Chrome/131.0.6778.264 Mobile Safari/537.36 (compatible; Googlebot/2.1; +http://www.google.com/bot.html)"
66.249.68.67 - - [11/Jan/2025:15:19:58 -0500] "GET /static/4541925?keyword=%E3%83%8F%E3%83%B3%E3%83%89%E3%83%A1%E3%82%A4%E3%83%89%E3%83%BB%E6%89%8B%E8%8A%B8 HTTP/1.1" 200 69065 "-" "Mozilla/5.0 (Linux; Android 6.0.1; Nexus 5X Build/MMB29P) AppleWebKit/537.36 (KHTML, like Gecko) Chrome/131.0.6778.264 Mobile Safari/537.36 (compatible; Googlebot/2.1; +http://www.google.com/bot.html)"
66.249.68.67 - - [11/Jan/2025:15:20:01 -0500] "GET /goods/3498746?keyword=%E3%83%95%E3%82%A1%E3%83%83%E3%82%B7%E3%83%A7%E3%83%B3?keyword=%EF%BC%88%E6%96%B0%E5%93%81%E3%83%BB%E6%9C%AA%E4%BD%BF%E7%94%A8%E5%93%81%EF%BC%89%E3%82%B0%E3%83%83%E3%83%81 HTTP/1.1" 200 68982 "-" "Mozilla/5.0 (Linux; Android 6.0.1; Nexus 5X Build/MMB29P) AppleWebKit/537.36 (KHTML, like Gecko) Chrome/131.0.6778.264 Mobile Safari/537.36 (compatible; Googlebot/2.1; +http://www.google.com/bot.html)"
66.249.68.67 - - [11/Jan/2025:15:20:06 -0500] "GET /static/4518220 HTTP/1.1" 200 73073 "-" "Mozilla/5.0 (Linux; Android 6.0.1; Nexus 5X Build/MMB29P) AppleWebKit/537.36 (KHTML, like Gecko) Chrome/131.0.6778.264 Mobile Safari/537.36 (compatible; Googlebot/2.1; +http://www.google.com/bot.html)"
66.249.68.67 - - [11/Jan/2025:15:20:20 -0500] "GET /goods/3498746?keyword=%E3%83%95%E3%82%A1%E3%83%83%E3%82%B7%E3%83%A7%E3%83%B3?keyword=%E3%83%95%E3%82%A1%E3%83%83%E3%82%B7%E3%83%A7%E3%83%B3 HTTP/1.1" 200 67755 "-" "Mozilla/5.0 (Linux; Android 6.0.1; Nexus 5X Build/MMB29P) AppleWebKit/537.36 (KHTML, like Gecko) Chrome/131.0.6778.264 Mobile Safari/537.36 (compatible; Googlebot/2.1; +http://www.google.com/bot.html)"
66.249.68.67 - - [11/Jan/2025:15:20:22 -0500] "GET /static/183987 HTTP/1.1" 200 69510 "-" "Mozilla/5.0 (Linux; Android 6.0.1; Nexus 5X Build/MMB29P) AppleWebKit/537.36 (KHTML, like Gecko) Chrome/131.0.6778.264 Mobile Safari/537.36 (compatible; Googlebot/2.1; +http://www.google.com/bot.html)"
66.249.68.67 - - [11/Jan/2025:15:20:28 -0500] "GET /static/4541925?keyword=%E6%89%8B%E8%8A%B8%E7%B4%A0%E6%9D%90%E3%83%BB%E6%9D%90%E6%96%99 HTTP/1.1" 200 68161 "-" "Mozilla/5.0 (Linux; Android 6.0.1; Nexus 5X Build/MMB29P) AppleWebKit/537.36 (KHTML, like Gecko) Chrome/131.0.6778.264 Mobile Safari/537.36 (compatible; Googlebot/2.1; +http://www.google.com/bot.html)"
194.32.122.41 - - [11/Jan/2025:15:18:43 -0500] "POST /register/ HTTP/1.0" 200 76060 "https://misswavenigeria.com/register/" "Mozilla/5.0 (Windows NT 10.0; Win64; x64) AppleWebKit/537.36 (KHTML, like Gecko) Chrome/103.0.5042.0 Safari/537.36"
66.29.132.124 - - [11/Jan/2025:15:20:31 -0500] "POST /wp-cron.php?doing_wp_cron=1736626831.6494810581207275390625 HTTP/1.1" 200 0 "-" "WordPress/6.7.1; https://misswavenigeria.com"
194.32.122.41 - - [11/Jan/2025:15:20:31 -0500] "GET /register/ HTTP/1.0" 200 75934 "https://misswavenigeria.com/" "Mozilla/5.0 (Windows NT 10.0; Win64; x64) AppleWebKit/537.36 (KHTML, like Gecko) Chrome/103.0.5042.0 Safari/537.36"
66.29.132.124 - - [11/Jan/2025:15:20:31 -0500] "POST /wp-admin/admin-ajax.php?action=async_litespeed&nonce=Yc1fXSvqeDWXpmeOgBPSKpyFjgCw7Icr&litespeed_type=imgoptm HTTP/1.1" 200 21 "-" "WordPress/6.7.1; https://misswavenigeria.com"
