94.72.112.56 - - [11/Jan/2025:05:48:32 -0500] "GET /hoot.php HTTP/1.1" 404 15345 "-" "Mozlila/5.0 (Linux; Android 7.0; SM-G892A Bulid/NRD90M; wv) AppleWebKit/537.36 (KHTML, like Gecko) Version/4.0 Chrome/60.0.3112.107 Moblie Safari/537.36"
52.167.144.187 - - [11/Jan/2025:05:48:35 -0500] "GET /lnsjm/g2645071.html HTTP/1.1" 200 70063 "-" "Mozilla/5.0 AppleWebKit/537.36 (KHTML, like Gecko; compatible; bingbot/2.0; +http://www.bing.com/bingbot.htm) Chrome/116.0.1938.76 Safari/537.36"
207.46.13.155 - - [11/Jan/2025:05:48:44 -0500] "GET /vhmxs/z2658142.html HTTP/1.1" 200 68289 "-" "Mozilla/5.0 AppleWebKit/537.36 (KHTML, like Gecko; compatible; bingbot/2.0; +http://www.bing.com/bingbot.htm) Chrome/116.0.1938.76 Safari/537.36"
207.46.13.155 - - [11/Jan/2025:05:48:46 -0500] "GET /wdzhh/u2541657.html HTTP/1.1" 200 67885 "-" "Mozilla/5.0 AppleWebKit/537.36 (KHTML, like Gecko; compatible; bingbot/2.0; +http://www.bing.com/bingbot.htm) Chrome/116.0.1938.76 Safari/537.36"
52.167.144.158 - - [11/Jan/2025:05:48:54 -0500] "GET /nkivn/z1743930.html HTTP/1.1" 200 68513 "-" "Mozilla/5.0 AppleWebKit/537.36 (KHTML, like Gecko; compatible; bingbot/2.0; +http://www.bing.com/bingbot.htm) Chrome/116.0.1938.76 Safari/537.36"
52.167.144.158 - - [11/Jan/2025:05:48:55 -0500] "GET /jiwqb/c2036797.html HTTP/1.1" 200 68784 "-" "Mozilla/5.0 AppleWebKit/537.36 (KHTML, like Gecko; compatible; bingbot/2.0; +http://www.bing.com/bingbot.htm) Chrome/116.0.1938.76 Safari/537.36"
157.55.39.55 - - [11/Jan/2025:05:49:02 -0500] "GET /ramst/e776839.html HTTP/1.1" 200 67607 "-" "Mozilla/5.0 AppleWebKit/537.36 (KHTML, like Gecko; compatible; bingbot/2.0; +http://www.bing.com/bingbot.htm) Chrome/116.0.1938.76 Safari/537.36"
207.46.13.155 - - [11/Jan/2025:05:49:03 -0500] "GET /zadka/m1582639.html HTTP/1.1" 200 70705 "-" "Mozilla/5.0 AppleWebKit/537.36 (KHTML, like Gecko; compatible; bingbot/2.0; +http://www.bing.com/bingbot.htm) Chrome/116.0.1938.76 Safari/537.36"
52.167.144.158 - - [11/Jan/2025:05:49:03 -0500] "GET /wrorq/t656214.html HTTP/1.1" 200 68120 "-" "Mozilla/5.0 AppleWebKit/537.36 (KHTML, like Gecko; compatible; bingbot/2.0; +http://www.bing.com/bingbot.htm) Chrome/116.0.1938.76 Safari/537.36"
157.55.39.55 - - [11/Jan/2025:05:49:04 -0500] "GET /ggjmh/m1274929.html HTTP/1.1" 200 67897 "-" "Mozilla/5.0 AppleWebKit/537.36 (KHTML, like Gecko; compatible; bingbot/2.0; +http://www.bing.com/bingbot.htm) Chrome/116.0.1938.76 Safari/537.36"
207.46.13.155 - - [11/Jan/2025:05:49:12 -0500] "GET /vrkau/f2420794.html HTTP/1.1" 200 68922 "-" "Mozilla/5.0 AppleWebKit/537.36 (KHTML, like Gecko; compatible; bingbot/2.0; +http://www.bing.com/bingbot.htm) Chrome/116.0.1938.76 Safari/537.36"
207.46.13.155 - - [11/Jan/2025:05:49:13 -0500] "GET /iigfy/l1255714.html HTTP/1.1" 200 70183 "-" "Mozilla/5.0 AppleWebKit/537.36 (KHTML, like Gecko; compatible; bingbot/2.0; +http://www.bing.com/bingbot.htm) Chrome/116.0.1938.76 Safari/537.36"
52.167.144.158 - - [11/Jan/2025:05:49:24 -0500] "GET /pxsym/o2247253.html HTTP/1.1" 200 68029 "-" "Mozilla/5.0 AppleWebKit/537.36 (KHTML, like Gecko; compatible; bingbot/2.0; +http://www.bing.com/bingbot.htm) Chrome/116.0.1938.76 Safari/537.36"
52.167.144.158 - - [11/Jan/2025:05:49:25 -0500] "GET /fasbb/e2414085.html HTTP/1.1" 200 69699 "-" "Mozilla/5.0 AppleWebKit/537.36 (KHTML, like Gecko; compatible; bingbot/2.0; +http://www.bing.com/bingbot.htm) Chrome/116.0.1938.76 Safari/537.36"
52.167.144.187 - - [11/Jan/2025:05:49:25 -0500] "GET /pyzwt/e1100253.html HTTP/1.1" 200 68878 "-" "Mozilla/5.0 AppleWebKit/537.36 (KHTML, like Gecko; compatible; bingbot/2.0; +http://www.bing.com/bingbot.htm) Chrome/116.0.1938.76 Safari/537.36"
52.167.144.158 - - [11/Jan/2025:05:49:26 -0500] "GET /aiqxx/h2836978.html HTTP/1.1" 200 69792 "-" "Mozilla/5.0 AppleWebKit/537.36 (KHTML, like Gecko; compatible; bingbot/2.0; +http://www.bing.com/bingbot.htm) Chrome/116.0.1938.76 Safari/537.36"
52.167.144.158 - - [11/Jan/2025:05:49:28 -0500] "GET /mueyl/w2022283.html HTTP/1.1" 200 68333 "-" "Mozilla/5.0 AppleWebKit/537.36 (KHTML, like Gecko; compatible; bingbot/2.0; +http://www.bing.com/bingbot.htm) Chrome/116.0.1938.76 Safari/537.36"
52.167.144.158 - - [11/Jan/2025:05:49:29 -0500] "GET /eqwjq/w2731667.html HTTP/1.1" 200 68785 "-" "Mozilla/5.0 AppleWebKit/537.36 (KHTML, like Gecko; compatible; bingbot/2.0; +http://www.bing.com/bingbot.htm) Chrome/116.0.1938.76 Safari/537.36"
207.46.13.155 - - [11/Jan/2025:05:49:32 -0500] "GET /tuweh/t2416934.html HTTP/1.1" 200 68334 "-" "Mozilla/5.0 AppleWebKit/537.36 (KHTML, like Gecko; compatible; bingbot/2.0; +http://www.bing.com/bingbot.htm) Chrome/116.0.1938.76 Safari/537.36"
157.55.39.55 - - [11/Jan/2025:05:49:33 -0500] "GET /hqtdu/c1264337.html HTTP/1.1" 200 69244 "-" "Mozilla/5.0 AppleWebKit/537.36 (KHTML, like Gecko; compatible; bingbot/2.0; +http://www.bing.com/bingbot.htm) Chrome/116.0.1938.76 Safari/537.36"
66.29.132.124 - - [11/Jan/2025:05:49:36 -0500] "POST /wp-cron.php?doing_wp_cron=1736592575.9548010826110839843750 HTTP/1.1" 200 0 "-" "WordPress/6.7.1; https://diixadigital.com"
94.72.112.56 - - [11/Jan/2025:05:49:35 -0500] "GET /about.php HTTP/1.1" 404 15345 "-" "Mozlila/5.0 (Linux; Android 7.0; SM-G892A Bulid/NRD90M; wv) AppleWebKit/537.36 (KHTML, like Gecko) Version/4.0 Chrome/60.0.3112.107 Moblie Safari/537.36"
40.77.167.7 - - [11/Jan/2025:05:49:35 -0500] "GET /qwccj/p2821672.html HTTP/1.1" 200 68123 "-" "Mozilla/5.0 AppleWebKit/537.36 (KHTML, like Gecko; compatible; bingbot/2.0; +http://www.bing.com/bingbot.htm) Chrome/116.0.1938.76 Safari/537.36"
66.29.132.124 - - [11/Jan/2025:05:49:36 -0500] "POST /wp-admin/admin-ajax.php?action=async_litespeed&nonce=iMUTgZLJafwT10fN85gaTpt2OYD4bKHY&litespeed_type=imgoptm HTTP/1.1" 200 21 "-" "WordPress/6.7.1; https://diixadigital.com"
52.167.144.158 - - [11/Jan/2025:05:49:43 -0500] "GET /enkcl/t1410084.html HTTP/1.1" 200 67664 "-" "Mozilla/5.0 AppleWebKit/537.36 (KHTML, like Gecko; compatible; bingbot/2.0; +http://www.bing.com/bingbot.htm) Chrome/116.0.1938.76 Safari/537.36"
52.167.144.158 - - [11/Jan/2025:05:49:44 -0500] "GET /ncrws/c1521529.html HTTP/1.1" 200 72429 "-" "Mozilla/5.0 AppleWebKit/537.36 (KHTML, like Gecko; compatible; bingbot/2.0; +http://www.bing.com/bingbot.htm) Chrome/116.0.1938.76 Safari/537.36"
52.167.144.158 - - [11/Jan/2025:05:49:45 -0500] "GET /pevys/u1633893.html HTTP/1.1" 200 70216 "-" "Mozilla/5.0 AppleWebKit/537.36 (KHTML, like Gecko; compatible; bingbot/2.0; +http://www.bing.com/bingbot.htm) Chrome/116.0.1938.76 Safari/537.36"
157.55.39.55 - - [11/Jan/2025:05:49:53 -0500] "GET /hooqc/h1294242.html HTTP/1.1" 200 67666 "-" "Mozilla/5.0 AppleWebKit/537.36 (KHTML, like Gecko; compatible; bingbot/2.0; +http://www.bing.com/bingbot.htm) Chrome/116.0.1938.76 Safari/537.36"
157.55.39.55 - - [11/Jan/2025:05:49:55 -0500] "GET /ndzva/t1071772.html HTTP/1.1" 200 71905 "-" "Mozilla/5.0 AppleWebKit/537.36 (KHTML, like Gecko; compatible; bingbot/2.0; +http://www.bing.com/bingbot.htm) Chrome/116.0.1938.76 Safari/537.36"
52.167.144.158 - - [11/Jan/2025:05:50:05 -0500] "GET /mzdmp/q2880693.html HTTP/1.1" 200 68249 "-" "Mozilla/5.0 AppleWebKit/537.36 (KHTML, like Gecko; compatible; bingbot/2.0; +http://www.bing.com/bingbot.htm) Chrome/116.0.1938.76 Safari/537.36"
66.29.132.124 - - [11/Jan/2025:05:50:08 -0500] "POST /wp-cron.php?doing_wp_cron=1736592608.4985420703887939453125 HTTP/1.1" 200 0 "-" "WordPress/6.7.1; https://diixadigital.com"
94.72.112.56 - - [11/Jan/2025:05:50:07 -0500] "GET /admin.php HTTP/1.1" 404 15345 "-" "Mozlila/5.0 (Linux; Android 7.0; SM-G892A Bulid/NRD90M; wv) AppleWebKit/537.36 (KHTML, like Gecko) Version/4.0 Chrome/60.0.3112.107 Moblie Safari/537.36"
66.29.132.124 - - [11/Jan/2025:05:50:09 -0500] "POST /wp-admin/admin-ajax.php?action=async_litespeed&nonce=teaNFOwmYUW7snREHWRss1ld8bGcdCz6&litespeed_type=imgoptm HTTP/1.1" 200 21 "-" "WordPress/6.7.1; https://diixadigital.com"
52.167.144.158 - - [11/Jan/2025:05:50:11 -0500] "GET /mtkcu/g3054779.html HTTP/1.1" 200 68673 "-" "Mozilla/5.0 AppleWebKit/537.36 (KHTML, like Gecko; compatible; bingbot/2.0; +http://www.bing.com/bingbot.htm) Chrome/116.0.1938.76 Safari/537.36"
157.55.39.55 - - [11/Jan/2025:05:50:15 -0500] "GET /awsux/p1779046.html HTTP/1.1" 200 69765 "-" "Mozilla/5.0 AppleWebKit/537.36 (KHTML, like Gecko; compatible; bingbot/2.0; +http://www.bing.com/bingbot.htm) Chrome/116.0.1938.76 Safari/537.36"
52.167.144.187 - - [11/Jan/2025:05:50:16 -0500] "GET /acteq/c409717.html HTTP/1.1" 200 68086 "-" "Mozilla/5.0 AppleWebKit/537.36 (KHTML, like Gecko; compatible; bingbot/2.0; +http://www.bing.com/bingbot.htm) Chrome/116.0.1938.76 Safari/537.36"
52.167.144.187 - - [11/Jan/2025:05:50:18 -0500] "GET /ryeoo/w600421.html HTTP/1.1" 200 67705 "-" "Mozilla/5.0 AppleWebKit/537.36 (KHTML, like Gecko; compatible; bingbot/2.0; +http://www.bing.com/bingbot.htm) Chrome/116.0.1938.76 Safari/537.36"
52.167.144.158 - - [11/Jan/2025:05:50:25 -0500] "GET /hdknq/b1329388.html HTTP/1.1" 200 69245 "-" "Mozilla/5.0 AppleWebKit/537.36 (KHTML, like Gecko; compatible; bingbot/2.0; +http://www.bing.com/bingbot.htm) Chrome/116.0.1938.76 Safari/537.36"
157.55.39.55 - - [11/Jan/2025:05:50:35 -0500] "GET /rmzlj/y414861.html HTTP/1.1" 200 69453 "-" "Mozilla/5.0 AppleWebKit/537.36 (KHTML, like Gecko; compatible; bingbot/2.0; +http://www.bing.com/bingbot.htm) Chrome/116.0.1938.76 Safari/537.36"
207.46.13.155 - - [11/Jan/2025:05:50:35 -0500] "GET /ivvuo/u1603031.html HTTP/1.1" 200 71535 "-" "Mozilla/5.0 AppleWebKit/537.36 (KHTML, like Gecko; compatible; bingbot/2.0; +http://www.bing.com/bingbot.htm) Chrome/116.0.1938.76 Safari/537.36"
52.167.144.187 - - [11/Jan/2025:05:50:37 -0500] "GET /kebfr/t1724918.html HTTP/1.1" 200 69145 "-" "Mozilla/5.0 AppleWebKit/537.36 (KHTML, like Gecko; compatible; bingbot/2.0; +http://www.bing.com/bingbot.htm) Chrome/116.0.1938.76 Safari/537.36"
40.77.167.7 - - [11/Jan/2025:05:50:46 -0500] "GET /ylavz/q831867.html HTTP/1.1" 200 68237 "-" "Mozilla/5.0 AppleWebKit/537.36 (KHTML, like Gecko; compatible; bingbot/2.0; +http://www.bing.com/bingbot.htm) Chrome/116.0.1938.76 Safari/537.36"
40.77.167.7 - - [11/Jan/2025:05:50:48 -0500] "GET /dmvuu/g606983.html HTTP/1.1" 200 68133 "-" "Mozilla/5.0 AppleWebKit/537.36 (KHTML, like Gecko; compatible; bingbot/2.0; +http://www.bing.com/bingbot.htm) Chrome/116.0.1938.76 Safari/537.36"
66.29.132.124 - - [11/Jan/2025:05:50:56 -0500] "POST /wp-cron.php?doing_wp_cron=1736592656.6968510150909423828125 HTTP/1.1" 200 0 "-" "WordPress/6.7.1; https://diixadigital.com"
207.46.13.155 - - [11/Jan/2025:05:50:55 -0500] "GET /sjcey/m2078563.html HTTP/1.1" 200 69021 "-" "Mozilla/5.0 AppleWebKit/537.36 (KHTML, like Gecko; compatible; bingbot/2.0; +http://www.bing.com/bingbot.htm) Chrome/116.0.1938.76 Safari/537.36"
52.167.144.158 - - [11/Jan/2025:05:50:55 -0500] "GET /hgoyo/e444351.html HTTP/1.1" 200 67732 "-" "Mozilla/5.0 AppleWebKit/537.36 (KHTML, like Gecko; compatible; bingbot/2.0; +http://www.bing.com/bingbot.htm) Chrome/116.0.1938.76 Safari/537.36"
94.72.112.56 - - [11/Jan/2025:05:50:55 -0500] "GET /wp-content/plugins/admin.php HTTP/1.1" 404 15344 "-" "Mozlila/5.0 (Linux; Android 7.0; SM-G892A Bulid/NRD90M; wv) AppleWebKit/537.36 (KHTML, like Gecko) Version/4.0 Chrome/60.0.3112.107 Moblie Safari/537.36"
66.29.132.124 - - [11/Jan/2025:05:50:57 -0500] "POST /wp-admin/admin-ajax.php?action=async_litespeed&nonce=iUgskH74FkCLeEMIliZP18OYifjVglfI&litespeed_type=imgoptm HTTP/1.1" 200 21 "-" "WordPress/6.7.1; https://diixadigital.com"
207.46.13.155 - - [11/Jan/2025:05:50:57 -0500] "GET /ilnvk/n2441706.html HTTP/1.1" 200 67384 "-" "Mozilla/5.0 AppleWebKit/537.36 (KHTML, like Gecko; compatible; bingbot/2.0; +http://www.bing.com/bingbot.htm) Chrome/116.0.1938.76 Safari/537.36"
207.46.13.155 - - [11/Jan/2025:05:50:58 -0500] "GET /zuosa/m2490507.html HTTP/1.1" 200 68543 "-" "Mozilla/5.0 AppleWebKit/537.36 (KHTML, like Gecko; compatible; bingbot/2.0; +http://www.bing.com/bingbot.htm) Chrome/116.0.1938.76 Safari/537.36"
207.46.13.155 - - [11/Jan/2025:05:51:00 -0500] "GET /nqhzv/a3014863.html HTTP/1.1" 200 69548 "-" "Mozilla/5.0 AppleWebKit/537.36 (KHTML, like Gecko; compatible; bingbot/2.0; +http://www.bing.com/bingbot.htm) Chrome/116.0.1938.76 Safari/537.36"
52.167.144.194 - - [11/Jan/2025:05:51:06 -0500] "GET /ajzfw/p629040.html HTTP/1.1" 200 68865 "-" "Mozilla/5.0 AppleWebKit/537.36 (KHTML, like Gecko; compatible; bingbot/2.0; +http://www.bing.com/bingbot.htm) Chrome/116.0.1938.76 Safari/537.36"
40.77.167.56 - - [11/Jan/2025:05:51:06 -0500] "GET /zquec/r2708106.html HTTP/1.1" 200 69820 "-" "Mozilla/5.0 AppleWebKit/537.36 (KHTML, like Gecko; compatible; bingbot/2.0; +http://www.bing.com/bingbot.htm) Chrome/116.0.1938.76 Safari/537.36"
40.77.167.56 - - [11/Jan/2025:05:51:15 -0500] "GET /onnom/y3004747.html HTTP/1.1" 200 68568 "-" "Mozilla/5.0 AppleWebKit/537.36 (KHTML, like Gecko; compatible; bingbot/2.0; +http://www.bing.com/bingbot.htm) Chrome/116.0.1938.76 Safari/537.36"
52.167.144.158 - - [11/Jan/2025:05:51:16 -0500] "GET /smlgj/v1046606.html HTTP/1.1" 200 70520 "-" "Mozilla/5.0 AppleWebKit/537.36 (KHTML, like Gecko; compatible; bingbot/2.0; +http://www.bing.com/bingbot.htm) Chrome/116.0.1938.76 Safari/537.36"
207.46.13.155 - - [11/Jan/2025:05:51:17 -0500] "GET /ktelu/u435501.html HTTP/1.1" 200 68103 "-" "Mozilla/5.0 AppleWebKit/537.36 (KHTML, like Gecko; compatible; bingbot/2.0; +http://www.bing.com/bingbot.htm) Chrome/116.0.1938.76 Safari/537.36"
157.55.39.55 - - [11/Jan/2025:05:51:23 -0500] "GET /uktcy/p1815316.html HTTP/1.1" 200 70620 "-" "Mozilla/5.0 AppleWebKit/537.36 (KHTML, like Gecko; compatible; bingbot/2.0; +http://www.bing.com/bingbot.htm) Chrome/116.0.1938.76 Safari/537.36"
40.77.167.65 - - [11/Jan/2025:05:51:25 -0500] "GET /ndsfb/y2646077.html HTTP/1.1" 200 67880 "-" "Mozilla/5.0 AppleWebKit/537.36 (KHTML, like Gecko; compatible; bingbot/2.0; +http://www.bing.com/bingbot.htm) Chrome/116.0.1938.76 Safari/537.36"
40.77.167.65 - - [11/Jan/2025:05:51:27 -0500] "GET /sfzex/d2304988.html HTTP/1.1" 200 70691 "-" "Mozilla/5.0 AppleWebKit/537.36 (KHTML, like Gecko; compatible; bingbot/2.0; +http://www.bing.com/bingbot.htm) Chrome/116.0.1938.76 Safari/537.36"
52.167.144.207 - - [11/Jan/2025:05:51:28 -0500] "GET /htitq/a1367867.html HTTP/1.1" 200 68884 "-" "Mozilla/5.0 AppleWebKit/537.36 (KHTML, like Gecko; compatible; bingbot/2.0; +http://www.bing.com/bingbot.htm) Chrome/116.0.1938.76 Safari/537.36"
40.77.167.65 - - [11/Jan/2025:05:51:28 -0500] "GET /jghzd/n2246784.html HTTP/1.1" 200 68774 "-" "Mozilla/5.0 AppleWebKit/537.36 (KHTML, like Gecko; compatible; bingbot/2.0; +http://www.bing.com/bingbot.htm) Chrome/116.0.1938.76 Safari/537.36"
40.77.167.65 - - [11/Jan/2025:05:51:29 -0500] "GET /ocxbr/k2176139.html HTTP/1.1" 200 69539 "-" "Mozilla/5.0 AppleWebKit/537.36 (KHTML, like Gecko; compatible; bingbot/2.0; +http://www.bing.com/bingbot.htm) Chrome/116.0.1938.76 Safari/537.36"
52.167.144.194 - - [11/Jan/2025:05:51:29 -0500] "GET /mdbev/o2623499.html HTTP/1.1" 200 72451 "-" "Mozilla/5.0 AppleWebKit/537.36 (KHTML, like Gecko; compatible; bingbot/2.0; +http://www.bing.com/bingbot.htm) Chrome/116.0.1938.76 Safari/537.36"
52.167.144.194 - - [11/Jan/2025:05:51:36 -0500] "GET /tqvaq/c943107.html HTTP/1.1" 200 67884 "-" "Mozilla/5.0 AppleWebKit/537.36 (KHTML, like Gecko; compatible; bingbot/2.0; +http://www.bing.com/bingbot.htm) Chrome/116.0.1938.76 Safari/537.36"
207.46.13.155 - - [11/Jan/2025:05:51:47 -0500] "GET /cwqie/q2902585.html HTTP/1.1" 200 70089 "-" "Mozilla/5.0 AppleWebKit/537.36 (KHTML, like Gecko; compatible; bingbot/2.0; +http://www.bing.com/bingbot.htm) Chrome/116.0.1938.76 Safari/537.36"
52.167.144.207 - - [11/Jan/2025:05:51:50 -0500] "GET /cvcei/k1030787.html HTTP/1.1" 200 70094 "-" "Mozilla/5.0 AppleWebKit/537.36 (KHTML, like Gecko; compatible; bingbot/2.0; +http://www.bing.com/bingbot.htm) Chrome/116.0.1938.76 Safari/537.36"
66.249.68.34 - - [11/Jan/2025:05:51:52 -0500] "GET /gepti/u570883.html HTTP/1.1" 200 68076 "-" "Mozilla/5.0 (Linux; Android 6.0.1; Nexus 5X Build/MMB29P) AppleWebKit/537.36 (KHTML, like Gecko) Chrome/131.0.6778.264 Mobile Safari/537.36 (compatible; Googlebot/2.1; +http://www.google.com/bot.html)"
66.29.132.124 - - [11/Jan/2025:05:51:55 -0500] "POST /wp-cron.php?doing_wp_cron=1736592715.5066409111022949218750 HTTP/1.1" 200 0 "-" "WordPress/6.7.1; https://diixadigital.com"
94.72.112.56 - - [11/Jan/2025:05:51:54 -0500] "GET /wp-content/db-cache.php HTTP/1.1" 404 15339 "-" "Mozlila/5.0 (Linux; Android 7.0; SM-G892A Bulid/NRD90M; wv) AppleWebKit/537.36 (KHTML, like Gecko) Version/4.0 Chrome/60.0.3112.107 Moblie Safari/537.36"
66.29.132.124 - - [11/Jan/2025:05:51:56 -0500] "POST /wp-admin/admin-ajax.php?action=async_litespeed&nonce=0WkY1OSQM8sonGx4lyu0m3jjzpqSBDGY&litespeed_type=imgoptm HTTP/1.1" 200 21 "-" "WordPress/6.7.1; https://diixadigital.com"
52.167.144.207 - - [11/Jan/2025:05:51:56 -0500] "GET /pfzct/f1138214.html HTTP/1.1" 200 69005 "-" "Mozilla/5.0 AppleWebKit/537.36 (KHTML, like Gecko; compatible; bingbot/2.0; +http://www.bing.com/bingbot.htm) Chrome/116.0.1938.76 Safari/537.36"
207.46.13.155 - - [11/Jan/2025:05:52:05 -0500] "GET /snckk/s2137381.html HTTP/1.1" 200 68177 "-" "Mozilla/5.0 AppleWebKit/537.36 (KHTML, like Gecko; compatible; bingbot/2.0; +http://www.bing.com/bingbot.htm) Chrome/116.0.1938.76 Safari/537.36"
40.77.167.56 - - [11/Jan/2025:05:52:06 -0500] "GET /bpnuv/y1062079.html HTTP/1.1" 200 67531 "-" "Mozilla/5.0 AppleWebKit/537.36 (KHTML, like Gecko; compatible; bingbot/2.0; +http://www.bing.com/bingbot.htm) Chrome/116.0.1938.76 Safari/537.36"
40.77.167.65 - - [11/Jan/2025:05:52:06 -0500] "GET /clxfq/l3045606.html HTTP/1.1" 200 69038 "-" "Mozilla/5.0 AppleWebKit/537.36 (KHTML, like Gecko; compatible; bingbot/2.0; +http://www.bing.com/bingbot.htm) Chrome/116.0.1938.76 Safari/537.36"
40.77.167.56 - - [11/Jan/2025:05:52:09 -0500] "GET /nsyrq/a2391435.html HTTP/1.1" 200 67836 "-" "Mozilla/5.0 AppleWebKit/537.36 (KHTML, like Gecko; compatible; bingbot/2.0; +http://www.bing.com/bingbot.htm) Chrome/116.0.1938.76 Safari/537.36"
52.167.144.194 - - [11/Jan/2025:05:52:10 -0500] "GET /rhche/h2628536.html HTTP/1.1" 200 68777 "-" "Mozilla/5.0 AppleWebKit/537.36 (KHTML, like Gecko; compatible; bingbot/2.0; +http://www.bing.com/bingbot.htm) Chrome/116.0.1938.76 Safari/537.36"
52.167.144.194 - - [11/Jan/2025:05:52:12 -0500] "GET /xczsr/a646809.html HTTP/1.1" 200 69082 "-" "Mozilla/5.0 AppleWebKit/537.36 (KHTML, like Gecko; compatible; bingbot/2.0; +http://www.bing.com/bingbot.htm) Chrome/116.0.1938.76 Safari/537.36"
207.46.13.155 - - [11/Jan/2025:05:52:15 -0500] "GET /sorlz/v2473330.html HTTP/1.1" 200 67439 "-" "Mozilla/5.0 AppleWebKit/537.36 (KHTML, like Gecko; compatible; bingbot/2.0; +http://www.bing.com/bingbot.htm) Chrome/116.0.1938.76 Safari/537.36"
207.46.13.155 - - [11/Jan/2025:05:52:16 -0500] "GET /vamtg/j264956.html HTTP/1.1" 200 69425 "-" "Mozilla/5.0 AppleWebKit/537.36 (KHTML, like Gecko; compatible; bingbot/2.0; +http://www.bing.com/bingbot.htm) Chrome/116.0.1938.76 Safari/537.36"
52.167.144.207 - - [11/Jan/2025:05:52:27 -0500] "GET /mjwag/i2823901.html HTTP/1.1" 200 67994 "-" "Mozilla/5.0 AppleWebKit/537.36 (KHTML, like Gecko; compatible; bingbot/2.0; +http://www.bing.com/bingbot.htm) Chrome/116.0.1938.76 Safari/537.36"
40.77.167.56 - - [11/Jan/2025:05:52:27 -0500] "GET /sdgza/b2491718.html HTTP/1.1" 200 68998 "-" "Mozilla/5.0 AppleWebKit/537.36 (KHTML, like Gecko; compatible; bingbot/2.0; +http://www.bing.com/bingbot.htm) Chrome/116.0.1938.76 Safari/537.36"
52.167.144.207 - - [11/Jan/2025:05:52:28 -0500] "GET /sbhby/i474281.html HTTP/1.1" 200 69715 "-" "Mozilla/5.0 AppleWebKit/537.36 (KHTML, like Gecko; compatible; bingbot/2.0; +http://www.bing.com/bingbot.htm) Chrome/116.0.1938.76 Safari/537.36"
40.77.167.65 - - [11/Jan/2025:05:52:28 -0500] "GET /eslzq/r2882878.html HTTP/1.1" 200 68261 "-" "Mozilla/5.0 AppleWebKit/537.36 (KHTML, like Gecko; compatible; bingbot/2.0; +http://www.bing.com/bingbot.htm) Chrome/116.0.1938.76 Safari/537.36"
40.77.167.65 - - [11/Jan/2025:05:52:30 -0500] "GET /kcynr/o2942233.html HTTP/1.1" 200 68784 "-" "Mozilla/5.0 AppleWebKit/537.36 (KHTML, like Gecko; compatible; bingbot/2.0; +http://www.bing.com/bingbot.htm) Chrome/116.0.1938.76 Safari/537.36"
40.77.167.65 - - [11/Jan/2025:05:52:31 -0500] "GET /kjbbx/b343832.html HTTP/1.1" 200 70270 "-" "Mozilla/5.0 AppleWebKit/537.36 (KHTML, like Gecko; compatible; bingbot/2.0; +http://www.bing.com/bingbot.htm) Chrome/116.0.1938.76 Safari/537.36"
40.77.167.65 - - [11/Jan/2025:05:52:33 -0500] "GET /cuxxu/d322436.html HTTP/1.1" 200 68547 "-" "Mozilla/5.0 AppleWebKit/537.36 (KHTML, like Gecko; compatible; bingbot/2.0; +http://www.bing.com/bingbot.htm) Chrome/116.0.1938.76 Safari/537.36"
207.46.13.155 - - [11/Jan/2025:05:52:46 -0500] "GET /ekkik/z2389120.html HTTP/1.1" 200 81172 "-" "Mozilla/5.0 AppleWebKit/537.36 (KHTML, like Gecko; compatible; bingbot/2.0; +http://www.bing.com/bingbot.htm) Chrome/116.0.1938.76 Safari/537.36"
207.46.13.155 - - [11/Jan/2025:05:52:47 -0500] "GET /mhsbd/n2425300.html HTTP/1.1" 200 67309 "-" "Mozilla/5.0 AppleWebKit/537.36 (KHTML, like Gecko; compatible; bingbot/2.0; +http://www.bing.com/bingbot.htm) Chrome/116.0.1938.76 Safari/537.36"
40.77.167.56 - - [11/Jan/2025:05:52:48 -0500] "GET /rsaju/g379379.html HTTP/1.1" 200 68447 "-" "Mozilla/5.0 AppleWebKit/537.36 (KHTML, like Gecko; compatible; bingbot/2.0; +http://www.bing.com/bingbot.htm) Chrome/116.0.1938.76 Safari/537.36"
207.46.13.155 - - [11/Jan/2025:05:52:49 -0500] "GET /yypqu/m2647859.html HTTP/1.1" 200 71367 "-" "Mozilla/5.0 AppleWebKit/537.36 (KHTML, like Gecko; compatible; bingbot/2.0; +http://www.bing.com/bingbot.htm) Chrome/116.0.1938.76 Safari/537.36"
40.77.167.65 - - [11/Jan/2025:05:52:51 -0500] "GET /ftjgd/g1589575.html HTTP/1.1" 200 71605 "-" "Mozilla/5.0 AppleWebKit/537.36 (KHTML, like Gecko; compatible; bingbot/2.0; +http://www.bing.com/bingbot.htm) Chrome/116.0.1938.76 Safari/537.36"
52.167.144.207 - - [11/Jan/2025:05:52:52 -0500] "GET /jgoro/n718400.html HTTP/1.1" 200 69531 "-" "Mozilla/5.0 AppleWebKit/537.36 (KHTML, like Gecko; compatible; bingbot/2.0; +http://www.bing.com/bingbot.htm) Chrome/116.0.1938.76 Safari/537.36"
40.77.167.65 - - [11/Jan/2025:05:52:53 -0500] "GET /xceun/v1393758.html HTTP/1.1" 200 67373 "-" "Mozilla/5.0 AppleWebKit/537.36 (KHTML, like Gecko; compatible; bingbot/2.0; +http://www.bing.com/bingbot.htm) Chrome/116.0.1938.76 Safari/537.36"
66.29.132.124 - - [11/Jan/2025:05:52:55 -0500] "POST /wp-cron.php?doing_wp_cron=1736592775.6622929573059082031250 HTTP/1.1" 200 0 "-" "WordPress/6.7.1; https://diixadigital.com"
94.72.112.56 - - [11/Jan/2025:05:52:55 -0500] "GET /wp-content/themes/twentyeleven/functions.php HTTP/1.1" 404 15345 "-" "Mozlila/5.0 (Linux; Android 7.0; SM-G892A Bulid/NRD90M; wv) AppleWebKit/537.36 (KHTML, like Gecko) Version/4.0 Chrome/60.0.3112.107 Moblie Safari/537.36"
66.29.132.124 - - [11/Jan/2025:05:52:56 -0500] "POST /wp-admin/admin-ajax.php?action=async_litespeed&nonce=VsavwyA6g0NtDU7u6XH8AWILOeS5radt&litespeed_type=imgoptm HTTP/1.1" 200 21 "-" "WordPress/6.7.1; https://diixadigital.com"
157.55.39.55 - - [11/Jan/2025:05:53:16 -0500] "GET /qokhz/p1406050.html HTTP/1.1" 200 70945 "-" "Mozilla/5.0 AppleWebKit/537.36 (KHTML, like Gecko; compatible; bingbot/2.0; +http://www.bing.com/bingbot.htm) Chrome/116.0.1938.76 Safari/537.36"
52.167.144.207 - - [11/Jan/2025:05:53:20 -0500] "GET /qbxxz/c1003037.html HTTP/1.1" 200 70254 "-" "Mozilla/5.0 AppleWebKit/537.36 (KHTML, like Gecko; compatible; bingbot/2.0; +http://www.bing.com/bingbot.htm) Chrome/116.0.1938.76 Safari/537.36"
52.167.144.207 - - [11/Jan/2025:05:53:22 -0500] "GET /cxmso/j1496836.html HTTP/1.1" 200 68012 "-" "Mozilla/5.0 AppleWebKit/537.36 (KHTML, like Gecko; compatible; bingbot/2.0; +http://www.bing.com/bingbot.htm) Chrome/116.0.1938.76 Safari/537.36"
157.55.39.55 - - [11/Jan/2025:05:53:22 -0500] "GET /vhndg/s1954341.html HTTP/1.1" 200 68021 "-" "Mozilla/5.0 AppleWebKit/537.36 (KHTML, like Gecko; compatible; bingbot/2.0; +http://www.bing.com/bingbot.htm) Chrome/116.0.1938.76 Safari/537.36"
157.55.39.55 - - [11/Jan/2025:05:53:23 -0500] "GET /iidge/g1139437.html HTTP/1.1" 200 69169 "-" "Mozilla/5.0 AppleWebKit/537.36 (KHTML, like Gecko; compatible; bingbot/2.0; +http://www.bing.com/bingbot.htm) Chrome/116.0.1938.76 Safari/537.36"
52.167.144.194 - - [11/Jan/2025:05:53:27 -0500] "GET /xiufr/o2834931.html HTTP/1.1" 200 69447 "-" "Mozilla/5.0 AppleWebKit/537.36 (KHTML, like Gecko; compatible; bingbot/2.0; +http://www.bing.com/bingbot.htm) Chrome/116.0.1938.76 Safari/537.36"
52.167.144.194 - - [11/Jan/2025:05:53:29 -0500] "GET /ociaz/o1115785.html HTTP/1.1" 200 69450 "-" "Mozilla/5.0 AppleWebKit/537.36 (KHTML, like Gecko; compatible; bingbot/2.0; +http://www.bing.com/bingbot.htm) Chrome/116.0.1938.76 Safari/537.36"
52.167.144.194 - - [11/Jan/2025:05:53:30 -0500] "GET /funam/d462082.html HTTP/1.1" 200 72776 "-" "Mozilla/5.0 AppleWebKit/537.36 (KHTML, like Gecko; compatible; bingbot/2.0; +http://www.bing.com/bingbot.htm) Chrome/116.0.1938.76 Safari/537.36"
66.29.132.124 - - [11/Jan/2025:05:53:33 -0500] "POST /wp-cron.php?doing_wp_cron=1736592813.0466461181640625000000 HTTP/1.1" 200 0 "-" "WordPress/6.7.1; https://diixadigital.com"
94.72.112.56 - - [11/Jan/2025:05:53:32 -0500] "GET /wp-content/themes/oceanwp/functions.php HTTP/1.1" 404 15345 "-" "Mozlila/5.0 (Linux; Android 7.0; SM-G892A Bulid/NRD90M; wv) AppleWebKit/537.36 (KHTML, like Gecko) Version/4.0 Chrome/60.0.3112.107 Moblie Safari/537.36"
207.46.13.155 - - [11/Jan/2025:05:53:36 -0500] "GET /eyabm/v2063752.html HTTP/1.1" 200 71701 "-" "Mozilla/5.0 AppleWebKit/537.36 (KHTML, like Gecko; compatible; bingbot/2.0; +http://www.bing.com/bingbot.htm) Chrome/116.0.1938.76 Safari/537.36"
40.77.167.56 - - [11/Jan/2025:05:53:45 -0500] "GET /ykted/k280973.html HTTP/1.1" 200 69934 "-" "Mozilla/5.0 AppleWebKit/537.36 (KHTML, like Gecko; compatible; bingbot/2.0; +http://www.bing.com/bingbot.htm) Chrome/116.0.1938.76 Safari/537.36"
40.77.167.65 - - [11/Jan/2025:05:53:51 -0500] "GET /xiuqe/g2127333.html HTTP/1.1" 200 68035 "-" "Mozilla/5.0 AppleWebKit/537.36 (KHTML, like Gecko; compatible; bingbot/2.0; +http://www.bing.com/bingbot.htm) Chrome/116.0.1938.76 Safari/537.36"
207.46.13.155 - - [11/Jan/2025:05:53:55 -0500] "GET /pyddc/h947402.html HTTP/1.1" 200 70728 "-" "Mozilla/5.0 AppleWebKit/537.36 (KHTML, like Gecko; compatible; bingbot/2.0; +http://www.bing.com/bingbot.htm) Chrome/116.0.1938.76 Safari/537.36"
40.77.167.56 - - [11/Jan/2025:05:54:00 -0500] "GET /feqrs/j2923456.html HTTP/1.1" 200 67689 "-" "Mozilla/5.0 AppleWebKit/537.36 (KHTML, like Gecko; compatible; bingbot/2.0; +http://www.bing.com/bingbot.htm) Chrome/116.0.1938.76 Safari/537.36"
66.29.132.124 - - [11/Jan/2025:05:54:04 -0500] "POST /wp-cron.php?doing_wp_cron=1736592844.7697780132293701171875 HTTP/1.1" 200 0 "-" "WordPress/6.7.1; https://diixadigital.com"
94.72.112.56 - - [11/Jan/2025:05:54:03 -0500] "GET /wp-content/themes/twentythirteen/functions.php HTTP/1.1" 404 15345 "-" "Mozlila/5.0 (Linux; Android 7.0; SM-G892A Bulid/NRD90M; wv) AppleWebKit/537.36 (KHTML, like Gecko) Version/4.0 Chrome/60.0.3112.107 Moblie Safari/537.36"
66.29.132.124 - - [11/Jan/2025:05:54:05 -0500] "POST /wp-admin/admin-ajax.php?action=async_litespeed&nonce=7we168BewjoVUSCkJOf7n073eoiZSms8&litespeed_type=imgoptm HTTP/1.1" 200 0 "-" "WordPress/6.7.1; https://diixadigital.com"
40.77.167.65 - - [11/Jan/2025:05:54:07 -0500] "GET /nahtw/s2635385.html HTTP/1.1" 200 70406 "-" "Mozilla/5.0 AppleWebKit/537.36 (KHTML, like Gecko; compatible; bingbot/2.0; +http://www.bing.com/bingbot.htm) Chrome/116.0.1938.76 Safari/537.36"
40.77.167.65 - - [11/Jan/2025:05:54:08 -0500] "GET /pmqkd/m3048727.html HTTP/1.1" 200 69363 "-" "Mozilla/5.0 AppleWebKit/537.36 (KHTML, like Gecko; compatible; bingbot/2.0; +http://www.bing.com/bingbot.htm) Chrome/116.0.1938.76 Safari/537.36"
40.77.167.65 - - [11/Jan/2025:05:54:11 -0500] "GET /azera/b2702318.html HTTP/1.1" 200 70272 "-" "Mozilla/5.0 AppleWebKit/537.36 (KHTML, like Gecko; compatible; bingbot/2.0; +http://www.bing.com/bingbot.htm) Chrome/116.0.1938.76 Safari/537.36"
207.46.13.155 - - [11/Jan/2025:05:54:23 -0500] "GET /ghlvn/d2773742.html HTTP/1.1" 200 70883 "-" "Mozilla/5.0 AppleWebKit/537.36 (KHTML, like Gecko; compatible; bingbot/2.0; +http://www.bing.com/bingbot.htm) Chrome/116.0.1938.76 Safari/537.36"
207.46.13.155 - - [11/Jan/2025:05:54:25 -0500] "GET /wcrkk/i1885015.html HTTP/1.1" 200 69142 "-" "Mozilla/5.0 AppleWebKit/537.36 (KHTML, like Gecko; compatible; bingbot/2.0; +http://www.bing.com/bingbot.htm) Chrome/116.0.1938.76 Safari/537.36"
52.167.144.207 - - [11/Jan/2025:05:54:25 -0500] "GET /guopn/h885496.html HTTP/1.1" 200 68083 "-" "Mozilla/5.0 AppleWebKit/537.36 (KHTML, like Gecko; compatible; bingbot/2.0; +http://www.bing.com/bingbot.htm) Chrome/116.0.1938.76 Safari/537.36"
207.46.13.155 - - [11/Jan/2025:05:54:26 -0500] "GET /itnup/m374081.html HTTP/1.1" 200 67843 "-" "Mozilla/5.0 AppleWebKit/537.36 (KHTML, like Gecko; compatible; bingbot/2.0; +http://www.bing.com/bingbot.htm) Chrome/116.0.1938.76 Safari/537.36"
52.167.144.207 - - [11/Jan/2025:05:54:35 -0500] "GET /kjekf/k191689.html HTTP/1.1" 200 69531 "-" "Mozilla/5.0 AppleWebKit/537.36 (KHTML, like Gecko; compatible; bingbot/2.0; +http://www.bing.com/bingbot.htm) Chrome/116.0.1938.76 Safari/537.36"
66.29.132.124 - - [11/Jan/2025:05:54:41 -0500] "POST /wp-cron.php?doing_wp_cron=1736592881.2090530395507812500000 HTTP/1.1" 200 0 "-" "WordPress/6.7.1; https://diixadigital.com"
94.72.112.56 - - [11/Jan/2025:05:54:40 -0500] "GET /wp-content/themes/kadence/functions.php HTTP/1.1" 404 15339 "-" "Mozlila/5.0 (Linux; Android 7.0; SM-G892A Bulid/NRD90M; wv) AppleWebKit/537.36 (KHTML, like Gecko) Version/4.0 Chrome/60.0.3112.107 Moblie Safari/537.36"
157.55.39.55 - - [11/Jan/2025:05:54:43 -0500] "GET /rfstf/u2592461.html HTTP/1.1" 200 69297 "-" "Mozilla/5.0 AppleWebKit/537.36 (KHTML, like Gecko; compatible; bingbot/2.0; +http://www.bing.com/bingbot.htm) Chrome/116.0.1938.76 Safari/537.36"
40.77.167.65 - - [11/Jan/2025:05:54:46 -0500] "GET /rnjxz/b2446608.html HTTP/1.1" 200 70406 "-" "Mozilla/5.0 AppleWebKit/537.36 (KHTML, like Gecko; compatible; bingbot/2.0; +http://www.bing.com/bingbot.htm) Chrome/116.0.1938.76 Safari/537.36"
40.77.167.56 - - [11/Jan/2025:05:54:47 -0500] "GET /nacuc/u1034905.html HTTP/1.1" 200 70066 "-" "Mozilla/5.0 AppleWebKit/537.36 (KHTML, like Gecko; compatible; bingbot/2.0; +http://www.bing.com/bingbot.htm) Chrome/116.0.1938.76 Safari/537.36"
207.46.13.87 - - [11/Jan/2025:05:54:53 -0500] "GET /gwtko/k1218377.html HTTP/1.1" 200 69476 "-" "Mozilla/5.0 AppleWebKit/537.36 (KHTML, like Gecko; compatible; bingbot/2.0; +http://www.bing.com/bingbot.htm) Chrome/116.0.1938.76 Safari/537.36"
207.46.13.87 - - [11/Jan/2025:05:54:55 -0500] "GET /hfqsc/l416200.html HTTP/1.1" 200 68898 "-" "Mozilla/5.0 AppleWebKit/537.36 (KHTML, like Gecko; compatible; bingbot/2.0; +http://www.bing.com/bingbot.htm) Chrome/116.0.1938.76 Safari/537.36"
52.167.144.194 - - [11/Jan/2025:05:54:55 -0500] "GET /eikup/q2298605.html HTTP/1.1" 200 68849 "-" "Mozilla/5.0 AppleWebKit/537.36 (KHTML, like Gecko; compatible; bingbot/2.0; +http://www.bing.com/bingbot.htm) Chrome/116.0.1938.76 Safari/537.36"
157.55.39.196 - - [11/Jan/2025:05:55:05 -0500] "GET /ombuy/t2034630.html HTTP/1.1" 200 68577 "-" "Mozilla/5.0 AppleWebKit/537.36 (KHTML, like Gecko; compatible; bingbot/2.0; +http://www.bing.com/bingbot.htm) Chrome/116.0.1938.76 Safari/537.36"
52.167.144.194 - - [11/Jan/2025:05:55:07 -0500] "GET /wprgf/p1924230.html HTTP/1.1" 200 68178 "-" "Mozilla/5.0 AppleWebKit/537.36 (KHTML, like Gecko; compatible; bingbot/2.0; +http://www.bing.com/bingbot.htm) Chrome/116.0.1938.76 Safari/537.36"
52.167.144.207 - - [11/Jan/2025:05:55:07 -0500] "GET /yvskc/k310977.html HTTP/1.1" 200 68456 "-" "Mozilla/5.0 AppleWebKit/537.36 (KHTML, like Gecko; compatible; bingbot/2.0; +http://www.bing.com/bingbot.htm) Chrome/116.0.1938.76 Safari/537.36"
66.29.132.124 - - [11/Jan/2025:05:55:14 -0500] "POST /wp-cron.php?doing_wp_cron=1736592913.9215939044952392578125 HTTP/1.1" 200 0 "-" "WordPress/6.7.1; https://diixadigital.com"
207.46.13.87 - - [11/Jan/2025:05:55:13 -0500] "GET /lepgp/s2153189.html HTTP/1.1" 200 69218 "-" "Mozilla/5.0 AppleWebKit/537.36 (KHTML, like Gecko; compatible; bingbot/2.0; +http://www.bing.com/bingbot.htm) Chrome/116.0.1938.76 Safari/537.36"
94.72.112.56 - - [11/Jan/2025:05:55:12 -0500] "GET /wp-content/themes/twentytwenty/functions.php HTTP/1.1" 404 15339 "-" "Mozlila/5.0 (Linux; Android 7.0; SM-G892A Bulid/NRD90M; wv) AppleWebKit/537.36 (KHTML, like Gecko) Version/4.0 Chrome/60.0.3112.107 Moblie Safari/537.36"
40.77.167.56 - - [11/Jan/2025:05:55:14 -0500] "GET /vwzvz/m2481537.html HTTP/1.1" 200 70182 "-" "Mozilla/5.0 AppleWebKit/537.36 (KHTML, like Gecko; compatible; bingbot/2.0; +http://www.bing.com/bingbot.htm) Chrome/116.0.1938.76 Safari/537.36"
66.29.132.124 - - [11/Jan/2025:05:55:15 -0500] "POST /wp-admin/admin-ajax.php?action=async_litespeed&nonce=hWodoUDGYHeIKV0MQyc44GVjn4LXrNNH&litespeed_type=imgoptm HTTP/1.1" 200 0 "-" "WordPress/6.7.1; https://diixadigital.com"
207.46.13.87 - - [11/Jan/2025:05:55:14 -0500] "GET /mrdpt/b2405216.html HTTP/1.1" 200 69148 "-" "Mozilla/5.0 AppleWebKit/537.36 (KHTML, like Gecko; compatible; bingbot/2.0; +http://www.bing.com/bingbot.htm) Chrome/116.0.1938.76 Safari/537.36"
207.46.13.87 - - [11/Jan/2025:05:55:15 -0500] "GET /kousk/q2704621.html HTTP/1.1" 200 73878 "-" "Mozilla/5.0 AppleWebKit/537.36 (KHTML, like Gecko; compatible; bingbot/2.0; +http://www.bing.com/bingbot.htm) Chrome/116.0.1938.76 Safari/537.36"
66.249.68.32 - - [11/Jan/2025:05:55:26 -0500] "GET /goods/521792 HTTP/1.1" 200 68481 "-" "Mozilla/5.0 (Linux; Android 6.0.1; Nexus 5X Build/MMB29P) AppleWebKit/537.36 (KHTML, like Gecko) Chrome/131.0.6778.264 Mobile Safari/537.36 (compatible; Googlebot/2.1; +http://www.google.com/bot.html)"
40.77.167.56 - - [11/Jan/2025:05:55:46 -0500] "GET /ghhgd/h2451034.html HTTP/1.1" 200 71314 "-" "Mozilla/5.0 AppleWebKit/537.36 (KHTML, like Gecko; compatible; bingbot/2.0; +http://www.bing.com/bingbot.htm) Chrome/116.0.1938.76 Safari/537.36"
207.46.13.87 - - [11/Jan/2025:05:55:47 -0500] "GET /ueorr/l1019452.html HTTP/1.1" 200 70501 "-" "Mozilla/5.0 AppleWebKit/537.36 (KHTML, like Gecko; compatible; bingbot/2.0; +http://www.bing.com/bingbot.htm) Chrome/116.0.1938.76 Safari/537.36"
157.55.39.196 - - [11/Jan/2025:05:56:03 -0500] "GET /embki/b1498310.html HTTP/1.1" 200 69508 "-" "Mozilla/5.0 AppleWebKit/537.36 (KHTML, like Gecko; compatible; bingbot/2.0; +http://www.bing.com/bingbot.htm) Chrome/116.0.1938.76 Safari/537.36"
40.77.167.65 - - [11/Jan/2025:05:56:04 -0500] "GET /dddlb/r2715984.html HTTP/1.1" 200 68332 "-" "Mozilla/5.0 AppleWebKit/537.36 (KHTML, like Gecko; compatible; bingbot/2.0; +http://www.bing.com/bingbot.htm) Chrome/116.0.1938.76 Safari/537.36"
207.46.13.87 - - [11/Jan/2025:05:56:06 -0500] "GET /xyegy/j1168898.html HTTP/1.1" 200 76818 "-" "Mozilla/5.0 AppleWebKit/537.36 (KHTML, like Gecko; compatible; bingbot/2.0; +http://www.bing.com/bingbot.htm) Chrome/116.0.1938.76 Safari/537.36"
40.77.167.65 - - [11/Jan/2025:05:56:14 -0500] "GET /tapqf/z2383088.html HTTP/1.1" 200 68029 "-" "Mozilla/5.0 AppleWebKit/537.36 (KHTML, like Gecko; compatible; bingbot/2.0; +http://www.bing.com/bingbot.htm) Chrome/116.0.1938.76 Safari/537.36"
40.77.167.56 - - [11/Jan/2025:05:56:17 -0500] "GET /vlorh/v2403832.html HTTP/1.1" 200 70287 "-" "Mozilla/5.0 AppleWebKit/537.36 (KHTML, like Gecko; compatible; bingbot/2.0; +http://www.bing.com/bingbot.htm) Chrome/116.0.1938.76 Safari/537.36"
157.55.39.196 - - [11/Jan/2025:05:56:23 -0500] "GET /dyiuo/l390200.html HTTP/1.1" 200 68523 "-" "Mozilla/5.0 AppleWebKit/537.36 (KHTML, like Gecko; compatible; bingbot/2.0; +http://www.bing.com/bingbot.htm) Chrome/116.0.1938.76 Safari/537.36"
157.55.39.196 - - [11/Jan/2025:05:56:25 -0500] "GET /ayxgg/r2267536.html HTTP/1.1" 200 69342 "-" "Mozilla/5.0 AppleWebKit/537.36 (KHTML, like Gecko; compatible; bingbot/2.0; +http://www.bing.com/bingbot.htm) Chrome/116.0.1938.76 Safari/537.36"
207.46.13.87 - - [11/Jan/2025:05:56:36 -0500] "GET /baouz/a2419333.html HTTP/1.1" 200 74502 "-" "Mozilla/5.0 AppleWebKit/537.36 (KHTML, like Gecko; compatible; bingbot/2.0; +http://www.bing.com/bingbot.htm) Chrome/116.0.1938.76 Safari/537.36"
52.167.144.207 - - [11/Jan/2025:05:56:38 -0500] "GET /ffvxq/e1374371.html HTTP/1.1" 200 67513 "-" "Mozilla/5.0 AppleWebKit/537.36 (KHTML, like Gecko; compatible; bingbot/2.0; +http://www.bing.com/bingbot.htm) Chrome/116.0.1938.76 Safari/537.36"
52.167.144.207 - - [11/Jan/2025:05:56:38 -0500] "GET /ungvv/b2780812.html HTTP/1.1" 200 70232 "-" "Mozilla/5.0 AppleWebKit/537.36 (KHTML, like Gecko; compatible; bingbot/2.0; +http://www.bing.com/bingbot.htm) Chrome/116.0.1938.76 Safari/537.36"
40.77.167.65 - - [11/Jan/2025:05:56:39 -0500] "GET /fbxlt/p2466044.html HTTP/1.1" 200 70458 "-" "Mozilla/5.0 AppleWebKit/537.36 (KHTML, like Gecko; compatible; bingbot/2.0; +http://www.bing.com/bingbot.htm) Chrome/116.0.1938.76 Safari/537.36"
157.55.39.196 - - [11/Jan/2025:05:56:45 -0500] "GET /euasy/l782800.html HTTP/1.1" 200 68193 "-" "Mozilla/5.0 AppleWebKit/537.36 (KHTML, like Gecko; compatible; bingbot/2.0; +http://www.bing.com/bingbot.htm) Chrome/116.0.1938.76 Safari/537.36"
40.77.167.65 - - [11/Jan/2025:05:56:45 -0500] "GET /pldtj/s2548675.html HTTP/1.1" 200 68224 "-" "Mozilla/5.0 AppleWebKit/537.36 (KHTML, like Gecko; compatible; bingbot/2.0; +http://www.bing.com/bingbot.htm) Chrome/116.0.1938.76 Safari/537.36"
207.46.13.87 - - [11/Jan/2025:05:56:46 -0500] "GET /loieq/a2386391.html HTTP/1.1" 200 73001 "-" "Mozilla/5.0 AppleWebKit/537.36 (KHTML, like Gecko; compatible; bingbot/2.0; +http://www.bing.com/bingbot.htm) Chrome/116.0.1938.76 Safari/537.36"
207.46.13.87 - - [11/Jan/2025:05:56:47 -0500] "GET /erdlf/w3069017.html HTTP/1.1" 200 70470 "-" "Mozilla/5.0 AppleWebKit/537.36 (KHTML, like Gecko; compatible; bingbot/2.0; +http://www.bing.com/bingbot.htm) Chrome/116.0.1938.76 Safari/537.36"
207.46.13.87 - - [11/Jan/2025:05:56:47 -0500] "GET /hhlvd/u1489411.html HTTP/1.1" 200 69754 "-" "Mozilla/5.0 AppleWebKit/537.36 (KHTML, like Gecko; compatible; bingbot/2.0; +http://www.bing.com/bingbot.htm) Chrome/116.0.1938.76 Safari/537.36"
40.77.167.56 - - [11/Jan/2025:05:56:59 -0500] "GET /wdbdf/f2105076.html HTTP/1.1" 200 73470 "-" "Mozilla/5.0 AppleWebKit/537.36 (KHTML, like Gecko; compatible; bingbot/2.0; +http://www.bing.com/bingbot.htm) Chrome/116.0.1938.76 Safari/537.36"
40.77.167.65 - - [11/Jan/2025:05:57:03 -0500] "GET /uqkjl/c392063.html HTTP/1.1" 200 67841 "-" "Mozilla/5.0 AppleWebKit/537.36 (KHTML, like Gecko; compatible; bingbot/2.0; +http://www.bing.com/bingbot.htm) Chrome/116.0.1938.76 Safari/537.36"
40.77.167.65 - - [11/Jan/2025:05:57:04 -0500] "GET /naqsz/x722882.html HTTP/1.1" 200 71134 "-" "Mozilla/5.0 AppleWebKit/537.36 (KHTML, like Gecko; compatible; bingbot/2.0; +http://www.bing.com/bingbot.htm) Chrome/116.0.1938.76 Safari/537.36"
40.77.167.56 - - [11/Jan/2025:05:57:12 -0500] "GET /jttns/k2213423.html HTTP/1.1" 200 69473 "-" "Mozilla/5.0 AppleWebKit/537.36 (KHTML, like Gecko; compatible; bingbot/2.0; +http://www.bing.com/bingbot.htm) Chrome/116.0.1938.76 Safari/537.36"
40.77.167.65 - - [11/Jan/2025:05:57:15 -0500] "GET /lfccf/i2081965.html HTTP/1.1" 200 71928 "-" "Mozilla/5.0 AppleWebKit/537.36 (KHTML, like Gecko; compatible; bingbot/2.0; +http://www.bing.com/bingbot.htm) Chrome/116.0.1938.76 Safari/537.36"
207.46.13.87 - - [11/Jan/2025:05:57:15 -0500] "GET /ujioa/g726843.html HTTP/1.1" 200 68294 "-" "Mozilla/5.0 AppleWebKit/537.36 (KHTML, like Gecko; compatible; bingbot/2.0; +http://www.bing.com/bingbot.htm) Chrome/116.0.1938.76 Safari/537.36"
207.46.13.87 - - [11/Jan/2025:05:57:17 -0500] "GET /duxty/k2846887.html HTTP/1.1" 200 68857 "-" "Mozilla/5.0 AppleWebKit/537.36 (KHTML, like Gecko; compatible; bingbot/2.0; +http://www.bing.com/bingbot.htm) Chrome/116.0.1938.76 Safari/537.36"
157.55.39.196 - - [11/Jan/2025:05:57:27 -0500] "GET /geyze/c905277.html HTTP/1.1" 200 68083 "-" "Mozilla/5.0 AppleWebKit/537.36 (KHTML, like Gecko; compatible; bingbot/2.0; +http://www.bing.com/bingbot.htm) Chrome/116.0.1938.76 Safari/537.36"
52.167.144.194 - - [11/Jan/2025:05:57:31 -0500] "GET /kaebv/y972301.html HTTP/1.1" 200 68743 "-" "Mozilla/5.0 AppleWebKit/537.36 (KHTML, like Gecko; compatible; bingbot/2.0; +http://www.bing.com/bingbot.htm) Chrome/116.0.1938.76 Safari/537.36"
207.46.13.87 - - [11/Jan/2025:05:57:34 -0500] "GET /xibun/d2874518.html HTTP/1.1" 200 67622 "-" "Mozilla/5.0 AppleWebKit/537.36 (KHTML, like Gecko; compatible; bingbot/2.0; +http://www.bing.com/bingbot.htm) Chrome/116.0.1938.76 Safari/537.36"
207.46.13.87 - - [11/Jan/2025:05:57:35 -0500] "GET /ksbin/l1358596.html HTTP/1.1" 200 68148 "-" "Mozilla/5.0 AppleWebKit/537.36 (KHTML, like Gecko; compatible; bingbot/2.0; +http://www.bing.com/bingbot.htm) Chrome/116.0.1938.76 Safari/537.36"
40.77.167.56 - - [11/Jan/2025:05:57:45 -0500] "GET /cgrlg/v2501748.html HTTP/1.1" 200 67879 "-" "Mozilla/5.0 AppleWebKit/537.36 (KHTML, like Gecko; compatible; bingbot/2.0; +http://www.bing.com/bingbot.htm) Chrome/116.0.1938.76 Safari/537.36"
52.167.144.207 - - [11/Jan/2025:05:57:57 -0500] "GET /yncyi/i1550265.html HTTP/1.1" 200 72375 "-" "Mozilla/5.0 AppleWebKit/537.36 (KHTML, like Gecko; compatible; bingbot/2.0; +http://www.bing.com/bingbot.htm) Chrome/116.0.1938.76 Safari/537.36"
40.77.167.65 - - [11/Jan/2025:05:57:57 -0500] "GET /pdmmt/v2273104.html HTTP/1.1" 200 69546 "-" "Mozilla/5.0 AppleWebKit/537.36 (KHTML, like Gecko; compatible; bingbot/2.0; +http://www.bing.com/bingbot.htm) Chrome/116.0.1938.76 Safari/537.36"
52.167.144.194 - - [11/Jan/2025:05:57:58 -0500] "GET /ufcnf/m1248695.html HTTP/1.1" 200 68872 "-" "Mozilla/5.0 AppleWebKit/537.36 (KHTML, like Gecko; compatible; bingbot/2.0; +http://www.bing.com/bingbot.htm) Chrome/116.0.1938.76 Safari/537.36"
40.77.167.56 - - [11/Jan/2025:05:58:07 -0500] "GET /hwwti/r1390426.html HTTP/1.1" 200 67924 "-" "Mozilla/5.0 AppleWebKit/537.36 (KHTML, like Gecko; compatible; bingbot/2.0; +http://www.bing.com/bingbot.htm) Chrome/116.0.1938.76 Safari/537.36"
40.77.167.56 - - [11/Jan/2025:05:58:08 -0500] "GET /mpuxb/a109285.html HTTP/1.1" 200 69898 "-" "Mozilla/5.0 AppleWebKit/537.36 (KHTML, like Gecko; compatible; bingbot/2.0; +http://www.bing.com/bingbot.htm) Chrome/116.0.1938.76 Safari/537.36"
40.77.167.56 - - [11/Jan/2025:05:58:10 -0500] "GET /gupjq/e237079.html HTTP/1.1" 200 69911 "-" "Mozilla/5.0 AppleWebKit/537.36 (KHTML, like Gecko; compatible; bingbot/2.0; +http://www.bing.com/bingbot.htm) Chrome/116.0.1938.76 Safari/537.36"
40.77.167.56 - - [11/Jan/2025:05:58:10 -0500] "GET /spusg/f2346408.html HTTP/1.1" 200 72677 "-" "Mozilla/5.0 AppleWebKit/537.36 (KHTML, like Gecko; compatible; bingbot/2.0; +http://www.bing.com/bingbot.htm) Chrome/116.0.1938.76 Safari/537.36"
40.77.167.65 - - [11/Jan/2025:05:58:18 -0500] "GET /zraqd/g3022487.html HTTP/1.1" 200 68995 "-" "Mozilla/5.0 AppleWebKit/537.36 (KHTML, like Gecko; compatible; bingbot/2.0; +http://www.bing.com/bingbot.htm) Chrome/116.0.1938.76 Safari/537.36"
40.77.167.65 - - [11/Jan/2025:05:58:20 -0500] "GET /yivzn/y2502037.html HTTP/1.1" 200 68938 "-" "Mozilla/5.0 AppleWebKit/537.36 (KHTML, like Gecko; compatible; bingbot/2.0; +http://www.bing.com/bingbot.htm) Chrome/116.0.1938.76 Safari/537.36"
207.46.13.87 - - [11/Jan/2025:05:58:24 -0500] "GET /dljzq/k2903619.html HTTP/1.1" 200 69459 "-" "Mozilla/5.0 AppleWebKit/537.36 (KHTML, like Gecko; compatible; bingbot/2.0; +http://www.bing.com/bingbot.htm) Chrome/116.0.1938.76 Safari/537.36"
207.46.13.87 - - [11/Jan/2025:05:58:26 -0500] "GET /msblw/l341476.html HTTP/1.1" 200 69437 "-" "Mozilla/5.0 AppleWebKit/537.36 (KHTML, like Gecko; compatible; bingbot/2.0; +http://www.bing.com/bingbot.htm) Chrome/116.0.1938.76 Safari/537.36"
207.46.13.87 - - [11/Jan/2025:05:58:27 -0500] "GET /zxtcy/v686272.html HTTP/1.1" 200 69623 "-" "Mozilla/5.0 AppleWebKit/537.36 (KHTML, like Gecko; compatible; bingbot/2.0; +http://www.bing.com/bingbot.htm) Chrome/116.0.1938.76 Safari/537.36"
52.167.144.194 - - [11/Jan/2025:05:58:28 -0500] "GET /cexho/u2240369.html HTTP/1.1" 200 68091 "-" "Mozilla/5.0 AppleWebKit/537.36 (KHTML, like Gecko; compatible; bingbot/2.0; +http://www.bing.com/bingbot.htm) Chrome/116.0.1938.76 Safari/537.36"
52.167.144.194 - - [11/Jan/2025:05:58:30 -0500] "GET /daevu/v941124.html HTTP/1.1" 200 72092 "-" "Mozilla/5.0 AppleWebKit/537.36 (KHTML, like Gecko; compatible; bingbot/2.0; +http://www.bing.com/bingbot.htm) Chrome/116.0.1938.76 Safari/537.36"
40.77.167.65 - - [11/Jan/2025:05:58:34 -0500] "GET /rkjry/s2055585.html HTTP/1.1" 200 69839 "-" "Mozilla/5.0 AppleWebKit/537.36 (KHTML, like Gecko; compatible; bingbot/2.0; +http://www.bing.com/bingbot.htm) Chrome/116.0.1938.76 Safari/537.36"
52.167.144.207 - - [11/Jan/2025:05:58:47 -0500] "GET /mphno/e834975.html HTTP/1.1" 200 70183 "-" "Mozilla/5.0 AppleWebKit/537.36 (KHTML, like Gecko; compatible; bingbot/2.0; +http://www.bing.com/bingbot.htm) Chrome/116.0.1938.76 Safari/537.36"
52.167.144.194 - - [11/Jan/2025:05:58:57 -0500] "GET /laugv/d2054270.html HTTP/1.1" 200 67809 "-" "Mozilla/5.0 AppleWebKit/537.36 (KHTML, like Gecko; compatible; bingbot/2.0; +http://www.bing.com/bingbot.htm) Chrome/116.0.1938.76 Safari/537.36"
40.77.167.56 - - [11/Jan/2025:05:58:57 -0500] "GET /jzbop/q2424523.html HTTP/1.1" 200 72502 "-" "Mozilla/5.0 AppleWebKit/537.36 (KHTML, like Gecko; compatible; bingbot/2.0; +http://www.bing.com/bingbot.htm) Chrome/116.0.1938.76 Safari/537.36"
40.77.167.56 - - [11/Jan/2025:05:59:10 -0500] "GET /laodz/m2855209.html HTTP/1.1" 200 69174 "-" "Mozilla/5.0 AppleWebKit/537.36 (KHTML, like Gecko; compatible; bingbot/2.0; +http://www.bing.com/bingbot.htm) Chrome/116.0.1938.76 Safari/537.36"
52.167.144.194 - - [11/Jan/2025:05:59:20 -0500] "GET /ilsos/z826078.html HTTP/1.1" 200 70243 "-" "Mozilla/5.0 AppleWebKit/537.36 (KHTML, like Gecko; compatible; bingbot/2.0; +http://www.bing.com/bingbot.htm) Chrome/116.0.1938.76 Safari/537.36"
157.55.39.196 - - [11/Jan/2025:05:59:26 -0500] "GET /psffn/m1224229.html HTTP/1.1" 200 67747 "-" "Mozilla/5.0 AppleWebKit/537.36 (KHTML, like Gecko; compatible; bingbot/2.0; +http://www.bing.com/bingbot.htm) Chrome/116.0.1938.76 Safari/537.36"
40.77.167.65 - - [11/Jan/2025:05:59:31 -0500] "GET /fnasq/w2569505.html HTTP/1.1" 200 68300 "-" "Mozilla/5.0 AppleWebKit/537.36 (KHTML, like Gecko; compatible; bingbot/2.0; +http://www.bing.com/bingbot.htm) Chrome/116.0.1938.76 Safari/537.36"
40.77.167.65 - - [11/Jan/2025:05:59:38 -0500] "GET /jlffj/s475539.html HTTP/1.1" 200 67654 "-" "Mozilla/5.0 AppleWebKit/537.36 (KHTML, like Gecko; compatible; bingbot/2.0; +http://www.bing.com/bingbot.htm) Chrome/116.0.1938.76 Safari/537.36"
52.167.144.194 - - [11/Jan/2025:05:59:40 -0500] "GET /mqzhm/i1552735.html HTTP/1.1" 200 68909 "-" "Mozilla/5.0 AppleWebKit/537.36 (KHTML, like Gecko; compatible; bingbot/2.0; +http://www.bing.com/bingbot.htm) Chrome/116.0.1938.76 Safari/537.36"
207.46.13.87 - - [11/Jan/2025:05:59:47 -0500] "GET /lbbaq/w2605671.html HTTP/1.1" 200 69166 "-" "Mozilla/5.0 AppleWebKit/537.36 (KHTML, like Gecko; compatible; bingbot/2.0; +http://www.bing.com/bingbot.htm) Chrome/116.0.1938.76 Safari/537.36"
52.167.144.207 - - [11/Jan/2025:05:59:59 -0500] "GET /msltt/q2460325.html HTTP/1.1" 200 69831 "-" "Mozilla/5.0 AppleWebKit/537.36 (KHTML, like Gecko; compatible; bingbot/2.0; +http://www.bing.com/bingbot.htm) Chrome/116.0.1938.76 Safari/537.36"
52.167.144.207 - - [11/Jan/2025:05:59:59 -0500] "GET /plulm/c2962163.html HTTP/1.1" 200 70010 "-" "Mozilla/5.0 AppleWebKit/537.36 (KHTML, like Gecko; compatible; bingbot/2.0; +http://www.bing.com/bingbot.htm) Chrome/116.0.1938.76 Safari/537.36"
207.46.13.87 - - [11/Jan/2025:06:00:03 -0500] "GET /fazca/c193033.html HTTP/1.1" 200 71233 "-" "Mozilla/5.0 AppleWebKit/537.36 (KHTML, like Gecko; compatible; bingbot/2.0; +http://www.bing.com/bingbot.htm) Chrome/116.0.1938.76 Safari/537.36"
40.77.167.65 - - [11/Jan/2025:06:00:09 -0500] "GET /mrdaz/p517110.html HTTP/1.1" 200 70437 "-" "Mozilla/5.0 AppleWebKit/537.36 (KHTML, like Gecko; compatible; bingbot/2.0; +http://www.bing.com/bingbot.htm) Chrome/116.0.1938.76 Safari/537.36"
52.167.144.194 - - [11/Jan/2025:06:00:08 -0500] "GET /dmqyf/y1607143.html HTTP/1.1" 200 68227 "-" "Mozilla/5.0 AppleWebKit/537.36 (KHTML, like Gecko; compatible; bingbot/2.0; +http://www.bing.com/bingbot.htm) Chrome/116.0.1938.76 Safari/537.36"
40.77.167.56 - - [11/Jan/2025:06:00:09 -0500] "GET /ieghs/j2335986.html HTTP/1.1" 200 72818 "-" "Mozilla/5.0 AppleWebKit/537.36 (KHTML, like Gecko; compatible; bingbot/2.0; +http://www.bing.com/bingbot.htm) Chrome/116.0.1938.76 Safari/537.36"
40.77.167.65 - - [11/Jan/2025:06:00:10 -0500] "GET /zlpqb/x246094.html HTTP/1.1" 200 70346 "-" "Mozilla/5.0 AppleWebKit/537.36 (KHTML, like Gecko; compatible; bingbot/2.0; +http://www.bing.com/bingbot.htm) Chrome/116.0.1938.76 Safari/537.36"
157.55.39.196 - - [11/Jan/2025:06:00:17 -0500] "GET /mcjrp/c220567.html HTTP/1.1" 200 71485 "-" "Mozilla/5.0 AppleWebKit/537.36 (KHTML, like Gecko; compatible; bingbot/2.0; +http://www.bing.com/bingbot.htm) Chrome/116.0.1938.76 Safari/537.36"
40.77.167.56 - - [11/Jan/2025:06:00:20 -0500] "GET /srwyh/r2250740.html HTTP/1.1" 200 69830 "-" "Mozilla/5.0 AppleWebKit/537.36 (KHTML, like Gecko; compatible; bingbot/2.0; +http://www.bing.com/bingbot.htm) Chrome/116.0.1938.76 Safari/537.36"
40.77.167.65 - - [11/Jan/2025:06:00:27 -0500] "GET /ysvuo/c2245161.html HTTP/1.1" 200 69081 "-" "Mozilla/5.0 AppleWebKit/537.36 (KHTML, like Gecko; compatible; bingbot/2.0; +http://www.bing.com/bingbot.htm) Chrome/116.0.1938.76 Safari/537.36"
207.46.13.87 - - [11/Jan/2025:06:00:29 -0500] "GET /hvpob/h1776958.html HTTP/1.1" 200 69514 "-" "Mozilla/5.0 AppleWebKit/537.36 (KHTML, like Gecko; compatible; bingbot/2.0; +http://www.bing.com/bingbot.htm) Chrome/116.0.1938.76 Safari/537.36"
