165.231.182.25 - - [08/Jan/2025:23:37:03 -0500] "GET /register/ HTTP/1.0" 200 75934 "https://misswavenigeria.com/" "Mozilla/5.0 (Windows NT 10.0; Win64; x64) AppleWebKit/537.36 (KHTML, like Gecko) Chrome/103.0.5060.66 Safari/537.36"
66.29.132.124 - - [08/Jan/2025:23:37:04 -0500] "POST /wp-admin/admin-ajax.php?action=async_litespeed&nonce=QS7MU2DAnlwJUOszO7QkuGLa4yJJ4ZK2&litespeed_type=imgoptm HTTP/1.1" 200 21 "-" "WordPress/6.7.1; https://misswavenigeria.com"
66.29.132.124 - - [08/Jan/2025:23:37:42 -0500] "POST /wp-cron.php?doing_wp_cron=1736397462.0067460536956787109375 HTTP/1.1" 200 0 "-" "WordPress/6.7.1; https://misswavenigeria.com"
165.231.182.25 - - [08/Jan/2025:23:37:41 -0500] "GET / HTTP/1.0" 200 109067 "https://misswavenigeria.com/" "Mozilla/5.0 (Windows NT 6.1; WOW64) AppleWebKit/537.36 (KHTML, like Gecko) Chrome/103.0.0.0 Safari/537.36"
165.231.182.25 - - [08/Jan/2025:23:37:44 -0500] "GET /register/ HTTP/1.0" 200 75934 "https://misswavenigeria.com/register/" "Mozilla/5.0 (Windows NT 6.1; WOW64) AppleWebKit/537.36 (KHTML, like Gecko) Chrome/103.0.0.0 Safari/537.36"
165.231.182.25 - - [08/Jan/2025:23:37:46 -0500] "POST /register/ HTTP/1.0" 200 76060 "https://misswavenigeria.com/register/" "Mozilla/5.0 (Windows NT 6.1; WOW64) AppleWebKit/537.36 (KHTML, like Gecko) Chrome/103.0.0.0 Safari/537.36"
66.29.132.124 - - [08/Jan/2025:23:39:38 -0500] "POST /wp-cron.php?doing_wp_cron=1736397578.8461520671844482421875 HTTP/1.1" 200 0 "-" "WordPress/6.7.1; https://misswavenigeria.com"
165.231.182.25 - - [08/Jan/2025:23:39:38 -0500] "GET /register/ HTTP/1.0" 200 75934 "https://misswavenigeria.com/" "Mozilla/5.0 (Windows NT 6.1; WOW64) AppleWebKit/537.36 (KHTML, like Gecko) Chrome/103.0.0.0 Safari/537.36"
66.29.132.124 - - [08/Jan/2025:23:39:39 -0500] "POST /wp-admin/admin-ajax.php?action=async_litespeed&nonce=iIt5bJUcdEuS6ane35L764vGiG9sYtsv&litespeed_type=imgoptm HTTP/1.1" 200 21 "-" "WordPress/6.7.1; https://misswavenigeria.com"
66.29.132.124 - - [08/Jan/2025:23:40:41 -0500] "POST /wp-cron.php?doing_wp_cron=1736397641.4909210205078125000000 HTTP/1.1" 200 0 "-" "WordPress/6.7.1; https://misswavenigeria.com"
165.231.182.25 - - [08/Jan/2025:23:40:41 -0500] "GET / HTTP/1.0" 200 109067 "https://misswavenigeria.com/" "Mozilla/5.0 (Windows NT 6.3; Win64; x64) AppleWebKit/537.36 (KHTML, like Gecko) Chrome/103.0.0.0 Safari/537.36"
66.29.132.124 - - [08/Jan/2025:23:40:41 -0500] "POST /wp-admin/admin-ajax.php?action=async_litespeed&nonce=m9idQHMAFf1oP0OqdAbN19vA7LwYViqz&litespeed_type=imgoptm HTTP/1.1" 200 21 "-" "WordPress/6.7.1; https://misswavenigeria.com"
165.231.182.25 - - [08/Jan/2025:23:40:43 -0500] "GET /register/ HTTP/1.0" 200 75934 "https://misswavenigeria.com/register/" "Mozilla/5.0 (Windows NT 6.3; Win64; x64) AppleWebKit/537.36 (KHTML, like Gecko) Chrome/103.0.0.0 Safari/537.36"
165.231.182.25 - - [08/Jan/2025:23:40:45 -0500] "POST /register/ HTTP/1.0" 200 76060 "https://misswavenigeria.com/register/" "Mozilla/5.0 (Windows NT 6.3; Win64; x64) AppleWebKit/537.36 (KHTML, like Gecko) Chrome/103.0.0.0 Safari/537.36"
66.29.132.124 - - [08/Jan/2025:23:42:48 -0500] "POST /wp-cron.php?doing_wp_cron=1736397768.4305999279022216796875 HTTP/1.1" 200 0 "-" "WordPress/6.7.1; https://misswavenigeria.com"
165.231.182.25 - - [08/Jan/2025:23:42:48 -0500] "GET /register/ HTTP/1.0" 200 75934 "https://misswavenigeria.com/" "Mozilla/5.0 (Windows NT 6.3; Win64; x64) AppleWebKit/537.36 (KHTML, like Gecko) Chrome/103.0.0.0 Safari/537.36"
66.29.132.124 - - [08/Jan/2025:23:42:48 -0500] "POST /wp-admin/admin-ajax.php?action=async_litespeed&nonce=V8ULmkkWKCn8FnmPMFfvUamTw1KJ8YkO&litespeed_type=imgoptm HTTP/1.1" 200 21 "-" "WordPress/6.7.1; https://misswavenigeria.com"
66.29.132.124 - - [08/Jan/2025:23:43:36 -0500] "POST /wp-cron.php?doing_wp_cron=1736397816.8843159675598144531250 HTTP/1.1" 200 0 "-" "WordPress/6.7.1; https://misswavenigeria.com"
165.231.182.25 - - [08/Jan/2025:23:43:36 -0500] "GET / HTTP/1.0" 200 109063 "https://misswavenigeria.com/" "Mozilla/5.0 (Windows NT 10.0; Win64; x64) AppleWebKit/537.36 (KHTML, like Gecko) Chrome/103.0.0.0 Safari/537.36"
66.29.132.124 - - [08/Jan/2025:23:43:37 -0500] "POST /wp-admin/admin-ajax.php?action=async_litespeed&nonce=CmZQLPRMEcJ27nEtI7ErI3ZHfG9WjO0b&litespeed_type=imgoptm HTTP/1.1" 200 21 "-" "WordPress/6.7.1; https://misswavenigeria.com"
165.231.182.25 - - [08/Jan/2025:23:43:39 -0500] "GET /register/ HTTP/1.0" 200 75934 "https://misswavenigeria.com/register/" "Mozilla/5.0 (Windows NT 10.0; Win64; x64) AppleWebKit/537.36 (KHTML, like Gecko) Chrome/103.0.0.0 Safari/537.36"
165.231.182.25 - - [08/Jan/2025:23:43:41 -0500] "POST /register/ HTTP/1.0" 200 76060 "https://misswavenigeria.com/register/" "Mozilla/5.0 (Windows NT 10.0; Win64; x64) AppleWebKit/537.36 (KHTML, like Gecko) Chrome/103.0.0.0 Safari/537.36"
66.29.132.124 - - [08/Jan/2025:23:45:48 -0500] "POST /wp-cron.php?doing_wp_cron=1736397948.8246788978576660156250 HTTP/1.1" 200 0 "-" "WordPress/6.7.1; https://misswavenigeria.com"
165.231.182.25 - - [08/Jan/2025:23:45:48 -0500] "GET /register/ HTTP/1.0" 200 75934 "https://misswavenigeria.com/" "Mozilla/5.0 (Windows NT 10.0; Win64; x64) AppleWebKit/537.36 (KHTML, like Gecko) Chrome/103.0.0.0 Safari/537.36"
66.29.132.124 - - [08/Jan/2025:23:45:49 -0500] "POST /wp-admin/admin-ajax.php?action=async_litespeed&nonce=kBxbFJNZq4W9IjMCudD8ZnOpkZBoM8WV&litespeed_type=imgoptm HTTP/1.1" 200 21 "-" "WordPress/6.7.1; https://misswavenigeria.com"
66.29.132.124 - - [08/Jan/2025:23:46:31 -0500] "POST /wp-cron.php?doing_wp_cron=1736397991.0136299133300781250000 HTTP/1.1" 200 0 "-" "WordPress/6.7.1; https://misswavenigeria.com"
165.231.182.25 - - [08/Jan/2025:23:46:30 -0500] "GET / HTTP/1.0" 200 109067 "https://misswavenigeria.com/" "Mozilla/5.0 (Windows NT 6.1) AppleWebKit/537.36 (KHTML, like Gecko) Chrome/103.0.0.0 Safari/537.36"
66.29.132.124 - - [08/Jan/2025:23:46:31 -0500] "POST /wp-admin/admin-ajax.php?action=async_litespeed&nonce=4ebSH2iF97EvAAyvn3gmrwgo2lSW9ddO&litespeed_type=imgoptm HTTP/1.1" 200 21 "-" "WordPress/6.7.1; https://misswavenigeria.com"
165.231.182.25 - - [08/Jan/2025:23:46:33 -0500] "GET /register/ HTTP/1.0" 200 75934 "https://misswavenigeria.com/register/" "Mozilla/5.0 (Windows NT 6.1) AppleWebKit/537.36 (KHTML, like Gecko) Chrome/103.0.0.0 Safari/537.36"
66.249.79.204 - - [08/Jan/2025:23:47:16 -0500] "GET /goods/889498.html HTTP/1.1" 200 67799 "-" "Mozilla/5.0 (Linux; Android 6.0.1; Nexus 5X Build/MMB29P) AppleWebKit/537.36 (KHTML, like Gecko) Chrome/131.0.6778.204 Mobile Safari/537.36 (compatible; Googlebot/2.1; +http://www.google.com/bot.html)"
165.231.182.25 - - [08/Jan/2025:23:46:35 -0500] "POST /register/ HTTP/1.0" 200 76060 "https://misswavenigeria.com/register/" "Mozilla/5.0 (Windows NT 6.1) AppleWebKit/537.36 (KHTML, like Gecko) Chrome/103.0.0.0 Safari/537.36"
66.29.132.124 - - [08/Jan/2025:23:48:17 -0500] "POST /wp-cron.php?doing_wp_cron=1736398097.7155680656433105468750 HTTP/1.1" 200 0 "-" "WordPress/6.7.1; https://misswavenigeria.com"
165.231.182.25 - - [08/Jan/2025:23:48:17 -0500] "GET /register/ HTTP/1.0" 200 75934 "https://misswavenigeria.com/" "Mozilla/5.0 (Windows NT 6.1) AppleWebKit/537.36 (KHTML, like Gecko) Chrome/103.0.0.0 Safari/537.36"
66.29.132.124 - - [08/Jan/2025:23:48:17 -0500] "POST /wp-admin/admin-ajax.php?action=async_litespeed&nonce=YhUW1pmhOrIb73nL4VWpoaMDRg3ZIBvL&litespeed_type=imgoptm HTTP/1.1" 200 21 "-" "WordPress/6.7.1; https://misswavenigeria.com"
66.249.79.103 - - [08/Jan/2025:23:49:11 -0500] "GET /goods/3512921 HTTP/1.1" 200 69828 "-" "Mozilla/5.0 (Linux; Android 6.0.1; Nexus 5X Build/MMB29P) AppleWebKit/537.36 (KHTML, like Gecko) Chrome/131.0.6778.204 Mobile Safari/537.36 (compatible; Googlebot/2.1; +http://www.google.com/bot.html)"
66.29.132.124 - - [08/Jan/2025:23:49:23 -0500] "POST /wp-cron.php?doing_wp_cron=1736398163.7258589267730712890625 HTTP/1.1" 200 0 "-" "WordPress/6.7.1; https://misswavenigeria.com"
165.231.182.25 - - [08/Jan/2025:23:49:23 -0500] "GET / HTTP/1.0" 200 109065 "https://misswavenigeria.com/" "Mozilla/5.0 (Windows NT 6.3; WOW64) AppleWebKit/537.36 (KHTML, like Gecko) Chrome/103.0.0.0 Safari/537.36"
66.29.132.124 - - [08/Jan/2025:23:49:23 -0500] "POST /wp-admin/admin-ajax.php?action=async_litespeed&nonce=Ew2TTdGsfy8bj4KGq5bmvEFgvbltQDTI&litespeed_type=imgoptm HTTP/1.1" 200 21 "-" "WordPress/6.7.1; https://misswavenigeria.com"
165.231.182.25 - - [08/Jan/2025:23:49:26 -0500] "GET /register/ HTTP/1.0" 200 75934 "https://misswavenigeria.com/register/" "Mozilla/5.0 (Windows NT 6.3; WOW64) AppleWebKit/537.36 (KHTML, like Gecko) Chrome/103.0.0.0 Safari/537.36"
66.29.132.124 - - [08/Jan/2025:23:49:28 -0500] "POST /wp-cron.php?doing_wp_cron=1736398168.4990789890289306640625 HTTP/1.1" 200 0 "-" "WordPress/6.7.1; https://misswavenigeria.com"
165.231.182.25 - - [08/Jan/2025:23:49:28 -0500] "POST /register/ HTTP/1.0" 200 76060 "https://misswavenigeria.com/register/" "Mozilla/5.0 (Windows NT 6.3; WOW64) AppleWebKit/537.36 (KHTML, like Gecko) Chrome/103.0.0.0 Safari/537.36"
66.29.132.124 - - [08/Jan/2025:23:51:15 -0500] "POST /wp-cron.php?doing_wp_cron=1736398275.0718340873718261718750 HTTP/1.1" 200 0 "-" "WordPress/6.7.1; https://misswavenigeria.com"
165.231.182.25 - - [08/Jan/2025:23:51:14 -0500] "GET /register/ HTTP/1.0" 200 75934 "https://misswavenigeria.com/" "Mozilla/5.0 (Windows NT 6.3; WOW64) AppleWebKit/537.36 (KHTML, like Gecko) Chrome/103.0.0.0 Safari/537.36"
66.29.132.124 - - [08/Jan/2025:23:51:15 -0500] "POST /wp-admin/admin-ajax.php?action=async_litespeed&nonce=WspjMAU6AWdV4rvPXWKRDCEDnD2RTYaH&litespeed_type=imgoptm HTTP/1.1" 200 21 "-" "WordPress/6.7.1; https://misswavenigeria.com"
66.29.132.124 - - [08/Jan/2025:23:52:18 -0500] "POST /wp-cron.php?doing_wp_cron=1736398338.0856258869171142578125 HTTP/1.1" 200 0 "-" "WordPress/6.7.1; https://misswavenigeria.com"
165.231.182.25 - - [08/Jan/2025:23:52:17 -0500] "GET / HTTP/1.0" 200 109067 "https://misswavenigeria.com/" "Mozilla/5.0 (Windows NT 6.3; Win64; x64) AppleWebKit/537.36 (KHTML, like Gecko) Chrome/103.0.5060.53 Safari/537.36"
66.29.132.124 - - [08/Jan/2025:23:52:18 -0500] "POST /wp-admin/admin-ajax.php?action=async_litespeed&nonce=9UFo8vs3qAV3n7TGtwuSeRfO5abrQOHw&litespeed_type=imgoptm HTTP/1.1" 200 21 "-" "WordPress/6.7.1; https://misswavenigeria.com"
165.231.182.25 - - [08/Jan/2025:23:52:20 -0500] "GET /register/ HTTP/1.0" 200 75934 "https://misswavenigeria.com/register/" "Mozilla/5.0 (Windows NT 6.3; Win64; x64) AppleWebKit/537.36 (KHTML, like Gecko) Chrome/103.0.5060.53 Safari/537.36"
66.249.68.4 - - [08/Jan/2025:23:53:45 -0500] "GET /robots.txt HTTP/1.1" 200 103 "-" "Mozilla/5.0 (compatible; Googlebot/2.1; +http://www.google.com/bot.html)"
66.249.79.32 - - [08/Jan/2025:23:53:51 -0500] "GET /goods/2955987 HTTP/1.1" 200 69136 "-" "Mozilla/5.0 (Linux; Android 6.0.1; Nexus 5X Build/MMB29P) AppleWebKit/537.36 (KHTML, like Gecko) Chrome/131.0.6778.204 Mobile Safari/537.36 (compatible; Googlebot/2.1; +http://www.google.com/bot.html)"
165.231.182.25 - - [08/Jan/2025:23:52:22 -0500] "POST /register/ HTTP/1.0" 200 76060 "https://misswavenigeria.com/register/" "Mozilla/5.0 (Windows NT 6.3; Win64; x64) AppleWebKit/537.36 (KHTML, like Gecko) Chrome/103.0.5060.53 Safari/537.36"
66.29.132.124 - - [08/Jan/2025:23:54:06 -0500] "POST /wp-cron.php?doing_wp_cron=1736398446.6242880821228027343750 HTTP/1.1" 200 0 "-" "WordPress/6.7.1; https://misswavenigeria.com"
165.231.182.25 - - [08/Jan/2025:23:54:06 -0500] "GET /register/ HTTP/1.0" 200 75934 "https://misswavenigeria.com/" "Mozilla/5.0 (Windows NT 6.3; Win64; x64) AppleWebKit/537.36 (KHTML, like Gecko) Chrome/103.0.5060.53 Safari/537.36"
66.29.132.124 - - [08/Jan/2025:23:54:06 -0500] "POST /wp-admin/admin-ajax.php?action=async_litespeed&nonce=qdTF5JcGGeQ7LGgfMw5VUzmFMpDQcODE&litespeed_type=imgoptm HTTP/1.1" 200 21 "-" "WordPress/6.7.1; https://misswavenigeria.com"
66.29.132.124 - - [08/Jan/2025:23:55:11 -0500] "POST /wp-cron.php?doing_wp_cron=1736398511.5321340560913085937500 HTTP/1.1" 200 0 "-" "WordPress/6.7.1; https://misswavenigeria.com"
165.231.182.25 - - [08/Jan/2025:23:55:10 -0500] "GET / HTTP/1.0" 200 109065 "https://misswavenigeria.com/" "Mozilla/5.0 (Windows NT 6.1; Win64; x64) AppleWebKit/537.36 (KHTML, like Gecko) Chrome/103.0.0.0 Safari/537.36"
66.29.132.124 - - [08/Jan/2025:23:55:12 -0500] "POST /wp-admin/admin-ajax.php?action=async_litespeed&nonce=ontncgjaSPeypy6sp8gOrsPodQHqOkGb&litespeed_type=imgoptm HTTP/1.1" 200 21 "-" "WordPress/6.7.1; https://misswavenigeria.com"
165.231.182.25 - - [08/Jan/2025:23:55:15 -0500] "GET /register/ HTTP/1.0" 200 75934 "https://misswavenigeria.com/register/" "Mozilla/5.0 (Windows NT 6.1; Win64; x64) AppleWebKit/537.36 (KHTML, like Gecko) Chrome/103.0.0.0 Safari/537.36"
66.249.79.103 - - [08/Jan/2025:23:56:38 -0500] "GET /robots.txt HTTP/1.1" 200 103 "-" "Mozilla/5.0 (compatible; Googlebot/2.1; +http://www.google.com/bot.html)"
66.249.79.33 - - [08/Jan/2025:23:56:45 -0500] "GET /goods/4373901 HTTP/1.1" 200 67131 "-" "Mozilla/5.0 (Linux; Android 6.0.1; Nexus 5X Build/MMB29P) AppleWebKit/537.36 (KHTML, like Gecko) Chrome/131.0.6778.204 Mobile Safari/537.36 (compatible; Googlebot/2.1; +http://www.google.com/bot.html)"
66.29.132.124 - - [08/Jan/2025:23:56:52 -0500] "POST /wp-cron.php?doing_wp_cron=1736398612.0707600116729736328125 HTTP/1.1" 200 0 "-" "WordPress/6.7.1; https://misswavenigeria.com"
45.82.13.113 - - [08/Jan/2025:23:56:51 -0500] "GET /contact/ HTTP/1.1" 200 17549 "-" "Mozilla/5.0 (Windows NT 10.0; Win64; x64; Xbox; Xbox One) AppleWebKit/537.36 (KHTML, like Gecko) Chrome/114.0.0.0 Safari/537.36 Edge/44.18363.8131"
66.29.132.124 - - [08/Jan/2025:23:56:52 -0500] "POST /wp-admin/admin-ajax.php?action=async_litespeed&nonce=EtoEATe67RzpTVQJonO9e4Q5c9CWgfw7&litespeed_type=imgoptm HTTP/1.1" 200 21 "-" "WordPress/6.7.1; https://misswavenigeria.com"
45.82.13.113 - - [08/Jan/2025:23:56:53 -0500] "GET /wp-content/plugins/contact-form-7/includes/js/index.js?ver=6.0.2 HTTP/1.1" 200 4008 "https://misswavenigeria.com/contact/" "Mozilla/5.0 (Windows NT 10.0; Win64; x64; Xbox; Xbox One) AppleWebKit/537.36 (KHTML, like Gecko) Chrome/114.0.0.0 Safari/537.36 Edge/44.18363.8131"
45.82.13.113 - - [08/Jan/2025:23:56:54 -0500] "POST /wp-json/contact-form-7/v1/contact-forms/249/feedback HTTP/1.1" 200 220 "https://misswavenigeria.com/contact/" "Mozilla/5.0 (Windows NT 10.0; Win64; x64; Xbox; Xbox One) AppleWebKit/537.36 (KHTML, like Gecko) Chrome/114.0.0.0 Safari/537.36 Edge/44.18363.8131"
165.231.182.25 - - [08/Jan/2025:23:55:17 -0500] "POST /register/ HTTP/1.0" 200 76060 "https://misswavenigeria.com/register/" "Mozilla/5.0 (Windows NT 6.1; Win64; x64) AppleWebKit/537.36 (KHTML, like Gecko) Chrome/103.0.0.0 Safari/537.36"
165.231.182.25 - - [08/Jan/2025:23:57:21 -0500] "GET /register/ HTTP/1.0" 200 75934 "https://misswavenigeria.com/" "Mozilla/5.0 (Windows NT 6.1; Win64; x64) AppleWebKit/537.36 (KHTML, like Gecko) Chrome/103.0.0.0 Safari/537.36"
66.29.132.124 - - [08/Jan/2025:23:58:07 -0500] "POST /wp-cron.php?doing_wp_cron=1736398687.7169549465179443359375 HTTP/1.1" 200 0 "-" "WordPress/6.7.1; https://misswavenigeria.com"
165.231.182.25 - - [08/Jan/2025:23:58:07 -0500] "GET / HTTP/1.0" 200 109065 "https://misswavenigeria.com/" "Mozilla/5.0 (Windows NT 6.3; WOW64) AppleWebKit/537.36 (KHTML, like Gecko) Chrome/103.0.5060.114 Safari/537.36"
66.29.132.124 - - [08/Jan/2025:23:58:07 -0500] "POST /wp-admin/admin-ajax.php?action=async_litespeed&nonce=3VukQojMIpAgtHmuKjMnIVIBPCL6Ecjx&litespeed_type=imgoptm HTTP/1.1" 200 21 "-" "WordPress/6.7.1; https://misswavenigeria.com"
165.231.182.25 - - [08/Jan/2025:23:58:09 -0500] "GET /register/ HTTP/1.0" 200 75934 "https://misswavenigeria.com/register/" "Mozilla/5.0 (Windows NT 6.3; WOW64) AppleWebKit/537.36 (KHTML, like Gecko) Chrome/103.0.5060.114 Safari/537.36"
35.204.181.133 - - [08/Jan/2025:23:59:00 -0500] "GET / HTTP/1.1" 200 24484 "-" "Scrapy/2.11.2 (+https://scrapy.org)"
165.231.182.25 - - [08/Jan/2025:23:58:11 -0500] "POST /register/ HTTP/1.0" 200 76060 "https://misswavenigeria.com/register/" "Mozilla/5.0 (Windows NT 6.3; WOW64) AppleWebKit/537.36 (KHTML, like Gecko) Chrome/103.0.5060.114 Safari/537.36"
66.29.132.124 - - [08/Jan/2025:23:59:32 -0500] "POST /wp-cron.php?doing_wp_cron=1736398772.9809160232543945312500 HTTP/1.1" 200 0 "-" "WordPress/6.7.1; https://misswavenigeria.com"
165.231.182.25 - - [08/Jan/2025:23:59:32 -0500] "GET /register/ HTTP/1.0" 200 75934 "https://misswavenigeria.com/" "Mozilla/5.0 (Windows NT 6.3; WOW64) AppleWebKit/537.36 (KHTML, like Gecko) Chrome/103.0.5060.114 Safari/537.36"
66.29.132.124 - - [08/Jan/2025:23:59:33 -0500] "POST /wp-admin/admin-ajax.php?action=async_litespeed&nonce=YzSOUcYiQ4VyzLwm1eMd28X3nBRCZfgL&litespeed_type=imgoptm HTTP/1.1" 200 21 "-" "WordPress/6.7.1; https://misswavenigeria.com"
66.29.132.124 - - [09/Jan/2025:00:00:04 -0500] "POST /wp-cron.php?doing_wp_cron=1736398803.5731930732727050781250 HTTP/1.1" 200 0 "-" "WordPress/6.7.1; https://misswavenigeria.com"
194.38.23.16 - - [09/Jan/2025:00:00:02 -0500] "GET /wp-content/plugins/superlogoshowcase-wp/sls-wp-admin/pages/exportAjax.php HTTP/1.1" 404 67231 "-" "ALittle Client"
66.29.132.124 - - [09/Jan/2025:00:00:06 -0500] "POST /wp-admin/admin-ajax.php?action=async_litespeed&nonce=4GOYrJyMhBnwkxjXtQ5Axm2sG4gH3XzJ&litespeed_type=imgoptm HTTP/1.1" 200 0 "-" "WordPress/6.7.1; https://misswavenigeria.com"
66.29.132.124 - - [09/Jan/2025:00:01:06 -0500] "POST /wp-cron.php?doing_wp_cron=1736398866.1399159431457519531250 HTTP/1.1" 200 0 "-" "WordPress/6.7.1; https://misswavenigeria.com"
165.231.182.25 - - [09/Jan/2025:00:01:05 -0500] "GET / HTTP/1.0" 200 109067 "https://misswavenigeria.com/" "Mozilla/5.0 (Windows NT 6.3; Win64; x64) AppleWebKit/537.36 (KHTML, like Gecko) Chrome/103.0.5060.66 Safari/537.36"
66.29.132.124 - - [09/Jan/2025:00:01:06 -0500] "POST /wp-admin/admin-ajax.php?action=async_litespeed&nonce=xvCBoXvf8iCZTNjC1kGQCLq0EAUyIgk2&litespeed_type=imgoptm HTTP/1.1" 200 21 "-" "WordPress/6.7.1; https://misswavenigeria.com"
165.231.182.25 - - [09/Jan/2025:00:01:08 -0500] "GET /register/ HTTP/1.0" 200 75934 "https://misswavenigeria.com/register/" "Mozilla/5.0 (Windows NT 6.3; Win64; x64) AppleWebKit/537.36 (KHTML, like Gecko) Chrome/103.0.5060.66 Safari/537.36"
165.231.182.25 - - [09/Jan/2025:00:01:10 -0500] "POST /register/ HTTP/1.0" 200 76060 "https://misswavenigeria.com/register/" "Mozilla/5.0 (Windows NT 6.3; Win64; x64) AppleWebKit/537.36 (KHTML, like Gecko) Chrome/103.0.5060.66 Safari/537.36"
66.29.132.124 - - [09/Jan/2025:00:02:57 -0500] "POST /wp-cron.php?doing_wp_cron=1736398977.4933030605316162109375 HTTP/1.1" 200 0 "-" "WordPress/6.7.1; https://misswavenigeria.com"
165.231.182.25 - - [09/Jan/2025:00:02:57 -0500] "GET /register/ HTTP/1.0" 200 75934 "https://misswavenigeria.com/" "Mozilla/5.0 (Windows NT 6.3; Win64; x64) AppleWebKit/537.36 (KHTML, like Gecko) Chrome/103.0.5060.66 Safari/537.36"
66.29.132.124 - - [09/Jan/2025:00:02:57 -0500] "POST /wp-admin/admin-ajax.php?action=async_litespeed&nonce=XMJ7swGdGX5fL6j8r4xDcSxND4hQzvIc&litespeed_type=imgoptm HTTP/1.1" 200 21 "-" "WordPress/6.7.1; https://misswavenigeria.com"
66.29.132.124 - - [09/Jan/2025:00:04:03 -0500] "POST /wp-cron.php?doing_wp_cron=1736399043.8562459945678710937500 HTTP/1.1" 200 0 "-" "WordPress/6.7.1; https://misswavenigeria.com"
165.231.182.25 - - [09/Jan/2025:00:04:03 -0500] "GET / HTTP/1.0" 200 109065 "https://misswavenigeria.com/" "Mozilla/5.0 (Windows NT 10.0; Win64; x64) AppleWebKit/537.36 (KHTML, like Gecko) Chrome/103.0.5060.114 Safari/537.36"
66.29.132.124 - - [09/Jan/2025:00:04:04 -0500] "POST /wp-admin/admin-ajax.php?action=async_litespeed&nonce=ewb8HpyBCpqHeJd79rxs4cMlG1kVjQbI&litespeed_type=imgoptm HTTP/1.1" 200 21 "-" "WordPress/6.7.1; https://misswavenigeria.com"
165.231.182.25 - - [09/Jan/2025:00:04:05 -0500] "GET /register/ HTTP/1.0" 200 75934 "https://misswavenigeria.com/register/" "Mozilla/5.0 (Windows NT 10.0; Win64; x64) AppleWebKit/537.36 (KHTML, like Gecko) Chrome/103.0.5060.114 Safari/537.36"
165.231.182.25 - - [09/Jan/2025:00:04:07 -0500] "POST /register/ HTTP/1.0" 200 76060 "https://misswavenigeria.com/register/" "Mozilla/5.0 (Windows NT 10.0; Win64; x64) AppleWebKit/537.36 (KHTML, like Gecko) Chrome/103.0.5060.114 Safari/537.36"
66.29.132.124 - - [09/Jan/2025:00:05:52 -0500] "POST /wp-cron.php?doing_wp_cron=1736399152.1109969615936279296875 HTTP/1.1" 200 0 "-" "WordPress/6.7.1; https://misswavenigeria.com"
165.231.182.25 - - [09/Jan/2025:00:05:51 -0500] "GET /register/ HTTP/1.0" 200 75934 "https://misswavenigeria.com/" "Mozilla/5.0 (Windows NT 10.0; Win64; x64) AppleWebKit/537.36 (KHTML, like Gecko) Chrome/103.0.5060.114 Safari/537.36"
66.29.132.124 - - [09/Jan/2025:00:05:52 -0500] "POST /wp-admin/admin-ajax.php?action=async_litespeed&nonce=yFgKzvGjaecWVNg9PVjmPafq71L6TzgK&litespeed_type=imgoptm HTTP/1.1" 200 21 "-" "WordPress/6.7.1; https://misswavenigeria.com"
66.29.132.124 - - [09/Jan/2025:00:06:57 -0500] "POST /wp-cron.php?doing_wp_cron=1736399217.5259809494018554687500 HTTP/1.1" 200 0 "-" "WordPress/6.7.1; https://misswavenigeria.com"
165.231.182.25 - - [09/Jan/2025:00:06:57 -0500] "GET / HTTP/1.0" 200 109065 "https://misswavenigeria.com/" "Mozilla/5.0 (Windows NT 10.0; Win64; x64) AppleWebKit/537.36 (KHTML, like Gecko) Chrome/103.0.0.0 Safari/537.36"
66.29.132.124 - - [09/Jan/2025:00:06:57 -0500] "POST /wp-admin/admin-ajax.php?action=async_litespeed&nonce=c2Uo8aV9khlIgPcegB1otzZoFJqYT1vN&litespeed_type=imgoptm HTTP/1.1" 200 21 "-" "WordPress/6.7.1; https://misswavenigeria.com"
165.231.182.25 - - [09/Jan/2025:00:06:59 -0500] "GET /register/ HTTP/1.0" 200 75934 "https://misswavenigeria.com/register/" "Mozilla/5.0 (Windows NT 10.0; Win64; x64) AppleWebKit/537.36 (KHTML, like Gecko) Chrome/103.0.0.0 Safari/537.36"
165.231.182.25 - - [09/Jan/2025:00:07:01 -0500] "POST /register/ HTTP/1.0" 200 76060 "https://misswavenigeria.com/register/" "Mozilla/5.0 (Windows NT 10.0; Win64; x64) AppleWebKit/537.36 (KHTML, like Gecko) Chrome/103.0.0.0 Safari/537.36"
66.29.132.124 - - [09/Jan/2025:00:08:37 -0500] "POST /wp-cron.php?doing_wp_cron=1736399317.9835340976715087890625 HTTP/1.1" 200 0 "-" "WordPress/6.7.1; https://misswavenigeria.com"
165.231.182.25 - - [09/Jan/2025:00:08:37 -0500] "GET /register/ HTTP/1.0" 200 75934 "https://misswavenigeria.com/" "Mozilla/5.0 (Windows NT 10.0; Win64; x64) AppleWebKit/537.36 (KHTML, like Gecko) Chrome/103.0.0.0 Safari/537.36"
66.29.132.124 - - [09/Jan/2025:00:08:38 -0500] "POST /wp-admin/admin-ajax.php?action=async_litespeed&nonce=GWorJ2jFI3dMGOlPpoVKH4ZaaH2XELbD&litespeed_type=imgoptm HTTP/1.1" 200 21 "-" "WordPress/6.7.1; https://misswavenigeria.com"
66.29.132.124 - - [09/Jan/2025:00:09:55 -0500] "POST /wp-cron.php?doing_wp_cron=1736399395.0195550918579101562500 HTTP/1.1" 200 0 "-" "WordPress/6.7.1; https://misswavenigeria.com"
165.231.182.25 - - [09/Jan/2025:00:09:54 -0500] "GET / HTTP/1.0" 200 109065 "https://misswavenigeria.com/" "Mozilla/5.0 (Windows NT 6.3; WOW64) AppleWebKit/537.36 (KHTML, like Gecko) Chrome/103.0.5060.114 Safari/537.36"
66.29.132.124 - - [09/Jan/2025:00:09:55 -0500] "POST /wp-admin/admin-ajax.php?action=async_litespeed&nonce=s484f7PrSaBV7tED3gNfDYQHteTWYbPU&litespeed_type=imgoptm HTTP/1.1" 200 21 "-" "WordPress/6.7.1; https://misswavenigeria.com"
165.231.182.25 - - [09/Jan/2025:00:09:57 -0500] "GET /register/ HTTP/1.0" 200 75934 "https://misswavenigeria.com/register/" "Mozilla/5.0 (Windows NT 6.3; WOW64) AppleWebKit/537.36 (KHTML, like Gecko) Chrome/103.0.5060.114 Safari/537.36"
165.231.182.25 - - [09/Jan/2025:00:09:58 -0500] "POST /register/ HTTP/1.0" 200 76060 "https://misswavenigeria.com/register/" "Mozilla/5.0 (Windows NT 6.3; WOW64) AppleWebKit/537.36 (KHTML, like Gecko) Chrome/103.0.5060.114 Safari/537.36"
66.29.132.124 - - [09/Jan/2025:00:11:41 -0500] "POST /wp-cron.php?doing_wp_cron=1736399501.9603679180145263671875 HTTP/1.1" 200 0 "-" "WordPress/6.7.1; https://misswavenigeria.com"
165.231.182.25 - - [09/Jan/2025:00:11:41 -0500] "GET /register/ HTTP/1.0" 200 75934 "https://misswavenigeria.com/" "Mozilla/5.0 (Windows NT 6.3; WOW64) AppleWebKit/537.36 (KHTML, like Gecko) Chrome/103.0.5060.114 Safari/537.36"
66.29.132.124 - - [09/Jan/2025:00:11:42 -0500] "POST /wp-admin/admin-ajax.php?action=async_litespeed&nonce=LSzdJ6NXW0jyJMX4kiJiGWQcTbJLO6ju&litespeed_type=imgoptm HTTP/1.1" 200 21 "-" "WordPress/6.7.1; https://misswavenigeria.com"
66.29.132.124 - - [09/Jan/2025:00:12:44 -0500] "POST /wp-cron.php?doing_wp_cron=1736399564.1674420833587646484375 HTTP/1.1" 200 0 "-" "WordPress/6.7.1; https://misswavenigeria.com"
165.231.182.25 - - [09/Jan/2025:00:12:44 -0500] "GET / HTTP/1.0" 200 109065 "https://misswavenigeria.com/" "Mozilla/5.0 (Windows NT 6.1; Win64; x64) AppleWebKit/537.36 (KHTML, like Gecko) Chrome/103.0.5060.114 Safari/537.36"
66.29.132.124 - - [09/Jan/2025:00:12:44 -0500] "POST /wp-admin/admin-ajax.php?action=async_litespeed&nonce=fxjM7fEEfnv6PdBKqAJMya6ITXjJMktw&litespeed_type=imgoptm HTTP/1.1" 200 21 "-" "WordPress/6.7.1; https://misswavenigeria.com"
165.231.182.25 - - [09/Jan/2025:00:12:46 -0500] "GET /register/ HTTP/1.0" 200 75934 "https://misswavenigeria.com/register/" "Mozilla/5.0 (Windows NT 6.1; Win64; x64) AppleWebKit/537.36 (KHTML, like Gecko) Chrome/103.0.5060.114 Safari/537.36"
165.231.182.25 - - [09/Jan/2025:00:12:47 -0500] "POST /register/ HTTP/1.0" 200 76060 "https://misswavenigeria.com/register/" "Mozilla/5.0 (Windows NT 6.1; Win64; x64) AppleWebKit/537.36 (KHTML, like Gecko) Chrome/103.0.5060.114 Safari/537.36"
66.29.132.124 - - [09/Jan/2025:00:14:23 -0500] "POST /wp-cron.php?doing_wp_cron=1736399663.2667059898376464843750 HTTP/1.1" 200 0 "-" "WordPress/6.7.1; https://misswavenigeria.com"
165.231.182.25 - - [09/Jan/2025:00:14:23 -0500] "GET /register/ HTTP/1.0" 200 75934 "https://misswavenigeria.com/" "Mozilla/5.0 (Windows NT 6.1; Win64; x64) AppleWebKit/537.36 (KHTML, like Gecko) Chrome/103.0.5060.114 Safari/537.36"
66.29.132.124 - - [09/Jan/2025:00:14:23 -0500] "POST /wp-admin/admin-ajax.php?action=async_litespeed&nonce=aqacfejkQM7421ZuycjLAUxekItH3i9k&litespeed_type=imgoptm HTTP/1.1" 200 21 "-" "WordPress/6.7.1; https://misswavenigeria.com"
66.29.132.124 - - [09/Jan/2025:00:15:40 -0500] "POST /wp-cron.php?doing_wp_cron=1736399740.1542899608612060546875 HTTP/1.1" 200 0 "-" "WordPress/6.7.1; https://misswavenigeria.com"
165.231.182.25 - - [09/Jan/2025:00:15:39 -0500] "GET / HTTP/1.0" 200 109067 "https://misswavenigeria.com/" "Mozilla/5.0 (Windows NT 10.0; Win64; x64) AppleWebKit/537.36 (KHTML, like Gecko) Chrome/103.0.5060.114 Safari/537.36"
66.29.132.124 - - [09/Jan/2025:00:15:40 -0500] "POST /wp-admin/admin-ajax.php?action=async_litespeed&nonce=ha2Rs46sptie65xvYANMc8rVpIOuuDYR&litespeed_type=imgoptm HTTP/1.1" 200 21 "-" "WordPress/6.7.1; https://misswavenigeria.com"
165.231.182.25 - - [09/Jan/2025:00:15:42 -0500] "GET /register/ HTTP/1.0" 200 75934 "https://misswavenigeria.com/register/" "Mozilla/5.0 (Windows NT 10.0; Win64; x64) AppleWebKit/537.36 (KHTML, like Gecko) Chrome/103.0.5060.114 Safari/537.36"
165.231.182.25 - - [09/Jan/2025:00:15:43 -0500] "POST /register/ HTTP/1.0" 200 76060 "https://misswavenigeria.com/register/" "Mozilla/5.0 (Windows NT 10.0; Win64; x64) AppleWebKit/537.36 (KHTML, like Gecko) Chrome/103.0.5060.114 Safari/537.36"
66.29.132.124 - - [09/Jan/2025:00:17:05 -0500] "POST /wp-cron.php?doing_wp_cron=1736399825.1773300170898437500000 HTTP/1.1" 200 0 "-" "WordPress/6.7.1; https://misswavenigeria.com"
165.231.182.25 - - [09/Jan/2025:00:17:05 -0500] "GET /register/ HTTP/1.0" 200 75934 "https://misswavenigeria.com/" "Mozilla/5.0 (Windows NT 10.0; Win64; x64) AppleWebKit/537.36 (KHTML, like Gecko) Chrome/103.0.5060.114 Safari/537.36"
66.29.132.124 - - [09/Jan/2025:00:17:05 -0500] "POST /wp-admin/admin-ajax.php?action=async_litespeed&nonce=OCRdCKu8bJdZQsOd7qYOyhZc75QBLzqD&litespeed_type=imgoptm HTTP/1.1" 200 21 "-" "WordPress/6.7.1; https://misswavenigeria.com"
66.249.79.168 - - [09/Jan/2025:00:17:34 -0500] "GET /goods/1730149 HTTP/1.1" 200 68846 "-" "Mozilla/5.0 (Linux; Android 6.0.1; Nexus 5X Build/MMB29P) AppleWebKit/537.36 (KHTML, like Gecko) Chrome/131.0.6778.204 Mobile Safari/537.36 (compatible; Googlebot/2.1; +http://www.google.com/bot.html)"
66.249.68.68 - - [09/Jan/2025:00:18:21 -0500] "GET /goods/2135185 HTTP/1.1" 200 68007 "-" "Mozilla/5.0 (Linux; Android 6.0.1; Nexus 5X Build/MMB29P) AppleWebKit/537.36 (KHTML, like Gecko) Chrome/131.0.6778.204 Mobile Safari/537.36 (compatible; Googlebot/2.1; +http://www.google.com/bot.html)"
66.249.79.169 - - [09/Jan/2025:00:18:35 -0500] "GET /goods/3962941 HTTP/1.1" 200 69980 "-" "Mozilla/5.0 (Linux; Android 6.0.1; Nexus 5X Build/MMB29P) AppleWebKit/537.36 (KHTML, like Gecko) Chrome/131.0.6778.204 Mobile Safari/537.36 (compatible; Googlebot/2.1; +http://www.google.com/bot.html)"
66.29.132.124 - - [09/Jan/2025:00:18:40 -0500] "POST /wp-cron.php?doing_wp_cron=1736399920.1607680320739746093750 HTTP/1.1" 200 0 "-" "WordPress/6.7.1; https://misswavenigeria.com"
165.231.182.25 - - [09/Jan/2025:00:18:39 -0500] "GET / HTTP/1.0" 200 109065 "https://misswavenigeria.com/" "Mozilla/5.0 (Windows NT 6.3; WOW64) AppleWebKit/537.36 (KHTML, like Gecko) Chrome/103.0.5060.114 Safari/537.36"
66.29.132.124 - - [09/Jan/2025:00:18:40 -0500] "POST /wp-admin/admin-ajax.php?action=async_litespeed&nonce=8B6mr9lZr1N1ovijh8dFFQs6Q7APGlg1&litespeed_type=imgoptm HTTP/1.1" 200 21 "-" "WordPress/6.7.1; https://misswavenigeria.com"
165.231.182.25 - - [09/Jan/2025:00:18:42 -0500] "GET /register/ HTTP/1.0" 200 75934 "https://misswavenigeria.com/register/" "Mozilla/5.0 (Windows NT 6.3; WOW64) AppleWebKit/537.36 (KHTML, like Gecko) Chrome/103.0.5060.114 Safari/537.36"
66.249.68.67 - - [09/Jan/2025:00:18:58 -0500] "GET /goods/708911 HTTP/1.1" 200 68511 "-" "Mozilla/5.0 (Linux; Android 6.0.1; Nexus 5X Build/MMB29P) AppleWebKit/537.36 (KHTML, like Gecko) Chrome/131.0.6778.204 Mobile Safari/537.36 (compatible; Googlebot/2.1; +http://www.google.com/bot.html)"
66.249.68.67 - - [09/Jan/2025:00:19:41 -0500] "GET /goods/2917821 HTTP/1.1" 200 69042 "-" "Mozilla/5.0 (Linux; Android 6.0.1; Nexus 5X Build/MMB29P) AppleWebKit/537.36 (KHTML, like Gecko) Chrome/131.0.6778.204 Mobile Safari/537.36 (compatible; Googlebot/2.1; +http://www.google.com/bot.html)"
165.231.182.25 - - [09/Jan/2025:00:18:43 -0500] "POST /register/ HTTP/1.0" 200 76060 "https://misswavenigeria.com/register/" "Mozilla/5.0 (Windows NT 6.3; WOW64) AppleWebKit/537.36 (KHTML, like Gecko) Chrome/103.0.5060.114 Safari/537.36"
66.29.132.124 - - [09/Jan/2025:00:20:33 -0500] "POST /wp-cron.php?doing_wp_cron=1736400033.9069509506225585937500 HTTP/1.1" 200 0 "-" "WordPress/6.7.1; https://misswavenigeria.com"
165.231.182.25 - - [09/Jan/2025:00:20:33 -0500] "GET /register/ HTTP/1.0" 200 75934 "https://misswavenigeria.com/" "Mozilla/5.0 (Windows NT 6.3; WOW64) AppleWebKit/537.36 (KHTML, like Gecko) Chrome/103.0.5060.114 Safari/537.36"
66.29.132.124 - - [09/Jan/2025:00:20:34 -0500] "POST /wp-admin/admin-ajax.php?action=async_litespeed&nonce=4mKOW4dWcssAU7plFrljgEjRKhX12WUy&litespeed_type=imgoptm HTTP/1.1" 200 21 "-" "WordPress/6.7.1; https://misswavenigeria.com"
66.249.68.67 - - [09/Jan/2025:00:21:25 -0500] "GET /goods/3911590 HTTP/1.1" 200 67011 "-" "Mozilla/5.0 (Linux; Android 6.0.1; Nexus 5X Build/MMB29P) AppleWebKit/537.36 (KHTML, like Gecko) Chrome/131.0.6778.204 Mobile Safari/537.36 (compatible; Googlebot/2.1; +http://www.google.com/bot.html)"
66.29.132.124 - - [09/Jan/2025:00:21:36 -0500] "POST /wp-cron.php?doing_wp_cron=1736400096.4274220466613769531250 HTTP/1.1" 200 0 "-" "WordPress/6.7.1; https://misswavenigeria.com"
165.231.182.25 - - [09/Jan/2025:00:21:36 -0500] "GET / HTTP/1.0" 200 109067 "https://misswavenigeria.com/" "Mozilla/5.0 (Windows NT 10.0; Win64; x64) AppleWebKit/537.36 (KHTML, like Gecko) Chrome/103.0.5060.53 Safari/537.36"
66.29.132.124 - - [09/Jan/2025:00:21:36 -0500] "POST /wp-admin/admin-ajax.php?action=async_litespeed&nonce=xpb9NIpgiURRFIxNRDFaR5QVR7q3FdZt&litespeed_type=imgoptm HTTP/1.1" 200 21 "-" "WordPress/6.7.1; https://misswavenigeria.com"
165.231.182.25 - - [09/Jan/2025:00:21:38 -0500] "GET /register/ HTTP/1.0" 200 75934 "https://misswavenigeria.com/register/" "Mozilla/5.0 (Windows NT 10.0; Win64; x64) AppleWebKit/537.36 (KHTML, like Gecko) Chrome/103.0.5060.53 Safari/537.36"
66.249.68.68 - - [09/Jan/2025:00:22:08 -0500] "GET /goods/1232230 HTTP/1.1" 200 68223 "-" "Mozilla/5.0 (Linux; Android 6.0.1; Nexus 5X Build/MMB29P) AppleWebKit/537.36 (KHTML, like Gecko) Chrome/131.0.6778.204 Mobile Safari/537.36 (compatible; Googlebot/2.1; +http://www.google.com/bot.html)"
165.231.182.25 - - [09/Jan/2025:00:21:40 -0500] "POST /register/ HTTP/1.0" 200 76060 "https://misswavenigeria.com/register/" "Mozilla/5.0 (Windows NT 10.0; Win64; x64) AppleWebKit/537.36 (KHTML, like Gecko) Chrome/103.0.5060.53 Safari/537.36"
66.29.132.124 - - [09/Jan/2025:00:23:32 -0500] "POST /wp-cron.php?doing_wp_cron=1736400212.7650020122528076171875 HTTP/1.1" 200 0 "-" "WordPress/6.7.1; https://misswavenigeria.com"
165.231.182.25 - - [09/Jan/2025:00:23:32 -0500] "GET /register/ HTTP/1.0" 200 75934 "https://misswavenigeria.com/" "Mozilla/5.0 (Windows NT 10.0; Win64; x64) AppleWebKit/537.36 (KHTML, like Gecko) Chrome/103.0.5060.53 Safari/537.36"
66.29.132.124 - - [09/Jan/2025:00:23:33 -0500] "POST /wp-admin/admin-ajax.php?action=async_litespeed&nonce=MABCIpxIox7eYXLeHYDl8hNzs2dGjxBl&litespeed_type=imgoptm HTTP/1.1" 200 21 "-" "WordPress/6.7.1; https://misswavenigeria.com"
66.29.132.124 - - [09/Jan/2025:00:24:32 -0500] "POST /wp-cron.php?doing_wp_cron=1736400272.3219659328460693359375 HTTP/1.1" 200 0 "-" "WordPress/6.7.1; https://misswavenigeria.com"
165.231.182.25 - - [09/Jan/2025:00:24:31 -0500] "GET / HTTP/1.0" 200 109067 "https://misswavenigeria.com/" "Mozilla/5.0 (Windows NT 6.1; WOW64) AppleWebKit/537.36 (KHTML, like Gecko) Chrome/103.0.0.0 Safari/537.36"
66.29.132.124 - - [09/Jan/2025:00:24:32 -0500] "POST /wp-admin/admin-ajax.php?action=async_litespeed&nonce=7zXrxTEpd70rNNh55ZVuftmyVSrXybhx&litespeed_type=imgoptm HTTP/1.1" 200 21 "-" "WordPress/6.7.1; https://misswavenigeria.com"
165.231.182.25 - - [09/Jan/2025:00:24:34 -0500] "GET /register/ HTTP/1.0" 200 75934 "https://misswavenigeria.com/register/" "Mozilla/5.0 (Windows NT 6.1; WOW64) AppleWebKit/537.36 (KHTML, like Gecko) Chrome/103.0.0.0 Safari/537.36"
66.249.68.69 - - [09/Jan/2025:00:25:35 -0500] "GET /goods/904502 HTTP/1.1" 200 70528 "-" "Mozilla/5.0 (Linux; Android 6.0.1; Nexus 5X Build/MMB29P) AppleWebKit/537.36 (KHTML, like Gecko) Chrome/131.0.6778.204 Mobile Safari/537.36 (compatible; Googlebot/2.1; +http://www.google.com/bot.html)"
66.249.68.67 - - [09/Jan/2025:00:26:26 -0500] "GET /goods/4580225 HTTP/1.1" 200 68796 "-" "Mozilla/5.0 (Linux; Android 6.0.1; Nexus 5X Build/MMB29P) AppleWebKit/537.36 (KHTML, like Gecko) Chrome/131.0.6778.204 Mobile Safari/537.36 (compatible; Googlebot/2.1; +http://www.google.com/bot.html)"
66.249.68.68 - - [09/Jan/2025:00:26:32 -0500] "GET /goods/267484 HTTP/1.1" 200 70267 "-" "Mozilla/5.0 (Linux; Android 6.0.1; Nexus 5X Build/MMB29P) AppleWebKit/537.36 (KHTML, like Gecko) Chrome/131.0.6778.204 Mobile Safari/537.36 (compatible; Googlebot/2.1; +http://www.google.com/bot.html)"
165.231.182.25 - - [09/Jan/2025:00:24:38 -0500] "POST /register/ HTTP/1.0" 200 76060 "https://misswavenigeria.com/register/" "Mozilla/5.0 (Windows NT 6.1; WOW64) AppleWebKit/537.36 (KHTML, like Gecko) Chrome/103.0.0.0 Safari/537.36"
66.29.132.124 - - [09/Jan/2025:00:27:06 -0500] "POST /wp-cron.php?doing_wp_cron=1736400426.0019469261169433593750 HTTP/1.1" 200 0 "-" "WordPress/6.7.1; https://misswavenigeria.com"
165.231.182.25 - - [09/Jan/2025:00:27:05 -0500] "GET /register/ HTTP/1.0" 200 75934 "https://misswavenigeria.com/" "Mozilla/5.0 (Windows NT 6.1; WOW64) AppleWebKit/537.36 (KHTML, like Gecko) Chrome/103.0.0.0 Safari/537.36"
66.29.132.124 - - [09/Jan/2025:00:27:06 -0500] "POST /wp-admin/admin-ajax.php?action=async_litespeed&nonce=S46YB7oDr6zaMWsvl6hiVfI5IRme3Sga&litespeed_type=imgoptm HTTP/1.1" 200 21 "-" "WordPress/6.7.1; https://misswavenigeria.com"
66.29.132.124 - - [09/Jan/2025:00:27:27 -0500] "POST /wp-cron.php?doing_wp_cron=1736400447.7414870262145996093750 HTTP/1.1" 200 0 "-" "WordPress/6.7.1; https://misswavenigeria.com"
165.231.182.25 - - [09/Jan/2025:00:27:27 -0500] "GET / HTTP/1.0" 200 109065 "https://misswavenigeria.com/" "Mozilla/5.0 (Windows NT 6.3; Win64; x64) AppleWebKit/537.36 (KHTML, like Gecko) Chrome/103.0.5060.66 Safari/537.36"
165.231.182.25 - - [09/Jan/2025:00:27:29 -0500] "GET /register/ HTTP/1.0" 200 75934 "https://misswavenigeria.com/register/" "Mozilla/5.0 (Windows NT 6.3; Win64; x64) AppleWebKit/537.36 (KHTML, like Gecko) Chrome/103.0.5060.66 Safari/537.36"
165.231.182.25 - - [09/Jan/2025:00:27:31 -0500] "POST /register/ HTTP/1.0" 200 76060 "https://misswavenigeria.com/register/" "Mozilla/5.0 (Windows NT 6.3; Win64; x64) AppleWebKit/537.36 (KHTML, like Gecko) Chrome/103.0.5060.66 Safari/537.36"
66.29.132.124 - - [09/Jan/2025:00:29:28 -0500] "POST /wp-cron.php?doing_wp_cron=1736400568.4689629077911376953125 HTTP/1.1" 200 0 "-" "WordPress/6.7.1; https://misswavenigeria.com"
165.231.182.25 - - [09/Jan/2025:00:29:28 -0500] "GET /register/ HTTP/1.0" 200 75934 "https://misswavenigeria.com/" "Mozilla/5.0 (Windows NT 6.3; Win64; x64) AppleWebKit/537.36 (KHTML, like Gecko) Chrome/103.0.5060.66 Safari/537.36"
66.29.132.124 - - [09/Jan/2025:00:29:28 -0500] "POST /wp-admin/admin-ajax.php?action=async_litespeed&nonce=nrN33EpYEBCehzrJ17OVgtVFYxqkKFay&litespeed_type=imgoptm HTTP/1.1" 200 21 "-" "WordPress/6.7.1; https://misswavenigeria.com"
66.29.132.124 - - [09/Jan/2025:00:30:27 -0500] "POST /wp-cron.php?doing_wp_cron=1736400627.2695930004119873046875 HTTP/1.1" 200 0 "-" "WordPress/6.7.1; https://misswavenigeria.com"
165.231.182.25 - - [09/Jan/2025:00:30:27 -0500] "GET / HTTP/1.0" 200 109067 "https://misswavenigeria.com/" "Mozilla/5.0 (Windows NT 6.3) AppleWebKit/537.36 (KHTML, like Gecko) Chrome/103.0.0.0 Safari/537.36"
66.29.132.124 - - [09/Jan/2025:00:30:27 -0500] "POST /wp-admin/admin-ajax.php?action=async_litespeed&nonce=47Fw6gBTY7aVX4ssuMgI757Nzu6m5p9m&litespeed_type=imgoptm HTTP/1.1" 200 21 "-" "WordPress/6.7.1; https://misswavenigeria.com"
165.231.182.25 - - [09/Jan/2025:00:30:29 -0500] "GET /register/ HTTP/1.0" 200 75934 "https://misswavenigeria.com/register/" "Mozilla/5.0 (Windows NT 6.3) AppleWebKit/537.36 (KHTML, like Gecko) Chrome/103.0.0.0 Safari/537.36"
165.231.182.25 - - [09/Jan/2025:00:30:31 -0500] "POST /register/ HTTP/1.0" 200 76060 "https://misswavenigeria.com/register/" "Mozilla/5.0 (Windows NT 6.3) AppleWebKit/537.36 (KHTML, like Gecko) Chrome/103.0.0.0 Safari/537.36"
66.29.132.124 - - [09/Jan/2025:00:32:39 -0500] "POST /wp-cron.php?doing_wp_cron=1736400759.0837650299072265625000 HTTP/1.1" 200 0 "-" "WordPress/6.7.1; https://misswavenigeria.com"
165.231.182.25 - - [09/Jan/2025:00:32:38 -0500] "GET /register/ HTTP/1.0" 200 75934 "https://misswavenigeria.com/" "Mozilla/5.0 (Windows NT 6.3) AppleWebKit/537.36 (KHTML, like Gecko) Chrome/103.0.0.0 Safari/537.36"
66.29.132.124 - - [09/Jan/2025:00:32:39 -0500] "POST /wp-admin/admin-ajax.php?action=async_litespeed&nonce=SeZkANRd9zBwXvLF3cU685kGMj1EGf2t&litespeed_type=imgoptm HTTP/1.1" 200 21 "-" "WordPress/6.7.1; https://misswavenigeria.com"
66.29.132.124 - - [09/Jan/2025:00:33:23 -0500] "POST /wp-cron.php?doing_wp_cron=1736400803.7523889541625976562500 HTTP/1.1" 200 0 "-" "WordPress/6.7.1; https://misswavenigeria.com"
165.231.182.25 - - [09/Jan/2025:00:33:23 -0500] "GET / HTTP/1.0" 200 109067 "https://misswavenigeria.com/" "Mozilla/5.0 (Windows NT 6.1; WOW64) AppleWebKit/537.36 (KHTML, like Gecko) Chrome/103.0.0.0 Safari/537.36"
66.29.132.124 - - [09/Jan/2025:00:33:23 -0500] "POST /wp-admin/admin-ajax.php?action=async_litespeed&nonce=LPt1x88MEnUlAcKZds8StrdFIDee6WwV&litespeed_type=imgoptm HTTP/1.1" 200 21 "-" "WordPress/6.7.1; https://misswavenigeria.com"
165.231.182.25 - - [09/Jan/2025:00:33:25 -0500] "GET /register/ HTTP/1.0" 200 75934 "https://misswavenigeria.com/register/" "Mozilla/5.0 (Windows NT 6.1; WOW64) AppleWebKit/537.36 (KHTML, like Gecko) Chrome/103.0.0.0 Safari/537.36"
66.29.132.124 - - [09/Jan/2025:00:33:27 -0500] "POST /wp-cron.php?doing_wp_cron=1736400807.9110219478607177734375 HTTP/1.1" 200 0 "-" "WordPress/6.7.1; https://misswavenigeria.com"
165.231.182.25 - - [09/Jan/2025:00:33:27 -0500] "POST /register/ HTTP/1.0" 200 76060 "https://misswavenigeria.com/register/" "Mozilla/5.0 (Windows NT 6.1; WOW64) AppleWebKit/537.36 (KHTML, like Gecko) Chrome/103.0.0.0 Safari/537.36"
66.29.132.124 - - [09/Jan/2025:00:35:40 -0500] "POST /wp-cron.php?doing_wp_cron=1736400940.2182729244232177734375 HTTP/1.1" 200 0 "-" "WordPress/6.7.1; https://misswavenigeria.com"
165.231.182.25 - - [09/Jan/2025:00:35:39 -0500] "GET /register/ HTTP/1.0" 200 75934 "https://misswavenigeria.com/" "Mozilla/5.0 (Windows NT 6.1; WOW64) AppleWebKit/537.36 (KHTML, like Gecko) Chrome/103.0.0.0 Safari/537.36"
66.29.132.124 - - [09/Jan/2025:00:35:40 -0500] "POST /wp-admin/admin-ajax.php?action=async_litespeed&nonce=6OQKaFWpIrARBOGeHZYeom6JtgavN2S0&litespeed_type=imgoptm HTTP/1.1" 200 21 "-" "WordPress/6.7.1; https://misswavenigeria.com"
66.29.132.124 - - [09/Jan/2025:00:36:22 -0500] "POST /wp-cron.php?doing_wp_cron=1736400982.6386270523071289062500 HTTP/1.1" 200 0 "-" "WordPress/6.7.1; https://misswavenigeria.com"
165.231.182.25 - - [09/Jan/2025:00:36:22 -0500] "GET / HTTP/1.0" 200 109065 "https://misswavenigeria.com/" "Mozilla/5.0 (Windows NT 10.0; WOW64) AppleWebKit/537.36 (KHTML, like Gecko) Chrome/103.0.0.0 Safari/537.36"
66.29.132.124 - - [09/Jan/2025:00:36:23 -0500] "POST /wp-admin/admin-ajax.php?action=async_litespeed&nonce=ZE6dgZ2zZIqqM4iZZww09gDd69OjC2fh&litespeed_type=imgoptm HTTP/1.1" 200 21 "-" "WordPress/6.7.1; https://misswavenigeria.com"
165.231.182.25 - - [09/Jan/2025:00:36:25 -0500] "GET /register/ HTTP/1.0" 200 75934 "https://misswavenigeria.com/register/" "Mozilla/5.0 (Windows NT 10.0; WOW64) AppleWebKit/537.36 (KHTML, like Gecko) Chrome/103.0.0.0 Safari/537.36"
66.29.132.124 - - [09/Jan/2025:00:36:26 -0500] "POST /wp-cron.php?doing_wp_cron=1736400986.9519469738006591796875 HTTP/1.1" 200 0 "-" "WordPress/6.7.1; https://misswavenigeria.com"
165.231.182.25 - - [09/Jan/2025:00:36:26 -0500] "POST /register/ HTTP/1.0" 200 76060 "https://misswavenigeria.com/register/" "Mozilla/5.0 (Windows NT 10.0; WOW64) AppleWebKit/537.36 (KHTML, like Gecko) Chrome/103.0.0.0 Safari/537.36"
66.29.132.124 - - [09/Jan/2025:00:38:13 -0500] "POST /wp-cron.php?doing_wp_cron=1736401093.9707660675048828125000 HTTP/1.1" 200 0 "-" "WordPress/6.7.1; https://misswavenigeria.com"
165.231.182.25 - - [09/Jan/2025:00:38:13 -0500] "GET /register/ HTTP/1.0" 200 75934 "https://misswavenigeria.com/" "Mozilla/5.0 (Windows NT 10.0; WOW64) AppleWebKit/537.36 (KHTML, like Gecko) Chrome/103.0.0.0 Safari/537.36"
66.29.132.124 - - [09/Jan/2025:00:38:14 -0500] "POST /wp-admin/admin-ajax.php?action=async_litespeed&nonce=n7oOBUiHN6aFNnsFePGiXfyF6lBae2Hd&litespeed_type=imgoptm HTTP/1.1" 200 21 "-" "WordPress/6.7.1; https://misswavenigeria.com"
66.29.132.124 - - [09/Jan/2025:00:39:21 -0500] "POST /wp-cron.php?doing_wp_cron=1736401160.9861629009246826171875 HTTP/1.1" 200 0 "-" "WordPress/6.7.1; https://misswavenigeria.com"
165.231.182.25 - - [09/Jan/2025:00:39:20 -0500] "GET / HTTP/1.0" 200 109067 "https://misswavenigeria.com/" "Mozilla/5.0 (Windows NT 6.1; Win64; x64) AppleWebKit/537.36 (KHTML, like Gecko) Chrome/103.0.0.0 Safari/537.36"
66.29.132.124 - - [09/Jan/2025:00:39:21 -0500] "POST /wp-admin/admin-ajax.php?action=async_litespeed&nonce=7ME3ditpLehcT3oyyWznXFNmR2Wvg1LV&litespeed_type=imgoptm HTTP/1.1" 200 21 "-" "WordPress/6.7.1; https://misswavenigeria.com"
165.231.182.25 - - [09/Jan/2025:00:39:23 -0500] "GET /register/ HTTP/1.0" 200 75934 "https://misswavenigeria.com/register/" "Mozilla/5.0 (Windows NT 6.1; Win64; x64) AppleWebKit/537.36 (KHTML, like Gecko) Chrome/103.0.0.0 Safari/537.36"
66.29.132.124 - - [09/Jan/2025:00:39:25 -0500] "POST /wp-cron.php?doing_wp_cron=1736401165.7159550189971923828125 HTTP/1.1" 200 0 "-" "WordPress/6.7.1; https://misswavenigeria.com"
165.231.182.25 - - [09/Jan/2025:00:39:25 -0500] "POST /register/ HTTP/1.0" 200 0 "https://misswavenigeria.com/register/" "Mozilla/5.0 (Windows NT 6.1; Win64; x64) AppleWebKit/537.36 (KHTML, like Gecko) Chrome/103.0.0.0 Safari/537.36"
165.231.182.25 - - [09/Jan/2025:00:41:56 -0500] "GET /register/ HTTP/1.0" 200 75934 "https://misswavenigeria.com/" "Mozilla/5.0 (Windows NT 6.1; Win64; x64) AppleWebKit/537.36 (KHTML, like Gecko) Chrome/103.0.0.0 Safari/537.36"
165.231.182.25 - - [09/Jan/2025:00:42:17 -0500] "GET / HTTP/1.0" 200 109067 "https://misswavenigeria.com/" "Mozilla/5.0 (Windows NT 6.3; Win64; x64) AppleWebKit/537.36 (KHTML, like Gecko) Chrome/103.0.5060.114 Safari/537.36"
165.231.182.25 - - [09/Jan/2025:00:42:19 -0500] "GET /register/ HTTP/1.0" 200 75934 "https://misswavenigeria.com/register/" "Mozilla/5.0 (Windows NT 6.3; Win64; x64) AppleWebKit/537.36 (KHTML, like Gecko) Chrome/103.0.5060.114 Safari/537.36"
66.29.132.124 - - [09/Jan/2025:00:42:21 -0500] "POST /wp-cron.php?doing_wp_cron=1736401341.8259921073913574218750 HTTP/1.1" 200 0 "-" "WordPress/6.7.1; https://misswavenigeria.com"
66.29.132.124 - - [09/Jan/2025:00:42:22 -0500] "POST /wp-admin/admin-ajax.php?action=async_litespeed&nonce=blQ0OKfoOiSGbx86JKyV8s7hylrRXJ74&litespeed_type=imgoptm HTTP/1.1" 200 21 "-" "WordPress/6.7.1; https://misswavenigeria.com"
66.249.79.4 - - [09/Jan/2025:00:43:35 -0500] "GET /goods/R261499?k=product HTTP/1.1" 200 71336 "-" "Mozilla/5.0 (Linux; Android 6.0.1; Nexus 5X Build/MMB29P) AppleWebKit/537.36 (KHTML, like Gecko) Chrome/131.0.6778.204 Mobile Safari/537.36 (compatible; Googlebot/2.1; +http://www.google.com/bot.html)"
165.231.182.25 - - [09/Jan/2025:00:42:21 -0500] "POST /register/ HTTP/1.0" 200 76060 "https://misswavenigeria.com/register/" "Mozilla/5.0 (Windows NT 6.3; Win64; x64) AppleWebKit/537.36 (KHTML, like Gecko) Chrome/103.0.5060.114 Safari/537.36"
66.29.132.124 - - [09/Jan/2025:00:44:05 -0500] "POST /wp-cron.php?doing_wp_cron=1736401445.0432839393615722656250 HTTP/1.1" 200 0 "-" "WordPress/6.7.1; https://misswavenigeria.com"
165.231.182.25 - - [09/Jan/2025:00:44:04 -0500] "GET /register/ HTTP/1.0" 200 75934 "https://misswavenigeria.com/" "Mozilla/5.0 (Windows NT 6.3; Win64; x64) AppleWebKit/537.36 (KHTML, like Gecko) Chrome/103.0.5060.114 Safari/537.36"
66.29.132.124 - - [09/Jan/2025:00:44:05 -0500] "POST /wp-admin/admin-ajax.php?action=async_litespeed&nonce=5Y7UQZFUZrhlAts9XgEwhzMR2LEORBXY&litespeed_type=imgoptm HTTP/1.1" 200 21 "-" "WordPress/6.7.1; https://misswavenigeria.com"
66.29.132.124 - - [09/Jan/2025:00:45:19 -0500] "POST /wp-cron.php?doing_wp_cron=1736401519.3625810146331787109375 HTTP/1.1" 200 0 "-" "WordPress/6.7.1; https://misswavenigeria.com"
165.231.182.25 - - [09/Jan/2025:00:45:19 -0500] "GET / HTTP/1.0" 200 109065 "https://misswavenigeria.com/" "Mozilla/5.0 (Windows NT 6.3; WOW64) AppleWebKit/537.36 (KHTML, like Gecko) Chrome/103.0.5060.114 Safari/537.36"
66.29.132.124 - - [09/Jan/2025:00:45:19 -0500] "POST /wp-admin/admin-ajax.php?action=async_litespeed&nonce=3SytJSJNLlf2sF1kuhGv3m7PpiFtzFV3&litespeed_type=imgoptm HTTP/1.1" 200 21 "-" "WordPress/6.7.1; https://misswavenigeria.com"
165.231.182.25 - - [09/Jan/2025:00:45:21 -0500] "GET /register/ HTTP/1.0" 200 75934 "https://misswavenigeria.com/register/" "Mozilla/5.0 (Windows NT 6.3; WOW64) AppleWebKit/537.36 (KHTML, like Gecko) Chrome/103.0.5060.114 Safari/537.36"
165.231.182.25 - - [09/Jan/2025:00:45:23 -0500] "POST /register/ HTTP/1.0" 200 76060 "https://misswavenigeria.com/register/" "Mozilla/5.0 (Windows NT 6.3; WOW64) AppleWebKit/537.36 (KHTML, like Gecko) Chrome/103.0.5060.114 Safari/537.36"
66.29.132.124 - - [09/Jan/2025:00:47:04 -0500] "POST /wp-cron.php?doing_wp_cron=1736401624.1197879314422607421875 HTTP/1.1" 200 0 "-" "WordPress/6.7.1; https://misswavenigeria.com"
165.231.182.25 - - [09/Jan/2025:00:47:03 -0500] "GET /register/ HTTP/1.0" 200 75934 "https://misswavenigeria.com/" "Mozilla/5.0 (Windows NT 6.3; WOW64) AppleWebKit/537.36 (KHTML, like Gecko) Chrome/103.0.5060.114 Safari/537.36"
66.29.132.124 - - [09/Jan/2025:00:47:04 -0500] "POST /wp-admin/admin-ajax.php?action=async_litespeed&nonce=vj7bJDZMSZirHUjY47f9JbqpfarWi9C7&litespeed_type=imgoptm HTTP/1.1" 200 21 "-" "WordPress/6.7.1; https://misswavenigeria.com"
66.29.132.124 - - [09/Jan/2025:00:48:15 -0500] "POST /wp-cron.php?doing_wp_cron=1736401695.3166570663452148437500 HTTP/1.1" 200 0 "-" "WordPress/6.7.1; https://misswavenigeria.com"
165.231.182.25 - - [09/Jan/2025:00:48:15 -0500] "GET / HTTP/1.0" 200 109065 "https://misswavenigeria.com/" "Mozilla/5.0 (Windows NT 10.0; Win64; x64) AppleWebKit/537.36 (KHTML, like Gecko) Chrome/103.0.5042.0 Safari/537.36"
66.29.132.124 - - [09/Jan/2025:00:48:15 -0500] "POST /wp-admin/admin-ajax.php?action=async_litespeed&nonce=KiJ4u3uMbxA7gFExlhjPDUQvk5eNEaMW&litespeed_type=imgoptm HTTP/1.1" 200 21 "-" "WordPress/6.7.1; https://misswavenigeria.com"
165.231.182.25 - - [09/Jan/2025:00:48:17 -0500] "GET /register/ HTTP/1.0" 200 75934 "https://misswavenigeria.com/register/" "Mozilla/5.0 (Windows NT 10.0; Win64; x64) AppleWebKit/537.36 (KHTML, like Gecko) Chrome/103.0.5042.0 Safari/537.36"
165.231.182.25 - - [09/Jan/2025:00:48:19 -0500] "POST /register/ HTTP/1.0" 200 76060 "https://misswavenigeria.com/register/" "Mozilla/5.0 (Windows NT 10.0; Win64; x64) AppleWebKit/537.36 (KHTML, like Gecko) Chrome/103.0.5042.0 Safari/537.36"
66.29.132.124 - - [09/Jan/2025:00:50:14 -0500] "POST /wp-cron.php?doing_wp_cron=1736401814.7196989059448242187500 HTTP/1.1" 200 0 "-" "WordPress/6.7.1; https://misswavenigeria.com"
