194.32.122.87 - - [08/Jan/2025:20:41:03 -0500] "GET /register/ HTTP/1.0" 200 75934 "https://misswavenigeria.com/" "Mozilla/5.0 (Windows NT 6.3; Win64; x64) AppleWebKit/537.36 (KHTML, like Gecko) Chrome/103.0.5060.114 Safari/537.36"
66.29.132.124 - - [08/Jan/2025:20:41:05 -0500] "POST /wp-admin/admin-ajax.php?action=async_litespeed&nonce=UAEiq6YeHh1XnYX0Y19bzWIkKFR5x9V0&litespeed_type=imgoptm HTTP/1.1" 200 21 "-" "WordPress/6.7.1; https://misswavenigeria.com"
66.29.132.124 - - [08/Jan/2025:20:43:07 -0500] "POST /wp-cron.php?doing_wp_cron=1736386986.8724920749664306640625 HTTP/1.1" 200 0 "-" "WordPress/6.7.1; https://misswavenigeria.com"
66.29.132.124 - - [08/Jan/2025:20:43:09 -0500] "POST /wp-admin/admin-ajax.php?action=async_litespeed&nonce=rIQPgqLyeVJvaHKa6D9Ibxd7TKb4TRAE&litespeed_type=imgoptm HTTP/1.1" 200 0 "-" "WordPress/6.7.1; https://misswavenigeria.com"
194.32.122.87 - - [08/Jan/2025:20:42:30 -0500] "GET / HTTP/1.0" 200 109065 "https://misswavenigeria.com/" "Mozilla/5.0 (Windows NT 10.0; Win64; x64) AppleWebKit/537.36 (KHTML, like Gecko) Chrome/103.0.5060.134 Safari/537.36"
194.32.122.87 - - [08/Jan/2025:20:43:13 -0500] "GET /register/ HTTP/1.0" 200 75934 "https://misswavenigeria.com/register/" "Mozilla/5.0 (Windows NT 10.0; Win64; x64) AppleWebKit/537.36 (KHTML, like Gecko) Chrome/103.0.5060.134 Safari/537.36"
194.32.122.87 - - [08/Jan/2025:20:43:15 -0500] "POST /register/ HTTP/1.0" 200 76060 "https://misswavenigeria.com/register/" "Mozilla/5.0 (Windows NT 10.0; Win64; x64) AppleWebKit/537.36 (KHTML, like Gecko) Chrome/103.0.5060.134 Safari/537.36"
66.29.132.124 - - [08/Jan/2025:20:45:02 -0500] "POST /wp-cron.php?doing_wp_cron=1736387102.3233909606933593750000 HTTP/1.1" 200 0 "-" "WordPress/6.7.1; https://misswavenigeria.com"
194.32.122.87 - - [08/Jan/2025:20:45:01 -0500] "GET /register/ HTTP/1.0" 200 75934 "https://misswavenigeria.com/" "Mozilla/5.0 (Windows NT 10.0; Win64; x64) AppleWebKit/537.36 (KHTML, like Gecko) Chrome/103.0.5060.134 Safari/537.36"
66.29.132.124 - - [08/Jan/2025:20:45:03 -0500] "POST /wp-admin/admin-ajax.php?action=async_litespeed&nonce=ap8azWd6qe2Q5Q8yL5nPld50xHLSI8tl&litespeed_type=imgoptm HTTP/1.1" 200 21 "-" "WordPress/6.7.1; https://misswavenigeria.com"
66.29.132.124 - - [08/Jan/2025:20:45:48 -0500] "POST /wp-cron.php?doing_wp_cron=1736387148.4943499565124511718750 HTTP/1.1" 200 0 "-" "WordPress/6.7.1; https://misswavenigeria.com"
194.32.122.87 - - [08/Jan/2025:20:45:48 -0500] "GET / HTTP/1.0" 200 109067 "https://misswavenigeria.com/" "Mozilla/5.0 (Windows NT 10.0) AppleWebKit/537.36 (KHTML, like Gecko) Chrome/103.0.0.0 Safari/537.36"
194.32.122.87 - - [08/Jan/2025:20:45:51 -0500] "GET /register/ HTTP/1.0" 200 75934 "https://misswavenigeria.com/register/" "Mozilla/5.0 (Windows NT 10.0) AppleWebKit/537.36 (KHTML, like Gecko) Chrome/103.0.0.0 Safari/537.36"
66.29.132.124 - - [08/Jan/2025:20:45:53 -0500] "POST /wp-cron.php?doing_wp_cron=1736387153.3115439414978027343750 HTTP/1.1" 200 0 "-" "WordPress/6.7.1; https://misswavenigeria.com"
66.29.132.124 - - [08/Jan/2025:20:45:53 -0500] "POST /wp-admin/admin-ajax.php?action=async_litespeed&nonce=zPfFkLllkEI5tqX9P6Vn8CW8bdaNye2T&litespeed_type=imgoptm HTTP/1.1" 200 21 "-" "WordPress/6.7.1; https://misswavenigeria.com"
194.32.122.87 - - [08/Jan/2025:20:45:53 -0500] "POST /register/ HTTP/1.0" 200 76060 "https://misswavenigeria.com/register/" "Mozilla/5.0 (Windows NT 10.0) AppleWebKit/537.36 (KHTML, like Gecko) Chrome/103.0.0.0 Safari/537.36"
66.29.132.124 - - [08/Jan/2025:20:47:39 -0500] "POST /wp-cron.php?doing_wp_cron=1736387259.4045660495758056640625 HTTP/1.1" 200 0 "-" "WordPress/6.7.1; https://misswavenigeria.com"
194.32.122.87 - - [08/Jan/2025:20:47:39 -0500] "GET /register/ HTTP/1.0" 200 75934 "https://misswavenigeria.com/" "Mozilla/5.0 (Windows NT 10.0) AppleWebKit/537.36 (KHTML, like Gecko) Chrome/103.0.0.0 Safari/537.36"
66.29.132.124 - - [08/Jan/2025:20:47:39 -0500] "POST /wp-admin/admin-ajax.php?action=async_litespeed&nonce=3nt6WiTJ6nYO8REanaLrUuBDw3DaZf6B&litespeed_type=imgoptm HTTP/1.1" 200 21 "-" "WordPress/6.7.1; https://misswavenigeria.com"
66.29.132.124 - - [08/Jan/2025:20:49:05 -0500] "POST /wp-cron.php?doing_wp_cron=1736387345.2628939151763916015625 HTTP/1.1" 200 0 "-" "WordPress/6.7.1; https://misswavenigeria.com"
194.32.122.87 - - [08/Jan/2025:20:49:01 -0500] "GET / HTTP/1.0" 200 109065 "https://misswavenigeria.com/" "Mozilla/5.0 (Windows NT 10.0; Win64; x64) AppleWebKit/537.36 (KHTML, like Gecko) Chrome/103.0.5060.66 Safari/537.36"
66.29.132.124 - - [08/Jan/2025:20:49:05 -0500] "POST /wp-admin/admin-ajax.php?action=async_litespeed&nonce=dAhYhRDkPpS5nsXJOKzDWWYLQ0xX0PIJ&litespeed_type=imgoptm HTTP/1.1" 200 21 "-" "WordPress/6.7.1; https://misswavenigeria.com"
194.32.122.87 - - [08/Jan/2025:20:49:08 -0500] "GET /register/ HTTP/1.0" 200 75934 "https://misswavenigeria.com/register/" "Mozilla/5.0 (Windows NT 10.0; Win64; x64) AppleWebKit/537.36 (KHTML, like Gecko) Chrome/103.0.5060.66 Safari/537.36"
66.249.79.2 - - [08/Jan/2025:20:50:01 -0500] "GET /goods/A4238?k=product HTTP/1.1" 200 68700 "-" "Mozilla/5.0 (Linux; Android 6.0.1; Nexus 5X Build/MMB29P) AppleWebKit/537.36 (KHTML, like Gecko) Chrome/131.0.6778.204 Mobile Safari/537.36 (compatible; Googlebot/2.1; +http://www.google.com/bot.html)"
194.32.122.87 - - [08/Jan/2025:20:49:09 -0500] "POST /register/ HTTP/1.0" 200 76060 "https://misswavenigeria.com/register/" "Mozilla/5.0 (Windows NT 10.0; Win64; x64) AppleWebKit/537.36 (KHTML, like Gecko) Chrome/103.0.5060.66 Safari/537.36"
66.29.132.124 - - [08/Jan/2025:20:51:12 -0500] "POST /wp-cron.php?doing_wp_cron=1736387472.2927670478820800781250 HTTP/1.1" 200 0 "-" "WordPress/6.7.1; https://misswavenigeria.com"
194.32.122.87 - - [08/Jan/2025:20:51:12 -0500] "GET /register/ HTTP/1.0" 200 75934 "https://misswavenigeria.com/" "Mozilla/5.0 (Windows NT 10.0; Win64; x64) AppleWebKit/537.36 (KHTML, like Gecko) Chrome/103.0.5060.66 Safari/537.36"
66.29.132.124 - - [08/Jan/2025:20:51:12 -0500] "POST /wp-admin/admin-ajax.php?action=async_litespeed&nonce=LbGZ5kviFiqvHh5fM20w2EqNe1WJjqQw&litespeed_type=imgoptm HTTP/1.1" 200 21 "-" "WordPress/6.7.1; https://misswavenigeria.com"
66.29.132.124 - - [08/Jan/2025:20:52:09 -0500] "POST /wp-cron.php?doing_wp_cron=1736387529.5796229839324951171875 HTTP/1.1" 200 0 "-" "WordPress/6.7.1; https://misswavenigeria.com"
194.32.122.87 - - [08/Jan/2025:20:52:08 -0500] "GET / HTTP/1.0" 200 109065 "https://misswavenigeria.com/" "Mozilla/5.0 (Windows NT 6.3; Win64; x64) AppleWebKit/537.36 (KHTML, like Gecko) Chrome/103.0.5060.53 Safari/537.36"
66.29.132.124 - - [08/Jan/2025:20:52:10 -0500] "POST /wp-admin/admin-ajax.php?action=async_litespeed&nonce=w17rx50D66hKLTC4MPi2Nzt0QFpgnoeh&litespeed_type=imgoptm HTTP/1.1" 200 21 "-" "WordPress/6.7.1; https://misswavenigeria.com"
194.32.122.87 - - [08/Jan/2025:20:52:13 -0500] "GET /register/ HTTP/1.0" 200 75934 "https://misswavenigeria.com/register/" "Mozilla/5.0 (Windows NT 6.3; Win64; x64) AppleWebKit/537.36 (KHTML, like Gecko) Chrome/103.0.5060.53 Safari/537.36"
194.32.122.87 - - [08/Jan/2025:20:52:14 -0500] "POST /register/ HTTP/1.0" 200 0 "https://misswavenigeria.com/register/" "Mozilla/5.0 (Windows NT 6.3; Win64; x64) AppleWebKit/537.36 (KHTML, like Gecko) Chrome/103.0.5060.53 Safari/537.36"
66.249.79.197 - - [08/Jan/2025:20:54:26 -0500] "GET /goods/Q418070?k=product HTTP/1.1" 200 70748 "-" "Mozilla/5.0 (Linux; Android 6.0.1; Nexus 5X Build/MMB29P) AppleWebKit/537.36 (KHTML, like Gecko) Chrome/131.0.6778.204 Mobile Safari/537.36 (compatible; Googlebot/2.1; +http://www.google.com/bot.html)"
194.32.122.87 - - [08/Jan/2025:20:54:45 -0500] "GET /register/ HTTP/1.0" 200 75934 "https://misswavenigeria.com/" "Mozilla/5.0 (Windows NT 6.3; Win64; x64) AppleWebKit/537.36 (KHTML, like Gecko) Chrome/103.0.5060.53 Safari/537.36"
194.32.122.87 - - [08/Jan/2025:20:55:25 -0500] "GET / HTTP/1.0" 200 109065 "https://misswavenigeria.com/" "Mozilla/5.0 (Windows NT 6.3; Win64; x64) AppleWebKit/537.36 (KHTML, like Gecko) Chrome/103.0.5060.66 Safari/537.36"
194.32.122.87 - - [08/Jan/2025:20:55:27 -0500] "GET /register/ HTTP/1.0" 200 75934 "https://misswavenigeria.com/register/" "Mozilla/5.0 (Windows NT 6.3; Win64; x64) AppleWebKit/537.36 (KHTML, like Gecko) Chrome/103.0.5060.66 Safari/537.36"
66.29.132.124 - - [08/Jan/2025:20:55:29 -0500] "POST /wp-cron.php?doing_wp_cron=1736387729.7120831012725830078125 HTTP/1.1" 200 0 "-" "WordPress/6.7.1; https://misswavenigeria.com"
66.29.132.124 - - [08/Jan/2025:20:55:30 -0500] "POST /wp-admin/admin-ajax.php?action=async_litespeed&nonce=JhgdUPm7q1o1S0QK2IAB1qTawy9pMGuo&litespeed_type=imgoptm HTTP/1.1" 200 21 "-" "WordPress/6.7.1; https://misswavenigeria.com"
194.32.122.87 - - [08/Jan/2025:20:55:29 -0500] "POST /register/ HTTP/1.0" 200 0 "https://misswavenigeria.com/register/" "Mozilla/5.0 (Windows NT 6.3; Win64; x64) AppleWebKit/537.36 (KHTML, like Gecko) Chrome/103.0.5060.66 Safari/537.36"
194.32.122.87 - - [08/Jan/2025:20:58:00 -0500] "GET /register/ HTTP/1.0" 200 75934 "https://misswavenigeria.com/" "Mozilla/5.0 (Windows NT 6.3; Win64; x64) AppleWebKit/537.36 (KHTML, like Gecko) Chrome/103.0.5060.66 Safari/537.36"
194.32.122.87 - - [08/Jan/2025:20:58:43 -0500] "GET / HTTP/1.0" 200 109065 "https://misswavenigeria.com/" "Mozilla/5.0 (Windows NT 6.1; WOW64) AppleWebKit/537.36 (KHTML, like Gecko) Chrome/103.0.0.0 Safari/537.36"
194.32.122.87 - - [08/Jan/2025:20:58:45 -0500] "GET /register/ HTTP/1.0" 200 75934 "https://misswavenigeria.com/register/" "Mozilla/5.0 (Windows NT 6.1; WOW64) AppleWebKit/537.36 (KHTML, like Gecko) Chrome/103.0.0.0 Safari/537.36"
66.29.132.124 - - [08/Jan/2025:20:58:47 -0500] "POST /wp-cron.php?doing_wp_cron=1736387927.4851500988006591796875 HTTP/1.1" 200 0 "-" "WordPress/6.7.1; https://misswavenigeria.com"
66.29.132.124 - - [08/Jan/2025:20:58:47 -0500] "POST /wp-admin/admin-ajax.php?action=async_litespeed&nonce=e5jtiKNaJFeJTn9WHEy3D0IaJOGqtCyh&litespeed_type=imgoptm HTTP/1.1" 200 21 "-" "WordPress/6.7.1; https://misswavenigeria.com"
66.249.79.36 - - [08/Jan/2025:21:00:51 -0500] "GET /goods/L93533?k=product HTTP/1.1" 200 70457 "-" "Mozilla/5.0 (Linux; Android 6.0.1; Nexus 5X Build/MMB29P) AppleWebKit/537.36 (KHTML, like Gecko) Chrome/131.0.6778.204 Mobile Safari/537.36 (compatible; Googlebot/2.1; +http://www.google.com/bot.html)"
194.32.122.87 - - [08/Jan/2025:20:58:47 -0500] "POST /register/ HTTP/1.0" 200 76060 "https://misswavenigeria.com/register/" "Mozilla/5.0 (Windows NT 6.1; WOW64) AppleWebKit/537.36 (KHTML, like Gecko) Chrome/103.0.0.0 Safari/537.36"
66.29.132.124 - - [08/Jan/2025:21:01:06 -0500] "POST /wp-cron.php?doing_wp_cron=1736388066.7801849842071533203125 HTTP/1.1" 200 0 "-" "WordPress/6.7.1; https://misswavenigeria.com"
194.32.122.87 - - [08/Jan/2025:21:01:06 -0500] "GET /register/ HTTP/1.0" 200 75934 "https://misswavenigeria.com/" "Mozilla/5.0 (Windows NT 6.1; WOW64) AppleWebKit/537.36 (KHTML, like Gecko) Chrome/103.0.0.0 Safari/537.36"
66.29.132.124 - - [08/Jan/2025:21:01:07 -0500] "POST /wp-admin/admin-ajax.php?action=async_litespeed&nonce=VIbAK3oc6owUZ0uEFlMRbNruWX3GLqFG&litespeed_type=imgoptm HTTP/1.1" 200 21 "-" "WordPress/6.7.1; https://misswavenigeria.com"
66.29.132.124 - - [08/Jan/2025:21:02:06 -0500] "POST /wp-cron.php?doing_wp_cron=1736388125.9929590225219726562500 HTTP/1.1" 200 0 "-" "WordPress/6.7.1; https://misswavenigeria.com"
194.32.122.87 - - [08/Jan/2025:21:02:05 -0500] "GET / HTTP/1.0" 200 109065 "https://misswavenigeria.com/" "Mozilla/5.0 (Windows NT 6.3; Win64; x64) AppleWebKit/537.36 (KHTML, like Gecko) Chrome/103.0.5060.53 Safari/537.36"
66.29.132.124 - - [08/Jan/2025:21:02:06 -0500] "POST /wp-admin/admin-ajax.php?action=async_litespeed&nonce=ztEvGBnzKLq2tlHgZN8GTpr1D5uLyJGR&litespeed_type=imgoptm HTTP/1.1" 200 21 "-" "WordPress/6.7.1; https://misswavenigeria.com"
194.32.122.87 - - [08/Jan/2025:21:02:08 -0500] "GET /register/ HTTP/1.0" 200 75934 "https://misswavenigeria.com/register/" "Mozilla/5.0 (Windows NT 6.3; Win64; x64) AppleWebKit/537.36 (KHTML, like Gecko) Chrome/103.0.5060.53 Safari/537.36"
194.32.122.87 - - [08/Jan/2025:21:02:10 -0500] "POST /register/ HTTP/1.0" 200 76060 "https://misswavenigeria.com/register/" "Mozilla/5.0 (Windows NT 6.3; Win64; x64) AppleWebKit/537.36 (KHTML, like Gecko) Chrome/103.0.5060.53 Safari/537.36"
66.29.132.124 - - [08/Jan/2025:21:04:22 -0500] "POST /wp-cron.php?doing_wp_cron=1736388262.3302030563354492187500 HTTP/1.1" 200 0 "-" "WordPress/6.7.1; https://misswavenigeria.com"
194.32.122.87 - - [08/Jan/2025:21:04:22 -0500] "GET /register/ HTTP/1.0" 200 75934 "https://misswavenigeria.com/" "Mozilla/5.0 (Windows NT 6.3; Win64; x64) AppleWebKit/537.36 (KHTML, like Gecko) Chrome/103.0.5060.53 Safari/537.36"
66.29.132.124 - - [08/Jan/2025:21:04:22 -0500] "POST /wp-admin/admin-ajax.php?action=async_litespeed&nonce=EjfTxNKZv8vDDz3pnYX5AF28nCjnlwwY&litespeed_type=imgoptm HTTP/1.1" 200 21 "-" "WordPress/6.7.1; https://misswavenigeria.com"
66.29.132.124 - - [08/Jan/2025:21:05:23 -0500] "POST /wp-cron.php?doing_wp_cron=1736388323.3999369144439697265625 HTTP/1.1" 200 0 "-" "WordPress/6.7.1; https://misswavenigeria.com"
194.32.122.87 - - [08/Jan/2025:21:05:23 -0500] "GET / HTTP/1.0" 200 109065 "https://misswavenigeria.com/" "Mozilla/5.0 (Windows NT 10.0) AppleWebKit/537.36 (KHTML, like Gecko) Chrome/103.0.0.0 Safari/537.36"
66.29.132.124 - - [08/Jan/2025:21:05:23 -0500] "POST /wp-admin/admin-ajax.php?action=async_litespeed&nonce=j1dfkZN6nbpZCJNZobt66BriqxjvkmC1&litespeed_type=imgoptm HTTP/1.1" 200 21 "-" "WordPress/6.7.1; https://misswavenigeria.com"
194.32.122.87 - - [08/Jan/2025:21:05:26 -0500] "GET /register/ HTTP/1.0" 200 75934 "https://misswavenigeria.com/register/" "Mozilla/5.0 (Windows NT 10.0) AppleWebKit/537.36 (KHTML, like Gecko) Chrome/103.0.0.0 Safari/537.36"
66.29.132.124 - - [08/Jan/2025:21:05:28 -0500] "POST /wp-cron.php?doing_wp_cron=1736388328.1485080718994140625000 HTTP/1.1" 200 0 "-" "WordPress/6.7.1; https://misswavenigeria.com"
185.191.171.18 - - [08/Jan/2025:21:07:10 -0500] "GET /robots.txt HTTP/1.1" 200 142 "-" "Mozilla/5.0 (compatible; SemrushBot/7~bl; +http://www.semrush.com/bot.html)"
66.29.132.124 - - [08/Jan/2025:21:07:11 -0500] "POST /wp-cron.php?doing_wp_cron=1736388431.4828879833221435546875 HTTP/1.1" 200 0 "-" "WordPress/6.7.1; https://misswavenigeria.com"
194.32.122.87 - - [08/Jan/2025:21:05:27 -0500] "POST /register/ HTTP/1.0" 200 76060 "https://misswavenigeria.com/register/" "Mozilla/5.0 (Windows NT 10.0) AppleWebKit/537.36 (KHTML, like Gecko) Chrome/103.0.0.0 Safari/537.36"
185.191.171.19 - - [08/Jan/2025:21:07:11 -0500] "GET /ombreteam/bam-bam/ HTTP/1.1" 200 18643 "-" "Mozilla/5.0 (compatible; SemrushBot/7~bl; +http://www.semrush.com/bot.html)"
66.29.132.124 - - [08/Jan/2025:21:07:11 -0500] "POST /wp-admin/admin-ajax.php?action=async_litespeed&nonce=jdIxEos3uwwVhQDW0vg4IdDGT9BRaOyx&litespeed_type=imgoptm HTTP/1.1" 200 21 "-" "WordPress/6.7.1; https://misswavenigeria.com"
194.32.122.87 - - [08/Jan/2025:21:07:13 -0500] "GET /register/ HTTP/1.0" 200 75934 "https://misswavenigeria.com/" "Mozilla/5.0 (Windows NT 10.0) AppleWebKit/537.36 (KHTML, like Gecko) Chrome/103.0.0.0 Safari/537.36"
66.29.132.124 - - [08/Jan/2025:21:08:39 -0500] "POST /wp-cron.php?doing_wp_cron=1736388519.7101180553436279296875 HTTP/1.1" 200 0 "-" "WordPress/6.7.1; https://misswavenigeria.com"
194.32.122.87 - - [08/Jan/2025:21:08:34 -0500] "GET / HTTP/1.0" 200 109067 "https://misswavenigeria.com/" "Mozilla/5.0 (Windows NT 6.1; WOW64) AppleWebKit/537.36 (KHTML, like Gecko) Chrome/103.0.0.0 Safari/537.36"
66.29.132.124 - - [08/Jan/2025:21:08:40 -0500] "POST /wp-admin/admin-ajax.php?action=async_litespeed&nonce=2MofUksZifJkgmCPUes9aWXG2SOVlTp3&litespeed_type=imgoptm HTTP/1.1" 200 21 "-" "WordPress/6.7.1; https://misswavenigeria.com"
194.32.122.87 - - [08/Jan/2025:21:08:42 -0500] "GET /register/ HTTP/1.0" 200 75934 "https://misswavenigeria.com/register/" "Mozilla/5.0 (Windows NT 6.1; WOW64) AppleWebKit/537.36 (KHTML, like Gecko) Chrome/103.0.0.0 Safari/537.36"
194.32.122.87 - - [08/Jan/2025:21:08:44 -0500] "POST /register/ HTTP/1.0" 200 76060 "https://misswavenigeria.com/register/" "Mozilla/5.0 (Windows NT 6.1; WOW64) AppleWebKit/537.36 (KHTML, like Gecko) Chrome/103.0.0.0 Safari/537.36"
66.29.132.124 - - [08/Jan/2025:21:10:22 -0500] "POST /wp-cron.php?doing_wp_cron=1736388622.0520091056823730468750 HTTP/1.1" 200 0 "-" "WordPress/6.7.1; https://misswavenigeria.com"
194.32.122.87 - - [08/Jan/2025:21:10:21 -0500] "GET /register/ HTTP/1.0" 200 75934 "https://misswavenigeria.com/" "Mozilla/5.0 (Windows NT 6.1; WOW64) AppleWebKit/537.36 (KHTML, like Gecko) Chrome/103.0.0.0 Safari/537.36"
66.29.132.124 - - [08/Jan/2025:21:10:22 -0500] "POST /wp-admin/admin-ajax.php?action=async_litespeed&nonce=qc5eR7hUg0PR0Iq46qEHHNdkLCiYYLyr&litespeed_type=imgoptm HTTP/1.1" 200 21 "-" "WordPress/6.7.1; https://misswavenigeria.com"
66.249.68.35 - - [08/Jan/2025:21:11:31 -0500] "GET /goods/703431.html HTTP/1.1" 200 69022 "-" "Mozilla/5.0 (Linux; Android 6.0.1; Nexus 5X Build/MMB29P) AppleWebKit/537.36 (KHTML, like Gecko) Chrome/131.0.6778.204 Mobile Safari/537.36 (compatible; Googlebot/2.1; +http://www.google.com/bot.html)"
66.29.132.124 - - [08/Jan/2025:21:11:54 -0500] "POST /wp-cron.php?doing_wp_cron=1736388714.0314960479736328125000 HTTP/1.1" 200 0 "-" "WordPress/6.7.1; https://misswavenigeria.com"
194.32.122.87 - - [08/Jan/2025:21:11:53 -0500] "GET / HTTP/1.0" 200 109065 "https://misswavenigeria.com/" "Mozilla/5.0 (Windows NT 10.0; Win64; x64) AppleWebKit/537.36 (KHTML, like Gecko) Chrome/103.0.5042.0 Safari/537.36"
66.29.132.124 - - [08/Jan/2025:21:11:54 -0500] "POST /wp-admin/admin-ajax.php?action=async_litespeed&nonce=uEKRKNLWQP7LjOFGX9swwy9arQSOL3HP&litespeed_type=imgoptm HTTP/1.1" 200 21 "-" "WordPress/6.7.1; https://misswavenigeria.com"
194.32.122.87 - - [08/Jan/2025:21:11:56 -0500] "GET /register/ HTTP/1.0" 200 75934 "https://misswavenigeria.com/register/" "Mozilla/5.0 (Windows NT 10.0; Win64; x64) AppleWebKit/537.36 (KHTML, like Gecko) Chrome/103.0.5042.0 Safari/537.36"
66.249.68.3 - - [08/Jan/2025:21:11:58 -0500] "GET /goods/953064.html HTTP/1.1" 200 68810 "-" "Mozilla/5.0 (Linux; Android 6.0.1; Nexus 5X Build/MMB29P) AppleWebKit/537.36 (KHTML, like Gecko) Chrome/131.0.6778.204 Mobile Safari/537.36 (compatible; Googlebot/2.1; +http://www.google.com/bot.html)"
194.32.122.87 - - [08/Jan/2025:21:11:58 -0500] "POST /register/ HTTP/1.0" 200 0 "https://misswavenigeria.com/register/" "Mozilla/5.0 (Windows NT 10.0; Win64; x64) AppleWebKit/537.36 (KHTML, like Gecko) Chrome/103.0.5042.0 Safari/537.36"
194.32.122.87 - - [08/Jan/2025:21:14:29 -0500] "GET /register/ HTTP/1.0" 200 75934 "https://misswavenigeria.com/" "Mozilla/5.0 (Windows NT 10.0; Win64; x64) AppleWebKit/537.36 (KHTML, like Gecko) Chrome/103.0.5042.0 Safari/537.36"
194.32.122.87 - - [08/Jan/2025:21:15:07 -0500] "GET / HTTP/1.0" 200 109065 "https://misswavenigeria.com/" "Mozilla/5.0 (Windows NT 6.1; Win64; x64) AppleWebKit/537.36 (KHTML, like Gecko) Chrome/103.0.0.0 Safari/537.36"
194.32.122.87 - - [08/Jan/2025:21:15:09 -0500] "GET /register/ HTTP/1.0" 200 75934 "https://misswavenigeria.com/register/" "Mozilla/5.0 (Windows NT 6.1; Win64; x64) AppleWebKit/537.36 (KHTML, like Gecko) Chrome/103.0.0.0 Safari/537.36"
66.29.132.124 - - [08/Jan/2025:21:15:12 -0500] "POST /wp-cron.php?doing_wp_cron=1736388912.4214220046997070312500 HTTP/1.1" 200 0 "-" "WordPress/6.7.1; https://misswavenigeria.com"
66.29.132.124 - - [08/Jan/2025:21:15:12 -0500] "POST /wp-admin/admin-ajax.php?action=async_litespeed&nonce=Np5Qa1rvQl6e5ipPviZRyRgyJjq0lVvU&litespeed_type=imgoptm HTTP/1.1" 200 21 "-" "WordPress/6.7.1; https://misswavenigeria.com"
194.32.122.87 - - [08/Jan/2025:21:15:11 -0500] "POST /register/ HTTP/1.0" 200 76060 "https://misswavenigeria.com/register/" "Mozilla/5.0 (Windows NT 6.1; Win64; x64) AppleWebKit/537.36 (KHTML, like Gecko) Chrome/103.0.0.0 Safari/537.36"
66.29.132.124 - - [08/Jan/2025:21:16:48 -0500] "POST /wp-cron.php?doing_wp_cron=1736389008.5558381080627441406250 HTTP/1.1" 200 0 "-" "WordPress/6.7.1; https://misswavenigeria.com"
194.32.122.87 - - [08/Jan/2025:21:16:48 -0500] "GET /register/ HTTP/1.0" 200 75934 "https://misswavenigeria.com/" "Mozilla/5.0 (Windows NT 6.1; Win64; x64) AppleWebKit/537.36 (KHTML, like Gecko) Chrome/103.0.0.0 Safari/537.36"
66.29.132.124 - - [08/Jan/2025:21:16:48 -0500] "POST /wp-admin/admin-ajax.php?action=async_litespeed&nonce=xM2caeoyIskfyEfVXtJHb9dTv5Kym3io&litespeed_type=imgoptm HTTP/1.1" 200 21 "-" "WordPress/6.7.1; https://misswavenigeria.com"
66.29.132.124 - - [08/Jan/2025:21:18:26 -0500] "POST /wp-cron.php?doing_wp_cron=1736389106.2341399192810058593750 HTTP/1.1" 200 0 "-" "WordPress/6.7.1; https://misswavenigeria.com"
194.32.122.87 - - [08/Jan/2025:21:18:23 -0500] "GET / HTTP/1.0" 200 109067 "https://misswavenigeria.com/" "Mozilla/5.0 (Windows NT 6.1; Win64; x64) AppleWebKit/537.36 (KHTML, like Gecko) Chrome/103.0.0.0 Safari/537.36"
66.29.132.124 - - [08/Jan/2025:21:18:26 -0500] "POST /wp-admin/admin-ajax.php?action=async_litespeed&nonce=WMhFDbww8JhExulpyw0M18hJj7G1HG0S&litespeed_type=imgoptm HTTP/1.1" 200 21 "-" "WordPress/6.7.1; https://misswavenigeria.com"
194.32.122.87 - - [08/Jan/2025:21:18:28 -0500] "GET /register/ HTTP/1.0" 200 75934 "https://misswavenigeria.com/register/" "Mozilla/5.0 (Windows NT 6.1; Win64; x64) AppleWebKit/537.36 (KHTML, like Gecko) Chrome/103.0.0.0 Safari/537.36"
194.32.122.87 - - [08/Jan/2025:21:18:32 -0500] "POST /register/ HTTP/1.0" 200 76060 "https://misswavenigeria.com/register/" "Mozilla/5.0 (Windows NT 6.1; Win64; x64) AppleWebKit/537.36 (KHTML, like Gecko) Chrome/103.0.0.0 Safari/537.36"
66.29.132.124 - - [08/Jan/2025:21:20:13 -0500] "POST /wp-cron.php?doing_wp_cron=1736389212.9104499816894531250000 HTTP/1.1" 200 0 "-" "WordPress/6.7.1; https://misswavenigeria.com"
194.32.122.87 - - [08/Jan/2025:21:20:12 -0500] "GET /register/ HTTP/1.0" 200 75934 "https://misswavenigeria.com/" "Mozilla/5.0 (Windows NT 6.1; Win64; x64) AppleWebKit/537.36 (KHTML, like Gecko) Chrome/103.0.0.0 Safari/537.36"
66.29.132.124 - - [08/Jan/2025:21:20:13 -0500] "POST /wp-admin/admin-ajax.php?action=async_litespeed&nonce=2Nf3hORiikq5O2zyBbCHhXRjixSNLd5A&litespeed_type=imgoptm HTTP/1.1" 200 21 "-" "WordPress/6.7.1; https://misswavenigeria.com"
66.249.68.69 - - [08/Jan/2025:21:20:16 -0500] "GET /goods/515912.html HTTP/1.1" 200 70939 "-" "Mozilla/5.0 (Linux; Android 6.0.1; Nexus 5X Build/MMB29P) AppleWebKit/537.36 (KHTML, like Gecko) Chrome/131.0.6778.204 Mobile Safari/537.36 (compatible; Googlebot/2.1; +http://www.google.com/bot.html)"
66.29.132.124 - - [08/Jan/2025:21:21:45 -0500] "POST /wp-cron.php?doing_wp_cron=1736389305.2919681072235107421875 HTTP/1.1" 200 0 "-" "WordPress/6.7.1; https://misswavenigeria.com"
194.32.122.87 - - [08/Jan/2025:21:21:41 -0500] "GET / HTTP/1.0" 200 109065 "https://misswavenigeria.com/" "Mozilla/5.0 (Windows NT 6.1; Win64; x64) AppleWebKit/537.36 (KHTML, like Gecko) Chrome/103.0.5060.66 Safari/537.36"
66.29.132.124 - - [08/Jan/2025:21:21:46 -0500] "POST /wp-admin/admin-ajax.php?action=async_litespeed&nonce=CetJhsrZ85yBsaa8kWJWn4Po8uvtn9KK&litespeed_type=imgoptm HTTP/1.1" 200 0 "-" "WordPress/6.7.1; https://misswavenigeria.com"
194.32.122.87 - - [08/Jan/2025:21:21:48 -0500] "GET /register/ HTTP/1.0" 200 75934 "https://misswavenigeria.com/register/" "Mozilla/5.0 (Windows NT 6.1; Win64; x64) AppleWebKit/537.36 (KHTML, like Gecko) Chrome/103.0.5060.66 Safari/537.36"
66.29.132.124 - - [08/Jan/2025:21:21:50 -0500] "POST /wp-cron.php?doing_wp_cron=1736389310.2429540157318115234375 HTTP/1.1" 200 0 "-" "WordPress/6.7.1; https://misswavenigeria.com"
66.29.132.124 - - [08/Jan/2025:21:21:50 -0500] "POST /wp-admin/admin-ajax.php?action=async_litespeed&nonce=3Ez634mkv8CSHYQ6jMJLlbzofYZ07r5O&litespeed_type=imgoptm HTTP/1.1" 200 21 "-" "WordPress/6.7.1; https://misswavenigeria.com"
194.32.122.87 - - [08/Jan/2025:21:21:50 -0500] "POST /register/ HTTP/1.0" 200 76060 "https://misswavenigeria.com/register/" "Mozilla/5.0 (Windows NT 6.1; Win64; x64) AppleWebKit/537.36 (KHTML, like Gecko) Chrome/103.0.5060.66 Safari/537.36"
66.29.132.124 - - [08/Jan/2025:21:23:20 -0500] "POST /wp-cron.php?doing_wp_cron=1736389400.0754129886627197265625 HTTP/1.1" 200 0 "-" "WordPress/6.7.1; https://misswavenigeria.com"
194.32.122.87 - - [08/Jan/2025:21:23:19 -0500] "GET /register/ HTTP/1.0" 200 75934 "https://misswavenigeria.com/" "Mozilla/5.0 (Windows NT 6.1; Win64; x64) AppleWebKit/537.36 (KHTML, like Gecko) Chrome/103.0.5060.66 Safari/537.36"
66.29.132.124 - - [08/Jan/2025:21:23:20 -0500] "POST /wp-admin/admin-ajax.php?action=async_litespeed&nonce=IoGacMBYDtd2i9Q7KgWBy5ygbBxQ1ORY&litespeed_type=imgoptm HTTP/1.1" 200 21 "-" "WordPress/6.7.1; https://misswavenigeria.com"
66.29.132.124 - - [08/Jan/2025:21:25:00 -0500] "POST /wp-cron.php?doing_wp_cron=1736389500.5640780925750732421875 HTTP/1.1" 200 0 "-" "WordPress/6.7.1; https://misswavenigeria.com"
194.32.122.87 - - [08/Jan/2025:21:24:58 -0500] "GET / HTTP/1.0" 200 109067 "https://misswavenigeria.com/" "Mozilla/5.0 (Windows NT 6.1; Win64; x64) AppleWebKit/537.36 (KHTML, like Gecko) Chrome/103.0.5060.114 Safari/537.36"
66.29.132.124 - - [08/Jan/2025:21:25:00 -0500] "POST /wp-admin/admin-ajax.php?action=async_litespeed&nonce=LTEXqykuhOdSvvX6W5y3oUU2qKcsnkLa&litespeed_type=imgoptm HTTP/1.1" 200 21 "-" "WordPress/6.7.1; https://misswavenigeria.com"
194.32.122.87 - - [08/Jan/2025:21:25:03 -0500] "GET /register/ HTTP/1.0" 200 75934 "https://misswavenigeria.com/register/" "Mozilla/5.0 (Windows NT 6.1; Win64; x64) AppleWebKit/537.36 (KHTML, like Gecko) Chrome/103.0.5060.114 Safari/537.36"
194.32.122.87 - - [08/Jan/2025:21:25:05 -0500] "POST /register/ HTTP/1.0" 200 76060 "https://misswavenigeria.com/register/" "Mozilla/5.0 (Windows NT 6.1; Win64; x64) AppleWebKit/537.36 (KHTML, like Gecko) Chrome/103.0.5060.114 Safari/537.36"
66.29.132.124 - - [08/Jan/2025:21:27:01 -0500] "POST /wp-cron.php?doing_wp_cron=1736389621.0473020076751708984375 HTTP/1.1" 200 0 "-" "WordPress/6.7.1; https://misswavenigeria.com"
194.32.122.87 - - [08/Jan/2025:21:27:00 -0500] "GET /register/ HTTP/1.0" 200 75934 "https://misswavenigeria.com/" "Mozilla/5.0 (Windows NT 6.1; Win64; x64) AppleWebKit/537.36 (KHTML, like Gecko) Chrome/103.0.5060.114 Safari/537.36"
66.29.132.124 - - [08/Jan/2025:21:27:01 -0500] "POST /wp-admin/admin-ajax.php?action=async_litespeed&nonce=tihuorLEQbR3IyYG9YbzgON2FZX72tKl&litespeed_type=imgoptm HTTP/1.1" 200 21 "-" "WordPress/6.7.1; https://misswavenigeria.com"
66.29.132.124 - - [08/Jan/2025:21:28:10 -0500] "POST /wp-cron.php?doing_wp_cron=1736389690.4824960231781005859375 HTTP/1.1" 200 0 "-" "WordPress/6.7.1; https://misswavenigeria.com"
194.32.122.87 - - [08/Jan/2025:21:28:10 -0500] "GET / HTTP/1.0" 200 109067 "https://misswavenigeria.com/" "Mozilla/5.0 (Windows NT 6.1) AppleWebKit/537.36 (KHTML, like Gecko) Chrome/103.0.5060.114 Safari/537.36"
66.29.132.124 - - [08/Jan/2025:21:28:10 -0500] "POST /wp-admin/admin-ajax.php?action=async_litespeed&nonce=boYRNOCYKwKZ7LZgjfwVehcnKVJsVAoW&litespeed_type=imgoptm HTTP/1.1" 200 21 "-" "WordPress/6.7.1; https://misswavenigeria.com"
194.32.122.87 - - [08/Jan/2025:21:28:12 -0500] "GET /register/ HTTP/1.0" 200 75934 "https://misswavenigeria.com/register/" "Mozilla/5.0 (Windows NT 6.1) AppleWebKit/537.36 (KHTML, like Gecko) Chrome/103.0.5060.114 Safari/537.36"
194.32.122.87 - - [08/Jan/2025:21:28:14 -0500] "POST /register/ HTTP/1.0" 200 76060 "https://misswavenigeria.com/register/" "Mozilla/5.0 (Windows NT 6.1) AppleWebKit/537.36 (KHTML, like Gecko) Chrome/103.0.5060.114 Safari/537.36"
66.29.132.124 - - [08/Jan/2025:21:29:55 -0500] "POST /wp-cron.php?doing_wp_cron=1736389795.9178481101989746093750 HTTP/1.1" 200 0 "-" "WordPress/6.7.1; https://misswavenigeria.com"
194.32.122.87 - - [08/Jan/2025:21:29:55 -0500] "GET /register/ HTTP/1.0" 200 75934 "https://misswavenigeria.com/" "Mozilla/5.0 (Windows NT 6.1) AppleWebKit/537.36 (KHTML, like Gecko) Chrome/103.0.5060.114 Safari/537.36"
66.29.132.124 - - [08/Jan/2025:21:29:56 -0500] "POST /wp-admin/admin-ajax.php?action=async_litespeed&nonce=C5qgtbpnNOVO72ssvpF6B72eh4wJTPba&litespeed_type=imgoptm HTTP/1.1" 200 21 "-" "WordPress/6.7.1; https://misswavenigeria.com"
66.29.132.124 - - [08/Jan/2025:21:31:29 -0500] "POST /wp-cron.php?doing_wp_cron=1736389889.8916630744934082031250 HTTP/1.1" 200 0 "-" "WordPress/6.7.1; https://misswavenigeria.com"
194.32.122.87 - - [08/Jan/2025:21:31:27 -0500] "GET / HTTP/1.0" 200 109067 "https://misswavenigeria.com/" "Mozilla/5.0 (Windows NT 6.1) AppleWebKit/537.36 (KHTML, like Gecko) Chrome/103.0.5060.114 Safari/537.36"
66.29.132.124 - - [08/Jan/2025:21:31:30 -0500] "POST /wp-admin/admin-ajax.php?action=async_litespeed&nonce=Ri4P68aBCHfvYLn7Yy9CAul2HTMdJebD&litespeed_type=imgoptm HTTP/1.1" 200 21 "-" "WordPress/6.7.1; https://misswavenigeria.com"
194.32.122.87 - - [08/Jan/2025:21:31:32 -0500] "GET /register/ HTTP/1.0" 200 75934 "https://misswavenigeria.com/register/" "Mozilla/5.0 (Windows NT 6.1) AppleWebKit/537.36 (KHTML, like Gecko) Chrome/103.0.5060.114 Safari/537.36"
66.249.68.34 - - [08/Jan/2025:21:32:05 -0500] "GET /goods/215041.html HTTP/1.1" 200 68990 "-" "Mozilla/5.0 (Linux; Android 6.0.1; Nexus 5X Build/MMB29P) AppleWebKit/537.36 (KHTML, like Gecko) Chrome/131.0.6778.204 Mobile Safari/537.36 (compatible; Googlebot/2.1; +http://www.google.com/bot.html)"
194.32.122.87 - - [08/Jan/2025:21:31:34 -0500] "POST /register/ HTTP/1.0" 200 76060 "https://misswavenigeria.com/register/" "Mozilla/5.0 (Windows NT 6.1) AppleWebKit/537.36 (KHTML, like Gecko) Chrome/103.0.5060.114 Safari/537.36"
66.29.132.124 - - [08/Jan/2025:21:33:54 -0500] "POST /wp-cron.php?doing_wp_cron=1736390034.5465021133422851562500 HTTP/1.1" 200 0 "-" "WordPress/6.7.1; https://misswavenigeria.com"
194.32.122.87 - - [08/Jan/2025:21:33:54 -0500] "GET /register/ HTTP/1.0" 200 75934 "https://misswavenigeria.com/" "Mozilla/5.0 (Windows NT 6.1) AppleWebKit/537.36 (KHTML, like Gecko) Chrome/103.0.5060.114 Safari/537.36"
66.29.132.124 - - [08/Jan/2025:21:33:55 -0500] "POST /wp-admin/admin-ajax.php?action=async_litespeed&nonce=t20wLno1rb9qQ2A3Cu8ZyTr5DlxInued&litespeed_type=imgoptm HTTP/1.1" 200 21 "-" "WordPress/6.7.1; https://misswavenigeria.com"
66.29.132.124 - - [08/Jan/2025:21:34:49 -0500] "POST /wp-cron.php?doing_wp_cron=1736390089.7058999538421630859375 HTTP/1.1" 200 0 "-" "WordPress/6.7.1; https://misswavenigeria.com"
194.32.122.87 - - [08/Jan/2025:21:34:49 -0500] "GET / HTTP/1.0" 200 109067 "https://misswavenigeria.com/" "Mozilla/5.0 (Windows NT 6.3; Win64; x64) AppleWebKit/537.36 (KHTML, like Gecko) Chrome/103.0.5060.53 Safari/537.36"
194.32.122.87 - - [08/Jan/2025:21:34:52 -0500] "GET /register/ HTTP/1.0" 200 75934 "https://misswavenigeria.com/register/" "Mozilla/5.0 (Windows NT 6.3; Win64; x64) AppleWebKit/537.36 (KHTML, like Gecko) Chrome/103.0.5060.53 Safari/537.36"
66.29.132.124 - - [08/Jan/2025:21:34:54 -0500] "POST /wp-cron.php?doing_wp_cron=1736390094.1307299137115478515625 HTTP/1.1" 200 0 "-" "WordPress/6.7.1; https://misswavenigeria.com"
66.29.132.124 - - [08/Jan/2025:21:34:54 -0500] "POST /wp-admin/admin-ajax.php?action=async_litespeed&nonce=v0IUhQz5Wnco5QlLLYrqQGSX1hDYH6JG&litespeed_type=imgoptm HTTP/1.1" 200 21 "-" "WordPress/6.7.1; https://misswavenigeria.com"
194.32.122.87 - - [08/Jan/2025:21:34:53 -0500] "POST /register/ HTTP/1.0" 200 76060 "https://misswavenigeria.com/register/" "Mozilla/5.0 (Windows NT 6.3; Win64; x64) AppleWebKit/537.36 (KHTML, like Gecko) Chrome/103.0.5060.53 Safari/537.36"
66.29.132.124 - - [08/Jan/2025:21:36:41 -0500] "POST /wp-cron.php?doing_wp_cron=1736390201.0842390060424804687500 HTTP/1.1" 200 0 "-" "WordPress/6.7.1; https://misswavenigeria.com"
194.32.122.87 - - [08/Jan/2025:21:36:40 -0500] "GET /register/ HTTP/1.0" 200 75934 "https://misswavenigeria.com/" "Mozilla/5.0 (Windows NT 6.3; Win64; x64) AppleWebKit/537.36 (KHTML, like Gecko) Chrome/103.0.5060.53 Safari/537.36"
66.29.132.124 - - [08/Jan/2025:21:36:41 -0500] "POST /wp-admin/admin-ajax.php?action=async_litespeed&nonce=m8ztvkRjsQEVrkCH4Fh73GdiWefClIgD&litespeed_type=imgoptm HTTP/1.1" 200 21 "-" "WordPress/6.7.1; https://misswavenigeria.com"
66.29.132.124 - - [08/Jan/2025:21:37:31 -0500] "POST /wp-cron.php?doing_wp_cron=1736390251.5674009323120117187500 HTTP/1.1" 200 0 "-" "WordPress/6.7.1; https://misswavenigeria.com"
43.130.14.245 - - [08/Jan/2025:21:37:31 -0500] "GET / HTTP/1.1" 301 0 "http://www.misswavenigeria.com" "Mozilla/5.0 (iPhone; CPU iPhone OS 13_2_3 like Mac OS X) AppleWebKit/605.1.15 (KHTML, like Gecko) Version/13.0.3 Mobile/15E148 Safari/604.1"
66.29.132.124 - - [08/Jan/2025:21:37:31 -0500] "POST /wp-admin/admin-ajax.php?action=async_litespeed&nonce=zUgEODj9umHRYJRJkw2mFO1Zn0XF2RPy&litespeed_type=imgoptm HTTP/1.1" 200 21 "-" "WordPress/6.7.1; https://misswavenigeria.com"
43.130.14.245 - - [08/Jan/2025:21:37:34 -0500] "GET / HTTP/1.1" 200 24486 "https://www.misswavenigeria.com/" "Mozilla/5.0 (iPhone; CPU iPhone OS 13_2_3 like Mac OS X) AppleWebKit/605.1.15 (KHTML, like Gecko) Version/13.0.3 Mobile/15E148 Safari/604.1"
194.32.122.87 - - [08/Jan/2025:21:38:07 -0500] "GET / HTTP/1.0" 200 109067 "https://misswavenigeria.com/" "Mozilla/5.0 (Windows NT 10.0; Win64; x64) AppleWebKit/537.36 (KHTML, like Gecko) Chrome/103.0.0.0 Safari/537.36 OpenWave/97.4.2043.44"
194.32.122.87 - - [08/Jan/2025:21:38:09 -0500] "GET /register/ HTTP/1.0" 200 75934 "https://misswavenigeria.com/register/" "Mozilla/5.0 (Windows NT 10.0; Win64; x64) AppleWebKit/537.36 (KHTML, like Gecko) Chrome/103.0.0.0 Safari/537.36 OpenWave/97.4.2043.44"
66.29.132.124 - - [08/Jan/2025:21:38:11 -0500] "POST /wp-cron.php?doing_wp_cron=1736390291.7614920139312744140625 HTTP/1.1" 200 0 "-" "WordPress/6.7.1; https://misswavenigeria.com"
66.29.132.124 - - [08/Jan/2025:21:38:11 -0500] "POST /wp-admin/admin-ajax.php?action=async_litespeed&nonce=PnRbarUPHDeSq5Eyu16CyuHxG051lHSV&litespeed_type=imgoptm HTTP/1.1" 200 21 "-" "WordPress/6.7.1; https://misswavenigeria.com"
194.32.122.87 - - [08/Jan/2025:21:38:11 -0500] "POST /register/ HTTP/1.0" 200 76060 "https://misswavenigeria.com/register/" "Mozilla/5.0 (Windows NT 10.0; Win64; x64) AppleWebKit/537.36 (KHTML, like Gecko) Chrome/103.0.0.0 Safari/537.36 OpenWave/97.4.2043.44"
66.29.132.124 - - [08/Jan/2025:21:39:47 -0500] "POST /wp-cron.php?doing_wp_cron=1736390387.7811648845672607421875 HTTP/1.1" 200 0 "-" "WordPress/6.7.1; https://misswavenigeria.com"
194.32.122.87 - - [08/Jan/2025:21:39:47 -0500] "GET /register/ HTTP/1.0" 200 75934 "https://misswavenigeria.com/" "Mozilla/5.0 (Windows NT 10.0; Win64; x64) AppleWebKit/537.36 (KHTML, like Gecko) Chrome/103.0.0.0 Safari/537.36 OpenWave/97.4.2043.44"
66.29.132.124 - - [08/Jan/2025:21:39:48 -0500] "POST /wp-admin/admin-ajax.php?action=async_litespeed&nonce=FLRxLGus36zN8E2328Vn1ABaT1yCwDgK&litespeed_type=imgoptm HTTP/1.1" 200 21 "-" "WordPress/6.7.1; https://misswavenigeria.com"
66.29.132.124 - - [08/Jan/2025:21:41:30 -0500] "POST /wp-cron.php?doing_wp_cron=1736390490.7375340461730957031250 HTTP/1.1" 200 0 "-" "WordPress/6.7.1; https://misswavenigeria.com"
194.32.122.87 - - [08/Jan/2025:21:41:28 -0500] "GET / HTTP/1.0" 200 109065 "https://misswavenigeria.com/" "Mozilla/5.0 (Windows NT 10.0; Win64; x64) AppleWebKit/537.36 (KHTML, like Gecko) Chrome/103.0.0.0 Safari/537.36 OpenWave/97.4.2043.44"
66.29.132.124 - - [08/Jan/2025:21:41:31 -0500] "POST /wp-admin/admin-ajax.php?action=async_litespeed&nonce=XAVv2Fnx6MdepTcXhottvN8LeRxcJFhn&litespeed_type=imgoptm HTTP/1.1" 200 21 "-" "WordPress/6.7.1; https://misswavenigeria.com"
194.32.122.87 - - [08/Jan/2025:21:41:33 -0500] "GET /register/ HTTP/1.0" 200 75934 "https://misswavenigeria.com/register/" "Mozilla/5.0 (Windows NT 10.0; Win64; x64) AppleWebKit/537.36 (KHTML, like Gecko) Chrome/103.0.0.0 Safari/537.36 OpenWave/97.4.2043.44"
194.32.122.87 - - [08/Jan/2025:21:41:34 -0500] "POST /register/ HTTP/1.0" 200 76060 "https://misswavenigeria.com/register/" "Mozilla/5.0 (Windows NT 10.0; Win64; x64) AppleWebKit/537.36 (KHTML, like Gecko) Chrome/103.0.0.0 Safari/537.36 OpenWave/97.4.2043.44"
66.29.132.124 - - [08/Jan/2025:21:43:34 -0500] "POST /wp-cron.php?doing_wp_cron=1736390614.5802209377288818359375 HTTP/1.1" 200 0 "-" "WordPress/6.7.1; https://misswavenigeria.com"
194.32.122.87 - - [08/Jan/2025:21:43:34 -0500] "GET /register/ HTTP/1.0" 200 75934 "https://misswavenigeria.com/" "Mozilla/5.0 (Windows NT 10.0; Win64; x64) AppleWebKit/537.36 (KHTML, like Gecko) Chrome/103.0.0.0 Safari/537.36 OpenWave/97.4.2043.44"
66.29.132.124 - - [08/Jan/2025:21:43:34 -0500] "POST /wp-admin/admin-ajax.php?action=async_litespeed&nonce=dBpU34YUChOz8EXJrhepv24Oe1yeFFRi&litespeed_type=imgoptm HTTP/1.1" 200 21 "-" "WordPress/6.7.1; https://misswavenigeria.com"
66.29.132.124 - - [08/Jan/2025:21:44:59 -0500] "POST /wp-cron.php?doing_wp_cron=1736390699.6300520896911621093750 HTTP/1.1" 200 0 "-" "WordPress/6.7.1; https://misswavenigeria.com"
194.32.122.87 - - [08/Jan/2025:21:44:58 -0500] "GET / HTTP/1.0" 200 109067 "https://misswavenigeria.com/" "Mozilla/5.0 (Windows NT 10.0; WOW64) AppleWebKit/537.36 (KHTML, like Gecko) Chrome/103.0.0.0 Safari/537.36"
66.29.132.124 - - [08/Jan/2025:21:44:59 -0500] "POST /wp-admin/admin-ajax.php?action=async_litespeed&nonce=ml0BmjlH4kXFNbolUbC7XMCt99rWYmkG&litespeed_type=imgoptm HTTP/1.1" 200 21 "-" "WordPress/6.7.1; https://misswavenigeria.com"
194.32.122.87 - - [08/Jan/2025:21:45:02 -0500] "GET /register/ HTTP/1.0" 200 75934 "https://misswavenigeria.com/register/" "Mozilla/5.0 (Windows NT 10.0; WOW64) AppleWebKit/537.36 (KHTML, like Gecko) Chrome/103.0.0.0 Safari/537.36"
194.32.122.87 - - [08/Jan/2025:21:45:05 -0500] "POST /register/ HTTP/1.0" 200 76060 "https://misswavenigeria.com/register/" "Mozilla/5.0 (Windows NT 10.0; WOW64) AppleWebKit/537.36 (KHTML, like Gecko) Chrome/103.0.0.0 Safari/537.36"
66.29.132.124 - - [08/Jan/2025:21:47:03 -0500] "POST /wp-cron.php?doing_wp_cron=1736390823.3219299316406250000000 HTTP/1.1" 200 0 "-" "WordPress/6.7.1; https://misswavenigeria.com"
194.32.122.87 - - [08/Jan/2025:21:47:03 -0500] "GET /register/ HTTP/1.0" 200 75934 "https://misswavenigeria.com/" "Mozilla/5.0 (Windows NT 10.0; WOW64) AppleWebKit/537.36 (KHTML, like Gecko) Chrome/103.0.0.0 Safari/537.36"
66.29.132.124 - - [08/Jan/2025:21:47:03 -0500] "POST /wp-admin/admin-ajax.php?action=async_litespeed&nonce=QJWNi1BFN3pwoPIuz6P1NFZXkBHJXwgg&litespeed_type=imgoptm HTTP/1.1" 200 21 "-" "WordPress/6.7.1; https://misswavenigeria.com"
66.29.132.124 - - [08/Jan/2025:21:48:18 -0500] "POST /wp-cron.php?doing_wp_cron=1736390898.0989420413970947265625 HTTP/1.1" 200 0 "-" "WordPress/6.7.1; https://misswavenigeria.com"
194.32.122.87 - - [08/Jan/2025:21:48:17 -0500] "GET / HTTP/1.0" 200 109065 "https://misswavenigeria.com/" "Mozilla/5.0 (Windows NT 6.1) AppleWebKit/537.36 (KHTML, like Gecko) Chrome/103.0.5060.114 Safari/537.36"
66.29.132.124 - - [08/Jan/2025:21:48:18 -0500] "POST /wp-admin/admin-ajax.php?action=async_litespeed&nonce=cWwneE3ZghjBr3NeHJxN5csQbqNQRXHC&litespeed_type=imgoptm HTTP/1.1" 200 21 "-" "WordPress/6.7.1; https://misswavenigeria.com"
194.32.122.87 - - [08/Jan/2025:21:48:20 -0500] "GET /register/ HTTP/1.0" 200 75934 "https://misswavenigeria.com/register/" "Mozilla/5.0 (Windows NT 6.1) AppleWebKit/537.36 (KHTML, like Gecko) Chrome/103.0.5060.114 Safari/537.36"
194.32.122.87 - - [08/Jan/2025:21:48:22 -0500] "POST /register/ HTTP/1.0" 200 76060 "https://misswavenigeria.com/register/" "Mozilla/5.0 (Windows NT 6.1) AppleWebKit/537.36 (KHTML, like Gecko) Chrome/103.0.5060.114 Safari/537.36"
66.29.132.124 - - [08/Jan/2025:21:50:21 -0500] "POST /wp-cron.php?doing_wp_cron=1736391021.4069430828094482421875 HTTP/1.1" 200 0 "-" "WordPress/6.7.1; https://misswavenigeria.com"
194.32.122.87 - - [08/Jan/2025:21:50:20 -0500] "GET /register/ HTTP/1.0" 200 75934 "https://misswavenigeria.com/" "Mozilla/5.0 (Windows NT 6.1) AppleWebKit/537.36 (KHTML, like Gecko) Chrome/103.0.5060.114 Safari/537.36"
66.29.132.124 - - [08/Jan/2025:21:50:21 -0500] "POST /wp-admin/admin-ajax.php?action=async_litespeed&nonce=AVRHx6VU7ILlUcKt706nZ4dkNbkCahcP&litespeed_type=imgoptm HTTP/1.1" 200 21 "-" "WordPress/6.7.1; https://misswavenigeria.com"
66.29.132.124 - - [08/Jan/2025:21:51:32 -0500] "POST /wp-cron.php?doing_wp_cron=1736391092.3405330181121826171875 HTTP/1.1" 200 0 "-" "WordPress/6.7.1; https://misswavenigeria.com"
66.29.132.124 - - [08/Jan/2025:21:51:32 -0500] "POST /wp-admin/admin-ajax.php?action=async_litespeed&nonce=PX4jRkUMKglAXnOwwOaiLpR4VX5yqHnQ&litespeed_type=imgoptm HTTP/1.1" 200 21 "-" "WordPress/6.7.1; https://misswavenigeria.com"
194.32.122.87 - - [08/Jan/2025:21:51:32 -0500] "GET / HTTP/1.0" 200 109065 "https://misswavenigeria.com/" "Mozilla/5.0 (Windows NT 6.3; Win64; x64) AppleWebKit/537.36 (KHTML, like Gecko) Chrome/103.0.5060.53 Safari/537.36"
194.32.122.87 - - [08/Jan/2025:21:51:35 -0500] "GET /register/ HTTP/1.0" 200 75934 "https://misswavenigeria.com/register/" "Mozilla/5.0 (Windows NT 6.3; Win64; x64) AppleWebKit/537.36 (KHTML, like Gecko) Chrome/103.0.5060.53 Safari/537.36"
194.32.122.87 - - [08/Jan/2025:21:51:36 -0500] "POST /register/ HTTP/1.0" 200 76060 "https://misswavenigeria.com/register/" "Mozilla/5.0 (Windows NT 6.3; Win64; x64) AppleWebKit/537.36 (KHTML, like Gecko) Chrome/103.0.5060.53 Safari/537.36"
66.29.132.124 - - [08/Jan/2025:21:53:54 -0500] "POST /wp-cron.php?doing_wp_cron=1736391234.5652420520782470703125 HTTP/1.1" 200 0 "-" "WordPress/6.7.1; https://misswavenigeria.com"
194.32.122.87 - - [08/Jan/2025:21:53:54 -0500] "GET /register/ HTTP/1.0" 200 75934 "https://misswavenigeria.com/" "Mozilla/5.0 (Windows NT 6.3; Win64; x64) AppleWebKit/537.36 (KHTML, like Gecko) Chrome/103.0.5060.53 Safari/537.36"
66.29.132.124 - - [08/Jan/2025:21:53:54 -0500] "POST /wp-admin/admin-ajax.php?action=async_litespeed&nonce=kLA2GE8kQoiipKYJh5bhZd4LSdH239Oq&litespeed_type=imgoptm HTTP/1.1" 200 21 "-" "WordPress/6.7.1; https://misswavenigeria.com"
185.233.3.42 - - [08/Jan/2025:21:54:06 -0500] "GET /wp-admin/includes/nav.php HTTP/1.1" 404 15610 "-" "Mozilla/4.0 (compatible; MSIE 6.0; Windows NT 5.1; SV1)"
66.29.132.124 - - [08/Jan/2025:21:54:51 -0500] "POST /wp-cron.php?doing_wp_cron=1736391291.7671918869018554687500 HTTP/1.1" 200 0 "-" "WordPress/6.7.1; https://misswavenigeria.com"
194.32.122.87 - - [08/Jan/2025:21:54:51 -0500] "GET / HTTP/1.0" 200 109067 "https://misswavenigeria.com/" "Mozilla/5.0 (Windows NT 10.0; Win64; x64) AppleWebKit/537.36 (KHTML, like Gecko) Chrome/103.0.5060.66 Safari/537.36"
66.29.132.124 - - [08/Jan/2025:21:54:52 -0500] "POST /wp-admin/admin-ajax.php?action=async_litespeed&nonce=HFzV56t8a21obfhMM5kMUEjcHUTb6vqE&litespeed_type=imgoptm HTTP/1.1" 200 21 "-" "WordPress/6.7.1; https://misswavenigeria.com"
194.32.122.87 - - [08/Jan/2025:21:54:54 -0500] "GET /register/ HTTP/1.0" 200 75934 "https://misswavenigeria.com/register/" "Mozilla/5.0 (Windows NT 10.0; Win64; x64) AppleWebKit/537.36 (KHTML, like Gecko) Chrome/103.0.5060.66 Safari/537.36"
66.249.79.32 - - [08/Jan/2025:21:55:23 -0500] "GET /goods/684550.html HTTP/1.1" 200 67913 "-" "Mozilla/5.0 (Linux; Android 6.0.1; Nexus 5X Build/MMB29P) AppleWebKit/537.36 (KHTML, like Gecko) Chrome/131.0.6778.204 Mobile Safari/537.36 (compatible; Googlebot/2.1; +http://www.google.com/bot.html)"
194.32.122.87 - - [08/Jan/2025:21:54:55 -0500] "POST /register/ HTTP/1.0" 200 0 "https://misswavenigeria.com/register/" "Mozilla/5.0 (Windows NT 10.0; Win64; x64) AppleWebKit/537.36 (KHTML, like Gecko) Chrome/103.0.5060.66 Safari/537.36"
66.29.132.124 - - [08/Jan/2025:21:56:31 -0500] "POST /wp-cron.php?doing_wp_cron=1736391391.7382519245147705078125 HTTP/1.1" 200 0 "-" "WordPress/6.7.1; https://misswavenigeria.com"
93.100.151.198 - - [08/Jan/2025:21:56:31 -0500] "GET /contact/ HTTP/1.0" 200 77733 "https://misswavenigeria.com/contact/" "Mozilla/5.0 (Windows NT 10.0; Win64; x64) AppleWebKit/537.36 (KHTML, like Gecko) Chrome/130.0.0.0 Safari/537.36 CCleaner/130.0.0.0"
66.29.132.124 - - [08/Jan/2025:21:56:32 -0500] "POST /wp-admin/admin-ajax.php?action=async_litespeed&nonce=f0NpZ2e9jCNXFnBCIVr5dwcoeKBdXSLK&litespeed_type=imgoptm HTTP/1.1" 200 21 "-" "WordPress/6.7.1; https://misswavenigeria.com"
93.100.151.198 - - [08/Jan/2025:21:56:33 -0500] "POST /contact/ HTTP/1.0" 200 77752 "https://misswavenigeria.com/contact/" "Mozilla/5.0 (Windows NT 10.0; Win64; x64) AppleWebKit/537.36 (KHTML, like Gecko) Chrome/130.0.0.0 Safari/537.36 CCleaner/130.0.0.0"
165.231.182.25 - - [08/Jan/2025:21:58:28 -0500] "GET / HTTP/1.0" 200 109067 "https://misswavenigeria.com/" "Mozilla/5.0 (Windows NT 6.3; WOW64) AppleWebKit/537.36 (KHTML, like Gecko) Chrome/103.0.0.0 Safari/537.36"
165.231.182.25 - - [08/Jan/2025:21:58:30 -0500] "GET /register/ HTTP/1.0" 200 75934 "https://misswavenigeria.com/register/" "Mozilla/5.0 (Windows NT 6.3; WOW64) AppleWebKit/537.36 (KHTML, like Gecko) Chrome/103.0.0.0 Safari/537.36"
66.29.132.124 - - [08/Jan/2025:21:58:35 -0500] "POST /wp-cron.php?doing_wp_cron=1736391515.0702710151672363281250 HTTP/1.1" 200 0 "-" "WordPress/6.7.1; https://misswavenigeria.com"
66.29.132.124 - - [08/Jan/2025:21:58:35 -0500] "POST /wp-admin/admin-ajax.php?action=async_litespeed&nonce=sWBA1PuaRcil2ud83Gp1U9LotOhCFLqY&litespeed_type=imgoptm HTTP/1.1" 200 21 "-" "WordPress/6.7.1; https://misswavenigeria.com"
165.231.182.25 - - [08/Jan/2025:21:58:31 -0500] "POST /register/ HTTP/1.0" 200 0 "https://misswavenigeria.com/register/" "Mozilla/5.0 (Windows NT 6.3; WOW64) AppleWebKit/537.36 (KHTML, like Gecko) Chrome/103.0.0.0 Safari/537.36"
165.231.182.25 - - [08/Jan/2025:22:01:01 -0500] "GET /register/ HTTP/1.0" 200 75934 "https://misswavenigeria.com/" "Mozilla/5.0 (Windows NT 6.3; WOW64) AppleWebKit/537.36 (KHTML, like Gecko) Chrome/103.0.0.0 Safari/537.36"
165.231.182.25 - - [08/Jan/2025:22:01:37 -0500] "GET / HTTP/1.0" 200 109067 "https://misswavenigeria.com/" "Mozilla/5.0 (Windows NT 10.0; Win64; x64) AppleWebKit/537.36 (KHTML, like Gecko) Chrome/103.0.5060.66 Safari/537.36"
165.231.182.25 - - [08/Jan/2025:22:01:38 -0500] "GET /register/ HTTP/1.0" 200 75934 "https://misswavenigeria.com/register/" "Mozilla/5.0 (Windows NT 10.0; Win64; x64) AppleWebKit/537.36 (KHTML, like Gecko) Chrome/103.0.5060.66 Safari/537.36"
66.29.132.124 - - [08/Jan/2025:22:01:39 -0500] "POST /wp-cron.php?doing_wp_cron=1736391699.6437630653381347656250 HTTP/1.1" 200 0 "-" "WordPress/6.7.1; https://misswavenigeria.com"
66.29.132.124 - - [08/Jan/2025:22:01:39 -0500] "POST /wp-admin/admin-ajax.php?action=async_litespeed&nonce=4dUHgIN9KB4EIczRMiCAQ5egdEg5B2eQ&litespeed_type=imgoptm HTTP/1.1" 200 21 "-" "WordPress/6.7.1; https://misswavenigeria.com"
165.231.182.25 - - [08/Jan/2025:22:01:39 -0500] "POST /register/ HTTP/1.0" 200 76060 "https://misswavenigeria.com/register/" "Mozilla/5.0 (Windows NT 10.0; Win64; x64) AppleWebKit/537.36 (KHTML, like Gecko) Chrome/103.0.5060.66 Safari/537.36"
66.29.132.124 - - [08/Jan/2025:22:03:15 -0500] "POST /wp-cron.php?doing_wp_cron=1736391795.4034309387207031250000 HTTP/1.1" 200 0 "-" "WordPress/6.7.1; https://misswavenigeria.com"
165.231.182.25 - - [08/Jan/2025:22:03:15 -0500] "GET /register/ HTTP/1.0" 200 75934 "https://misswavenigeria.com/" "Mozilla/5.0 (Windows NT 10.0; Win64; x64) AppleWebKit/537.36 (KHTML, like Gecko) Chrome/103.0.5060.66 Safari/537.36"
66.29.132.124 - - [08/Jan/2025:22:03:15 -0500] "POST /wp-admin/admin-ajax.php?action=async_litespeed&nonce=YSs1hEC60G7RihSwj4YN8eXhVSQVyZNo&litespeed_type=imgoptm HTTP/1.1" 200 21 "-" "WordPress/6.7.1; https://misswavenigeria.com"
66.29.132.124 - - [08/Jan/2025:22:04:46 -0500] "POST /wp-cron.php?doing_wp_cron=1736391886.8093221187591552734375 HTTP/1.1" 200 0 "-" "WordPress/6.7.1; https://misswavenigeria.com"
165.231.182.25 - - [08/Jan/2025:22:04:44 -0500] "GET / HTTP/1.0" 200 109065 "https://misswavenigeria.com/" "Mozilla/5.0 (Windows NT 6.3) AppleWebKit/537.36 (KHTML, like Gecko) Chrome/103.0.0.0 Safari/537.36"
66.29.132.124 - - [08/Jan/2025:22:04:47 -0500] "POST /wp-admin/admin-ajax.php?action=async_litespeed&nonce=cbLop0DVgFiKoy9O05iuOkmJPsxvi2FT&litespeed_type=imgoptm HTTP/1.1" 200 21 "-" "WordPress/6.7.1; https://misswavenigeria.com"
165.231.182.25 - - [08/Jan/2025:22:04:48 -0500] "GET /register/ HTTP/1.0" 200 75934 "https://misswavenigeria.com/register/" "Mozilla/5.0 (Windows NT 6.3) AppleWebKit/537.36 (KHTML, like Gecko) Chrome/103.0.0.0 Safari/537.36"
165.231.182.25 - - [08/Jan/2025:22:04:49 -0500] "POST /register/ HTTP/1.0" 200 76060 "https://misswavenigeria.com/register/" "Mozilla/5.0 (Windows NT 6.3) AppleWebKit/537.36 (KHTML, like Gecko) Chrome/103.0.0.0 Safari/537.36"
66.29.132.124 - - [08/Jan/2025:22:06:31 -0500] "POST /wp-cron.php?doing_wp_cron=1736391991.2109029293060302734375 HTTP/1.1" 200 0 "-" "WordPress/6.7.1; https://misswavenigeria.com"
165.231.182.25 - - [08/Jan/2025:22:06:30 -0500] "GET /register/ HTTP/1.0" 200 75934 "https://misswavenigeria.com/" "Mozilla/5.0 (Windows NT 6.3) AppleWebKit/537.36 (KHTML, like Gecko) Chrome/103.0.0.0 Safari/537.36"
66.29.132.124 - - [08/Jan/2025:22:06:31 -0500] "POST /wp-admin/admin-ajax.php?action=async_litespeed&nonce=XAJMgbzPL4znxdLk2Tn6WvmMwiXMBwNp&litespeed_type=imgoptm HTTP/1.1" 200 21 "-" "WordPress/6.7.1; https://misswavenigeria.com"
66.29.132.124 - - [08/Jan/2025:22:07:50 -0500] "POST /wp-cron.php?doing_wp_cron=1736392070.6695389747619628906250 HTTP/1.1" 200 0 "-" "WordPress/6.7.1; https://misswavenigeria.com"
165.231.182.25 - - [08/Jan/2025:22:07:50 -0500] "GET / HTTP/1.0" 200 109063 "https://misswavenigeria.com/" "Mozilla/5.0 (Windows NT 10.0; WOW64) AppleWebKit/537.36 (KHTML, like Gecko) Chrome/103.0.0.0 Safari/537.36"
66.29.132.124 - - [08/Jan/2025:22:07:50 -0500] "POST /wp-admin/admin-ajax.php?action=async_litespeed&nonce=PC63YMixOyKgD1TDPQubVuWOCQHM7NVt&litespeed_type=imgoptm HTTP/1.1" 200 21 "-" "WordPress/6.7.1; https://misswavenigeria.com"
