165.231.182.25 - - [09/Jan/2025:02:27:11 -0500] "GET /register/ HTTP/1.0" 200 75934 "https://misswavenigeria.com/register/" "Mozilla/5.0 (Windows NT 6.3; Win64; x64) AppleWebKit/537.36 (KHTML, like Gecko) Chrome/103.0.5060.53 Safari/537.36"
66.29.132.124 - - [09/Jan/2025:02:27:18 -0500] "POST /wp-cron.php?doing_wp_cron=1736407637.6789329051971435546875 HTTP/1.1" 200 0 "-" "WordPress/6.7.1; https://misswavenigeria.com"
66.29.132.124 - - [09/Jan/2025:02:27:23 -0500] "POST /wp-admin/admin-ajax.php?action=async_litespeed&nonce=xGqNyoNPtAy7eeWZ3uRvN7y0ECcYaxYS&litespeed_type=imgoptm HTTP/1.1" 200 0 "-" "WordPress/6.7.1; https://misswavenigeria.com"
165.231.182.25 - - [09/Jan/2025:02:27:13 -0500] "POST /register/ HTTP/1.0" 200 0 "https://misswavenigeria.com/register/" "Mozilla/5.0 (Windows NT 6.3; Win64; x64) AppleWebKit/537.36 (KHTML, like Gecko) Chrome/103.0.5060.53 Safari/537.36"
165.231.182.25 - - [09/Jan/2025:02:29:44 -0500] "GET /register/ HTTP/1.0" 200 75934 "https://misswavenigeria.com/" "Mozilla/5.0 (Windows NT 6.3; Win64; x64) AppleWebKit/537.36 (KHTML, like Gecko) Chrome/103.0.5060.53 Safari/537.36"
165.231.182.25 - - [09/Jan/2025:02:30:15 -0500] "GET / HTTP/1.0" 200 109067 "https://misswavenigeria.com/" "Mozilla/5.0 (Windows NT 6.1; Win64; x64) AppleWebKit/537.36 (KHTML, like Gecko) Chrome/103.0.0.0 Safari/537.36"
165.231.182.25 - - [09/Jan/2025:02:30:21 -0500] "GET /register/ HTTP/1.0" 200 75934 "https://misswavenigeria.com/register/" "Mozilla/5.0 (Windows NT 6.1; Win64; x64) AppleWebKit/537.36 (KHTML, like Gecko) Chrome/103.0.0.0 Safari/537.36"
66.29.132.124 - - [09/Jan/2025:02:30:29 -0500] "POST /wp-cron.php?doing_wp_cron=1736407827.5883460044860839843750 HTTP/1.1" 200 0 "-" "WordPress/6.7.1; https://misswavenigeria.com"
165.231.182.25 - - [09/Jan/2025:02:30:24 -0500] "POST /register/ HTTP/1.0" 200 0 "https://misswavenigeria.com/register/" "Mozilla/5.0 (Windows NT 6.1; Win64; x64) AppleWebKit/537.36 (KHTML, like Gecko) Chrome/103.0.0.0 Safari/537.36"
165.231.182.25 - - [09/Jan/2025:02:32:53 -0500] "GET /register/ HTTP/1.0" 200 75934 "https://misswavenigeria.com/" "Mozilla/5.0 (Windows NT 6.1; Win64; x64) AppleWebKit/537.36 (KHTML, like Gecko) Chrome/103.0.0.0 Safari/537.36"
165.231.182.25 - - [09/Jan/2025:02:33:11 -0500] "GET / HTTP/1.0" 200 109067 "https://misswavenigeria.com/" "Mozilla/5.0 (Windows NT 10.0; Win64; x64) AppleWebKit/537.36 (KHTML, like Gecko) Chrome/103.0.5060.53 Safari/537.36"
165.231.182.25 - - [09/Jan/2025:02:33:13 -0500] "GET /register/ HTTP/1.0" 200 75934 "https://misswavenigeria.com/register/" "Mozilla/5.0 (Windows NT 10.0; Win64; x64) AppleWebKit/537.36 (KHTML, like Gecko) Chrome/103.0.5060.53 Safari/537.36"
66.29.132.124 - - [09/Jan/2025:02:33:22 -0500] "POST /wp-cron.php?doing_wp_cron=1736408001.8789238929748535156250 HTTP/1.1" 200 0 "-" "WordPress/6.7.1; https://misswavenigeria.com"
66.29.132.124 - - [09/Jan/2025:02:33:28 -0500] "POST /wp-admin/admin-ajax.php?action=async_litespeed&nonce=hvU0y8EuTQCSdaPTiUtlj4kxTDcVZnEl&litespeed_type=imgoptm HTTP/1.1" 200 0 "-" "WordPress/6.7.1; https://misswavenigeria.com"
13.36.172.63 - - [09/Jan/2025:02:35:18 -0500] "GET / HTTP/1.1" 200 24485 "www.google.com" "Mozilla/5.0 (Linux; Android 7.0; SM-G892A Build/NRD90M; wv) AppleWebKit/537.36 (KHTML, like Gecko) Version/4.0 Chrome/60.0.3112.107 Mobile Safari/537.36"
66.29.132.124 - - [09/Jan/2025:02:35:27 -0500] "POST /wp-cron.php?doing_wp_cron=1736408126.8762309551239013671875 HTTP/1.1" 200 0 "-" "WordPress/6.7.1; https://misswavenigeria.com"
13.36.172.63 - - [09/Jan/2025:02:35:22 -0500] "GET /wp HTTP/1.1" 404 18012 "www.google.com" "Mozilla/5.0 (Linux; Android 7.0; SM-G892A Build/NRD90M; wv) AppleWebKit/537.36 (KHTML, like Gecko) Version/4.0 Chrome/60.0.3112.107 Mobile Safari/537.36"
66.29.132.124 - - [09/Jan/2025:02:35:33 -0500] "POST /wp-admin/admin-ajax.php?action=async_litespeed&nonce=gDqrjvAE4uCvtaJOeI43dVeQVNGjF9Lf&litespeed_type=imgoptm HTTP/1.1" 200 0 "-" "WordPress/6.7.1; https://misswavenigeria.com"
13.36.172.63 - - [09/Jan/2025:02:35:36 -0500] "GET /wordpress HTTP/1.1" 404 18012 "www.google.com" "Mozilla/5.0 (Linux; Android 7.0; SM-G892A Build/NRD90M; wv) AppleWebKit/537.36 (KHTML, like Gecko) Version/4.0 Chrome/60.0.3112.107 Mobile Safari/537.36"
165.231.182.25 - - [09/Jan/2025:02:33:15 -0500] "POST /register/ HTTP/1.0" 200 0 "https://misswavenigeria.com/register/" "Mozilla/5.0 (Windows NT 10.0; Win64; x64) AppleWebKit/537.36 (KHTML, like Gecko) Chrome/103.0.5060.53 Safari/537.36"
165.231.182.25 - - [09/Jan/2025:02:35:45 -0500] "GET /register/ HTTP/1.0" 200 75934 "https://misswavenigeria.com/" "Mozilla/5.0 (Windows NT 10.0; Win64; x64) AppleWebKit/537.36 (KHTML, like Gecko) Chrome/103.0.5060.53 Safari/537.36"
66.29.132.124 - - [09/Jan/2025:02:35:53 -0500] "POST /wp-cron.php?doing_wp_cron=1736408153.8708438873291015625000 HTTP/1.1" 200 0 "-" "WordPress/6.7.1; https://misswavenigeria.com"
13.36.172.63 - - [09/Jan/2025:02:35:50 -0500] "GET /misswavenigeria HTTP/1.1" 404 18012 "www.google.com" "Mozilla/5.0 (Linux; Android 7.0; SM-G892A Build/NRD90M; wv) AppleWebKit/537.36 (KHTML, like Gecko) Version/4.0 Chrome/60.0.3112.107 Mobile Safari/537.36"
66.29.132.124 - - [09/Jan/2025:02:35:58 -0500] "POST /wp-admin/admin-ajax.php?action=async_litespeed&nonce=xIYDhAFD6SkYrAuJJBouwTezhsx9zoWb&litespeed_type=imgoptm HTTP/1.1" 200 0 "-" "WordPress/6.7.1; https://misswavenigeria.com"
13.36.172.63 - - [09/Jan/2025:02:36:03 -0500] "GET /wordpress HTTP/1.1" 404 18012 "www.google.com" "Mozilla/5.0 (Linux; Android 7.0; SM-G892A Build/NRD90M; wv) AppleWebKit/537.36 (KHTML, like Gecko) Version/4.0 Chrome/60.0.3112.107 Mobile Safari/537.36"
13.36.172.63 - - [09/Jan/2025:02:36:11 -0500] "GET /old HTTP/1.1" 404 18012 "www.google.com" "Mozilla/5.0 (Linux; Android 7.0; SM-G892A Build/NRD90M; wv) AppleWebKit/537.36 (KHTML, like Gecko) Version/4.0 Chrome/60.0.3112.107 Mobile Safari/537.36"
165.231.182.25 - - [09/Jan/2025:02:36:19 -0500] "GET / HTTP/1.0" 200 109067 "https://misswavenigeria.com/" "Mozilla/5.0 (Windows NT 10.0; Win64; x64) AppleWebKit/537.36 (KHTML, like Gecko) Chrome/103.0.5060.134 Safari/537.36"
165.231.182.25 - - [09/Jan/2025:02:36:22 -0500] "GET /register/ HTTP/1.0" 200 75934 "https://misswavenigeria.com/register/" "Mozilla/5.0 (Windows NT 10.0; Win64; x64) AppleWebKit/537.36 (KHTML, like Gecko) Chrome/103.0.5060.134 Safari/537.36"
66.29.132.124 - - [09/Jan/2025:02:36:27 -0500] "POST /wp-cron.php?doing_wp_cron=1736408186.7753260135650634765625 HTTP/1.1" 200 0 "-" "WordPress/6.7.1; https://misswavenigeria.com"
13.36.172.63 - - [09/Jan/2025:02:36:27 -0500] "GET /backup HTTP/1.1" 404 18019 "www.google.com" "Mozilla/5.0 (Linux; Android 7.0; SM-G892A Build/NRD90M; wv) AppleWebKit/537.36 (KHTML, like Gecko) Version/4.0 Chrome/60.0.3112.107 Mobile Safari/537.36"
13.36.172.63 - - [09/Jan/2025:02:36:42 -0500] "GET /new HTTP/1.1" 404 18012 "www.google.com" "Mozilla/5.0 (Linux; Android 7.0; SM-G892A Build/NRD90M; wv) AppleWebKit/537.36 (KHTML, like Gecko) Version/4.0 Chrome/60.0.3112.107 Mobile Safari/537.36"
66.29.132.124 - - [09/Jan/2025:02:36:53 -0500] "POST /wp-cron.php?doing_wp_cron=1736408213.4744770526885986328125 HTTP/1.1" 200 0 "-" "WordPress/6.7.1; https://misswavenigeria.com"
13.36.172.63 - - [09/Jan/2025:02:36:50 -0500] "GET /test HTTP/1.1" 404 18018 "www.google.com" "Mozilla/5.0 (Linux; Android 7.0; SM-G892A Build/NRD90M; wv) AppleWebKit/537.36 (KHTML, like Gecko) Version/4.0 Chrome/60.0.3112.107 Mobile Safari/537.36"
66.29.132.124 - - [09/Jan/2025:02:36:58 -0500] "POST /wp-admin/admin-ajax.php?action=async_litespeed&nonce=wvODhEp2O4uv7CBGAPaogjNWXEwgPCO8&litespeed_type=imgoptm HTTP/1.1" 200 0 "-" "WordPress/6.7.1; https://misswavenigeria.com"
13.36.172.63 - - [09/Jan/2025:02:37:03 -0500] "GET /wp HTTP/1.1" 404 18012 "www.google.com" "Mozilla/5.0 (Linux; Android 7.0; SM-G892A Build/NRD90M; wv) AppleWebKit/537.36 (KHTML, like Gecko) Version/4.0 Chrome/60.0.3112.107 Mobile Safari/537.36"
13.36.172.63 - - [09/Jan/2025:02:37:10 -0500] "GET /temp HTTP/1.1" 404 18012 "www.google.com" "Mozilla/5.0 (Linux; Android 7.0; SM-G892A Build/NRD90M; wv) AppleWebKit/537.36 (KHTML, like Gecko) Version/4.0 Chrome/60.0.3112.107 Mobile Safari/537.36"
13.36.172.63 - - [09/Jan/2025:02:37:21 -0500] "GET /blog HTTP/1.1" 301 0 "www.google.com" "Mozilla/5.0 (Linux; Android 7.0; SM-G892A Build/NRD90M; wv) AppleWebKit/537.36 (KHTML, like Gecko) Version/4.0 Chrome/60.0.3112.107 Mobile Safari/537.36"
66.29.132.124 - - [09/Jan/2025:02:37:28 -0500] "POST /wp-cron.php?doing_wp_cron=1736408248.5741479396820068359375 HTTP/1.1" 200 0 "-" "WordPress/6.7.1; https://misswavenigeria.com"
13.36.172.63 - - [09/Jan/2025:02:37:25 -0500] "GET /blog/ HTTP/1.1" 200 18261 "www.google.com" "Mozilla/5.0 (Linux; Android 7.0; SM-G892A Build/NRD90M; wv) AppleWebKit/537.36 (KHTML, like Gecko) Version/4.0 Chrome/60.0.3112.107 Mobile Safari/537.36"
165.231.182.25 - - [09/Jan/2025:02:36:24 -0500] "POST /register/ HTTP/1.0" 200 0 "https://misswavenigeria.com/register/" "Mozilla/5.0 (Windows NT 10.0; Win64; x64) AppleWebKit/537.36 (KHTML, like Gecko) Chrome/103.0.5060.134 Safari/537.36"
165.231.182.25 - - [09/Jan/2025:02:38:54 -0500] "GET /register/ HTTP/1.0" 200 75934 "https://misswavenigeria.com/" "Mozilla/5.0 (Windows NT 10.0; Win64; x64) AppleWebKit/537.36 (KHTML, like Gecko) Chrome/103.0.5060.134 Safari/537.36"
165.231.182.25 - - [09/Jan/2025:02:39:18 -0500] "GET / HTTP/1.0" 200 109067 "https://misswavenigeria.com/" "Mozilla/5.0 (Windows NT 6.1) AppleWebKit/537.36 (KHTML, like Gecko) Chrome/103.0.0.0 Safari/537.36"
165.231.182.25 - - [09/Jan/2025:02:39:20 -0500] "GET /register/ HTTP/1.0" 200 75934 "https://misswavenigeria.com/register/" "Mozilla/5.0 (Windows NT 6.1) AppleWebKit/537.36 (KHTML, like Gecko) Chrome/103.0.0.0 Safari/537.36"
66.29.132.124 - - [09/Jan/2025:02:39:23 -0500] "POST /wp-cron.php?doing_wp_cron=1736408363.3824999332427978515625 HTTP/1.1" 200 0 "-" "WordPress/6.7.1; https://misswavenigeria.com"
66.29.132.124 - - [09/Jan/2025:02:39:24 -0500] "POST /wp-admin/admin-ajax.php?action=async_litespeed&nonce=xIUsFNfu5WYVLLNZ6hM681UIt9aGG6ga&litespeed_type=imgoptm HTTP/1.1" 200 0 "-" "WordPress/6.7.1; https://misswavenigeria.com"
66.249.68.69 - - [09/Jan/2025:02:41:22 -0500] "GET /goods/533776 HTTP/1.1" 200 68742 "-" "Mozilla/5.0 (Linux; Android 6.0.1; Nexus 5X Build/MMB29P) AppleWebKit/537.36 (KHTML, like Gecko) Chrome/131.0.6778.204 Mobile Safari/537.36 (compatible; Googlebot/2.1; +http://www.google.com/bot.html)"
165.231.182.25 - - [09/Jan/2025:02:39:22 -0500] "POST /register/ HTTP/1.0" 200 0 "https://misswavenigeria.com/register/" "Mozilla/5.0 (Windows NT 6.1) AppleWebKit/537.36 (KHTML, like Gecko) Chrome/103.0.0.0 Safari/537.36"
165.231.182.25 - - [09/Jan/2025:02:41:52 -0500] "GET /register/ HTTP/1.0" 200 75934 "https://misswavenigeria.com/" "Mozilla/5.0 (Windows NT 6.1) AppleWebKit/537.36 (KHTML, like Gecko) Chrome/103.0.0.0 Safari/537.36"
165.231.182.25 - - [09/Jan/2025:02:42:18 -0500] "GET / HTTP/1.0" 200 109067 "https://misswavenigeria.com/" "Mozilla/5.0 (Windows NT 10.0; Win64; x64) AppleWebKit/537.36 (KHTML, like Gecko) Chrome/103.0.0.0 Safari/537.36 OpenWave/97.4.2043.44"
165.231.182.25 - - [09/Jan/2025:02:42:20 -0500] "GET /register/ HTTP/1.0" 200 75934 "https://misswavenigeria.com/register/" "Mozilla/5.0 (Windows NT 10.0; Win64; x64) AppleWebKit/537.36 (KHTML, like Gecko) Chrome/103.0.0.0 Safari/537.36 OpenWave/97.4.2043.44"
66.29.132.124 - - [09/Jan/2025:02:42:23 -0500] "POST /wp-cron.php?doing_wp_cron=1736408542.9323730468750000000000 HTTP/1.1" 200 0 "-" "WordPress/6.7.1; https://misswavenigeria.com"
66.29.132.124 - - [09/Jan/2025:02:42:23 -0500] "POST /wp-admin/admin-ajax.php?action=async_litespeed&nonce=4vgMTXN3FuPh2ktIxpD4MonFZQ24Jrle&litespeed_type=imgoptm HTTP/1.1" 200 21 "-" "WordPress/6.7.1; https://misswavenigeria.com"
165.231.182.25 - - [09/Jan/2025:02:42:22 -0500] "POST /register/ HTTP/1.0" 200 0 "https://misswavenigeria.com/register/" "Mozilla/5.0 (Windows NT 10.0; Win64; x64) AppleWebKit/537.36 (KHTML, like Gecko) Chrome/103.0.0.0 Safari/537.36 OpenWave/97.4.2043.44"
165.231.182.25 - - [09/Jan/2025:02:44:53 -0500] "GET /register/ HTTP/1.0" 200 75934 "https://misswavenigeria.com/" "Mozilla/5.0 (Windows NT 10.0; Win64; x64) AppleWebKit/537.36 (KHTML, like Gecko) Chrome/103.0.0.0 Safari/537.36 OpenWave/97.4.2043.44"
165.231.182.25 - - [09/Jan/2025:02:45:23 -0500] "GET / HTTP/1.0" 200 109067 "https://misswavenigeria.com/" "Mozilla/5.0 (Windows NT 6.1; WOW64) AppleWebKit/537.36 (KHTML, like Gecko) Chrome/103.0.0.0 Safari/537.36"
165.231.182.25 - - [09/Jan/2025:02:45:25 -0500] "GET /register/ HTTP/1.0" 200 75934 "https://misswavenigeria.com/register/" "Mozilla/5.0 (Windows NT 6.1; WOW64) AppleWebKit/537.36 (KHTML, like Gecko) Chrome/103.0.0.0 Safari/537.36"
66.29.132.124 - - [09/Jan/2025:02:45:27 -0500] "POST /wp-cron.php?doing_wp_cron=1736408727.0914709568023681640625 HTTP/1.1" 200 0 "-" "WordPress/6.7.1; https://misswavenigeria.com"
66.29.132.124 - - [09/Jan/2025:02:45:27 -0500] "POST /wp-admin/admin-ajax.php?action=async_litespeed&nonce=X3YjQSsdqS6zEFBIVOOWAmndAaRtnUrg&litespeed_type=imgoptm HTTP/1.1" 200 21 "-" "WordPress/6.7.1; https://misswavenigeria.com"
165.231.182.25 - - [09/Jan/2025:02:45:26 -0500] "POST /register/ HTTP/1.0" 200 0 "https://misswavenigeria.com/register/" "Mozilla/5.0 (Windows NT 6.1; WOW64) AppleWebKit/537.36 (KHTML, like Gecko) Chrome/103.0.0.0 Safari/537.36"
165.231.182.25 - - [09/Jan/2025:02:47:57 -0500] "GET /register/ HTTP/1.0" 200 75934 "https://misswavenigeria.com/" "Mozilla/5.0 (Windows NT 6.1; WOW64) AppleWebKit/537.36 (KHTML, like Gecko) Chrome/103.0.0.0 Safari/537.36"
165.231.182.25 - - [09/Jan/2025:02:48:24 -0500] "GET / HTTP/1.0" 200 109067 "https://misswavenigeria.com/" "Mozilla/5.0 (Windows NT 10.0; Win64; x64) AppleWebKit/537.36 (KHTML, like Gecko) Chrome/103.0.0.0 Safari/537.36"
165.231.182.25 - - [09/Jan/2025:02:48:26 -0500] "GET /register/ HTTP/1.0" 200 75934 "https://misswavenigeria.com/register/" "Mozilla/5.0 (Windows NT 10.0; Win64; x64) AppleWebKit/537.36 (KHTML, like Gecko) Chrome/103.0.0.0 Safari/537.36"
66.29.132.124 - - [09/Jan/2025:02:48:29 -0500] "POST /wp-cron.php?doing_wp_cron=1736408909.1126210689544677734375 HTTP/1.1" 200 0 "-" "WordPress/6.7.1; https://misswavenigeria.com"
66.29.132.124 - - [09/Jan/2025:02:48:30 -0500] "POST /wp-admin/admin-ajax.php?action=async_litespeed&nonce=vON0DM5Bt2UZfrjXJTrcRAzg4AjJ8iHB&litespeed_type=imgoptm HTTP/1.1" 200 0 "-" "WordPress/6.7.1; https://misswavenigeria.com"
165.231.182.25 - - [09/Jan/2025:02:48:27 -0500] "POST /register/ HTTP/1.0" 200 0 "https://misswavenigeria.com/register/" "Mozilla/5.0 (Windows NT 10.0; Win64; x64) AppleWebKit/537.36 (KHTML, like Gecko) Chrome/103.0.0.0 Safari/537.36"
165.231.182.25 - - [09/Jan/2025:02:50:58 -0500] "GET /register/ HTTP/1.0" 200 75934 "https://misswavenigeria.com/" "Mozilla/5.0 (Windows NT 10.0; Win64; x64) AppleWebKit/537.36 (KHTML, like Gecko) Chrome/103.0.0.0 Safari/537.36"
165.231.182.25 - - [09/Jan/2025:02:51:32 -0500] "GET / HTTP/1.0" 200 109067 "https://misswavenigeria.com/" "Mozilla/5.0 (Windows NT 6.1; Win64; x64) AppleWebKit/537.36 (KHTML, like Gecko) Chrome/103.0.5060.66 Safari/537.36"
165.231.182.25 - - [09/Jan/2025:02:51:34 -0500] "GET /register/ HTTP/1.0" 200 75934 "https://misswavenigeria.com/register/" "Mozilla/5.0 (Windows NT 6.1; Win64; x64) AppleWebKit/537.36 (KHTML, like Gecko) Chrome/103.0.5060.66 Safari/537.36"
66.29.132.124 - - [09/Jan/2025:02:51:43 -0500] "POST /wp-cron.php?doing_wp_cron=1736409103.0729720592498779296875 HTTP/1.1" 200 0 "-" "WordPress/6.7.1; https://misswavenigeria.com"
66.29.132.124 - - [09/Jan/2025:02:51:47 -0500] "POST /wp-admin/admin-ajax.php?action=async_litespeed&nonce=bgFIrDOYEOPD7vFkNOmuaNARWNbMppvH&litespeed_type=imgoptm HTTP/1.1" 200 0 "-" "WordPress/6.7.1; https://misswavenigeria.com"
52.167.144.213 - - [09/Jan/2025:02:52:46 -0500] "GET /wp-sitemap-posts-ombrepartners-1.xml HTTP/1.1" 200 14658 "-" "Mozilla/5.0 AppleWebKit/537.36 (KHTML, like Gecko; compatible; bingbot/2.0; +http://www.bing.com/bingbot.htm) Chrome/116.0.1938.76 Safari/537.36"
52.167.144.213 - - [09/Jan/2025:02:52:48 -0500] "GET /wp-sitemap-posts-ombrepartners-1.xml HTTP/1.1" 200 14702 "-" "Mozilla/5.0 AppleWebKit/537.36 (KHTML, like Gecko; compatible; bingbot/2.0; +http://www.bing.com/bingbot.htm) Chrome/116.0.1938.76 Safari/537.36"
165.231.182.25 - - [09/Jan/2025:02:51:36 -0500] "POST /register/ HTTP/1.0" 200 0 "https://misswavenigeria.com/register/" "Mozilla/5.0 (Windows NT 6.1; Win64; x64) AppleWebKit/537.36 (KHTML, like Gecko) Chrome/103.0.5060.66 Safari/537.36"
165.231.182.25 - - [09/Jan/2025:02:54:06 -0500] "GET /register/ HTTP/1.0" 200 75934 "https://misswavenigeria.com/" "Mozilla/5.0 (Windows NT 6.1; Win64; x64) AppleWebKit/537.36 (KHTML, like Gecko) Chrome/103.0.5060.66 Safari/537.36"
165.231.182.25 - - [09/Jan/2025:02:54:32 -0500] "GET / HTTP/1.0" 200 109067 "https://misswavenigeria.com/" "Mozilla/5.0 (Windows NT 6.3; Win64; x64) AppleWebKit/537.36 (KHTML, like Gecko) Chrome/103.0.5060.66 Safari/537.36"
165.231.182.25 - - [09/Jan/2025:02:54:34 -0500] "GET /register/ HTTP/1.0" 200 75934 "https://misswavenigeria.com/register/" "Mozilla/5.0 (Windows NT 6.3; Win64; x64) AppleWebKit/537.36 (KHTML, like Gecko) Chrome/103.0.5060.66 Safari/537.36"
66.29.132.124 - - [09/Jan/2025:02:54:40 -0500] "POST /wp-cron.php?doing_wp_cron=1736409280.5726389884948730468750 HTTP/1.1" 200 0 "-" "WordPress/6.7.1; https://misswavenigeria.com"
66.29.132.124 - - [09/Jan/2025:02:54:45 -0500] "POST /wp-admin/admin-ajax.php?action=async_litespeed&nonce=zavRrH2l4hoiqzgrQSoaLAF5knebQyiS&litespeed_type=imgoptm HTTP/1.1" 200 0 "-" "WordPress/6.7.1; https://misswavenigeria.com"
165.231.182.25 - - [09/Jan/2025:02:54:36 -0500] "POST /register/ HTTP/1.0" 200 0 "https://misswavenigeria.com/register/" "Mozilla/5.0 (Windows NT 6.3; Win64; x64) AppleWebKit/537.36 (KHTML, like Gecko) Chrome/103.0.5060.66 Safari/537.36"
165.231.182.25 - - [09/Jan/2025:02:57:07 -0500] "GET /register/ HTTP/1.0" 200 75934 "https://misswavenigeria.com/" "Mozilla/5.0 (Windows NT 6.3; Win64; x64) AppleWebKit/537.36 (KHTML, like Gecko) Chrome/103.0.5060.66 Safari/537.36"
165.231.182.25 - - [09/Jan/2025:02:57:30 -0500] "GET / HTTP/1.0" 200 109067 "https://misswavenigeria.com/" "Mozilla/5.0 (Windows NT 6.2; Win64; x64) AppleWebKit/537.36 (KHTML, like Gecko) Chrome/103.0.0.0 Safari/537.36"
165.231.182.25 - - [09/Jan/2025:02:57:32 -0500] "GET /register/ HTTP/1.0" 200 75934 "https://misswavenigeria.com/register/" "Mozilla/5.0 (Windows NT 6.2; Win64; x64) AppleWebKit/537.36 (KHTML, like Gecko) Chrome/103.0.0.0 Safari/537.36"
66.29.132.124 - - [09/Jan/2025:02:57:36 -0500] "POST /wp-cron.php?doing_wp_cron=1736409456.5717821121215820312500 HTTP/1.1" 200 0 "-" "WordPress/6.7.1; https://misswavenigeria.com"
66.29.132.124 - - [09/Jan/2025:02:57:41 -0500] "POST /wp-admin/admin-ajax.php?action=async_litespeed&nonce=Gb8u1HHMxSfyzwqE8h3pHoYQFVKQxlXc&litespeed_type=imgoptm HTTP/1.1" 200 0 "-" "WordPress/6.7.1; https://misswavenigeria.com"
165.231.182.25 - - [09/Jan/2025:02:57:33 -0500] "POST /register/ HTTP/1.0" 200 0 "https://misswavenigeria.com/register/" "Mozilla/5.0 (Windows NT 6.2; Win64; x64) AppleWebKit/537.36 (KHTML, like Gecko) Chrome/103.0.0.0 Safari/537.36"
165.231.182.25 - - [09/Jan/2025:03:00:06 -0500] "GET /register/ HTTP/1.0" 200 75934 "https://misswavenigeria.com/" "Mozilla/5.0 (Windows NT 6.2; Win64; x64) AppleWebKit/537.36 (KHTML, like Gecko) Chrome/103.0.0.0 Safari/537.36"
165.231.182.25 - - [09/Jan/2025:03:00:33 -0500] "GET / HTTP/1.0" 200 109067 "https://misswavenigeria.com/" "Mozilla/5.0 (Windows NT 6.2; Win64; x64) AppleWebKit/537.36 (KHTML, like Gecko) Chrome/103.0.0.0 Safari/537.36"
165.231.182.25 - - [09/Jan/2025:03:00:35 -0500] "GET /register/ HTTP/1.0" 200 75934 "https://misswavenigeria.com/register/" "Mozilla/5.0 (Windows NT 6.2; Win64; x64) AppleWebKit/537.36 (KHTML, like Gecko) Chrome/103.0.0.0 Safari/537.36"
66.29.132.124 - - [09/Jan/2025:03:00:41 -0500] "POST /wp-cron.php?doing_wp_cron=1736409640.7800559997558593750000 HTTP/1.1" 200 0 "-" "WordPress/6.7.1; https://misswavenigeria.com"
66.29.132.124 - - [09/Jan/2025:03:00:45 -0500] "POST /wp-admin/admin-ajax.php?action=async_litespeed&nonce=xblaiTaE4vriv4pFyHy990k8riNmzlgQ&litespeed_type=imgoptm HTTP/1.1" 200 0 "-" "WordPress/6.7.1; https://misswavenigeria.com"
165.231.182.25 - - [09/Jan/2025:03:00:37 -0500] "POST /register/ HTTP/1.0" 200 0 "https://misswavenigeria.com/register/" "Mozilla/5.0 (Windows NT 6.2; Win64; x64) AppleWebKit/537.36 (KHTML, like Gecko) Chrome/103.0.0.0 Safari/537.36"
165.231.182.25 - - [09/Jan/2025:03:03:07 -0500] "GET /register/ HTTP/1.0" 200 75934 "https://misswavenigeria.com/" "Mozilla/5.0 (Windows NT 6.2; Win64; x64) AppleWebKit/537.36 (KHTML, like Gecko) Chrome/103.0.0.0 Safari/537.36"
165.231.182.25 - - [09/Jan/2025:03:03:37 -0500] "GET / HTTP/1.0" 200 109067 "https://misswavenigeria.com/" "Mozilla/5.0 (Windows NT 6.3; WOW64) AppleWebKit/537.36 (KHTML, like Gecko) Chrome/103.0.5060.114 Safari/537.36"
165.231.182.25 - - [09/Jan/2025:03:03:38 -0500] "GET /register/ HTTP/1.0" 200 75934 "https://misswavenigeria.com/register/" "Mozilla/5.0 (Windows NT 6.3; WOW64) AppleWebKit/537.36 (KHTML, like Gecko) Chrome/103.0.5060.114 Safari/537.36"
66.29.132.124 - - [09/Jan/2025:03:04:00 -0500] "POST /wp-cron.php?doing_wp_cron=1736409840.0737929344177246093750 HTTP/1.1" 200 0 "-" "WordPress/6.7.1; https://misswavenigeria.com"
66.29.132.124 - - [09/Jan/2025:03:04:06 -0500] "POST /wp-admin/admin-ajax.php?action=async_litespeed&nonce=qNGNCqLnAxuRqm4JchOEBeG0DyMcgA85&litespeed_type=imgoptm HTTP/1.1" 200 0 "-" "WordPress/6.7.1; https://misswavenigeria.com"
165.231.182.25 - - [09/Jan/2025:03:03:40 -0500] "POST /register/ HTTP/1.0" 200 0 "https://misswavenigeria.com/register/" "Mozilla/5.0 (Windows NT 6.3; WOW64) AppleWebKit/537.36 (KHTML, like Gecko) Chrome/103.0.5060.114 Safari/537.36"
165.231.182.25 - - [09/Jan/2025:03:06:11 -0500] "GET /register/ HTTP/1.0" 200 75934 "https://misswavenigeria.com/" "Mozilla/5.0 (Windows NT 6.3; WOW64) AppleWebKit/537.36 (KHTML, like Gecko) Chrome/103.0.5060.114 Safari/537.36"
165.231.182.25 - - [09/Jan/2025:03:06:41 -0500] "GET / HTTP/1.0" 200 109067 "https://misswavenigeria.com/" "Mozilla/5.0 (Windows NT 10.0; WOW64) AppleWebKit/537.36 (KHTML, like Gecko) Chrome/103.0.0.0 Safari/537.36"
165.231.182.25 - - [09/Jan/2025:03:06:43 -0500] "GET /register/ HTTP/1.0" 200 75934 "https://misswavenigeria.com/register/" "Mozilla/5.0 (Windows NT 10.0; WOW64) AppleWebKit/537.36 (KHTML, like Gecko) Chrome/103.0.0.0 Safari/537.36"
66.29.132.124 - - [09/Jan/2025:03:06:49 -0500] "POST /wp-cron.php?doing_wp_cron=1736410009.4815890789031982421875 HTTP/1.1" 200 0 "-" "WordPress/6.7.1; https://misswavenigeria.com"
66.29.132.124 - - [09/Jan/2025:03:06:57 -0500] "POST /wp-admin/admin-ajax.php?action=async_litespeed&nonce=AZ73jd3AQzb9RBA43r6hvQxhflYrSqbI&litespeed_type=imgoptm HTTP/1.1" 200 0 "-" "WordPress/6.7.1; https://misswavenigeria.com"
165.231.182.25 - - [09/Jan/2025:03:06:45 -0500] "POST /register/ HTTP/1.0" 200 0 "https://misswavenigeria.com/register/" "Mozilla/5.0 (Windows NT 10.0; WOW64) AppleWebKit/537.36 (KHTML, like Gecko) Chrome/103.0.0.0 Safari/537.36"
165.231.182.25 - - [09/Jan/2025:03:09:15 -0500] "GET /register/ HTTP/1.0" 200 75934 "https://misswavenigeria.com/" "Mozilla/5.0 (Windows NT 10.0; WOW64) AppleWebKit/537.36 (KHTML, like Gecko) Chrome/103.0.0.0 Safari/537.36"
165.231.182.25 - - [09/Jan/2025:03:09:44 -0500] "GET / HTTP/1.0" 200 109067 "https://misswavenigeria.com/" "Mozilla/5.0 (Windows NT 10.0; Win64; x64) AppleWebKit/537.36 (KHTML, like Gecko) Chrome/103.0.5060.134 Safari/537.36"
165.231.182.25 - - [09/Jan/2025:03:09:46 -0500] "GET /register/ HTTP/1.0" 200 75934 "https://misswavenigeria.com/register/" "Mozilla/5.0 (Windows NT 10.0; Win64; x64) AppleWebKit/537.36 (KHTML, like Gecko) Chrome/103.0.5060.134 Safari/537.36"
66.29.132.124 - - [09/Jan/2025:03:09:52 -0500] "POST /wp-cron.php?doing_wp_cron=1736410192.1816411018371582031250 HTTP/1.1" 200 0 "-" "WordPress/6.7.1; https://misswavenigeria.com"
66.29.132.124 - - [09/Jan/2025:03:09:57 -0500] "POST /wp-admin/admin-ajax.php?action=async_litespeed&nonce=zHxT5k2AfKWby9MtE6JZj6TjCfsqkaRq&litespeed_type=imgoptm HTTP/1.1" 200 0 "-" "WordPress/6.7.1; https://misswavenigeria.com"
165.231.182.25 - - [09/Jan/2025:03:09:48 -0500] "POST /register/ HTTP/1.0" 200 0 "https://misswavenigeria.com/register/" "Mozilla/5.0 (Windows NT 10.0; Win64; x64) AppleWebKit/537.36 (KHTML, like Gecko) Chrome/103.0.5060.134 Safari/537.36"
165.231.182.25 - - [09/Jan/2025:03:12:19 -0500] "GET /register/ HTTP/1.0" 200 75934 "https://misswavenigeria.com/" "Mozilla/5.0 (Windows NT 10.0; Win64; x64) AppleWebKit/537.36 (KHTML, like Gecko) Chrome/103.0.5060.134 Safari/537.36"
165.231.182.25 - - [09/Jan/2025:03:12:50 -0500] "GET / HTTP/1.0" 200 109067 "https://misswavenigeria.com/" "Mozilla/5.0 (Windows NT 6.1; WOW64) AppleWebKit/537.36 (KHTML, like Gecko) Chrome/103.0.0.0 Safari/537.36"
165.231.182.25 - - [09/Jan/2025:03:12:52 -0500] "GET /register/ HTTP/1.0" 200 75934 "https://misswavenigeria.com/register/" "Mozilla/5.0 (Windows NT 6.1; WOW64) AppleWebKit/537.36 (KHTML, like Gecko) Chrome/103.0.0.0 Safari/537.36"
66.29.132.124 - - [09/Jan/2025:03:12:57 -0500] "POST /wp-cron.php?doing_wp_cron=1736410377.0827589035034179687500 HTTP/1.1" 200 0 "-" "WordPress/6.7.1; https://misswavenigeria.com"
66.29.132.124 - - [09/Jan/2025:03:13:02 -0500] "POST /wp-admin/admin-ajax.php?action=async_litespeed&nonce=DtIJeKiAUC69oPpn92GpQkuBf1Bj598F&litespeed_type=imgoptm HTTP/1.1" 200 0 "-" "WordPress/6.7.1; https://misswavenigeria.com"
66.249.68.67 - - [09/Jan/2025:03:13:56 -0500] "GET /goods/227512.html HTTP/1.1" 200 68439 "-" "Mozilla/5.0 (Linux; Android 6.0.1; Nexus 5X Build/MMB29P) AppleWebKit/537.36 (KHTML, like Gecko) Chrome/131.0.6778.204 Mobile Safari/537.36 (compatible; Googlebot/2.1; +http://www.google.com/bot.html)"
165.231.182.25 - - [09/Jan/2025:03:12:54 -0500] "POST /register/ HTTP/1.0" 200 0 "https://misswavenigeria.com/register/" "Mozilla/5.0 (Windows NT 6.1; WOW64) AppleWebKit/537.36 (KHTML, like Gecko) Chrome/103.0.0.0 Safari/537.36"
165.231.182.25 - - [09/Jan/2025:03:15:24 -0500] "GET /register/ HTTP/1.0" 200 75934 "https://misswavenigeria.com/" "Mozilla/5.0 (Windows NT 6.1; WOW64) AppleWebKit/537.36 (KHTML, like Gecko) Chrome/103.0.0.0 Safari/537.36"
165.231.182.25 - - [09/Jan/2025:03:15:56 -0500] "GET / HTTP/1.0" 200 109067 "https://misswavenigeria.com/" "Mozilla/5.0 (Windows NT 10.0; Win64; x64) AppleWebKit/537.36 (KHTML, like Gecko) Chrome/103.0.5060.66 Safari/537.36"
165.231.182.25 - - [09/Jan/2025:03:15:58 -0500] "GET /register/ HTTP/1.0" 200 75934 "https://misswavenigeria.com/register/" "Mozilla/5.0 (Windows NT 10.0; Win64; x64) AppleWebKit/537.36 (KHTML, like Gecko) Chrome/103.0.5060.66 Safari/537.36"
66.29.132.124 - - [09/Jan/2025:03:16:03 -0500] "POST /wp-cron.php?doing_wp_cron=1736410562.9792981147766113281250 HTTP/1.1" 200 0 "-" "WordPress/6.7.1; https://misswavenigeria.com"
66.29.132.124 - - [09/Jan/2025:03:16:07 -0500] "POST /wp-admin/admin-ajax.php?action=async_litespeed&nonce=AbdfoMB50jvusipUZSg3PldDWRl4ZUVf&litespeed_type=imgoptm HTTP/1.1" 200 0 "-" "WordPress/6.7.1; https://misswavenigeria.com"
66.249.79.2 - - [09/Jan/2025:03:17:27 -0500] "GET /goods/C29980?k=product HTTP/1.1" 200 69646 "-" "Mozilla/5.0 (Linux; Android 6.0.1; Nexus 5X Build/MMB29P) AppleWebKit/537.36 (KHTML, like Gecko) Chrome/131.0.6778.204 Mobile Safari/537.36 (compatible; Googlebot/2.1; +http://www.google.com/bot.html)"
165.231.182.25 - - [09/Jan/2025:03:16:00 -0500] "POST /register/ HTTP/1.0" 200 0 "https://misswavenigeria.com/register/" "Mozilla/5.0 (Windows NT 10.0; Win64; x64) AppleWebKit/537.36 (KHTML, like Gecko) Chrome/103.0.5060.66 Safari/537.36"
165.231.182.25 - - [09/Jan/2025:03:18:31 -0500] "GET /register/ HTTP/1.0" 200 75934 "https://misswavenigeria.com/" "Mozilla/5.0 (Windows NT 10.0; Win64; x64) AppleWebKit/537.36 (KHTML, like Gecko) Chrome/103.0.5060.66 Safari/537.36"
165.231.182.25 - - [09/Jan/2025:03:18:54 -0500] "GET / HTTP/1.0" 200 109067 "https://misswavenigeria.com/" "Mozilla/5.0 (Windows NT 10.0; Win64; x64) AppleWebKit/537.36 (KHTML, like Gecko) Chrome/103.0.5060.53 Safari/537.36"
165.231.182.25 - - [09/Jan/2025:03:18:56 -0500] "GET /register/ HTTP/1.0" 200 75934 "https://misswavenigeria.com/register/" "Mozilla/5.0 (Windows NT 10.0; Win64; x64) AppleWebKit/537.36 (KHTML, like Gecko) Chrome/103.0.5060.53 Safari/537.36"
66.29.132.124 - - [09/Jan/2025:03:19:03 -0500] "POST /wp-cron.php?doing_wp_cron=1736410742.4792320728302001953125 HTTP/1.1" 200 0 "-" "WordPress/6.7.1; https://misswavenigeria.com"
66.29.132.124 - - [09/Jan/2025:03:19:09 -0500] "POST /wp-admin/admin-ajax.php?action=async_litespeed&nonce=q2wXroM8KKF6AW4i1qAFlEsDtYIKA3VZ&litespeed_type=imgoptm HTTP/1.1" 200 0 "-" "WordPress/6.7.1; https://misswavenigeria.com"
165.231.182.25 - - [09/Jan/2025:03:18:58 -0500] "POST /register/ HTTP/1.0" 200 0 "https://misswavenigeria.com/register/" "Mozilla/5.0 (Windows NT 10.0; Win64; x64) AppleWebKit/537.36 (KHTML, like Gecko) Chrome/103.0.5060.53 Safari/537.36"
165.231.182.25 - - [09/Jan/2025:03:21:28 -0500] "GET /register/ HTTP/1.0" 200 75934 "https://misswavenigeria.com/" "Mozilla/5.0 (Windows NT 10.0; Win64; x64) AppleWebKit/537.36 (KHTML, like Gecko) Chrome/103.0.5060.53 Safari/537.36"
165.231.182.25 - - [09/Jan/2025:03:21:54 -0500] "GET / HTTP/1.0" 200 109067 "https://misswavenigeria.com/" "Mozilla/5.0 (Windows NT 10.0; Win64; x64) AppleWebKit/537.36 (KHTML, like Gecko) Chrome/103.0.0.0 Safari/537.36 OpenWave/97.4.2043.44"
165.231.182.25 - - [09/Jan/2025:03:21:56 -0500] "GET /register/ HTTP/1.0" 200 75934 "https://misswavenigeria.com/register/" "Mozilla/5.0 (Windows NT 10.0; Win64; x64) AppleWebKit/537.36 (KHTML, like Gecko) Chrome/103.0.0.0 Safari/537.36 OpenWave/97.4.2043.44"
66.29.132.124 - - [09/Jan/2025:03:22:04 -0500] "POST /wp-cron.php?doing_wp_cron=1736410923.8776059150695800781250 HTTP/1.1" 200 0 "-" "WordPress/6.7.1; https://misswavenigeria.com"
66.29.132.124 - - [09/Jan/2025:03:22:10 -0500] "POST /wp-admin/admin-ajax.php?action=async_litespeed&nonce=yu8CuopYIEuRuC4VaC45yhKZRRmRaoOq&litespeed_type=imgoptm HTTP/1.1" 200 0 "-" "WordPress/6.7.1; https://misswavenigeria.com"
165.231.182.25 - - [09/Jan/2025:03:21:58 -0500] "POST /register/ HTTP/1.0" 200 0 "https://misswavenigeria.com/register/" "Mozilla/5.0 (Windows NT 10.0; Win64; x64) AppleWebKit/537.36 (KHTML, like Gecko) Chrome/103.0.0.0 Safari/537.36 OpenWave/97.4.2043.44"
165.231.182.25 - - [09/Jan/2025:03:24:28 -0500] "GET /register/ HTTP/1.0" 200 75934 "https://misswavenigeria.com/" "Mozilla/5.0 (Windows NT 10.0; Win64; x64) AppleWebKit/537.36 (KHTML, like Gecko) Chrome/103.0.0.0 Safari/537.36 OpenWave/97.4.2043.44"
165.231.182.25 - - [09/Jan/2025:03:24:54 -0500] "GET / HTTP/1.0" 200 109067 "https://misswavenigeria.com/" "Mozilla/5.0 (Windows NT 10.0; Win64; x64) AppleWebKit/537.36 (KHTML, like Gecko) Chrome/103.0.5060.66 Safari/537.36"
165.231.182.25 - - [09/Jan/2025:03:24:57 -0500] "GET /register/ HTTP/1.0" 200 75934 "https://misswavenigeria.com/register/" "Mozilla/5.0 (Windows NT 10.0; Win64; x64) AppleWebKit/537.36 (KHTML, like Gecko) Chrome/103.0.5060.66 Safari/537.36"
66.29.132.124 - - [09/Jan/2025:03:25:11 -0500] "POST /wp-cron.php?doing_wp_cron=1736411109.3792390823364257812500 HTTP/1.1" 200 0 "-" "WordPress/6.7.1; https://misswavenigeria.com"
165.231.182.25 - - [09/Jan/2025:03:24:59 -0500] "POST /register/ HTTP/1.0" 200 0 "https://misswavenigeria.com/register/" "Mozilla/5.0 (Windows NT 10.0; Win64; x64) AppleWebKit/537.36 (KHTML, like Gecko) Chrome/103.0.5060.66 Safari/537.36"
165.231.182.25 - - [09/Jan/2025:03:27:30 -0500] "GET /register/ HTTP/1.0" 200 75934 "https://misswavenigeria.com/" "Mozilla/5.0 (Windows NT 10.0; Win64; x64) AppleWebKit/537.36 (KHTML, like Gecko) Chrome/103.0.5060.66 Safari/537.36"
165.231.182.25 - - [09/Jan/2025:03:27:53 -0500] "GET / HTTP/1.0" 200 109067 "https://misswavenigeria.com/" "Mozilla/5.0 (Windows NT 6.1; Win64; x64) AppleWebKit/537.36 (KHTML, like Gecko) Chrome/103.0.0.0 Safari/537.36"
165.231.182.25 - - [09/Jan/2025:03:27:55 -0500] "GET /register/ HTTP/1.0" 200 75934 "https://misswavenigeria.com/register/" "Mozilla/5.0 (Windows NT 6.1; Win64; x64) AppleWebKit/537.36 (KHTML, like Gecko) Chrome/103.0.0.0 Safari/537.36"
66.29.132.124 - - [09/Jan/2025:03:28:03 -0500] "POST /wp-cron.php?doing_wp_cron=1736411283.3714730739593505859375 HTTP/1.1" 200 0 "-" "WordPress/6.7.1; https://misswavenigeria.com"
66.29.132.124 - - [09/Jan/2025:03:28:10 -0500] "POST /wp-admin/admin-ajax.php?action=async_litespeed&nonce=gK4jX593P1mcQyl3myGFyfhSUMCSzJP2&litespeed_type=imgoptm HTTP/1.1" 200 0 "-" "WordPress/6.7.1; https://misswavenigeria.com"
165.231.182.25 - - [09/Jan/2025:03:27:57 -0500] "POST /register/ HTTP/1.0" 200 0 "https://misswavenigeria.com/register/" "Mozilla/5.0 (Windows NT 6.1; Win64; x64) AppleWebKit/537.36 (KHTML, like Gecko) Chrome/103.0.0.0 Safari/537.36"
165.231.182.25 - - [09/Jan/2025:03:30:29 -0500] "GET /register/ HTTP/1.0" 200 75934 "https://misswavenigeria.com/" "Mozilla/5.0 (Windows NT 6.1; Win64; x64) AppleWebKit/537.36 (KHTML, like Gecko) Chrome/103.0.0.0 Safari/537.36"
165.231.182.25 - - [09/Jan/2025:03:30:54 -0500] "GET / HTTP/1.0" 200 109067 "https://misswavenigeria.com/" "Mozilla/5.0 (Windows NT 6.3; Win64; x64) AppleWebKit/537.36 (KHTML, like Gecko) Chrome/103.0.5060.53 Safari/537.36"
165.231.182.25 - - [09/Jan/2025:03:30:56 -0500] "GET /register/ HTTP/1.0" 200 75934 "https://misswavenigeria.com/register/" "Mozilla/5.0 (Windows NT 6.3; Win64; x64) AppleWebKit/537.36 (KHTML, like Gecko) Chrome/103.0.5060.53 Safari/537.36"
66.29.132.124 - - [09/Jan/2025:03:31:03 -0500] "POST /wp-cron.php?doing_wp_cron=1736411463.0133960247039794921875 HTTP/1.1" 200 0 "-" "WordPress/6.7.1; https://misswavenigeria.com"
66.29.132.124 - - [09/Jan/2025:03:31:09 -0500] "POST /wp-admin/admin-ajax.php?action=async_litespeed&nonce=MbeSnXnNkKXW4acqNJRRnEIIRaD13ABd&litespeed_type=imgoptm HTTP/1.1" 200 0 "-" "WordPress/6.7.1; https://misswavenigeria.com"
165.231.182.25 - - [09/Jan/2025:03:30:58 -0500] "POST /register/ HTTP/1.0" 200 0 "https://misswavenigeria.com/register/" "Mozilla/5.0 (Windows NT 6.3; Win64; x64) AppleWebKit/537.36 (KHTML, like Gecko) Chrome/103.0.5060.53 Safari/537.36"
165.231.182.25 - - [09/Jan/2025:03:33:28 -0500] "GET /register/ HTTP/1.0" 200 75934 "https://misswavenigeria.com/" "Mozilla/5.0 (Windows NT 6.3; Win64; x64) AppleWebKit/537.36 (KHTML, like Gecko) Chrome/103.0.5060.53 Safari/537.36"
165.231.182.25 - - [09/Jan/2025:03:33:56 -0500] "GET / HTTP/1.0" 200 109067 "https://misswavenigeria.com/" "Mozilla/5.0 (Windows NT 6.2; Win64; x64) AppleWebKit/537.36 (KHTML, like Gecko) Chrome/103.0.0.0 Safari/537.36"
165.231.182.25 - - [09/Jan/2025:03:33:58 -0500] "GET /register/ HTTP/1.0" 200 75934 "https://misswavenigeria.com/register/" "Mozilla/5.0 (Windows NT 6.2; Win64; x64) AppleWebKit/537.36 (KHTML, like Gecko) Chrome/103.0.0.0 Safari/537.36"
66.29.132.124 - - [09/Jan/2025:03:34:06 -0500] "POST /wp-cron.php?doing_wp_cron=1736411646.0780169963836669921875 HTTP/1.1" 200 0 "-" "WordPress/6.7.1; https://misswavenigeria.com"
66.29.132.124 - - [09/Jan/2025:03:34:12 -0500] "POST /wp-admin/admin-ajax.php?action=async_litespeed&nonce=u8QiIdWLSTbRy3P6M8m1h2wiK00ZTnzz&litespeed_type=imgoptm HTTP/1.1" 200 0 "-" "WordPress/6.7.1; https://misswavenigeria.com"
165.231.182.25 - - [09/Jan/2025:03:34:00 -0500] "POST /register/ HTTP/1.0" 200 0 "https://misswavenigeria.com/register/" "Mozilla/5.0 (Windows NT 6.2; Win64; x64) AppleWebKit/537.36 (KHTML, like Gecko) Chrome/103.0.0.0 Safari/537.36"
165.231.182.25 - - [09/Jan/2025:03:36:30 -0500] "GET /register/ HTTP/1.0" 200 75934 "https://misswavenigeria.com/" "Mozilla/5.0 (Windows NT 6.2; Win64; x64) AppleWebKit/537.36 (KHTML, like Gecko) Chrome/103.0.0.0 Safari/537.36"
165.231.182.25 - - [09/Jan/2025:03:36:56 -0500] "GET / HTTP/1.0" 200 109067 "https://misswavenigeria.com/" "Mozilla/5.0 (Windows NT 6.2; Win64; x64) AppleWebKit/537.36 (KHTML, like Gecko) Chrome/103.0.0.0 Safari/537.36"
165.231.182.25 - - [09/Jan/2025:03:36:58 -0500] "GET /register/ HTTP/1.0" 200 75934 "https://misswavenigeria.com/register/" "Mozilla/5.0 (Windows NT 6.2; Win64; x64) AppleWebKit/537.36 (KHTML, like Gecko) Chrome/103.0.0.0 Safari/537.36"
66.29.132.124 - - [09/Jan/2025:03:37:22 -0500] "POST /wp-cron.php?doing_wp_cron=1736411841.6727890968322753906250 HTTP/1.1" 200 0 "-" "WordPress/6.7.1; https://misswavenigeria.com"
66.29.132.124 - - [09/Jan/2025:03:37:28 -0500] "POST /wp-admin/admin-ajax.php?action=async_litespeed&nonce=mWmJ3soxeKClczj0b3kc207Wz8vM18NX&litespeed_type=imgoptm HTTP/1.1" 200 0 "-" "WordPress/6.7.1; https://misswavenigeria.com"
165.231.182.25 - - [09/Jan/2025:03:37:00 -0500] "POST /register/ HTTP/1.0" 503 1866 "https://misswavenigeria.com/register/" "Mozilla/5.0 (Windows NT 6.2; Win64; x64) AppleWebKit/537.36 (KHTML, like Gecko) Chrome/103.0.0.0 Safari/537.36"
165.231.182.25 - - [09/Jan/2025:03:38:02 -0500] "GET /register/ HTTP/1.0" 200 75934 "https://misswavenigeria.com/" "Mozilla/5.0 (Windows NT 6.2; Win64; x64) AppleWebKit/537.36 (KHTML, like Gecko) Chrome/103.0.0.0 Safari/537.36"
165.231.182.25 - - [09/Jan/2025:03:39:51 -0500] "GET / HTTP/1.0" 200 109067 "https://misswavenigeria.com/" "Mozilla/5.0 (Windows NT 6.3; Win64; x64) AppleWebKit/537.36 (KHTML, like Gecko) Chrome/103.0.5060.66 Safari/537.36"
165.231.182.25 - - [09/Jan/2025:03:39:53 -0500] "GET /register/ HTTP/1.0" 200 75934 "https://misswavenigeria.com/register/" "Mozilla/5.0 (Windows NT 6.3; Win64; x64) AppleWebKit/537.36 (KHTML, like Gecko) Chrome/103.0.5060.66 Safari/537.36"
165.231.182.25 - - [09/Jan/2025:03:39:55 -0500] "POST /register/ HTTP/1.0" 200 0 "https://misswavenigeria.com/register/" "Mozilla/5.0 (Windows NT 6.3; Win64; x64) AppleWebKit/537.36 (KHTML, like Gecko) Chrome/103.0.5060.66 Safari/537.36"
66.29.132.124 - - [09/Jan/2025:03:41:12 -0500] "POST /wp-cron.php?doing_wp_cron=1736412071.2182230949401855468750 HTTP/1.1" 200 0 "-" "WordPress/6.7.1; https://misswavenigeria.com"
165.231.182.25 - - [09/Jan/2025:03:42:25 -0500] "GET /register/ HTTP/1.0" 200 75934 "https://misswavenigeria.com/" "Mozilla/5.0 (Windows NT 6.3; Win64; x64) AppleWebKit/537.36 (KHTML, like Gecko) Chrome/103.0.5060.66 Safari/537.36"
165.231.182.25 - - [09/Jan/2025:03:42:50 -0500] "GET / HTTP/1.0" 200 109067 "https://misswavenigeria.com/" "Mozilla/5.0 (Windows NT 10.0; Win64; x64) AppleWebKit/537.36 (KHTML, like Gecko) Chrome/103.0.5060.134 Safari/537.36"
165.231.182.25 - - [09/Jan/2025:03:42:52 -0500] "GET /register/ HTTP/1.0" 200 75934 "https://misswavenigeria.com/register/" "Mozilla/5.0 (Windows NT 10.0; Win64; x64) AppleWebKit/537.36 (KHTML, like Gecko) Chrome/103.0.5060.134 Safari/537.36"
66.29.132.124 - - [09/Jan/2025:03:42:59 -0500] "POST /wp-cron.php?doing_wp_cron=1736412179.7762138843536376953125 HTTP/1.1" 200 0 "-" "WordPress/6.7.1; https://misswavenigeria.com"
66.29.132.124 - - [09/Jan/2025:03:43:09 -0500] "POST /wp-admin/admin-ajax.php?action=async_litespeed&nonce=MpLuUcnVZsM4ZOJGJtZqrwFngodXfUj8&litespeed_type=imgoptm HTTP/1.1" 200 0 "-" "WordPress/6.7.1; https://misswavenigeria.com"
165.231.182.25 - - [09/Jan/2025:03:42:54 -0500] "POST /register/ HTTP/1.0" 200 0 "https://misswavenigeria.com/register/" "Mozilla/5.0 (Windows NT 10.0; Win64; x64) AppleWebKit/537.36 (KHTML, like Gecko) Chrome/103.0.5060.134 Safari/537.36"
165.231.182.25 - - [09/Jan/2025:03:45:27 -0500] "GET /register/ HTTP/1.0" 200 75934 "https://misswavenigeria.com/" "Mozilla/5.0 (Windows NT 10.0; Win64; x64) AppleWebKit/537.36 (KHTML, like Gecko) Chrome/103.0.5060.134 Safari/537.36"
165.231.182.25 - - [09/Jan/2025:03:45:57 -0500] "GET / HTTP/1.0" 200 109067 "https://misswavenigeria.com/" "Mozilla/5.0 (Windows NT 6.1; Win64; x64) AppleWebKit/537.36 (KHTML, like Gecko) Chrome/103.0.5060.114 Safari/537.36"
165.231.182.25 - - [09/Jan/2025:03:46:00 -0500] "GET /register/ HTTP/1.0" 200 75934 "https://misswavenigeria.com/register/" "Mozilla/5.0 (Windows NT 6.1; Win64; x64) AppleWebKit/537.36 (KHTML, like Gecko) Chrome/103.0.5060.114 Safari/537.36"
66.29.132.124 - - [09/Jan/2025:03:46:09 -0500] "POST /wp-cron.php?doing_wp_cron=1736412368.3763310909271240234375 HTTP/1.1" 200 0 "-" "WordPress/6.7.1; https://misswavenigeria.com"
165.231.182.25 - - [09/Jan/2025:03:46:04 -0500] "POST /register/ HTTP/1.0" 200 0 "https://misswavenigeria.com/register/" "Mozilla/5.0 (Windows NT 6.1; Win64; x64) AppleWebKit/537.36 (KHTML, like Gecko) Chrome/103.0.5060.114 Safari/537.36"
165.231.182.25 - - [09/Jan/2025:03:48:33 -0500] "GET /register/ HTTP/1.0" 200 75934 "https://misswavenigeria.com/" "Mozilla/5.0 (Windows NT 6.1; Win64; x64) AppleWebKit/537.36 (KHTML, like Gecko) Chrome/103.0.5060.114 Safari/537.36"
165.231.182.25 - - [09/Jan/2025:03:48:56 -0500] "GET / HTTP/1.0" 200 109067 "https://misswavenigeria.com/" "Mozilla/5.0 (Windows NT 6.1; WOW64) AppleWebKit/537.36 (KHTML, like Gecko) Chrome/103.0.0.0 Safari/537.36"
165.231.182.25 - - [09/Jan/2025:03:48:58 -0500] "GET /register/ HTTP/1.0" 200 75934 "https://misswavenigeria.com/register/" "Mozilla/5.0 (Windows NT 6.1; WOW64) AppleWebKit/537.36 (KHTML, like Gecko) Chrome/103.0.0.0 Safari/537.36"
66.29.132.124 - - [09/Jan/2025:03:49:02 -0500] "POST /wp-cron.php?doing_wp_cron=1736412541.5314860343933105468750 HTTP/1.1" 200 0 "-" "WordPress/6.7.1; https://misswavenigeria.com"
66.29.132.124 - - [09/Jan/2025:03:49:04 -0500] "POST /wp-admin/admin-ajax.php?action=async_litespeed&nonce=OVUofecoimrRTI8LQanQVDPhrssRV5Ot&litespeed_type=imgoptm HTTP/1.1" 200 0 "-" "WordPress/6.7.1; https://misswavenigeria.com"
47.128.54.109 - - [09/Jan/2025:03:49:26 -0500] "GET / HTTP/1.1" 200 20863 "-" "Mozilla/5.0 (Linux; Android 5.0) AppleWebKit/537.36 (KHTML, like Gecko) Mobile Safari/537.36 (compatible; Bytespider; spider-feedback@bytedance.com)"
47.128.54.109 - - [09/Jan/2025:03:49:28 -0500] "GET /wp-content/plugins/siteorigin-panels/css/front-flex.min.css?ver=2.31.3 HTTP/1.1" 200 449 "https://misswavenigeria.com/" "Mozilla/5.0 (Linux; Android 5.0) AppleWebKit/537.36 (KHTML, like Gecko) Mobile Safari/537.36 (compatible; Bytespider; spider-feedback@bytedance.com)"
47.128.54.109 - - [09/Jan/2025:03:49:28 -0500] "GET /wp-content/uploads/siteorigin-widgets/sow-headline-default-08fadcf72d92-318.css?ver=6.7.1 HTTP/1.1" 200 311 "https://misswavenigeria.com/" "Mozilla/5.0 (Linux; Android 5.0) AppleWebKit/537.36 (KHTML, like Gecko) Mobile Safari/537.36 (compatible; Bytespider; spider-feedback@bytedance.com)"
47.128.54.109 - - [09/Jan/2025:03:49:28 -0500] "GET /wp-content/plugins/contact-form-7/includes/css/styles.css?ver=6.0.2 HTTP/1.1" 200 890 "https://misswavenigeria.com/" "Mozilla/5.0 (Linux; Android 5.0) AppleWebKit/537.36 (KHTML, like Gecko) Mobile Safari/537.36 (compatible; Bytespider; spider-feedback@bytedance.com)"
47.128.54.109 - - [09/Jan/2025:03:49:28 -0500] "GET /wp-content/plugins/ombre-features/css/ecwid.css?ver=1.0 HTTP/1.1" 200 4175 "https://misswavenigeria.com/" "Mozilla/5.0 (Linux; Android 5.0) AppleWebKit/537.36 (KHTML, like Gecko) Mobile Safari/537.36 (compatible; Bytespider; spider-feedback@bytedance.com)"
47.128.54.109 - - [09/Jan/2025:03:49:28 -0500] "GET /wp-includes/css/dist/block-library/style.min.css?ver=6.7.1 HTTP/1.1" 200 14225 "https://misswavenigeria.com/" "Mozilla/5.0 (Linux; Android 5.0) AppleWebKit/537.36 (KHTML, like Gecko) Mobile Safari/537.36 (compatible; Bytespider; spider-feedback@bytedance.com)"
47.128.54.109 - - [09/Jan/2025:03:49:28 -0500] "GET /wp-content/uploads/siteorigin-widgets/sow-headline-default-86b83ee97e00-318.css?ver=6.7.1 HTTP/1.1" 200 309 "https://misswavenigeria.com/" "Mozilla/5.0 (Linux; Android 5.0) AppleWebKit/537.36 (KHTML, like Gecko) Mobile Safari/537.36 (compatible; Bytespider; spider-feedback@bytedance.com)"
47.128.54.109 - - [09/Jan/2025:03:49:28 -0500] "GET /wp-content/uploads/siteorigin-widgets/sow-image-default-8426ad51307f-318.css?ver=6.7.1 HTTP/1.1" 200 293 "https://misswavenigeria.com/" "Mozilla/5.0 (Linux; Android 5.0) AppleWebKit/537.36 (KHTML, like Gecko) Mobile Safari/537.36 (compatible; Bytespider; spider-feedback@bytedance.com)"
47.128.54.109 - - [09/Jan/2025:03:49:28 -0500] "GET /wp-content/uploads/siteorigin-widgets/sow-headline-default-8a22fb329b39-318.css?ver=6.7.1 HTTP/1.1" 200 324 "https://misswavenigeria.com/" "Mozilla/5.0 (Linux; Android 5.0) AppleWebKit/537.36 (KHTML, like Gecko) Mobile Safari/537.36 (compatible; Bytespider; spider-feedback@bytedance.com)"
47.128.54.109 - - [09/Jan/2025:03:49:28 -0500] "GET /wp-content/uploads/siteorigin-widgets/sow-headline-default-b746fb77f7bc-318.css?ver=6.7.1 HTTP/1.1" 200 324 "https://misswavenigeria.com/" "Mozilla/5.0 (Linux; Android 5.0) AppleWebKit/537.36 (KHTML, like Gecko) Mobile Safari/537.36 (compatible; Bytespider; spider-feedback@bytedance.com)"
47.128.54.109 - - [09/Jan/2025:03:49:28 -0500] "GET /wp-content/uploads/siteorigin-widgets/sow-image-grid-default-8bf08a9600e8-318.css?ver=6.7.1 HTTP/1.1" 200 207 "https://misswavenigeria.com/" "Mozilla/5.0 (Linux; Android 5.0) AppleWebKit/537.36 (KHTML, like Gecko) Mobile Safari/537.36 (compatible; Bytespider; spider-feedback@bytedance.com)"
47.128.54.109 - - [09/Jan/2025:03:49:28 -0500] "GET /wp-content/themes/ombre/css/normalize.css?ver=1.0 HTTP/1.1" 200 883 "https://misswavenigeria.com/" "Mozilla/5.0 (Linux; Android 5.0) AppleWebKit/537.36 (KHTML, like Gecko) Mobile Safari/537.36 (compatible; Bytespider; spider-feedback@bytedance.com)"
47.128.54.109 - - [09/Jan/2025:03:49:28 -0500] "GET /wp-content/themes/ombre/css/fakeloader.css?ver=1.0 HTTP/1.1" 200 1275 "https://misswavenigeria.com/" "Mozilla/5.0 (Linux; Android 5.0) AppleWebKit/537.36 (KHTML, like Gecko) Mobile Safari/537.36 (compatible; Bytespider; spider-feedback@bytedance.com)"
47.128.54.109 - - [09/Jan/2025:03:49:28 -0500] "GET /wp-content/themes/ombre/css/animations.css?ver=1.0 HTTP/1.1" 200 1240 "https://misswavenigeria.com/" "Mozilla/5.0 (Linux; Android 5.0) AppleWebKit/537.36 (KHTML, like Gecko) Mobile Safari/537.36 (compatible; Bytespider; spider-feedback@bytedance.com)"
47.128.54.109 - - [09/Jan/2025:03:49:28 -0500] "GET /wp-content/themes/ombre/css/font-awesome.min.css?ver=1.0 HTTP/1.1" 200 5878 "https://misswavenigeria.com/" "Mozilla/5.0 (Linux; Android 5.0) AppleWebKit/537.36 (KHTML, like Gecko) Mobile Safari/537.36 (compatible; Bytespider; spider-feedback@bytedance.com)"
47.128.54.109 - - [09/Jan/2025:03:49:28 -0500] "GET /wp-content/themes/ombre/css/skin.css?ver=1.0 HTTP/1.1" 200 3161 "https://misswavenigeria.com/" "Mozilla/5.0 (Linux; Android 5.0) AppleWebKit/537.36 (KHTML, like Gecko) Mobile Safari/537.36 (compatible; Bytespider; spider-feedback@bytedance.com)"
47.128.54.109 - - [09/Jan/2025:03:49:28 -0500] "GET /wp-content/plugins/event-tickets/src/resources/css/tickets.min.css?ver=5.18.0.1 HTTP/1.1" 200 3758 "https://misswavenigeria.com/" "Mozilla/5.0 (Linux; Android 5.0) AppleWebKit/537.36 (KHTML, like Gecko) Mobile Safari/537.36 (compatible; Bytespider; spider-feedback@bytedance.com)"
47.128.54.109 - - [09/Jan/2025:03:49:28 -0500] "GET /wp-content/plugins/event-tickets/common/src/resources/css/common-skeleton.min.css?ver=6.4.1 HTTP/1.1" 200 2230 "https://misswavenigeria.com/" "Mozilla/5.0 (Linux; Android 5.0) AppleWebKit/537.36 (KHTML, like Gecko) Mobile Safari/537.36 (compatible; Bytespider; spider-feedback@bytedance.com)"
47.128.54.109 - - [09/Jan/2025:03:49:28 -0500] "GET /wp-content/themes/ombre/css/tooltipster.css?ver=1.0 HTTP/1.1" 200 1473 "https://misswavenigeria.com/" "Mozilla/5.0 (Linux; Android 5.0) AppleWebKit/537.36 (KHTML, like Gecko) Mobile Safari/537.36 (compatible; Bytespider; spider-feedback@bytedance.com)"
47.128.54.109 - - [09/Jan/2025:03:49:28 -0500] "GET /wp-content/plugins/event-tickets/common/src/resources/css/variables-full.min.css?ver=6.4.1 HTTP/1.1" 200 469 "https://misswavenigeria.com/" "Mozilla/5.0 (Linux; Android 5.0) AppleWebKit/537.36 (KHTML, like Gecko) Mobile Safari/537.36 (compatible; Bytespider; spider-feedback@bytedance.com)"
47.128.54.109 - - [09/Jan/2025:03:49:28 -0500] "GET /wp-content/plugins/event-tickets/common/src/resources/css/variables-skeleton.min.css?ver=6.4.1 HTTP/1.1" 200 903 "https://misswavenigeria.com/" "Mozilla/5.0 (Linux; Android 5.0) AppleWebKit/537.36 (KHTML, like Gecko) Mobile Safari/537.36 (compatible; Bytespider; spider-feedback@bytedance.com)"
47.128.54.109 - - [09/Jan/2025:03:49:28 -0500] "GET /wp-content/plugins/event-tickets/common/src/resources/css/common-full.min.css?ver=6.4.1 HTTP/1.1" 200 3924 "https://misswavenigeria.com/" "Mozilla/5.0 (Linux; Android 5.0) AppleWebKit/537.36 (KHTML, like Gecko) Mobile Safari/537.36 (compatible; Bytespider; spider-feedback@bytedance.com)"
47.128.54.109 - - [09/Jan/2025:03:49:28 -0500] "GET /wp-includes/css/dashicons.min.css?ver=6.7.1 HTTP/1.1" 200 35110 "https://misswavenigeria.com/" "Mozilla/5.0 (Linux; Android 5.0) AppleWebKit/537.36 (KHTML, like Gecko) Mobile Safari/537.36 (compatible; Bytespider; spider-feedback@bytedance.com)"
47.128.54.109 - - [09/Jan/2025:03:49:28 -0500] "GET /wp-content/themes/ombre/style.css?ver=6.7.1 HTTP/1.1" 200 9709 "https://misswavenigeria.com/" "Mozilla/5.0 (Linux; Android 5.0) AppleWebKit/537.36 (KHTML, like Gecko) Mobile Safari/537.36 (compatible; Bytespider; spider-feedback@bytedance.com)"
47.128.54.109 - - [09/Jan/2025:03:49:29 -0500] "GET /wp-content/plugins/ombre-features/css/colorbox.css?ver=1.0 HTTP/1.1" 200 1093 "https://misswavenigeria.com/" "Mozilla/5.0 (Linux; Android 5.0) AppleWebKit/537.36 (KHTML, like Gecko) Mobile Safari/537.36 (compatible; Bytespider; spider-feedback@bytedance.com)"
