165.231.182.25 - - [08/Jan/2025:22:07:52 -0500] "GET /register/ HTTP/1.0" 200 75934 "https://misswavenigeria.com/register/" "Mozilla/5.0 (Windows NT 10.0; WOW64) AppleWebKit/537.36 (KHTML, like Gecko) Chrome/103.0.0.0 Safari/537.36"
165.231.182.25 - - [08/Jan/2025:22:07:53 -0500] "POST /register/ HTTP/1.0" 200 76060 "https://misswavenigeria.com/register/" "Mozilla/5.0 (Windows NT 10.0; WOW64) AppleWebKit/537.36 (KHTML, like Gecko) Chrome/103.0.0.0 Safari/537.36"
66.29.132.124 - - [08/Jan/2025:22:09:40 -0500] "POST /wp-cron.php?doing_wp_cron=1736392180.2160520553588867187500 HTTP/1.1" 200 0 "-" "WordPress/6.7.1; https://misswavenigeria.com"
165.231.182.25 - - [08/Jan/2025:22:09:40 -0500] "GET /register/ HTTP/1.0" 200 75934 "https://misswavenigeria.com/" "Mozilla/5.0 (Windows NT 10.0; WOW64) AppleWebKit/537.36 (KHTML, like Gecko) Chrome/103.0.0.0 Safari/537.36"
66.29.132.124 - - [08/Jan/2025:22:09:40 -0500] "POST /wp-admin/admin-ajax.php?action=async_litespeed&nonce=Kayaio1sW9qASNLh5O56Qex734DBK1an&litespeed_type=imgoptm HTTP/1.1" 200 21 "-" "WordPress/6.7.1; https://misswavenigeria.com"
66.29.132.124 - - [08/Jan/2025:22:10:52 -0500] "POST /wp-cron.php?doing_wp_cron=1736392252.7685859203338623046875 HTTP/1.1" 200 0 "-" "WordPress/6.7.1; https://misswavenigeria.com"
165.231.182.25 - - [08/Jan/2025:22:10:52 -0500] "GET / HTTP/1.0" 200 109067 "https://misswavenigeria.com/" "Mozilla/5.0 (Windows NT 10.0; Win64; x64) AppleWebKit/537.36 (KHTML, like Gecko) Chrome/103.0.0.0 Safari/537.36"
66.29.132.124 - - [08/Jan/2025:22:10:52 -0500] "POST /wp-admin/admin-ajax.php?action=async_litespeed&nonce=riT8QTHNQknTp4vzZLSGSBdS0il0uUzO&litespeed_type=imgoptm HTTP/1.1" 200 21 "-" "WordPress/6.7.1; https://misswavenigeria.com"
165.231.182.25 - - [08/Jan/2025:22:10:54 -0500] "GET /register/ HTTP/1.0" 200 75934 "https://misswavenigeria.com/register/" "Mozilla/5.0 (Windows NT 10.0; Win64; x64) AppleWebKit/537.36 (KHTML, like Gecko) Chrome/103.0.0.0 Safari/537.36"
20.42.10.185 - - [08/Jan/2025:22:11:46 -0500] "GET /robots.txt HTTP/1.1" 304 0 "-" "Mozilla/5.0 AppleWebKit/537.36 (KHTML, like Gecko); compatible; OAI-SearchBot/1.0; +https://openai.com/searchbot"
165.231.182.25 - - [08/Jan/2025:22:10:55 -0500] "POST /register/ HTTP/1.0" 200 76060 "https://misswavenigeria.com/register/" "Mozilla/5.0 (Windows NT 10.0; Win64; x64) AppleWebKit/537.36 (KHTML, like Gecko) Chrome/103.0.0.0 Safari/537.36"
66.29.132.124 - - [08/Jan/2025:22:12:35 -0500] "POST /wp-cron.php?doing_wp_cron=1736392355.8716681003570556640625 HTTP/1.1" 200 0 "-" "WordPress/6.7.1; https://misswavenigeria.com"
165.231.182.25 - - [08/Jan/2025:22:12:35 -0500] "GET /register/ HTTP/1.0" 200 75934 "https://misswavenigeria.com/" "Mozilla/5.0 (Windows NT 10.0; Win64; x64) AppleWebKit/537.36 (KHTML, like Gecko) Chrome/103.0.0.0 Safari/537.36"
66.29.132.124 - - [08/Jan/2025:22:12:36 -0500] "POST /wp-admin/admin-ajax.php?action=async_litespeed&nonce=WrtMSBlOrCpLCrcqLb1FPGa8QlhObFYs&litespeed_type=imgoptm HTTP/1.1" 200 21 "-" "WordPress/6.7.1; https://misswavenigeria.com"
66.29.132.124 - - [08/Jan/2025:22:13:52 -0500] "POST /wp-cron.php?doing_wp_cron=1736392431.8681750297546386718750 HTTP/1.1" 200 0 "-" "WordPress/6.7.1; https://misswavenigeria.com"
165.231.182.25 - - [08/Jan/2025:22:13:51 -0500] "GET / HTTP/1.0" 200 109065 "https://misswavenigeria.com/" "Mozilla/5.0 (Windows NT 10.0; Win64; x64) AppleWebKit/537.36 (KHTML, like Gecko) Chrome/103.0.5060.66 Safari/537.36"
66.29.132.124 - - [08/Jan/2025:22:13:53 -0500] "POST /wp-admin/admin-ajax.php?action=async_litespeed&nonce=do8nWBfFb0F9KDEw2v1mjZPdRaMI95nX&litespeed_type=imgoptm HTTP/1.1" 200 0 "-" "WordPress/6.7.1; https://misswavenigeria.com"
165.231.182.25 - - [08/Jan/2025:22:13:55 -0500] "GET /register/ HTTP/1.0" 200 75934 "https://misswavenigeria.com/register/" "Mozilla/5.0 (Windows NT 10.0; Win64; x64) AppleWebKit/537.36 (KHTML, like Gecko) Chrome/103.0.5060.66 Safari/537.36"
165.231.182.25 - - [08/Jan/2025:22:13:58 -0500] "POST /register/ HTTP/1.0" 200 76060 "https://misswavenigeria.com/register/" "Mozilla/5.0 (Windows NT 10.0; Win64; x64) AppleWebKit/537.36 (KHTML, like Gecko) Chrome/103.0.5060.66 Safari/537.36"
66.29.132.124 - - [08/Jan/2025:22:16:25 -0500] "POST /wp-cron.php?doing_wp_cron=1736392585.4127221107482910156250 HTTP/1.1" 200 0 "-" "WordPress/6.7.1; https://misswavenigeria.com"
165.231.182.25 - - [08/Jan/2025:22:16:25 -0500] "GET /register/ HTTP/1.0" 200 75934 "https://misswavenigeria.com/" "Mozilla/5.0 (Windows NT 10.0; Win64; x64) AppleWebKit/537.36 (KHTML, like Gecko) Chrome/103.0.5060.66 Safari/537.36"
66.29.132.124 - - [08/Jan/2025:22:16:26 -0500] "POST /wp-admin/admin-ajax.php?action=async_litespeed&nonce=9ALpLfga31JmDLgGQ9dfYCDtCqPhjCMl&litespeed_type=imgoptm HTTP/1.1" 200 0 "-" "WordPress/6.7.1; https://misswavenigeria.com"
66.29.132.124 - - [08/Jan/2025:22:16:58 -0500] "POST /wp-cron.php?doing_wp_cron=1736392617.5899569988250732421875 HTTP/1.1" 200 0 "-" "WordPress/6.7.1; https://misswavenigeria.com"
165.231.182.25 - - [08/Jan/2025:22:16:57 -0500] "GET / HTTP/1.0" 200 109067 "https://misswavenigeria.com/" "Mozilla/5.0 (Windows NT 6.3; Win64; x64) AppleWebKit/537.36 (KHTML, like Gecko) Chrome/103.0.5060.53 Safari/537.36"
66.29.132.124 - - [08/Jan/2025:22:16:59 -0500] "POST /wp-admin/admin-ajax.php?action=async_litespeed&nonce=KmxZQ8ub1Gy7TwC6mmMepHns5NlMQHBC&litespeed_type=imgoptm HTTP/1.1" 200 0 "-" "WordPress/6.7.1; https://misswavenigeria.com"
165.231.182.25 - - [08/Jan/2025:22:17:01 -0500] "GET /register/ HTTP/1.0" 200 75934 "https://misswavenigeria.com/register/" "Mozilla/5.0 (Windows NT 6.3; Win64; x64) AppleWebKit/537.36 (KHTML, like Gecko) Chrome/103.0.5060.53 Safari/537.36"
165.231.182.25 - - [08/Jan/2025:22:17:04 -0500] "POST /register/ HTTP/1.0" 200 0 "https://misswavenigeria.com/register/" "Mozilla/5.0 (Windows NT 6.3; Win64; x64) AppleWebKit/537.36 (KHTML, like Gecko) Chrome/103.0.5060.53 Safari/537.36"
165.231.182.25 - - [08/Jan/2025:22:19:34 -0500] "GET /register/ HTTP/1.0" 200 75934 "https://misswavenigeria.com/" "Mozilla/5.0 (Windows NT 6.3; Win64; x64) AppleWebKit/537.36 (KHTML, like Gecko) Chrome/103.0.5060.53 Safari/537.36"
165.231.182.25 - - [08/Jan/2025:22:20:01 -0500] "GET / HTTP/1.0" 200 109067 "https://misswavenigeria.com/" "Mozilla/5.0 (Windows NT 6.1) AppleWebKit/537.36 (KHTML, like Gecko) Chrome/103.0.0.0 Safari/537.36"
165.231.182.25 - - [08/Jan/2025:22:20:05 -0500] "GET /register/ HTTP/1.0" 200 75934 "https://misswavenigeria.com/register/" "Mozilla/5.0 (Windows NT 6.1) AppleWebKit/537.36 (KHTML, like Gecko) Chrome/103.0.0.0 Safari/537.36"
66.29.132.124 - - [08/Jan/2025:22:20:10 -0500] "POST /wp-cron.php?doing_wp_cron=1736392809.1799960136413574218750 HTTP/1.1" 200 0 "-" "WordPress/6.7.1; https://misswavenigeria.com"
165.231.182.25 - - [08/Jan/2025:22:20:08 -0500] "POST /register/ HTTP/1.0" 200 0 "https://misswavenigeria.com/register/" "Mozilla/5.0 (Windows NT 6.1) AppleWebKit/537.36 (KHTML, like Gecko) Chrome/103.0.0.0 Safari/537.36"
165.231.182.25 - - [08/Jan/2025:22:22:37 -0500] "GET /register/ HTTP/1.0" 200 75934 "https://misswavenigeria.com/" "Mozilla/5.0 (Windows NT 6.1) AppleWebKit/537.36 (KHTML, like Gecko) Chrome/103.0.0.0 Safari/537.36"
165.231.182.25 - - [08/Jan/2025:22:23:05 -0500] "GET / HTTP/1.0" 200 109067 "https://misswavenigeria.com/" "Mozilla/5.0 (Windows NT 6.1; Win64; x64) AppleWebKit/537.36 (KHTML, like Gecko) Chrome/103.0.5060.66 Safari/537.36"
165.231.182.25 - - [08/Jan/2025:22:23:07 -0500] "GET /register/ HTTP/1.0" 200 75934 "https://misswavenigeria.com/register/" "Mozilla/5.0 (Windows NT 6.1; Win64; x64) AppleWebKit/537.36 (KHTML, like Gecko) Chrome/103.0.5060.66 Safari/537.36"
66.29.132.124 - - [08/Jan/2025:22:23:09 -0500] "POST /wp-cron.php?doing_wp_cron=1736392989.8112599849700927734375 HTTP/1.1" 200 0 "-" "WordPress/6.7.1; https://misswavenigeria.com"
66.29.132.124 - - [08/Jan/2025:22:23:10 -0500] "POST /wp-admin/admin-ajax.php?action=async_litespeed&nonce=8gTcc7E9VEUS8HSHLbVKv9cuMCyFVeHx&litespeed_type=imgoptm HTTP/1.1" 200 21 "-" "WordPress/6.7.1; https://misswavenigeria.com"
165.231.182.25 - - [08/Jan/2025:22:23:09 -0500] "POST /register/ HTTP/1.0" 200 0 "https://misswavenigeria.com/register/" "Mozilla/5.0 (Windows NT 6.1; Win64; x64) AppleWebKit/537.36 (KHTML, like Gecko) Chrome/103.0.5060.66 Safari/537.36"
165.231.182.25 - - [08/Jan/2025:22:25:41 -0500] "GET /register/ HTTP/1.0" 200 75934 "https://misswavenigeria.com/" "Mozilla/5.0 (Windows NT 6.1; Win64; x64) AppleWebKit/537.36 (KHTML, like Gecko) Chrome/103.0.5060.66 Safari/537.36"
165.231.182.25 - - [08/Jan/2025:22:26:15 -0500] "GET / HTTP/1.0" 200 109067 "https://misswavenigeria.com/" "Mozilla/5.0 (Windows NT 6.1) AppleWebKit/537.36 (KHTML, like Gecko) Chrome/103.0.5060.114 Safari/537.36"
165.231.182.25 - - [08/Jan/2025:22:26:18 -0500] "GET /register/ HTTP/1.0" 200 75934 "https://misswavenigeria.com/register/" "Mozilla/5.0 (Windows NT 6.1) AppleWebKit/537.36 (KHTML, like Gecko) Chrome/103.0.5060.114 Safari/537.36"
66.29.132.124 - - [08/Jan/2025:22:26:24 -0500] "POST /wp-cron.php?doing_wp_cron=1736393183.1273069381713867187500 HTTP/1.1" 200 0 "-" "WordPress/6.7.1; https://misswavenigeria.com"
165.231.182.25 - - [08/Jan/2025:22:26:22 -0500] "POST /register/ HTTP/1.0" 200 0 "https://misswavenigeria.com/register/" "Mozilla/5.0 (Windows NT 6.1) AppleWebKit/537.36 (KHTML, like Gecko) Chrome/103.0.5060.114 Safari/537.36"
165.231.182.25 - - [08/Jan/2025:22:28:51 -0500] "GET /register/ HTTP/1.0" 200 75934 "https://misswavenigeria.com/" "Mozilla/5.0 (Windows NT 6.1) AppleWebKit/537.36 (KHTML, like Gecko) Chrome/103.0.5060.114 Safari/537.36"
165.231.182.25 - - [08/Jan/2025:22:29:18 -0500] "GET / HTTP/1.0" 200 109067 "https://misswavenigeria.com/" "Mozilla/5.0 (Windows NT 10.0; Win64; x64) AppleWebKit/537.36 (KHTML, like Gecko) Chrome/103.0.5060.53 Safari/537.36"
165.231.182.25 - - [08/Jan/2025:22:29:21 -0500] "GET /register/ HTTP/1.0" 200 75934 "https://misswavenigeria.com/register/" "Mozilla/5.0 (Windows NT 10.0; Win64; x64) AppleWebKit/537.36 (KHTML, like Gecko) Chrome/103.0.5060.53 Safari/537.36"
66.29.132.124 - - [08/Jan/2025:22:29:25 -0500] "POST /wp-cron.php?doing_wp_cron=1736393365.0416460037231445312500 HTTP/1.1" 200 0 "-" "WordPress/6.7.1; https://misswavenigeria.com"
66.29.132.124 - - [08/Jan/2025:22:29:26 -0500] "POST /wp-admin/admin-ajax.php?action=async_litespeed&nonce=ZZI5o4AYLSjPcKKvIO60YkfDoZOHtYUO&litespeed_type=imgoptm HTTP/1.1" 200 0 "-" "WordPress/6.7.1; https://misswavenigeria.com"
165.231.182.25 - - [08/Jan/2025:22:29:24 -0500] "POST /register/ HTTP/1.0" 200 0 "https://misswavenigeria.com/register/" "Mozilla/5.0 (Windows NT 10.0; Win64; x64) AppleWebKit/537.36 (KHTML, like Gecko) Chrome/103.0.5060.53 Safari/537.36"
165.231.182.25 - - [08/Jan/2025:22:31:55 -0500] "GET /register/ HTTP/1.0" 200 75934 "https://misswavenigeria.com/" "Mozilla/5.0 (Windows NT 10.0; Win64; x64) AppleWebKit/537.36 (KHTML, like Gecko) Chrome/103.0.5060.53 Safari/537.36"
165.231.182.25 - - [08/Jan/2025:22:32:25 -0500] "GET / HTTP/1.0" 200 109067 "https://misswavenigeria.com/" "Mozilla/5.0 (Windows NT 10.0; Win64; x64) AppleWebKit/537.36 (KHTML, like Gecko) Chrome/103.0.0.0 Safari/537.36"
165.231.182.25 - - [08/Jan/2025:22:32:27 -0500] "GET /register/ HTTP/1.0" 200 75934 "https://misswavenigeria.com/register/" "Mozilla/5.0 (Windows NT 10.0; Win64; x64) AppleWebKit/537.36 (KHTML, like Gecko) Chrome/103.0.0.0 Safari/537.36"
66.29.132.124 - - [08/Jan/2025:22:32:30 -0500] "POST /wp-cron.php?doing_wp_cron=1736393550.4134750366210937500000 HTTP/1.1" 200 0 "-" "WordPress/6.7.1; https://misswavenigeria.com"
66.29.132.124 - - [08/Jan/2025:22:32:31 -0500] "POST /wp-admin/admin-ajax.php?action=async_litespeed&nonce=DKLVZI3RvGOuQiW9FJD2LMhDmJ9fy2oU&litespeed_type=imgoptm HTTP/1.1" 200 0 "-" "WordPress/6.7.1; https://misswavenigeria.com"
165.231.182.25 - - [08/Jan/2025:22:32:29 -0500] "POST /register/ HTTP/1.0" 200 0 "https://misswavenigeria.com/register/" "Mozilla/5.0 (Windows NT 10.0; Win64; x64) AppleWebKit/537.36 (KHTML, like Gecko) Chrome/103.0.0.0 Safari/537.36"
165.231.182.25 - - [08/Jan/2025:22:35:00 -0500] "GET /register/ HTTP/1.0" 200 75934 "https://misswavenigeria.com/" "Mozilla/5.0 (Windows NT 10.0; Win64; x64) AppleWebKit/537.36 (KHTML, like Gecko) Chrome/103.0.0.0 Safari/537.36"
40.77.167.50 - - [08/Jan/2025:22:35:20 -0500] "GET /wp-includes/Text/Diff/ HTTP/1.1" 200 698 "-" "Mozilla/5.0 AppleWebKit/537.36 (KHTML, like Gecko; compatible; bingbot/2.0; +http://www.bing.com/bingbot.htm) Chrome/116.0.1938.76 Safari/537.36"
165.231.182.25 - - [08/Jan/2025:22:35:29 -0500] "GET / HTTP/1.0" 200 109067 "https://misswavenigeria.com/" "Mozilla/5.0 (Windows NT 6.1; WOW64) AppleWebKit/537.36 (KHTML, like Gecko) Chrome/103.0.0.0 Safari/537.36"
165.231.182.25 - - [08/Jan/2025:22:35:31 -0500] "GET /register/ HTTP/1.0" 200 75934 "https://misswavenigeria.com/register/" "Mozilla/5.0 (Windows NT 6.1; WOW64) AppleWebKit/537.36 (KHTML, like Gecko) Chrome/103.0.0.0 Safari/537.36"
66.29.132.124 - - [08/Jan/2025:22:35:33 -0500] "POST /wp-cron.php?doing_wp_cron=1736393733.6702840328216552734375 HTTP/1.1" 200 0 "-" "WordPress/6.7.1; https://misswavenigeria.com"
66.29.132.124 - - [08/Jan/2025:22:35:34 -0500] "POST /wp-admin/admin-ajax.php?action=async_litespeed&nonce=FfvXi8Kv1lg4VOZOK5BdVaMBfSNaXUqk&litespeed_type=imgoptm HTTP/1.1" 200 21 "-" "WordPress/6.7.1; https://misswavenigeria.com"
66.249.79.161 - - [08/Jan/2025:22:36:30 -0500] "GET /goods/G756216?k=product HTTP/1.1" 200 68392 "-" "Mozilla/5.0 (Linux; Android 6.0.1; Nexus 5X Build/MMB29P) AppleWebKit/537.36 (KHTML, like Gecko) Chrome/131.0.6778.204 Mobile Safari/537.36 (compatible; Googlebot/2.1; +http://www.google.com/bot.html)"
165.231.182.25 - - [08/Jan/2025:22:35:33 -0500] "POST /register/ HTTP/1.0" 200 76060 "https://misswavenigeria.com/register/" "Mozilla/5.0 (Windows NT 6.1; WOW64) AppleWebKit/537.36 (KHTML, like Gecko) Chrome/103.0.0.0 Safari/537.36"
66.29.132.124 - - [08/Jan/2025:22:37:08 -0500] "POST /wp-cron.php?doing_wp_cron=1736393828.5656609535217285156250 HTTP/1.1" 200 0 "-" "WordPress/6.7.1; https://misswavenigeria.com"
165.231.182.25 - - [08/Jan/2025:22:37:08 -0500] "GET /register/ HTTP/1.0" 200 75934 "https://misswavenigeria.com/" "Mozilla/5.0 (Windows NT 6.1; WOW64) AppleWebKit/537.36 (KHTML, like Gecko) Chrome/103.0.0.0 Safari/537.36"
66.29.132.124 - - [08/Jan/2025:22:37:08 -0500] "POST /wp-admin/admin-ajax.php?action=async_litespeed&nonce=xkxIGpJhfSLVMsNccfmLR49HQfX02IPS&litespeed_type=imgoptm HTTP/1.1" 200 21 "-" "WordPress/6.7.1; https://misswavenigeria.com"
66.29.132.124 - - [08/Jan/2025:22:38:35 -0500] "POST /wp-cron.php?doing_wp_cron=1736393915.4557819366455078125000 HTTP/1.1" 200 0 "-" "WordPress/6.7.1; https://misswavenigeria.com"
165.231.182.25 - - [08/Jan/2025:22:38:33 -0500] "GET / HTTP/1.0" 200 109065 "https://misswavenigeria.com/" "Mozilla/5.0 (Windows NT 6.3; Win64; x64) AppleWebKit/537.36 (KHTML, like Gecko) Chrome/103.0.0.0 Safari/537.36"
66.29.132.124 - - [08/Jan/2025:22:38:35 -0500] "POST /wp-admin/admin-ajax.php?action=async_litespeed&nonce=xhcAaE6RKmsHNUZbMFbDJCXxwt7zVfUQ&litespeed_type=imgoptm HTTP/1.1" 200 21 "-" "WordPress/6.7.1; https://misswavenigeria.com"
165.231.182.25 - - [08/Jan/2025:22:38:37 -0500] "GET /register/ HTTP/1.0" 200 75934 "https://misswavenigeria.com/register/" "Mozilla/5.0 (Windows NT 6.3; Win64; x64) AppleWebKit/537.36 (KHTML, like Gecko) Chrome/103.0.0.0 Safari/537.36"
165.231.182.25 - - [08/Jan/2025:22:38:39 -0500] "POST /register/ HTTP/1.0" 200 76060 "https://misswavenigeria.com/register/" "Mozilla/5.0 (Windows NT 6.3; Win64; x64) AppleWebKit/537.36 (KHTML, like Gecko) Chrome/103.0.0.0 Safari/537.36"
66.29.132.124 - - [08/Jan/2025:22:40:22 -0500] "POST /wp-cron.php?doing_wp_cron=1736394022.5681540966033935546875 HTTP/1.1" 200 0 "-" "WordPress/6.7.1; https://misswavenigeria.com"
165.231.182.25 - - [08/Jan/2025:22:40:22 -0500] "GET /register/ HTTP/1.0" 200 75934 "https://misswavenigeria.com/" "Mozilla/5.0 (Windows NT 6.3; Win64; x64) AppleWebKit/537.36 (KHTML, like Gecko) Chrome/103.0.0.0 Safari/537.36"
66.29.132.124 - - [08/Jan/2025:22:40:22 -0500] "POST /wp-admin/admin-ajax.php?action=async_litespeed&nonce=BLStdE6ZRtlgq5pjsuMl9JZZGgGR4Gep&litespeed_type=imgoptm HTTP/1.1" 200 21 "-" "WordPress/6.7.1; https://misswavenigeria.com"
45.61.116.30 - - [08/Jan/2025:22:40:32 -0500] "GET /allsitemap.xml/sxallsitemap.xml HTTP/1.1" 200 11 "-" "Mozilla/5.0(compatible;Googlebot/2.1;+http://www.google.com/bot.html)"
194.113.119.205 - - [08/Jan/2025:22:40:36 -0500] "GET /goods.php?allsitemap.xml?sxallsitemap.xml HTTP/1.1" 200 11 "-" "Mozilla/5.0(compatible;Googlebot/2.1;+http://www.google.com/bot.html)"
191.96.254.95 - - [08/Jan/2025:22:40:47 -0500] "GET /allsitemap.xml/1111/1111.html HTTP/1.1" 200 472296 "-" "Mozilla/5.0(compatible;Googlebot/2.1;+http://www.google.com/bot.html)"
92.113.3.165 - - [08/Jan/2025:22:40:52 -0500] "GET /goods.php?allsitemap.xml?1111/1111.html HTTP/1.1" 200 160061 "-" "Mozilla/5.0(compatible;Googlebot/2.1;+http://www.google.com/bot.html)"
66.29.132.124 - - [08/Jan/2025:22:41:41 -0500] "POST /wp-cron.php?doing_wp_cron=1736394101.7610909938812255859375 HTTP/1.1" 200 0 "-" "WordPress/6.7.1; https://misswavenigeria.com"
165.231.182.25 - - [08/Jan/2025:22:41:41 -0500] "GET / HTTP/1.0" 200 109067 "https://misswavenigeria.com/" "Mozilla/5.0 (Windows NT 6.3; Win64; x64) AppleWebKit/537.36 (KHTML, like Gecko) Chrome/103.0.5060.66 Safari/537.36"
66.29.132.124 - - [08/Jan/2025:22:41:42 -0500] "POST /wp-admin/admin-ajax.php?action=async_litespeed&nonce=VPnfxr6NZYKo2BqykTbC7gXzVciHrXzK&litespeed_type=imgoptm HTTP/1.1" 200 21 "-" "WordPress/6.7.1; https://misswavenigeria.com"
165.231.182.25 - - [08/Jan/2025:22:41:44 -0500] "GET /register/ HTTP/1.0" 200 75934 "https://misswavenigeria.com/register/" "Mozilla/5.0 (Windows NT 6.3; Win64; x64) AppleWebKit/537.36 (KHTML, like Gecko) Chrome/103.0.5060.66 Safari/537.36"
66.29.132.124 - - [08/Jan/2025:22:42:32 -0500] "POST /wp-cron.php?doing_wp_cron=1736394152.0571799278259277343750 HTTP/1.1" 200 0 "-" "WordPress/6.7.1; https://misswavenigeria.com"
185.233.3.42 - - [08/Jan/2025:22:42:31 -0500] "GET /wp-includes/sodium_compat/src/Core32/Curve25519/Ge/Core32.php HTTP/1.1" 404 15610 "-" "Mozilla/4.0 (compatible; MSIE 6.0; Windows NT 5.1; SV1)"
66.29.132.124 - - [08/Jan/2025:22:42:32 -0500] "POST /wp-admin/admin-ajax.php?action=async_litespeed&nonce=85lQSInT12bam7iu1LnFXMajSvFcE6gY&litespeed_type=imgoptm HTTP/1.1" 200 21 "-" "WordPress/6.7.1; https://misswavenigeria.com"
165.231.182.25 - - [08/Jan/2025:22:41:45 -0500] "POST /register/ HTTP/1.0" 200 76060 "https://misswavenigeria.com/register/" "Mozilla/5.0 (Windows NT 6.3; Win64; x64) AppleWebKit/537.36 (KHTML, like Gecko) Chrome/103.0.5060.66 Safari/537.36"
66.29.132.124 - - [08/Jan/2025:22:43:37 -0500] "POST /wp-cron.php?doing_wp_cron=1736394217.8149330615997314453125 HTTP/1.1" 200 0 "-" "WordPress/6.7.1; https://misswavenigeria.com"
165.231.182.25 - - [08/Jan/2025:22:43:37 -0500] "GET /register/ HTTP/1.0" 200 75934 "https://misswavenigeria.com/" "Mozilla/5.0 (Windows NT 6.3; Win64; x64) AppleWebKit/537.36 (KHTML, like Gecko) Chrome/103.0.5060.66 Safari/537.36"
66.29.132.124 - - [08/Jan/2025:22:43:38 -0500] "POST /wp-admin/admin-ajax.php?action=async_litespeed&nonce=TNNLs3E40AWl7YItQNuVy2gEp8pXcni4&litespeed_type=imgoptm HTTP/1.1" 200 21 "-" "WordPress/6.7.1; https://misswavenigeria.com"
66.29.132.124 - - [08/Jan/2025:22:44:46 -0500] "POST /wp-cron.php?doing_wp_cron=1736394286.0051150321960449218750 HTTP/1.1" 200 0 "-" "WordPress/6.7.1; https://misswavenigeria.com"
165.231.182.25 - - [08/Jan/2025:22:44:45 -0500] "GET / HTTP/1.0" 200 109065 "https://misswavenigeria.com/" "Mozilla/5.0 (Windows NT 6.1) AppleWebKit/537.36 (KHTML, like Gecko) Chrome/103.0.0.0 Safari/537.36"
66.29.132.124 - - [08/Jan/2025:22:44:46 -0500] "POST /wp-admin/admin-ajax.php?action=async_litespeed&nonce=EcxHJrdVoEUtqXElnjGEf8sbXok3tJQ5&litespeed_type=imgoptm HTTP/1.1" 200 21 "-" "WordPress/6.7.1; https://misswavenigeria.com"
165.231.182.25 - - [08/Jan/2025:22:44:48 -0500] "GET /register/ HTTP/1.0" 200 75934 "https://misswavenigeria.com/register/" "Mozilla/5.0 (Windows NT 6.1) AppleWebKit/537.36 (KHTML, like Gecko) Chrome/103.0.0.0 Safari/537.36"
66.29.132.124 - - [08/Jan/2025:22:44:50 -0500] "POST /wp-cron.php?doing_wp_cron=1736394290.0800540447235107421875 HTTP/1.1" 200 0 "-" "WordPress/6.7.1; https://misswavenigeria.com"
66.29.132.124 - - [08/Jan/2025:22:44:50 -0500] "POST /wp-admin/admin-ajax.php?action=async_litespeed&nonce=wDchmGRmzaW6PzT7w69GsoBUhn77qgoI&litespeed_type=imgoptm HTTP/1.1" 200 21 "-" "WordPress/6.7.1; https://misswavenigeria.com"
165.231.182.25 - - [08/Jan/2025:22:44:49 -0500] "POST /register/ HTTP/1.0" 200 76060 "https://misswavenigeria.com/register/" "Mozilla/5.0 (Windows NT 6.1) AppleWebKit/537.36 (KHTML, like Gecko) Chrome/103.0.0.0 Safari/537.36"
66.29.132.124 - - [08/Jan/2025:22:46:24 -0500] "POST /wp-cron.php?doing_wp_cron=1736394384.7167680263519287109375 HTTP/1.1" 200 0 "-" "WordPress/6.7.1; https://misswavenigeria.com"
165.231.182.25 - - [08/Jan/2025:22:46:24 -0500] "GET /register/ HTTP/1.0" 200 75934 "https://misswavenigeria.com/" "Mozilla/5.0 (Windows NT 6.1) AppleWebKit/537.36 (KHTML, like Gecko) Chrome/103.0.0.0 Safari/537.36"
66.29.132.124 - - [08/Jan/2025:22:46:24 -0500] "POST /wp-admin/admin-ajax.php?action=async_litespeed&nonce=ukNkFBObjIL0YNobCrTYH9XJuCGLiBXZ&litespeed_type=imgoptm HTTP/1.1" 200 21 "-" "WordPress/6.7.1; https://misswavenigeria.com"
66.29.132.124 - - [08/Jan/2025:22:47:56 -0500] "POST /wp-cron.php?doing_wp_cron=1736394476.6462490558624267578125 HTTP/1.1" 200 0 "-" "WordPress/6.7.1; https://misswavenigeria.com"
165.231.182.25 - - [08/Jan/2025:22:47:53 -0500] "GET / HTTP/1.0" 200 109065 "https://misswavenigeria.com/" "Mozilla/5.0 (Windows NT 6.1; Win64; x64) AppleWebKit/537.36 (KHTML, like Gecko) Chrome/103.0.0.0 Safari/537.36"
66.29.132.124 - - [08/Jan/2025:22:47:56 -0500] "POST /wp-admin/admin-ajax.php?action=async_litespeed&nonce=Mk3YJpsK4j9AXWgjrltvdRvyHeZRPobi&litespeed_type=imgoptm HTTP/1.1" 200 21 "-" "WordPress/6.7.1; https://misswavenigeria.com"
165.231.182.25 - - [08/Jan/2025:22:47:59 -0500] "GET /register/ HTTP/1.0" 200 75934 "https://misswavenigeria.com/register/" "Mozilla/5.0 (Windows NT 6.1; Win64; x64) AppleWebKit/537.36 (KHTML, like Gecko) Chrome/103.0.0.0 Safari/537.36"
165.231.182.25 - - [08/Jan/2025:22:48:00 -0500] "POST /register/ HTTP/1.0" 200 76060 "https://misswavenigeria.com/register/" "Mozilla/5.0 (Windows NT 6.1; Win64; x64) AppleWebKit/537.36 (KHTML, like Gecko) Chrome/103.0.0.0 Safari/537.36"
66.29.132.124 - - [08/Jan/2025:22:49:42 -0500] "POST /wp-cron.php?doing_wp_cron=1736394582.9160470962524414062500 HTTP/1.1" 200 0 "-" "WordPress/6.7.1; https://misswavenigeria.com"
165.231.182.25 - - [08/Jan/2025:22:49:42 -0500] "GET /register/ HTTP/1.0" 200 75934 "https://misswavenigeria.com/" "Mozilla/5.0 (Windows NT 6.1; Win64; x64) AppleWebKit/537.36 (KHTML, like Gecko) Chrome/103.0.0.0 Safari/537.36"
66.29.132.124 - - [08/Jan/2025:22:49:43 -0500] "POST /wp-admin/admin-ajax.php?action=async_litespeed&nonce=G6D8riHrE7g6A3fGgER6EXXvqSMgNKX2&litespeed_type=imgoptm HTTP/1.1" 200 21 "-" "WordPress/6.7.1; https://misswavenigeria.com"
66.29.132.124 - - [08/Jan/2025:22:50:56 -0500] "POST /wp-cron.php?doing_wp_cron=1736394656.5952870845794677734375 HTTP/1.1" 200 0 "-" "WordPress/6.7.1; https://misswavenigeria.com"
165.231.182.25 - - [08/Jan/2025:22:50:56 -0500] "GET / HTTP/1.0" 200 109065 "https://misswavenigeria.com/" "Mozilla/5.0 (Windows NT 10.0; Win64; x64) AppleWebKit/537.36 (KHTML, like Gecko) Chrome/103.0.0.0 Safari/537.36 Herring/95.1.8810.11"
66.29.132.124 - - [08/Jan/2025:22:50:56 -0500] "POST /wp-admin/admin-ajax.php?action=async_litespeed&nonce=EcmNJMWPEctZJcuVaZIbMzFlcpfYkJIf&litespeed_type=imgoptm HTTP/1.1" 200 21 "-" "WordPress/6.7.1; https://misswavenigeria.com"
165.231.182.25 - - [08/Jan/2025:22:50:58 -0500] "GET /register/ HTTP/1.0" 200 75934 "https://misswavenigeria.com/register/" "Mozilla/5.0 (Windows NT 10.0; Win64; x64) AppleWebKit/537.36 (KHTML, like Gecko) Chrome/103.0.0.0 Safari/537.36 Herring/95.1.8810.11"
165.231.182.25 - - [08/Jan/2025:22:51:00 -0500] "POST /register/ HTTP/1.0" 200 76060 "https://misswavenigeria.com/register/" "Mozilla/5.0 (Windows NT 10.0; Win64; x64) AppleWebKit/537.36 (KHTML, like Gecko) Chrome/103.0.0.0 Safari/537.36 Herring/95.1.8810.11"
66.29.132.124 - - [08/Jan/2025:22:53:27 -0500] "POST /wp-cron.php?doing_wp_cron=1736394807.2419950962066650390625 HTTP/1.1" 200 0 "-" "WordPress/6.7.1; https://misswavenigeria.com"
165.231.182.25 - - [08/Jan/2025:22:53:26 -0500] "GET /register/ HTTP/1.0" 200 75934 "https://misswavenigeria.com/" "Mozilla/5.0 (Windows NT 10.0; Win64; x64) AppleWebKit/537.36 (KHTML, like Gecko) Chrome/103.0.0.0 Safari/537.36 Herring/95.1.8810.11"
66.29.132.124 - - [08/Jan/2025:22:53:27 -0500] "POST /wp-admin/admin-ajax.php?action=async_litespeed&nonce=Rk7JJIY9GYMFV0UASMO75iY8IEUXH796&litespeed_type=imgoptm HTTP/1.1" 200 21 "-" "WordPress/6.7.1; https://misswavenigeria.com"
66.29.132.124 - - [08/Jan/2025:22:53:54 -0500] "POST /wp-cron.php?doing_wp_cron=1736394834.2945570945739746093750 HTTP/1.1" 200 0 "-" "WordPress/6.7.1; https://misswavenigeria.com"
165.231.182.25 - - [08/Jan/2025:22:53:53 -0500] "GET / HTTP/1.0" 200 109067 "https://misswavenigeria.com/" "Mozilla/5.0 (Windows NT 10.0; WOW64) AppleWebKit/537.36 (KHTML, like Gecko) Chrome/103.0.0.0 Safari/537.36"
66.29.132.124 - - [08/Jan/2025:22:53:54 -0500] "POST /wp-admin/admin-ajax.php?action=async_litespeed&nonce=ANnVja6IGYGAx4QabOpdrdHISHJIvyqA&litespeed_type=imgoptm HTTP/1.1" 200 21 "-" "WordPress/6.7.1; https://misswavenigeria.com"
165.231.182.25 - - [08/Jan/2025:22:53:57 -0500] "GET /register/ HTTP/1.0" 200 75934 "https://misswavenigeria.com/register/" "Mozilla/5.0 (Windows NT 10.0; WOW64) AppleWebKit/537.36 (KHTML, like Gecko) Chrome/103.0.0.0 Safari/537.36"
165.231.182.25 - - [08/Jan/2025:22:53:59 -0500] "POST /register/ HTTP/1.0" 200 0 "https://misswavenigeria.com/register/" "Mozilla/5.0 (Windows NT 10.0; WOW64) AppleWebKit/537.36 (KHTML, like Gecko) Chrome/103.0.0.0 Safari/537.36"
165.231.182.25 - - [08/Jan/2025:22:56:29 -0500] "GET /register/ HTTP/1.0" 200 75934 "https://misswavenigeria.com/" "Mozilla/5.0 (Windows NT 10.0; WOW64) AppleWebKit/537.36 (KHTML, like Gecko) Chrome/103.0.0.0 Safari/537.36"
66.249.79.206 - - [08/Jan/2025:22:56:29 -0500] "GET /wp-sitemap-users-1.xml HTTP/1.1" 200 14680 "-" "Mozilla/5.0 (compatible; Googlebot/2.1; +http://www.google.com/bot.html)"
165.231.182.25 - - [08/Jan/2025:22:56:49 -0500] "GET / HTTP/1.0" 200 109067 "https://misswavenigeria.com/" "Mozilla/5.0 (Windows NT 6.3; Win64; x64) AppleWebKit/537.36 (KHTML, like Gecko) Chrome/103.0.5060.53 Safari/537.36"
165.231.182.25 - - [08/Jan/2025:22:56:51 -0500] "GET /register/ HTTP/1.0" 200 75934 "https://misswavenigeria.com/register/" "Mozilla/5.0 (Windows NT 6.3; Win64; x64) AppleWebKit/537.36 (KHTML, like Gecko) Chrome/103.0.5060.53 Safari/537.36"
66.29.132.124 - - [08/Jan/2025:22:56:53 -0500] "POST /wp-cron.php?doing_wp_cron=1736395013.3717839717864990234375 HTTP/1.1" 200 0 "-" "WordPress/6.7.1; https://misswavenigeria.com"
66.29.132.124 - - [08/Jan/2025:22:56:53 -0500] "POST /wp-admin/admin-ajax.php?action=async_litespeed&nonce=hO5nmwev7leWU5BSar2SmLV8pFhmLtnF&litespeed_type=imgoptm HTTP/1.1" 200 21 "-" "WordPress/6.7.1; https://misswavenigeria.com"
165.231.182.25 - - [08/Jan/2025:22:56:53 -0500] "POST /register/ HTTP/1.0" 200 76060 "https://misswavenigeria.com/register/" "Mozilla/5.0 (Windows NT 6.3; Win64; x64) AppleWebKit/537.36 (KHTML, like Gecko) Chrome/103.0.5060.53 Safari/537.36"
66.29.132.124 - - [08/Jan/2025:22:58:46 -0500] "POST /wp-cron.php?doing_wp_cron=1736395126.1987130641937255859375 HTTP/1.1" 200 0 "-" "WordPress/6.7.1; https://misswavenigeria.com"
165.231.182.25 - - [08/Jan/2025:22:58:45 -0500] "GET /register/ HTTP/1.0" 200 75934 "https://misswavenigeria.com/" "Mozilla/5.0 (Windows NT 6.3; Win64; x64) AppleWebKit/537.36 (KHTML, like Gecko) Chrome/103.0.5060.53 Safari/537.36"
66.29.132.124 - - [08/Jan/2025:22:58:46 -0500] "POST /wp-admin/admin-ajax.php?action=async_litespeed&nonce=c0hyTyojNwsR1XVQDfsxS9BmojdlonKZ&litespeed_type=imgoptm HTTP/1.1" 200 21 "-" "WordPress/6.7.1; https://misswavenigeria.com"
66.29.132.124 - - [08/Jan/2025:22:59:39 -0500] "POST /wp-cron.php?doing_wp_cron=1736395179.9795238971710205078125 HTTP/1.1" 200 0 "-" "WordPress/6.7.1; https://misswavenigeria.com"
165.231.182.25 - - [08/Jan/2025:22:59:39 -0500] "GET / HTTP/1.0" 200 109067 "https://misswavenigeria.com/" "Mozilla/5.0 (Windows NT 10.0; WOW64) AppleWebKit/537.36 (KHTML, like Gecko) Chrome/103.0.0.0 Safari/537.36"
66.29.132.124 - - [08/Jan/2025:22:59:40 -0500] "POST /wp-admin/admin-ajax.php?action=async_litespeed&nonce=RokmTJINS8CvvfzK5IHSXlRPtFdVEdJF&litespeed_type=imgoptm HTTP/1.1" 200 21 "-" "WordPress/6.7.1; https://misswavenigeria.com"
165.231.182.25 - - [08/Jan/2025:22:59:42 -0500] "GET /register/ HTTP/1.0" 200 75934 "https://misswavenigeria.com/register/" "Mozilla/5.0 (Windows NT 10.0; WOW64) AppleWebKit/537.36 (KHTML, like Gecko) Chrome/103.0.0.0 Safari/537.36"
165.231.182.25 - - [08/Jan/2025:22:59:44 -0500] "POST /register/ HTTP/1.0" 200 76060 "https://misswavenigeria.com/register/" "Mozilla/5.0 (Windows NT 10.0; WOW64) AppleWebKit/537.36 (KHTML, like Gecko) Chrome/103.0.0.0 Safari/537.36"
66.29.132.124 - - [08/Jan/2025:23:02:15 -0500] "POST /wp-cron.php?doing_wp_cron=1736395335.3326990604400634765625 HTTP/1.1" 200 0 "-" "WordPress/6.7.1; https://misswavenigeria.com"
165.231.182.25 - - [08/Jan/2025:23:02:15 -0500] "GET /register/ HTTP/1.0" 200 75934 "https://misswavenigeria.com/" "Mozilla/5.0 (Windows NT 10.0; WOW64) AppleWebKit/537.36 (KHTML, like Gecko) Chrome/103.0.0.0 Safari/537.36"
66.29.132.124 - - [08/Jan/2025:23:02:15 -0500] "POST /wp-admin/admin-ajax.php?action=async_litespeed&nonce=hH0aklPjdb4Rsq87oShdIBYbvF45U6te&litespeed_type=imgoptm HTTP/1.1" 200 21 "-" "WordPress/6.7.1; https://misswavenigeria.com"
66.29.132.124 - - [08/Jan/2025:23:02:41 -0500] "POST /wp-cron.php?doing_wp_cron=1736395361.9794170856475830078125 HTTP/1.1" 200 0 "-" "WordPress/6.7.1; https://misswavenigeria.com"
165.231.182.25 - - [08/Jan/2025:23:02:41 -0500] "GET / HTTP/1.0" 200 109061 "https://misswavenigeria.com/" "Mozilla/5.0 (Windows NT 10.0; Win64; x64) AppleWebKit/537.36 (KHTML, like Gecko) Chrome/103.0.5042.0 Safari/537.36"
165.231.182.25 - - [08/Jan/2025:23:02:44 -0500] "GET /register/ HTTP/1.0" 200 75934 "https://misswavenigeria.com/register/" "Mozilla/5.0 (Windows NT 10.0; Win64; x64) AppleWebKit/537.36 (KHTML, like Gecko) Chrome/103.0.5042.0 Safari/537.36"
165.231.182.25 - - [08/Jan/2025:23:02:45 -0500] "POST /register/ HTTP/1.0" 200 76060 "https://misswavenigeria.com/register/" "Mozilla/5.0 (Windows NT 10.0; Win64; x64) AppleWebKit/537.36 (KHTML, like Gecko) Chrome/103.0.5042.0 Safari/537.36"
66.29.132.124 - - [08/Jan/2025:23:04:40 -0500] "POST /wp-cron.php?doing_wp_cron=1736395480.7119920253753662109375 HTTP/1.1" 200 0 "-" "WordPress/6.7.1; https://misswavenigeria.com"
165.231.182.25 - - [08/Jan/2025:23:04:40 -0500] "GET /register/ HTTP/1.0" 200 75934 "https://misswavenigeria.com/" "Mozilla/5.0 (Windows NT 10.0; Win64; x64) AppleWebKit/537.36 (KHTML, like Gecko) Chrome/103.0.5042.0 Safari/537.36"
66.29.132.124 - - [08/Jan/2025:23:04:41 -0500] "POST /wp-admin/admin-ajax.php?action=async_litespeed&nonce=94OgS33qWOt381DVvtcVLiRdfybFJKAp&litespeed_type=imgoptm HTTP/1.1" 200 21 "-" "WordPress/6.7.1; https://misswavenigeria.com"
66.29.132.124 - - [08/Jan/2025:23:05:40 -0500] "POST /wp-cron.php?doing_wp_cron=1736395540.7806999683380126953125 HTTP/1.1" 200 0 "-" "WordPress/6.7.1; https://misswavenigeria.com"
165.231.182.25 - - [08/Jan/2025:23:05:40 -0500] "GET / HTTP/1.0" 200 109065 "https://misswavenigeria.com/" "Mozilla/5.0 (Windows NT 6.3; Win64; x64) AppleWebKit/537.36 (KHTML, like Gecko) Chrome/103.0.5060.114 Safari/537.36"
66.29.132.124 - - [08/Jan/2025:23:05:40 -0500] "POST /wp-admin/admin-ajax.php?action=async_litespeed&nonce=2LlisLETGL6CA5DP4Yteoyj2aFOKwgmC&litespeed_type=imgoptm HTTP/1.1" 200 21 "-" "WordPress/6.7.1; https://misswavenigeria.com"
165.231.182.25 - - [08/Jan/2025:23:05:42 -0500] "GET /register/ HTTP/1.0" 200 75934 "https://misswavenigeria.com/register/" "Mozilla/5.0 (Windows NT 6.3; Win64; x64) AppleWebKit/537.36 (KHTML, like Gecko) Chrome/103.0.5060.114 Safari/537.36"
165.231.182.25 - - [08/Jan/2025:23:05:44 -0500] "POST /register/ HTTP/1.0" 200 76060 "https://misswavenigeria.com/register/" "Mozilla/5.0 (Windows NT 6.3; Win64; x64) AppleWebKit/537.36 (KHTML, like Gecko) Chrome/103.0.5060.114 Safari/537.36"
66.29.132.124 - - [08/Jan/2025:23:07:20 -0500] "POST /wp-cron.php?doing_wp_cron=1736395640.8071858882904052734375 HTTP/1.1" 200 0 "-" "WordPress/6.7.1; https://misswavenigeria.com"
165.231.182.25 - - [08/Jan/2025:23:07:20 -0500] "GET /register/ HTTP/1.0" 200 75934 "https://misswavenigeria.com/" "Mozilla/5.0 (Windows NT 6.3; Win64; x64) AppleWebKit/537.36 (KHTML, like Gecko) Chrome/103.0.5060.114 Safari/537.36"
66.29.132.124 - - [08/Jan/2025:23:07:20 -0500] "POST /wp-admin/admin-ajax.php?action=async_litespeed&nonce=Fm8W44xnKtkZqcLZDct2ke2FgOyl4FfP&litespeed_type=imgoptm HTTP/1.1" 200 21 "-" "WordPress/6.7.1; https://misswavenigeria.com"
66.29.132.124 - - [08/Jan/2025:23:08:33 -0500] "POST /wp-cron.php?doing_wp_cron=1736395713.6924569606781005859375 HTTP/1.1" 200 0 "-" "WordPress/6.7.1; https://misswavenigeria.com"
165.231.182.25 - - [08/Jan/2025:23:08:33 -0500] "GET / HTTP/1.0" 200 109067 "https://misswavenigeria.com/" "Mozilla/5.0 (Windows NT 6.1; Win64; x64) AppleWebKit/537.36 (KHTML, like Gecko) Chrome/103.0.5060.66 Safari/537.36"
66.29.132.124 - - [08/Jan/2025:23:08:33 -0500] "POST /wp-admin/admin-ajax.php?action=async_litespeed&nonce=GKSWzvMgtuG5r907IhpX87Ih8rgrpli1&litespeed_type=imgoptm HTTP/1.1" 200 21 "-" "WordPress/6.7.1; https://misswavenigeria.com"
165.231.182.25 - - [08/Jan/2025:23:08:35 -0500] "GET /register/ HTTP/1.0" 200 75934 "https://misswavenigeria.com/register/" "Mozilla/5.0 (Windows NT 6.1; Win64; x64) AppleWebKit/537.36 (KHTML, like Gecko) Chrome/103.0.5060.66 Safari/537.36"
165.231.182.25 - - [08/Jan/2025:23:08:37 -0500] "POST /register/ HTTP/1.0" 200 76060 "https://misswavenigeria.com/register/" "Mozilla/5.0 (Windows NT 6.1; Win64; x64) AppleWebKit/537.36 (KHTML, like Gecko) Chrome/103.0.5060.66 Safari/537.36"
66.29.132.124 - - [08/Jan/2025:23:10:40 -0500] "POST /wp-cron.php?doing_wp_cron=1736395840.2989580631256103515625 HTTP/1.1" 200 0 "-" "WordPress/6.7.1; https://misswavenigeria.com"
66.29.132.124 - - [08/Jan/2025:23:11:31 -0500] "POST /wp-cron.php?doing_wp_cron=1736395891.0283160209655761718750 HTTP/1.1" 200 0 "-" "WordPress/6.7.1; https://misswavenigeria.com"
165.231.182.25 - - [08/Jan/2025:23:11:30 -0500] "GET / HTTP/1.0" 200 109067 "https://misswavenigeria.com/" "Mozilla/5.0 (Windows NT 10.0; Win64; x64) AppleWebKit/537.36 (KHTML, like Gecko) Chrome/103.0.5042.0 Safari/537.36"
66.29.132.124 - - [08/Jan/2025:23:11:31 -0500] "POST /wp-admin/admin-ajax.php?action=async_litespeed&nonce=ekouuRVgmlsIn6mkWUEpqO1ds6hSTkWC&litespeed_type=imgoptm HTTP/1.1" 200 21 "-" "WordPress/6.7.1; https://misswavenigeria.com"
165.231.182.25 - - [08/Jan/2025:23:11:33 -0500] "GET /register/ HTTP/1.0" 200 75934 "https://misswavenigeria.com/register/" "Mozilla/5.0 (Windows NT 10.0; Win64; x64) AppleWebKit/537.36 (KHTML, like Gecko) Chrome/103.0.5042.0 Safari/537.36"
165.231.182.25 - - [08/Jan/2025:23:10:39 -0500] "GET /register/ HTTP/1.0" 200 75934 "https://misswavenigeria.com/" "Mozilla/5.0 (Windows NT 6.1; Win64; x64) AppleWebKit/537.36 (KHTML, like Gecko) Chrome/103.0.5060.66 Safari/537.36"
66.29.132.124 - - [08/Jan/2025:23:10:40 -0500] "POST /wp-admin/admin-ajax.php?action=async_litespeed&nonce=rS658nAzqgKzsXtJshw9o0VSgVOmLKAn&litespeed_type=imgoptm HTTP/1.1" 200 21 "-" "WordPress/6.7.1; https://misswavenigeria.com"
165.231.182.25 - - [08/Jan/2025:23:11:35 -0500] "POST /register/ HTTP/1.0" 200 76060 "https://misswavenigeria.com/register/" "Mozilla/5.0 (Windows NT 10.0; Win64; x64) AppleWebKit/537.36 (KHTML, like Gecko) Chrome/103.0.5042.0 Safari/537.36"
66.29.132.124 - - [08/Jan/2025:23:13:31 -0500] "POST /wp-cron.php?doing_wp_cron=1736396011.2681789398193359375000 HTTP/1.1" 200 0 "-" "WordPress/6.7.1; https://misswavenigeria.com"
165.231.182.25 - - [08/Jan/2025:23:13:30 -0500] "GET /register/ HTTP/1.0" 200 75934 "https://misswavenigeria.com/" "Mozilla/5.0 (Windows NT 10.0; Win64; x64) AppleWebKit/537.36 (KHTML, like Gecko) Chrome/103.0.5042.0 Safari/537.36"
66.29.132.124 - - [08/Jan/2025:23:13:31 -0500] "POST /wp-admin/admin-ajax.php?action=async_litespeed&nonce=7yReA3mYhh5cbSk4tOuatFqC15WO5Sis&litespeed_type=imgoptm HTTP/1.1" 200 21 "-" "WordPress/6.7.1; https://misswavenigeria.com"
66.29.132.124 - - [08/Jan/2025:23:14:25 -0500] "POST /wp-cron.php?doing_wp_cron=1736396065.0792379379272460937500 HTTP/1.1" 200 0 "-" "WordPress/6.7.1; https://misswavenigeria.com"
165.231.182.25 - - [08/Jan/2025:23:14:24 -0500] "GET / HTTP/1.0" 200 109065 "https://misswavenigeria.com/" "Mozilla/5.0 (Windows NT 10.0; WOW64) AppleWebKit/537.36 (KHTML, like Gecko) Chrome/103.0.0.0 Safari/537.36"
66.29.132.124 - - [08/Jan/2025:23:14:26 -0500] "POST /wp-admin/admin-ajax.php?action=async_litespeed&nonce=e1ARIl1Zdaxe6GcEis3hA8NABe5fMI2b&litespeed_type=imgoptm HTTP/1.1" 200 0 "-" "WordPress/6.7.1; https://misswavenigeria.com"
165.231.182.25 - - [08/Jan/2025:23:14:28 -0500] "GET /register/ HTTP/1.0" 200 75934 "https://misswavenigeria.com/register/" "Mozilla/5.0 (Windows NT 10.0; WOW64) AppleWebKit/537.36 (KHTML, like Gecko) Chrome/103.0.0.0 Safari/537.36"
165.231.182.25 - - [08/Jan/2025:23:14:30 -0500] "POST /register/ HTTP/1.0" 200 76060 "https://misswavenigeria.com/register/" "Mozilla/5.0 (Windows NT 10.0; WOW64) AppleWebKit/537.36 (KHTML, like Gecko) Chrome/103.0.0.0 Safari/537.36"
66.29.132.124 - - [08/Jan/2025:23:16:50 -0500] "POST /wp-cron.php?doing_wp_cron=1736396210.0343780517578125000000 HTTP/1.1" 200 0 "-" "WordPress/6.7.1; https://misswavenigeria.com"
165.231.182.25 - - [08/Jan/2025:23:16:49 -0500] "GET /register/ HTTP/1.0" 200 75934 "https://misswavenigeria.com/" "Mozilla/5.0 (Windows NT 10.0; WOW64) AppleWebKit/537.36 (KHTML, like Gecko) Chrome/103.0.0.0 Safari/537.36"
66.29.132.124 - - [08/Jan/2025:23:16:50 -0500] "POST /wp-admin/admin-ajax.php?action=async_litespeed&nonce=Fdvp9GRafPe3jUU0thNPNkQwZMcKOqCZ&litespeed_type=imgoptm HTTP/1.1" 200 21 "-" "WordPress/6.7.1; https://misswavenigeria.com"
165.231.182.25 - - [08/Jan/2025:23:17:20 -0500] "GET / HTTP/1.0" 200 109065 "https://misswavenigeria.com/" "Mozilla/5.0 (Windows NT 6.1; Win64; x64) AppleWebKit/537.36 (KHTML, like Gecko) Chrome/103.0.5060.66 Safari/537.36"
165.231.182.25 - - [08/Jan/2025:23:17:23 -0500] "GET /register/ HTTP/1.0" 200 75934 "https://misswavenigeria.com/register/" "Mozilla/5.0 (Windows NT 6.1; Win64; x64) AppleWebKit/537.36 (KHTML, like Gecko) Chrome/103.0.5060.66 Safari/537.36"
66.29.132.124 - - [08/Jan/2025:23:17:25 -0500] "POST /wp-cron.php?doing_wp_cron=1736396245.1680169105529785156250 HTTP/1.1" 200 0 "-" "WordPress/6.7.1; https://misswavenigeria.com"
165.231.182.25 - - [08/Jan/2025:23:17:24 -0500] "POST /register/ HTTP/1.0" 200 76060 "https://misswavenigeria.com/register/" "Mozilla/5.0 (Windows NT 6.1; Win64; x64) AppleWebKit/537.36 (KHTML, like Gecko) Chrome/103.0.5060.66 Safari/537.36"
66.29.132.124 - - [08/Jan/2025:23:19:25 -0500] "POST /wp-cron.php?doing_wp_cron=1736396364.9924430847167968750000 HTTP/1.1" 200 0 "-" "WordPress/6.7.1; https://misswavenigeria.com"
165.231.182.25 - - [08/Jan/2025:23:19:24 -0500] "GET /register/ HTTP/1.0" 200 75934 "https://misswavenigeria.com/" "Mozilla/5.0 (Windows NT 6.1; Win64; x64) AppleWebKit/537.36 (KHTML, like Gecko) Chrome/103.0.5060.66 Safari/537.36"
66.29.132.124 - - [08/Jan/2025:23:19:25 -0500] "POST /wp-admin/admin-ajax.php?action=async_litespeed&nonce=9cfGWKQJvEJoJc3HxI32lGRwqOM8hdro&litespeed_type=imgoptm HTTP/1.1" 200 21 "-" "WordPress/6.7.1; https://misswavenigeria.com"
66.29.132.124 - - [08/Jan/2025:23:20:12 -0500] "POST /wp-cron.php?doing_wp_cron=1736396412.2644169330596923828125 HTTP/1.1" 200 0 "-" "WordPress/6.7.1; https://misswavenigeria.com"
165.231.182.25 - - [08/Jan/2025:23:20:11 -0500] "GET / HTTP/1.0" 200 109065 "https://misswavenigeria.com/" "Mozilla/5.0 (Windows NT 6.1; Win64; x64) AppleWebKit/537.36 (KHTML, like Gecko) Chrome/103.0.0.0 Safari/537.36"
66.29.132.124 - - [08/Jan/2025:23:20:12 -0500] "POST /wp-admin/admin-ajax.php?action=async_litespeed&nonce=DHd3uCFdaCw8K2plKje65r4oLgIOyb59&litespeed_type=imgoptm HTTP/1.1" 200 21 "-" "WordPress/6.7.1; https://misswavenigeria.com"
165.231.182.25 - - [08/Jan/2025:23:20:16 -0500] "GET /register/ HTTP/1.0" 200 75934 "https://misswavenigeria.com/register/" "Mozilla/5.0 (Windows NT 6.1; Win64; x64) AppleWebKit/537.36 (KHTML, like Gecko) Chrome/103.0.0.0 Safari/537.36"
165.231.182.25 - - [08/Jan/2025:23:20:17 -0500] "POST /register/ HTTP/1.0" 200 76060 "https://misswavenigeria.com/register/" "Mozilla/5.0 (Windows NT 6.1; Win64; x64) AppleWebKit/537.36 (KHTML, like Gecko) Chrome/103.0.0.0 Safari/537.36"
66.29.132.124 - - [08/Jan/2025:23:22:09 -0500] "POST /wp-cron.php?doing_wp_cron=1736396529.3969829082489013671875 HTTP/1.1" 200 0 "-" "WordPress/6.7.1; https://misswavenigeria.com"
165.231.182.25 - - [08/Jan/2025:23:22:09 -0500] "GET /register/ HTTP/1.0" 200 75934 "https://misswavenigeria.com/" "Mozilla/5.0 (Windows NT 6.1; Win64; x64) AppleWebKit/537.36 (KHTML, like Gecko) Chrome/103.0.0.0 Safari/537.36"
66.29.132.124 - - [08/Jan/2025:23:22:09 -0500] "POST /wp-admin/admin-ajax.php?action=async_litespeed&nonce=TFNRAi2wLhoXbGONGrW2NSD38vTqJ6tk&litespeed_type=imgoptm HTTP/1.1" 200 21 "-" "WordPress/6.7.1; https://misswavenigeria.com"
66.29.132.124 - - [08/Jan/2025:23:23:04 -0500] "POST /wp-cron.php?doing_wp_cron=1736396584.6136300563812255859375 HTTP/1.1" 200 0 "-" "WordPress/6.7.1; https://misswavenigeria.com"
165.231.182.25 - - [08/Jan/2025:23:23:04 -0500] "GET / HTTP/1.0" 200 109067 "https://misswavenigeria.com/" "Mozilla/5.0 (Windows NT 10.0; Win64; x64) AppleWebKit/537.36 (KHTML, like Gecko) Chrome/103.0.5060.66 Safari/537.36"
66.29.132.124 - - [08/Jan/2025:23:23:05 -0500] "POST /wp-admin/admin-ajax.php?action=async_litespeed&nonce=bkBsM450tf49oxwqF6S5a7VhtOnxCk3K&litespeed_type=imgoptm HTTP/1.1" 200 21 "-" "WordPress/6.7.1; https://misswavenigeria.com"
165.231.182.25 - - [08/Jan/2025:23:23:07 -0500] "GET /register/ HTTP/1.0" 200 75934 "https://misswavenigeria.com/register/" "Mozilla/5.0 (Windows NT 10.0; Win64; x64) AppleWebKit/537.36 (KHTML, like Gecko) Chrome/103.0.5060.66 Safari/537.36"
165.231.182.25 - - [08/Jan/2025:23:23:10 -0500] "POST /register/ HTTP/1.0" 200 76060 "https://misswavenigeria.com/register/" "Mozilla/5.0 (Windows NT 10.0; Win64; x64) AppleWebKit/537.36 (KHTML, like Gecko) Chrome/103.0.5060.66 Safari/537.36"
66.29.132.124 - - [08/Jan/2025:23:25:18 -0500] "POST /wp-cron.php?doing_wp_cron=1736396717.4041900634765625000000 HTTP/1.1" 200 0 "-" "WordPress/6.7.1; https://misswavenigeria.com"
165.231.182.25 - - [08/Jan/2025:23:25:16 -0500] "GET /register/ HTTP/1.0" 200 75934 "https://misswavenigeria.com/" "Mozilla/5.0 (Windows NT 10.0; Win64; x64) AppleWebKit/537.36 (KHTML, like Gecko) Chrome/103.0.5060.66 Safari/537.36"
165.231.182.25 - - [08/Jan/2025:23:25:59 -0500] "GET / HTTP/1.0" 200 109067 "https://misswavenigeria.com/" "Mozilla/5.0 (Windows NT 6.1; Win64; x64) AppleWebKit/537.36 (KHTML, like Gecko) Chrome/103.0.0.0 Safari/537.36"
165.231.182.25 - - [08/Jan/2025:23:26:01 -0500] "GET /register/ HTTP/1.0" 200 75934 "https://misswavenigeria.com/register/" "Mozilla/5.0 (Windows NT 6.1; Win64; x64) AppleWebKit/537.36 (KHTML, like Gecko) Chrome/103.0.0.0 Safari/537.36"
165.231.182.25 - - [08/Jan/2025:23:26:03 -0500] "POST /register/ HTTP/1.0" 200 76060 "https://misswavenigeria.com/register/" "Mozilla/5.0 (Windows NT 6.1; Win64; x64) AppleWebKit/537.36 (KHTML, like Gecko) Chrome/103.0.0.0 Safari/537.36"
66.29.132.124 - - [08/Jan/2025:23:28:18 -0500] "POST /wp-cron.php?doing_wp_cron=1736396898.5130200386047363281250 HTTP/1.1" 200 0 "-" "WordPress/6.7.1; https://misswavenigeria.com"
165.231.182.25 - - [08/Jan/2025:23:28:18 -0500] "GET /register/ HTTP/1.0" 200 75934 "https://misswavenigeria.com/" "Mozilla/5.0 (Windows NT 6.1; Win64; x64) AppleWebKit/537.36 (KHTML, like Gecko) Chrome/103.0.0.0 Safari/537.36"
66.29.132.124 - - [08/Jan/2025:23:28:18 -0500] "POST /wp-admin/admin-ajax.php?action=async_litespeed&nonce=51AzvdV6eaBMGSQST3tKdewplvU193nP&litespeed_type=imgoptm HTTP/1.1" 200 21 "-" "WordPress/6.7.1; https://misswavenigeria.com"
66.29.132.124 - - [08/Jan/2025:23:28:56 -0500] "POST /wp-cron.php?doing_wp_cron=1736396936.8030810356140136718750 HTTP/1.1" 200 0 "-" "WordPress/6.7.1; https://misswavenigeria.com"
165.231.182.25 - - [08/Jan/2025:23:28:56 -0500] "GET / HTTP/1.0" 200 109065 "https://misswavenigeria.com/" "Mozilla/5.0 (Windows NT 10.0; WOW64) AppleWebKit/537.36 (KHTML, like Gecko) Chrome/103.0.5060.114 Safari/537.36"
66.29.132.124 - - [08/Jan/2025:23:28:57 -0500] "POST /wp-admin/admin-ajax.php?action=async_litespeed&nonce=sXRFMhl1dMNt7coY7PiIMI3KJ7phRuev&litespeed_type=imgoptm HTTP/1.1" 200 21 "-" "WordPress/6.7.1; https://misswavenigeria.com"
165.231.182.25 - - [08/Jan/2025:23:28:59 -0500] "GET /register/ HTTP/1.0" 200 75934 "https://misswavenigeria.com/register/" "Mozilla/5.0 (Windows NT 10.0; WOW64) AppleWebKit/537.36 (KHTML, like Gecko) Chrome/103.0.5060.114 Safari/537.36"
165.231.182.25 - - [08/Jan/2025:23:29:00 -0500] "POST /register/ HTTP/1.0" 200 76060 "https://misswavenigeria.com/register/" "Mozilla/5.0 (Windows NT 10.0; WOW64) AppleWebKit/537.36 (KHTML, like Gecko) Chrome/103.0.5060.114 Safari/537.36"
66.29.132.124 - - [08/Jan/2025:23:31:14 -0500] "POST /wp-cron.php?doing_wp_cron=1736397074.4129118919372558593750 HTTP/1.1" 200 0 "-" "WordPress/6.7.1; https://misswavenigeria.com"
165.231.182.25 - - [08/Jan/2025:23:31:14 -0500] "GET /register/ HTTP/1.0" 200 75934 "https://misswavenigeria.com/" "Mozilla/5.0 (Windows NT 10.0; WOW64) AppleWebKit/537.36 (KHTML, like Gecko) Chrome/103.0.5060.114 Safari/537.36"
66.29.132.124 - - [08/Jan/2025:23:31:14 -0500] "POST /wp-admin/admin-ajax.php?action=async_litespeed&nonce=DeQgM14oMwCWRDr1S819iFZut5W1KKCD&litespeed_type=imgoptm HTTP/1.1" 200 21 "-" "WordPress/6.7.1; https://misswavenigeria.com"
66.29.132.124 - - [08/Jan/2025:23:31:54 -0500] "POST /wp-cron.php?doing_wp_cron=1736397114.0402679443359375000000 HTTP/1.1" 200 0 "-" "WordPress/6.7.1; https://misswavenigeria.com"
165.231.182.25 - - [08/Jan/2025:23:31:53 -0500] "GET / HTTP/1.0" 200 109067 "https://misswavenigeria.com/" "Mozilla/5.0 (Windows NT 6.3; WOW64) AppleWebKit/537.36 (KHTML, like Gecko) Chrome/103.0.5060.114 Safari/537.36"
66.29.132.124 - - [08/Jan/2025:23:31:54 -0500] "POST /wp-admin/admin-ajax.php?action=async_litespeed&nonce=yxjPC67FxdMN6eBCgA8uP01K0HpvRYN0&litespeed_type=imgoptm HTTP/1.1" 200 21 "-" "WordPress/6.7.1; https://misswavenigeria.com"
165.231.182.25 - - [08/Jan/2025:23:31:56 -0500] "GET /register/ HTTP/1.0" 200 75934 "https://misswavenigeria.com/register/" "Mozilla/5.0 (Windows NT 6.3; WOW64) AppleWebKit/537.36 (KHTML, like Gecko) Chrome/103.0.5060.114 Safari/537.36"
165.231.182.25 - - [08/Jan/2025:23:31:58 -0500] "POST /register/ HTTP/1.0" 200 76060 "https://misswavenigeria.com/register/" "Mozilla/5.0 (Windows NT 6.3; WOW64) AppleWebKit/537.36 (KHTML, like Gecko) Chrome/103.0.5060.114 Safari/537.36"
66.29.132.124 - - [08/Jan/2025:23:34:15 -0500] "POST /wp-cron.php?doing_wp_cron=1736397255.5683779716491699218750 HTTP/1.1" 200 0 "-" "WordPress/6.7.1; https://misswavenigeria.com"
165.231.182.25 - - [08/Jan/2025:23:34:15 -0500] "GET /register/ HTTP/1.0" 200 75934 "https://misswavenigeria.com/" "Mozilla/5.0 (Windows NT 6.3; WOW64) AppleWebKit/537.36 (KHTML, like Gecko) Chrome/103.0.5060.114 Safari/537.36"
66.29.132.124 - - [08/Jan/2025:23:34:15 -0500] "POST /wp-admin/admin-ajax.php?action=async_litespeed&nonce=NOZeG6ym0ILmHw1Vie9HROP4OeUboJ0k&litespeed_type=imgoptm HTTP/1.1" 200 21 "-" "WordPress/6.7.1; https://misswavenigeria.com"
66.29.132.124 - - [08/Jan/2025:23:34:45 -0500] "POST /wp-cron.php?doing_wp_cron=1736397285.7956299781799316406250 HTTP/1.1" 200 0 "-" "WordPress/6.7.1; https://misswavenigeria.com"
165.231.182.25 - - [08/Jan/2025:23:34:45 -0500] "GET / HTTP/1.0" 200 109067 "https://misswavenigeria.com/" "Mozilla/5.0 (Windows NT 10.0; Win64; x64) AppleWebKit/537.36 (KHTML, like Gecko) Chrome/103.0.5060.66 Safari/537.36"
165.231.182.25 - - [08/Jan/2025:23:34:48 -0500] "GET /register/ HTTP/1.0" 200 75934 "https://misswavenigeria.com/register/" "Mozilla/5.0 (Windows NT 10.0; Win64; x64) AppleWebKit/537.36 (KHTML, like Gecko) Chrome/103.0.5060.66 Safari/537.36"
66.29.132.124 - - [08/Jan/2025:23:34:50 -0500] "POST /wp-cron.php?doing_wp_cron=1736397290.0351340770721435546875 HTTP/1.1" 200 0 "-" "WordPress/6.7.1; https://misswavenigeria.com"
66.29.132.124 - - [08/Jan/2025:23:34:50 -0500] "POST /wp-admin/admin-ajax.php?action=async_litespeed&nonce=MyVKvp545nzikFVALMpAD7BmSlDLAtHq&litespeed_type=imgoptm HTTP/1.1" 200 21 "-" "WordPress/6.7.1; https://misswavenigeria.com"
165.231.182.25 - - [08/Jan/2025:23:34:49 -0500] "POST /register/ HTTP/1.0" 200 76060 "https://misswavenigeria.com/register/" "Mozilla/5.0 (Windows NT 10.0; Win64; x64) AppleWebKit/537.36 (KHTML, like Gecko) Chrome/103.0.5060.66 Safari/537.36"
66.29.132.124 - - [08/Jan/2025:23:37:03 -0500] "POST /wp-cron.php?doing_wp_cron=1736397423.7564918994903564453125 HTTP/1.1" 200 0 "-" "WordPress/6.7.1; https://misswavenigeria.com"
