52.167.144.19 - - [23/Dec/2024:11:00:35 -0500] "GET /zhovu/h451582.html HTTP/1.1" 200 45642 "-" "Mozilla/5.0 AppleWebKit/537.36 (KHTML, like Gecko; compatible; bingbot/2.0; +http://www.bing.com/bingbot.htm) Chrome/116.0.1938.76 Safari/537.36"
66.249.79.160 - - [23/Dec/2024:11:00:51 -0500] "GET /bxjoc/e2450303.html HTTP/1.1" 200 45001 "-" "Mozilla/5.0 (Linux; Android 6.0.1; Nexus 5X Build/MMB29P) AppleWebKit/537.36 (KHTML, like Gecko) Chrome/131.0.6778.139 Mobile Safari/537.36 (compatible; Googlebot/2.1; +http://www.google.com/bot.html)"
66.249.79.173 - - [23/Dec/2024:11:00:51 -0500] "GET /ktdbl/u2686139.html HTTP/1.1" 200 44695 "-" "Mozilla/5.0 (Linux; Android 6.0.1; Nexus 5X Build/MMB29P) AppleWebKit/537.36 (KHTML, like Gecko) Chrome/131.0.6778.139 Mobile Safari/537.36 (compatible; Googlebot/2.1; +http://www.google.com/bot.html)"
52.167.144.23 - - [23/Dec/2024:11:00:54 -0500] "GET /lacof/e1881267.html HTTP/1.1" 200 44659 "-" "Mozilla/5.0 AppleWebKit/537.36 (KHTML, like Gecko; compatible; bingbot/2.0; +http://www.bing.com/bingbot.htm) Chrome/116.0.1938.76 Safari/537.36"
52.167.144.158 - - [23/Dec/2024:11:00:59 -0500] "GET /zacly/t3020550.html HTTP/1.1" 200 44129 "-" "Mozilla/5.0 AppleWebKit/537.36 (KHTML, like Gecko; compatible; bingbot/2.0; +http://www.bing.com/bingbot.htm) Chrome/116.0.1938.76 Safari/537.36"
20.15.133.184 - - [23/Dec/2024:11:01:05 -0500] "GET /xzsyt/f448616.html HTTP/1.1" 200 44261 "-" "Mozilla/5.0 AppleWebKit/537.36 (KHTML, like Gecko; compatible; bingbot/2.0; +http://www.bing.com/bingbot.htm) Chrome/116.0.1938.76 Safari/537.36"
52.167.144.19 - - [23/Dec/2024:11:01:16 -0500] "GET /yzczv/i2661765.html HTTP/1.1" 200 44552 "-" "Mozilla/5.0 AppleWebKit/537.36 (KHTML, like Gecko; compatible; bingbot/2.0; +http://www.bing.com/bingbot.htm) Chrome/116.0.1938.76 Safari/537.36"
185.220.101.75 - - [23/Dec/2024:11:01:19 -0500] "POST /xmlrpc.php HTTP/1.1" 200 0 "https://diixadigital.com/" "Mozilla/5.0 (Macintosh; Intel Mac OS X 10_10; rv:33.0) Gecko/20100101 Firefox/33.0"
66.249.79.173 - - [23/Dec/2024:11:01:46 -0500] "GET /jivcu/o2525375.html HTTP/1.1" 200 43846 "-" "Mozilla/5.0 (Linux; Android 6.0.1; Nexus 5X Build/MMB29P) AppleWebKit/537.36 (KHTML, like Gecko) Chrome/131.0.6778.139 Mobile Safari/537.36 (compatible; Googlebot/2.1; +http://www.google.com/bot.html)"
20.15.133.184 - - [23/Dec/2024:11:02:31 -0500] "GET /tienj/f644812.html HTTP/1.1" 200 44340 "-" "Mozilla/5.0 AppleWebKit/537.36 (KHTML, like Gecko; compatible; bingbot/2.0; +http://www.bing.com/bingbot.htm) Chrome/116.0.1938.76 Safari/537.36"
66.249.79.173 - - [23/Dec/2024:11:02:56 -0500] "GET /biwon/e872987.html HTTP/1.1" 200 46065 "-" "Mozilla/5.0 (Linux; Android 6.0.1; Nexus 5X Build/MMB29P) AppleWebKit/537.36 (KHTML, like Gecko) Chrome/131.0.6778.139 Mobile Safari/537.36 (compatible; Googlebot/2.1; +http://www.google.com/bot.html)"
52.167.144.23 - - [23/Dec/2024:11:03:36 -0500] "GET /qqymh/l589074.html HTTP/1.1" 200 44078 "-" "Mozilla/5.0 AppleWebKit/537.36 (KHTML, like Gecko; compatible; bingbot/2.0; +http://www.bing.com/bingbot.htm) Chrome/116.0.1938.76 Safari/537.36"
66.249.79.160 - - [23/Dec/2024:11:04:08 -0500] "GET /fpwwf/t2738138.html HTTP/1.1" 200 45253 "-" "Mozilla/5.0 (Linux; Android 6.0.1; Nexus 5X Build/MMB29P) AppleWebKit/537.36 (KHTML, like Gecko) Chrome/131.0.6778.139 Mobile Safari/537.36 (compatible; Googlebot/2.1; +http://www.google.com/bot.html)"
52.167.144.23 - - [23/Dec/2024:11:04:27 -0500] "GET /yhkns/r2890886.html HTTP/1.1" 200 44439 "-" "Mozilla/5.0 AppleWebKit/537.36 (KHTML, like Gecko; compatible; bingbot/2.0; +http://www.bing.com/bingbot.htm) Chrome/116.0.1938.76 Safari/537.36"
66.249.79.161 - - [23/Dec/2024:11:05:09 -0500] "GET /fwhtk/j537150.html HTTP/1.1" 200 45229 "-" "Mozilla/5.0 (Linux; Android 6.0.1; Nexus 5X Build/MMB29P) AppleWebKit/537.36 (KHTML, like Gecko) Chrome/131.0.6778.139 Mobile Safari/537.36 (compatible; Googlebot/2.1; +http://www.google.com/bot.html)"
20.15.133.174 - - [23/Dec/2024:11:05:29 -0500] "GET /elaph/x2543324.html HTTP/1.1" 200 44379 "-" "Mozilla/5.0 AppleWebKit/537.36 (KHTML, like Gecko; compatible; bingbot/2.0; +http://www.bing.com/bingbot.htm) Chrome/116.0.1938.76 Safari/537.36"
20.15.133.184 - - [23/Dec/2024:11:05:51 -0500] "GET /bosnb/i1162527.html HTTP/1.1" 200 45945 "-" "Mozilla/5.0 AppleWebKit/537.36 (KHTML, like Gecko; compatible; bingbot/2.0; +http://www.bing.com/bingbot.htm) Chrome/116.0.1938.76 Safari/537.36"
66.249.79.160 - - [23/Dec/2024:11:06:10 -0500] "GET /dneqk/r1394560.html HTTP/1.1" 200 44519 "-" "Mozilla/5.0 (Linux; Android 6.0.1; Nexus 5X Build/MMB29P) AppleWebKit/537.36 (KHTML, like Gecko) Chrome/131.0.6778.139 Mobile Safari/537.36 (compatible; Googlebot/2.1; +http://www.google.com/bot.html)"
20.15.133.174 - - [23/Dec/2024:11:06:17 -0500] "GET /njcvb/x1147644.html HTTP/1.1" 200 45163 "-" "Mozilla/5.0 AppleWebKit/537.36 (KHTML, like Gecko; compatible; bingbot/2.0; +http://www.bing.com/bingbot.htm) Chrome/116.0.1938.76 Safari/537.36"
20.15.133.184 - - [23/Dec/2024:11:06:31 -0500] "GET /nbesl/n230484.html HTTP/1.1" 200 45638 "-" "Mozilla/5.0 AppleWebKit/537.36 (KHTML, like Gecko; compatible; bingbot/2.0; +http://www.bing.com/bingbot.htm) Chrome/116.0.1938.76 Safari/537.36"
66.29.132.124 - - [23/Dec/2024:11:07:03 -0500] "POST /wp-cron.php?doing_wp_cron=1734970021.9571330547332763671875 HTTP/1.1" 200 0 "-" "WordPress/6.7.1; https://diixadigital.com"
20.15.133.184 - - [23/Dec/2024:11:07:11 -0500] "GET /nfzny/h294776.html HTTP/1.1" 200 45302 "-" "Mozilla/5.0 AppleWebKit/537.36 (KHTML, like Gecko; compatible; bingbot/2.0; +http://www.bing.com/bingbot.htm) Chrome/116.0.1938.76 Safari/537.36"
66.249.79.173 - - [23/Dec/2024:11:07:15 -0500] "GET /mhhsp/p580420.html HTTP/1.1" 200 44475 "-" "Mozilla/5.0 (Linux; Android 6.0.1; Nexus 5X Build/MMB29P) AppleWebKit/537.36 (KHTML, like Gecko) Chrome/131.0.6778.139 Mobile Safari/537.36 (compatible; Googlebot/2.1; +http://www.google.com/bot.html)"
66.29.132.124 - - [23/Dec/2024:11:07:43 -0500] "POST /wp-admin/admin-ajax.php?action=async_litespeed&nonce=1HrcjVjT2lgCZzWmOOYOxfCEm61c4mLA&litespeed_type=imgoptm HTTP/1.1" 200 0 "-" "WordPress/6.7.1; https://diixadigital.com"
52.167.144.158 - - [23/Dec/2024:11:07:48 -0500] "GET /bkuns/l359182.html HTTP/1.1" 200 44398 "-" "Mozilla/5.0 AppleWebKit/537.36 (KHTML, like Gecko; compatible; bingbot/2.0; +http://www.bing.com/bingbot.htm) Chrome/116.0.1938.76 Safari/537.36"
20.15.133.174 - - [23/Dec/2024:11:07:57 -0500] "GET /doswk/h2591590.html HTTP/1.1" 200 43748 "-" "Mozilla/5.0 AppleWebKit/537.36 (KHTML, like Gecko; compatible; bingbot/2.0; +http://www.bing.com/bingbot.htm) Chrome/116.0.1938.76 Safari/537.36"
66.249.79.173 - - [23/Dec/2024:11:08:16 -0500] "GET /lsfej/u513553.html HTTP/1.1" 200 44307 "-" "Mozilla/5.0 (Linux; Android 6.0.1; Nexus 5X Build/MMB29P) AppleWebKit/537.36 (KHTML, like Gecko) Chrome/131.0.6778.139 Mobile Safari/537.36 (compatible; Googlebot/2.1; +http://www.google.com/bot.html)"
66.29.132.124 - - [23/Dec/2024:11:08:18 -0500] "POST /wp-cron.php?doing_wp_cron=1734970098.0526089668273925781250 HTTP/1.1" 200 0 "-" "WordPress/6.7.1; https://diixadigital.com"
66.249.79.173 - - [23/Dec/2024:11:08:50 -0500] "GET /xqymr/u476061.html HTTP/1.1" 200 45040 "-" "Mozilla/5.0 (Linux; Android 6.0.1; Nexus 5X Build/MMB29P) AppleWebKit/537.36 (KHTML, like Gecko) Chrome/131.0.6778.139 Mobile Safari/537.36 (compatible; Googlebot/2.1; +http://www.google.com/bot.html)"
66.249.79.160 - - [23/Dec/2024:11:09:24 -0500] "GET /wktdn/q1065919.html HTTP/1.1" 200 45549 "-" "Mozilla/5.0 (Linux; Android 6.0.1; Nexus 5X Build/MMB29P) AppleWebKit/537.36 (KHTML, like Gecko) Chrome/131.0.6778.139 Mobile Safari/537.36 (compatible; Googlebot/2.1; +http://www.google.com/bot.html)"
20.15.133.184 - - [23/Dec/2024:11:10:32 -0500] "GET /wfyxy/d761966.html HTTP/1.1" 200 44344 "-" "Mozilla/5.0 AppleWebKit/537.36 (KHTML, like Gecko; compatible; bingbot/2.0; +http://www.bing.com/bingbot.htm) Chrome/116.0.1938.76 Safari/537.36"
66.249.79.160 - - [23/Dec/2024:11:10:32 -0500] "GET /kbiat/o2750093.html HTTP/1.1" 200 45222 "-" "Mozilla/5.0 (Linux; Android 6.0.1; Nexus 5X Build/MMB29P) AppleWebKit/537.36 (KHTML, like Gecko) Chrome/131.0.6778.139 Mobile Safari/537.36 (compatible; Googlebot/2.1; +http://www.google.com/bot.html)"
20.15.133.175 - - [23/Dec/2024:11:11:17 -0500] "GET /djnna/k2503349.html HTTP/1.1" 200 43892 "-" "Mozilla/5.0 AppleWebKit/537.36 (KHTML, like Gecko; compatible; bingbot/2.0; +http://www.bing.com/bingbot.htm) Chrome/116.0.1938.76 Safari/537.36"
66.249.79.161 - - [23/Dec/2024:11:11:25 -0500] "GET /vfmis/k556807.html HTTP/1.1" 200 44966 "-" "Mozilla/5.0 (Linux; Android 6.0.1; Nexus 5X Build/MMB29P) AppleWebKit/537.36 (KHTML, like Gecko) Chrome/131.0.6778.139 Mobile Safari/537.36 (compatible; Googlebot/2.1; +http://www.google.com/bot.html)"
66.249.79.160 - - [23/Dec/2024:11:11:59 -0500] "GET /kcldo/l606676.html HTTP/1.1" 200 45672 "-" "Mozilla/5.0 (Linux; Android 6.0.1; Nexus 5X Build/MMB29P) AppleWebKit/537.36 (KHTML, like Gecko) Chrome/131.0.6778.139 Mobile Safari/537.36 (compatible; Googlebot/2.1; +http://www.google.com/bot.html)"
52.167.144.158 - - [23/Dec/2024:11:12:06 -0500] "GET /qujpb/l2975536.html HTTP/1.1" 200 44342 "-" "Mozilla/5.0 AppleWebKit/537.36 (KHTML, like Gecko; compatible; bingbot/2.0; +http://www.bing.com/bingbot.htm) Chrome/116.0.1938.76 Safari/537.36"
52.167.144.158 - - [23/Dec/2024:11:12:26 -0500] "GET /jgsee/j2757940.html HTTP/1.1" 200 44128 "-" "Mozilla/5.0 AppleWebKit/537.36 (KHTML, like Gecko; compatible; bingbot/2.0; +http://www.bing.com/bingbot.htm) Chrome/116.0.1938.76 Safari/537.36"
66.249.79.173 - - [23/Dec/2024:11:12:33 -0500] "GET /jallr/q1348877.html HTTP/1.1" 200 44129 "-" "Mozilla/5.0 (Linux; Android 6.0.1; Nexus 5X Build/MMB29P) AppleWebKit/537.36 (KHTML, like Gecko) Chrome/131.0.6778.139 Mobile Safari/537.36 (compatible; Googlebot/2.1; +http://www.google.com/bot.html)"
52.167.144.17 - - [23/Dec/2024:11:12:35 -0500] "GET /lfgsr/o2520253.html HTTP/1.1" 200 44050 "-" "Mozilla/5.0 AppleWebKit/537.36 (KHTML, like Gecko; compatible; bingbot/2.0; +http://www.bing.com/bingbot.htm) Chrome/116.0.1938.76 Safari/537.36"
20.15.133.184 - - [23/Dec/2024:11:13:11 -0500] "GET /mycqu/y2041525.html HTTP/1.1" 200 44709 "-" "Mozilla/5.0 AppleWebKit/537.36 (KHTML, like Gecko; compatible; bingbot/2.0; +http://www.bing.com/bingbot.htm) Chrome/116.0.1938.76 Safari/537.36"
20.15.133.184 - - [23/Dec/2024:11:13:11 -0500] "GET /serrs/i2924313.html HTTP/1.1" 200 43991 "-" "Mozilla/5.0 AppleWebKit/537.36 (KHTML, like Gecko; compatible; bingbot/2.0; +http://www.bing.com/bingbot.htm) Chrome/116.0.1938.76 Safari/537.36"
20.15.133.175 - - [23/Dec/2024:11:13:31 -0500] "GET /utcgi/z1004308.html HTTP/1.1" 200 44306 "-" "Mozilla/5.0 AppleWebKit/537.36 (KHTML, like Gecko; compatible; bingbot/2.0; +http://www.bing.com/bingbot.htm) Chrome/116.0.1938.76 Safari/537.36"
20.15.133.184 - - [23/Dec/2024:11:13:41 -0500] "GET /fxknc/w2026027.html HTTP/1.1" 200 43715 "-" "Mozilla/5.0 AppleWebKit/537.36 (KHTML, like Gecko; compatible; bingbot/2.0; +http://www.bing.com/bingbot.htm) Chrome/116.0.1938.76 Safari/537.36"
66.249.79.160 - - [23/Dec/2024:11:13:45 -0500] "GET /klyni/p1592132.html HTTP/1.1" 200 44294 "-" "Mozilla/5.0 (Linux; Android 6.0.1; Nexus 5X Build/MMB29P) AppleWebKit/537.36 (KHTML, like Gecko) Chrome/131.0.6778.139 Mobile Safari/537.36 (compatible; Googlebot/2.1; +http://www.google.com/bot.html)"
52.167.144.239 - - [23/Dec/2024:11:14:08 -0500] "GET /citja/t458458.html HTTP/1.1" 200 45116 "-" "Mozilla/5.0 AppleWebKit/537.36 (KHTML, like Gecko; compatible; bingbot/2.0; +http://www.bing.com/bingbot.htm) Chrome/116.0.1938.76 Safari/537.36"
66.249.79.173 - - [23/Dec/2024:11:14:42 -0500] "GET /jhzxu/d1090762.html HTTP/1.1" 200 45024 "-" "Mozilla/5.0 (Linux; Android 6.0.1; Nexus 5X Build/MMB29P) AppleWebKit/537.36 (KHTML, like Gecko) Chrome/131.0.6778.139 Mobile Safari/537.36 (compatible; Googlebot/2.1; +http://www.google.com/bot.html)"
20.15.133.191 - - [23/Dec/2024:11:14:51 -0500] "GET /nxlrk/f920308.html HTTP/1.1" 200 44510 "-" "Mozilla/5.0 AppleWebKit/537.36 (KHTML, like Gecko; compatible; bingbot/2.0; +http://www.bing.com/bingbot.htm) Chrome/116.0.1938.76 Safari/537.36"
20.15.133.175 - - [23/Dec/2024:11:14:57 -0500] "GET /mrnpg/q867357.html HTTP/1.1" 200 45061 "-" "Mozilla/5.0 AppleWebKit/537.36 (KHTML, like Gecko; compatible; bingbot/2.0; +http://www.bing.com/bingbot.htm) Chrome/116.0.1938.76 Safari/537.36"
52.167.144.158 - - [23/Dec/2024:11:15:06 -0500] "GET /vzwhn/g2902315.html HTTP/1.1" 200 45663 "-" "Mozilla/5.0 AppleWebKit/537.36 (KHTML, like Gecko; compatible; bingbot/2.0; +http://www.bing.com/bingbot.htm) Chrome/116.0.1938.76 Safari/537.36"
185.40.4.20 - - [23/Dec/2024:11:15:06 -0500] "POST /xmlrpc.php HTTP/1.1" 200 0 "https://diixadigital.com/" "Mozilla/5.0 (Windows NT 6.1; Win64; x64; Trident/7.0; rv:11.0) like Gecko"
20.15.133.191 - - [23/Dec/2024:11:15:41 -0500] "GET /bibnf/k2566867.html HTTP/1.1" 200 44330 "-" "Mozilla/5.0 AppleWebKit/537.36 (KHTML, like Gecko; compatible; bingbot/2.0; +http://www.bing.com/bingbot.htm) Chrome/116.0.1938.76 Safari/537.36"
20.15.133.191 - - [23/Dec/2024:11:16:12 -0500] "GET /nokpi/v227372.html HTTP/1.1" 200 45378 "-" "Mozilla/5.0 AppleWebKit/537.36 (KHTML, like Gecko; compatible; bingbot/2.0; +http://www.bing.com/bingbot.htm) Chrome/116.0.1938.76 Safari/537.36"
20.15.133.175 - - [23/Dec/2024:11:16:17 -0500] "GET /dqkkt/o860231.html HTTP/1.1" 200 45978 "-" "Mozilla/5.0 AppleWebKit/537.36 (KHTML, like Gecko; compatible; bingbot/2.0; +http://www.bing.com/bingbot.htm) Chrome/116.0.1938.76 Safari/537.36"
66.29.132.124 - - [23/Dec/2024:11:16:21 -0500] "POST /wp-cron.php?doing_wp_cron=1734970580.8484590053558349609375 HTTP/1.1" 200 0 "-" "WordPress/6.7.1; https://diixadigital.com"
66.29.132.124 - - [23/Dec/2024:11:16:43 -0500] "POST /wp-admin/admin-ajax.php?action=async_litespeed&nonce=sVRA5M4BnyfckZqM4zCK6wtFNPdURzhA&litespeed_type=imgoptm HTTP/1.1" 200 0 "-" "WordPress/6.7.1; https://diixadigital.com"
20.15.133.175 - - [23/Dec/2024:11:17:31 -0500] "GET /xensd/j792444.html HTTP/1.1" 200 45086 "-" "Mozilla/5.0 AppleWebKit/537.36 (KHTML, like Gecko; compatible; bingbot/2.0; +http://www.bing.com/bingbot.htm) Chrome/116.0.1938.76 Safari/537.36"
20.15.133.175 - - [23/Dec/2024:11:17:33 -0500] "GET /kvtjf/j1685804.html HTTP/1.1" 200 43618 "-" "Mozilla/5.0 AppleWebKit/537.36 (KHTML, like Gecko; compatible; bingbot/2.0; +http://www.bing.com/bingbot.htm) Chrome/116.0.1938.76 Safari/537.36"
20.15.133.175 - - [23/Dec/2024:11:17:47 -0500] "GET /hkrfy/w927319.html HTTP/1.1" 200 45001 "-" "Mozilla/5.0 AppleWebKit/537.36 (KHTML, like Gecko; compatible; bingbot/2.0; +http://www.bing.com/bingbot.htm) Chrome/116.0.1938.76 Safari/537.36"
66.249.79.173 - - [23/Dec/2024:11:18:21 -0500] "GET /mrbco/h2502670.html HTTP/1.1" 200 44799 "-" "Mozilla/5.0 (Linux; Android 6.0.1; Nexus 5X Build/MMB29P) AppleWebKit/537.36 (KHTML, like Gecko) Chrome/131.0.6778.139 Mobile Safari/537.36 (compatible; Googlebot/2.1; +http://www.google.com/bot.html)"
20.15.133.175 - - [23/Dec/2024:11:18:47 -0500] "GET /xssje/i475035.html HTTP/1.1" 200 44502 "-" "Mozilla/5.0 AppleWebKit/537.36 (KHTML, like Gecko; compatible; bingbot/2.0; +http://www.bing.com/bingbot.htm) Chrome/116.0.1938.76 Safari/537.36"
20.15.133.175 - - [23/Dec/2024:11:18:57 -0500] "GET /wlwgv/d715582.html HTTP/1.1" 200 44910 "-" "Mozilla/5.0 AppleWebKit/537.36 (KHTML, like Gecko; compatible; bingbot/2.0; +http://www.bing.com/bingbot.htm) Chrome/116.0.1938.76 Safari/537.36"
52.167.144.161 - - [23/Dec/2024:11:19:36 -0500] "GET /aneiz/p1052060.html HTTP/1.1" 200 44551 "-" "Mozilla/5.0 AppleWebKit/537.36 (KHTML, like Gecko; compatible; bingbot/2.0; +http://www.bing.com/bingbot.htm) Chrome/116.0.1938.76 Safari/537.36"
52.167.144.137 - - [23/Dec/2024:11:20:19 -0500] "GET /vxzky/d259464.html HTTP/1.1" 200 45916 "-" "Mozilla/5.0 AppleWebKit/537.36 (KHTML, like Gecko; compatible; bingbot/2.0; +http://www.bing.com/bingbot.htm) Chrome/116.0.1938.76 Safari/537.36"
40.77.167.154 - - [23/Dec/2024:11:20:25 -0500] "GET /ntdsi/e3068271.html HTTP/1.1" 200 44172 "-" "Mozilla/5.0 AppleWebKit/537.36 (KHTML, like Gecko; compatible; bingbot/2.0; +http://www.bing.com/bingbot.htm) Chrome/116.0.1938.76 Safari/537.36"
20.15.133.175 - - [23/Dec/2024:11:20:31 -0500] "GET /bfnyj/i510395.html HTTP/1.1" 200 44828 "-" "Mozilla/5.0 AppleWebKit/537.36 (KHTML, like Gecko; compatible; bingbot/2.0; +http://www.bing.com/bingbot.htm) Chrome/116.0.1938.76 Safari/537.36"
66.249.79.160 - - [23/Dec/2024:11:20:57 -0500] "GET /jwgle/g2727023.html HTTP/1.1" 200 45072 "-" "Mozilla/5.0 (Linux; Android 6.0.1; Nexus 5X Build/MMB29P) AppleWebKit/537.36 (KHTML, like Gecko) Chrome/131.0.6778.139 Mobile Safari/537.36 (compatible; Googlebot/2.1; +http://www.google.com/bot.html)"
20.15.133.174 - - [23/Dec/2024:11:21:17 -0500] "GET /sodcl/y3033165.html HTTP/1.1" 200 45030 "-" "Mozilla/5.0 AppleWebKit/537.36 (KHTML, like Gecko; compatible; bingbot/2.0; +http://www.bing.com/bingbot.htm) Chrome/116.0.1938.76 Safari/537.36"
52.167.144.161 - - [23/Dec/2024:11:22:45 -0500] "GET /jygjn/w1345919.html HTTP/1.1" 200 44107 "-" "Mozilla/5.0 AppleWebKit/537.36 (KHTML, like Gecko; compatible; bingbot/2.0; +http://www.bing.com/bingbot.htm) Chrome/116.0.1938.76 Safari/537.36"
52.167.144.137 - - [23/Dec/2024:11:22:58 -0500] "GET /wiwww/b637866.html HTTP/1.1" 200 45807 "-" "Mozilla/5.0 AppleWebKit/537.36 (KHTML, like Gecko; compatible; bingbot/2.0; +http://www.bing.com/bingbot.htm) Chrome/116.0.1938.76 Safari/537.36"
40.77.167.154 - - [23/Dec/2024:11:23:56 -0500] "GET /jedjd/c1028335.html HTTP/1.1" 200 45461 "-" "Mozilla/5.0 AppleWebKit/537.36 (KHTML, like Gecko; compatible; bingbot/2.0; +http://www.bing.com/bingbot.htm) Chrome/116.0.1938.76 Safari/537.36"
40.77.167.154 - - [23/Dec/2024:11:24:16 -0500] "GET /uhsub/e656849.html HTTP/1.1" 200 44299 "-" "Mozilla/5.0 AppleWebKit/537.36 (KHTML, like Gecko; compatible; bingbot/2.0; +http://www.bing.com/bingbot.htm) Chrome/116.0.1938.76 Safari/537.36"
20.15.133.174 - - [23/Dec/2024:11:24:22 -0500] "GET /denmt/x435530.html HTTP/1.1" 200 44543 "-" "Mozilla/5.0 AppleWebKit/537.36 (KHTML, like Gecko; compatible; bingbot/2.0; +http://www.bing.com/bingbot.htm) Chrome/116.0.1938.76 Safari/537.36"
20.15.133.174 - - [23/Dec/2024:11:24:32 -0500] "GET /nzucw/k687925.html HTTP/1.1" 200 44928 "-" "Mozilla/5.0 AppleWebKit/537.36 (KHTML, like Gecko; compatible; bingbot/2.0; +http://www.bing.com/bingbot.htm) Chrome/116.0.1938.76 Safari/537.36"
20.15.133.174 - - [23/Dec/2024:11:25:03 -0500] "GET /hxrcy/l2632778.html HTTP/1.1" 200 44078 "-" "Mozilla/5.0 AppleWebKit/537.36 (KHTML, like Gecko; compatible; bingbot/2.0; +http://www.bing.com/bingbot.htm) Chrome/116.0.1938.76 Safari/537.36"
20.15.133.174 - - [23/Dec/2024:11:26:18 -0500] "GET /exjrk/k412559.html HTTP/1.1" 200 45081 "-" "Mozilla/5.0 AppleWebKit/537.36 (KHTML, like Gecko; compatible; bingbot/2.0; +http://www.bing.com/bingbot.htm) Chrome/116.0.1938.76 Safari/537.36"
52.167.144.137 - - [23/Dec/2024:11:26:59 -0500] "GET /vehmv/n895278.html HTTP/1.1" 200 46083 "-" "Mozilla/5.0 AppleWebKit/537.36 (KHTML, like Gecko; compatible; bingbot/2.0; +http://www.bing.com/bingbot.htm) Chrome/116.0.1938.76 Safari/537.36"
20.15.133.191 - - [23/Dec/2024:11:27:42 -0500] "GET /wqkhd/b2010406.html HTTP/1.1" 200 44211 "-" "Mozilla/5.0 AppleWebKit/537.36 (KHTML, like Gecko; compatible; bingbot/2.0; +http://www.bing.com/bingbot.htm) Chrome/116.0.1938.76 Safari/537.36"
192.42.116.25 - - [23/Dec/2024:11:28:56 -0500] "POST /xmlrpc.php HTTP/1.1" 200 0 "https://diixadigital.com/" "Mozilla/5.0 (Windows NT 10.0; Win64; x64) AppleWebKit/537.36 (KHTML, like Gecko) Chrome/80.0.3987.122 Safari/537.36"
20.15.133.174 - - [23/Dec/2024:11:29:59 -0500] "GET /etkfs/s436825.html HTTP/1.1" 200 44256 "-" "Mozilla/5.0 AppleWebKit/537.36 (KHTML, like Gecko; compatible; bingbot/2.0; +http://www.bing.com/bingbot.htm) Chrome/116.0.1938.76 Safari/537.36"
20.15.133.174 - - [23/Dec/2024:11:30:13 -0500] "GET /vicam/f92650.html HTTP/1.1" 200 45991 "-" "Mozilla/5.0 AppleWebKit/537.36 (KHTML, like Gecko; compatible; bingbot/2.0; +http://www.bing.com/bingbot.htm) Chrome/116.0.1938.76 Safari/537.36"
20.15.133.191 - - [23/Dec/2024:11:31:40 -0500] "GET /cbtss/y2031827.html HTTP/1.1" 200 44502 "-" "Mozilla/5.0 AppleWebKit/537.36 (KHTML, like Gecko; compatible; bingbot/2.0; +http://www.bing.com/bingbot.htm) Chrome/116.0.1938.76 Safari/537.36"
66.249.79.160 - - [23/Dec/2024:11:32:11 -0500] "GET /ncjgc/q1594005.html HTTP/1.1" 200 43765 "-" "Mozilla/5.0 (Linux; Android 6.0.1; Nexus 5X Build/MMB29P) AppleWebKit/537.36 (KHTML, like Gecko) Chrome/131.0.6778.139 Mobile Safari/537.36 (compatible; Googlebot/2.1; +http://www.google.com/bot.html)"
66.249.79.161 - - [23/Dec/2024:11:33:05 -0500] "GET /egwwk/x224098.html HTTP/1.1" 200 44182 "-" "Mozilla/5.0 (Linux; Android 6.0.1; Nexus 5X Build/MMB29P) AppleWebKit/537.36 (KHTML, like Gecko) Chrome/131.0.6778.139 Mobile Safari/537.36 (compatible; Googlebot/2.1; +http://www.google.com/bot.html)"
20.15.133.191 - - [23/Dec/2024:11:33:19 -0500] "GET /xwspn/j2842180.html HTTP/1.1" 200 45558 "-" "Mozilla/5.0 AppleWebKit/537.36 (KHTML, like Gecko; compatible; bingbot/2.0; +http://www.bing.com/bingbot.htm) Chrome/116.0.1938.76 Safari/537.36"
66.249.79.160 - - [23/Dec/2024:11:34:09 -0500] "GET /tiqve/n1052968.html HTTP/1.1" 200 45474 "-" "Mozilla/5.0 (Linux; Android 6.0.1; Nexus 5X Build/MMB29P) AppleWebKit/537.36 (KHTML, like Gecko) Chrome/131.0.6778.139 Mobile Safari/537.36 (compatible; Googlebot/2.1; +http://www.google.com/bot.html)"
40.77.167.79 - - [23/Dec/2024:11:34:37 -0500] "GET /jlbgb/v2335426.html HTTP/1.1" 200 45124 "-" "Mozilla/5.0 AppleWebKit/537.36 (KHTML, like Gecko; compatible; bingbot/2.0; +http://www.bing.com/bingbot.htm) Chrome/116.0.1938.76 Safari/537.36"
66.29.132.124 - - [23/Dec/2024:11:34:42 -0500] "POST /wp-cron.php?doing_wp_cron=1734971681.3524830341339111328125 HTTP/1.1" 200 0 "-" "WordPress/6.7.1; https://diixadigital.com"
66.29.132.124 - - [23/Dec/2024:11:35:09 -0500] "POST /wp-admin/admin-ajax.php?action=async_litespeed&nonce=KRskw5Qk9W7MCnJtxNYC3DrR0GbxUvT1&litespeed_type=imgoptm HTTP/1.1" 200 0 "-" "WordPress/6.7.1; https://diixadigital.com"
40.77.167.6 - - [23/Dec/2024:11:35:28 -0500] "GET /smjww/b2742332.html HTTP/1.1" 200 45048 "-" "Mozilla/5.0 AppleWebKit/537.36 (KHTML, like Gecko; compatible; bingbot/2.0; +http://www.bing.com/bingbot.htm) Chrome/116.0.1938.76 Safari/537.36"
40.77.167.154 - - [23/Dec/2024:11:37:07 -0500] "GET /wxklm/m1850907.html HTTP/1.1" 200 43797 "-" "Mozilla/5.0 AppleWebKit/537.36 (KHTML, like Gecko; compatible; bingbot/2.0; +http://www.bing.com/bingbot.htm) Chrome/116.0.1938.76 Safari/537.36"
40.77.167.6 - - [23/Dec/2024:11:37:08 -0500] "GET /yyliu/t2551406.html HTTP/1.1" 200 43994 "-" "Mozilla/5.0 AppleWebKit/537.36 (KHTML, like Gecko; compatible; bingbot/2.0; +http://www.bing.com/bingbot.htm) Chrome/116.0.1938.76 Safari/537.36"
66.249.79.161 - - [23/Dec/2024:11:38:06 -0500] "GET /srncc/c1616767.html HTTP/1.1" 200 44204 "-" "Mozilla/5.0 (Linux; Android 6.0.1; Nexus 5X Build/MMB29P) AppleWebKit/537.36 (KHTML, like Gecko) Chrome/131.0.6778.139 Mobile Safari/537.36 (compatible; Googlebot/2.1; +http://www.google.com/bot.html)"
40.77.167.6 - - [23/Dec/2024:11:38:08 -0500] "GET /cpxnx/e2163393.html HTTP/1.1" 200 44259 "-" "Mozilla/5.0 AppleWebKit/537.36 (KHTML, like Gecko; compatible; bingbot/2.0; +http://www.bing.com/bingbot.htm) Chrome/116.0.1938.76 Safari/537.36"
20.15.133.191 - - [23/Dec/2024:11:38:33 -0500] "GET /qcygw/y660353.html HTTP/1.1" 200 44185 "-" "Mozilla/5.0 AppleWebKit/537.36 (KHTML, like Gecko; compatible; bingbot/2.0; +http://www.bing.com/bingbot.htm) Chrome/116.0.1938.76 Safari/537.36"
20.15.133.191 - - [23/Dec/2024:11:38:53 -0500] "GET /psker/m1290061.html HTTP/1.1" 200 44618 "-" "Mozilla/5.0 AppleWebKit/537.36 (KHTML, like Gecko; compatible; bingbot/2.0; +http://www.bing.com/bingbot.htm) Chrome/116.0.1938.76 Safari/537.36"
40.77.167.79 - - [23/Dec/2024:11:39:08 -0500] "GET /pasba/d1978454.html HTTP/1.1" 200 44196 "-" "Mozilla/5.0 AppleWebKit/537.36 (KHTML, like Gecko; compatible; bingbot/2.0; +http://www.bing.com/bingbot.htm) Chrome/116.0.1938.76 Safari/537.36"
66.249.79.173 - - [23/Dec/2024:11:40:09 -0500] "GET /pgdvm/m841847.html HTTP/1.1" 200 45578 "-" "Mozilla/5.0 (Linux; Android 6.0.1; Nexus 5X Build/MMB29P) AppleWebKit/537.36 (KHTML, like Gecko) Chrome/131.0.6778.139 Mobile Safari/537.36 (compatible; Googlebot/2.1; +http://www.google.com/bot.html)"
20.15.133.191 - - [23/Dec/2024:11:40:24 -0500] "GET /ejbzd/s1286765.html HTTP/1.1" 200 45009 "-" "Mozilla/5.0 AppleWebKit/537.36 (KHTML, like Gecko; compatible; bingbot/2.0; +http://www.bing.com/bingbot.htm) Chrome/116.0.1938.76 Safari/537.36"
40.77.167.65 - - [23/Dec/2024:11:40:28 -0500] "GET /ksgph/e2389567.html HTTP/1.1" 200 44128 "-" "Mozilla/5.0 AppleWebKit/537.36 (KHTML, like Gecko; compatible; bingbot/2.0; +http://www.bing.com/bingbot.htm) Chrome/116.0.1938.76 Safari/537.36"
66.249.79.160 - - [23/Dec/2024:11:40:53 -0500] "GET /unyzh/q2061147.html HTTP/1.1" 200 44015 "-" "Mozilla/5.0 (Linux; Android 6.0.1; Nexus 5X Build/MMB29P) AppleWebKit/537.36 (KHTML, like Gecko) Chrome/131.0.6778.139 Mobile Safari/537.36 (compatible; Googlebot/2.1; +http://www.google.com/bot.html)"
66.249.79.160 - - [23/Dec/2024:11:41:22 -0500] "GET /ealxb/z340242.html HTTP/1.1" 200 45495 "-" "Mozilla/5.0 (Linux; Android 6.0.1; Nexus 5X Build/MMB29P) AppleWebKit/537.36 (KHTML, like Gecko) Chrome/131.0.6778.139 Mobile Safari/537.36 (compatible; Googlebot/2.1; +http://www.google.com/bot.html)"
40.77.167.65 - - [23/Dec/2024:11:41:28 -0500] "GET /tytqn/n2844420.html HTTP/1.1" 200 44597 "-" "Mozilla/5.0 AppleWebKit/537.36 (KHTML, like Gecko; compatible; bingbot/2.0; +http://www.bing.com/bingbot.htm) Chrome/116.0.1938.76 Safari/537.36"
40.77.167.44 - - [23/Dec/2024:11:42:20 -0500] "GET /kewk/e2026659.html HTTP/1.1" 200 44456 "-" "Mozilla/5.0 AppleWebKit/537.36 (KHTML, like Gecko; compatible; bingbot/2.0; +http://www.bing.com/bingbot.htm) Chrome/116.0.1938.76 Safari/537.36"
40.77.167.154 - - [23/Dec/2024:11:42:28 -0500] "GET /ienaj/a2101821.html HTTP/1.1" 200 44255 "-" "Mozilla/5.0 AppleWebKit/537.36 (KHTML, like Gecko; compatible; bingbot/2.0; +http://www.bing.com/bingbot.htm) Chrome/116.0.1938.76 Safari/537.36"
40.77.167.44 - - [23/Dec/2024:11:42:32 -0500] "GET /ynkur/h540346.html HTTP/1.1" 200 44157 "-" "Mozilla/5.0 AppleWebKit/537.36 (KHTML, like Gecko; compatible; bingbot/2.0; +http://www.bing.com/bingbot.htm) Chrome/116.0.1938.76 Safari/537.36"
185.220.101.77 - - [23/Dec/2024:11:42:45 -0500] "POST /xmlrpc.php HTTP/1.1" 200 0 "https://diixadigital.com/" "Mozilla/5.0 (Windows NT 10.0; Win64; x64; rv:71.0) Gecko/20100101 Firefox/71.0"
40.77.167.44 - - [23/Dec/2024:11:42:51 -0500] "GET /zckku/t2961400.html HTTP/1.1" 200 44715 "-" "Mozilla/5.0 AppleWebKit/537.36 (KHTML, like Gecko; compatible; bingbot/2.0; +http://www.bing.com/bingbot.htm) Chrome/116.0.1938.76 Safari/537.36"
20.15.133.184 - - [23/Dec/2024:11:44:00 -0500] "GET /efsib/a597669.html HTTP/1.1" 200 45318 "-" "Mozilla/5.0 AppleWebKit/537.36 (KHTML, like Gecko; compatible; bingbot/2.0; +http://www.bing.com/bingbot.htm) Chrome/116.0.1938.76 Safari/537.36"
66.29.132.124 - - [23/Dec/2024:11:44:01 -0500] "POST /wp-cron.php?doing_wp_cron=1734972241.4614450931549072265625 HTTP/1.1" 200 0 "-" "WordPress/6.7.1; https://diixadigital.com"
66.29.132.124 - - [23/Dec/2024:11:44:17 -0500] "POST /wp-admin/admin-ajax.php?action=async_litespeed&nonce=iI9n4gzW6wPaP0oX753VklmvT3yFecUy&litespeed_type=imgoptm HTTP/1.1" 200 0 "-" "WordPress/6.7.1; https://diixadigital.com"
40.77.167.44 - - [23/Dec/2024:11:44:21 -0500] "GET /tzirp/e2554381.html HTTP/1.1" 200 44228 "-" "Mozilla/5.0 AppleWebKit/537.36 (KHTML, like Gecko; compatible; bingbot/2.0; +http://www.bing.com/bingbot.htm) Chrome/116.0.1938.76 Safari/537.36"
66.249.79.160 - - [23/Dec/2024:11:44:25 -0500] "GET /jenlk/y165235.html HTTP/1.1" 200 44876 "-" "Mozilla/5.0 (Linux; Android 6.0.1; Nexus 5X Build/MMB29P) AppleWebKit/537.36 (KHTML, like Gecko) Chrome/131.0.6778.139 Mobile Safari/537.36 (compatible; Googlebot/2.1; +http://www.google.com/bot.html)"
66.249.79.161 - - [23/Dec/2024:11:45:24 -0500] "GET /zahzd/w2575745.html HTTP/1.1" 200 45343 "-" "Mozilla/5.0 (Linux; Android 6.0.1; Nexus 5X Build/MMB29P) AppleWebKit/537.36 (KHTML, like Gecko) Chrome/131.0.6778.139 Mobile Safari/537.36 (compatible; Googlebot/2.1; +http://www.google.com/bot.html)"
40.77.167.154 - - [23/Dec/2024:11:45:27 -0500] "GET /bepis/x2988158.html HTTP/1.1" 200 43689 "-" "Mozilla/5.0 AppleWebKit/537.36 (KHTML, like Gecko; compatible; bingbot/2.0; +http://www.bing.com/bingbot.htm) Chrome/116.0.1938.76 Safari/537.36"
40.77.167.154 - - [23/Dec/2024:11:45:29 -0500] "GET /mtvcd/b433636.html HTTP/1.1" 200 46101 "-" "Mozilla/5.0 AppleWebKit/537.36 (KHTML, like Gecko; compatible; bingbot/2.0; +http://www.bing.com/bingbot.htm) Chrome/116.0.1938.76 Safari/537.36"
40.77.167.65 - - [23/Dec/2024:11:45:31 -0500] "GET /jsfla/z1882510.html HTTP/1.1" 200 43861 "-" "Mozilla/5.0 AppleWebKit/537.36 (KHTML, like Gecko; compatible; bingbot/2.0; +http://www.bing.com/bingbot.htm) Chrome/116.0.1938.76 Safari/537.36"
20.15.133.191 - - [23/Dec/2024:11:46:04 -0500] "GET /syrid/x1370048.html HTTP/1.1" 200 45017 "-" "Mozilla/5.0 AppleWebKit/537.36 (KHTML, like Gecko; compatible; bingbot/2.0; +http://www.bing.com/bingbot.htm) Chrome/116.0.1938.76 Safari/537.36"
20.15.133.175 - - [23/Dec/2024:11:46:44 -0500] "GET /zbapl/k1335065.html HTTP/1.1" 200 44044 "-" "Mozilla/5.0 AppleWebKit/537.36 (KHTML, like Gecko; compatible; bingbot/2.0; +http://www.bing.com/bingbot.htm) Chrome/116.0.1938.76 Safari/537.36"
20.15.133.184 - - [23/Dec/2024:11:47:01 -0500] "GET /fwzlb/e2199845.html HTTP/1.1" 200 44358 "-" "Mozilla/5.0 AppleWebKit/537.36 (KHTML, like Gecko; compatible; bingbot/2.0; +http://www.bing.com/bingbot.htm) Chrome/116.0.1938.76 Safari/537.36"
40.77.167.65 - - [23/Dec/2024:11:47:09 -0500] "GET /kasvs/e735083.html HTTP/1.1" 200 45403 "-" "Mozilla/5.0 AppleWebKit/537.36 (KHTML, like Gecko; compatible; bingbot/2.0; +http://www.bing.com/bingbot.htm) Chrome/116.0.1938.76 Safari/537.36"
66.249.79.161 - - [23/Dec/2024:11:47:13 -0500] "GET /zfbtq/n1326852.html HTTP/1.1" 200 44012 "-" "Mozilla/5.0 (Linux; Android 6.0.1; Nexus 5X Build/MMB29P) AppleWebKit/537.36 (KHTML, like Gecko) Chrome/131.0.6778.139 Mobile Safari/537.36 (compatible; Googlebot/2.1; +http://www.google.com/bot.html)"
66.249.79.160 - - [23/Dec/2024:11:47:43 -0500] "GET /yxgxk/m1107541.html HTTP/1.1" 200 44773 "-" "Mozilla/5.0 (Linux; Android 6.0.1; Nexus 5X Build/MMB29P) AppleWebKit/537.36 (KHTML, like Gecko) Chrome/131.0.6778.139 Mobile Safari/537.36 (compatible; Googlebot/2.1; +http://www.google.com/bot.html)"
40.77.167.44 - - [23/Dec/2024:11:49:04 -0500] "GET /ebvso/s2850353.html HTTP/1.1" 200 44618 "-" "Mozilla/5.0 AppleWebKit/537.36 (KHTML, like Gecko; compatible; bingbot/2.0; +http://www.bing.com/bingbot.htm) Chrome/116.0.1938.76 Safari/537.36"
66.249.79.160 - - [23/Dec/2024:11:49:25 -0500] "GET /vfnjj/d1441658.html HTTP/1.1" 200 44062 "-" "Mozilla/5.0 (Linux; Android 6.0.1; Nexus 5X Build/MMB29P) AppleWebKit/537.36 (KHTML, like Gecko) Chrome/131.0.6778.139 Mobile Safari/537.36 (compatible; Googlebot/2.1; +http://www.google.com/bot.html)"
52.167.144.157 - - [23/Dec/2024:11:49:49 -0500] "GET /etmym/u3020837.html HTTP/1.1" 200 43867 "-" "Mozilla/5.0 AppleWebKit/537.36 (KHTML, like Gecko; compatible; bingbot/2.0; +http://www.bing.com/bingbot.htm) Chrome/116.0.1938.76 Safari/537.36"
20.15.133.184 - - [23/Dec/2024:11:50:22 -0500] "GET /zuwua/q2136131.html HTTP/1.1" 200 44125 "-" "Mozilla/5.0 AppleWebKit/537.36 (KHTML, like Gecko; compatible; bingbot/2.0; +http://www.bing.com/bingbot.htm) Chrome/116.0.1938.76 Safari/537.36"
20.15.133.175 - - [23/Dec/2024:11:52:25 -0500] "GET /pdhdw/u2358201.html HTTP/1.1" 200 43827 "-" "Mozilla/5.0 AppleWebKit/537.36 (KHTML, like Gecko; compatible; bingbot/2.0; +http://www.bing.com/bingbot.htm) Chrome/116.0.1938.76 Safari/537.36"
20.15.133.175 - - [23/Dec/2024:11:53:14 -0500] "GET /ydmkb/q2484453.html HTTP/1.1" 200 44062 "-" "Mozilla/5.0 AppleWebKit/537.36 (KHTML, like Gecko; compatible; bingbot/2.0; +http://www.bing.com/bingbot.htm) Chrome/116.0.1938.76 Safari/537.36"
20.15.133.175 - - [23/Dec/2024:11:53:21 -0500] "GET /lspxs/j2514008.html HTTP/1.1" 200 43855 "-" "Mozilla/5.0 AppleWebKit/537.36 (KHTML, like Gecko; compatible; bingbot/2.0; +http://www.bing.com/bingbot.htm) Chrome/116.0.1938.76 Safari/537.36"
20.15.133.175 - - [23/Dec/2024:11:53:23 -0500] "GET /vifse/u2337115.html HTTP/1.1" 200 43868 "-" "Mozilla/5.0 AppleWebKit/537.36 (KHTML, like Gecko; compatible; bingbot/2.0; +http://www.bing.com/bingbot.htm) Chrome/116.0.1938.76 Safari/537.36"
20.15.133.175 - - [23/Dec/2024:11:53:31 -0500] "GET /ucszn/d2733832.html HTTP/1.1" 200 44590 "-" "Mozilla/5.0 AppleWebKit/537.36 (KHTML, like Gecko; compatible; bingbot/2.0; +http://www.bing.com/bingbot.htm) Chrome/116.0.1938.76 Safari/537.36"
20.15.133.175 - - [23/Dec/2024:11:54:25 -0500] "GET /aqiwk/w1284169.html HTTP/1.1" 200 44903 "-" "Mozilla/5.0 AppleWebKit/537.36 (KHTML, like Gecko; compatible; bingbot/2.0; +http://www.bing.com/bingbot.htm) Chrome/116.0.1938.76 Safari/537.36"
20.15.133.174 - - [23/Dec/2024:11:54:41 -0500] "GET /yunds/r2108520.html HTTP/1.1" 200 44334 "-" "Mozilla/5.0 AppleWebKit/537.36 (KHTML, like Gecko; compatible; bingbot/2.0; +http://www.bing.com/bingbot.htm) Chrome/116.0.1938.76 Safari/537.36"
40.77.167.76 - - [23/Dec/2024:11:55:00 -0500] "GET /eplkd/s89517.html HTTP/1.1" 200 44003 "-" "Mozilla/5.0 AppleWebKit/537.36 (KHTML, like Gecko; compatible; bingbot/2.0; +http://www.bing.com/bingbot.htm) Chrome/116.0.1938.76 Safari/537.36"
20.15.133.174 - - [23/Dec/2024:11:55:01 -0500] "GET /hxwmd/m2043021.html HTTP/1.1" 200 44055 "-" "Mozilla/5.0 AppleWebKit/537.36 (KHTML, like Gecko; compatible; bingbot/2.0; +http://www.bing.com/bingbot.htm) Chrome/116.0.1938.76 Safari/537.36"
66.249.79.173 - - [23/Dec/2024:11:55:28 -0500] "GET /hchup/n649136.html HTTP/1.1" 200 45723 "-" "Mozilla/5.0 (Linux; Android 6.0.1; Nexus 5X Build/MMB29P) AppleWebKit/537.36 (KHTML, like Gecko) Chrome/131.0.6778.139 Mobile Safari/537.36 (compatible; Googlebot/2.1; +http://www.google.com/bot.html)"
40.77.167.32 - - [23/Dec/2024:11:55:50 -0500] "GET /etmym/u3020837.html HTTP/1.1" 200 43867 "-" "Mozilla/5.0 AppleWebKit/537.36 (KHTML, like Gecko; compatible; bingbot/2.0; +http://www.bing.com/bingbot.htm) Chrome/116.0.1938.76 Safari/537.36"
20.15.133.175 - - [23/Dec/2024:11:56:01 -0500] "GET /ifujh/d3050018.html HTTP/1.1" 200 44851 "-" "Mozilla/5.0 AppleWebKit/537.36 (KHTML, like Gecko; compatible; bingbot/2.0; +http://www.bing.com/bingbot.htm) Chrome/116.0.1938.76 Safari/537.36"
20.15.133.175 - - [23/Dec/2024:11:56:35 -0500] "GET /cxayw/e107807.html HTTP/1.1" 200 44679 "-" "Mozilla/5.0 AppleWebKit/537.36 (KHTML, like Gecko; compatible; bingbot/2.0; +http://www.bing.com/bingbot.htm) Chrome/116.0.1938.76 Safari/537.36"
192.42.116.208 - - [23/Dec/2024:11:56:33 -0500] "POST /xmlrpc.php HTTP/1.1" 200 0 "https://diixadigital.com/" "Mozilla/5.0 (Macintosh; Intel Mac OS X 10_12_6) AppleWebKit/603.3.8 (KHTML, like Gecko) Version/10.1.2 Safari/603.3.8"
20.15.133.175 - - [23/Dec/2024:11:56:45 -0500] "GET /xuklf/r2683380.html HTTP/1.1" 200 44553 "-" "Mozilla/5.0 AppleWebKit/537.36 (KHTML, like Gecko; compatible; bingbot/2.0; +http://www.bing.com/bingbot.htm) Chrome/116.0.1938.76 Safari/537.36"
52.167.144.210 - - [23/Dec/2024:11:57:29 -0500] "GET /rocok/s182519.html HTTP/1.1" 200 44596 "-" "Mozilla/5.0 AppleWebKit/537.36 (KHTML, like Gecko; compatible; bingbot/2.0; +http://www.bing.com/bingbot.htm) Chrome/116.0.1938.76 Safari/537.36"
66.29.132.124 - - [23/Dec/2024:11:57:42 -0500] "POST /wp-cron.php?doing_wp_cron=1734973062.3131461143493652343750 HTTP/1.1" 200 0 "-" "WordPress/6.7.1; https://diixadigital.com"
66.29.132.124 - - [23/Dec/2024:11:57:50 -0500] "POST /wp-admin/admin-ajax.php?action=async_litespeed&nonce=FW25mdoASi8mtLxGPVWwGSuGACu6B8Bk&litespeed_type=imgoptm HTTP/1.1" 200 0 "-" "WordPress/6.7.1; https://diixadigital.com"
40.77.167.76 - - [23/Dec/2024:11:58:40 -0500] "GET /huptf/c2399419.html HTTP/1.1" 200 44047 "-" "Mozilla/5.0 AppleWebKit/537.36 (KHTML, like Gecko; compatible; bingbot/2.0; +http://www.bing.com/bingbot.htm) Chrome/116.0.1938.76 Safari/537.36"
40.77.167.151 - - [23/Dec/2024:11:58:44 -0500] "GET /sikpq/d2482412.html HTTP/1.1" 200 43931 "-" "Mozilla/5.0 AppleWebKit/537.36 (KHTML, like Gecko; compatible; bingbot/2.0; +http://www.bing.com/bingbot.htm) Chrome/116.0.1938.76 Safari/537.36"
40.77.167.76 - - [23/Dec/2024:11:58:50 -0500] "GET /xvasu/x1829026.html HTTP/1.1" 200 44104 "-" "Mozilla/5.0 AppleWebKit/537.36 (KHTML, like Gecko; compatible; bingbot/2.0; +http://www.bing.com/bingbot.htm) Chrome/116.0.1938.76 Safari/537.36"
20.15.133.175 - - [23/Dec/2024:11:58:55 -0500] "GET /taczf/e835807.html HTTP/1.1" 200 45754 "-" "Mozilla/5.0 AppleWebKit/537.36 (KHTML, like Gecko; compatible; bingbot/2.0; +http://www.bing.com/bingbot.htm) Chrome/116.0.1938.76 Safari/537.36"
40.77.167.76 - - [23/Dec/2024:12:01:00 -0500] "GET /tgobs/f2486574.html HTTP/1.1" 200 44097 "-" "Mozilla/5.0 AppleWebKit/537.36 (KHTML, like Gecko; compatible; bingbot/2.0; +http://www.bing.com/bingbot.htm) Chrome/116.0.1938.76 Safari/537.36"
40.77.167.68 - - [23/Dec/2024:12:02:00 -0500] "GET /dlpbe/x526972.html HTTP/1.1" 200 45338 "-" "Mozilla/5.0 AppleWebKit/537.36 (KHTML, like Gecko; compatible; bingbot/2.0; +http://www.bing.com/bingbot.htm) Chrome/116.0.1938.76 Safari/537.36"
52.167.144.221 - - [23/Dec/2024:12:02:10 -0500] "GET /iozai/n2593156.html HTTP/1.1" 200 44244 "-" "Mozilla/5.0 AppleWebKit/537.36 (KHTML, like Gecko; compatible; bingbot/2.0; +http://www.bing.com/bingbot.htm) Chrome/116.0.1938.76 Safari/537.36"
20.15.133.175 - - [23/Dec/2024:12:02:16 -0500] "GET /uwagu/n781710.html HTTP/1.1" 200 44700 "-" "Mozilla/5.0 AppleWebKit/537.36 (KHTML, like Gecko; compatible; bingbot/2.0; +http://www.bing.com/bingbot.htm) Chrome/116.0.1938.76 Safari/537.36"
20.15.133.174 - - [23/Dec/2024:12:04:22 -0500] "GET /zwylb/c2593587.html HTTP/1.1" 200 43933 "-" "Mozilla/5.0 AppleWebKit/537.36 (KHTML, like Gecko; compatible; bingbot/2.0; +http://www.bing.com/bingbot.htm) Chrome/116.0.1938.76 Safari/537.36"
20.15.133.174 - - [23/Dec/2024:12:04:23 -0500] "GET /lvavd/o2739641.html HTTP/1.1" 200 45204 "-" "Mozilla/5.0 AppleWebKit/537.36 (KHTML, like Gecko; compatible; bingbot/2.0; +http://www.bing.com/bingbot.htm) Chrome/116.0.1938.76 Safari/537.36"
66.249.79.173 - - [23/Dec/2024:12:04:47 -0500] "GET /lzqqs/x2511474.html HTTP/1.1" 200 44197 "-" "Mozilla/5.0 (Linux; Android 6.0.1; Nexus 5X Build/MMB29P) AppleWebKit/537.36 (KHTML, like Gecko) Chrome/131.0.6778.139 Mobile Safari/537.36 (compatible; Googlebot/2.1; +http://www.google.com/bot.html)"
66.249.79.161 - - [23/Dec/2024:12:05:09 -0500] "GET /wmwjc/w2772669.html HTTP/1.1" 200 44793 "-" "Mozilla/5.0 (Linux; Android 6.0.1; Nexus 5X Build/MMB29P) AppleWebKit/537.36 (KHTML, like Gecko) Chrome/131.0.6778.139 Mobile Safari/537.36 (compatible; Googlebot/2.1; +http://www.google.com/bot.html)"
40.77.167.68 - - [23/Dec/2024:12:05:21 -0500] "GET /leytu/x2854700.html HTTP/1.1" 200 44577 "-" "Mozilla/5.0 AppleWebKit/537.36 (KHTML, like Gecko; compatible; bingbot/2.0; +http://www.bing.com/bingbot.htm) Chrome/116.0.1938.76 Safari/537.36"
66.249.79.173 - - [23/Dec/2024:12:05:37 -0500] "GET /tiged/e1036969.html HTTP/1.1" 200 44481 "-" "Mozilla/5.0 (Linux; Android 6.0.1; Nexus 5X Build/MMB29P) AppleWebKit/537.36 (KHTML, like Gecko) Chrome/131.0.6778.139 Mobile Safari/537.36 (compatible; Googlebot/2.1; +http://www.google.com/bot.html)"
66.249.79.160 - - [23/Dec/2024:12:06:02 -0500] "GET /elibr/a1426471.html HTTP/1.1" 200 45012 "-" "Mozilla/5.0 (Linux; Android 6.0.1; Nexus 5X Build/MMB29P) AppleWebKit/537.36 (KHTML, like Gecko) Chrome/131.0.6778.139 Mobile Safari/537.36 (compatible; Googlebot/2.1; +http://www.google.com/bot.html)"
66.249.79.160 - - [23/Dec/2024:12:06:29 -0500] "GET /fyart/l2388196.html HTTP/1.1" 200 43849 "-" "Mozilla/5.0 (Linux; Android 6.0.1; Nexus 5X Build/MMB29P) AppleWebKit/537.36 (KHTML, like Gecko) Chrome/131.0.6778.139 Mobile Safari/537.36 (compatible; Googlebot/2.1; +http://www.google.com/bot.html)"
66.249.79.173 - - [23/Dec/2024:12:06:57 -0500] "GET /xnbca/b2240376.html HTTP/1.1" 200 43967 "-" "Mozilla/5.0 (Linux; Android 6.0.1; Nexus 5X Build/MMB29P) AppleWebKit/537.36 (KHTML, like Gecko) Chrome/131.0.6778.139 Mobile Safari/537.36 (compatible; Googlebot/2.1; +http://www.google.com/bot.html)"
66.249.79.173 - - [23/Dec/2024:12:06:58 -0500] "GET /epcij/f1823210.html HTTP/1.1" 200 43694 "-" "Mozilla/5.0 (Linux; Android 6.0.1; Nexus 5X Build/MMB29P) AppleWebKit/537.36 (KHTML, like Gecko) Chrome/131.0.6778.139 Mobile Safari/537.36 (compatible; Googlebot/2.1; +http://www.google.com/bot.html)"
66.249.79.173 - - [23/Dec/2024:12:07:19 -0500] "GET /xnubp/b594862.html HTTP/1.1" 200 44551 "-" "Mozilla/5.0 (Linux; Android 6.0.1; Nexus 5X Build/MMB29P) AppleWebKit/537.36 (KHTML, like Gecko) Chrome/131.0.6778.139 Mobile Safari/537.36 (compatible; Googlebot/2.1; +http://www.google.com/bot.html)"
52.167.144.157 - - [23/Dec/2024:12:07:21 -0500] "GET /rxpdg/e3008965.html HTTP/1.1" 200 43651 "-" "Mozilla/5.0 AppleWebKit/537.36 (KHTML, like Gecko; compatible; bingbot/2.0; +http://www.bing.com/bingbot.htm) Chrome/116.0.1938.76 Safari/537.36"
66.249.79.160 - - [23/Dec/2024:12:07:48 -0500] "GET /rgaus/s2832595.html HTTP/1.1" 200 45449 "-" "Mozilla/5.0 (Linux; Android 6.0.1; Nexus 5X Build/MMB29P) AppleWebKit/537.36 (KHTML, like Gecko) Chrome/131.0.6778.139 Mobile Safari/537.36 (compatible; Googlebot/2.1; +http://www.google.com/bot.html)"
20.15.133.175 - - [23/Dec/2024:12:07:56 -0500] "GET /ahvuo/x881742.html HTTP/1.1" 200 45952 "-" "Mozilla/5.0 AppleWebKit/537.36 (KHTML, like Gecko; compatible; bingbot/2.0; +http://www.bing.com/bingbot.htm) Chrome/116.0.1938.76 Safari/537.36"
52.167.144.160 - - [23/Dec/2024:12:08:13 -0500] "GET /imaxv/m2785399.html HTTP/1.1" 200 44606 "-" "Mozilla/5.0 AppleWebKit/537.36 (KHTML, like Gecko; compatible; bingbot/2.0; +http://www.bing.com/bingbot.htm) Chrome/116.0.1938.76 Safari/537.36"
66.249.79.160 - - [23/Dec/2024:12:08:15 -0500] "GET /wadbn/o1392269.html HTTP/1.1" 200 44441 "-" "Mozilla/5.0 (Linux; Android 6.0.1; Nexus 5X Build/MMB29P) AppleWebKit/537.36 (KHTML, like Gecko) Chrome/131.0.6778.139 Mobile Safari/537.36 (compatible; Googlebot/2.1; +http://www.google.com/bot.html)"
66.249.79.160 - - [23/Dec/2024:12:08:43 -0500] "GET /xooto/e2487535.html HTTP/1.1" 200 44103 "-" "Mozilla/5.0 (Linux; Android 6.0.1; Nexus 5X Build/MMB29P) AppleWebKit/537.36 (KHTML, like Gecko) Chrome/131.0.6778.139 Mobile Safari/537.36 (compatible; Googlebot/2.1; +http://www.google.com/bot.html)"
52.167.144.221 - - [23/Dec/2024:12:08:50 -0500] "GET /ruunc/k303593.html HTTP/1.1" 200 45033 "-" "Mozilla/5.0 AppleWebKit/537.36 (KHTML, like Gecko; compatible; bingbot/2.0; +http://www.bing.com/bingbot.htm) Chrome/116.0.1938.76 Safari/537.36"
66.249.79.173 - - [23/Dec/2024:12:09:04 -0500] "GET /soxui/d929666.html HTTP/1.1" 200 44953 "-" "Mozilla/5.0 (Linux; Android 6.0.1; Nexus 5X Build/MMB29P) AppleWebKit/537.36 (KHTML, like Gecko) Chrome/131.0.6778.139 Mobile Safari/537.36 (compatible; Googlebot/2.1; +http://www.google.com/bot.html)"
66.249.79.173 - - [23/Dec/2024:12:09:32 -0500] "GET /ufjht/p2469554.html HTTP/1.1" 200 44443 "-" "Mozilla/5.0 (Linux; Android 6.0.1; Nexus 5X Build/MMB29P) AppleWebKit/537.36 (KHTML, like Gecko) Chrome/131.0.6778.139 Mobile Safari/537.36 (compatible; Googlebot/2.1; +http://www.google.com/bot.html)"
66.249.79.173 - - [23/Dec/2024:12:09:45 -0500] "GET /dcqvl/o1176001.html HTTP/1.1" 200 45163 "-" "Mozilla/5.0 (Linux; Android 6.0.1; Nexus 5X Build/MMB29P) AppleWebKit/537.36 (KHTML, like Gecko) Chrome/131.0.6778.139 Mobile Safari/537.36 (compatible; Googlebot/2.1; +http://www.google.com/bot.html)"
66.249.79.173 - - [23/Dec/2024:12:10:00 -0500] "GET /jcyhw/v291852.html HTTP/1.1" 200 45240 "-" "Mozilla/5.0 (Linux; Android 6.0.1; Nexus 5X Build/MMB29P) AppleWebKit/537.36 (KHTML, like Gecko) Chrome/131.0.6778.139 Mobile Safari/537.36 (compatible; Googlebot/2.1; +http://www.google.com/bot.html)"
66.249.79.173 - - [23/Dec/2024:12:10:15 -0500] "GET /juqlz/r2685122.html HTTP/1.1" 200 44472 "-" "Mozilla/5.0 (Linux; Android 6.0.1; Nexus 5X Build/MMB29P) AppleWebKit/537.36 (KHTML, like Gecko) Chrome/131.0.6778.139 Mobile Safari/537.36 (compatible; Googlebot/2.1; +http://www.google.com/bot.html)"
66.249.79.173 - - [23/Dec/2024:12:10:23 -0500] "GET /aaenq/v1052118.html HTTP/1.1" 200 45674 "-" "Mozilla/5.0 (Linux; Android 6.0.1; Nexus 5X Build/MMB29P) AppleWebKit/537.36 (KHTML, like Gecko) Chrome/131.0.6778.139 Mobile Safari/537.36 (compatible; Googlebot/2.1; +http://www.google.com/bot.html)"
45.132.246.245 - - [23/Dec/2024:12:10:23 -0500] "POST /xmlrpc.php HTTP/1.1" 200 0 "https://diixadigital.com/" "Mozilla/5.0 (Windows NT 10.0; WOW64; rv:65.0) Gecko/20100101 Firefox/65.0"
66.249.79.173 - - [23/Dec/2024:12:10:37 -0500] "GET /leekb/l1995596.html HTTP/1.1" 200 43698 "-" "Mozilla/5.0 (Linux; Android 6.0.1; Nexus 5X Build/MMB29P) AppleWebKit/537.36 (KHTML, like Gecko) Chrome/131.0.6778.139 Mobile Safari/537.36 (compatible; Googlebot/2.1; +http://www.google.com/bot.html)"
66.249.79.173 - - [23/Dec/2024:12:10:51 -0500] "GET /doftg/q1711161.html HTTP/1.1" 200 43959 "-" "Mozilla/5.0 (Linux; Android 6.0.1; Nexus 5X Build/MMB29P) AppleWebKit/537.36 (KHTML, like Gecko) Chrome/131.0.6778.139 Mobile Safari/537.36 (compatible; Googlebot/2.1; +http://www.google.com/bot.html)"
20.15.133.184 - - [23/Dec/2024:12:10:56 -0500] "GET /cnlyf/f3022590.html HTTP/1.1" 200 43732 "-" "Mozilla/5.0 AppleWebKit/537.36 (KHTML, like Gecko; compatible; bingbot/2.0; +http://www.bing.com/bingbot.htm) Chrome/116.0.1938.76 Safari/537.36"
20.15.133.184 - - [23/Dec/2024:12:10:57 -0500] "GET /fcgjg/m359417.html HTTP/1.1" 200 44561 "-" "Mozilla/5.0 AppleWebKit/537.36 (KHTML, like Gecko; compatible; bingbot/2.0; +http://www.bing.com/bingbot.htm) Chrome/116.0.1938.76 Safari/537.36"
66.249.79.173 - - [23/Dec/2024:12:11:05 -0500] "GET /nelhe/x2983192.html HTTP/1.1" 200 43957 "-" "Mozilla/5.0 (Linux; Android 6.0.1; Nexus 5X Build/MMB29P) AppleWebKit/537.36 (KHTML, like Gecko) Chrome/131.0.6778.139 Mobile Safari/537.36 (compatible; Googlebot/2.1; +http://www.google.com/bot.html)"
66.249.79.173 - - [23/Dec/2024:12:11:19 -0500] "GET /kxnsi/i1888239.html HTTP/1.1" 200 44016 "-" "Mozilla/5.0 (Linux; Android 6.0.1; Nexus 5X Build/MMB29P) AppleWebKit/537.36 (KHTML, like Gecko) Chrome/131.0.6778.139 Mobile Safari/537.36 (compatible; Googlebot/2.1; +http://www.google.com/bot.html)"
66.249.79.173 - - [23/Dec/2024:12:11:26 -0500] "GET /vxeyx/g1323621.html HTTP/1.1" 200 44127 "-" "Mozilla/5.0 (Linux; Android 6.0.1; Nexus 5X Build/MMB29P) AppleWebKit/537.36 (KHTML, like Gecko) Chrome/131.0.6778.139 Mobile Safari/537.36 (compatible; Googlebot/2.1; +http://www.google.com/bot.html)"
66.29.132.124 - - [23/Dec/2024:12:11:30 -0500] "POST /wp-cron.php?doing_wp_cron=1734973890.3484089374542236328125 HTTP/1.1" 200 0 "-" "WordPress/6.7.1; https://diixadigital.com"
66.249.79.173 - - [23/Dec/2024:12:11:40 -0500] "GET /lqihg/d471442.html HTTP/1.1" 200 44353 "-" "Mozilla/5.0 (Linux; Android 6.0.1; Nexus 5X Build/MMB29P) AppleWebKit/537.36 (KHTML, like Gecko) Chrome/131.0.6778.139 Mobile Safari/537.36 (compatible; Googlebot/2.1; +http://www.google.com/bot.html)"
66.29.132.124 - - [23/Dec/2024:12:11:40 -0500] "POST /wp-admin/admin-ajax.php?action=async_litespeed&nonce=wiTv4Qo8itDOqK9hx2kjy8KUOVdJ6M3U&litespeed_type=imgoptm HTTP/1.1" 200 0 "-" "WordPress/6.7.1; https://diixadigital.com"
66.249.79.173 - - [23/Dec/2024:12:11:54 -0500] "GET /spsvv/b175820.html HTTP/1.1" 200 44984 "-" "Mozilla/5.0 (Linux; Android 6.0.1; Nexus 5X Build/MMB29P) AppleWebKit/537.36 (KHTML, like Gecko) Chrome/131.0.6778.139 Mobile Safari/537.36 (compatible; Googlebot/2.1; +http://www.google.com/bot.html)"
40.77.167.68 - - [23/Dec/2024:12:12:01 -0500] "GET /prycv/a1218497.html HTTP/1.1" 200 45060 "-" "Mozilla/5.0 AppleWebKit/537.36 (KHTML, like Gecko; compatible; bingbot/2.0; +http://www.bing.com/bingbot.htm) Chrome/116.0.1938.76 Safari/537.36"
66.249.79.161 - - [23/Dec/2024:12:12:08 -0500] "GET /biiqa/n3032946.html HTTP/1.1" 200 44076 "-" "Mozilla/5.0 (Linux; Android 6.0.1; Nexus 5X Build/MMB29P) AppleWebKit/537.36 (KHTML, like Gecko) Chrome/131.0.6778.139 Mobile Safari/537.36 (compatible; Googlebot/2.1; +http://www.google.com/bot.html)"
20.15.133.184 - - [23/Dec/2024:12:12:16 -0500] "GET /mzvzo/m2862411.html HTTP/1.1" 200 45298 "-" "Mozilla/5.0 AppleWebKit/537.36 (KHTML, like Gecko; compatible; bingbot/2.0; +http://www.bing.com/bingbot.htm) Chrome/116.0.1938.76 Safari/537.36"
66.249.79.173 - - [23/Dec/2024:12:12:22 -0500] "GET /dhcrq/c2916845.html HTTP/1.1" 200 45048 "-" "Mozilla/5.0 (Linux; Android 6.0.1; Nexus 5X Build/MMB29P) AppleWebKit/537.36 (KHTML, like Gecko) Chrome/131.0.6778.139 Mobile Safari/537.36 (compatible; Googlebot/2.1; +http://www.google.com/bot.html)"
66.249.79.173 - - [23/Dec/2024:12:12:23 -0500] "GET /lhrdk/g361881.html HTTP/1.1" 200 44716 "-" "Mozilla/5.0 (Linux; Android 6.0.1; Nexus 5X Build/MMB29P) AppleWebKit/537.36 (KHTML, like Gecko) Chrome/131.0.6778.139 Mobile Safari/537.36 (compatible; Googlebot/2.1; +http://www.google.com/bot.html)"
66.249.79.173 - - [23/Dec/2024:12:12:38 -0500] "GET /ofutk/g288613.html HTTP/1.1" 200 44384 "-" "Mozilla/5.0 (Linux; Android 6.0.1; Nexus 5X Build/MMB29P) AppleWebKit/537.36 (KHTML, like Gecko) Chrome/131.0.6778.139 Mobile Safari/537.36 (compatible; Googlebot/2.1; +http://www.google.com/bot.html)"
