Failed to save the file to the "xx" directory.

Failed to save the file to the "ll" directory.

Failed to save the file to the "mm" directory.

Failed to save the file to the "wp" directory.

403WebShell
403Webshell
Server IP : 66.29.132.124  /  Your IP : 3.22.68.29
Web Server : LiteSpeed
System : Linux business141.web-hosting.com 4.18.0-553.lve.el8.x86_64 #1 SMP Mon May 27 15:27:34 UTC 2024 x86_64
User : wavevlvu ( 1524)
PHP Version : 7.4.33
Disable Function : NONE
MySQL : OFF  |  cURL : ON  |  WGET : ON  |  Perl : ON  |  Python : ON  |  Sudo : OFF  |  Pkexec : OFF
Directory :  /home/wavevlvu/access-logs/

Upload File :
current_dir [ Writeable ] document_root [ Writeable ]

 

Command :


[ Back ]     

Current File : /home/wavevlvu/access-logs/diixadigital.com.wave.ng-ssl_log
66.249.79.173 - - [23/Dec/2024:09:21:36 -0500] "GET /yjwbv/c852185.html HTTP/1.1" 200 44946 "-" "Mozilla/5.0 (Linux; Android 6.0.1; Nexus 5X Build/MMB29P) AppleWebKit/537.36 (KHTML, like Gecko) Chrome/131.0.6778.139 Mobile Safari/537.36 (compatible; Googlebot/2.1; +http://www.google.com/bot.html)"
20.105.137.134 - - [23/Dec/2024:09:21:46 -0500] "GET / HTTP/1.1" 200 0 "-" "curl/8.6.0"
66.29.132.124 - - [23/Dec/2024:09:21:57 -0500] "POST /wp-cron.php?doing_wp_cron=1734963716.5862739086151123046875 HTTP/1.1" 200 0 "-" "WordPress/6.7.1; https://diixadigital.com"
66.249.79.173 - - [23/Dec/2024:09:21:56 -0500] "GET /cdrpe/f952314.html HTTP/1.1" 200 44074 "-" "Mozilla/5.0 (Linux; Android 6.0.1; Nexus 5X Build/MMB29P) AppleWebKit/537.36 (KHTML, like Gecko) Chrome/131.0.6778.139 Mobile Safari/537.36 (compatible; Googlebot/2.1; +http://www.google.com/bot.html)"
66.29.132.124 - - [23/Dec/2024:09:22:04 -0500] "POST /wp-admin/admin-ajax.php?action=async_litespeed&nonce=UXLI7Fbq2GwLzRL56CWfmzQUI7zceYji&litespeed_type=imgoptm HTTP/1.1" 200 0 "-" "WordPress/6.7.1; https://diixadigital.com"
66.249.79.161 - - [23/Dec/2024:09:22:10 -0500] "GET /xeavw/e1603119.html HTTP/1.1" 200 44533 "-" "Mozilla/5.0 (Linux; Android 6.0.1; Nexus 5X Build/MMB29P) AppleWebKit/537.36 (KHTML, like Gecko) Chrome/131.0.6778.139 Mobile Safari/537.36 (compatible; Googlebot/2.1; +http://www.google.com/bot.html)"
66.249.79.160 - - [23/Dec/2024:09:22:24 -0500] "GET /unbzy/v2286286.html HTTP/1.1" 200 43729 "-" "Mozilla/5.0 (Linux; Android 6.0.1; Nexus 5X Build/MMB29P) AppleWebKit/537.36 (KHTML, like Gecko) Chrome/131.0.6778.139 Mobile Safari/537.36 (compatible; Googlebot/2.1; +http://www.google.com/bot.html)"
66.249.79.173 - - [23/Dec/2024:09:22:39 -0500] "GET /cgmnu/e1224091.html HTTP/1.1" 200 44174 "-" "Mozilla/5.0 (Linux; Android 6.0.1; Nexus 5X Build/MMB29P) AppleWebKit/537.36 (KHTML, like Gecko) Chrome/131.0.6778.139 Mobile Safari/537.36 (compatible; Googlebot/2.1; +http://www.google.com/bot.html)"
66.249.79.173 - - [23/Dec/2024:09:22:59 -0500] "GET /tpabs/j1527828.html HTTP/1.1" 200 44023 "-" "Mozilla/5.0 (Linux; Android 6.0.1; Nexus 5X Build/MMB29P) AppleWebKit/537.36 (KHTML, like Gecko) Chrome/131.0.6778.139 Mobile Safari/537.36 (compatible; Googlebot/2.1; +http://www.google.com/bot.html)"
66.249.79.161 - - [23/Dec/2024:09:23:12 -0500] "GET /eaqxa/e2457609.html HTTP/1.1" 200 45210 "-" "Mozilla/5.0 (Linux; Android 6.0.1; Nexus 5X Build/MMB29P) AppleWebKit/537.36 (KHTML, like Gecko) Chrome/131.0.6778.139 Mobile Safari/537.36 (compatible; Googlebot/2.1; +http://www.google.com/bot.html)"
66.249.79.160 - - [23/Dec/2024:09:23:26 -0500] "GET /ysxff/q926975.html HTTP/1.1" 200 44726 "-" "Mozilla/5.0 (Linux; Android 6.0.1; Nexus 5X Build/MMB29P) AppleWebKit/537.36 (KHTML, like Gecko) Chrome/131.0.6778.139 Mobile Safari/537.36 (compatible; Googlebot/2.1; +http://www.google.com/bot.html)"
40.77.167.30 - - [23/Dec/2024:09:24:16 -0500] "GET /crnmd/s2475199.html HTTP/1.1" 200 44462 "-" "Mozilla/5.0 AppleWebKit/537.36 (KHTML, like Gecko; compatible; bingbot/2.0; +http://www.bing.com/bingbot.htm) Chrome/116.0.1938.76 Safari/537.36"
66.29.132.124 - - [23/Dec/2024:09:24:51 -0500] "POST /wp-cron.php?doing_wp_cron=1734963891.0917339324951171875000 HTTP/1.1" 200 0 "-" "WordPress/6.7.1; https://diixadigital.com"
45.141.215.116 - - [23/Dec/2024:09:24:46 -0500] "POST /xmlrpc.php HTTP/1.1" 200 0 "https://diixadigital.com/" "Mozilla/5.0 (Windows NT 10.0; Win64; x64) AppleWebKit/537.36 (KHTML, like Gecko) Chrome/88.0.4324.104 Safari/537.36"
66.29.132.124 - - [23/Dec/2024:09:24:56 -0500] "POST /wp-admin/admin-ajax.php?action=async_litespeed&nonce=uxfjZYiSNsBa8bBhqM4IBVnsZfYbA56P&litespeed_type=imgoptm HTTP/1.1" 200 0 "-" "WordPress/6.7.1; https://diixadigital.com"
20.15.133.175 - - [23/Dec/2024:09:25:27 -0500] "GET /tpcaz/i2489463.html HTTP/1.1" 200 43989 "-" "Mozilla/5.0 AppleWebKit/537.36 (KHTML, like Gecko; compatible; bingbot/2.0; +http://www.bing.com/bingbot.htm) Chrome/116.0.1938.76 Safari/537.36"
20.15.133.175 - - [23/Dec/2024:09:25:42 -0500] "GET /yjgek/d848026.html HTTP/1.1" 200 45138 "-" "Mozilla/5.0 AppleWebKit/537.36 (KHTML, like Gecko; compatible; bingbot/2.0; +http://www.bing.com/bingbot.htm) Chrome/116.0.1938.76 Safari/537.36"
20.15.133.175 - - [23/Dec/2024:09:25:45 -0500] "GET /mavay/a843681.html HTTP/1.1" 200 44865 "-" "Mozilla/5.0 AppleWebKit/537.36 (KHTML, like Gecko; compatible; bingbot/2.0; +http://www.bing.com/bingbot.htm) Chrome/116.0.1938.76 Safari/537.36"
20.15.133.175 - - [23/Dec/2024:09:25:46 -0500] "GET /zscrn/n1075874.html HTTP/1.1" 200 44438 "-" "Mozilla/5.0 AppleWebKit/537.36 (KHTML, like Gecko; compatible; bingbot/2.0; +http://www.bing.com/bingbot.htm) Chrome/116.0.1938.76 Safari/537.36"
20.15.133.175 - - [23/Dec/2024:09:25:48 -0500] "GET /mvino/q745157.html HTTP/1.1" 200 45290 "-" "Mozilla/5.0 AppleWebKit/537.36 (KHTML, like Gecko; compatible; bingbot/2.0; +http://www.bing.com/bingbot.htm) Chrome/116.0.1938.76 Safari/537.36"
20.15.133.175 - - [23/Dec/2024:09:25:48 -0500] "GET /vqjcz/u3026089.html HTTP/1.1" 200 44423 "-" "Mozilla/5.0 AppleWebKit/537.36 (KHTML, like Gecko; compatible; bingbot/2.0; +http://www.bing.com/bingbot.htm) Chrome/116.0.1938.76 Safari/537.36"
20.15.133.175 - - [23/Dec/2024:09:25:54 -0500] "GET /nagye/a3032855.html HTTP/1.1" 200 44181 "-" "Mozilla/5.0 AppleWebKit/537.36 (KHTML, like Gecko; compatible; bingbot/2.0; +http://www.bing.com/bingbot.htm) Chrome/116.0.1938.76 Safari/537.36"
20.15.133.175 - - [23/Dec/2024:09:26:01 -0500] "GET /ngvqk/h2651468.html HTTP/1.1" 200 46055 "-" "Mozilla/5.0 AppleWebKit/537.36 (KHTML, like Gecko; compatible; bingbot/2.0; +http://www.bing.com/bingbot.htm) Chrome/116.0.1938.76 Safari/537.36"
40.77.167.30 - - [23/Dec/2024:09:27:16 -0500] "GET /qlprd/c1959473.html HTTP/1.1" 200 44407 "-" "Mozilla/5.0 AppleWebKit/537.36 (KHTML, like Gecko; compatible; bingbot/2.0; +http://www.bing.com/bingbot.htm) Chrome/116.0.1938.76 Safari/537.36"
20.15.133.175 - - [23/Dec/2024:09:27:18 -0500] "GET /tfmtu/q2553275.html HTTP/1.1" 200 44294 "-" "Mozilla/5.0 AppleWebKit/537.36 (KHTML, like Gecko; compatible; bingbot/2.0; +http://www.bing.com/bingbot.htm) Chrome/116.0.1938.76 Safari/537.36"
40.77.167.78 - - [23/Dec/2024:09:27:18 -0500] "GET /vbaod/f710878.html HTTP/1.1" 200 45041 "-" "Mozilla/5.0 AppleWebKit/537.36 (KHTML, like Gecko; compatible; bingbot/2.0; +http://www.bing.com/bingbot.htm) Chrome/116.0.1938.76 Safari/537.36"
40.77.167.30 - - [23/Dec/2024:09:27:18 -0500] "GET /jzzoi/c2762795.html HTTP/1.1" 200 44652 "-" "Mozilla/5.0 AppleWebKit/537.36 (KHTML, like Gecko; compatible; bingbot/2.0; +http://www.bing.com/bingbot.htm) Chrome/116.0.1938.76 Safari/537.36"
52.167.144.202 - - [23/Dec/2024:09:27:28 -0500] "GET /iszzp/l488480.html HTTP/1.1" 200 44693 "-" "Mozilla/5.0 AppleWebKit/537.36 (KHTML, like Gecko; compatible; bingbot/2.0; +http://www.bing.com/bingbot.htm) Chrome/116.0.1938.76 Safari/537.36"
52.167.144.202 - - [23/Dec/2024:09:28:48 -0500] "GET /mukog/d3088758.html HTTP/1.1" 200 44382 "-" "Mozilla/5.0 AppleWebKit/537.36 (KHTML, like Gecko; compatible; bingbot/2.0; +http://www.bing.com/bingbot.htm) Chrome/116.0.1938.76 Safari/537.36"
20.15.133.184 - - [23/Dec/2024:09:29:28 -0500] "GET /akdva/v1808302.html HTTP/1.1" 200 43757 "-" "Mozilla/5.0 AppleWebKit/537.36 (KHTML, like Gecko; compatible; bingbot/2.0; +http://www.bing.com/bingbot.htm) Chrome/116.0.1938.76 Safari/537.36"
20.15.133.175 - - [23/Dec/2024:09:29:32 -0500] "GET /qvixz/r2972344.html HTTP/1.1" 200 44235 "-" "Mozilla/5.0 AppleWebKit/537.36 (KHTML, like Gecko; compatible; bingbot/2.0; +http://www.bing.com/bingbot.htm) Chrome/116.0.1938.76 Safari/537.36"
52.167.144.187 - - [23/Dec/2024:09:30:57 -0500] "GET /pieyt/f1516384.html HTTP/1.1" 200 43848 "-" "Mozilla/5.0 AppleWebKit/537.36 (KHTML, like Gecko; compatible; bingbot/2.0; +http://www.bing.com/bingbot.htm) Chrome/116.0.1938.76 Safari/537.36"
20.15.133.184 - - [23/Dec/2024:09:31:06 -0500] "GET /jsxwo/p1083130.html HTTP/1.1" 200 45085 "-" "Mozilla/5.0 AppleWebKit/537.36 (KHTML, like Gecko; compatible; bingbot/2.0; +http://www.bing.com/bingbot.htm) Chrome/116.0.1938.76 Safari/537.36"
52.167.144.225 - - [23/Dec/2024:09:31:08 -0500] "GET /ghirc/t976716.html HTTP/1.1" 200 44276 "-" "Mozilla/5.0 AppleWebKit/537.36 (KHTML, like Gecko; compatible; bingbot/2.0; +http://www.bing.com/bingbot.htm) Chrome/116.0.1938.76 Safari/537.36"
20.15.133.184 - - [23/Dec/2024:09:31:17 -0500] "GET /axglf/t325962.html HTTP/1.1" 200 44539 "-" "Mozilla/5.0 AppleWebKit/537.36 (KHTML, like Gecko; compatible; bingbot/2.0; +http://www.bing.com/bingbot.htm) Chrome/116.0.1938.76 Safari/537.36"
20.15.133.175 - - [23/Dec/2024:09:31:52 -0500] "GET /bsojz/g401245.html HTTP/1.1" 200 45265 "-" "Mozilla/5.0 AppleWebKit/537.36 (KHTML, like Gecko; compatible; bingbot/2.0; +http://www.bing.com/bingbot.htm) Chrome/116.0.1938.76 Safari/537.36"
52.167.144.173 - - [23/Dec/2024:09:32:16 -0500] "GET /cppth/l2837892.html HTTP/1.1" 200 44858 "-" "Mozilla/5.0 AppleWebKit/537.36 (KHTML, like Gecko; compatible; bingbot/2.0; +http://www.bing.com/bingbot.htm) Chrome/116.0.1938.76 Safari/537.36"
52.167.144.173 - - [23/Dec/2024:09:33:46 -0500] "GET /esatc/y1729239.html HTTP/1.1" 200 44415 "-" "Mozilla/5.0 AppleWebKit/537.36 (KHTML, like Gecko; compatible; bingbot/2.0; +http://www.bing.com/bingbot.htm) Chrome/116.0.1938.76 Safari/537.36"
20.15.133.184 - - [23/Dec/2024:09:34:08 -0500] "GET /vjgkn/o222919.html HTTP/1.1" 200 45012 "-" "Mozilla/5.0 AppleWebKit/537.36 (KHTML, like Gecko; compatible; bingbot/2.0; +http://www.bing.com/bingbot.htm) Chrome/116.0.1938.76 Safari/537.36"
52.167.144.173 - - [23/Dec/2024:09:34:56 -0500] "GET /tepsu/i1861017.html HTTP/1.1" 200 44255 "-" "Mozilla/5.0 AppleWebKit/537.36 (KHTML, like Gecko; compatible; bingbot/2.0; +http://www.bing.com/bingbot.htm) Chrome/116.0.1938.76 Safari/537.36"
20.15.133.175 - - [23/Dec/2024:09:35:42 -0500] "GET /ipnjr/v2681876.html HTTP/1.1" 200 45073 "-" "Mozilla/5.0 AppleWebKit/537.36 (KHTML, like Gecko; compatible; bingbot/2.0; +http://www.bing.com/bingbot.htm) Chrome/116.0.1938.76 Safari/537.36"
20.15.133.184 - - [23/Dec/2024:09:35:48 -0500] "GET /mkury/u2650519.html HTTP/1.1" 200 44903 "-" "Mozilla/5.0 AppleWebKit/537.36 (KHTML, like Gecko; compatible; bingbot/2.0; +http://www.bing.com/bingbot.htm) Chrome/116.0.1938.76 Safari/537.36"
20.15.133.184 - - [23/Dec/2024:09:36:38 -0500] "GET /ilsbe/s2983655.html HTTP/1.1" 200 43861 "-" "Mozilla/5.0 AppleWebKit/537.36 (KHTML, like Gecko; compatible; bingbot/2.0; +http://www.bing.com/bingbot.htm) Chrome/116.0.1938.76 Safari/537.36"
52.167.144.187 - - [23/Dec/2024:09:37:07 -0500] "GET /tewss/y2914631.html HTTP/1.1" 200 44592 "-" "Mozilla/5.0 AppleWebKit/537.36 (KHTML, like Gecko; compatible; bingbot/2.0; +http://www.bing.com/bingbot.htm) Chrome/116.0.1938.76 Safari/537.36"
52.167.144.225 - - [23/Dec/2024:09:37:12 -0500] "GET /aasod/c2677801.html HTTP/1.1" 200 44700 "-" "Mozilla/5.0 AppleWebKit/537.36 (KHTML, like Gecko; compatible; bingbot/2.0; +http://www.bing.com/bingbot.htm) Chrome/116.0.1938.76 Safari/537.36"
20.15.133.184 - - [23/Dec/2024:09:38:30 -0500] "GET /khhnq/a152315.html HTTP/1.1" 200 44925 "-" "Mozilla/5.0 AppleWebKit/537.36 (KHTML, like Gecko; compatible; bingbot/2.0; +http://www.bing.com/bingbot.htm) Chrome/116.0.1938.76 Safari/537.36"
185.220.101.23 - - [23/Dec/2024:09:38:37 -0500] "POST /xmlrpc.php HTTP/1.1" 200 0 "https://diixadigital.com/" "Mozilla/5.0 (Windows NT 6.1; Win64; x64) AppleWebKit/537.36 (KHTML, like Gecko) Chrome/79.0.3945.88 Safari/537.36"
52.167.144.210 - - [23/Dec/2024:09:39:23 -0500] "GET /akpyl/a111833.html HTTP/1.1" 200 45443 "-" "Mozilla/5.0 AppleWebKit/537.36 (KHTML, like Gecko; compatible; bingbot/2.0; +http://www.bing.com/bingbot.htm) Chrome/116.0.1938.76 Safari/537.36"
52.167.144.19 - - [23/Dec/2024:09:45:35 -0500] "GET /lzhdm/b1317610.html HTTP/1.1" 200 44944 "-" "Mozilla/5.0 AppleWebKit/537.36 (KHTML, like Gecko; compatible; bingbot/2.0; +http://www.bing.com/bingbot.htm) Chrome/116.0.1938.76 Safari/537.36"
66.249.79.160 - - [23/Dec/2024:09:46:05 -0500] "GET /fhexx/o2026461.html HTTP/1.1" 200 45073 "-" "Mozilla/5.0 (Linux; Android 6.0.1; Nexus 5X Build/MMB29P) AppleWebKit/537.36 (KHTML, like Gecko) Chrome/131.0.6778.139 Mobile Safari/537.36 (compatible; Googlebot/2.1; +http://www.google.com/bot.html)"
52.167.144.137 - - [23/Dec/2024:09:46:51 -0500] "GET /twigt/g2148419.html HTTP/1.1" 200 44120 "-" "Mozilla/5.0 AppleWebKit/537.36 (KHTML, like Gecko; compatible; bingbot/2.0; +http://www.bing.com/bingbot.htm) Chrome/116.0.1938.76 Safari/537.36"
52.167.144.19 - - [23/Dec/2024:09:47:34 -0500] "GET /xlsbs/i229023.html HTTP/1.1" 200 44906 "-" "Mozilla/5.0 AppleWebKit/537.36 (KHTML, like Gecko; compatible; bingbot/2.0; +http://www.bing.com/bingbot.htm) Chrome/116.0.1938.76 Safari/537.36"
52.167.144.19 - - [23/Dec/2024:09:41:02 -0500] "GET /xjawm/f607528.html HTTP/1.1" 200 44193 "-" "Mozilla/5.0 AppleWebKit/537.36 (KHTML, like Gecko; compatible; bingbot/2.0; +http://www.bing.com/bingbot.htm) Chrome/116.0.1938.76 Safari/537.36"
52.167.144.210 - - [23/Dec/2024:09:41:22 -0500] "GET /znszl/n696352.html HTTP/1.1" 200 44820 "-" "Mozilla/5.0 AppleWebKit/537.36 (KHTML, like Gecko; compatible; bingbot/2.0; +http://www.bing.com/bingbot.htm) Chrome/116.0.1938.76 Safari/537.36"
66.29.132.124 - - [23/Dec/2024:09:41:37 -0500] "POST /wp-cron.php?doing_wp_cron=1734964891.8662469387054443359375 HTTP/1.1" 200 0 "-" "WordPress/6.7.1; https://diixadigital.com"
52.167.144.210 - - [23/Dec/2024:09:42:41 -0500] "GET /jtvni/e965209.html HTTP/1.1" 200 45004 "-" "Mozilla/5.0 AppleWebKit/537.36 (KHTML, like Gecko; compatible; bingbot/2.0; +http://www.bing.com/bingbot.htm) Chrome/116.0.1938.76 Safari/537.36"
20.15.133.175 - - [23/Dec/2024:09:42:44 -0500] "GET /qpubr/f2666130.html HTTP/1.1" 200 44340 "-" "Mozilla/5.0 AppleWebKit/537.36 (KHTML, like Gecko; compatible; bingbot/2.0; +http://www.bing.com/bingbot.htm) Chrome/116.0.1938.76 Safari/537.36"
52.167.144.19 - - [23/Dec/2024:09:45:01 -0500] "GET /rljkj/e1872999.html HTTP/1.1" 200 44089 "-" "Mozilla/5.0 AppleWebKit/537.36 (KHTML, like Gecko; compatible; bingbot/2.0; +http://www.bing.com/bingbot.htm) Chrome/116.0.1938.76 Safari/537.36"
52.167.144.137 - - [23/Dec/2024:09:45:31 -0500] "GET /plxxt/k448543.html HTTP/1.1" 200 44311 "-" "Mozilla/5.0 AppleWebKit/537.36 (KHTML, like Gecko; compatible; bingbot/2.0; +http://www.bing.com/bingbot.htm) Chrome/116.0.1938.76 Safari/537.36"
52.167.144.137 - - [23/Dec/2024:09:48:00 -0500] "GET /gmgaw/j1623118.html HTTP/1.1" 200 43874 "-" "Mozilla/5.0 AppleWebKit/537.36 (KHTML, like Gecko; compatible; bingbot/2.0; +http://www.bing.com/bingbot.htm) Chrome/116.0.1938.76 Safari/537.36"
52.167.144.210 - - [23/Dec/2024:09:48:05 -0500] "GET /ikijf/x283872.html HTTP/1.1" 200 45045 "-" "Mozilla/5.0 AppleWebKit/537.36 (KHTML, like Gecko; compatible; bingbot/2.0; +http://www.bing.com/bingbot.htm) Chrome/116.0.1938.76 Safari/537.36"
20.15.133.175 - - [23/Dec/2024:09:48:06 -0500] "GET /rhhlv/q2636865.html HTTP/1.1" 200 44085 "-" "Mozilla/5.0 AppleWebKit/537.36 (KHTML, like Gecko; compatible; bingbot/2.0; +http://www.bing.com/bingbot.htm) Chrome/116.0.1938.76 Safari/537.36"
20.15.133.175 - - [23/Dec/2024:09:48:15 -0500] "GET /zthqa/k578855.html HTTP/1.1" 200 45661 "-" "Mozilla/5.0 AppleWebKit/537.36 (KHTML, like Gecko; compatible; bingbot/2.0; +http://www.bing.com/bingbot.htm) Chrome/116.0.1938.76 Safari/537.36"
52.167.144.137 - - [23/Dec/2024:09:48:20 -0500] "GET /ewqve/a2870017.html HTTP/1.1" 200 44668 "-" "Mozilla/5.0 AppleWebKit/537.36 (KHTML, like Gecko; compatible; bingbot/2.0; +http://www.bing.com/bingbot.htm) Chrome/116.0.1938.76 Safari/537.36"
40.77.167.151 - - [23/Dec/2024:09:49:12 -0500] "GET /ebito/e1701997.html HTTP/1.1" 200 44969 "-" "Mozilla/5.0 AppleWebKit/537.36 (KHTML, like Gecko; compatible; bingbot/2.0; +http://www.bing.com/bingbot.htm) Chrome/116.0.1938.76 Safari/537.36"
52.167.144.19 - - [23/Dec/2024:09:49:22 -0500] "GET /rlipi/s3011215.html HTTP/1.1" 200 45347 "-" "Mozilla/5.0 AppleWebKit/537.36 (KHTML, like Gecko; compatible; bingbot/2.0; +http://www.bing.com/bingbot.htm) Chrome/116.0.1938.76 Safari/537.36"
20.15.133.184 - - [23/Dec/2024:09:50:30 -0500] "GET /chjln/q1679701.html HTTP/1.1" 200 44288 "-" "Mozilla/5.0 AppleWebKit/537.36 (KHTML, like Gecko; compatible; bingbot/2.0; +http://www.bing.com/bingbot.htm) Chrome/116.0.1938.76 Safari/537.36"
40.77.167.32 - - [23/Dec/2024:09:51:09 -0500] "GET /hwluo/b658250.html HTTP/1.1" 200 45357 "-" "Mozilla/5.0 AppleWebKit/537.36 (KHTML, like Gecko; compatible; bingbot/2.0; +http://www.bing.com/bingbot.htm) Chrome/116.0.1938.76 Safari/537.36"
20.15.133.175 - - [23/Dec/2024:09:51:24 -0500] "GET /ifcua/b898490.html HTTP/1.1" 200 44961 "-" "Mozilla/5.0 AppleWebKit/537.36 (KHTML, like Gecko; compatible; bingbot/2.0; +http://www.bing.com/bingbot.htm) Chrome/116.0.1938.76 Safari/537.36"
20.15.133.175 - - [23/Dec/2024:09:51:27 -0500] "GET /pnmpa/b2902622.html HTTP/1.1" 200 44533 "-" "Mozilla/5.0 AppleWebKit/537.36 (KHTML, like Gecko; compatible; bingbot/2.0; +http://www.bing.com/bingbot.htm) Chrome/116.0.1938.76 Safari/537.36"
185.220.100.255 - - [23/Dec/2024:09:52:23 -0500] "POST /xmlrpc.php HTTP/1.1" 200 0 "https://diixadigital.com/" "Mozilla/5.0 (Macintosh; Intel Mac OS X 10_11_6) AppleWebKit/605.1.15 (KHTML, like Gecko) Version/11.1.2 Safari/605.1.15"
40.77.167.60 - - [23/Dec/2024:09:53:00 -0500] "GET /lureg/s2884855.html HTTP/1.1" 200 45473 "-" "Mozilla/5.0 AppleWebKit/537.36 (KHTML, like Gecko; compatible; bingbot/2.0; +http://www.bing.com/bingbot.htm) Chrome/116.0.1938.76 Safari/537.36"
20.15.133.184 - - [23/Dec/2024:09:53:11 -0500] "GET /tnnfa/x2954748.html HTTP/1.1" 200 45345 "-" "Mozilla/5.0 AppleWebKit/537.36 (KHTML, like Gecko; compatible; bingbot/2.0; +http://www.bing.com/bingbot.htm) Chrome/116.0.1938.76 Safari/537.36"
20.15.133.175 - - [23/Dec/2024:09:53:15 -0500] "GET /mmnxg/n159842.html HTTP/1.1" 200 45120 "-" "Mozilla/5.0 AppleWebKit/537.36 (KHTML, like Gecko; compatible; bingbot/2.0; +http://www.bing.com/bingbot.htm) Chrome/116.0.1938.76 Safari/537.36"
40.77.167.60 - - [23/Dec/2024:09:53:18 -0500] "GET /xqfm/a2546603.html HTTP/1.1" 200 44835 "-" "Mozilla/5.0 AppleWebKit/537.36 (KHTML, like Gecko; compatible; bingbot/2.0; +http://www.bing.com/bingbot.htm) Chrome/116.0.1938.76 Safari/537.36"
66.29.132.124 - - [23/Dec/2024:09:56:10 -0500] "POST /wp-cron.php?doing_wp_cron=1734965768.3497200012207031250000 HTTP/1.1" 200 0 "-" "WordPress/6.7.1; https://diixadigital.com"
20.15.133.184 - - [23/Dec/2024:09:58:24 -0500] "GET /dzoii/r1384810.html HTTP/1.1" 200 43964 "-" "Mozilla/5.0 AppleWebKit/537.36 (KHTML, like Gecko; compatible; bingbot/2.0; +http://www.bing.com/bingbot.htm) Chrome/116.0.1938.76 Safari/537.36"
40.77.167.60 - - [23/Dec/2024:09:58:50 -0500] "GET /jszwp/b1462378.html HTTP/1.1" 200 44373 "-" "Mozilla/5.0 AppleWebKit/537.36 (KHTML, like Gecko; compatible; bingbot/2.0; +http://www.bing.com/bingbot.htm) Chrome/116.0.1938.76 Safari/537.36"
20.15.133.175 - - [23/Dec/2024:09:59:05 -0500] "GET /zvkfm/e657213.html HTTP/1.1" 200 44596 "-" "Mozilla/5.0 AppleWebKit/537.36 (KHTML, like Gecko; compatible; bingbot/2.0; +http://www.bing.com/bingbot.htm) Chrome/116.0.1938.76 Safari/537.36"
40.77.167.65 - - [23/Dec/2024:09:59:10 -0500] "GET /mpfvc/s154283.html HTTP/1.1" 200 45195 "-" "Mozilla/5.0 AppleWebKit/537.36 (KHTML, like Gecko; compatible; bingbot/2.0; +http://www.bing.com/bingbot.htm) Chrome/116.0.1938.76 Safari/537.36"
20.15.133.184 - - [23/Dec/2024:09:59:43 -0500] "GET /fzroc/q963505.html HTTP/1.1" 200 44471 "-" "Mozilla/5.0 AppleWebKit/537.36 (KHTML, like Gecko; compatible; bingbot/2.0; +http://www.bing.com/bingbot.htm) Chrome/116.0.1938.76 Safari/537.36"
20.15.133.184 - - [23/Dec/2024:10:00:26 -0500] "GET /zankl/g753857.html HTTP/1.1" 200 45914 "-" "Mozilla/5.0 AppleWebKit/537.36 (KHTML, like Gecko; compatible; bingbot/2.0; +http://www.bing.com/bingbot.htm) Chrome/116.0.1938.76 Safari/537.36"
20.15.133.184 - - [23/Dec/2024:10:02:13 -0500] "GET /mqsey/p554862.html HTTP/1.1" 200 45651 "-" "Mozilla/5.0 AppleWebKit/537.36 (KHTML, like Gecko; compatible; bingbot/2.0; +http://www.bing.com/bingbot.htm) Chrome/116.0.1938.76 Safari/537.36"
40.77.167.23 - - [23/Dec/2024:10:02:21 -0500] "GET /nxlod/e2090879.html HTTP/1.1" 200 44025 "-" "Mozilla/5.0 AppleWebKit/537.36 (KHTML, like Gecko; compatible; bingbot/2.0; +http://www.bing.com/bingbot.htm) Chrome/116.0.1938.76 Safari/537.36"
20.15.133.175 - - [23/Dec/2024:10:02:27 -0500] "GET /mihvy/r2126174.html HTTP/1.1" 200 43645 "-" "Mozilla/5.0 AppleWebKit/537.36 (KHTML, like Gecko; compatible; bingbot/2.0; +http://www.bing.com/bingbot.htm) Chrome/116.0.1938.76 Safari/537.36"
20.15.133.184 - - [23/Dec/2024:10:03:32 -0500] "GET /rblxa/o2757295.html HTTP/1.1" 200 45055 "-" "Mozilla/5.0 AppleWebKit/537.36 (KHTML, like Gecko; compatible; bingbot/2.0; +http://www.bing.com/bingbot.htm) Chrome/116.0.1938.76 Safari/537.36"
40.77.167.23 - - [23/Dec/2024:10:04:00 -0500] "GET /fwyur/m2299043.html HTTP/1.1" 200 45107 "-" "Mozilla/5.0 AppleWebKit/537.36 (KHTML, like Gecko; compatible; bingbot/2.0; +http://www.bing.com/bingbot.htm) Chrome/116.0.1938.76 Safari/537.36"
40.77.167.23 - - [23/Dec/2024:10:04:40 -0500] "GET /rwdot/n2314774.html HTTP/1.1" 200 43965 "-" "Mozilla/5.0 AppleWebKit/537.36 (KHTML, like Gecko; compatible; bingbot/2.0; +http://www.bing.com/bingbot.htm) Chrome/116.0.1938.76 Safari/537.36"
185.241.208.115 - - [23/Dec/2024:10:06:12 -0500] "POST /xmlrpc.php HTTP/1.1" 200 0 "https://diixadigital.com/" "Mozilla/5.0 (Windows NT 10.0; Win64; x64) AppleWebKit/537.36 (KHTML, like Gecko) Chrome/89.0.4389.90 Safari/537.36"
20.15.133.184 - - [23/Dec/2024:10:06:41 -0500] "GET /aeueg/m748273.html HTTP/1.1" 200 45493 "-" "Mozilla/5.0 AppleWebKit/537.36 (KHTML, like Gecko; compatible; bingbot/2.0; +http://www.bing.com/bingbot.htm) Chrome/116.0.1938.76 Safari/537.36"
40.77.167.23 - - [23/Dec/2024:10:07:22 -0500] "GET /amzok/k1880831.html HTTP/1.1" 200 44165 "-" "Mozilla/5.0 AppleWebKit/537.36 (KHTML, like Gecko; compatible; bingbot/2.0; +http://www.bing.com/bingbot.htm) Chrome/116.0.1938.76 Safari/537.36"
20.15.133.184 - - [23/Dec/2024:10:07:42 -0500] "GET /cexxp/q421483.html HTTP/1.1" 200 44817 "-" "Mozilla/5.0 AppleWebKit/537.36 (KHTML, like Gecko; compatible; bingbot/2.0; +http://www.bing.com/bingbot.htm) Chrome/116.0.1938.76 Safari/537.36"
20.15.133.191 - - [23/Dec/2024:10:09:05 -0500] "GET /rablb/e1026465.html HTTP/1.1" 200 46251 "-" "Mozilla/5.0 AppleWebKit/537.36 (KHTML, like Gecko; compatible; bingbot/2.0; +http://www.bing.com/bingbot.htm) Chrome/116.0.1938.76 Safari/537.36"
20.15.133.191 - - [23/Dec/2024:10:09:07 -0500] "GET /ylznu/k1865673.html HTTP/1.1" 200 44080 "-" "Mozilla/5.0 AppleWebKit/537.36 (KHTML, like Gecko; compatible; bingbot/2.0; +http://www.bing.com/bingbot.htm) Chrome/116.0.1938.76 Safari/537.36"
66.29.132.124 - - [23/Dec/2024:10:10:34 -0500] "POST /wp-cron.php?doing_wp_cron=1734966633.3473908901214599609375 HTTP/1.1" 200 0 "-" "WordPress/6.7.1; https://diixadigital.com"
66.29.132.124 - - [23/Dec/2024:10:10:59 -0500] "POST /wp-admin/admin-ajax.php?action=async_litespeed&nonce=jY5Z67MzskerG1F3SJOggw4My2perfZy&litespeed_type=imgoptm HTTP/1.1" 200 0 "-" "WordPress/6.7.1; https://diixadigital.com"
40.77.167.61 - - [23/Dec/2024:10:11:10 -0500] "GET /ziwzf/l1302098.html HTTP/1.1" 200 45063 "-" "Mozilla/5.0 AppleWebKit/537.36 (KHTML, like Gecko; compatible; bingbot/2.0; +http://www.bing.com/bingbot.htm) Chrome/116.0.1938.76 Safari/537.36"
66.29.132.124 - - [23/Dec/2024:10:11:32 -0500] "POST /wp-admin/admin-ajax.php?action=as_async_request_queue_runner&nonce=90a1a534c2 HTTP/1.1" 200 0 "-" "WordPress/6.7.1; https://diixadigital.com"
20.15.133.191 - - [23/Dec/2024:10:11:36 -0500] "GET /dvlmq/k213971.html HTTP/1.1" 200 45684 "-" "Mozilla/5.0 AppleWebKit/537.36 (KHTML, like Gecko; compatible; bingbot/2.0; +http://www.bing.com/bingbot.htm) Chrome/116.0.1938.76 Safari/537.36"
40.77.167.181 - - [23/Dec/2024:10:11:46 -0500] "GET /robots.txt HTTP/1.1" 200 137 "-" "Mozilla/5.0 AppleWebKit/537.36 (KHTML, like Gecko; compatible; bingbot/2.0; +http://www.bing.com/bingbot.htm) Chrome/116.0.1938.76 Safari/537.36"
40.77.167.181 - - [23/Dec/2024:10:11:46 -0500] "GET /robots.txt HTTP/1.1" 200 137 "-" "Mozilla/5.0 AppleWebKit/537.36 (KHTML, like Gecko; compatible; bingbot/2.0; +http://www.bing.com/bingbot.htm) Chrome/116.0.1938.76 Safari/537.36"
66.29.132.124 - - [23/Dec/2024:10:11:52 -0500] "POST /wp-cron.php?doing_wp_cron=1734966712.4560120105743408203125 HTTP/1.1" 200 0 "-" "WordPress/6.7.1; https://diixadigital.com"
66.29.132.124 - - [23/Dec/2024:10:12:03 -0500] "POST /wp-admin/admin-ajax.php?action=as_async_request_queue_runner&nonce=90a1a534c2 HTTP/1.1" 200 0 "-" "WordPress/6.7.1; https://diixadigital.com"
66.29.132.124 - - [23/Dec/2024:10:12:11 -0500] "POST /wp-admin/admin-ajax.php?action=async_litespeed&nonce=Fg4eMCLewC6Akpuf3EM1SwEoxMY9OSUX&litespeed_type=imgoptm HTTP/1.1" 200 0 "-" "WordPress/6.7.1; https://diixadigital.com"
52.167.144.214 - - [23/Dec/2024:10:12:12 -0500] "GET /yrjgh/x1083684.html HTTP/1.1" 200 45130 "-" "Mozilla/5.0 AppleWebKit/537.36 (KHTML, like Gecko; compatible; bingbot/2.0; +http://www.bing.com/bingbot.htm) Chrome/116.0.1938.76 Safari/537.36"
66.29.132.124 - - [23/Dec/2024:10:12:31 -0500] "POST /wp-admin/admin-ajax.php?action=as_async_request_queue_runner&nonce=90a1a534c2 HTTP/1.1" 200 0 "-" "WordPress/6.7.1; https://diixadigital.com"
66.29.132.124 - - [23/Dec/2024:10:12:44 -0500] "POST /wp-cron.php?doing_wp_cron=1734966763.9573729038238525390625 HTTP/1.1" 200 0 "-" "WordPress/6.7.1; https://diixadigital.com"
40.77.167.123 - - [23/Dec/2024:10:12:50 -0500] "GET /yhuba/r2564690.html HTTP/1.1" 200 44792 "-" "Mozilla/5.0 AppleWebKit/537.36 (KHTML, like Gecko; compatible; bingbot/2.0; +http://www.bing.com/bingbot.htm) Chrome/116.0.1938.76 Safari/537.36"
66.29.132.124 - - [23/Dec/2024:10:13:01 -0500] "POST /wp-admin/admin-ajax.php?action=async_litespeed&nonce=4licXJnc4fXFnbSNeZBdvmS81yD2R4Ro&litespeed_type=imgoptm HTTP/1.1" 200 0 "-" "WordPress/6.7.1; https://diixadigital.com"
66.29.132.124 - - [23/Dec/2024:10:14:02 -0500] "POST /wp-cron.php?doing_wp_cron=1734966841.6532499790191650390625 HTTP/1.1" 200 0 "-" "WordPress/6.7.1; https://diixadigital.com"
185.233.3.42 - - [23/Dec/2024:10:13:39 -0500] "GET /wp-content/plugins/woocommerce-pdf-vouchers/includes/css/woo-vou-admin.css HTTP/1.1" 200 0 "-" "Mozilla/4.0 (compatible; MSIE 6.0; Windows NT 5.1; SV1)"
66.29.132.124 - - [23/Dec/2024:10:14:26 -0500] "POST /wp-admin/admin-ajax.php?action=async_litespeed&nonce=oc6QFg49auGn8G2Hl48BWjt1z6kG0RjW&litespeed_type=imgoptm HTTP/1.1" 200 0 "-" "WordPress/6.7.1; https://diixadigital.com"
66.29.132.124 - - [23/Dec/2024:10:14:55 -0500] "POST /wp-cron.php?doing_wp_cron=1734966894.8653390407562255859375 HTTP/1.1" 200 0 "-" "WordPress/6.7.1; https://diixadigital.com"
40.77.167.123 - - [23/Dec/2024:10:15:00 -0500] "GET /mqins/e2892433.html HTTP/1.1" 200 44731 "-" "Mozilla/5.0 AppleWebKit/537.36 (KHTML, like Gecko; compatible; bingbot/2.0; +http://www.bing.com/bingbot.htm) Chrome/116.0.1938.76 Safari/537.36"
66.29.132.124 - - [23/Dec/2024:10:15:17 -0500] "POST /wp-admin/admin-ajax.php?action=async_litespeed&nonce=Ftm2W2JGjn9xedVWeZwVQ6ihjvQ7JAql&litespeed_type=imgoptm HTTP/1.1" 200 0 "-" "WordPress/6.7.1; https://diixadigital.com"
20.15.133.191 - - [23/Dec/2024:10:18:22 -0500] "GET /qxoge/t352196.html HTTP/1.1" 200 44625 "-" "Mozilla/5.0 AppleWebKit/537.36 (KHTML, like Gecko; compatible; bingbot/2.0; +http://www.bing.com/bingbot.htm) Chrome/116.0.1938.76 Safari/537.36"
45.138.16.178 - - [23/Dec/2024:10:19:59 -0500] "POST /xmlrpc.php HTTP/1.1" 200 0 "https://diixadigital.com/" "Mozilla/5.0 (iPhone; CPU iPhone OS 10_3_3 like Mac OS X) AppleWebKit/603.3.8 (KHTML, like Gecko) Version/10.0 Mobile/14G60 Safari/602.1"
66.249.79.160 - - [23/Dec/2024:10:21:20 -0500] "GET /robots.txt HTTP/1.1" 200 137 "-" "Mozilla/5.0 (compatible; Googlebot/2.1; +http://www.google.com/bot.html)"
66.249.79.161 - - [23/Dec/2024:10:21:21 -0500] "GET /synbj/w312419.html HTTP/1.1" 200 44846 "-" "Mozilla/5.0 (Linux; Android 6.0.1; Nexus 5X Build/MMB29P) AppleWebKit/537.36 (KHTML, like Gecko) Chrome/131.0.6778.139 Mobile Safari/537.36 (compatible; Googlebot/2.1; +http://www.google.com/bot.html)"
40.77.167.17 - - [23/Dec/2024:10:21:41 -0500] "GET /xhrod/e1110367.html HTTP/1.1" 200 44909 "-" "Mozilla/5.0 AppleWebKit/537.36 (KHTML, like Gecko; compatible; bingbot/2.0; +http://www.bing.com/bingbot.htm) Chrome/116.0.1938.76 Safari/537.36"
40.77.167.17 - - [23/Dec/2024:10:22:11 -0500] "GET /rfetf/p2612242.html HTTP/1.1" 200 43979 "-" "Mozilla/5.0 AppleWebKit/537.36 (KHTML, like Gecko; compatible; bingbot/2.0; +http://www.bing.com/bingbot.htm) Chrome/116.0.1938.76 Safari/537.36"
52.167.144.188 - - [23/Dec/2024:10:24:03 -0500] "GET /ctcjd/s503671.html HTTP/1.1" 200 44365 "-" "Mozilla/5.0 AppleWebKit/537.36 (KHTML, like Gecko; compatible; bingbot/2.0; +http://www.bing.com/bingbot.htm) Chrome/116.0.1938.76 Safari/537.36"
66.29.132.124 - - [23/Dec/2024:10:24:11 -0500] "POST /wp-cron.php?doing_wp_cron=1734967450.0477380752563476562500 HTTP/1.1" 200 0 "-" "WordPress/6.7.1; https://diixadigital.com"
66.29.132.124 - - [23/Dec/2024:10:24:28 -0500] "POST /wp-admin/admin-ajax.php?action=async_litespeed&nonce=Hdbz5J8uOrE7q3arjOYkvzRfvCLyK3kE&litespeed_type=imgoptm HTTP/1.1" 200 0 "-" "WordPress/6.7.1; https://diixadigital.com"
52.167.144.142 - - [23/Dec/2024:10:25:33 -0500] "GET /icmma/s2342313.html HTTP/1.1" 200 44322 "-" "Mozilla/5.0 AppleWebKit/537.36 (KHTML, like Gecko; compatible; bingbot/2.0; +http://www.bing.com/bingbot.htm) Chrome/116.0.1938.76 Safari/537.36"
40.77.167.55 - - [23/Dec/2024:10:27:25 -0500] "GET /zzjzy/i2866177.html HTTP/1.1" 200 45890 "-" "Mozilla/5.0 AppleWebKit/537.36 (KHTML, like Gecko; compatible; bingbot/2.0; +http://www.bing.com/bingbot.htm) Chrome/116.0.1938.76 Safari/537.36"
20.15.133.184 - - [23/Dec/2024:10:29:26 -0500] "GET /xeiit/d327610.html HTTP/1.1" 200 44580 "-" "Mozilla/5.0 AppleWebKit/537.36 (KHTML, like Gecko; compatible; bingbot/2.0; +http://www.bing.com/bingbot.htm) Chrome/116.0.1938.76 Safari/537.36"
52.167.144.23 - - [23/Dec/2024:10:30:04 -0500] "GET /hrhsx/e209493.html HTTP/1.1" 200 44341 "-" "Mozilla/5.0 AppleWebKit/537.36 (KHTML, like Gecko; compatible; bingbot/2.0; +http://www.bing.com/bingbot.htm) Chrome/116.0.1938.76 Safari/537.36"
40.77.167.55 - - [23/Dec/2024:10:30:20 -0500] "GET /xuxzu/r2922424.html HTTP/1.1" 200 43954 "-" "Mozilla/5.0 AppleWebKit/537.36 (KHTML, like Gecko; compatible; bingbot/2.0; +http://www.bing.com/bingbot.htm) Chrome/116.0.1938.76 Safari/537.36"
52.167.144.23 - - [23/Dec/2024:10:31:54 -0500] "GET /wktlb/s2734471.html HTTP/1.1" 200 44894 "-" "Mozilla/5.0 AppleWebKit/537.36 (KHTML, like Gecko; compatible; bingbot/2.0; +http://www.bing.com/bingbot.htm) Chrome/116.0.1938.76 Safari/537.36"
20.15.133.184 - - [23/Dec/2024:10:32:26 -0500] "GET /mckoz/p1785312.html HTTP/1.1" 200 44007 "-" "Mozilla/5.0 AppleWebKit/537.36 (KHTML, like Gecko; compatible; bingbot/2.0; +http://www.bing.com/bingbot.htm) Chrome/116.0.1938.76 Safari/537.36"
40.77.167.53 - - [23/Dec/2024:10:32:33 -0500] "GET /omins/p2031012.html HTTP/1.1" 200 44379 "-" "Mozilla/5.0 AppleWebKit/537.36 (KHTML, like Gecko; compatible; bingbot/2.0; +http://www.bing.com/bingbot.htm) Chrome/116.0.1938.76 Safari/537.36"
40.77.167.53 - - [23/Dec/2024:10:32:36 -0500] "GET /wjint/h1417066.html HTTP/1.1" 200 44222 "-" "Mozilla/5.0 AppleWebKit/537.36 (KHTML, like Gecko; compatible; bingbot/2.0; +http://www.bing.com/bingbot.htm) Chrome/116.0.1938.76 Safari/537.36"
52.167.144.23 - - [23/Dec/2024:10:32:57 -0500] "GET /mleiv/c210245.html HTTP/1.1" 200 44693 "-" "Mozilla/5.0 AppleWebKit/537.36 (KHTML, like Gecko; compatible; bingbot/2.0; +http://www.bing.com/bingbot.htm) Chrome/116.0.1938.76 Safari/537.36"
40.77.167.41 - - [23/Dec/2024:10:33:27 -0500] "GET /snosl/l1529572.html HTTP/1.1" 200 43775 "-" "Mozilla/5.0 AppleWebKit/537.36 (KHTML, like Gecko; compatible; bingbot/2.0; +http://www.bing.com/bingbot.htm) Chrome/116.0.1938.76 Safari/537.36"
107.189.8.65 - - [23/Dec/2024:10:33:49 -0500] "POST /xmlrpc.php HTTP/1.1" 200 0 "https://diixadigital.com/" "Mozilla/5.0 (Windows NT 6.1; Win64; x64; rv:57.0) Gecko/20100101 Firefox/57.0"
52.167.144.222 - - [23/Dec/2024:10:36:25 -0500] "GET /hyhdm/a407635.html HTTP/1.1" 200 44405 "-" "Mozilla/5.0 AppleWebKit/537.36 (KHTML, like Gecko; compatible; bingbot/2.0; +http://www.bing.com/bingbot.htm) Chrome/116.0.1938.76 Safari/537.36"
40.77.167.5 - - [23/Dec/2024:10:37:22 -0500] "GET /zktdw/q617861.html HTTP/1.1" 200 45144 "-" "Mozilla/5.0 AppleWebKit/537.36 (KHTML, like Gecko; compatible; bingbot/2.0; +http://www.bing.com/bingbot.htm) Chrome/116.0.1938.76 Safari/537.36"
20.15.133.184 - - [23/Dec/2024:10:37:25 -0500] "GET /bormg/n1122856.html HTTP/1.1" 200 44427 "-" "Mozilla/5.0 AppleWebKit/537.36 (KHTML, like Gecko; compatible; bingbot/2.0; +http://www.bing.com/bingbot.htm) Chrome/116.0.1938.76 Safari/537.36"
40.77.167.5 - - [23/Dec/2024:10:38:22 -0500] "GET /borbo/e320409.html HTTP/1.1" 200 44847 "-" "Mozilla/5.0 AppleWebKit/537.36 (KHTML, like Gecko; compatible; bingbot/2.0; +http://www.bing.com/bingbot.htm) Chrome/116.0.1938.76 Safari/537.36"
66.29.132.124 - - [23/Dec/2024:10:38:31 -0500] "POST /wp-cron.php?doing_wp_cron=1734968310.0735790729522705078125 HTTP/1.1" 200 0 "-" "WordPress/6.7.1; https://diixadigital.com"
52.167.144.138 - - [23/Dec/2024:10:41:23 -0500] "GET /eoicq/h535484.html HTTP/1.1" 200 45352 "-" "Mozilla/5.0 AppleWebKit/537.36 (KHTML, like Gecko; compatible; bingbot/2.0; +http://www.bing.com/bingbot.htm) Chrome/116.0.1938.76 Safari/537.36"
66.249.79.160 - - [23/Dec/2024:10:43:31 -0500] "GET /mtfrt/i1170717.html HTTP/1.1" 200 45235 "-" "Mozilla/5.0 (Linux; Android 6.0.1; Nexus 5X Build/MMB29P) AppleWebKit/537.36 (KHTML, like Gecko) Chrome/131.0.6778.139 Mobile Safari/537.36 (compatible; Googlebot/2.1; +http://www.google.com/bot.html)"
66.249.79.173 - - [23/Dec/2024:10:44:40 -0500] "GET /owflc/h1142012.html HTTP/1.1" 200 44616 "-" "Mozilla/5.0 (Linux; Android 6.0.1; Nexus 5X Build/MMB29P) AppleWebKit/537.36 (KHTML, like Gecko) Chrome/131.0.6778.139 Mobile Safari/537.36 (compatible; Googlebot/2.1; +http://www.google.com/bot.html)"
40.77.167.2 - - [23/Dec/2024:10:44:45 -0500] "GET /zoosj/f2756090.html HTTP/1.1" 200 44798 "-" "Mozilla/5.0 AppleWebKit/537.36 (KHTML, like Gecko; compatible; bingbot/2.0; +http://www.bing.com/bingbot.htm) Chrome/116.0.1938.76 Safari/537.36"
40.77.167.17 - - [23/Dec/2024:10:45:23 -0500] "GET /bcjxz/r2905888.html HTTP/1.1" 200 44927 "-" "Mozilla/5.0 AppleWebKit/537.36 (KHTML, like Gecko; compatible; bingbot/2.0; +http://www.bing.com/bingbot.htm) Chrome/116.0.1938.76 Safari/537.36"
66.249.79.160 - - [23/Dec/2024:10:45:34 -0500] "GET /ikpnn/j2489724.html HTTP/1.1" 200 43716 "-" "Mozilla/5.0 (Linux; Android 6.0.1; Nexus 5X Build/MMB29P) AppleWebKit/537.36 (KHTML, like Gecko) Chrome/131.0.6778.139 Mobile Safari/537.36 (compatible; Googlebot/2.1; +http://www.google.com/bot.html)"
66.249.79.160 - - [23/Dec/2024:10:46:42 -0500] "GET /oexrb/y233563.html HTTP/1.1" 200 45512 "-" "Mozilla/5.0 (Linux; Android 6.0.1; Nexus 5X Build/MMB29P) AppleWebKit/537.36 (KHTML, like Gecko) Chrome/131.0.6778.139 Mobile Safari/537.36 (compatible; Googlebot/2.1; +http://www.google.com/bot.html)"
40.77.167.22 - - [23/Dec/2024:10:46:46 -0500] "GET /aiaqx/k2726195.html HTTP/1.1" 200 45423 "-" "Mozilla/5.0 AppleWebKit/537.36 (KHTML, like Gecko; compatible; bingbot/2.0; +http://www.bing.com/bingbot.htm) Chrome/116.0.1938.76 Safari/537.36"
40.77.167.9 - - [23/Dec/2024:10:47:17 -0500] "GET /qmswk/n507072.html HTTP/1.1" 200 44201 "-" "Mozilla/5.0 AppleWebKit/537.36 (KHTML, like Gecko; compatible; bingbot/2.0; +http://www.bing.com/bingbot.htm) Chrome/116.0.1938.76 Safari/537.36"
20.15.133.184 - - [23/Dec/2024:10:47:25 -0500] "GET /smypc/v1272026.html HTTP/1.1" 200 45299 "-" "Mozilla/5.0 AppleWebKit/537.36 (KHTML, like Gecko; compatible; bingbot/2.0; +http://www.bing.com/bingbot.htm) Chrome/116.0.1938.76 Safari/537.36"
20.15.133.174 - - [23/Dec/2024:10:47:29 -0500] "GET /ecpcy/x2395384.html HTTP/1.1" 200 44060 "-" "Mozilla/5.0 AppleWebKit/537.36 (KHTML, like Gecko; compatible; bingbot/2.0; +http://www.bing.com/bingbot.htm) Chrome/116.0.1938.76 Safari/537.36"
185.220.101.19 - - [23/Dec/2024:10:47:32 -0500] "POST /xmlrpc.php HTTP/1.1" 200 0 "https://diixadigital.com/" "Mozilla/5.0 (Windows NT 6.1; Win64; x64) AppleWebKit/537.36 (KHTML, like Gecko) Chrome/61.0.3163.100 Safari/537.36"
66.249.79.173 - - [23/Dec/2024:10:47:54 -0500] "GET /mjnyc/y535631.html HTTP/1.1" 200 44970 "-" "Mozilla/5.0 (Linux; Android 6.0.1; Nexus 5X Build/MMB29P) AppleWebKit/537.36 (KHTML, like Gecko) Chrome/131.0.6778.139 Mobile Safari/537.36 (compatible; Googlebot/2.1; +http://www.google.com/bot.html)"
40.77.167.17 - - [23/Dec/2024:10:48:16 -0500] "GET /mkvii/k580831.html HTTP/1.1" 200 44421 "-" "Mozilla/5.0 AppleWebKit/537.36 (KHTML, like Gecko; compatible; bingbot/2.0; +http://www.bing.com/bingbot.htm) Chrome/116.0.1938.76 Safari/537.36"
66.249.79.161 - - [23/Dec/2024:10:48:49 -0500] "GET /opsmq/r2476316.html HTTP/1.1" 200 44544 "-" "Mozilla/5.0 (Linux; Android 6.0.1; Nexus 5X Build/MMB29P) AppleWebKit/537.36 (KHTML, like Gecko) Chrome/131.0.6778.139 Mobile Safari/537.36 (compatible; Googlebot/2.1; +http://www.google.com/bot.html)"
40.77.167.42 - - [23/Dec/2024:10:48:53 -0500] "GET /sitemap688.xml HTTP/1.1" 200 7784 "-" "Mozilla/5.0 AppleWebKit/537.36 (KHTML, like Gecko; compatible; bingbot/2.0; +http://www.bing.com/bingbot.htm) Chrome/116.0.1938.76 Safari/537.36"
40.77.167.42 - - [23/Dec/2024:10:48:56 -0500] "GET /sitemap555.xml HTTP/1.1" 200 7840 "-" "Mozilla/5.0 AppleWebKit/537.36 (KHTML, like Gecko; compatible; bingbot/2.0; +http://www.bing.com/bingbot.htm) Chrome/116.0.1938.76 Safari/537.36"
40.77.167.22 - - [23/Dec/2024:10:48:57 -0500] "GET /sitemap_index.xml HTTP/1.1" 200 7545 "-" "Mozilla/5.0 AppleWebKit/537.36 (KHTML, like Gecko; compatible; bingbot/2.0; +http://www.bing.com/bingbot.htm) Chrome/116.0.1938.76 Safari/537.36"
40.77.167.42 - - [23/Dec/2024:10:48:58 -0500] "GET /sitemap846.xml HTTP/1.1" 200 7716 "-" "Mozilla/5.0 AppleWebKit/537.36 (KHTML, like Gecko; compatible; bingbot/2.0; +http://www.bing.com/bingbot.htm) Chrome/116.0.1938.76 Safari/537.36"
40.77.167.22 - - [23/Dec/2024:10:49:00 -0500] "GET /sitemaps.xml HTTP/1.1" 200 7777 "-" "Mozilla/5.0 AppleWebKit/537.36 (KHTML, like Gecko; compatible; bingbot/2.0; +http://www.bing.com/bingbot.htm) Chrome/116.0.1938.76 Safari/537.36"
40.77.167.42 - - [23/Dec/2024:10:49:01 -0500] "GET /sitemap482.xml HTTP/1.1" 200 7723 "-" "Mozilla/5.0 AppleWebKit/537.36 (KHTML, like Gecko; compatible; bingbot/2.0; +http://www.bing.com/bingbot.htm) Chrome/116.0.1938.76 Safari/537.36"
52.167.144.173 - - [23/Dec/2024:10:49:03 -0500] "GET /sitemap581.xml HTTP/1.1" 200 7824 "-" "Mozilla/5.0 AppleWebKit/537.36 (KHTML, like Gecko; compatible; bingbot/2.0; +http://www.bing.com/bingbot.htm) Chrome/116.0.1938.76 Safari/537.36"
40.77.167.42 - - [23/Dec/2024:10:49:05 -0500] "GET /sitemap415.xml HTTP/1.1" 200 7722 "-" "Mozilla/5.0 AppleWebKit/537.36 (KHTML, like Gecko; compatible; bingbot/2.0; +http://www.bing.com/bingbot.htm) Chrome/116.0.1938.76 Safari/537.36"
52.167.144.173 - - [23/Dec/2024:10:49:06 -0500] "GET /sitemap806.xml HTTP/1.1" 200 7726 "-" "Mozilla/5.0 AppleWebKit/537.36 (KHTML, like Gecko; compatible; bingbot/2.0; +http://www.bing.com/bingbot.htm) Chrome/116.0.1938.76 Safari/537.36"
40.77.167.9 - - [23/Dec/2024:10:49:08 -0500] "GET /sitemap543.xml HTTP/1.1" 200 7763 "-" "Mozilla/5.0 AppleWebKit/537.36 (KHTML, like Gecko; compatible; bingbot/2.0; +http://www.bing.com/bingbot.htm) Chrome/116.0.1938.76 Safari/537.36"
40.77.167.42 - - [23/Dec/2024:10:49:08 -0500] "GET /sitemap528.xml HTTP/1.1" 200 7586 "-" "Mozilla/5.0 AppleWebKit/537.36 (KHTML, like Gecko; compatible; bingbot/2.0; +http://www.bing.com/bingbot.htm) Chrome/116.0.1938.76 Safari/537.36"
52.167.144.173 - - [23/Dec/2024:10:49:09 -0500] "GET /sitemap550.xml HTTP/1.1" 200 7603 "-" "Mozilla/5.0 AppleWebKit/537.36 (KHTML, like Gecko; compatible; bingbot/2.0; +http://www.bing.com/bingbot.htm) Chrome/116.0.1938.76 Safari/537.36"
40.77.167.42 - - [23/Dec/2024:10:49:11 -0500] "GET /sitemap264.xml HTTP/1.1" 200 7681 "-" "Mozilla/5.0 AppleWebKit/537.36 (KHTML, like Gecko; compatible; bingbot/2.0; +http://www.bing.com/bingbot.htm) Chrome/116.0.1938.76 Safari/537.36"
40.77.167.9 - - [23/Dec/2024:10:49:11 -0500] "GET /sitemap514.xml HTTP/1.1" 200 7873 "-" "Mozilla/5.0 AppleWebKit/537.36 (KHTML, like Gecko; compatible; bingbot/2.0; +http://www.bing.com/bingbot.htm) Chrome/116.0.1938.76 Safari/537.36"
52.167.144.173 - - [23/Dec/2024:10:49:12 -0500] "GET /sitemap.xml HTTP/1.1" 200 7610 "-" "Mozilla/5.0 AppleWebKit/537.36 (KHTML, like Gecko; compatible; bingbot/2.0; +http://www.bing.com/bingbot.htm) Chrome/116.0.1938.76 Safari/537.36"
40.77.167.9 - - [23/Dec/2024:10:49:13 -0500] "GET /sitemap827.xml HTTP/1.1" 200 7767 "-" "Mozilla/5.0 AppleWebKit/537.36 (KHTML, like Gecko; compatible; bingbot/2.0; +http://www.bing.com/bingbot.htm) Chrome/116.0.1938.76 Safari/537.36"
40.77.167.9 - - [23/Dec/2024:10:49:16 -0500] "GET /sitemap500.xml HTTP/1.1" 200 7691 "-" "Mozilla/5.0 AppleWebKit/537.36 (KHTML, like Gecko; compatible; bingbot/2.0; +http://www.bing.com/bingbot.htm) Chrome/116.0.1938.76 Safari/537.36"
40.77.167.9 - - [23/Dec/2024:10:49:19 -0500] "GET /sitemap539.xml HTTP/1.1" 200 7675 "-" "Mozilla/5.0 AppleWebKit/537.36 (KHTML, like Gecko; compatible; bingbot/2.0; +http://www.bing.com/bingbot.htm) Chrome/116.0.1938.76 Safari/537.36"
40.77.167.9 - - [23/Dec/2024:10:49:21 -0500] "GET /sitemap241.xml HTTP/1.1" 200 7589 "-" "Mozilla/5.0 AppleWebKit/537.36 (KHTML, like Gecko; compatible; bingbot/2.0; +http://www.bing.com/bingbot.htm) Chrome/116.0.1938.76 Safari/537.36"
40.77.167.42 - - [23/Dec/2024:10:49:24 -0500] "GET /sitemap711.xml HTTP/1.1" 200 7753 "-" "Mozilla/5.0 AppleWebKit/537.36 (KHTML, like Gecko; compatible; bingbot/2.0; +http://www.bing.com/bingbot.htm) Chrome/116.0.1938.76 Safari/537.36"
40.77.167.42 - - [23/Dec/2024:10:49:26 -0500] "GET /sitemap225.xml HTTP/1.1" 200 7778 "-" "Mozilla/5.0 AppleWebKit/537.36 (KHTML, like Gecko; compatible; bingbot/2.0; +http://www.bing.com/bingbot.htm) Chrome/116.0.1938.76 Safari/537.36"
40.77.167.9 - - [23/Dec/2024:10:49:28 -0500] "GET /sitemap410.xml HTTP/1.1" 200 7721 "-" "Mozilla/5.0 AppleWebKit/537.36 (KHTML, like Gecko; compatible; bingbot/2.0; +http://www.bing.com/bingbot.htm) Chrome/116.0.1938.76 Safari/537.36"
40.77.167.9 - - [23/Dec/2024:10:49:30 -0500] "GET /sitemap715.xml HTTP/1.1" 200 7562 "-" "Mozilla/5.0 AppleWebKit/537.36 (KHTML, like Gecko; compatible; bingbot/2.0; +http://www.bing.com/bingbot.htm) Chrome/116.0.1938.76 Safari/537.36"
66.29.132.124 - - [23/Dec/2024:10:49:59 -0500] "POST /wp-cron.php?doing_wp_cron=1734968997.9665861129760742187500 HTTP/1.1" 200 0 "-" "WordPress/6.7.1; https://diixadigital.com"
66.249.79.173 - - [23/Dec/2024:10:50:02 -0500] "GET /twgej/r1517774.html HTTP/1.1" 200 44677 "-" "Mozilla/5.0 (Linux; Android 6.0.1; Nexus 5X Build/MMB29P) AppleWebKit/537.36 (KHTML, like Gecko) Chrome/131.0.6778.139 Mobile Safari/537.36 (compatible; Googlebot/2.1; +http://www.google.com/bot.html)"
66.29.132.124 - - [23/Dec/2024:10:50:15 -0500] "POST /wp-admin/admin-ajax.php?action=async_litespeed&nonce=boZ1VzWzLv8H8NrjdkzN0WHuK4qMIA5y&litespeed_type=imgoptm HTTP/1.1" 200 0 "-" "WordPress/6.7.1; https://diixadigital.com"
40.77.167.22 - - [23/Dec/2024:10:50:44 -0500] "GET /ukwfb/r2436328.html HTTP/1.1" 200 43716 "-" "Mozilla/5.0 AppleWebKit/537.36 (KHTML, like Gecko; compatible; bingbot/2.0; +http://www.bing.com/bingbot.htm) Chrome/116.0.1938.76 Safari/537.36"
66.249.79.161 - - [23/Dec/2024:10:53:14 -0500] "GET /rmjlr/h1004056.html HTTP/1.1" 200 44759 "-" "Mozilla/5.0 (Linux; Android 6.0.1; Nexus 5X Build/MMB29P) AppleWebKit/537.36 (KHTML, like Gecko) Chrome/131.0.6778.139 Mobile Safari/537.36 (compatible; Googlebot/2.1; +http://www.google.com/bot.html)"
40.77.167.17 - - [23/Dec/2024:10:53:34 -0500] "GET /fmgrx/z3079238.html HTTP/1.1" 200 44878 "-" "Mozilla/5.0 AppleWebKit/537.36 (KHTML, like Gecko; compatible; bingbot/2.0; +http://www.bing.com/bingbot.htm) Chrome/116.0.1938.76 Safari/537.36"
40.77.167.9 - - [23/Dec/2024:10:54:07 -0500] "GET /kloks/j2233312.html HTTP/1.1" 200 45010 "-" "Mozilla/5.0 AppleWebKit/537.36 (KHTML, like Gecko; compatible; bingbot/2.0; +http://www.bing.com/bingbot.htm) Chrome/116.0.1938.76 Safari/537.36"
66.249.79.173 - - [23/Dec/2024:10:54:21 -0500] "GET /ytbbd/p2525532.html HTTP/1.1" 200 44233 "-" "Mozilla/5.0 (Linux; Android 6.0.1; Nexus 5X Build/MMB29P) AppleWebKit/537.36 (KHTML, like Gecko) Chrome/131.0.6778.139 Mobile Safari/537.36 (compatible; Googlebot/2.1; +http://www.google.com/bot.html)"
20.15.133.184 - - [23/Dec/2024:10:54:30 -0500] "GET /mlwdz/l445424.html HTTP/1.1" 200 45146 "-" "Mozilla/5.0 AppleWebKit/537.36 (KHTML, like Gecko; compatible; bingbot/2.0; +http://www.bing.com/bingbot.htm) Chrome/116.0.1938.76 Safari/537.36"
66.249.79.173 - - [23/Dec/2024:10:55:20 -0500] "GET /zwipe/g2170623.html HTTP/1.1" 200 44045 "-" "Mozilla/5.0 (Linux; Android 6.0.1; Nexus 5X Build/MMB29P) AppleWebKit/537.36 (KHTML, like Gecko) Chrome/131.0.6778.139 Mobile Safari/537.36 (compatible; Googlebot/2.1; +http://www.google.com/bot.html)"
66.249.79.173 - - [23/Dec/2024:10:56:23 -0500] "GET /tmiyh/d811418.html HTTP/1.1" 200 45353 "-" "Mozilla/5.0 (Linux; Android 6.0.1; Nexus 5X Build/MMB29P) AppleWebKit/537.36 (KHTML, like Gecko) Chrome/131.0.6778.139 Mobile Safari/537.36 (compatible; Googlebot/2.1; +http://www.google.com/bot.html)"
52.167.144.173 - - [23/Dec/2024:10:56:26 -0500] "GET /oxtqi/x195264.html HTTP/1.1" 200 45462 "-" "Mozilla/5.0 AppleWebKit/537.36 (KHTML, like Gecko; compatible; bingbot/2.0; +http://www.bing.com/bingbot.htm) Chrome/116.0.1938.76 Safari/537.36"
52.167.144.23 - - [23/Dec/2024:10:56:33 -0500] "GET /banhm/b2180628.html HTTP/1.1" 200 44519 "-" "Mozilla/5.0 AppleWebKit/537.36 (KHTML, like Gecko; compatible; bingbot/2.0; +http://www.bing.com/bingbot.htm) Chrome/116.0.1938.76 Safari/537.36"
20.15.133.184 - - [23/Dec/2024:10:56:56 -0500] "GET /bjhzh/i408501.html HTTP/1.1" 200 44652 "-" "Mozilla/5.0 AppleWebKit/537.36 (KHTML, like Gecko; compatible; bingbot/2.0; +http://www.bing.com/bingbot.htm) Chrome/116.0.1938.76 Safari/537.36"
40.77.167.22 - - [23/Dec/2024:10:57:07 -0500] "GET /khxdy/a304337.html HTTP/1.1" 200 44724 "-" "Mozilla/5.0 AppleWebKit/537.36 (KHTML, like Gecko; compatible; bingbot/2.0; +http://www.bing.com/bingbot.htm) Chrome/116.0.1938.76 Safari/537.36"
66.249.79.160 - - [23/Dec/2024:10:57:33 -0500] "GET /qbwgj/g868283.html HTTP/1.1" 200 44827 "-" "Mozilla/5.0 (Linux; Android 6.0.1; Nexus 5X Build/MMB29P) AppleWebKit/537.36 (KHTML, like Gecko) Chrome/131.0.6778.139 Mobile Safari/537.36 (compatible; Googlebot/2.1; +http://www.google.com/bot.html)"
52.167.144.19 - - [23/Dec/2024:10:57:55 -0500] "GET /zkgrv/w1160695.html HTTP/1.1" 200 45078 "-" "Mozilla/5.0 AppleWebKit/537.36 (KHTML, like Gecko; compatible; bingbot/2.0; +http://www.bing.com/bingbot.htm) Chrome/116.0.1938.76 Safari/537.36"
20.15.133.184 - - [23/Dec/2024:10:58:10 -0500] "GET /iyecw/w984493.html HTTP/1.1" 200 44864 "-" "Mozilla/5.0 AppleWebKit/537.36 (KHTML, like Gecko; compatible; bingbot/2.0; +http://www.bing.com/bingbot.htm) Chrome/116.0.1938.76 Safari/537.36"
52.167.144.23 - - [23/Dec/2024:10:58:33 -0500] "GET /rwmnv/i2508365.html HTTP/1.1" 200 43872 "-" "Mozilla/5.0 AppleWebKit/537.36 (KHTML, like Gecko; compatible; bingbot/2.0; +http://www.bing.com/bingbot.htm) Chrome/116.0.1938.76 Safari/537.36"
66.249.79.173 - - [23/Dec/2024:10:58:41 -0500] "GET /bralt/f2569514.html HTTP/1.1" 200 43916 "-" "Mozilla/5.0 (Linux; Android 6.0.1; Nexus 5X Build/MMB29P) AppleWebKit/537.36 (KHTML, like Gecko) Chrome/131.0.6778.139 Mobile Safari/537.36 (compatible; Googlebot/2.1; +http://www.google.com/bot.html)"
20.15.133.184 - - [23/Dec/2024:10:59:26 -0500] "GET /favpy/u1037297.html HTTP/1.1" 200 45188 "-" "Mozilla/5.0 AppleWebKit/537.36 (KHTML, like Gecko; compatible; bingbot/2.0; +http://www.bing.com/bingbot.htm) Chrome/116.0.1938.76 Safari/537.36"
52.167.144.238 - - [23/Dec/2024:10:59:33 -0500] "GET /shoso/f674322.html HTTP/1.1" 200 46755 "-" "Mozilla/5.0 AppleWebKit/537.36 (KHTML, like Gecko; compatible; bingbot/2.0; +http://www.bing.com/bingbot.htm) Chrome/116.0.1938.76 Safari/537.36"
66.249.79.173 - - [23/Dec/2024:10:59:45 -0500] "GET /atuhk/p288388.html HTTP/1.1" 200 44717 "-" "Mozilla/5.0 (Linux; Android 6.0.1; Nexus 5X Build/MMB29P) AppleWebKit/537.36 (KHTML, like Gecko) Chrome/131.0.6778.139 Mobile Safari/537.36 (compatible; Googlebot/2.1; +http://www.google.com/bot.html)"
20.15.133.184 - - [23/Dec/2024:10:59:56 -0500] "GET /lrnlj/c672655.html HTTP/1.1" 200 44694 "-" "Mozilla/5.0 AppleWebKit/537.36 (KHTML, like Gecko; compatible; bingbot/2.0; +http://www.bing.com/bingbot.htm) Chrome/116.0.1938.76 Safari/537.36"
