85.208.96.207 - - [26/Dec/2024:21:16:56 -0500] "GET /gibberish/homometrically164507.html HTTP/1.1" 500 165 "-" "Mozilla/5.0 (compatible; SemrushBot/7~bl; +http://www.semrush.com/bot.html)"
185.191.171.15 - - [26/Dec/2024:21:17:58 -0500] "GET /Anobiidae/Caryophyllaceae1038579.html HTTP/1.1" 500 165 "-" "Mozilla/5.0 (compatible; SemrushBot/7~bl; +http://www.semrush.com/bot.html)"
85.208.96.201 - - [26/Dec/2024:21:18:59 -0500] "GET /diatomic/cutleress663354.html HTTP/1.1" 500 165 "-" "Mozilla/5.0 (compatible; SemrushBot/7~bl; +http://www.semrush.com/bot.html)"
85.208.96.197 - - [26/Dec/2024:21:19:59 -0500] "GET /chancery/haberdash1343525.html HTTP/1.1" 500 165 "-" "Mozilla/5.0 (compatible; SemrushBot/7~bl; +http://www.semrush.com/bot.html)"
185.191.171.11 - - [26/Dec/2024:21:21:00 -0500] "GET /metallographical/isomagnetic237635.html HTTP/1.1" 500 165 "-" "Mozilla/5.0 (compatible; SemrushBot/7~bl; +http://www.semrush.com/bot.html)"
185.191.171.16 - - [26/Dec/2024:21:22:02 -0500] "GET /cauda/lupulinum508784.html HTTP/1.1" 500 165 "-" "Mozilla/5.0 (compatible; SemrushBot/7~bl; +http://www.semrush.com/bot.html)"
185.191.171.1 - - [26/Dec/2024:21:23:03 -0500] "GET /extraplanetary/disjunctively1609233.html HTTP/1.1" 500 165 "-" "Mozilla/5.0 (compatible; SemrushBot/7~bl; +http://www.semrush.com/bot.html)"
85.208.96.206 - - [26/Dec/2024:21:24:03 -0500] "GET /equidurable/aeronautical414076.html HTTP/1.1" 500 165 "-" "Mozilla/5.0 (compatible; SemrushBot/7~bl; +http://www.semrush.com/bot.html)"
185.191.171.2 - - [26/Dec/2024:21:25:04 -0500] "GET /distrainable/dishonorary989753.html HTTP/1.1" 500 165 "-" "Mozilla/5.0 (compatible; SemrushBot/7~bl; +http://www.semrush.com/bot.html)"
185.191.171.7 - - [26/Dec/2024:21:26:06 -0500] "GET /allophylian/energetical554947.html HTTP/1.1" 500 165 "-" "Mozilla/5.0 (compatible; SemrushBot/7~bl; +http://www.semrush.com/bot.html)"
85.208.96.200 - - [26/Dec/2024:21:27:07 -0500] "GET /Anobiidae/Caryophyllaceae234864.html HTTP/1.1" 500 165 "-" "Mozilla/5.0 (compatible; SemrushBot/7~bl; +http://www.semrush.com/bot.html)"
47.128.121.187 - - [26/Dec/2024:21:27:42 -0500] "GET / HTTP/1.1" 500 905 "-" "Mozilla/5.0 (Linux; Android 5.0) AppleWebKit/537.36 (KHTML, like Gecko) Mobile Safari/537.36 (compatible; Bytespider; spider-feedback@bytedance.com)"
85.208.96.201 - - [26/Dec/2024:21:28:07 -0500] "GET /claquer/journalist114240.html HTTP/1.1" 500 165 "-" "Mozilla/5.0 (compatible; SemrushBot/7~bl; +http://www.semrush.com/bot.html)"
185.191.171.16 - - [26/Dec/2024:21:29:09 -0500] "GET /Anobiidae/Caryophyllaceae687459.html HTTP/1.1" 500 165 "-" "Mozilla/5.0 (compatible; SemrushBot/7~bl; +http://www.semrush.com/bot.html)"
185.191.171.17 - - [26/Dec/2024:21:30:10 -0500] "GET /Meletian/Algaroth1292451.html HTTP/1.1" 500 165 "-" "Mozilla/5.0 (compatible; SemrushBot/7~bl; +http://www.semrush.com/bot.html)"
185.191.171.8 - - [26/Dec/2024:21:31:11 -0500] "GET /affreightment/balaustre1627948.html HTTP/1.1" 500 165 "-" "Mozilla/5.0 (compatible; SemrushBot/7~bl; +http://www.semrush.com/bot.html)"
85.208.96.195 - - [26/Dec/2024:21:32:12 -0500] "GET /extraplanetary/disjunctively1065668.html HTTP/1.1" 500 165 "-" "Mozilla/5.0 (compatible; SemrushBot/7~bl; +http://www.semrush.com/bot.html)"
85.208.96.210 - - [26/Dec/2024:21:33:13 -0500] "GET /chaplaincy/metallographical1207350.html HTTP/1.1" 500 165 "-" "Mozilla/5.0 (compatible; SemrushBot/7~bl; +http://www.semrush.com/bot.html)"
185.191.171.15 - - [26/Dec/2024:21:33:42 -0500] "GET /robots.txt HTTP/1.1" 500 1083 "-" "Mozilla/5.0 (compatible; SemrushBot/7~bl; +http://www.semrush.com/bot.html)"
185.191.171.5 - - [26/Dec/2024:21:34:14 -0500] "GET /knifeless/affreightment825233.html HTTP/1.1" 500 165 "-" "Mozilla/5.0 (compatible; SemrushBot/7~bl; +http://www.semrush.com/bot.html)"
85.208.96.207 - - [26/Dec/2024:21:35:15 -0500] "GET /knifeless/affreightment1031923.html HTTP/1.1" 500 165 "-" "Mozilla/5.0 (compatible; SemrushBot/7~bl; +http://www.semrush.com/bot.html)"
185.191.171.8 - - [26/Dec/2024:21:36:16 -0500] "GET /criticism/equidurable588381.html HTTP/1.1" 500 165 "-" "Mozilla/5.0 (compatible; SemrushBot/7~bl; +http://www.semrush.com/bot.html)"
185.191.171.17 - - [26/Dec/2024:21:37:17 -0500] "GET /gauzily/extraplanetary1555673.html HTTP/1.1" 500 165 "-" "Mozilla/5.0 (compatible; SemrushBot/7~bl; +http://www.semrush.com/bot.html)"
85.208.96.204 - - [26/Dec/2024:21:38:18 -0500] "GET /cutleress/cauda681494.html HTTP/1.1" 500 165 "-" "Mozilla/5.0 (compatible; SemrushBot/7~bl; +http://www.semrush.com/bot.html)"
185.191.171.6 - - [26/Dec/2024:21:39:19 -0500] "GET /extraplanetary/disjunctively449173.html HTTP/1.1" 500 165 "-" "Mozilla/5.0 (compatible; SemrushBot/7~bl; +http://www.semrush.com/bot.html)"
47.128.22.182 - - [26/Dec/2024:21:39:33 -0500] "GET / HTTP/1.1" 500 905 "-" "Mozilla/5.0 (Linux; Android 5.0) AppleWebKit/537.36 (KHTML, like Gecko) Mobile Safari/537.36 (compatible; Bytespider; spider-feedback@bytedance.com)"
85.208.96.212 - - [26/Dec/2024:21:40:20 -0500] "GET /metallographical/isomagnetic328990.html HTTP/1.1" 500 165 "-" "Mozilla/5.0 (compatible; SemrushBot/7~bl; +http://www.semrush.com/bot.html)"
185.191.171.3 - - [26/Dec/2024:21:41:22 -0500] "GET /mechanalize/distrainable119553.html HTTP/1.1" 500 165 "-" "Mozilla/5.0 (compatible; SemrushBot/7~bl; +http://www.semrush.com/bot.html)"
185.191.171.2 - - [26/Dec/2024:21:42:23 -0500] "GET /gibberish/homometrically976032.html HTTP/1.1" 500 165 "-" "Mozilla/5.0 (compatible; SemrushBot/7~bl; +http://www.semrush.com/bot.html)"
185.191.171.14 - - [26/Dec/2024:21:43:25 -0500] "GET /esere/opportunist860021.html HTTP/1.1" 500 165 "-" "Mozilla/5.0 (compatible; SemrushBot/7~bl; +http://www.semrush.com/bot.html)"
185.191.171.5 - - [26/Dec/2024:21:44:27 -0500] "GET /knifeless/affreightment1078233.html HTTP/1.1" 500 165 "-" "Mozilla/5.0 (compatible; SemrushBot/7~bl; +http://www.semrush.com/bot.html)"
185.191.171.16 - - [26/Dec/2024:21:45:30 -0500] "GET /chaplaincy/metallographical604990.html HTTP/1.1" 500 165 "-" "Mozilla/5.0 (compatible; SemrushBot/7~bl; +http://www.semrush.com/bot.html)"
185.191.171.17 - - [26/Dec/2024:21:46:31 -0500] "GET /metallographical/isomagnetic942900.html HTTP/1.1" 500 165 "-" "Mozilla/5.0 (compatible; SemrushBot/7~bl; +http://www.semrush.com/bot.html)"
185.191.171.11 - - [26/Dec/2024:21:47:33 -0500] "GET /affreightment/balaustre1322753.html HTTP/1.1" 500 165 "-" "Mozilla/5.0 (compatible; SemrushBot/7~bl; +http://www.semrush.com/bot.html)"
85.208.96.199 - - [26/Dec/2024:21:48:34 -0500] "GET /Dryopes/philogeant274746.html HTTP/1.1" 500 165 "-" "Mozilla/5.0 (compatible; SemrushBot/7~bl; +http://www.semrush.com/bot.html)"
85.208.96.209 - - [26/Dec/2024:21:49:35 -0500] "GET /metallographical/isomagnetic1245180.html HTTP/1.1" 500 165 "-" "Mozilla/5.0 (compatible; SemrushBot/7~bl; +http://www.semrush.com/bot.html)"
47.128.61.220 - - [26/Dec/2024:21:50:31 -0500] "GET / HTTP/1.1" 500 905 "-" "Mozilla/5.0 (Linux; Android 5.0) AppleWebKit/537.36 (KHTML, like Gecko) Mobile Safari/537.36 (compatible; Bytespider; spider-feedback@bytedance.com)"
185.191.171.2 - - [26/Dec/2024:21:50:38 -0500] "GET /energetical/certified330427.html HTTP/1.1" 500 165 "-" "Mozilla/5.0 (compatible; SemrushBot/7~bl; +http://www.semrush.com/bot.html)"
137.226.113.44 - - [26/Dec/2024:21:51:14 -0500] "GET / HTTP/1.1" 500 1083 "-" "Mozilla/5.0 researchscan.comsys.rwth-aachen.de"
185.191.171.9 - - [26/Dec/2024:21:51:40 -0500] "GET /coynye/chaplaincy1285625.html HTTP/1.1" 500 165 "-" "Mozilla/5.0 (compatible; SemrushBot/7~bl; +http://www.semrush.com/bot.html)"
185.191.171.5 - - [26/Dec/2024:21:52:41 -0500] "GET /homometrically/jupon726872.html HTTP/1.1" 500 165 "-" "Mozilla/5.0 (compatible; SemrushBot/7~bl; +http://www.semrush.com/bot.html)"
185.191.171.11 - - [26/Dec/2024:21:53:43 -0500] "GET /metallographical/isomagnetic1677150.html HTTP/1.1" 500 165 "-" "Mozilla/5.0 (compatible; SemrushBot/7~bl; +http://www.semrush.com/bot.html)"
185.191.171.14 - - [26/Dec/2024:21:54:44 -0500] "GET /chaplaincy/metallographical1380270.html HTTP/1.1" 500 165 "-" "Mozilla/5.0 (compatible; SemrushBot/7~bl; +http://www.semrush.com/bot.html)"
85.208.96.201 - - [26/Dec/2024:21:55:06 -0500] "GET /robots.txt HTTP/1.1" 500 1083 "-" "Mozilla/5.0 (compatible; SemrushBot/7~bl; +http://www.semrush.com/bot.html)"
85.208.96.200 - - [26/Dec/2024:21:55:45 -0500] "GET /journalist/chancery1345845.html HTTP/1.1" 500 165 "-" "Mozilla/5.0 (compatible; SemrushBot/7~bl; +http://www.semrush.com/bot.html)"
185.191.171.19 - - [26/Dec/2024:21:56:47 -0500] "GET /disjunctively/bitterness400378.html HTTP/1.1" 500 165 "-" "Mozilla/5.0 (compatible; SemrushBot/7~bl; +http://www.semrush.com/bot.html)"
185.191.171.11 - - [26/Dec/2024:21:57:48 -0500] "GET /equidurable/aeronautical892851.html HTTP/1.1" 500 165 "-" "Mozilla/5.0 (compatible; SemrushBot/7~bl; +http://www.semrush.com/bot.html)"
185.191.171.17 - - [26/Dec/2024:21:58:54 -0500] "GET /distrainable/dishonorary470773.html HTTP/1.1" 500 165 "-" "Mozilla/5.0 (compatible; SemrushBot/7~bl; +http://www.semrush.com/bot.html)"
85.208.96.208 - - [26/Dec/2024:21:59:55 -0500] "GET /disjunctively/bitterness566258.html HTTP/1.1" 500 165 "-" "Mozilla/5.0 (compatible; SemrushBot/7~bl; +http://www.semrush.com/bot.html)"
85.208.96.208 - - [26/Dec/2024:22:00:56 -0500] "GET /dishonorary/microphotograph1077578.html HTTP/1.1" 500 165 "-" "Mozilla/5.0 (compatible; SemrushBot/7~bl; +http://www.semrush.com/bot.html)"
85.208.96.208 - - [26/Dec/2024:22:01:57 -0500] "GET /gibberish/homometrically439067.html HTTP/1.1" 500 165 "-" "Mozilla/5.0 (compatible; SemrushBot/7~bl; +http://www.semrush.com/bot.html)"
185.191.171.1 - - [26/Dec/2024:22:02:58 -0500] "GET /knifeless/affreightment708688.html HTTP/1.1" 500 165 "-" "Mozilla/5.0 (compatible; SemrushBot/7~bl; +http://www.semrush.com/bot.html)"
185.191.171.9 - - [26/Dec/2024:22:03:59 -0500] "GET /metallographical/isomagnetic1006700.html HTTP/1.1" 500 165 "-" "Mozilla/5.0 (compatible; SemrushBot/7~bl; +http://www.semrush.com/bot.html)"
185.191.171.9 - - [26/Dec/2024:22:05:00 -0500] "GET /metallographical/isomagnetic339440.html HTTP/1.1" 500 165 "-" "Mozilla/5.0 (compatible; SemrushBot/7~bl; +http://www.semrush.com/bot.html)"
85.208.96.195 - - [26/Dec/2024:22:06:01 -0500] "GET /dishonorary/microphotograph1059428.html HTTP/1.1" 500 165 "-" "Mozilla/5.0 (compatible; SemrushBot/7~bl; +http://www.semrush.com/bot.html)"
185.191.171.4 - - [26/Dec/2024:22:07:02 -0500] "GET /mechanalize/distrainable1056698.html HTTP/1.1" 500 165 "-" "Mozilla/5.0 (compatible; SemrushBot/7~bl; +http://www.semrush.com/bot.html)"
85.208.96.207 - - [26/Dec/2024:22:08:02 -0500] "GET /metallographical/isomagnetic380085.html HTTP/1.1" 500 165 "-" "Mozilla/5.0 (compatible; SemrushBot/7~bl; +http://www.semrush.com/bot.html)"
85.208.96.207 - - [26/Dec/2024:22:09:03 -0500] "GET /metallographical/isomagnetic734945.html HTTP/1.1" 500 165 "-" "Mozilla/5.0 (compatible; SemrushBot/7~bl; +http://www.semrush.com/bot.html)"
47.128.109.84 - - [26/Dec/2024:22:09:41 -0500] "GET / HTTP/1.1" 500 905 "-" "Mozilla/5.0 (Linux; Android 5.0) AppleWebKit/537.36 (KHTML, like Gecko) Mobile Safari/537.36 (compatible; Bytespider; spider-feedback@bytedance.com)"
185.191.171.16 - - [26/Dec/2024:22:10:05 -0500] "GET /allophylian/energetical996157.html HTTP/1.1" 500 165 "-" "Mozilla/5.0 (compatible; SemrushBot/7~bl; +http://www.semrush.com/bot.html)"
52.167.144.55 - - [26/Dec/2024:22:10:44 -0500] "GET /robots.txt HTTP/1.1" 500 905 "-" "Mozilla/5.0 AppleWebKit/537.36 (KHTML, like Gecko; compatible; bingbot/2.0; +http://www.bing.com/bingbot.htm) Chrome/116.0.1938.76 Safari/537.36"
52.167.144.55 - - [26/Dec/2024:22:10:45 -0500] "GET /robots.txt HTTP/1.1" 500 905 "-" "Mozilla/5.0 AppleWebKit/537.36 (KHTML, like Gecko; compatible; bingbot/2.0; +http://www.bing.com/bingbot.htm) Chrome/116.0.1938.76 Safari/537.36"
52.167.144.228 - - [26/Dec/2024:22:10:54 -0500] "GET /aboutus/ HTTP/1.1" 500 905 "-" "Mozilla/5.0 AppleWebKit/537.36 (KHTML, like Gecko; compatible; bingbot/2.0; +http://www.bing.com/bingbot.htm) Chrome/116.0.1938.76 Safari/537.36"
85.208.96.208 - - [26/Dec/2024:22:11:05 -0500] "GET /dishonorary/microphotograph1082913.html HTTP/1.1" 500 165 "-" "Mozilla/5.0 (compatible; SemrushBot/7~bl; +http://www.semrush.com/bot.html)"
85.208.96.196 - - [26/Dec/2024:22:12:06 -0500] "GET /haberdash/Majagga53765.html HTTP/1.1" 500 165 "-" "Mozilla/5.0 (compatible; SemrushBot/7~bl; +http://www.semrush.com/bot.html)"
45.55.213.95 - - [26/Dec/2024:22:13:03 -0500] "GET /wp-admin/css/ HTTP/1.1" 200 3380 "binance.com" "Mozilla/5.0 (Windows NT 10.0; Win64; x64) AppleWebKit/537.36 (KHTML, like Gecko) Chrome/90.0.4430.85 Safari/537.36"
45.55.213.95 - - [26/Dec/2024:22:13:06 -0500] "GET /wp-content/uploads/2024/12/ HTTP/1.1" 200 695 "binance.com" "Mozilla/5.0 (Windows NT 10.0; Win64; x64) AppleWebKit/537.36 (KHTML, like Gecko) Chrome/90.0.4430.85 Safari/537.36"
185.191.171.2 - - [26/Dec/2024:22:13:07 -0500] "GET /metallographical/isomagnetic549375.html HTTP/1.1" 500 165 "-" "Mozilla/5.0 (compatible; SemrushBot/7~bl; +http://www.semrush.com/bot.html)"
45.55.213.95 - - [26/Dec/2024:22:13:11 -0500] "GET /wp-content/uploads/2024/11/ HTTP/1.1" 500 1083 "binance.com" "Mozilla/5.0 (Windows NT 10.0; Win64; x64) AppleWebKit/537.36 (KHTML, like Gecko) Chrome/90.0.4430.85 Safari/537.36"
45.55.213.95 - - [26/Dec/2024:22:13:17 -0500] "GET /wp-content/uploads/ HTTP/1.1" 200 809 "binance.com" "Mozilla/5.0 (Windows NT 10.0; Win64; x64) AppleWebKit/537.36 (KHTML, like Gecko) Chrome/90.0.4430.85 Safari/537.36"
45.55.213.95 - - [26/Dec/2024:22:13:23 -0500] "GET /wp-content/upgrade/ HTTP/1.1" 200 687 "binance.com" "Mozilla/5.0 (Windows NT 10.0; Win64; x64) AppleWebKit/537.36 (KHTML, like Gecko) Chrome/90.0.4430.85 Safari/537.36"
45.55.213.95 - - [26/Dec/2024:22:13:28 -0500] "GET /wp-content/languages/ HTTP/1.1" 500 1083 "binance.com" "Mozilla/5.0 (Windows NT 10.0; Win64; x64) AppleWebKit/537.36 (KHTML, like Gecko) Chrome/90.0.4430.85 Safari/537.36"
45.55.213.95 - - [26/Dec/2024:22:13:34 -0500] "GET /wp-admin/includes/ HTTP/1.1" 200 3929 "binance.com" "Mozilla/5.0 (Windows NT 10.0; Win64; x64) AppleWebKit/537.36 (KHTML, like Gecko) Chrome/90.0.4430.85 Safari/537.36"
45.55.213.95 - - [26/Dec/2024:22:13:40 -0500] "GET /wp-admin/includes/ HTTP/1.1" 200 3909 "binance.com" "Mozilla/5.0 (Windows NT 10.0; Win64; x64) AppleWebKit/537.36 (KHTML, like Gecko) Chrome/90.0.4430.85 Safari/537.36"
45.55.213.95 - - [26/Dec/2024:22:13:48 -0500] "GET /wp-admin/maint/ HTTP/1.1" 200 775 "binance.com" "Mozilla/5.0 (Windows NT 10.0; Win64; x64) AppleWebKit/537.36 (KHTML, like Gecko) Chrome/90.0.4430.85 Safari/537.36"
45.55.213.95 - - [26/Dec/2024:22:13:53 -0500] "GET /wp-admin/maint/ HTTP/1.1" 200 775 "binance.com" "Mozilla/5.0 (Windows NT 10.0; Win64; x64) AppleWebKit/537.36 (KHTML, like Gecko) Chrome/90.0.4430.85 Safari/537.36"
45.55.213.95 - - [26/Dec/2024:22:13:57 -0500] "GET /wp-admin/network/ HTTP/1.1" 500 1417 "binance.com" "Mozilla/5.0 (Windows NT 10.0; Win64; x64) AppleWebKit/537.36 (KHTML, like Gecko) Chrome/90.0.4430.85 Safari/537.36"
45.55.213.95 - - [26/Dec/2024:22:14:02 -0500] "GET /wp-admin/user/ HTTP/1.1" 500 1417 "binance.com" "Mozilla/5.0 (Windows NT 10.0; Win64; x64) AppleWebKit/537.36 (KHTML, like Gecko) Chrome/90.0.4430.85 Safari/537.36"
45.55.213.95 - - [26/Dec/2024:22:14:06 -0500] "GET /wp-admin/css/ HTTP/1.1" 200 3338 "binance.com" "Mozilla/5.0 (Windows NT 10.0; Win64; x64) AppleWebKit/537.36 (KHTML, like Gecko) Chrome/90.0.4430.85 Safari/537.36"
85.208.96.199 - - [26/Dec/2024:22:14:07 -0500] "GET /metallographical/isomagnetic1320530.html HTTP/1.1" 500 165 "-" "Mozilla/5.0 (compatible; SemrushBot/7~bl; +http://www.semrush.com/bot.html)"
45.55.213.95 - - [26/Dec/2024:22:14:23 -0500] "GET /wp-admin/css/colors/ HTTP/1.1" 200 1315 "binance.com" "Mozilla/5.0 (Windows NT 10.0; Win64; x64) AppleWebKit/537.36 (KHTML, like Gecko) Chrome/90.0.4430.85 Safari/537.36"
45.55.213.95 - - [26/Dec/2024:22:14:29 -0500] "GET /wp-admin/css/colors/blue/ HTTP/1.1" 200 890 "binance.com" "Mozilla/5.0 (Windows NT 10.0; Win64; x64) AppleWebKit/537.36 (KHTML, like Gecko) Chrome/90.0.4430.85 Safari/537.36"
45.55.213.95 - - [26/Dec/2024:22:14:33 -0500] "GET /wp-admin/css/colors/coffee/ HTTP/1.1" 200 891 "binance.com" "Mozilla/5.0 (Windows NT 10.0; Win64; x64) AppleWebKit/537.36 (KHTML, like Gecko) Chrome/90.0.4430.85 Safari/537.36"
45.55.213.95 - - [26/Dec/2024:22:14:40 -0500] "GET /wp-admin/css/colors/ectoplasm/ HTTP/1.1" 200 896 "binance.com" "Mozilla/5.0 (Windows NT 10.0; Win64; x64) AppleWebKit/537.36 (KHTML, like Gecko) Chrome/90.0.4430.85 Safari/537.36"
45.55.213.95 - - [26/Dec/2024:22:14:44 -0500] "GET /wp-admin/css/colors/light/ HTTP/1.1" 200 893 "binance.com" "Mozilla/5.0 (Windows NT 10.0; Win64; x64) AppleWebKit/537.36 (KHTML, like Gecko) Chrome/90.0.4430.85 Safari/537.36"
45.55.213.95 - - [26/Dec/2024:22:14:50 -0500] "GET /wp-admin/css/colors/midnight/ HTTP/1.1" 200 891 "binance.com" "Mozilla/5.0 (Windows NT 10.0; Win64; x64) AppleWebKit/537.36 (KHTML, like Gecko) Chrome/90.0.4430.85 Safari/537.36"
45.55.213.95 - - [26/Dec/2024:22:14:55 -0500] "GET /wp-admin/css/colors/modern/ HTTP/1.1" 200 895 "binance.com" "Mozilla/5.0 (Windows NT 10.0; Win64; x64) AppleWebKit/537.36 (KHTML, like Gecko) Chrome/90.0.4430.85 Safari/537.36"
45.55.213.95 - - [26/Dec/2024:22:15:00 -0500] "GET /wp-admin/css/colors/ocean/ HTTP/1.1" 200 891 "binance.com" "Mozilla/5.0 (Windows NT 10.0; Win64; x64) AppleWebKit/537.36 (KHTML, like Gecko) Chrome/90.0.4430.85 Safari/537.36"
45.55.213.95 - - [26/Dec/2024:22:15:06 -0500] "GET /wp-admin/css/colors/sunrise/%20 HTTP/1.1" 500 1083 "binance.com" "Mozilla/5.0 (Windows NT 10.0; Win64; x64) AppleWebKit/537.36 (KHTML, like Gecko) Chrome/90.0.4430.85 Safari/537.36"
185.191.171.19 - - [26/Dec/2024:22:15:09 -0500] "GET /dishonorary/microphotograph779753.html HTTP/1.1" 500 165 "-" "Mozilla/5.0 (compatible; SemrushBot/7~bl; +http://www.semrush.com/bot.html)"
45.55.213.95 - - [26/Dec/2024:22:15:12 -0500] "GET /wp-admin/images/ HTTP/1.1" 200 2868 "binance.com" "Mozilla/5.0 (Windows NT 10.0; Win64; x64) AppleWebKit/537.36 (KHTML, like Gecko) Chrome/90.0.4430.85 Safari/537.36"
45.55.213.95 - - [26/Dec/2024:22:15:17 -0500] "GET /wp-admin/js/ HTTP/1.1" 200 3494 "binance.com" "Mozilla/5.0 (Windows NT 10.0; Win64; x64) AppleWebKit/537.36 (KHTML, like Gecko) Chrome/90.0.4430.85 Safari/537.36"
45.55.213.95 - - [26/Dec/2024:22:15:21 -0500] "GET /wp-admin/js/widgets/ HTTP/1.1" 200 1442 "binance.com" "Mozilla/5.0 (Windows NT 10.0; Win64; x64) AppleWebKit/537.36 (KHTML, like Gecko) Chrome/90.0.4430.85 Safari/537.36"
45.55.213.95 - - [26/Dec/2024:22:15:25 -0500] "GET /wp-includes/ HTTP/1.1" 200 8478 "binance.com" "Mozilla/5.0 (Windows NT 10.0; Win64; x64) AppleWebKit/537.36 (KHTML, like Gecko) Chrome/90.0.4430.85 Safari/537.36"
45.55.213.95 - - [26/Dec/2024:22:15:30 -0500] "GET /wp-includes/ HTTP/1.1" 200 8373 "binance.com" "Mozilla/5.0 (Windows NT 10.0; Win64; x64) AppleWebKit/537.36 (KHTML, like Gecko) Chrome/90.0.4430.85 Safari/537.36"
45.55.213.95 - - [26/Dec/2024:22:15:36 -0500] "GET /wp-includes/block-bindings.php HTTP/1.1" 200 0 "binance.com" "Mozilla/5.0 (Windows NT 10.0; Win64; x64) AppleWebKit/537.36 (KHTML, like Gecko) Chrome/90.0.4430.85 Safari/537.36"
45.55.213.95 - - [26/Dec/2024:22:15:41 -0500] "GET /wp-includes/block-editor.php HTTP/1.1" 200 0 "binance.com" "Mozilla/5.0 (Windows NT 10.0; Win64; x64) AppleWebKit/537.36 (KHTML, like Gecko) Chrome/90.0.4430.85 Safari/537.36"
45.55.213.95 - - [26/Dec/2024:22:15:45 -0500] "GET /wp-includes/block-template-utils.php HTTP/1.1" 200 0 "binance.com" "Mozilla/5.0 (Windows NT 10.0; Win64; x64) AppleWebKit/537.36 (KHTML, like Gecko) Chrome/90.0.4430.85 Safari/537.36"
45.55.213.95 - - [26/Dec/2024:22:15:49 -0500] "GET /wp-includes/block-template.php HTTP/1.1" 200 0 "binance.com" "Mozilla/5.0 (Windows NT 10.0; Win64; x64) AppleWebKit/537.36 (KHTML, like Gecko) Chrome/90.0.4430.85 Safari/537.36"
45.55.213.95 - - [26/Dec/2024:22:15:55 -0500] "GET /wp-includes/class-avif-info.php HTTP/1.1" 200 0 "binance.com" "Mozilla/5.0 (Windows NT 10.0; Win64; x64) AppleWebKit/537.36 (KHTML, like Gecko) Chrome/90.0.4430.85 Safari/537.36"
45.55.213.95 - - [26/Dec/2024:22:16:00 -0500] "GET /wp-includes/class-wp-block-bindings-registry.php HTTP/1.1" 200 0 "binance.com" "Mozilla/5.0 (Windows NT 10.0; Win64; x64) AppleWebKit/537.36 (KHTML, like Gecko) Chrome/90.0.4430.85 Safari/537.36"
185.191.171.11 - - [26/Dec/2024:22:16:03 -0500] "GET /robots.txt HTTP/1.1" 500 1083 "-" "Mozilla/5.0 (compatible; SemrushBot/7~bl; +http://www.semrush.com/bot.html)"
45.55.213.95 - - [26/Dec/2024:22:16:05 -0500] "GET /wp-includes/class-wp-block-bindings-source.php HTTP/1.1" 200 0 "binance.com" "Mozilla/5.0 (Windows NT 10.0; Win64; x64) AppleWebKit/537.36 (KHTML, like Gecko) Chrome/90.0.4430.85 Safari/537.36"
85.208.96.206 - - [26/Dec/2024:22:16:09 -0500] "GET /equidurable/aeronautical1273066.html HTTP/1.1" 500 165 "-" "Mozilla/5.0 (compatible; SemrushBot/7~bl; +http://www.semrush.com/bot.html)"
45.55.213.95 - - [26/Dec/2024:22:16:10 -0500] "GET /wp-includes/class-wp-block-editor-context.php HTTP/1.1" 200 0 "binance.com" "Mozilla/5.0 (Windows NT 10.0; Win64; x64) AppleWebKit/537.36 (KHTML, like Gecko) Chrome/90.0.4430.85 Safari/537.36"
45.55.213.95 - - [26/Dec/2024:22:16:14 -0500] "GET /wp-includes/class-wp-block-metadata-registry.php HTTP/1.1" 200 0 "binance.com" "Mozilla/5.0 (Windows NT 10.0; Win64; x64) AppleWebKit/537.36 (KHTML, like Gecko) Chrome/90.0.4430.85 Safari/537.36"
45.55.213.95 - - [26/Dec/2024:22:16:18 -0500] "GET /wp-includes/class-wp-block-parser-block.php HTTP/1.1" 200 0 "binance.com" "Mozilla/5.0 (Windows NT 10.0; Win64; x64) AppleWebKit/537.36 (KHTML, like Gecko) Chrome/90.0.4430.85 Safari/537.36"
45.55.213.95 - - [26/Dec/2024:22:16:21 -0500] "GET /wp-includes/class-wp-block-parser-frame.php HTTP/1.1" 200 0 "binance.com" "Mozilla/5.0 (Windows NT 10.0; Win64; x64) AppleWebKit/537.36 (KHTML, like Gecko) Chrome/90.0.4430.85 Safari/537.36"
221.229.106.25 - - [26/Dec/2024:22:16:22 -0500] "GET / HTTP/1.1" 500 1083 "http://wavestudioz.com" "Mozilla/5.0 (iPhone; CPU iPhone OS 13_2_3 like Mac OS X) AppleWebKit/605.1.15 (KHTML, like Gecko) Version/13.0.3 Mobile/15E148 Safari/604.1"
45.55.213.95 - - [26/Dec/2024:22:16:25 -0500] "GET /wp-includes/class-wp-block-template.php HTTP/1.1" 200 0 "binance.com" "Mozilla/5.0 (Windows NT 10.0; Win64; x64) AppleWebKit/537.36 (KHTML, like Gecko) Chrome/90.0.4430.85 Safari/537.36"
45.55.213.95 - - [26/Dec/2024:22:16:28 -0500] "GET /wp-includes/class-wp-block-templates-registry.php HTTP/1.1" 200 0 "binance.com" "Mozilla/5.0 (Windows NT 10.0; Win64; x64) AppleWebKit/537.36 (KHTML, like Gecko) Chrome/90.0.4430.85 Safari/537.36"
45.55.213.95 - - [26/Dec/2024:22:16:33 -0500] "GET /wp-includes/class-wp-classic-to-block-menu-converter.php HTTP/1.1" 200 0 "binance.com" "Mozilla/5.0 (Windows NT 10.0; Win64; x64) AppleWebKit/537.36 (KHTML, like Gecko) Chrome/90.0.4430.85 Safari/537.36"
45.55.213.95 - - [26/Dec/2024:22:16:37 -0500] "GET /wp-includes/class-wp-dependencies.php HTTP/1.1" 200 0 "binance.com" "Mozilla/5.0 (Windows NT 10.0; Win64; x64) AppleWebKit/537.36 (KHTML, like Gecko) Chrome/90.0.4430.85 Safari/537.36"
45.55.213.95 - - [26/Dec/2024:22:16:43 -0500] "GET /wp-includes/class-wp-duotone.php HTTP/1.1" 200 0 "binance.com" "Mozilla/5.0 (Windows NT 10.0; Win64; x64) AppleWebKit/537.36 (KHTML, like Gecko) Chrome/90.0.4430.85 Safari/537.36"
45.55.213.95 - - [26/Dec/2024:22:16:49 -0500] "GET /wp-includes/class-wp-exception.php HTTP/1.1" 200 0 "binance.com" "Mozilla/5.0 (Windows NT 10.0; Win64; x64) AppleWebKit/537.36 (KHTML, like Gecko) Chrome/90.0.4430.85 Safari/537.36"
45.55.213.95 - - [26/Dec/2024:22:16:54 -0500] "GET /wp-includes/class-wp-http.php HTTP/1.1" 500 0 "binance.com" "Mozilla/5.0 (Windows NT 10.0; Win64; x64) AppleWebKit/537.36 (KHTML, like Gecko) Chrome/90.0.4430.85 Safari/537.36"
45.55.213.95 - - [26/Dec/2024:22:16:59 -0500] "GET /wp-includes/class-wp-navigation-fallback.php HTTP/1.1" 200 0 "binance.com" "Mozilla/5.0 (Windows NT 10.0; Win64; x64) AppleWebKit/537.36 (KHTML, like Gecko) Chrome/90.0.4430.85 Safari/537.36"
45.55.213.95 - - [26/Dec/2024:22:17:03 -0500] "GET /wp-includes/class-wp-plugin-dependencies.php HTTP/1.1" 200 0 "binance.com" "Mozilla/5.0 (Windows NT 10.0; Win64; x64) AppleWebKit/537.36 (KHTML, like Gecko) Chrome/90.0.4430.85 Safari/537.36"
45.55.213.95 - - [26/Dec/2024:22:17:07 -0500] "GET /wp-includes/class-wp-script-modules.php HTTP/1.1" 200 0 "binance.com" "Mozilla/5.0 (Windows NT 10.0; Win64; x64) AppleWebKit/537.36 (KHTML, like Gecko) Chrome/90.0.4430.85 Safari/537.36"
85.208.96.206 - - [26/Dec/2024:22:17:11 -0500] "GET /chaplaincy/metallographical419805.html HTTP/1.1" 500 165 "-" "Mozilla/5.0 (compatible; SemrushBot/7~bl; +http://www.semrush.com/bot.html)"
45.55.213.95 - - [26/Dec/2024:22:17:11 -0500] "GET /wp-includes/class-wp-scripts.php HTTP/1.1" 500 0 "binance.com" "Mozilla/5.0 (Windows NT 10.0; Win64; x64) AppleWebKit/537.36 (KHTML, like Gecko) Chrome/90.0.4430.85 Safari/537.36"
45.55.213.95 - - [26/Dec/2024:22:17:17 -0500] "GET /wp-includes/class-wp-styles.php HTTP/1.1" 500 0 "binance.com" "Mozilla/5.0 (Windows NT 10.0; Win64; x64) AppleWebKit/537.36 (KHTML, like Gecko) Chrome/90.0.4430.85 Safari/537.36"
45.55.213.95 - - [26/Dec/2024:22:17:23 -0500] "GET /wp-includes/class-wp-textdomain-registry.php HTTP/1.1" 200 0 "binance.com" "Mozilla/5.0 (Windows NT 10.0; Win64; x64) AppleWebKit/537.36 (KHTML, like Gecko) Chrome/90.0.4430.85 Safari/537.36"
45.55.213.95 - - [26/Dec/2024:22:17:27 -0500] "GET /wp-includes/class-wp-theme-json-data.php HTTP/1.1" 200 0 "binance.com" "Mozilla/5.0 (Windows NT 10.0; Win64; x64) AppleWebKit/537.36 (KHTML, like Gecko) Chrome/90.0.4430.85 Safari/537.36"
45.55.213.95 - - [26/Dec/2024:22:17:31 -0500] "GET /wp-includes/class-wp-theme-json-resolver.php HTTP/1.1" 200 0 "binance.com" "Mozilla/5.0 (Windows NT 10.0; Win64; x64) AppleWebKit/537.36 (KHTML, like Gecko) Chrome/90.0.4430.85 Safari/537.36"
45.55.213.95 - - [26/Dec/2024:22:17:35 -0500] "GET /wp-includes/class-wp-theme-json-schema.php HTTP/1.1" 200 0 "binance.com" "Mozilla/5.0 (Windows NT 10.0; Win64; x64) AppleWebKit/537.36 (KHTML, like Gecko) Chrome/90.0.4430.85 Safari/537.36"
45.55.213.95 - - [26/Dec/2024:22:17:39 -0500] "GET /wp-includes/class-wp-theme-json.php HTTP/1.1" 200 0 "binance.com" "Mozilla/5.0 (Windows NT 10.0; Win64; x64) AppleWebKit/537.36 (KHTML, like Gecko) Chrome/90.0.4430.85 Safari/537.36"
45.55.213.95 - - [26/Dec/2024:22:17:43 -0500] "GET /wp-includes/class-wp-token-map.php HTTP/1.1" 200 0 "binance.com" "Mozilla/5.0 (Windows NT 10.0; Win64; x64) AppleWebKit/537.36 (KHTML, like Gecko) Chrome/90.0.4430.85 Safari/537.36"
45.55.213.95 - - [26/Dec/2024:22:17:46 -0500] "GET /wp-includes/class-wpdb.php HTTP/1.1" 200 0 "binance.com" "Mozilla/5.0 (Windows NT 10.0; Win64; x64) AppleWebKit/537.36 (KHTML, like Gecko) Chrome/90.0.4430.85 Safari/537.36"
45.55.213.95 - - [26/Dec/2024:22:17:49 -0500] "GET /wp-includes/fonts.php HTTP/1.1" 200 0 "binance.com" "Mozilla/5.0 (Windows NT 10.0; Win64; x64) AppleWebKit/537.36 (KHTML, like Gecko) Chrome/90.0.4430.85 Safari/537.36"
45.55.213.95 - - [26/Dec/2024:22:17:52 -0500] "GET /wp-includes/global-styles-and-settings.php HTTP/1.1" 200 0 "binance.com" "Mozilla/5.0 (Windows NT 10.0; Win64; x64) AppleWebKit/537.36 (KHTML, like Gecko) Chrome/90.0.4430.85 Safari/537.36"
45.55.213.95 - - [26/Dec/2024:22:17:56 -0500] "GET /wp-includes/https-detection.php HTTP/1.1" 200 0 "binance.com" "Mozilla/5.0 (Windows NT 10.0; Win64; x64) AppleWebKit/537.36 (KHTML, like Gecko) Chrome/90.0.4430.85 Safari/537.36"
45.55.213.95 - - [26/Dec/2024:22:18:00 -0500] "GET /wp-includes/https-migration.php HTTP/1.1" 200 0 "binance.com" "Mozilla/5.0 (Windows NT 10.0; Win64; x64) AppleWebKit/537.36 (KHTML, like Gecko) Chrome/90.0.4430.85 Safari/537.36"
45.55.213.95 - - [26/Dec/2024:22:18:03 -0500] "GET /wp-includes/robots-template.php HTTP/1.1" 200 0 "binance.com" "Mozilla/5.0 (Windows NT 10.0; Win64; x64) AppleWebKit/537.36 (KHTML, like Gecko) Chrome/90.0.4430.85 Safari/537.36"
45.55.213.95 - - [26/Dec/2024:22:18:06 -0500] "GET /wp-includes/script-modules.php HTTP/1.1" 200 0 "binance.com" "Mozilla/5.0 (Windows NT 10.0; Win64; x64) AppleWebKit/537.36 (KHTML, like Gecko) Chrome/90.0.4430.85 Safari/537.36"
45.55.213.95 - - [26/Dec/2024:22:18:09 -0500] "GET /wp-includes/style-engine.php HTTP/1.1" 200 0 "binance.com" "Mozilla/5.0 (Windows NT 10.0; Win64; x64) AppleWebKit/537.36 (KHTML, like Gecko) Chrome/90.0.4430.85 Safari/537.36"
85.208.96.206 - - [26/Dec/2024:22:18:12 -0500] "GET /extraplanetary/disjunctively564123.html HTTP/1.1" 500 165 "-" "Mozilla/5.0 (compatible; SemrushBot/7~bl; +http://www.semrush.com/bot.html)"
45.55.213.95 - - [26/Dec/2024:22:18:13 -0500] "GET /wp-includes/template-canvas.php HTTP/1.1" 500 0 "binance.com" "Mozilla/5.0 (Windows NT 10.0; Win64; x64) AppleWebKit/537.36 (KHTML, like Gecko) Chrome/90.0.4430.85 Safari/537.36"
45.55.213.95 - - [26/Dec/2024:22:18:17 -0500] "GET /wp-includes/theme-previews.php HTTP/1.1" 200 0 "binance.com" "Mozilla/5.0 (Windows NT 10.0; Win64; x64) AppleWebKit/537.36 (KHTML, like Gecko) Chrome/90.0.4430.85 Safari/537.36"
45.55.213.95 - - [26/Dec/2024:22:18:20 -0500] "GET /wp-includes/theme-templates.php HTTP/1.1" 200 0 "binance.com" "Mozilla/5.0 (Windows NT 10.0; Win64; x64) AppleWebKit/537.36 (KHTML, like Gecko) Chrome/90.0.4430.85 Safari/537.36"
45.55.213.95 - - [26/Dec/2024:22:18:24 -0500] "GET /wp-includes/ID3/ HTTP/1.1" 200 1585 "binance.com" "Mozilla/5.0 (Windows NT 10.0; Win64; x64) AppleWebKit/537.36 (KHTML, like Gecko) Chrome/90.0.4430.85 Safari/537.36"
45.55.213.95 - - [26/Dec/2024:22:18:29 -0500] "GET /wp-includes/ID3/ HTTP/1.1" 200 1585 "binance.com" "Mozilla/5.0 (Windows NT 10.0; Win64; x64) AppleWebKit/537.36 (KHTML, like Gecko) Chrome/90.0.4430.85 Safari/537.36"
45.55.213.95 - - [26/Dec/2024:22:18:33 -0500] "GET /wp-includes/IXR/ HTTP/1.1" 200 1397 "binance.com" "Mozilla/5.0 (Windows NT 10.0; Win64; x64) AppleWebKit/537.36 (KHTML, like Gecko) Chrome/90.0.4430.85 Safari/537.36"
45.55.213.95 - - [26/Dec/2024:22:18:38 -0500] "GET /wp-includes/IXR/ HTTP/1.1" 200 1397 "binance.com" "Mozilla/5.0 (Windows NT 10.0; Win64; x64) AppleWebKit/537.36 (KHTML, like Gecko) Chrome/90.0.4430.85 Safari/537.36"
45.55.213.95 - - [26/Dec/2024:22:18:42 -0500] "GET /wp-includes/PHPMailer/ HTTP/1.1" 200 854 "binance.com" "Mozilla/5.0 (Windows NT 10.0; Win64; x64) AppleWebKit/537.36 (KHTML, like Gecko) Chrome/90.0.4430.85 Safari/537.36"
45.55.213.95 - - [26/Dec/2024:22:18:46 -0500] "GET /wp-includes/PHPMailer/ HTTP/1.1" 200 854 "binance.com" "Mozilla/5.0 (Windows NT 10.0; Win64; x64) AppleWebKit/537.36 (KHTML, like Gecko) Chrome/90.0.4430.85 Safari/537.36"
45.55.213.95 - - [26/Dec/2024:22:18:50 -0500] "GET /wp-includes/Text/ HTTP/1.1" 200 860 "binance.com" "Mozilla/5.0 (Windows NT 10.0; Win64; x64) AppleWebKit/537.36 (KHTML, like Gecko) Chrome/90.0.4430.85 Safari/537.36"
45.55.213.95 - - [26/Dec/2024:22:18:55 -0500] "GET /wp-includes/Text/ HTTP/1.1" 200 860 "binance.com" "Mozilla/5.0 (Windows NT 10.0; Win64; x64) AppleWebKit/537.36 (KHTML, like Gecko) Chrome/90.0.4430.85 Safari/537.36"
45.55.213.95 - - [26/Dec/2024:22:19:02 -0500] "GET /wp-includes/Text/Diff/ HTTP/1.1" 200 859 "binance.com" "Mozilla/5.0 (Windows NT 10.0; Win64; x64) AppleWebKit/537.36 (KHTML, like Gecko) Chrome/90.0.4430.85 Safari/537.36"
45.55.213.95 - - [26/Dec/2024:22:19:07 -0500] "GET /wp-includes/Text/Diff/ HTTP/1.1" 200 859 "binance.com" "Mozilla/5.0 (Windows NT 10.0; Win64; x64) AppleWebKit/537.36 (KHTML, like Gecko) Chrome/90.0.4430.85 Safari/537.36"
85.208.96.206 - - [26/Dec/2024:22:19:14 -0500] "GET /allophylian/energetical315092.html HTTP/1.1" 500 165 "-" "Mozilla/5.0 (compatible; SemrushBot/7~bl; +http://www.semrush.com/bot.html)"
45.55.213.95 - - [26/Dec/2024:22:19:17 -0500] "GET /wp-includes/Text/Diff/Engine/ HTTP/1.1" 200 871 "binance.com" "Mozilla/5.0 (Windows NT 10.0; Win64; x64) AppleWebKit/537.36 (KHTML, like Gecko) Chrome/90.0.4430.85 Safari/537.36"
45.55.213.95 - - [26/Dec/2024:22:19:23 -0500] "GET /wp-includes/Text/Diff/Engine/ HTTP/1.1" 200 871 "binance.com" "Mozilla/5.0 (Windows NT 10.0; Win64; x64) AppleWebKit/537.36 (KHTML, like Gecko) Chrome/90.0.4430.85 Safari/537.36"
45.55.213.95 - - [26/Dec/2024:22:19:30 -0500] "GET /wp-includes/Text/Diff/Renderer/ HTTP/1.1" 200 789 "binance.com" "Mozilla/5.0 (Windows NT 10.0; Win64; x64) AppleWebKit/537.36 (KHTML, like Gecko) Chrome/90.0.4430.85 Safari/537.36"
45.55.213.95 - - [26/Dec/2024:22:19:36 -0500] "GET /wp-includes/Text/Diff/Renderer/ HTTP/1.1" 200 789 "binance.com" "Mozilla/5.0 (Windows NT 10.0; Win64; x64) AppleWebKit/537.36 (KHTML, like Gecko) Chrome/90.0.4430.85 Safari/537.36"
45.55.213.95 - - [26/Dec/2024:22:19:42 -0500] "GET /wp-includes/blocks/ HTTP/1.1" 200 22 "binance.com" "Mozilla/5.0 (Windows NT 10.0; Win64; x64) AppleWebKit/537.36 (KHTML, like Gecko) Chrome/90.0.4430.85 Safari/537.36"
45.55.213.95 - - [26/Dec/2024:22:19:49 -0500] "GET /wp-includes/pomo/ HTTP/1.1" 200 1228 "binance.com" "Mozilla/5.0 (Windows NT 10.0; Win64; x64) AppleWebKit/537.36 (KHTML, like Gecko) Chrome/90.0.4430.85 Safari/537.36"
45.55.213.95 - - [26/Dec/2024:22:19:53 -0500] "GET /wp-includes/pomo/ HTTP/1.1" 200 1228 "binance.com" "Mozilla/5.0 (Windows NT 10.0; Win64; x64) AppleWebKit/537.36 (KHTML, like Gecko) Chrome/90.0.4430.85 Safari/537.36"
45.55.213.95 - - [26/Dec/2024:22:19:57 -0500] "GET /wp-includes/sitemaps/ HTTP/1.1" 200 1300 "binance.com" "Mozilla/5.0 (Windows NT 10.0; Win64; x64) AppleWebKit/537.36 (KHTML, like Gecko) Chrome/90.0.4430.85 Safari/537.36"
45.55.213.95 - - [26/Dec/2024:22:20:02 -0500] "GET /wp-includes/sitemaps/ HTTP/1.1" 200 1300 "binance.com" "Mozilla/5.0 (Windows NT 10.0; Win64; x64) AppleWebKit/537.36 (KHTML, like Gecko) Chrome/90.0.4430.85 Safari/537.36"
45.55.213.95 - - [26/Dec/2024:22:20:08 -0500] "GET /wp-includes/sitemaps/providers/ HTTP/1.1" 200 914 "binance.com" "Mozilla/5.0 (Windows NT 10.0; Win64; x64) AppleWebKit/537.36 (KHTML, like Gecko) Chrome/90.0.4430.85 Safari/537.36"
47.128.22.13 - - [26/Dec/2024:22:20:10 -0500] "GET / HTTP/1.1" 500 905 "-" "Mozilla/5.0 (Linux; Android 5.0) AppleWebKit/537.36 (KHTML, like Gecko) Mobile Safari/537.36 (compatible; Bytespider; spider-feedback@bytedance.com)"
45.55.213.95 - - [26/Dec/2024:22:20:12 -0500] "GET /wp-includes/sitemaps/providers/ HTTP/1.1" 200 914 "binance.com" "Mozilla/5.0 (Windows NT 10.0; Win64; x64) AppleWebKit/537.36 (KHTML, like Gecko) Chrome/90.0.4430.85 Safari/537.36"
45.55.213.95 - - [26/Dec/2024:22:20:16 -0500] "GET /wp-includes/widgets/ HTTP/1.1" 200 1663 "binance.com" "Mozilla/5.0 (Windows NT 10.0; Win64; x64) AppleWebKit/537.36 (KHTML, like Gecko) Chrome/90.0.4430.85 Safari/537.36"
185.191.171.6 - - [26/Dec/2024:22:20:16 -0500] "GET /disjunctively/bitterness567908.html HTTP/1.1" 500 165 "-" "Mozilla/5.0 (compatible; SemrushBot/7~bl; +http://www.semrush.com/bot.html)"
45.55.213.95 - - [26/Dec/2024:22:20:20 -0500] "GET /wp-includes/widgets/ HTTP/1.1" 200 1663 "binance.com" "Mozilla/5.0 (Windows NT 10.0; Win64; x64) AppleWebKit/537.36 (KHTML, like Gecko) Chrome/90.0.4430.85 Safari/537.36"
45.55.213.95 - - [26/Dec/2024:22:20:25 -0500] "GET /wp-includes/widgets/class-wp-widget-block.php HTTP/1.1" 500 0 "binance.com" "Mozilla/5.0 (Windows NT 10.0; Win64; x64) AppleWebKit/537.36 (KHTML, like Gecko) Chrome/90.0.4430.85 Safari/537.36"
45.55.213.95 - - [26/Dec/2024:22:20:30 -0500] "GET /wp-includes/css/ HTTP/1.1" 200 2134 "binance.com" "Mozilla/5.0 (Windows NT 10.0; Win64; x64) AppleWebKit/537.36 (KHTML, like Gecko) Chrome/90.0.4430.85 Safari/537.36"
45.55.213.95 - - [26/Dec/2024:22:20:34 -0500] "GET /wp-includes/css/dist/ HTTP/1.1" 200 1369 "binance.com" "Mozilla/5.0 (Windows NT 10.0; Win64; x64) AppleWebKit/537.36 (KHTML, like Gecko) Chrome/90.0.4430.85 Safari/537.36"
45.55.213.95 - - [26/Dec/2024:22:20:38 -0500] "GET /wp-includes/fonts/ HTTP/1.1" 200 1396 "binance.com" "Mozilla/5.0 (Windows NT 10.0; Win64; x64) AppleWebKit/537.36 (KHTML, like Gecko) Chrome/90.0.4430.85 Safari/537.36"
45.55.213.95 - - [26/Dec/2024:22:20:42 -0500] "GET /wp-includes/fonts/ HTTP/1.1" 200 1396 "binance.com" "Mozilla/5.0 (Windows NT 10.0; Win64; x64) AppleWebKit/537.36 (KHTML, like Gecko) Chrome/90.0.4430.85 Safari/537.36"
45.55.213.95 - - [26/Dec/2024:22:20:47 -0500] "GET /wp-includes/fonts/class-wp-font-collection.php HTTP/1.1" 200 0 "binance.com" "Mozilla/5.0 (Windows NT 10.0; Win64; x64) AppleWebKit/537.36 (KHTML, like Gecko) Chrome/90.0.4430.85 Safari/537.36"
45.55.213.95 - - [26/Dec/2024:22:20:51 -0500] "GET /wp-includes/fonts/class-wp-font-face-resolver.php HTTP/1.1" 200 0 "binance.com" "Mozilla/5.0 (Windows NT 10.0; Win64; x64) AppleWebKit/537.36 (KHTML, like Gecko) Chrome/90.0.4430.85 Safari/537.36"
45.55.213.95 - - [26/Dec/2024:22:20:55 -0500] "GET /wp-includes/fonts/class-wp-font-face.php HTTP/1.1" 200 0 "binance.com" "Mozilla/5.0 (Windows NT 10.0; Win64; x64) AppleWebKit/537.36 (KHTML, like Gecko) Chrome/90.0.4430.85 Safari/537.36"
45.55.213.95 - - [26/Dec/2024:22:20:59 -0500] "GET /wp-includes/fonts/class-wp-font-library.php HTTP/1.1" 200 0 "binance.com" "Mozilla/5.0 (Windows NT 10.0; Win64; x64) AppleWebKit/537.36 (KHTML, like Gecko) Chrome/90.0.4430.85 Safari/537.36"
45.55.213.95 - - [26/Dec/2024:22:21:04 -0500] "GET /wp-includes/fonts/class-wp-font-utils.php HTTP/1.1" 200 0 "binance.com" "Mozilla/5.0 (Windows NT 10.0; Win64; x64) AppleWebKit/537.36 (KHTML, like Gecko) Chrome/90.0.4430.85 Safari/537.36"
45.55.213.95 - - [26/Dec/2024:22:21:11 -0500] "GET /wp-includes/images/ HTTP/1.1" 200 1774 "binance.com" "Mozilla/5.0 (Windows NT 10.0; Win64; x64) AppleWebKit/537.36 (KHTML, like Gecko) Chrome/90.0.4430.85 Safari/537.36"
45.55.213.95 - - [26/Dec/2024:22:21:16 -0500] "GET /wp-includes/images/crystal/ HTTP/1.1" 200 1349 "binance.com" "Mozilla/5.0 (Windows NT 10.0; Win64; x64) AppleWebKit/537.36 (KHTML, like Gecko) Chrome/90.0.4430.85 Safari/537.36"
85.208.96.196 - - [26/Dec/2024:22:21:16 -0500] "GET /metallographical/isomagnetic243410.html HTTP/1.1" 500 165 "-" "Mozilla/5.0 (compatible; SemrushBot/7~bl; +http://www.semrush.com/bot.html)"
45.55.213.95 - - [26/Dec/2024:22:21:20 -0500] "GET /wp-includes/images/media/ HTTP/1.1" 200 1425 "binance.com" "Mozilla/5.0 (Windows NT 10.0; Win64; x64) AppleWebKit/537.36 (KHTML, like Gecko) Chrome/90.0.4430.85 Safari/537.36"
45.55.213.95 - - [26/Dec/2024:22:21:23 -0500] "GET /wp-includes/images/smilies/ HTTP/1.1" 200 1628 "binance.com" "Mozilla/5.0 (Windows NT 10.0; Win64; x64) AppleWebKit/537.36 (KHTML, like Gecko) Chrome/90.0.4430.85 Safari/537.36"
45.55.213.95 - - [26/Dec/2024:22:21:27 -0500] "GET /wp-includes/images/wlw/ HTTP/1.1" 500 1083 "binance.com" "Mozilla/5.0 (Windows NT 10.0; Win64; x64) AppleWebKit/537.36 (KHTML, like Gecko) Chrome/90.0.4430.85 Safari/537.36"
45.55.213.95 - - [26/Dec/2024:22:21:30 -0500] "GET /wp-includes/js/%20 HTTP/1.1" 500 1083 "binance.com" "Mozilla/5.0 (Windows NT 10.0; Win64; x64) AppleWebKit/537.36 (KHTML, like Gecko) Chrome/90.0.4430.85 Safari/537.36"
45.55.213.95 - - [26/Dec/2024:22:21:35 -0500] "GET /wp-includes/js/codemirror/ HTTP/1.1" 200 1315 "binance.com" "Mozilla/5.0 (Windows NT 10.0; Win64; x64) AppleWebKit/537.36 (KHTML, like Gecko) Chrome/90.0.4430.85 Safari/537.36"
45.55.213.95 - - [26/Dec/2024:22:21:38 -0500] "GET /wp-includes/js/plupload/ HTTP/1.1" 200 1326 "binance.com" "Mozilla/5.0 (Windows NT 10.0; Win64; x64) AppleWebKit/537.36 (KHTML, like Gecko) Chrome/90.0.4430.85 Safari/537.36"
45.55.213.95 - - [26/Dec/2024:22:21:42 -0500] "GET /.well-known/ HTTP/1.1" 500 1083 "binance.com" "Mozilla/5.0 (Windows NT 10.0; Win64; x64) AppleWebKit/537.36 (KHTML, like Gecko) Chrome/90.0.4430.85 Safari/537.36"
85.208.96.201 - - [26/Dec/2024:22:22:17 -0500] "GET /esere/opportunist1279231.html HTTP/1.1" 500 165 "-" "Mozilla/5.0 (compatible; SemrushBot/7~bl; +http://www.semrush.com/bot.html)"
185.191.171.8 - - [26/Dec/2024:22:23:19 -0500] "GET /metallographical/isomagnetic1508575.html HTTP/1.1" 500 165 "-" "Mozilla/5.0 (compatible; SemrushBot/7~bl; +http://www.semrush.com/bot.html)"
85.208.96.203 - - [26/Dec/2024:22:24:21 -0500] "GET /gibberish/homometrically1476972.html HTTP/1.1" 500 165 "-" "Mozilla/5.0 (compatible; SemrushBot/7~bl; +http://www.semrush.com/bot.html)"
85.208.96.210 - - [26/Dec/2024:22:25:22 -0500] "GET /gibberish/homometrically1185857.html HTTP/1.1" 500 165 "-" "Mozilla/5.0 (compatible; SemrushBot/7~bl; +http://www.semrush.com/bot.html)"
85.208.96.194 - - [26/Dec/2024:22:26:23 -0500] "GET /mechanalize/distrainable1106913.html HTTP/1.1" 500 165 "-" "Mozilla/5.0 (compatible; SemrushBot/7~bl; +http://www.semrush.com/bot.html)"
85.208.96.205 - - [26/Dec/2024:22:27:24 -0500] "GET /aeronautical/cattyman518566.html HTTP/1.1" 500 165 "-" "Mozilla/5.0 (compatible; SemrushBot/7~bl; +http://www.semrush.com/bot.html)"
185.191.171.17 - - [26/Dec/2024:22:28:25 -0500] "GET /extraplanetary/disjunctively1091133.html HTTP/1.1" 500 165 "-" "Mozilla/5.0 (compatible; SemrushBot/7~bl; +http://www.semrush.com/bot.html)"
185.191.171.2 - - [26/Dec/2024:22:29:27 -0500] "GET /metallographical/isomagnetic1300180.html HTTP/1.1" 500 165 "-" "Mozilla/5.0 (compatible; SemrushBot/7~bl; +http://www.semrush.com/bot.html)"
185.191.171.4 - - [26/Dec/2024:22:30:28 -0500] "GET /metallographical/isomagnetic944165.html HTTP/1.1" 500 165 "-" "Mozilla/5.0 (compatible; SemrushBot/7~bl; +http://www.semrush.com/bot.html)"
85.208.96.201 - - [26/Dec/2024:22:31:29 -0500] "GET /metallographical/isomagnetic270745.html HTTP/1.1" 500 165 "-" "Mozilla/5.0 (compatible; SemrushBot/7~bl; +http://www.semrush.com/bot.html)"
185.191.171.7 - - [26/Dec/2024:22:32:30 -0500] "GET /motmot/criticism164121.html HTTP/1.1" 500 165 "-" "Mozilla/5.0 (compatible; SemrushBot/7~bl; +http://www.semrush.com/bot.html)"
185.191.171.6 - - [26/Dec/2024:22:33:32 -0500] "GET /affreightment/balaustre1364828.html HTTP/1.1" 500 165 "-" "Mozilla/5.0 (compatible; SemrushBot/7~bl; +http://www.semrush.com/bot.html)"
185.191.171.5 - - [26/Dec/2024:22:34:33 -0500] "GET /gibberish/homometrically1126787.html HTTP/1.1" 500 165 "-" "Mozilla/5.0 (compatible; SemrushBot/7~bl; +http://www.semrush.com/bot.html)"
47.128.48.125 - - [26/Dec/2024:22:34:56 -0500] "GET / HTTP/1.1" 500 905 "-" "Mozilla/5.0 (Linux; Android 5.0) AppleWebKit/537.36 (KHTML, like Gecko) Mobile Safari/537.36 (compatible; Bytespider; spider-feedback@bytedance.com)"
185.191.171.9 - - [26/Dec/2024:22:35:34 -0500] "GET /knifeless/affreightment587193.html HTTP/1.1" 500 165 "-" "Mozilla/5.0 (compatible; SemrushBot/7~bl; +http://www.semrush.com/bot.html)"
185.191.171.12 - - [26/Dec/2024:22:36:37 -0500] "GET /mechanalize/distrainable1391538.html HTTP/1.1" 500 165 "-" "Mozilla/5.0 (compatible; SemrushBot/7~bl; +http://www.semrush.com/bot.html)"
85.208.96.197 - - [26/Dec/2024:22:37:09 -0500] "GET /robots.txt HTTP/1.1" 500 1083 "-" "Mozilla/5.0 (compatible; SemrushBot/7~bl; +http://www.semrush.com/bot.html)"
185.191.171.12 - - [26/Dec/2024:22:37:39 -0500] "GET /extraplanetary/disjunctively593438.html HTTP/1.1" 500 165 "-" "Mozilla/5.0 (compatible; SemrushBot/7~bl; +http://www.semrush.com/bot.html)"
185.191.171.5 - - [26/Dec/2024:22:38:41 -0500] "GET /homometrically/jupon1249427.html HTTP/1.1" 500 165 "-" "Mozilla/5.0 (compatible; SemrushBot/7~bl; +http://www.semrush.com/bot.html)"
185.191.171.2 - - [26/Dec/2024:22:39:42 -0500] "GET /gibberish/homometrically968277.html HTTP/1.1" 500 165 "-" "Mozilla/5.0 (compatible; SemrushBot/7~bl; +http://www.semrush.com/bot.html)"
185.191.171.15 - - [26/Dec/2024:22:40:44 -0500] "GET /homometrically/jupon1620017.html HTTP/1.1" 500 165 "-" "Mozilla/5.0 (compatible; SemrushBot/7~bl; +http://www.semrush.com/bot.html)"
85.208.96.203 - - [26/Dec/2024:22:41:45 -0500] "GET /dishonorary/microphotograph17673.html HTTP/1.1" 500 165 "-" "Mozilla/5.0 (compatible; SemrushBot/7~bl; +http://www.semrush.com/bot.html)"
85.208.96.206 - - [26/Dec/2024:22:42:46 -0500] "GET /allophylian/energetical1472567.html HTTP/1.1" 500 165 "-" "Mozilla/5.0 (compatible; SemrushBot/7~bl; +http://www.semrush.com/bot.html)"
85.208.96.207 - - [26/Dec/2024:22:43:47 -0500] "GET /gally/coynye1622070.html HTTP/1.1" 500 165 "-" "Mozilla/5.0 (compatible; SemrushBot/7~bl; +http://www.semrush.com/bot.html)"
85.208.96.204 - - [26/Dec/2024:22:44:49 -0500] "GET /chaplaincy/metallographical1599115.html HTTP/1.1" 500 165 "-" "Mozilla/5.0 (compatible; SemrushBot/7~bl; +http://www.semrush.com/bot.html)"
185.191.171.4 - - [26/Dec/2024:22:45:50 -0500] "GET /motmot/criticism752511.html HTTP/1.1" 500 165 "-" "Mozilla/5.0 (compatible; SemrushBot/7~bl; +http://www.semrush.com/bot.html)"
85.208.96.206 - - [26/Dec/2024:22:46:53 -0500] "GET /affreightment/balaustre1374178.html HTTP/1.1" 500 165 "-" "Mozilla/5.0 (compatible; SemrushBot/7~bl; +http://www.semrush.com/bot.html)"
47.128.120.214 - - [26/Dec/2024:22:47:34 -0500] "GET / HTTP/1.1" 500 905 "-" "Mozilla/5.0 (Linux; Android 5.0) AppleWebKit/537.36 (KHTML, like Gecko) Mobile Safari/537.36 (compatible; Bytespider; spider-feedback@bytedance.com)"
185.191.171.19 - - [26/Dec/2024:22:47:55 -0500] "GET /metallographical/isomagnetic940700.html HTTP/1.1" 500 165 "-" "Mozilla/5.0 (compatible; SemrushBot/7~bl; +http://www.semrush.com/bot.html)"
185.191.171.10 - - [26/Dec/2024:22:48:58 -0500] "GET /Algaroth/esere1702686.html HTTP/1.1" 500 165 "-" "Mozilla/5.0 (compatible; SemrushBot/7~bl; +http://www.semrush.com/bot.html)"

Youez - 2016 - github.com/yon3zu
LinuXploit