66.29.132.124 - - [27/Dec/2024:03:23:29 -0500] "POST /wp-cron.php?doing_wp_cron=1735287809.1645889282226562500000 HTTP/1.1" 200 0 "-" "WordPress/6.7.1; https://misswavenigeria.com"
5.9.111.147 - - [27/Dec/2024:03:23:28 -0500] "POST /xmlrpc.php HTTP/1.1" 200 205 "-" "Mozilla/5.0 (Windows NT 10.0; Win64; x64) AppleWebKit/537.36 (KHTML, like Gecko) Chrome/126.0.0.0 Safari/537.36"
66.29.132.124 - - [27/Dec/2024:03:24:12 -0500] "POST /wp-cron.php?doing_wp_cron=1735287851.9922840595245361328125 HTTP/1.1" 200 0 "-" "WordPress/6.7.1; https://misswavenigeria.com"
43.224.124.253 - - [27/Dec/2024:03:24:11 -0500] "POST /xmlrpc.php HTTP/1.1" 200 205 "-" "Mozilla/5.0 (Windows NT 10.0; Win64; x64) AppleWebKit/537.36 (KHTML, like Gecko) Chrome/126.0.0.0 Safari/537.36"
66.29.132.124 - - [27/Dec/2024:03:24:12 -0500] "POST /wp-admin/admin-ajax.php?action=async_litespeed&nonce=povgAuEaDdOdjz5dubaSefIu4CincL7L&litespeed_type=imgoptm HTTP/1.1" 200 21 "-" "WordPress/6.7.1; https://misswavenigeria.com"
66.29.132.124 - - [27/Dec/2024:03:24:27 -0500] "POST /wp-cron.php?doing_wp_cron=1735287867.9047598838806152343750 HTTP/1.1" 200 0 "-" "WordPress/6.7.1; https://misswavenigeria.com"
194.32.122.81 - - [27/Dec/2024:03:24:27 -0500] "GET / HTTP/1.0" 200 109055 "https://misswavenigeria.com/" "Mozilla/5.0 (Windows NT 6.1; Win64; x64) AppleWebKit/537.36 (KHTML, like Gecko) Chrome/103.0.0.0 Safari/537.36"
194.32.122.81 - - [27/Dec/2024:03:24:30 -0500] "GET /register/ HTTP/1.0" 200 75922 "https://misswavenigeria.com/register/" "Mozilla/5.0 (Windows NT 6.1; Win64; x64) AppleWebKit/537.36 (KHTML, like Gecko) Chrome/103.0.0.0 Safari/537.36"
49.206.232.123 - - [27/Dec/2024:03:24:37 -0500] "POST /xmlrpc.php HTTP/1.1" 200 205 "-" "Mozilla/5.0 (Windows NT 10.0; Win64; x64) AppleWebKit/537.36 (KHTML, like Gecko) Chrome/126.0.0.0 Safari/537.36"
66.29.132.124 - - [27/Dec/2024:03:25:20 -0500] "POST /wp-cron.php?doing_wp_cron=1735287919.8093390464782714843750 HTTP/1.1" 200 0 "-" "WordPress/6.7.1; https://misswavenigeria.com"
202.44.231.31 - - [27/Dec/2024:03:25:19 -0500] "POST /xmlrpc.php HTTP/1.1" 200 205 "-" "Mozilla/5.0 (Windows NT 10.0; Win64; x64) AppleWebKit/537.36 (KHTML, like Gecko) Chrome/126.0.0.0 Safari/537.36"
66.29.132.124 - - [27/Dec/2024:03:25:22 -0500] "POST /wp-admin/admin-ajax.php?action=async_litespeed&nonce=bVwqeRKNqqM4aNvcZCPbmk72K3jfA793&litespeed_type=imgoptm HTTP/1.1" 200 0 "-" "WordPress/6.7.1; https://misswavenigeria.com"
66.29.132.124 - - [27/Dec/2024:03:25:56 -0500] "POST /wp-cron.php?doing_wp_cron=1735287955.9859950542449951171875 HTTP/1.1" 200 0 "-" "WordPress/6.7.1; https://misswavenigeria.com"
208.109.244.180 - - [27/Dec/2024:03:25:55 -0500] "POST /xmlrpc.php HTTP/1.1" 200 205 "-" "Mozilla/5.0 (Windows NT 10.0; Win64; x64) AppleWebKit/537.36 (KHTML, like Gecko) Chrome/126.0.0.0 Safari/537.36"
66.29.132.124 - - [27/Dec/2024:03:25:57 -0500] "POST /wp-admin/admin-ajax.php?action=async_litespeed&nonce=vZszotfeqMGWVPQdJIJa1cewOi9heAuc&litespeed_type=imgoptm HTTP/1.1" 200 0 "-" "WordPress/6.7.1; https://misswavenigeria.com"
66.29.132.124 - - [27/Dec/2024:03:26:26 -0500] "POST /wp-cron.php?doing_wp_cron=1735287986.2468729019165039062500 HTTP/1.1" 200 0 "-" "WordPress/6.7.1; https://misswavenigeria.com"
45.158.12.95 - - [27/Dec/2024:03:26:26 -0500] "POST /xmlrpc.php HTTP/1.1" 200 205 "-" "Mozilla/5.0 (Windows NT 10.0; Win64; x64) AppleWebKit/537.36 (KHTML, like Gecko) Chrome/126.0.0.0 Safari/537.36"
194.32.122.81 - - [27/Dec/2024:03:24:32 -0500] "POST /register/ HTTP/1.0" 200 76048 "https://misswavenigeria.com/register/" "Mozilla/5.0 (Windows NT 6.1; Win64; x64) AppleWebKit/537.36 (KHTML, like Gecko) Chrome/103.0.0.0 Safari/537.36"
66.29.132.124 - - [27/Dec/2024:03:26:47 -0500] "POST /wp-cron.php?doing_wp_cron=1735288007.2308700084686279296875 HTTP/1.1" 200 0 "-" "WordPress/6.7.1; https://misswavenigeria.com"
194.32.122.81 - - [27/Dec/2024:03:26:47 -0500] "GET /register/ HTTP/1.0" 200 75922 "https://misswavenigeria.com/" "Mozilla/5.0 (Windows NT 6.1; Win64; x64) AppleWebKit/537.36 (KHTML, like Gecko) Chrome/103.0.0.0 Safari/537.36"
66.29.132.124 - - [27/Dec/2024:03:26:47 -0500] "POST /wp-admin/admin-ajax.php?action=async_litespeed&nonce=dzp9G4Toi2i1RvLIZM1esgnlnfgsLqMJ&litespeed_type=imgoptm HTTP/1.1" 200 21 "-" "WordPress/6.7.1; https://misswavenigeria.com"
66.29.132.124 - - [27/Dec/2024:03:27:49 -0500] "POST /wp-cron.php?doing_wp_cron=1735288069.5764899253845214843750 HTTP/1.1" 200 0 "-" "WordPress/6.7.1; https://misswavenigeria.com"
194.32.122.81 - - [27/Dec/2024:03:27:49 -0500] "GET / HTTP/1.0" 200 109055 "https://misswavenigeria.com/" "Mozilla/5.0 (Windows NT 6.1) AppleWebKit/537.36 (KHTML, like Gecko) Chrome/103.0.5060.114 Safari/537.36"
66.29.132.124 - - [27/Dec/2024:03:27:49 -0500] "POST /wp-admin/admin-ajax.php?action=async_litespeed&nonce=b6wmOa7xews7F0khKbhjFnYsxtndTEFp&litespeed_type=imgoptm HTTP/1.1" 200 21 "-" "WordPress/6.7.1; https://misswavenigeria.com"
194.32.122.81 - - [27/Dec/2024:03:27:52 -0500] "GET /register/ HTTP/1.0" 200 75922 "https://misswavenigeria.com/register/" "Mozilla/5.0 (Windows NT 6.1) AppleWebKit/537.36 (KHTML, like Gecko) Chrome/103.0.5060.114 Safari/537.36"
162.0.222.106 - - [27/Dec/2024:03:27:54 -0500] "POST /xmlrpc.php HTTP/1.1" 200 205 "-" "Mozilla/5.0 (Windows NT 10.0; Win64; x64) AppleWebKit/537.36 (KHTML, like Gecko) Chrome/126.0.0.0 Safari/537.36"
92.205.230.86 - - [27/Dec/2024:03:28:03 -0500] "POST /xmlrpc.php HTTP/1.1" 200 205 "-" "Mozilla/5.0 (Windows NT 10.0; Win64; x64) AppleWebKit/537.36 (KHTML, like Gecko) Chrome/126.0.0.0 Safari/537.36"
203.161.46.116 - - [27/Dec/2024:03:28:18 -0500] "POST /xmlrpc.php HTTP/1.1" 200 205 "-" "Mozilla/5.0 (Windows NT 10.0; Win64; x64) AppleWebKit/537.36 (KHTML, like Gecko) Chrome/126.0.0.0 Safari/537.36"
66.29.132.124 - - [27/Dec/2024:03:28:26 -0500] "POST /wp-cron.php?doing_wp_cron=1735288106.8375439643859863281250 HTTP/1.1" 200 0 "-" "WordPress/6.7.1; https://misswavenigeria.com"
66.135.1.77 - - [27/Dec/2024:03:28:26 -0500] "POST /xmlrpc.php HTTP/1.1" 200 205 "-" "Mozilla/5.0 (Windows NT 10.0; Win64; x64) AppleWebKit/537.36 (KHTML, like Gecko) Chrome/126.0.0.0 Safari/537.36"
45.117.171.134 - - [27/Dec/2024:03:28:30 -0500] "POST /xmlrpc.php HTTP/1.1" 200 205 "-" "Mozilla/5.0 (Windows NT 10.0; Win64; x64) AppleWebKit/537.36 (KHTML, like Gecko) Chrome/126.0.0.0 Safari/537.36"
66.29.132.124 - - [27/Dec/2024:03:28:45 -0500] "POST /wp-cron.php?doing_wp_cron=1735288125.5312049388885498046875 HTTP/1.1" 200 0 "-" "WordPress/6.7.1; https://misswavenigeria.com"
60.43.234.31 - - [27/Dec/2024:03:28:45 -0500] "POST /xmlrpc.php HTTP/1.1" 200 205 "-" "Mozilla/5.0 (Windows NT 10.0; Win64; x64) AppleWebKit/537.36 (KHTML, like Gecko) Chrome/126.0.0.0 Safari/537.36"
66.29.132.124 - - [27/Dec/2024:03:28:46 -0500] "POST /wp-admin/admin-ajax.php?action=async_litespeed&nonce=0ZPDMaRatqt0jy2IZOmtrcbTK4GaMx2a&litespeed_type=imgoptm HTTP/1.1" 200 21 "-" "WordPress/6.7.1; https://misswavenigeria.com"
194.32.122.81 - - [27/Dec/2024:03:27:53 -0500] "POST /register/ HTTP/1.0" 200 0 "https://misswavenigeria.com/register/" "Mozilla/5.0 (Windows NT 6.1) AppleWebKit/537.36 (KHTML, like Gecko) Chrome/103.0.5060.114 Safari/537.36"
194.32.122.81 - - [27/Dec/2024:03:30:24 -0500] "GET /register/ HTTP/1.0" 200 75922 "https://misswavenigeria.com/" "Mozilla/5.0 (Windows NT 6.1) AppleWebKit/537.36 (KHTML, like Gecko) Chrome/103.0.5060.114 Safari/537.36"
66.29.132.124 - - [27/Dec/2024:03:30:32 -0500] "POST /wp-cron.php?doing_wp_cron=1735288232.8108820915222167968750 HTTP/1.1" 200 0 "-" "WordPress/6.7.1; https://misswavenigeria.com"
203.161.57.72 - - [27/Dec/2024:03:30:32 -0500] "POST /xmlrpc.php HTTP/1.1" 200 205 "-" "Mozilla/5.0 (Windows NT 10.0; Win64; x64) AppleWebKit/537.36 (KHTML, like Gecko) Chrome/126.0.0.0 Safari/537.36"
66.29.132.124 - - [27/Dec/2024:03:30:33 -0500] "POST /wp-admin/admin-ajax.php?action=async_litespeed&nonce=8RvLvsfyJDb4wvOezfzKJf8sOaCzv0A0&litespeed_type=imgoptm HTTP/1.1" 200 21 "-" "WordPress/6.7.1; https://misswavenigeria.com"
66.29.132.124 - - [27/Dec/2024:03:30:55 -0500] "POST /wp-cron.php?doing_wp_cron=1735288255.8114919662475585937500 HTTP/1.1" 200 0 "-" "WordPress/6.7.1; https://misswavenigeria.com"
49.206.232.123 - - [27/Dec/2024:03:30:55 -0500] "POST /xmlrpc.php HTTP/1.1" 200 205 "-" "Mozilla/5.0 (Windows NT 10.0; Win64; x64) AppleWebKit/537.36 (KHTML, like Gecko) Chrome/126.0.0.0 Safari/537.36"
66.29.132.124 - - [27/Dec/2024:03:30:55 -0500] "POST /wp-admin/admin-ajax.php?action=async_litespeed&nonce=MObTNKFIeJZLI6OO7KPtzkpZDtFZqVUN&litespeed_type=imgoptm HTTP/1.1" 200 21 "-" "WordPress/6.7.1; https://misswavenigeria.com"
178.33.43.96 - - [27/Dec/2024:03:30:58 -0500] "POST /xmlrpc.php HTTP/1.1" 200 205 "-" "Mozilla/5.0 (Windows NT 10.0; Win64; x64) AppleWebKit/537.36 (KHTML, like Gecko) Chrome/126.0.0.0 Safari/537.36"
194.32.122.81 - - [27/Dec/2024:03:31:11 -0500] "GET / HTTP/1.0" 200 109055 "https://misswavenigeria.com/" "Mozilla/5.0 (Windows NT 6.1; Win64; x64) AppleWebKit/537.36 (KHTML, like Gecko) Chrome/103.0.0.0 Safari/537.36"
194.32.122.81 - - [27/Dec/2024:03:31:13 -0500] "GET /register/ HTTP/1.0" 200 75922 "https://misswavenigeria.com/register/" "Mozilla/5.0 (Windows NT 6.1; Win64; x64) AppleWebKit/537.36 (KHTML, like Gecko) Chrome/103.0.0.0 Safari/537.36"
66.29.132.124 - - [27/Dec/2024:03:31:34 -0500] "POST /wp-cron.php?doing_wp_cron=1735288294.6785929203033447265625 HTTP/1.1" 200 0 "-" "WordPress/6.7.1; https://misswavenigeria.com"
164.163.56.6 - - [27/Dec/2024:03:31:34 -0500] "POST /xmlrpc.php HTTP/1.1" 200 205 "-" "Mozilla/5.0 (Windows NT 10.0; Win64; x64) AppleWebKit/537.36 (KHTML, like Gecko) Chrome/126.0.0.0 Safari/537.36"
66.29.132.124 - - [27/Dec/2024:03:32:44 -0500] "POST /wp-cron.php?doing_wp_cron=1735288364.4653899669647216796875 HTTP/1.1" 200 0 "-" "WordPress/6.7.1; https://misswavenigeria.com"
195.26.251.103 - - [27/Dec/2024:03:32:44 -0500] "POST /xmlrpc.php HTTP/1.1" 200 205 "-" "Mozilla/5.0 (Windows NT 10.0; Win64; x64) AppleWebKit/537.36 (KHTML, like Gecko) Chrome/126.0.0.0 Safari/537.36"
66.29.132.124 - - [27/Dec/2024:03:32:44 -0500] "POST /wp-admin/admin-ajax.php?action=async_litespeed&nonce=fuWFYiTmQ1B63OisRyHP2RfctJ1aN8oy&litespeed_type=imgoptm HTTP/1.1" 200 21 "-" "WordPress/6.7.1; https://misswavenigeria.com"
194.32.122.81 - - [27/Dec/2024:03:31:15 -0500] "POST /register/ HTTP/1.0" 200 76048 "https://misswavenigeria.com/register/" "Mozilla/5.0 (Windows NT 6.1; Win64; x64) AppleWebKit/537.36 (KHTML, like Gecko) Chrome/103.0.0.0 Safari/537.36"
194.32.122.81 - - [27/Dec/2024:03:33:01 -0500] "GET /register/ HTTP/1.0" 200 75922 "https://misswavenigeria.com/" "Mozilla/5.0 (Windows NT 6.1; Win64; x64) AppleWebKit/537.36 (KHTML, like Gecko) Chrome/103.0.0.0 Safari/537.36"
144.91.123.53 - - [27/Dec/2024:03:33:20 -0500] "POST /xmlrpc.php HTTP/1.1" 200 205 "-" "Mozilla/5.0 (Windows NT 10.0; Win64; x64) AppleWebKit/537.36 (KHTML, like Gecko) Chrome/126.0.0.0 Safari/537.36"
77.73.96.93 - - [27/Dec/2024:03:33:24 -0500] "POST /xmlrpc.php HTTP/1.1" 200 205 "-" "Mozilla/5.0 (Windows NT 10.0; Win64; x64) AppleWebKit/537.36 (KHTML, like Gecko) Chrome/126.0.0.0 Safari/537.36"
66.29.132.124 - - [27/Dec/2024:03:33:47 -0500] "POST /wp-cron.php?doing_wp_cron=1735288427.4770081043243408203125 HTTP/1.1" 200 0 "-" "WordPress/6.7.1; https://misswavenigeria.com"
188.165.33.227 - - [27/Dec/2024:03:33:47 -0500] "POST /xmlrpc.php HTTP/1.1" 200 205 "-" "Mozilla/5.0 (Windows NT 10.0; Win64; x64) AppleWebKit/537.36 (KHTML, like Gecko) Chrome/126.0.0.0 Safari/537.36"
66.29.132.124 - - [27/Dec/2024:03:33:47 -0500] "POST /wp-admin/admin-ajax.php?action=async_litespeed&nonce=dxxyaSdMOh1SrjmgbejnwsMFjBUcrWpL&litespeed_type=imgoptm HTTP/1.1" 200 21 "-" "WordPress/6.7.1; https://misswavenigeria.com"
66.29.132.124 - - [27/Dec/2024:03:34:26 -0500] "POST /wp-cron.php?doing_wp_cron=1735288465.9485559463500976562500 HTTP/1.1" 200 0 "-" "WordPress/6.7.1; https://misswavenigeria.com"
85.131.197.117 - - [27/Dec/2024:03:34:25 -0500] "POST /xmlrpc.php HTTP/1.1" 200 205 "-" "Mozilla/5.0 (Windows NT 10.0; Win64; x64) AppleWebKit/537.36 (KHTML, like Gecko) Chrome/126.0.0.0 Safari/537.36"
194.32.122.81 - - [27/Dec/2024:03:34:31 -0500] "GET / HTTP/1.0" 200 109053 "https://misswavenigeria.com/" "Mozilla/5.0 (Windows NT 6.1) AppleWebKit/537.36 (KHTML, like Gecko) Chrome/103.0.5060.114 Safari/537.36"
194.32.122.81 - - [27/Dec/2024:03:34:33 -0500] "GET /register/ HTTP/1.0" 200 75922 "https://misswavenigeria.com/register/" "Mozilla/5.0 (Windows NT 6.1) AppleWebKit/537.36 (KHTML, like Gecko) Chrome/103.0.5060.114 Safari/537.36"
66.29.132.124 - - [27/Dec/2024:03:34:44 -0500] "POST /wp-cron.php?doing_wp_cron=1735288484.5205919742584228515625 HTTP/1.1" 200 0 "-" "WordPress/6.7.1; https://misswavenigeria.com"
64.23.197.3 - - [27/Dec/2024:03:34:44 -0500] "POST /xmlrpc.php HTTP/1.1" 200 205 "-" "Mozilla/5.0 (Windows NT 10.0; Win64; x64) AppleWebKit/537.36 (KHTML, like Gecko) Chrome/126.0.0.0 Safari/537.36"
66.29.132.124 - - [27/Dec/2024:03:34:44 -0500] "POST /wp-admin/admin-ajax.php?action=async_litespeed&nonce=rICgmQW6oa1J2ZU4UPiVu6X9CtqO0Ts7&litespeed_type=imgoptm HTTP/1.1" 200 21 "-" "WordPress/6.7.1; https://misswavenigeria.com"
194.32.122.81 - - [27/Dec/2024:03:34:35 -0500] "POST /register/ HTTP/1.0" 200 76048 "https://misswavenigeria.com/register/" "Mozilla/5.0 (Windows NT 6.1) AppleWebKit/537.36 (KHTML, like Gecko) Chrome/103.0.5060.114 Safari/537.36"
66.29.132.124 - - [27/Dec/2024:03:36:20 -0500] "POST /wp-cron.php?doing_wp_cron=1735288580.2994270324707031250000 HTTP/1.1" 200 0 "-" "WordPress/6.7.1; https://misswavenigeria.com"
194.32.122.81 - - [27/Dec/2024:03:36:20 -0500] "GET /register/ HTTP/1.0" 200 75922 "https://misswavenigeria.com/" "Mozilla/5.0 (Windows NT 6.1) AppleWebKit/537.36 (KHTML, like Gecko) Chrome/103.0.5060.114 Safari/537.36"
66.29.132.124 - - [27/Dec/2024:03:36:20 -0500] "POST /wp-admin/admin-ajax.php?action=async_litespeed&nonce=0m9X2YLoupPDUGuDvxoYjEm1KM0dptNd&litespeed_type=imgoptm HTTP/1.1" 200 21 "-" "WordPress/6.7.1; https://misswavenigeria.com"
66.29.132.124 - - [27/Dec/2024:03:36:33 -0500] "POST /wp-cron.php?doing_wp_cron=1735288593.0560739040374755859375 HTTP/1.1" 200 0 "-" "WordPress/6.7.1; https://misswavenigeria.com"
65.108.144.187 - - [27/Dec/2024:03:36:32 -0500] "POST /xmlrpc.php HTTP/1.1" 200 205 "-" "Mozilla/5.0 (Windows NT 10.0; Win64; x64) AppleWebKit/537.36 (KHTML, like Gecko) Chrome/126.0.0.0 Safari/537.36"
66.29.132.124 - - [27/Dec/2024:03:36:47 -0500] "POST /wp-cron.php?doing_wp_cron=1735288607.6474759578704833984375 HTTP/1.1" 200 0 "-" "WordPress/6.7.1; https://misswavenigeria.com"
52.77.114.47 - - [27/Dec/2024:03:36:47 -0500] "POST /xmlrpc.php HTTP/1.1" 200 205 "-" "Mozilla/5.0 (Windows NT 10.0; Win64; x64) AppleWebKit/537.36 (KHTML, like Gecko) Chrome/126.0.0.0 Safari/537.36"
66.29.132.124 - - [27/Dec/2024:03:36:47 -0500] "POST /wp-admin/admin-ajax.php?action=async_litespeed&nonce=SrsaZATn7JLOA370ZBtn8ghtELRyuZJI&litespeed_type=imgoptm HTTP/1.1" 200 21 "-" "WordPress/6.7.1; https://misswavenigeria.com"
216.55.146.44 - - [27/Dec/2024:03:36:50 -0500] "POST /xmlrpc.php HTTP/1.1" 200 205 "-" "Mozilla/5.0 (Windows NT 10.0; Win64; x64) AppleWebKit/537.36 (KHTML, like Gecko) Chrome/126.0.0.0 Safari/537.36"
128.199.108.222 - - [27/Dec/2024:03:37:02 -0500] "POST /xmlrpc.php HTTP/1.1" 200 205 "-" "Mozilla/5.0 (Windows NT 10.0; Win64; x64) AppleWebKit/537.36 (KHTML, like Gecko) Chrome/126.0.0.0 Safari/537.36"
92.205.230.86 - - [27/Dec/2024:03:37:08 -0500] "POST /xmlrpc.php HTTP/1.1" 200 205 "-" "Mozilla/5.0 (Windows NT 10.0; Win64; x64) AppleWebKit/537.36 (KHTML, like Gecko) Chrome/126.0.0.0 Safari/537.36"
66.29.132.124 - - [27/Dec/2024:03:37:56 -0500] "POST /wp-cron.php?doing_wp_cron=1735288676.4753019809722900390625 HTTP/1.1" 200 0 "-" "WordPress/6.7.1; https://misswavenigeria.com"
194.32.122.81 - - [27/Dec/2024:03:37:52 -0500] "GET / HTTP/1.0" 200 109053 "https://misswavenigeria.com/" "Mozilla/5.0 (Windows NT 10.0; WOW64) AppleWebKit/537.36 (KHTML, like Gecko) Chrome/103.0.5060.114 Safari/537.36"
66.29.132.124 - - [27/Dec/2024:03:37:56 -0500] "POST /wp-admin/admin-ajax.php?action=async_litespeed&nonce=b71eEG8rNkAIy1lrWokDN5BZzxSrDhBG&litespeed_type=imgoptm HTTP/1.1" 200 21 "-" "WordPress/6.7.1; https://misswavenigeria.com"
194.32.122.81 - - [27/Dec/2024:03:37:59 -0500] "GET /register/ HTTP/1.0" 200 75922 "https://misswavenigeria.com/register/" "Mozilla/5.0 (Windows NT 10.0; WOW64) AppleWebKit/537.36 (KHTML, like Gecko) Chrome/103.0.5060.114 Safari/537.36"
66.29.132.124 - - [27/Dec/2024:03:38:47 -0500] "POST /wp-cron.php?doing_wp_cron=1735288727.8866350650787353515625 HTTP/1.1" 200 0 "-" "WordPress/6.7.1; https://misswavenigeria.com"
89.121.140.116 - - [27/Dec/2024:03:38:47 -0500] "POST /xmlrpc.php HTTP/1.1" 200 205 "-" "Mozilla/5.0 (Windows NT 10.0; Win64; x64) AppleWebKit/537.36 (KHTML, like Gecko) Chrome/126.0.0.0 Safari/537.36"
66.29.132.124 - - [27/Dec/2024:03:38:48 -0500] "POST /wp-admin/admin-ajax.php?action=async_litespeed&nonce=pJYbVnPYqWBZFhndoo5mCLeZ6EeSoBsJ&litespeed_type=imgoptm HTTP/1.1" 200 21 "-" "WordPress/6.7.1; https://misswavenigeria.com"
178.33.43.96 - - [27/Dec/2024:03:39:14 -0500] "POST /xmlrpc.php HTTP/1.1" 200 205 "-" "Mozilla/5.0 (Windows NT 10.0; Win64; x64) AppleWebKit/537.36 (KHTML, like Gecko) Chrome/126.0.0.0 Safari/537.36"
194.32.122.81 - - [27/Dec/2024:03:38:00 -0500] "POST /register/ HTTP/1.0" 200 76048 "https://misswavenigeria.com/register/" "Mozilla/5.0 (Windows NT 10.0; WOW64) AppleWebKit/537.36 (KHTML, like Gecko) Chrome/103.0.5060.114 Safari/537.36"
194.32.122.81 - - [27/Dec/2024:03:39:17 -0500] "GET /register/ HTTP/1.0" 200 75922 "https://misswavenigeria.com/" "Mozilla/5.0 (Windows NT 10.0; WOW64) AppleWebKit/537.36 (KHTML, like Gecko) Chrome/103.0.5060.114 Safari/537.36"
66.29.132.124 - - [27/Dec/2024:03:40:14 -0500] "POST /wp-cron.php?doing_wp_cron=1735288813.9953229427337646484375 HTTP/1.1" 200 0 "-" "WordPress/6.7.1; https://misswavenigeria.com"
66.249.79.105 - - [27/Dec/2024:03:40:13 -0500] "GET /goods/U891092?k=product HTTP/1.1" 301 0 "-" "Mozilla/5.0 (Linux; Android 6.0.1; Nexus 5X Build/MMB29P) AppleWebKit/537.36 (KHTML, like Gecko) Chrome/131.0.6778.139 Mobile Safari/537.36 (compatible; Googlebot/2.1; +http://www.google.com/bot.html)"
66.29.132.124 - - [27/Dec/2024:03:40:14 -0500] "POST /wp-admin/admin-ajax.php?action=async_litespeed&nonce=XquJH6maCZ7tMHqNzPUW6xaLHqZb6VHa&litespeed_type=imgoptm HTTP/1.1" 200 21 "-" "WordPress/6.7.1; https://misswavenigeria.com"
66.249.68.68 - - [27/Dec/2024:03:40:14 -0500] "GET /goods/U891092?k=product HTTP/1.1" 404 15611 "-" "Mozilla/5.0 (Linux; Android 6.0.1; Nexus 5X Build/MMB29P) AppleWebKit/537.36 (KHTML, like Gecko) Chrome/131.0.6778.139 Mobile Safari/537.36 (compatible; Googlebot/2.1; +http://www.google.com/bot.html)"
66.29.132.124 - - [27/Dec/2024:03:40:34 -0500] "POST /wp-cron.php?doing_wp_cron=1735288834.6999309062957763671875 HTTP/1.1" 200 0 "-" "WordPress/6.7.1; https://misswavenigeria.com"
14.241.250.60 - - [27/Dec/2024:03:40:34 -0500] "POST /xmlrpc.php HTTP/1.1" 200 205 "-" "Mozilla/5.0 (Windows NT 10.0; Win64; x64) AppleWebKit/537.36 (KHTML, like Gecko) Chrome/126.0.0.0 Safari/537.36"
66.29.132.124 - - [27/Dec/2024:03:41:14 -0500] "POST /wp-cron.php?doing_wp_cron=1735288874.6897621154785156250000 HTTP/1.1" 200 0 "-" "WordPress/6.7.1; https://misswavenigeria.com"
194.32.122.81 - - [27/Dec/2024:03:41:14 -0500] "GET / HTTP/1.0" 200 109055 "https://misswavenigeria.com/" "Mozilla/5.0 (Windows NT 6.1) AppleWebKit/537.36 (KHTML, like Gecko) Chrome/103.0.5060.114 Safari/537.36"
66.29.132.124 - - [27/Dec/2024:03:41:15 -0500] "POST /wp-admin/admin-ajax.php?action=async_litespeed&nonce=w71INviL425NS3ZJQ7ZGk8X9McaKQOy2&litespeed_type=imgoptm HTTP/1.1" 200 21 "-" "WordPress/6.7.1; https://misswavenigeria.com"
194.32.122.81 - - [27/Dec/2024:03:41:17 -0500] "GET /register/ HTTP/1.0" 200 75922 "https://misswavenigeria.com/register/" "Mozilla/5.0 (Windows NT 6.1) AppleWebKit/537.36 (KHTML, like Gecko) Chrome/103.0.5060.114 Safari/537.36"
66.29.132.124 - - [27/Dec/2024:03:41:48 -0500] "POST /wp-cron.php?doing_wp_cron=1735288908.2336049079895019531250 HTTP/1.1" 200 0 "-" "WordPress/6.7.1; https://misswavenigeria.com"
178.32.113.195 - - [27/Dec/2024:03:41:47 -0500] "POST /xmlrpc.php HTTP/1.1" 200 205 "-" "Mozilla/5.0 (Windows NT 10.0; Win64; x64) AppleWebKit/537.36 (KHTML, like Gecko) Chrome/126.0.0.0 Safari/537.36"
66.29.132.124 - - [27/Dec/2024:03:41:48 -0500] "POST /wp-admin/admin-ajax.php?action=async_litespeed&nonce=qpzbUHBDxjJUu9wXQllaO9E574X8w0KI&litespeed_type=imgoptm HTTP/1.1" 200 21 "-" "WordPress/6.7.1; https://misswavenigeria.com"
35.242.171.12 - - [27/Dec/2024:03:42:15 -0500] "POST /xmlrpc.php HTTP/1.1" 200 205 "-" "Mozilla/5.0 (Windows NT 10.0; Win64; x64) AppleWebKit/537.36 (KHTML, like Gecko) Chrome/126.0.0.0 Safari/537.36"
66.29.132.124 - - [27/Dec/2024:03:42:34 -0500] "POST /wp-cron.php?doing_wp_cron=1735288954.8556890487670898437500 HTTP/1.1" 200 0 "-" "WordPress/6.7.1; https://misswavenigeria.com"
82.165.88.103 - - [27/Dec/2024:03:42:34 -0500] "POST /xmlrpc.php HTTP/1.1" 200 205 "-" "Mozilla/5.0 (Windows NT 10.0; Win64; x64) AppleWebKit/537.36 (KHTML, like Gecko) Chrome/126.0.0.0 Safari/537.36"
194.32.122.81 - - [27/Dec/2024:03:41:18 -0500] "POST /register/ HTTP/1.0" 200 76048 "https://misswavenigeria.com/register/" "Mozilla/5.0 (Windows NT 6.1) AppleWebKit/537.36 (KHTML, like Gecko) Chrome/103.0.5060.114 Safari/537.36"
194.32.122.81 - - [27/Dec/2024:03:42:38 -0500] "GET /register/ HTTP/1.0" 200 75922 "https://misswavenigeria.com/" "Mozilla/5.0 (Windows NT 6.1) AppleWebKit/537.36 (KHTML, like Gecko) Chrome/103.0.5060.114 Safari/537.36"
66.29.132.124 - - [27/Dec/2024:03:43:31 -0500] "POST /wp-cron.php?doing_wp_cron=1735289011.1342589855194091796875 HTTP/1.1" 200 0 "-" "WordPress/6.7.1; https://misswavenigeria.com"
35.242.171.12 - - [27/Dec/2024:03:43:30 -0500] "POST /xmlrpc.php HTTP/1.1" 200 205 "-" "Mozilla/5.0 (Windows NT 10.0; Win64; x64) AppleWebKit/537.36 (KHTML, like Gecko) Chrome/126.0.0.0 Safari/537.36"
66.29.132.124 - - [27/Dec/2024:03:43:31 -0500] "POST /wp-admin/admin-ajax.php?action=async_litespeed&nonce=ivzW5MIH9piSRmHRrMhw2wjgmXMLPhns&litespeed_type=imgoptm HTTP/1.1" 200 21 "-" "WordPress/6.7.1; https://misswavenigeria.com"
66.29.132.124 - - [27/Dec/2024:03:44:30 -0500] "POST /wp-cron.php?doing_wp_cron=1735289070.6856949329376220703125 HTTP/1.1" 200 0 "-" "WordPress/6.7.1; https://misswavenigeria.com"
194.32.122.81 - - [27/Dec/2024:03:44:30 -0500] "GET / HTTP/1.0" 200 109053 "https://misswavenigeria.com/" "Mozilla/5.0 (Windows NT 6.3; Win64; x64) AppleWebKit/537.36 (KHTML, like Gecko) Chrome/103.0.5060.53 Safari/537.36"
66.29.132.124 - - [27/Dec/2024:03:44:30 -0500] "POST /wp-admin/admin-ajax.php?action=async_litespeed&nonce=qUG0YgR0yq24FeM3mEDv8iyRJbTQC0hW&litespeed_type=imgoptm HTTP/1.1" 200 21 "-" "WordPress/6.7.1; https://misswavenigeria.com"
194.32.122.81 - - [27/Dec/2024:03:44:33 -0500] "GET /register/ HTTP/1.0" 200 75922 "https://misswavenigeria.com/register/" "Mozilla/5.0 (Windows NT 6.3; Win64; x64) AppleWebKit/537.36 (KHTML, like Gecko) Chrome/103.0.5060.53 Safari/537.36"
66.29.132.124 - - [27/Dec/2024:03:44:40 -0500] "POST /wp-cron.php?doing_wp_cron=1735289080.8793818950653076171875 HTTP/1.1" 200 0 "-" "WordPress/6.7.1; https://misswavenigeria.com"
157.245.201.151 - - [27/Dec/2024:03:44:40 -0500] "POST /xmlrpc.php HTTP/1.1" 200 205 "-" "Mozilla/5.0 (Windows NT 10.0; Win64; x64) AppleWebKit/537.36 (KHTML, like Gecko) Chrome/126.0.0.0 Safari/537.36"
66.29.132.124 - - [27/Dec/2024:03:44:41 -0500] "POST /wp-admin/admin-ajax.php?action=async_litespeed&nonce=TePORhoSOlw3QBuZuko9StuhPMOnhjtf&litespeed_type=imgoptm HTTP/1.1" 200 21 "-" "WordPress/6.7.1; https://misswavenigeria.com"
194.32.122.81 - - [27/Dec/2024:03:44:34 -0500] "POST /register/ HTTP/1.0" 200 76048 "https://misswavenigeria.com/register/" "Mozilla/5.0 (Windows NT 6.3; Win64; x64) AppleWebKit/537.36 (KHTML, like Gecko) Chrome/103.0.5060.53 Safari/537.36"
66.29.132.124 - - [27/Dec/2024:03:46:01 -0500] "POST /wp-cron.php?doing_wp_cron=1735289161.6744110584259033203125 HTTP/1.1" 200 0 "-" "WordPress/6.7.1; https://misswavenigeria.com"
194.32.122.81 - - [27/Dec/2024:03:46:01 -0500] "GET /register/ HTTP/1.0" 200 75922 "https://misswavenigeria.com/" "Mozilla/5.0 (Windows NT 6.3; Win64; x64) AppleWebKit/537.36 (KHTML, like Gecko) Chrome/103.0.5060.53 Safari/537.36"
66.29.132.124 - - [27/Dec/2024:03:46:01 -0500] "POST /wp-admin/admin-ajax.php?action=async_litespeed&nonce=wdTvMUvjqL0xcEGd7Go2tWfa1WexdfbJ&litespeed_type=imgoptm HTTP/1.1" 200 21 "-" "WordPress/6.7.1; https://misswavenigeria.com"
66.29.132.124 - - [27/Dec/2024:03:47:32 -0500] "POST /wp-cron.php?doing_wp_cron=1735289252.6010220050811767578125 HTTP/1.1" 200 0 "-" "WordPress/6.7.1; https://misswavenigeria.com"
20.226.163.71 - - [27/Dec/2024:03:47:29 -0500] "POST /xmlrpc.php HTTP/1.1" 200 205 "-" "Mozilla/5.0 (Windows NT 10.0; Win64; x64) AppleWebKit/537.36 (KHTML, like Gecko) Chrome/126.0.0.0 Safari/537.36"
66.29.132.124 - - [27/Dec/2024:03:47:32 -0500] "POST /wp-admin/admin-ajax.php?action=async_litespeed&nonce=JiGxuwJjINWDS0Pe8RlUoSGt2oMzfzNe&litespeed_type=imgoptm HTTP/1.1" 200 21 "-" "WordPress/6.7.1; https://misswavenigeria.com"
66.29.132.124 - - [27/Dec/2024:03:47:47 -0500] "POST /wp-cron.php?doing_wp_cron=1735289267.0507249832153320312500 HTTP/1.1" 200 0 "-" "WordPress/6.7.1; https://misswavenigeria.com"
194.32.122.81 - - [27/Dec/2024:03:47:46 -0500] "GET / HTTP/1.0" 200 109055 "https://misswavenigeria.com/" "Mozilla/5.0 (Windows NT 6.3; Win64; x64) AppleWebKit/537.36 (KHTML, like Gecko) Chrome/103.0.5060.114 Safari/537.36"
66.29.132.124 - - [27/Dec/2024:03:47:47 -0500] "POST /wp-admin/admin-ajax.php?action=async_litespeed&nonce=O9bZiY50kvqjhnduXwMJDzVKrwvBFcyd&litespeed_type=imgoptm HTTP/1.1" 200 21 "-" "WordPress/6.7.1; https://misswavenigeria.com"
194.32.122.81 - - [27/Dec/2024:03:47:49 -0500] "GET /register/ HTTP/1.0" 200 75922 "https://misswavenigeria.com/register/" "Mozilla/5.0 (Windows NT 6.3; Win64; x64) AppleWebKit/537.36 (KHTML, like Gecko) Chrome/103.0.5060.114 Safari/537.36"
51.81.93.202 - - [27/Dec/2024:03:48:02 -0500] "POST /xmlrpc.php HTTP/1.1" 200 205 "-" "Mozilla/5.0 (Windows NT 10.0; Win64; x64) AppleWebKit/537.36 (KHTML, like Gecko) Chrome/126.0.0.0 Safari/537.36"
5.9.60.142 - - [27/Dec/2024:03:48:16 -0500] "POST /xmlrpc.php HTTP/1.1" 200 205 "-" "Mozilla/5.0 (Windows NT 10.0; Win64; x64) AppleWebKit/537.36 (KHTML, like Gecko) Chrome/126.0.0.0 Safari/537.36"
141.95.243.200 - - [27/Dec/2024:03:48:21 -0500] "POST /xmlrpc.php HTTP/1.1" 200 205 "-" "Mozilla/5.0 (Windows NT 10.0; Win64; x64) AppleWebKit/537.36 (KHTML, like Gecko) Chrome/126.0.0.0 Safari/537.36"
103.155.225.255 - - [27/Dec/2024:03:48:23 -0500] "POST /xmlrpc.php HTTP/1.1" 200 205 "-" "Mozilla/5.0 (Windows NT 10.0; Win64; x64) AppleWebKit/537.36 (KHTML, like Gecko) Chrome/126.0.0.0 Safari/537.36"
194.32.122.81 - - [27/Dec/2024:03:47:51 -0500] "POST /register/ HTTP/1.0" 200 76048 "https://misswavenigeria.com/register/" "Mozilla/5.0 (Windows NT 6.3; Win64; x64) AppleWebKit/537.36 (KHTML, like Gecko) Chrome/103.0.5060.114 Safari/537.36"
66.29.132.124 - - [27/Dec/2024:03:49:05 -0500] "POST /wp-cron.php?doing_wp_cron=1735289345.8679070472717285156250 HTTP/1.1" 200 0 "-" "WordPress/6.7.1; https://misswavenigeria.com"
194.32.122.81 - - [27/Dec/2024:03:49:05 -0500] "GET /register/ HTTP/1.0" 200 75922 "https://misswavenigeria.com/" "Mozilla/5.0 (Windows NT 6.3; Win64; x64) AppleWebKit/537.36 (KHTML, like Gecko) Chrome/103.0.5060.114 Safari/537.36"
66.29.132.124 - - [27/Dec/2024:03:49:06 -0500] "POST /wp-admin/admin-ajax.php?action=async_litespeed&nonce=wPRPugEOldW3reArwdKyyiFe2id8WwSv&litespeed_type=imgoptm HTTP/1.1" 200 21 "-" "WordPress/6.7.1; https://misswavenigeria.com"
49.206.232.123 - - [27/Dec/2024:03:49:16 -0500] "POST /xmlrpc.php HTTP/1.1" 200 205 "-" "Mozilla/5.0 (Windows NT 10.0; Win64; x64) AppleWebKit/537.36 (KHTML, like Gecko) Chrome/126.0.0.0 Safari/537.36"
82.165.197.17 - - [27/Dec/2024:03:49:21 -0500] "POST /xmlrpc.php HTTP/1.1" 200 205 "-" "Mozilla/5.0 (Windows NT 10.0; Win64; x64) AppleWebKit/537.36 (KHTML, like Gecko) Chrome/126.0.0.0 Safari/537.36"
66.29.132.124 - - [27/Dec/2024:03:49:51 -0500] "POST /wp-cron.php?doing_wp_cron=1735289391.6361029148101806640625 HTTP/1.1" 200 0 "-" "WordPress/6.7.1; https://misswavenigeria.com"
203.161.46.116 - - [27/Dec/2024:03:49:51 -0500] "POST /xmlrpc.php HTTP/1.1" 200 205 "-" "Mozilla/5.0 (Windows NT 10.0; Win64; x64) AppleWebKit/537.36 (KHTML, like Gecko) Chrome/126.0.0.0 Safari/537.36"
66.29.132.124 - - [27/Dec/2024:03:49:51 -0500] "POST /wp-admin/admin-ajax.php?action=async_litespeed&nonce=jhPSQXl4Faax9sIjstgdyMZwgDrY93OZ&litespeed_type=imgoptm HTTP/1.1" 200 21 "-" "WordPress/6.7.1; https://misswavenigeria.com"
66.29.132.124 - - [27/Dec/2024:03:51:02 -0500] "POST /wp-cron.php?doing_wp_cron=1735289462.0363409519195556640625 HTTP/1.1" 200 0 "-" "WordPress/6.7.1; https://misswavenigeria.com"
194.32.122.81 - - [27/Dec/2024:03:51:01 -0500] "GET / HTTP/1.0" 200 109053 "https://misswavenigeria.com/" "Mozilla/5.0 (Windows NT 10.0; WOW64) AppleWebKit/537.36 (KHTML, like Gecko) Chrome/103.0.5060.114 Safari/537.36"
66.29.132.124 - - [27/Dec/2024:03:51:02 -0500] "POST /wp-admin/admin-ajax.php?action=async_litespeed&nonce=VKT7Y0weoSEspMYR0YYIDBskiXzUH6Mq&litespeed_type=imgoptm HTTP/1.1" 200 21 "-" "WordPress/6.7.1; https://misswavenigeria.com"
194.32.122.81 - - [27/Dec/2024:03:51:04 -0500] "GET /register/ HTTP/1.0" 200 75922 "https://misswavenigeria.com/register/" "Mozilla/5.0 (Windows NT 10.0; WOW64) AppleWebKit/537.36 (KHTML, like Gecko) Chrome/103.0.5060.114 Safari/537.36"
66.29.132.124 - - [27/Dec/2024:03:51:39 -0500] "POST /wp-cron.php?doing_wp_cron=1735289499.3394670486450195312500 HTTP/1.1" 200 0 "-" "WordPress/6.7.1; https://misswavenigeria.com"
51.159.14.105 - - [27/Dec/2024:03:51:39 -0500] "POST /xmlrpc.php HTTP/1.1" 200 205 "-" "Mozilla/5.0 (Windows NT 10.0; Win64; x64) AppleWebKit/537.36 (KHTML, like Gecko) Chrome/126.0.0.0 Safari/537.36"
194.32.122.81 - - [27/Dec/2024:03:51:06 -0500] "POST /register/ HTTP/1.0" 200 76048 "https://misswavenigeria.com/register/" "Mozilla/5.0 (Windows NT 10.0; WOW64) AppleWebKit/537.36 (KHTML, like Gecko) Chrome/103.0.5060.114 Safari/537.36"
66.29.132.124 - - [27/Dec/2024:03:52:11 -0500] "POST /wp-cron.php?doing_wp_cron=1735289531.2999370098114013671875 HTTP/1.1" 200 0 "-" "WordPress/6.7.1; https://misswavenigeria.com"
194.32.122.81 - - [27/Dec/2024:03:52:11 -0500] "GET /register/ HTTP/1.0" 200 75922 "https://misswavenigeria.com/" "Mozilla/5.0 (Windows NT 10.0; WOW64) AppleWebKit/537.36 (KHTML, like Gecko) Chrome/103.0.5060.114 Safari/537.36"
66.29.132.124 - - [27/Dec/2024:03:52:11 -0500] "POST /wp-admin/admin-ajax.php?action=async_litespeed&nonce=iIlOfTVs63awWBWg9EFMfsW0aVZKi8hU&litespeed_type=imgoptm HTTP/1.1" 200 21 "-" "WordPress/6.7.1; https://misswavenigeria.com"
66.29.132.124 - - [27/Dec/2024:03:52:31 -0500] "POST /wp-cron.php?doing_wp_cron=1735289551.5227599143981933593750 HTTP/1.1" 200 0 "-" "WordPress/6.7.1; https://misswavenigeria.com"
52.209.173.237 - - [27/Dec/2024:03:52:31 -0500] "POST /xmlrpc.php HTTP/1.1" 200 205 "-" "Mozilla/5.0 (Windows NT 10.0; Win64; x64) AppleWebKit/537.36 (KHTML, like Gecko) Chrome/126.0.0.0 Safari/537.36"
66.29.132.124 - - [27/Dec/2024:03:53:03 -0500] "POST /wp-cron.php?doing_wp_cron=1735289583.5546970367431640625000 HTTP/1.1" 200 0 "-" "WordPress/6.7.1; https://misswavenigeria.com"
45.117.177.72 - - [27/Dec/2024:03:53:03 -0500] "POST /xmlrpc.php HTTP/1.1" 200 205 "-" "Mozilla/5.0 (Windows NT 10.0; Win64; x64) AppleWebKit/537.36 (KHTML, like Gecko) Chrome/126.0.0.0 Safari/537.36"
66.29.132.124 - - [27/Dec/2024:03:53:03 -0500] "POST /wp-admin/admin-ajax.php?action=async_litespeed&nonce=RzynxrsBBM5Gu0jNUWyA6CqVdVSpFsfY&litespeed_type=imgoptm HTTP/1.1" 200 21 "-" "WordPress/6.7.1; https://misswavenigeria.com"
66.29.132.124 - - [27/Dec/2024:03:53:30 -0500] "POST /wp-cron.php?doing_wp_cron=1735289610.2629270553588867187500 HTTP/1.1" 200 0 "-" "WordPress/6.7.1; https://misswavenigeria.com"
52.209.173.237 - - [27/Dec/2024:03:53:30 -0500] "POST /xmlrpc.php HTTP/1.1" 200 205 "-" "Mozilla/5.0 (Windows NT 10.0; Win64; x64) AppleWebKit/537.36 (KHTML, like Gecko) Chrome/126.0.0.0 Safari/537.36"
109.228.57.230 - - [27/Dec/2024:03:53:36 -0500] "POST /xmlrpc.php HTTP/1.1" 200 205 "-" "Mozilla/5.0 (Windows NT 10.0; Win64; x64) AppleWebKit/537.36 (KHTML, like Gecko) Chrome/126.0.0.0 Safari/537.36"
66.29.132.124 - - [27/Dec/2024:03:54:19 -0500] "POST /wp-cron.php?doing_wp_cron=1735289659.1117639541625976562500 HTTP/1.1" 200 0 "-" "WordPress/6.7.1; https://misswavenigeria.com"
194.32.122.81 - - [27/Dec/2024:03:54:18 -0500] "GET / HTTP/1.0" 200 109055 "https://misswavenigeria.com/" "Mozilla/5.0 (Windows NT 6.3; Win64; x64) AppleWebKit/537.36 (KHTML, like Gecko) Chrome/103.0.5060.114 Safari/537.36"
66.29.132.124 - - [27/Dec/2024:03:54:19 -0500] "POST /wp-admin/admin-ajax.php?action=async_litespeed&nonce=kXGiWxDpCy6TL7qON919WhMmT54P5pfA&litespeed_type=imgoptm HTTP/1.1" 200 21 "-" "WordPress/6.7.1; https://misswavenigeria.com"
194.32.122.81 - - [27/Dec/2024:03:54:21 -0500] "GET /register/ HTTP/1.0" 200 75922 "https://misswavenigeria.com/register/" "Mozilla/5.0 (Windows NT 6.3; Win64; x64) AppleWebKit/537.36 (KHTML, like Gecko) Chrome/103.0.5060.114 Safari/537.36"
66.29.132.124 - - [27/Dec/2024:03:54:55 -0500] "POST /wp-cron.php?doing_wp_cron=1735289695.0549480915069580078125 HTTP/1.1" 200 0 "-" "WordPress/6.7.1; https://misswavenigeria.com"
146.190.74.14 - - [27/Dec/2024:03:54:54 -0500] "POST /xmlrpc.php HTTP/1.1" 200 205 "-" "Mozilla/5.0 (Windows NT 10.0; Win64; x64) AppleWebKit/537.36 (KHTML, like Gecko) Chrome/126.0.0.0 Safari/537.36"
66.29.132.124 - - [27/Dec/2024:03:54:55 -0500] "POST /wp-admin/admin-ajax.php?action=async_litespeed&nonce=8bRNRv5I5d6NUrLxisGqbvyZRGBg1l0x&litespeed_type=imgoptm HTTP/1.1" 200 21 "-" "WordPress/6.7.1; https://misswavenigeria.com"
194.32.122.81 - - [27/Dec/2024:03:54:23 -0500] "POST /register/ HTTP/1.0" 200 76048 "https://misswavenigeria.com/register/" "Mozilla/5.0 (Windows NT 6.3; Win64; x64) AppleWebKit/537.36 (KHTML, like Gecko) Chrome/103.0.5060.114 Safari/537.36"
66.29.132.124 - - [27/Dec/2024:03:55:49 -0500] "POST /wp-cron.php?doing_wp_cron=1735289749.4452619552612304687500 HTTP/1.1" 200 0 "-" "WordPress/6.7.1; https://misswavenigeria.com"
194.32.122.81 - - [27/Dec/2024:03:55:49 -0500] "GET /register/ HTTP/1.0" 200 75922 "https://misswavenigeria.com/" "Mozilla/5.0 (Windows NT 6.3; Win64; x64) AppleWebKit/537.36 (KHTML, like Gecko) Chrome/103.0.5060.114 Safari/537.36"
66.29.132.124 - - [27/Dec/2024:03:55:49 -0500] "POST /wp-admin/admin-ajax.php?action=async_litespeed&nonce=mPsMnASQmW3Nx1GlAZOC8CtHBNT7rPFr&litespeed_type=imgoptm HTTP/1.1" 200 21 "-" "WordPress/6.7.1; https://misswavenigeria.com"
203.161.46.116 - - [27/Dec/2024:03:56:19 -0500] "POST /xmlrpc.php HTTP/1.1" 200 205 "-" "Mozilla/5.0 (Windows NT 10.0; Win64; x64) AppleWebKit/537.36 (KHTML, like Gecko) Chrome/126.0.0.0 Safari/537.36"
66.29.132.124 - - [27/Dec/2024:03:56:54 -0500] "POST /wp-cron.php?doing_wp_cron=1735289814.0920619964599609375000 HTTP/1.1" 200 0 "-" "WordPress/6.7.1; https://misswavenigeria.com"
208.109.235.146 - - [27/Dec/2024:03:56:53 -0500] "POST /xmlrpc.php HTTP/1.1" 200 205 "-" "Mozilla/5.0 (Windows NT 10.0; Win64; x64) AppleWebKit/537.36 (KHTML, like Gecko) Chrome/126.0.0.0 Safari/537.36"
66.29.132.124 - - [27/Dec/2024:03:56:54 -0500] "POST /wp-admin/admin-ajax.php?action=async_litespeed&nonce=KezMljHqbgS6n04lZi1CjTgvbzQ4V0kX&litespeed_type=imgoptm HTTP/1.1" 200 21 "-" "WordPress/6.7.1; https://misswavenigeria.com"
82.165.88.93 - - [27/Dec/2024:03:57:01 -0500] "POST /xmlrpc.php HTTP/1.1" 200 205 "-" "Mozilla/5.0 (Windows NT 10.0; Win64; x64) AppleWebKit/537.36 (KHTML, like Gecko) Chrome/126.0.0.0 Safari/537.36"
66.29.132.124 - - [27/Dec/2024:03:57:25 -0500] "POST /wp-cron.php?doing_wp_cron=1735289845.8718280792236328125000 HTTP/1.1" 200 0 "-" "WordPress/6.7.1; https://misswavenigeria.com"
20.88.208.230 - - [27/Dec/2024:03:57:25 -0500] "POST /xmlrpc.php HTTP/1.1" 200 205 "-" "Mozilla/5.0 (Windows NT 10.0; Win64; x64) AppleWebKit/537.36 (KHTML, like Gecko) Chrome/126.0.0.0 Safari/537.36"
66.29.132.124 - - [27/Dec/2024:03:57:40 -0500] "POST /wp-cron.php?doing_wp_cron=1735289860.1916429996490478515625 HTTP/1.1" 200 0 "-" "WordPress/6.7.1; https://misswavenigeria.com"
194.32.122.81 - - [27/Dec/2024:03:57:40 -0500] "GET / HTTP/1.0" 200 109055 "https://misswavenigeria.com/" "Mozilla/5.0 (Windows NT 6.1) AppleWebKit/537.36 (KHTML, like Gecko) Chrome/103.0.5060.114 Safari/537.36"
66.29.132.124 - - [27/Dec/2024:03:57:40 -0500] "POST /wp-admin/admin-ajax.php?action=async_litespeed&nonce=sNjyaDQbT5nO5LJzMUzYC2D4on5yutCy&litespeed_type=imgoptm HTTP/1.1" 200 21 "-" "WordPress/6.7.1; https://misswavenigeria.com"
194.32.122.81 - - [27/Dec/2024:03:57:42 -0500] "GET /register/ HTTP/1.0" 200 75922 "https://misswavenigeria.com/register/" "Mozilla/5.0 (Windows NT 6.1) AppleWebKit/537.36 (KHTML, like Gecko) Chrome/103.0.5060.114 Safari/537.36"
43.224.124.253 - - [27/Dec/2024:03:58:04 -0500] "POST /xmlrpc.php HTTP/1.1" 200 205 "-" "Mozilla/5.0 (Windows NT 10.0; Win64; x64) AppleWebKit/537.36 (KHTML, like Gecko) Chrome/126.0.0.0 Safari/537.36"
194.32.122.81 - - [27/Dec/2024:03:57:44 -0500] "POST /register/ HTTP/1.0" 200 76048 "https://misswavenigeria.com/register/" "Mozilla/5.0 (Windows NT 6.1) AppleWebKit/537.36 (KHTML, like Gecko) Chrome/103.0.5060.114 Safari/537.36"
66.29.132.124 - - [27/Dec/2024:03:59:02 -0500] "POST /wp-cron.php?doing_wp_cron=1735289942.4318330287933349609375 HTTP/1.1" 200 0 "-" "WordPress/6.7.1; https://misswavenigeria.com"
194.32.122.81 - - [27/Dec/2024:03:59:02 -0500] "GET /register/ HTTP/1.0" 200 75922 "https://misswavenigeria.com/" "Mozilla/5.0 (Windows NT 6.1) AppleWebKit/537.36 (KHTML, like Gecko) Chrome/103.0.5060.114 Safari/537.36"
66.29.132.124 - - [27/Dec/2024:03:59:02 -0500] "POST /wp-admin/admin-ajax.php?action=async_litespeed&nonce=QJicDosDDZmltKx1EBUYHjTHOdMV8UOY&litespeed_type=imgoptm HTTP/1.1" 200 21 "-" "WordPress/6.7.1; https://misswavenigeria.com"
66.29.132.124 - - [27/Dec/2024:03:59:56 -0500] "POST /wp-cron.php?doing_wp_cron=1735289996.4365849494934082031250 HTTP/1.1" 200 0 "-" "WordPress/6.7.1; https://misswavenigeria.com"
65.21.248.233 - - [27/Dec/2024:03:59:56 -0500] "POST /xmlrpc.php HTTP/1.1" 200 205 "-" "Mozilla/5.0 (Windows NT 10.0; Win64; x64) AppleWebKit/537.36 (KHTML, like Gecko) Chrome/126.0.0.0 Safari/537.36"
66.29.132.124 - - [27/Dec/2024:03:59:56 -0500] "POST /wp-admin/admin-ajax.php?action=async_litespeed&nonce=CybHr24DvMcma4Tn1iQdXTK2DI6YL25L&litespeed_type=imgoptm HTTP/1.1" 200 21 "-" "WordPress/6.7.1; https://misswavenigeria.com"
66.29.132.124 - - [27/Dec/2024:04:00:59 -0500] "POST /wp-cron.php?doing_wp_cron=1735290059.3237910270690917968750 HTTP/1.1" 200 0 "-" "WordPress/6.7.1; https://misswavenigeria.com"
194.32.122.81 - - [27/Dec/2024:04:00:59 -0500] "GET / HTTP/1.0" 200 109053 "https://misswavenigeria.com/" "Mozilla/5.0 (Windows NT 10.0; WOW64) AppleWebKit/537.36 (KHTML, like Gecko) Chrome/103.0.5060.114 Safari/537.36"
66.29.132.124 - - [27/Dec/2024:04:00:59 -0500] "POST /wp-admin/admin-ajax.php?action=async_litespeed&nonce=RqK3yseqvGTEig4Um9ugGbwbokCNDprP&litespeed_type=imgoptm HTTP/1.1" 200 21 "-" "WordPress/6.7.1; https://misswavenigeria.com"
194.32.122.81 - - [27/Dec/2024:04:01:01 -0500] "GET /register/ HTTP/1.0" 200 75922 "https://misswavenigeria.com/register/" "Mozilla/5.0 (Windows NT 10.0; WOW64) AppleWebKit/537.36 (KHTML, like Gecko) Chrome/103.0.5060.114 Safari/537.36"
92.205.167.232 - - [27/Dec/2024:04:01:12 -0500] "POST /xmlrpc.php HTTP/1.1" 200 205 "-" "Mozilla/5.0 (Windows NT 10.0; Win64; x64) AppleWebKit/537.36 (KHTML, like Gecko) Chrome/126.0.0.0 Safari/537.36"
66.29.132.124 - - [27/Dec/2024:04:01:30 -0500] "POST /wp-cron.php?doing_wp_cron=1735290090.7709228992462158203125 HTTP/1.1" 200 0 "-" "WordPress/6.7.1; https://misswavenigeria.com"
178.128.184.226 - - [27/Dec/2024:04:01:30 -0500] "POST /xmlrpc.php HTTP/1.1" 200 205 "-" "Mozilla/5.0 (Windows NT 10.0; Win64; x64) AppleWebKit/537.36 (KHTML, like Gecko) Chrome/126.0.0.0 Safari/537.36"
66.29.132.124 - - [27/Dec/2024:04:01:41 -0500] "POST /wp-cron.php?doing_wp_cron=1735290101.3478379249572753906250 HTTP/1.1" 200 0 "-" "WordPress/6.7.1; https://misswavenigeria.com"
64.227.180.230 - - [27/Dec/2024:04:01:41 -0500] "POST /xmlrpc.php HTTP/1.1" 200 205 "-" "Mozilla/5.0 (Windows NT 10.0; Win64; x64) AppleWebKit/537.36 (KHTML, like Gecko) Chrome/126.0.0.0 Safari/537.36"
66.29.132.124 - - [27/Dec/2024:04:01:41 -0500] "POST /wp-admin/admin-ajax.php?action=async_litespeed&nonce=pSMXYnAT5mJsxbpSbS2IwTBKh0qQdQIa&litespeed_type=imgoptm HTTP/1.1" 200 21 "-" "WordPress/6.7.1; https://misswavenigeria.com"
66.29.132.124 - - [27/Dec/2024:04:02:26 -0500] "POST /wp-cron.php?doing_wp_cron=1735290146.4803760051727294921875 HTTP/1.1" 200 0 "-" "WordPress/6.7.1; https://misswavenigeria.com"
125.212.249.130 - - [27/Dec/2024:04:02:26 -0500] "POST /xmlrpc.php HTTP/1.1" 200 205 "-" "Mozilla/5.0 (Windows NT 10.0; Win64; x64) AppleWebKit/537.36 (KHTML, like Gecko) Chrome/126.0.0.0 Safari/537.36"
194.32.122.81 - - [27/Dec/2024:04:01:03 -0500] "POST /register/ HTTP/1.0" 200 76048 "https://misswavenigeria.com/register/" "Mozilla/5.0 (Windows NT 10.0; WOW64) AppleWebKit/537.36 (KHTML, like Gecko) Chrome/103.0.5060.114 Safari/537.36"
194.32.122.81 - - [27/Dec/2024:04:02:31 -0500] "GET /register/ HTTP/1.0" 200 75922 "https://misswavenigeria.com/" "Mozilla/5.0 (Windows NT 10.0; WOW64) AppleWebKit/537.36 (KHTML, like Gecko) Chrome/103.0.5060.114 Safari/537.36"
66.29.132.124 - - [27/Dec/2024:04:02:43 -0500] "POST /wp-cron.php?doing_wp_cron=1735290163.3125278949737548828125 HTTP/1.1" 200 0 "-" "WordPress/6.7.1; https://misswavenigeria.com"
3.34.1.72 - - [27/Dec/2024:04:02:43 -0500] "GET /robots.txt HTTP/1.1" 200 115 "-" "CheckMarkNetwork/1.0 (+http://www.checkmarknetwork.com/spider.html)"
66.29.132.124 - - [27/Dec/2024:04:02:43 -0500] "POST /wp-admin/admin-ajax.php?action=async_litespeed&nonce=VfUAN8RaUfMnPf4B8NF3cLx9MQz5PyLk&litespeed_type=imgoptm HTTP/1.1" 200 21 "-" "WordPress/6.7.1; https://misswavenigeria.com"
3.34.1.72 - - [27/Dec/2024:04:02:43 -0500] "HEAD / HTTP/1.1" 200 0 "-" "CheckMarkNetwork/1.0 (+http://www.checkmarknetwork.com/spider.html)"
3.34.1.72 - - [27/Dec/2024:04:03:01 -0500] "GET /robots.txt HTTP/1.1" 200 115 "-" "CheckMarkNetwork/1.0 (+http://www.checkmarknetwork.com/spider.html)"
3.34.1.72 - - [27/Dec/2024:04:03:07 -0500] "GET / HTTP/1.1" 200 24481 "-" "CheckMarkNetwork/1.0 (+http://www.checkmarknetwork.com/spider.html)"
3.34.1.72 - - [27/Dec/2024:04:03:08 -0500] "GET /wp-includes/js/jquery/jquery.min.js?ver=3.7.1 HTTP/1.1" 200 35438 "https://misswavenigeria.com/" "CheckMarkNetwork/1.0 (+http://www.checkmarknetwork.com/spider.html)"
3.34.1.72 - - [27/Dec/2024:04:03:09 -0500] "GET /wp-includes/js/jquery/jquery-migrate.min.js?ver=3.4.1 HTTP/1.1" 200 5342 "https://misswavenigeria.com/" "CheckMarkNetwork/1.0 (+http://www.checkmarknetwork.com/spider.html)"
3.34.1.72 - - [27/Dec/2024:04:03:09 -0500] "GET /wp-content/plugins/cf7-paystack-add-on/assets/js/redirect.js HTTP/1.1" 200 499 "https://misswavenigeria.com/" "CheckMarkNetwork/1.0 (+http://www.checkmarknetwork.com/spider.html)"
3.34.1.72 - - [27/Dec/2024:04:03:09 -0500] "GET /wp-content/themes/ombre/js/fakeloader.js?ver=1.0.0 HTTP/1.1" 200 718 "https://misswavenigeria.com/" "CheckMarkNetwork/1.0 (+http://www.checkmarknetwork.com/spider.html)"
3.34.1.72 - - [27/Dec/2024:04:03:10 -0500] "GET /wp-includes/js/dist/hooks.min.js?ver=4d63a3d491d11ffd8ac6 HTTP/1.1" 200 1758 "https://misswavenigeria.com/" "CheckMarkNetwork/1.0 (+http://www.checkmarknetwork.com/spider.html)"
3.34.1.72 - - [27/Dec/2024:04:03:10 -0500] "GET /wp-includes/js/dist/i18n.min.js?ver=5e580eb46a90c2b997e6 HTTP/1.1" 200 3910 "https://misswavenigeria.com/" "CheckMarkNetwork/1.0 (+http://www.checkmarknetwork.com/spider.html)"
3.34.1.72 - - [27/Dec/2024:04:03:11 -0500] "GET /wp-content/plugins/contact-form-7/includes/swv/js/index.js?ver=6.0.2 HTTP/1.1" 200 3878 "https://misswavenigeria.com/" "CheckMarkNetwork/1.0 (+http://www.checkmarknetwork.com/spider.html)"
3.34.1.72 - - [27/Dec/2024:04:03:11 -0500] "GET /wp-content/plugins/contact-form-7/includes/js/index.js?ver=6.0.2 HTTP/1.1" 200 4788 "https://misswavenigeria.com/" "CheckMarkNetwork/1.0 (+http://www.checkmarknetwork.com/spider.html)"
3.34.1.72 - - [27/Dec/2024:04:03:11 -0500] "GET /wp-content/plugins/so-widgets-bundle/js/sow.jquery.fittext.min.js?ver=1.2 HTTP/1.1" 200 599 "https://misswavenigeria.com/" "CheckMarkNetwork/1.0 (+http://www.checkmarknetwork.com/spider.html)"
3.34.1.72 - - [27/Dec/2024:04:03:12 -0500] "GET /wp-content/plugins/so-widgets-bundle/js/lib/imagesloaded.pkgd.min.js?ver=3.2.0 HTTP/1.1" 200 2945 "https://misswavenigeria.com/" "CheckMarkNetwork/1.0 (+http://www.checkmarknetwork.com/spider.html)"
3.34.1.72 - - [27/Dec/2024:04:03:12 -0500] "GET /wp-content/plugins/so-widgets-bundle/widgets/image-grid/js/image-grid.min.js?ver=1.64.2 HTTP/1.1" 200 414 "https://misswavenigeria.com/" "CheckMarkNetwork/1.0 (+http://www.checkmarknetwork.com/spider.html)"
3.34.1.72 - - [27/Dec/2024:04:03:12 -0500] "GET /wp-content/themes/ombre/js/backstretch.min.js?ver=2.0.4 HTTP/1.1" 200 1930 "https://misswavenigeria.com/" "CheckMarkNetwork/1.0 (+http://www.checkmarknetwork.com/spider.html)"
3.34.1.72 - - [27/Dec/2024:04:03:12 -0500] "GET /wp-content/themes/ombre/js/salvattore.min.js?ver=1.0.9 HTTP/1.1" 200 2993 "https://misswavenigeria.com/" "CheckMarkNetwork/1.0 (+http://www.checkmarknetwork.com/spider.html)"
3.34.1.72 - - [27/Dec/2024:04:03:14 -0500] "GET /wp-content/themes/ombre/js/tooltipster.js?ver=3.3.0 HTTP/1.1" 200 5609 "https://misswavenigeria.com/" "CheckMarkNetwork/1.0 (+http://www.checkmarknetwork.com/spider.html)"
3.34.1.72 - - [27/Dec/2024:04:03:14 -0500] "GET /wp-content/themes/ombre/js/custom.js?ver=3.0 HTTP/1.1" 200 1454 "https://misswavenigeria.com/" "CheckMarkNetwork/1.0 (+http://www.checkmarknetwork.com/spider.html)"
3.34.1.72 - - [27/Dec/2024:04:03:14 -0500] "GET /wp-content/plugins/event-tickets/src/resources/js/ticket-details.min.js?ver=5.18.0 HTTP/1.1" 200 656 "https://misswavenigeria.com/" "CheckMarkNetwork/1.0 (+http://www.checkmarknetwork.com/spider.html)"
3.34.1.72 - - [27/Dec/2024:04:03:14 -0500] "GET /wp-content/plugins/event-tickets/src/resources/js/rsvp.min.js?ver=5.18.0 HTTP/1.1" 200 1062 "https://misswavenigeria.com/" "CheckMarkNetwork/1.0 (+http://www.checkmarknetwork.com/spider.html)"
3.34.1.72 - - [27/Dec/2024:04:03:15 -0500] "GET /wp-includes/js/jquery/ui/core.min.js?ver=1.13.3 HTTP/1.1" 200 7942 "https://misswavenigeria.com/" "CheckMarkNetwork/1.0 (+http://www.checkmarknetwork.com/spider.html)"
3.34.1.72 - - [27/Dec/2024:04:03:15 -0500] "GET /wp-includes/js/jquery/ui/mouse.min.js?ver=1.13.3 HTTP/1.1" 200 1214 "https://misswavenigeria.com/" "CheckMarkNetwork/1.0 (+http://www.checkmarknetwork.com/spider.html)"
3.34.1.72 - - [27/Dec/2024:04:03:15 -0500] "GET /wp-includes/js/jquery/ui/draggable.min.js?ver=1.13.3 HTTP/1.1" 200 5688 "https://misswavenigeria.com/" "CheckMarkNetwork/1.0 (+http://www.checkmarknetwork.com/spider.html)"
3.34.1.72 - - [27/Dec/2024:04:03:15 -0500] "GET /wp-includes/js/jquery/ui/droppable.min.js?ver=1.13.3 HTTP/1.1" 200 2280 "https://misswavenigeria.com/" "CheckMarkNetwork/1.0 (+http://www.checkmarknetwork.com/spider.html)"
3.34.1.72 - - [27/Dec/2024:04:03:15 -0500] "GET /wp-includes/js/jquery/ui/effect.min.js?ver=1.13.3 HTTP/1.1" 200 4247 "https://misswavenigeria.com/" "CheckMarkNetwork/1.0 (+http://www.checkmarknetwork.com/spider.html)"
3.34.1.72 - - [27/Dec/2024:04:03:16 -0500] "GET /wp-content/plugins/ombre-features/js/nerveslider.js?ver=1.0.0 HTTP/1.1" 200 6784 "https://misswavenigeria.com/" "CheckMarkNetwork/1.0 (+http://www.checkmarknetwork.com/spider.html)"
3.34.1.72 - - [27/Dec/2024:04:03:16 -0500] "GET /wp-content/plugins/ombre-features/js/owl.js?ver=1.0.0 HTTP/1.1" 200 13673 "https://misswavenigeria.com/" "CheckMarkNetwork/1.0 (+http://www.checkmarknetwork.com/spider.html)"
3.34.1.72 - - [27/Dec/2024:04:03:16 -0500] "GET /wp-content/plugins/ombre-features/js/tabs.js?ver=1.0.0 HTTP/1.1" 200 1194 "https://misswavenigeria.com/" "CheckMarkNetwork/1.0 (+http://www.checkmarknetwork.com/spider.html)"
3.34.1.72 - - [27/Dec/2024:04:03:16 -0500] "GET /wp-content/plugins/ombre-features/js/lightgallery.js?ver=1.0.0 HTTP/1.1" 200 19666 "https://misswavenigeria.com/" "CheckMarkNetwork/1.0 (+http://www.checkmarknetwork.com/spider.html)"
3.34.1.72 - - [27/Dec/2024:04:03:17 -0500] "GET /wp-content/plugins/ombre-features/js/accordion.js?ver=1.0.0 HTTP/1.1" 200 247 "https://misswavenigeria.com/" "CheckMarkNetwork/1.0 (+http://www.checkmarknetwork.com/spider.html)"
3.34.1.72 - - [27/Dec/2024:04:03:17 -0500] "GET /wp-content/plugins/ombre-features/js/colorbox.js?ver=1.0.0 HTTP/1.1" 200 5237 "https://misswavenigeria.com/" "CheckMarkNetwork/1.0 (+http://www.checkmarknetwork.com/spider.html)"
3.34.1.72 - - [27/Dec/2024:04:03:17 -0500] "GET /wp-content/plugins/siteorigin-panels/js/styling.min.js?ver=2.31.3 HTTP/1.1" 200 551 "https://misswavenigeria.com/" "CheckMarkNetwork/1.0 (+http://www.checkmarknetwork.com/spider.html)"
66.29.132.124 - - [27/Dec/2024:04:03:36 -0500] "POST /wp-cron.php?doing_wp_cron=1735290216.7933850288391113281250 HTTP/1.1" 200 0 "-" "WordPress/6.7.1; https://misswavenigeria.com"
185.199.223.76 - - [27/Dec/2024:04:03:36 -0500] "POST /xmlrpc.php HTTP/1.1" 200 205 "-" "Mozilla/5.0 (Windows NT 10.0; Win64; x64) AppleWebKit/537.36 (KHTML, like Gecko) Chrome/126.0.0.0 Safari/537.36"
