66.29.132.124 - - [27/Dec/2024:02:21:52 -0500] "POST /wp-admin/admin-ajax.php?action=async_litespeed&nonce=vqUweLqSpUevENsG8zhJwh9aFpaLUehi&litespeed_type=imgoptm HTTP/1.1" 200 21 "-" "WordPress/6.7.1; https://misswavenigeria.com"
194.32.122.81 - - [27/Dec/2024:02:21:54 -0500] "GET /register/ HTTP/1.0" 200 75922 "https://misswavenigeria.com/register/" "Mozilla/5.0 (Windows NT 10.0; Win64; x64) AppleWebKit/537.36 (KHTML, like Gecko) Chrome/103.0.0.0 Safari/537.36 OpenWave/97.4.2043.44"
194.32.122.81 - - [27/Dec/2024:02:21:56 -0500] "POST /register/ HTTP/1.0" 200 76048 "https://misswavenigeria.com/register/" "Mozilla/5.0 (Windows NT 10.0; Win64; x64) AppleWebKit/537.36 (KHTML, like Gecko) Chrome/103.0.0.0 Safari/537.36 OpenWave/97.4.2043.44"
66.29.132.124 - - [27/Dec/2024:02:23:33 -0500] "POST /wp-cron.php?doing_wp_cron=1735284213.5736799240112304687500 HTTP/1.1" 200 0 "-" "WordPress/6.7.1; https://misswavenigeria.com"
194.32.122.81 - - [27/Dec/2024:02:23:33 -0500] "GET /register/ HTTP/1.0" 200 75922 "https://misswavenigeria.com/" "Mozilla/5.0 (Windows NT 10.0; Win64; x64) AppleWebKit/537.36 (KHTML, like Gecko) Chrome/103.0.0.0 Safari/537.36 OpenWave/97.4.2043.44"
66.29.132.124 - - [27/Dec/2024:02:23:33 -0500] "POST /wp-admin/admin-ajax.php?action=async_litespeed&nonce=IMVM9CKLIwZx7OArk4hi4AooKYnUnTiy&litespeed_type=imgoptm HTTP/1.1" 200 21 "-" "WordPress/6.7.1; https://misswavenigeria.com"
66.29.132.124 - - [27/Dec/2024:02:25:07 -0500] "POST /wp-cron.php?doing_wp_cron=1735284307.1048951148986816406250 HTTP/1.1" 200 0 "-" "WordPress/6.7.1; https://misswavenigeria.com"
194.32.122.81 - - [27/Dec/2024:02:25:04 -0500] "GET / HTTP/1.0" 200 109053 "https://misswavenigeria.com/" "Mozilla/5.0 (Windows NT 6.1; Win64; x64) AppleWebKit/537.36 (KHTML, like Gecko) Chrome/103.0.5060.114 Safari/537.36"
66.29.132.124 - - [27/Dec/2024:02:25:07 -0500] "POST /wp-admin/admin-ajax.php?action=async_litespeed&nonce=oxRomnxbWkvtrkcI6lxxj9xurWZzl6Ny&litespeed_type=imgoptm HTTP/1.1" 200 21 "-" "WordPress/6.7.1; https://misswavenigeria.com"
194.32.122.81 - - [27/Dec/2024:02:25:09 -0500] "GET /register/ HTTP/1.0" 200 75922 "https://misswavenigeria.com/register/" "Mozilla/5.0 (Windows NT 6.1; Win64; x64) AppleWebKit/537.36 (KHTML, like Gecko) Chrome/103.0.5060.114 Safari/537.36"
194.32.122.81 - - [27/Dec/2024:02:25:11 -0500] "POST /register/ HTTP/1.0" 200 76048 "https://misswavenigeria.com/register/" "Mozilla/5.0 (Windows NT 6.1; Win64; x64) AppleWebKit/537.36 (KHTML, like Gecko) Chrome/103.0.5060.114 Safari/537.36"
66.29.132.124 - - [27/Dec/2024:02:26:51 -0500] "POST /wp-cron.php?doing_wp_cron=1735284411.9801158905029296875000 HTTP/1.1" 200 0 "-" "WordPress/6.7.1; https://misswavenigeria.com"
194.32.122.81 - - [27/Dec/2024:02:26:51 -0500] "GET /register/ HTTP/1.0" 200 75922 "https://misswavenigeria.com/" "Mozilla/5.0 (Windows NT 6.1; Win64; x64) AppleWebKit/537.36 (KHTML, like Gecko) Chrome/103.0.5060.114 Safari/537.36"
66.29.132.124 - - [27/Dec/2024:02:26:52 -0500] "POST /wp-admin/admin-ajax.php?action=async_litespeed&nonce=UnwmzLrqQo6ci1MBN31obm4U0554odmE&litespeed_type=imgoptm HTTP/1.1" 200 21 "-" "WordPress/6.7.1; https://misswavenigeria.com"
66.249.68.4 - - [27/Dec/2024:02:27:11 -0500] "GET /goods/340968.html HTTP/1.1" 404 15612 "-" "Mozilla/5.0 (Linux; Android 6.0.1; Nexus 5X Build/MMB29P) AppleWebKit/537.36 (KHTML, like Gecko) Chrome/131.0.6778.139 Mobile Safari/537.36 (compatible; Googlebot/2.1; +http://www.google.com/bot.html)"
66.29.132.124 - - [27/Dec/2024:02:27:58 -0500] "POST /wp-cron.php?doing_wp_cron=1735284478.7274239063262939453125 HTTP/1.1" 200 0 "-" "WordPress/6.7.1; https://misswavenigeria.com"
66.249.79.160 - - [27/Dec/2024:02:27:58 -0500] "GET /goods/F539531?k=product HTTP/1.1" 301 0 "-" "Mozilla/5.0 (Linux; Android 6.0.1; Nexus 5X Build/MMB29P) AppleWebKit/537.36 (KHTML, like Gecko) Chrome/131.0.6778.139 Mobile Safari/537.36 (compatible; Googlebot/2.1; +http://www.google.com/bot.html)"
66.29.132.124 - - [27/Dec/2024:02:27:59 -0500] "POST /wp-admin/admin-ajax.php?action=async_litespeed&nonce=fAuSb0eal8bccAfbLshYAvxccutOCLCH&litespeed_type=imgoptm HTTP/1.1" 200 21 "-" "WordPress/6.7.1; https://misswavenigeria.com"
194.32.122.81 - - [27/Dec/2024:02:28:18 -0500] "GET / HTTP/1.0" 200 109053 "https://misswavenigeria.com/" "Mozilla/5.0 (Windows NT 6.3) AppleWebKit/537.36 (KHTML, like Gecko) Chrome/103.0.0.0 Safari/537.36"
194.32.122.81 - - [27/Dec/2024:02:28:21 -0500] "GET /register/ HTTP/1.0" 200 75922 "https://misswavenigeria.com/register/" "Mozilla/5.0 (Windows NT 6.3) AppleWebKit/537.36 (KHTML, like Gecko) Chrome/103.0.0.0 Safari/537.36"
66.29.132.124 - - [27/Dec/2024:02:28:31 -0500] "POST /wp-cron.php?doing_wp_cron=1735284510.2397708892822265625000 HTTP/1.1" 200 0 "-" "WordPress/6.7.1; https://misswavenigeria.com"
66.249.79.102 - - [27/Dec/2024:02:28:26 -0500] "GET /goods/F539531?k=product HTTP/1.1" 404 15611 "-" "Mozilla/5.0 (Linux; Android 6.0.1; Nexus 5X Build/MMB29P) AppleWebKit/537.36 (KHTML, like Gecko) Chrome/131.0.6778.139 Mobile Safari/537.36 (compatible; Googlebot/2.1; +http://www.google.com/bot.html)"
194.32.122.81 - - [27/Dec/2024:02:28:23 -0500] "POST /register/ HTTP/1.0" 200 0 "https://misswavenigeria.com/register/" "Mozilla/5.0 (Windows NT 6.3) AppleWebKit/537.36 (KHTML, like Gecko) Chrome/103.0.0.0 Safari/537.36"
194.32.122.81 - - [27/Dec/2024:02:30:53 -0500] "GET /register/ HTTP/1.0" 200 75922 "https://misswavenigeria.com/" "Mozilla/5.0 (Windows NT 6.3) AppleWebKit/537.36 (KHTML, like Gecko) Chrome/103.0.0.0 Safari/537.36"
194.32.122.81 - - [27/Dec/2024:02:31:37 -0500] "GET / HTTP/1.0" 200 109053 "https://misswavenigeria.com/" "Mozilla/5.0 (Windows NT 6.3; Win64; x64) AppleWebKit/537.36 (KHTML, like Gecko) Chrome/103.0.5060.53 Safari/537.36"
194.32.122.81 - - [27/Dec/2024:02:31:39 -0500] "GET /register/ HTTP/1.0" 200 75922 "https://misswavenigeria.com/register/" "Mozilla/5.0 (Windows NT 6.3; Win64; x64) AppleWebKit/537.36 (KHTML, like Gecko) Chrome/103.0.5060.53 Safari/537.36"
66.29.132.124 - - [27/Dec/2024:02:31:42 -0500] "POST /wp-cron.php?doing_wp_cron=1735284702.1961429119110107421875 HTTP/1.1" 200 0 "-" "WordPress/6.7.1; https://misswavenigeria.com"
66.29.132.124 - - [27/Dec/2024:02:31:42 -0500] "POST /wp-admin/admin-ajax.php?action=async_litespeed&nonce=d1c2FZJrHRvyVjVDnNqoGX0ywvr0B34y&litespeed_type=imgoptm HTTP/1.1" 200 21 "-" "WordPress/6.7.1; https://misswavenigeria.com"
194.32.122.81 - - [27/Dec/2024:02:31:41 -0500] "POST /register/ HTTP/1.0" 200 0 "https://misswavenigeria.com/register/" "Mozilla/5.0 (Windows NT 6.3; Win64; x64) AppleWebKit/537.36 (KHTML, like Gecko) Chrome/103.0.5060.53 Safari/537.36"
194.32.122.81 - - [27/Dec/2024:02:34:12 -0500] "GET /register/ HTTP/1.0" 200 75922 "https://misswavenigeria.com/" "Mozilla/5.0 (Windows NT 6.3; Win64; x64) AppleWebKit/537.36 (KHTML, like Gecko) Chrome/103.0.5060.53 Safari/537.36"
194.32.122.81 - - [27/Dec/2024:02:34:53 -0500] "GET / HTTP/1.0" 200 109053 "https://misswavenigeria.com/" "Mozilla/5.0 (Windows NT 10.0; WOW64) AppleWebKit/537.36 (KHTML, like Gecko) Chrome/103.0.5060.114 Safari/537.36"
194.32.122.81 - - [27/Dec/2024:02:34:55 -0500] "GET /register/ HTTP/1.0" 200 75922 "https://misswavenigeria.com/register/" "Mozilla/5.0 (Windows NT 10.0; WOW64) AppleWebKit/537.36 (KHTML, like Gecko) Chrome/103.0.5060.114 Safari/537.36"
66.29.132.124 - - [27/Dec/2024:02:34:57 -0500] "POST /wp-cron.php?doing_wp_cron=1735284897.5274090766906738281250 HTTP/1.1" 200 0 "-" "WordPress/6.7.1; https://misswavenigeria.com"
66.29.132.124 - - [27/Dec/2024:02:34:57 -0500] "POST /wp-admin/admin-ajax.php?action=async_litespeed&nonce=0juWOROF2ZwgaL6PnWQI3FqvG06ImI8I&litespeed_type=imgoptm HTTP/1.1" 200 21 "-" "WordPress/6.7.1; https://misswavenigeria.com"
194.32.122.81 - - [27/Dec/2024:02:34:57 -0500] "POST /register/ HTTP/1.0" 200 76048 "https://misswavenigeria.com/register/" "Mozilla/5.0 (Windows NT 10.0; WOW64) AppleWebKit/537.36 (KHTML, like Gecko) Chrome/103.0.5060.114 Safari/537.36"
66.29.132.124 - - [27/Dec/2024:02:37:03 -0500] "POST /wp-cron.php?doing_wp_cron=1735285023.8876590728759765625000 HTTP/1.1" 200 0 "-" "WordPress/6.7.1; https://misswavenigeria.com"
194.32.122.81 - - [27/Dec/2024:02:37:03 -0500] "GET /register/ HTTP/1.0" 200 75922 "https://misswavenigeria.com/" "Mozilla/5.0 (Windows NT 10.0; WOW64) AppleWebKit/537.36 (KHTML, like Gecko) Chrome/103.0.5060.114 Safari/537.36"
66.29.132.124 - - [27/Dec/2024:02:37:04 -0500] "POST /wp-admin/admin-ajax.php?action=async_litespeed&nonce=9kTzOH9SAkL0LezshTX6trvnbPNOyKuf&litespeed_type=imgoptm HTTP/1.1" 200 21 "-" "WordPress/6.7.1; https://misswavenigeria.com"
66.249.79.206 - - [27/Dec/2024:02:37:20 -0500] "GET /?product=cotton7263661-65 HTTP/1.1" 200 20845 "-" "Mozilla/5.0 (Linux; Android 6.0.1; Nexus 5X Build/MMB29P) AppleWebKit/537.36 (KHTML, like Gecko) Chrome/131.0.6778.139 Mobile Safari/537.36 (compatible; Googlebot/2.1; +http://www.google.com/bot.html)"
66.249.79.103 - - [27/Dec/2024:02:37:22 -0500] "GET /wp-content/plugins/event-tickets/common/src/resources/css/common-skeleton.min.css?ver=6.4.1 HTTP/1.1" 200 2230 "https://misswavenigeria.com/?product=cotton7263661-65" "Mozilla/5.0 (Linux; Android 6.0.1; Nexus 5X Build/MMB29P) AppleWebKit/537.36 (KHTML, like Gecko) Chrome/131.0.6778.139 Mobile Safari/537.36 (compatible; Googlebot/2.1; +http://www.google.com/bot.html)"
66.249.68.67 - - [27/Dec/2024:02:37:22 -0500] "GET /wp-includes/js/jquery/jquery.min.js?ver=3.7.1 HTTP/1.1" 200 29744 "https://misswavenigeria.com/?product=cotton7263661-65" "Mozilla/5.0 (Linux; Android 6.0.1; Nexus 5X Build/MMB29P) AppleWebKit/537.36 (KHTML, like Gecko) Chrome/131.0.6778.139 Mobile Safari/537.36 (compatible; Googlebot/2.1; +http://www.google.com/bot.html)"
66.249.68.66 - - [27/Dec/2024:02:37:22 -0500] "GET /wp-content/plugins/event-tickets/common/src/resources/css/common-full.min.css?ver=6.4.1 HTTP/1.1" 200 3924 "https://misswavenigeria.com/?product=cotton7263661-65" "Mozilla/5.0 (Linux; Android 6.0.1; Nexus 5X Build/MMB29P) AppleWebKit/537.36 (KHTML, like Gecko) Chrome/131.0.6778.139 Mobile Safari/537.36 (compatible; Googlebot/2.1; +http://www.google.com/bot.html)"
66.249.68.36 - - [27/Dec/2024:02:37:23 -0500] "GET /wp-content/plugins/event-tickets/src/resources/css/tickets.min.css?ver=5.18.0 HTTP/1.1" 200 3758 "https://misswavenigeria.com/?product=cotton7263661-65" "Mozilla/5.0 (Linux; Android 6.0.1; Nexus 5X Build/MMB29P) AppleWebKit/537.36 (KHTML, like Gecko) Chrome/131.0.6778.139 Mobile Safari/537.36 (compatible; Googlebot/2.1; +http://www.google.com/bot.html)"
66.249.68.66 - - [27/Dec/2024:02:37:23 -0500] "GET /wp-content/plugins/event-tickets/common/src/resources/css/variables-skeleton.min.css?ver=6.4.1 HTTP/1.1" 200 903 "https://misswavenigeria.com/?product=cotton7263661-65" "Mozilla/5.0 (Linux; Android 6.0.1; Nexus 5X Build/MMB29P) AppleWebKit/537.36 (KHTML, like Gecko) Chrome/131.0.6778.139 Mobile Safari/537.36 (compatible; Googlebot/2.1; +http://www.google.com/bot.html)"
66.249.68.66 - - [27/Dec/2024:02:37:23 -0500] "GET /wp-content/plugins/event-tickets/src/resources/css/rsvp-v1.min.css?ver=5.18.0 HTTP/1.1" 200 3076 "https://misswavenigeria.com/?product=cotton7263661-65" "Mozilla/5.0 (Linux; Android 6.0.1; Nexus 5X Build/MMB29P) AppleWebKit/537.36 (KHTML, like Gecko) Chrome/131.0.6778.139 Mobile Safari/537.36 (compatible; Googlebot/2.1; +http://www.google.com/bot.html)"
66.249.68.68 - - [27/Dec/2024:02:37:23 -0500] "GET /wp-content/plugins/event-tickets/src/resources/css/rsvp.min.css?ver=5.18.0 HTTP/1.1" 200 3290 "https://misswavenigeria.com/?product=cotton7263661-65" "Mozilla/5.0 (Linux; Android 6.0.1; Nexus 5X Build/MMB29P) AppleWebKit/537.36 (KHTML, like Gecko) Chrome/131.0.6778.139 Mobile Safari/537.36 (compatible; Googlebot/2.1; +http://www.google.com/bot.html)"
66.249.68.66 - - [27/Dec/2024:02:37:23 -0500] "GET /wp-content/plugins/so-widgets-bundle/widgets/image-grid/js/image-grid.min.js?ver=1.64.2 HTTP/1.1" 200 347 "https://misswavenigeria.com/?product=cotton7263661-65" "Mozilla/5.0 (Linux; Android 6.0.1; Nexus 5X Build/MMB29P) AppleWebKit/537.36 (KHTML, like Gecko) Chrome/131.0.6778.139 Mobile Safari/537.36 (compatible; Googlebot/2.1; +http://www.google.com/bot.html)"
66.249.68.35 - - [27/Dec/2024:02:37:23 -0500] "GET /wp-content/plugins/event-tickets/common/src/resources/css/variables-full.min.css?ver=6.4.1 HTTP/1.1" 200 469 "https://misswavenigeria.com/?product=cotton7263661-65" "Mozilla/5.0 (Linux; Android 6.0.1; Nexus 5X Build/MMB29P) AppleWebKit/537.36 (KHTML, like Gecko) Chrome/131.0.6778.139 Mobile Safari/537.36 (compatible; Googlebot/2.1; +http://www.google.com/bot.html)"
66.249.68.66 - - [27/Dec/2024:02:37:23 -0500] "GET /wp-content/plugins/event-tickets/src/resources/js/ticket-details.min.js?ver=5.18.0 HTTP/1.1" 200 577 "https://misswavenigeria.com/?product=cotton7263661-65" "Mozilla/5.0 (Linux; Android 6.0.1; Nexus 5X Build/MMB29P) AppleWebKit/537.36 (KHTML, like Gecko) Chrome/131.0.6778.139 Mobile Safari/537.36 (compatible; Googlebot/2.1; +http://www.google.com/bot.html)"
66.249.68.66 - - [27/Dec/2024:02:37:23 -0500] "GET /wp-content/plugins/event-tickets/src/resources/js/rsvp.min.js?ver=5.18.0 HTTP/1.1" 200 899 "https://misswavenigeria.com/?product=cotton7263661-65" "Mozilla/5.0 (Linux; Android 6.0.1; Nexus 5X Build/MMB29P) AppleWebKit/537.36 (KHTML, like Gecko) Chrome/131.0.6778.139 Mobile Safari/537.36 (compatible; Googlebot/2.1; +http://www.google.com/bot.html)"
66.249.68.67 - - [27/Dec/2024:02:37:24 -0500] "GET /wp-includes/js/jquery/ui/mouse.min.js?ver=1.13.3 HTTP/1.1" 200 1012 "https://misswavenigeria.com/?product=cotton7263661-65" "Mozilla/5.0 (Linux; Android 6.0.1; Nexus 5X Build/MMB29P) AppleWebKit/537.36 (KHTML, like Gecko) Chrome/131.0.6778.139 Mobile Safari/537.36 (compatible; Googlebot/2.1; +http://www.google.com/bot.html)"
66.29.132.124 - - [27/Dec/2024:02:38:08 -0500] "POST /wp-cron.php?doing_wp_cron=1735285088.4913539886474609375000 HTTP/1.1" 200 0 "-" "WordPress/6.7.1; https://misswavenigeria.com"
194.32.122.81 - - [27/Dec/2024:02:38:08 -0500] "GET / HTTP/1.0" 200 109053 "https://misswavenigeria.com/" "Mozilla/5.0 (Windows NT 6.1; WOW64) AppleWebKit/537.36 (KHTML, like Gecko) Chrome/103.0.0.0 Safari/537.36"
66.29.132.124 - - [27/Dec/2024:02:38:08 -0500] "POST /wp-admin/admin-ajax.php?action=async_litespeed&nonce=tXAQVkMuRkhsiOcMpCAYw6JAMOqbOQ7K&litespeed_type=imgoptm HTTP/1.1" 200 21 "-" "WordPress/6.7.1; https://misswavenigeria.com"
194.32.122.81 - - [27/Dec/2024:02:38:11 -0500] "GET /register/ HTTP/1.0" 200 75922 "https://misswavenigeria.com/register/" "Mozilla/5.0 (Windows NT 6.1; WOW64) AppleWebKit/537.36 (KHTML, like Gecko) Chrome/103.0.0.0 Safari/537.36"
194.32.122.81 - - [27/Dec/2024:02:38:12 -0500] "POST /register/ HTTP/1.0" 200 76048 "https://misswavenigeria.com/register/" "Mozilla/5.0 (Windows NT 6.1; WOW64) AppleWebKit/537.36 (KHTML, like Gecko) Chrome/103.0.0.0 Safari/537.36"
66.29.132.124 - - [27/Dec/2024:02:40:34 -0500] "POST /wp-cron.php?doing_wp_cron=1735285234.4303710460662841796875 HTTP/1.1" 200 0 "-" "WordPress/6.7.1; https://misswavenigeria.com"
194.32.122.81 - - [27/Dec/2024:02:40:34 -0500] "GET /register/ HTTP/1.0" 200 75922 "https://misswavenigeria.com/" "Mozilla/5.0 (Windows NT 6.1; WOW64) AppleWebKit/537.36 (KHTML, like Gecko) Chrome/103.0.0.0 Safari/537.36"
66.29.132.124 - - [27/Dec/2024:02:40:35 -0500] "POST /wp-admin/admin-ajax.php?action=async_litespeed&nonce=gjE1HplWIfCISqsjwYcvJ2ULsSc0IqDf&litespeed_type=imgoptm HTTP/1.1" 200 21 "-" "WordPress/6.7.1; https://misswavenigeria.com"
66.29.132.124 - - [27/Dec/2024:02:41:26 -0500] "POST /wp-cron.php?doing_wp_cron=1735285286.6851069927215576171875 HTTP/1.1" 200 0 "-" "WordPress/6.7.1; https://misswavenigeria.com"
194.32.122.81 - - [27/Dec/2024:02:41:26 -0500] "GET / HTTP/1.0" 200 109049 "https://misswavenigeria.com/" "Mozilla/5.0 (Windows NT 6.3; WOW64) AppleWebKit/537.36 (KHTML, like Gecko) Chrome/103.0.5060.114 Safari/537.36"
66.29.132.124 - - [27/Dec/2024:02:41:27 -0500] "POST /wp-admin/admin-ajax.php?action=async_litespeed&nonce=D5FVlSFHYlCL4OSPpwY72FkfvLts0FaP&litespeed_type=imgoptm HTTP/1.1" 200 21 "-" "WordPress/6.7.1; https://misswavenigeria.com"
194.32.122.81 - - [27/Dec/2024:02:41:29 -0500] "GET /register/ HTTP/1.0" 200 75922 "https://misswavenigeria.com/register/" "Mozilla/5.0 (Windows NT 6.3; WOW64) AppleWebKit/537.36 (KHTML, like Gecko) Chrome/103.0.5060.114 Safari/537.36"
194.32.122.81 - - [27/Dec/2024:02:41:31 -0500] "POST /register/ HTTP/1.0" 200 76048 "https://misswavenigeria.com/register/" "Mozilla/5.0 (Windows NT 6.3; WOW64) AppleWebKit/537.36 (KHTML, like Gecko) Chrome/103.0.5060.114 Safari/537.36"
66.29.132.124 - - [27/Dec/2024:02:43:28 -0500] "POST /wp-cron.php?doing_wp_cron=1735285408.7079699039459228515625 HTTP/1.1" 200 0 "-" "WordPress/6.7.1; https://misswavenigeria.com"
194.32.122.81 - - [27/Dec/2024:02:43:28 -0500] "GET /register/ HTTP/1.0" 200 75922 "https://misswavenigeria.com/" "Mozilla/5.0 (Windows NT 6.3; WOW64) AppleWebKit/537.36 (KHTML, like Gecko) Chrome/103.0.5060.114 Safari/537.36"
66.29.132.124 - - [27/Dec/2024:02:43:28 -0500] "POST /wp-admin/admin-ajax.php?action=async_litespeed&nonce=uVTIYMFry9SXjxRKPKxzaBZlZGrLujAr&litespeed_type=imgoptm HTTP/1.1" 200 21 "-" "WordPress/6.7.1; https://misswavenigeria.com"
66.29.132.124 - - [27/Dec/2024:02:44:10 -0500] "POST /wp-cron.php?doing_wp_cron=1735285450.1601190567016601562500 HTTP/1.1" 200 0 "-" "WordPress/6.7.1; https://misswavenigeria.com"
157.55.39.61 - - [27/Dec/2024:02:44:09 -0500] "GET /wp-sitemap.xml HTTP/1.1" 200 240 "-" "Mozilla/5.0 AppleWebKit/537.36 (KHTML, like Gecko; compatible; bingbot/2.0; +http://www.bing.com/bingbot.htm) Chrome/116.0.1938.76 Safari/537.36"
66.29.132.124 - - [27/Dec/2024:02:44:10 -0500] "POST /wp-admin/admin-ajax.php?action=async_litespeed&nonce=lduOaTaNhEI4Y367ebUnq0rkkN1ohc0Z&litespeed_type=imgoptm HTTP/1.1" 200 21 "-" "WordPress/6.7.1; https://misswavenigeria.com"
66.29.132.124 - - [27/Dec/2024:02:44:45 -0500] "POST /wp-cron.php?doing_wp_cron=1735285485.1161410808563232421875 HTTP/1.1" 200 0 "-" "WordPress/6.7.1; https://misswavenigeria.com"
194.32.122.81 - - [27/Dec/2024:02:44:44 -0500] "GET / HTTP/1.0" 200 109053 "https://misswavenigeria.com/" "Mozilla/5.0 (Windows NT 10.0; Win64; x64) AppleWebKit/537.36 (KHTML, like Gecko) Chrome/103.0.5060.53 Safari/537.36"
66.29.132.124 - - [27/Dec/2024:02:44:45 -0500] "POST /wp-admin/admin-ajax.php?action=async_litespeed&nonce=RwncyxOKUkOLZMKNh82T0atCCH1GxCSW&litespeed_type=imgoptm HTTP/1.1" 200 0 "-" "WordPress/6.7.1; https://misswavenigeria.com"
194.32.122.81 - - [27/Dec/2024:02:44:48 -0500] "GET /register/ HTTP/1.0" 200 75922 "https://misswavenigeria.com/register/" "Mozilla/5.0 (Windows NT 10.0; Win64; x64) AppleWebKit/537.36 (KHTML, like Gecko) Chrome/103.0.5060.53 Safari/537.36"
194.32.122.81 - - [27/Dec/2024:02:44:50 -0500] "POST /register/ HTTP/1.0" 200 76048 "https://misswavenigeria.com/register/" "Mozilla/5.0 (Windows NT 10.0; Win64; x64) AppleWebKit/537.36 (KHTML, like Gecko) Chrome/103.0.5060.53 Safari/537.36"
66.29.132.124 - - [27/Dec/2024:02:46:54 -0500] "POST /wp-cron.php?doing_wp_cron=1735285614.4040460586547851562500 HTTP/1.1" 200 0 "-" "WordPress/6.7.1; https://misswavenigeria.com"
194.32.122.81 - - [27/Dec/2024:02:46:54 -0500] "GET /register/ HTTP/1.0" 200 75922 "https://misswavenigeria.com/" "Mozilla/5.0 (Windows NT 10.0; Win64; x64) AppleWebKit/537.36 (KHTML, like Gecko) Chrome/103.0.5060.53 Safari/537.36"
66.29.132.124 - - [27/Dec/2024:02:46:54 -0500] "POST /wp-admin/admin-ajax.php?action=async_litespeed&nonce=U3BkhjkQqa6gSMlbh4xH0lXYr3Q9Dsib&litespeed_type=imgoptm HTTP/1.1" 200 21 "-" "WordPress/6.7.1; https://misswavenigeria.com"
66.29.132.124 - - [27/Dec/2024:02:48:02 -0500] "POST /wp-cron.php?doing_wp_cron=1735285682.8949739933013916015625 HTTP/1.1" 200 0 "-" "WordPress/6.7.1; https://misswavenigeria.com"
194.32.122.81 - - [27/Dec/2024:02:48:02 -0500] "GET / HTTP/1.0" 200 109055 "https://misswavenigeria.com/" "Mozilla/5.0 (Windows NT 10.0; WOW64) AppleWebKit/537.36 (KHTML, like Gecko) Chrome/103.0.5060.114 Safari/537.36"
66.29.132.124 - - [27/Dec/2024:02:48:03 -0500] "POST /wp-admin/admin-ajax.php?action=async_litespeed&nonce=MIJenKY8uSChmqIHdmd41znwFeQctpqq&litespeed_type=imgoptm HTTP/1.1" 200 21 "-" "WordPress/6.7.1; https://misswavenigeria.com"
194.32.122.81 - - [27/Dec/2024:02:48:06 -0500] "GET /register/ HTTP/1.0" 200 75922 "https://misswavenigeria.com/register/" "Mozilla/5.0 (Windows NT 10.0; WOW64) AppleWebKit/537.36 (KHTML, like Gecko) Chrome/103.0.5060.114 Safari/537.36"
206.124.106.25 - - [27/Dec/2024:02:49:45 -0500] "GET /admin/xx/index.php?watchx=true HTTP/1.1" 200 189 "http://misswavenigeria.com/admin/xx/index.php?watchx=true" "Mozilla/5.0 (Windows NT 10.0; Win64; x64) AppleWebKit/537.36 (KHTML, like Gecko) Chrome/119.0.0.0 Safari/537.36"
194.32.122.81 - - [27/Dec/2024:02:48:08 -0500] "POST /register/ HTTP/1.0" 200 76048 "https://misswavenigeria.com/register/" "Mozilla/5.0 (Windows NT 10.0; WOW64) AppleWebKit/537.36 (KHTML, like Gecko) Chrome/103.0.5060.114 Safari/537.36"
66.29.132.124 - - [27/Dec/2024:02:49:56 -0500] "POST /wp-cron.php?doing_wp_cron=1735285796.4188311100006103515625 HTTP/1.1" 200 0 "-" "WordPress/6.7.1; https://misswavenigeria.com"
194.32.122.81 - - [27/Dec/2024:02:49:56 -0500] "GET /register/ HTTP/1.0" 200 75922 "https://misswavenigeria.com/" "Mozilla/5.0 (Windows NT 10.0; WOW64) AppleWebKit/537.36 (KHTML, like Gecko) Chrome/103.0.5060.114 Safari/537.36"
66.29.132.124 - - [27/Dec/2024:02:49:56 -0500] "POST /wp-admin/admin-ajax.php?action=async_litespeed&nonce=muqgRc1HKLl1ff6YSrBCo5G5RLlRJXH2&litespeed_type=imgoptm HTTP/1.1" 200 21 "-" "WordPress/6.7.1; https://misswavenigeria.com"
66.29.132.124 - - [27/Dec/2024:02:51:25 -0500] "POST /wp-cron.php?doing_wp_cron=1735285885.0624349117279052734375 HTTP/1.1" 200 0 "-" "WordPress/6.7.1; https://misswavenigeria.com"
194.32.122.81 - - [27/Dec/2024:02:51:19 -0500] "GET / HTTP/1.0" 200 109053 "https://misswavenigeria.com/" "Mozilla/5.0 (Windows NT 10.0; Win64; x64) AppleWebKit/537.36 (KHTML, like Gecko) Chrome/103.0.5060.53 Safari/537.36"
66.29.132.124 - - [27/Dec/2024:02:51:25 -0500] "POST /wp-admin/admin-ajax.php?action=async_litespeed&nonce=BcfJ0JLIAjGFBf1TV9l62HJOhNaQueNa&litespeed_type=imgoptm HTTP/1.1" 200 21 "-" "WordPress/6.7.1; https://misswavenigeria.com"
194.32.122.81 - - [27/Dec/2024:02:51:28 -0500] "GET /register/ HTTP/1.0" 200 75922 "https://misswavenigeria.com/register/" "Mozilla/5.0 (Windows NT 10.0; Win64; x64) AppleWebKit/537.36 (KHTML, like Gecko) Chrome/103.0.5060.53 Safari/537.36"
194.32.122.81 - - [27/Dec/2024:02:51:30 -0500] "POST /register/ HTTP/1.0" 200 76048 "https://misswavenigeria.com/register/" "Mozilla/5.0 (Windows NT 10.0; Win64; x64) AppleWebKit/537.36 (KHTML, like Gecko) Chrome/103.0.5060.53 Safari/537.36"
66.29.132.124 - - [27/Dec/2024:02:53:33 -0500] "POST /wp-cron.php?doing_wp_cron=1735286013.8530910015106201171875 HTTP/1.1" 200 0 "-" "WordPress/6.7.1; https://misswavenigeria.com"
66.249.79.3 - - [27/Dec/2024:02:53:33 -0500] "GET /goods/W371432?k=product HTTP/1.1" 301 0 "-" "Mozilla/5.0 (Linux; Android 6.0.1; Nexus 5X Build/MMB29P) AppleWebKit/537.36 (KHTML, like Gecko) Chrome/131.0.6778.139 Mobile Safari/537.36 (compatible; Googlebot/2.1; +http://www.google.com/bot.html)"
66.29.132.124 - - [27/Dec/2024:02:53:34 -0500] "POST /wp-admin/admin-ajax.php?action=async_litespeed&nonce=jFDEbXSGpMvmjXPlC8Hymktddr7U4iuO&litespeed_type=imgoptm HTTP/1.1" 200 21 "-" "WordPress/6.7.1; https://misswavenigeria.com"
66.249.79.33 - - [27/Dec/2024:02:53:34 -0500] "GET /goods/W371432?k=product HTTP/1.1" 404 15610 "-" "Mozilla/5.0 (Linux; Android 6.0.1; Nexus 5X Build/MMB29P) AppleWebKit/537.36 (KHTML, like Gecko) Chrome/131.0.6778.139 Mobile Safari/537.36 (compatible; Googlebot/2.1; +http://www.google.com/bot.html)"
194.32.122.81 - - [27/Dec/2024:02:53:34 -0500] "GET /register/ HTTP/1.0" 200 75922 "https://misswavenigeria.com/" "Mozilla/5.0 (Windows NT 10.0; Win64; x64) AppleWebKit/537.36 (KHTML, like Gecko) Chrome/103.0.5060.53 Safari/537.36"
66.29.132.124 - - [27/Dec/2024:02:54:41 -0500] "POST /wp-cron.php?doing_wp_cron=1735286080.9346489906311035156250 HTTP/1.1" 200 0 "-" "WordPress/6.7.1; https://misswavenigeria.com"
194.32.122.81 - - [27/Dec/2024:02:54:40 -0500] "GET / HTTP/1.0" 200 109055 "https://misswavenigeria.com/" "Mozilla/5.0 (Windows NT 10.0; WOW64) AppleWebKit/537.36 (KHTML, like Gecko) Chrome/103.0.5060.114 Safari/537.36"
66.29.132.124 - - [27/Dec/2024:02:54:41 -0500] "POST /wp-admin/admin-ajax.php?action=async_litespeed&nonce=QHEyYFzU6Wu17KDFYPFgPfjGvOiUF27d&litespeed_type=imgoptm HTTP/1.1" 200 21 "-" "WordPress/6.7.1; https://misswavenigeria.com"
194.32.122.81 - - [27/Dec/2024:02:54:43 -0500] "GET /register/ HTTP/1.0" 200 75922 "https://misswavenigeria.com/register/" "Mozilla/5.0 (Windows NT 10.0; WOW64) AppleWebKit/537.36 (KHTML, like Gecko) Chrome/103.0.5060.114 Safari/537.36"
194.32.122.81 - - [27/Dec/2024:02:54:45 -0500] "POST /register/ HTTP/1.0" 200 76048 "https://misswavenigeria.com/register/" "Mozilla/5.0 (Windows NT 10.0; WOW64) AppleWebKit/537.36 (KHTML, like Gecko) Chrome/103.0.5060.114 Safari/537.36"
66.29.132.124 - - [27/Dec/2024:02:56:46 -0500] "POST /wp-cron.php?doing_wp_cron=1735286206.1839210987091064453125 HTTP/1.1" 200 0 "-" "WordPress/6.7.1; https://misswavenigeria.com"
194.32.122.81 - - [27/Dec/2024:02:56:46 -0500] "GET /register/ HTTP/1.0" 200 75922 "https://misswavenigeria.com/" "Mozilla/5.0 (Windows NT 10.0; WOW64) AppleWebKit/537.36 (KHTML, like Gecko) Chrome/103.0.5060.114 Safari/537.36"
66.29.132.124 - - [27/Dec/2024:02:56:46 -0500] "POST /wp-admin/admin-ajax.php?action=async_litespeed&nonce=ku9c6iGoihB1nLT5oeBviFHEnaTifZGV&litespeed_type=imgoptm HTTP/1.1" 200 21 "-" "WordPress/6.7.1; https://misswavenigeria.com"
66.29.132.124 - - [27/Dec/2024:02:57:58 -0500] "POST /wp-cron.php?doing_wp_cron=1735286278.8763260841369628906250 HTTP/1.1" 200 0 "-" "WordPress/6.7.1; https://misswavenigeria.com"
194.32.122.81 - - [27/Dec/2024:02:57:58 -0500] "GET / HTTP/1.0" 200 109055 "https://misswavenigeria.com/" "Mozilla/5.0 (Windows NT 6.3; Win64; x64) AppleWebKit/537.36 (KHTML, like Gecko) Chrome/103.0.0.0 Safari/537.36"
66.29.132.124 - - [27/Dec/2024:02:57:59 -0500] "POST /wp-admin/admin-ajax.php?action=async_litespeed&nonce=GVk3qrNUUMVV7Gat7rk0oIOqMmTCdB26&litespeed_type=imgoptm HTTP/1.1" 200 21 "-" "WordPress/6.7.1; https://misswavenigeria.com"
194.32.122.81 - - [27/Dec/2024:02:58:01 -0500] "GET /register/ HTTP/1.0" 200 75922 "https://misswavenigeria.com/register/" "Mozilla/5.0 (Windows NT 6.3; Win64; x64) AppleWebKit/537.36 (KHTML, like Gecko) Chrome/103.0.0.0 Safari/537.36"
194.32.122.81 - - [27/Dec/2024:02:58:02 -0500] "POST /register/ HTTP/1.0" 200 76048 "https://misswavenigeria.com/register/" "Mozilla/5.0 (Windows NT 6.3; Win64; x64) AppleWebKit/537.36 (KHTML, like Gecko) Chrome/103.0.0.0 Safari/537.36"
66.29.132.124 - - [27/Dec/2024:02:59:34 -0500] "POST /wp-cron.php?doing_wp_cron=1735286374.7668321132659912109375 HTTP/1.1" 200 0 "-" "WordPress/6.7.1; https://misswavenigeria.com"
194.32.122.81 - - [27/Dec/2024:02:59:34 -0500] "GET /register/ HTTP/1.0" 200 75922 "https://misswavenigeria.com/" "Mozilla/5.0 (Windows NT 6.3; Win64; x64) AppleWebKit/537.36 (KHTML, like Gecko) Chrome/103.0.0.0 Safari/537.36"
66.29.132.124 - - [27/Dec/2024:02:59:35 -0500] "POST /wp-admin/admin-ajax.php?action=async_litespeed&nonce=nfvMOqJEZJ9rWC4JM4WGPrhBOxeiDKrD&litespeed_type=imgoptm HTTP/1.1" 200 21 "-" "WordPress/6.7.1; https://misswavenigeria.com"
66.29.132.124 - - [27/Dec/2024:02:59:45 -0500] "POST /wp-cron.php?doing_wp_cron=1735286385.8572878837585449218750 HTTP/1.1" 200 0 "-" "WordPress/6.7.1; https://misswavenigeria.com"
66.249.79.3 - - [27/Dec/2024:02:59:45 -0500] "GET /goods/A561418?k=product HTTP/1.1" 301 0 "-" "Mozilla/5.0 (Linux; Android 6.0.1; Nexus 5X Build/MMB29P) AppleWebKit/537.36 (KHTML, like Gecko) Chrome/131.0.6778.139 Mobile Safari/537.36 (compatible; Googlebot/2.1; +http://www.google.com/bot.html)"
66.29.132.124 - - [27/Dec/2024:02:59:46 -0500] "POST /wp-admin/admin-ajax.php?action=async_litespeed&nonce=5vOo6jktt5pwyAluDc82a24FZDQNB517&litespeed_type=imgoptm HTTP/1.1" 200 21 "-" "WordPress/6.7.1; https://misswavenigeria.com"
66.249.68.67 - - [27/Dec/2024:02:59:46 -0500] "GET /goods/A561418?k=product HTTP/1.1" 404 15610 "-" "Mozilla/5.0 (Linux; Android 6.0.1; Nexus 5X Build/MMB29P) AppleWebKit/537.36 (KHTML, like Gecko) Chrome/131.0.6778.139 Mobile Safari/537.36 (compatible; Googlebot/2.1; +http://www.google.com/bot.html)"
66.29.132.124 - - [27/Dec/2024:03:01:22 -0500] "POST /wp-cron.php?doing_wp_cron=1735286482.4256401062011718750000 HTTP/1.1" 200 0 "-" "WordPress/6.7.1; https://misswavenigeria.com"
66.29.132.124 - - [27/Dec/2024:03:01:22 -0500] "POST /wp-admin/admin-ajax.php?action=async_litespeed&nonce=q1CLrKE5RyqsxEFfzosd3zFuwuw1kVXr&litespeed_type=imgoptm HTTP/1.1" 200 21 "-" "WordPress/6.7.1; https://misswavenigeria.com"
194.32.122.81 - - [27/Dec/2024:03:01:16 -0500] "GET / HTTP/1.0" 200 109055 "https://misswavenigeria.com/" "Mozilla/5.0 (Windows NT 10.0; Win64; x64) AppleWebKit/537.36 (KHTML, like Gecko) Chrome/103.0.0.0 Safari/537.36"
194.32.122.81 - - [27/Dec/2024:03:01:25 -0500] "GET /register/ HTTP/1.0" 200 75922 "https://misswavenigeria.com/register/" "Mozilla/5.0 (Windows NT 10.0; Win64; x64) AppleWebKit/537.36 (KHTML, like Gecko) Chrome/103.0.0.0 Safari/537.36"
66.29.132.124 - - [27/Dec/2024:03:01:27 -0500] "POST /wp-cron.php?doing_wp_cron=1735286487.9004840850830078125000 HTTP/1.1" 200 0 "-" "WordPress/6.7.1; https://misswavenigeria.com"
66.29.132.124 - - [27/Dec/2024:03:02:48 -0500] "POST /wp-cron.php?doing_wp_cron=1735286568.3594589233398437500000 HTTP/1.1" 200 0 "-" "WordPress/6.7.1; https://misswavenigeria.com"
66.249.79.2 - - [27/Dec/2024:03:02:47 -0500] "GET /goods/O160538?k=product HTTP/1.1" 301 0 "-" "Mozilla/5.0 (Linux; Android 6.0.1; Nexus 5X Build/MMB29P) AppleWebKit/537.36 (KHTML, like Gecko) Chrome/131.0.6778.139 Mobile Safari/537.36 (compatible; Googlebot/2.1; +http://www.google.com/bot.html)"
66.29.132.124 - - [27/Dec/2024:03:02:48 -0500] "POST /wp-admin/admin-ajax.php?action=async_litespeed&nonce=SjStK1sUES9eFCyC6c23K3VoNiRRFrEq&litespeed_type=imgoptm HTTP/1.1" 200 21 "-" "WordPress/6.7.1; https://misswavenigeria.com"
66.249.68.66 - - [27/Dec/2024:03:02:48 -0500] "GET /goods/O160538?k=product HTTP/1.1" 404 15611 "-" "Mozilla/5.0 (Linux; Android 6.0.1; Nexus 5X Build/MMB29P) AppleWebKit/537.36 (KHTML, like Gecko) Chrome/131.0.6778.139 Mobile Safari/537.36 (compatible; Googlebot/2.1; +http://www.google.com/bot.html)"
194.32.122.81 - - [27/Dec/2024:03:01:27 -0500] "POST /register/ HTTP/1.0" 200 76048 "https://misswavenigeria.com/register/" "Mozilla/5.0 (Windows NT 10.0; Win64; x64) AppleWebKit/537.36 (KHTML, like Gecko) Chrome/103.0.0.0 Safari/537.36"
66.29.132.124 - - [27/Dec/2024:03:03:50 -0500] "POST /wp-cron.php?doing_wp_cron=1735286630.4138290882110595703125 HTTP/1.1" 200 0 "-" "WordPress/6.7.1; https://misswavenigeria.com"
194.32.122.81 - - [27/Dec/2024:03:03:50 -0500] "GET /register/ HTTP/1.0" 200 75922 "https://misswavenigeria.com/" "Mozilla/5.0 (Windows NT 10.0; Win64; x64) AppleWebKit/537.36 (KHTML, like Gecko) Chrome/103.0.0.0 Safari/537.36"
66.29.132.124 - - [27/Dec/2024:03:03:50 -0500] "POST /wp-admin/admin-ajax.php?action=async_litespeed&nonce=ycQ75lwitzmJ7ZcsReDenFuc2fTJIuX6&litespeed_type=imgoptm HTTP/1.1" 200 21 "-" "WordPress/6.7.1; https://misswavenigeria.com"
66.29.132.124 - - [27/Dec/2024:03:04:40 -0500] "POST /wp-cron.php?doing_wp_cron=1735286680.2153921127319335937500 HTTP/1.1" 200 0 "-" "WordPress/6.7.1; https://misswavenigeria.com"
194.32.122.81 - - [27/Dec/2024:03:04:40 -0500] "GET / HTTP/1.0" 200 109055 "https://misswavenigeria.com/" "Mozilla/5.0 (Windows NT 6.3; Win64; x64) AppleWebKit/537.36 (KHTML, like Gecko) Chrome/103.0.5060.114 Safari/537.36"
66.29.132.124 - - [27/Dec/2024:03:04:40 -0500] "POST /wp-admin/admin-ajax.php?action=async_litespeed&nonce=EbFo0rXDu2ulxCCTephySoM2KBcuOb4y&litespeed_type=imgoptm HTTP/1.1" 200 21 "-" "WordPress/6.7.1; https://misswavenigeria.com"
194.32.122.81 - - [27/Dec/2024:03:04:42 -0500] "GET /register/ HTTP/1.0" 200 75922 "https://misswavenigeria.com/register/" "Mozilla/5.0 (Windows NT 6.3; Win64; x64) AppleWebKit/537.36 (KHTML, like Gecko) Chrome/103.0.5060.114 Safari/537.36"
66.29.132.124 - - [27/Dec/2024:03:06:36 -0500] "POST /wp-cron.php?doing_wp_cron=1735286796.2504730224609375000000 HTTP/1.1" 200 0 "-" "WordPress/6.7.1; https://misswavenigeria.com"
66.249.79.2 - - [27/Dec/2024:03:06:35 -0500] "GET /goods/F336497?k=product HTTP/1.1" 301 0 "-" "Mozilla/5.0 (Linux; Android 6.0.1; Nexus 5X Build/MMB29P) AppleWebKit/537.36 (KHTML, like Gecko) Chrome/131.0.6778.139 Mobile Safari/537.36 (compatible; Googlebot/2.1; +http://www.google.com/bot.html)"
66.29.132.124 - - [27/Dec/2024:03:06:36 -0500] "POST /wp-admin/admin-ajax.php?action=async_litespeed&nonce=OkumT8ep2uyspkdylSSPHnS9c64OW8Hu&litespeed_type=imgoptm HTTP/1.1" 200 21 "-" "WordPress/6.7.1; https://misswavenigeria.com"
66.249.68.66 - - [27/Dec/2024:03:06:36 -0500] "GET /goods/F336497?k=product HTTP/1.1" 404 15610 "-" "Mozilla/5.0 (Linux; Android 6.0.1; Nexus 5X Build/MMB29P) AppleWebKit/537.36 (KHTML, like Gecko) Chrome/131.0.6778.139 Mobile Safari/537.36 (compatible; Googlebot/2.1; +http://www.google.com/bot.html)"
194.32.122.81 - - [27/Dec/2024:03:04:44 -0500] "POST /register/ HTTP/1.0" 200 76048 "https://misswavenigeria.com/register/" "Mozilla/5.0 (Windows NT 6.3; Win64; x64) AppleWebKit/537.36 (KHTML, like Gecko) Chrome/103.0.5060.114 Safari/537.36"
66.29.132.124 - - [27/Dec/2024:03:06:54 -0500] "POST /wp-cron.php?doing_wp_cron=1735286814.3916239738464355468750 HTTP/1.1" 200 0 "-" "WordPress/6.7.1; https://misswavenigeria.com"
194.32.122.81 - - [27/Dec/2024:03:06:54 -0500] "GET /register/ HTTP/1.0" 200 75922 "https://misswavenigeria.com/" "Mozilla/5.0 (Windows NT 6.3; Win64; x64) AppleWebKit/537.36 (KHTML, like Gecko) Chrome/103.0.5060.114 Safari/537.36"
66.29.132.124 - - [27/Dec/2024:03:06:54 -0500] "POST /wp-admin/admin-ajax.php?action=async_litespeed&nonce=I31ixyZufKEkiUS9borTrsJJhbrZYPcM&litespeed_type=imgoptm HTTP/1.1" 200 21 "-" "WordPress/6.7.1; https://misswavenigeria.com"
66.29.132.124 - - [27/Dec/2024:03:07:59 -0500] "POST /wp-cron.php?doing_wp_cron=1735286879.6752018928527832031250 HTTP/1.1" 200 0 "-" "WordPress/6.7.1; https://misswavenigeria.com"
194.32.122.81 - - [27/Dec/2024:03:07:59 -0500] "GET / HTTP/1.0" 200 109055 "https://misswavenigeria.com/" "Mozilla/5.0 (Windows NT 10.0; Win64; x64) AppleWebKit/537.36 (KHTML, like Gecko) Chrome/103.0.5060.66 Safari/537.36"
66.29.132.124 - - [27/Dec/2024:03:07:59 -0500] "POST /wp-admin/admin-ajax.php?action=async_litespeed&nonce=Qmh7juf8VerS4rGn5Qr4PbOXUdTeEu0T&litespeed_type=imgoptm HTTP/1.1" 200 21 "-" "WordPress/6.7.1; https://misswavenigeria.com"
194.32.122.81 - - [27/Dec/2024:03:08:01 -0500] "GET /register/ HTTP/1.0" 200 75922 "https://misswavenigeria.com/register/" "Mozilla/5.0 (Windows NT 10.0; Win64; x64) AppleWebKit/537.36 (KHTML, like Gecko) Chrome/103.0.5060.66 Safari/537.36"
194.32.122.81 - - [27/Dec/2024:03:08:03 -0500] "POST /register/ HTTP/1.0" 200 76048 "https://misswavenigeria.com/register/" "Mozilla/5.0 (Windows NT 10.0; Win64; x64) AppleWebKit/537.36 (KHTML, like Gecko) Chrome/103.0.5060.66 Safari/537.36"
66.29.132.124 - - [27/Dec/2024:03:09:28 -0500] "POST /wp-cron.php?doing_wp_cron=1735286968.1525709629058837890625 HTTP/1.1" 200 0 "-" "WordPress/6.7.1; https://misswavenigeria.com"
194.32.122.81 - - [27/Dec/2024:03:09:27 -0500] "GET /register/ HTTP/1.0" 200 75922 "https://misswavenigeria.com/" "Mozilla/5.0 (Windows NT 10.0; Win64; x64) AppleWebKit/537.36 (KHTML, like Gecko) Chrome/103.0.5060.66 Safari/537.36"
66.29.132.124 - - [27/Dec/2024:03:09:28 -0500] "POST /wp-admin/admin-ajax.php?action=async_litespeed&nonce=4UoJP88q57BBewOM98AdA4Vuiy57EpGV&litespeed_type=imgoptm HTTP/1.1" 200 21 "-" "WordPress/6.7.1; https://misswavenigeria.com"
66.29.132.124 - - [27/Dec/2024:03:11:16 -0500] "POST /wp-cron.php?doing_wp_cron=1735287076.4047510623931884765625 HTTP/1.1" 200 0 "-" "WordPress/6.7.1; https://misswavenigeria.com"
194.32.122.81 - - [27/Dec/2024:03:11:13 -0500] "GET / HTTP/1.0" 200 109053 "https://misswavenigeria.com/" "Mozilla/5.0 (Windows NT 6.1; Win64; x64) AppleWebKit/537.36 (KHTML, like Gecko) Chrome/103.0.5060.66 Safari/537.36"
66.29.132.124 - - [27/Dec/2024:03:11:16 -0500] "POST /wp-admin/admin-ajax.php?action=async_litespeed&nonce=obG9AeZLwT9EtGzobw60njp0uYWFErFT&litespeed_type=imgoptm HTTP/1.1" 200 21 "-" "WordPress/6.7.1; https://misswavenigeria.com"
194.32.122.81 - - [27/Dec/2024:03:11:19 -0500] "GET /register/ HTTP/1.0" 200 75922 "https://misswavenigeria.com/register/" "Mozilla/5.0 (Windows NT 6.1; Win64; x64) AppleWebKit/537.36 (KHTML, like Gecko) Chrome/103.0.5060.66 Safari/537.36"
194.32.122.81 - - [27/Dec/2024:03:11:20 -0500] "POST /register/ HTTP/1.0" 200 76048 "https://misswavenigeria.com/register/" "Mozilla/5.0 (Windows NT 6.1; Win64; x64) AppleWebKit/537.36 (KHTML, like Gecko) Chrome/103.0.5060.66 Safari/537.36"
66.29.132.124 - - [27/Dec/2024:03:12:41 -0500] "POST /wp-cron.php?doing_wp_cron=1735287161.2739470005035400390625 HTTP/1.1" 200 0 "-" "WordPress/6.7.1; https://misswavenigeria.com"
194.32.122.81 - - [27/Dec/2024:03:12:41 -0500] "GET /register/ HTTP/1.0" 200 75922 "https://misswavenigeria.com/" "Mozilla/5.0 (Windows NT 6.1; Win64; x64) AppleWebKit/537.36 (KHTML, like Gecko) Chrome/103.0.5060.66 Safari/537.36"
66.29.132.124 - - [27/Dec/2024:03:12:41 -0500] "POST /wp-admin/admin-ajax.php?action=async_litespeed&nonce=Jn0DZ21bXZ5TWZf9wuHQrFfC9cspYhfS&litespeed_type=imgoptm HTTP/1.1" 200 21 "-" "WordPress/6.7.1; https://misswavenigeria.com"
66.249.79.2 - - [27/Dec/2024:03:13:01 -0500] "GET /goods/U44792?k=product HTTP/1.1" 301 0 "-" "Mozilla/5.0 (Linux; Android 6.0.1; Nexus 5X Build/MMB29P) AppleWebKit/537.36 (KHTML, like Gecko) Chrome/131.0.6778.204 Mobile Safari/537.36 (compatible; Googlebot/2.1; +http://www.google.com/bot.html)"
66.249.68.66 - - [27/Dec/2024:03:13:02 -0500] "GET /goods/U44792?k=product HTTP/1.1" 404 15611 "-" "Mozilla/5.0 (Linux; Android 6.0.1; Nexus 5X Build/MMB29P) AppleWebKit/537.36 (KHTML, like Gecko) Chrome/131.0.6778.204 Mobile Safari/537.36 (compatible; Googlebot/2.1; +http://www.google.com/bot.html)"
66.249.79.2 - - [27/Dec/2024:03:13:10 -0500] "GET /goods/L648789?k=product HTTP/1.1" 301 0 "-" "Mozilla/5.0 (Linux; Android 6.0.1; Nexus 5X Build/MMB29P) AppleWebKit/537.36 (KHTML, like Gecko) Chrome/131.0.6778.204 Mobile Safari/537.36 (compatible; Googlebot/2.1; +http://www.google.com/bot.html)"
66.29.132.124 - - [27/Dec/2024:03:15:47 -0500] "POST /wp-cron.php?doing_wp_cron=1735287347.2379341125488281250000 HTTP/1.1" 200 0 "-" "WordPress/6.7.1; https://misswavenigeria.com"
125.212.214.217 - - [27/Dec/2024:03:15:47 -0500] "POST /xmlrpc.php HTTP/1.1" 200 205 "-" "Mozilla/5.0 (Windows NT 10.0; Win64; x64) AppleWebKit/537.36 (KHTML, like Gecko) Chrome/126.0.0.0 Safari/537.36"
66.29.132.124 - - [27/Dec/2024:03:15:47 -0500] "POST /wp-admin/admin-ajax.php?action=async_litespeed&nonce=g3d4k5bY9OsEJGrtMcgfrg9KYXInObRs&litespeed_type=imgoptm HTTP/1.1" 200 21 "-" "WordPress/6.7.1; https://misswavenigeria.com"
66.249.68.66 - - [27/Dec/2024:03:13:11 -0500] "GET /goods/L648789?k=product HTTP/1.1" 404 15610 "-" "Mozilla/5.0 (Linux; Android 6.0.1; Nexus 5X Build/MMB29P) AppleWebKit/537.36 (KHTML, like Gecko) Chrome/131.0.6778.204 Mobile Safari/537.36 (compatible; Googlebot/2.1; +http://www.google.com/bot.html)"
66.29.132.124 - - [27/Dec/2024:03:14:36 -0500] "POST /wp-cron.php?doing_wp_cron=1735287276.7891778945922851562500 HTTP/1.1" 200 0 "-" "WordPress/6.7.1; https://misswavenigeria.com"
194.32.122.81 - - [27/Dec/2024:03:14:34 -0500] "GET / HTTP/1.0" 200 109053 "https://misswavenigeria.com/" "Mozilla/5.0 (Windows NT 10.0; Win64; x64) AppleWebKit/537.36 (KHTML, like Gecko) Chrome/103.0.5060.66 Safari/537.36"
66.29.132.124 - - [27/Dec/2024:03:14:37 -0500] "POST /wp-admin/admin-ajax.php?action=async_litespeed&nonce=tOclY0AMiaUrChavIoJ63JimRJbqPJ3y&litespeed_type=imgoptm HTTP/1.1" 200 21 "-" "WordPress/6.7.1; https://misswavenigeria.com"
194.32.122.81 - - [27/Dec/2024:03:14:39 -0500] "GET /register/ HTTP/1.0" 200 75922 "https://misswavenigeria.com/register/" "Mozilla/5.0 (Windows NT 10.0; Win64; x64) AppleWebKit/537.36 (KHTML, like Gecko) Chrome/103.0.5060.66 Safari/537.36"
66.29.132.124 - - [27/Dec/2024:03:14:41 -0500] "POST /wp-cron.php?doing_wp_cron=1735287281.4405529499053955078125 HTTP/1.1" 200 0 "-" "WordPress/6.7.1; https://misswavenigeria.com"
66.29.132.124 - - [27/Dec/2024:03:14:41 -0500] "POST /wp-admin/admin-ajax.php?action=async_litespeed&nonce=LUtgNsR1ENoBB6qb2Kt4IVx6xC0tHIXn&litespeed_type=imgoptm HTTP/1.1" 200 21 "-" "WordPress/6.7.1; https://misswavenigeria.com"
66.29.132.124 - - [27/Dec/2024:03:15:25 -0500] "POST /wp-cron.php?doing_wp_cron=1735287325.4118959903717041015625 HTTP/1.1" 200 0 "-" "WordPress/6.7.1; https://misswavenigeria.com"
66.249.79.3 - - [27/Dec/2024:03:15:25 -0500] "GET /goods/J81753?k=product HTTP/1.1" 301 0 "-" "Mozilla/5.0 (Linux; Android 6.0.1; Nexus 5X Build/MMB29P) AppleWebKit/537.36 (KHTML, like Gecko) Chrome/131.0.6778.204 Mobile Safari/537.36 (compatible; Googlebot/2.1; +http://www.google.com/bot.html)"
66.249.79.103 - - [27/Dec/2024:03:15:25 -0500] "GET /goods/J81753?k=product HTTP/1.1" 404 15611 "-" "Mozilla/5.0 (Linux; Android 6.0.1; Nexus 5X Build/MMB29P) AppleWebKit/537.36 (KHTML, like Gecko) Chrome/131.0.6778.204 Mobile Safari/537.36 (compatible; Googlebot/2.1; +http://www.google.com/bot.html)"
194.32.122.81 - - [27/Dec/2024:03:14:41 -0500] "POST /register/ HTTP/1.0" 200 76048 "https://misswavenigeria.com/register/" "Mozilla/5.0 (Windows NT 10.0; Win64; x64) AppleWebKit/537.36 (KHTML, like Gecko) Chrome/103.0.5060.66 Safari/537.36"
87.233.223.180 - - [27/Dec/2024:03:16:00 -0500] "POST /xmlrpc.php HTTP/1.1" 200 205 "-" "Mozilla/5.0 (Windows NT 10.0; Win64; x64) AppleWebKit/537.36 (KHTML, like Gecko) Chrome/126.0.0.0 Safari/537.36"
103.104.118.66 - - [27/Dec/2024:03:16:14 -0500] "POST /xmlrpc.php HTTP/1.1" 200 205 "-" "Mozilla/5.0 (Windows NT 10.0; Win64; x64) AppleWebKit/537.36 (KHTML, like Gecko) Chrome/126.0.0.0 Safari/537.36"
194.32.122.81 - - [27/Dec/2024:03:16:22 -0500] "GET /register/ HTTP/1.0" 200 75922 "https://misswavenigeria.com/" "Mozilla/5.0 (Windows NT 10.0; Win64; x64) AppleWebKit/537.36 (KHTML, like Gecko) Chrome/103.0.5060.66 Safari/537.36"
66.29.132.124 - - [27/Dec/2024:03:16:35 -0500] "POST /wp-cron.php?doing_wp_cron=1735287395.6295390129089355468750 HTTP/1.1" 200 0 "-" "WordPress/6.7.1; https://misswavenigeria.com"
103.193.74.24 - - [27/Dec/2024:03:16:35 -0500] "POST /xmlrpc.php HTTP/1.1" 200 205 "-" "Mozilla/5.0 (Windows NT 10.0; Win64; x64) AppleWebKit/537.36 (KHTML, like Gecko) Chrome/126.0.0.0 Safari/537.36"
66.29.132.124 - - [27/Dec/2024:03:17:32 -0500] "POST /wp-cron.php?doing_wp_cron=1735287452.7200849056243896484375 HTTP/1.1" 200 0 "-" "WordPress/6.7.1; https://misswavenigeria.com"
121.183.168.192 - - [27/Dec/2024:03:17:32 -0500] "POST /xmlrpc.php HTTP/1.1" 200 205 "-" "Mozilla/5.0 (Windows NT 10.0; Win64; x64) AppleWebKit/537.36 (KHTML, like Gecko) Chrome/126.0.0.0 Safari/537.36"
66.29.132.124 - - [27/Dec/2024:03:17:32 -0500] "POST /wp-admin/admin-ajax.php?action=async_litespeed&nonce=VUQmrJQ0YiY89ThiGU3Oh6Wrl0GRwNDO&litespeed_type=imgoptm HTTP/1.1" 200 21 "-" "WordPress/6.7.1; https://misswavenigeria.com"
66.29.132.124 - - [27/Dec/2024:03:17:43 -0500] "POST /wp-cron.php?doing_wp_cron=1735287463.6047220230102539062500 HTTP/1.1" 200 0 "-" "WordPress/6.7.1; https://misswavenigeria.com"
195.201.167.208 - - [27/Dec/2024:03:17:43 -0500] "POST /xmlrpc.php HTTP/1.1" 200 205 "-" "Mozilla/5.0 (Windows NT 10.0; Win64; x64) AppleWebKit/537.36 (KHTML, like Gecko) Chrome/126.0.0.0 Safari/537.36"
66.29.132.124 - - [27/Dec/2024:03:17:43 -0500] "POST /wp-admin/admin-ajax.php?action=async_litespeed&nonce=dtq2gziVDwhznH8O1zsXsCl8IjUBYByf&litespeed_type=imgoptm HTTP/1.1" 200 21 "-" "WordPress/6.7.1; https://misswavenigeria.com"
194.32.122.81 - - [27/Dec/2024:03:17:49 -0500] "GET / HTTP/1.0" 200 109053 "https://misswavenigeria.com/" "Mozilla/5.0 (Windows NT 10.0; WOW64) AppleWebKit/537.36 (KHTML, like Gecko) Chrome/103.0.0.0 Safari/537.36"
194.32.122.81 - - [27/Dec/2024:03:17:52 -0500] "GET /register/ HTTP/1.0" 200 75922 "https://misswavenigeria.com/register/" "Mozilla/5.0 (Windows NT 10.0; WOW64) AppleWebKit/537.36 (KHTML, like Gecko) Chrome/103.0.0.0 Safari/537.36"
66.29.132.124 - - [27/Dec/2024:03:19:21 -0500] "POST /wp-cron.php?doing_wp_cron=1735287561.4863839149475097656250 HTTP/1.1" 200 0 "-" "WordPress/6.7.1; https://misswavenigeria.com"
51.83.187.2 - - [27/Dec/2024:03:19:21 -0500] "POST /xmlrpc.php HTTP/1.1" 200 205 "-" "Mozilla/5.0 (Windows NT 10.0; Win64; x64) AppleWebKit/537.36 (KHTML, like Gecko) Chrome/126.0.0.0 Safari/537.36"
66.29.132.124 - - [27/Dec/2024:03:19:21 -0500] "POST /wp-admin/admin-ajax.php?action=async_litespeed&nonce=gqLGV6enFYqISyZBSclyJD14yNXnwZMH&litespeed_type=imgoptm HTTP/1.1" 200 21 "-" "WordPress/6.7.1; https://misswavenigeria.com"
194.32.122.81 - - [27/Dec/2024:03:17:53 -0500] "POST /register/ HTTP/1.0" 200 76048 "https://misswavenigeria.com/register/" "Mozilla/5.0 (Windows NT 10.0; WOW64) AppleWebKit/537.36 (KHTML, like Gecko) Chrome/103.0.0.0 Safari/537.36"
66.29.132.124 - - [27/Dec/2024:03:19:25 -0500] "POST /wp-cron.php?doing_wp_cron=1735287565.9028849601745605468750 HTTP/1.1" 200 0 "-" "WordPress/6.7.1; https://misswavenigeria.com"
194.32.122.81 - - [27/Dec/2024:03:19:25 -0500] "GET /register/ HTTP/1.0" 200 75922 "https://misswavenigeria.com/" "Mozilla/5.0 (Windows NT 10.0; WOW64) AppleWebKit/537.36 (KHTML, like Gecko) Chrome/103.0.0.0 Safari/537.36"
66.29.132.124 - - [27/Dec/2024:03:19:53 -0500] "POST /wp-cron.php?doing_wp_cron=1735287593.1959929466247558593750 HTTP/1.1" 200 0 "-" "WordPress/6.7.1; https://misswavenigeria.com"
51.159.14.105 - - [27/Dec/2024:03:19:52 -0500] "POST /xmlrpc.php HTTP/1.1" 200 205 "-" "Mozilla/5.0 (Windows NT 10.0; Win64; x64) AppleWebKit/537.36 (KHTML, like Gecko) Chrome/126.0.0.0 Safari/537.36"
66.29.132.124 - - [27/Dec/2024:03:19:53 -0500] "POST /wp-admin/admin-ajax.php?action=async_litespeed&nonce=f7mqfyM3YBpMexCzSxnOXr9Hk8EG6kui&litespeed_type=imgoptm HTTP/1.1" 200 21 "-" "WordPress/6.7.1; https://misswavenigeria.com"
91.136.11.82 - - [27/Dec/2024:03:20:14 -0500] "POST /xmlrpc.php HTTP/1.1" 200 205 "-" "Mozilla/5.0 (Windows NT 10.0; Win64; x64) AppleWebKit/537.36 (KHTML, like Gecko) Chrome/126.0.0.0 Safari/537.36"
66.29.132.124 - - [27/Dec/2024:03:21:05 -0500] "POST /wp-cron.php?doing_wp_cron=1735287665.6635580062866210937500 HTTP/1.1" 200 0 "-" "WordPress/6.7.1; https://misswavenigeria.com"
194.32.122.81 - - [27/Dec/2024:03:21:05 -0500] "GET / HTTP/1.0" 200 109053 "https://misswavenigeria.com/" "Mozilla/5.0 (Windows NT 6.3; Win64; x64) AppleWebKit/537.36 (KHTML, like Gecko) Chrome/103.0.0.0 Safari/537.36"
66.29.132.124 - - [27/Dec/2024:03:21:05 -0500] "POST /wp-admin/admin-ajax.php?action=async_litespeed&nonce=R3i7gKFZ3c3MMnXB8qsRi1ZZvG25NJuh&litespeed_type=imgoptm HTTP/1.1" 200 21 "-" "WordPress/6.7.1; https://misswavenigeria.com"
194.32.122.81 - - [27/Dec/2024:03:21:08 -0500] "GET /register/ HTTP/1.0" 200 75922 "https://misswavenigeria.com/register/" "Mozilla/5.0 (Windows NT 6.3; Win64; x64) AppleWebKit/537.36 (KHTML, like Gecko) Chrome/103.0.0.0 Safari/537.36"
66.29.132.124 - - [27/Dec/2024:03:21:41 -0500] "POST /wp-cron.php?doing_wp_cron=1735287701.3069820404052734375000 HTTP/1.1" 200 0 "-" "WordPress/6.7.1; https://misswavenigeria.com"
45.117.171.134 - - [27/Dec/2024:03:21:41 -0500] "POST /xmlrpc.php HTTP/1.1" 200 205 "-" "Mozilla/5.0 (Windows NT 10.0; Win64; x64) AppleWebKit/537.36 (KHTML, like Gecko) Chrome/126.0.0.0 Safari/537.36"
66.29.132.124 - - [27/Dec/2024:03:21:41 -0500] "POST /wp-admin/admin-ajax.php?action=async_litespeed&nonce=uHea65UqMUAOLBKqQavArAbwq859Q97N&litespeed_type=imgoptm HTTP/1.1" 200 21 "-" "WordPress/6.7.1; https://misswavenigeria.com"
66.29.134.170 - - [27/Dec/2024:03:21:59 -0500] "POST /xmlrpc.php HTTP/1.1" 200 205 "-" "Mozilla/5.0 (Windows NT 10.0; Win64; x64) AppleWebKit/537.36 (KHTML, like Gecko) Chrome/126.0.0.0 Safari/537.36"
66.29.132.124 - - [27/Dec/2024:03:22:37 -0500] "POST /wp-cron.php?doing_wp_cron=1735287757.3492469787597656250000 HTTP/1.1" 200 0 "-" "WordPress/6.7.1; https://misswavenigeria.com"
45.76.163.134 - - [27/Dec/2024:03:22:36 -0500] "POST /xmlrpc.php HTTP/1.1" 200 205 "-" "Mozilla/5.0 (Windows NT 10.0; Win64; x64) AppleWebKit/537.36 (KHTML, like Gecko) Chrome/126.0.0.0 Safari/537.36"
194.32.122.81 - - [27/Dec/2024:03:21:09 -0500] "POST /register/ HTTP/1.0" 200 76048 "https://misswavenigeria.com/register/" "Mozilla/5.0 (Windows NT 6.3; Win64; x64) AppleWebKit/537.36 (KHTML, like Gecko) Chrome/103.0.0.0 Safari/537.36"
66.29.132.124 - - [27/Dec/2024:03:23:02 -0500] "POST /wp-cron.php?doing_wp_cron=1735287782.6064660549163818359375 HTTP/1.1" 200 0 "-" "WordPress/6.7.1; https://misswavenigeria.com"
194.32.122.81 - - [27/Dec/2024:03:23:02 -0500] "GET /register/ HTTP/1.0" 200 75922 "https://misswavenigeria.com/" "Mozilla/5.0 (Windows NT 6.3; Win64; x64) AppleWebKit/537.36 (KHTML, like Gecko) Chrome/103.0.0.0 Safari/537.36"
66.29.132.124 - - [27/Dec/2024:03:23:02 -0500] "POST /wp-admin/admin-ajax.php?action=async_litespeed&nonce=YlmhqqlmObycNiKyud0ZZdMYr9bRxD5m&litespeed_type=imgoptm HTTP/1.1" 200 21 "-" "WordPress/6.7.1; https://misswavenigeria.com"
97.74.81.214 - - [27/Dec/2024:03:23:22 -0500] "POST /xmlrpc.php HTTP/1.1" 200 205 "-" "Mozilla/5.0 (Windows NT 10.0; Win64; x64) AppleWebKit/537.36 (KHTML, like Gecko) Chrome/126.0.0.0 Safari/537.36"
