103.169.160.90 - - [26/Dec/2024:17:40:31 -0500] "POST /xmlrpc.php HTTP/1.1" 200 403 "-" "Mozilla/5.0 (Windows NT 10.0; Win64; x64) AppleWebKit/537.36 (KHTML, like Gecko) Chrome/88.0.4324.104 Safari/537.36"
66.29.132.124 - - [26/Dec/2024:17:40:43 -0500] "POST /wp-admin/admin-ajax.php?action=async_litespeed&nonce=T02N6PExpXEfO8RYhwjkDNNNgj4QP537&litespeed_type=imgoptm HTTP/1.1" 200 0 "-" "WordPress/6.7.1; https://misswavenigeria.com"
196.196.53.142 - - [26/Dec/2024:17:39:11 -0500] "POST /register/ HTTP/1.0" 200 0 "https://misswavenigeria.com/register/" "Mozilla/5.0 (Windows NT 6.3; Win64; x64) AppleWebKit/537.36 (KHTML, like Gecko) Chrome/103.0.0.0 Safari/537.36"
196.196.53.142 - - [26/Dec/2024:17:41:42 -0500] "GET /register/ HTTP/1.0" 200 75922 "https://misswavenigeria.com/" "Mozilla/5.0 (Windows NT 6.3; Win64; x64) AppleWebKit/537.36 (KHTML, like Gecko) Chrome/103.0.0.0 Safari/537.36"
196.196.53.142 - - [26/Dec/2024:17:42:04 -0500] "GET / HTTP/1.0" 200 109053 "https://misswavenigeria.com/" "Mozilla/5.0 (Windows NT 6.1; Win64; x64) AppleWebKit/537.36 (KHTML, like Gecko) Chrome/103.0.0.0 Safari/537.36"
196.196.53.142 - - [26/Dec/2024:17:42:06 -0500] "GET /register/ HTTP/1.0" 200 75922 "https://misswavenigeria.com/register/" "Mozilla/5.0 (Windows NT 6.1; Win64; x64) AppleWebKit/537.36 (KHTML, like Gecko) Chrome/103.0.0.0 Safari/537.36"
196.196.53.142 - - [26/Dec/2024:17:42:07 -0500] "POST /register/ HTTP/1.0" 200 0 "https://misswavenigeria.com/register/" "Mozilla/5.0 (Windows NT 6.1; Win64; x64) AppleWebKit/537.36 (KHTML, like Gecko) Chrome/103.0.0.0 Safari/537.36"
196.196.53.142 - - [26/Dec/2024:17:44:38 -0500] "GET /register/ HTTP/1.0" 200 75922 "https://misswavenigeria.com/" "Mozilla/5.0 (Windows NT 6.1; Win64; x64) AppleWebKit/537.36 (KHTML, like Gecko) Chrome/103.0.0.0 Safari/537.36"
196.196.53.142 - - [26/Dec/2024:17:44:57 -0500] "GET / HTTP/1.0" 200 109053 "https://misswavenigeria.com/" "Mozilla/5.0 (Windows NT 10.0; Win64; x64) AppleWebKit/537.36 (KHTML, like Gecko) Chrome/103.0.5060.53 Safari/537.36"
196.196.53.142 - - [26/Dec/2024:17:44:59 -0500] "GET /register/ HTTP/1.0" 200 75922 "https://misswavenigeria.com/register/" "Mozilla/5.0 (Windows NT 10.0; Win64; x64) AppleWebKit/537.36 (KHTML, like Gecko) Chrome/103.0.5060.53 Safari/537.36"
66.29.132.124 - - [26/Dec/2024:17:45:18 -0500] "POST /wp-cron.php?doing_wp_cron=1735253117.4416019916534423828125 HTTP/1.1" 200 0 "-" "WordPress/6.7.1; https://misswavenigeria.com"
66.29.132.124 - - [26/Dec/2024:17:45:29 -0500] "POST /wp-admin/admin-ajax.php?action=async_litespeed&nonce=IjPTUhaIoiWX3am5OvzkijEBdh0pNCs2&litespeed_type=imgoptm HTTP/1.1" 200 0 "-" "WordPress/6.7.1; https://misswavenigeria.com"
196.196.53.142 - - [26/Dec/2024:17:45:01 -0500] "POST /register/ HTTP/1.0" 200 0 "https://misswavenigeria.com/register/" "Mozilla/5.0 (Windows NT 10.0; Win64; x64) AppleWebKit/537.36 (KHTML, like Gecko) Chrome/103.0.5060.53 Safari/537.36"
196.196.53.142 - - [26/Dec/2024:17:47:31 -0500] "GET /register/ HTTP/1.0" 200 75922 "https://misswavenigeria.com/" "Mozilla/5.0 (Windows NT 10.0; Win64; x64) AppleWebKit/537.36 (KHTML, like Gecko) Chrome/103.0.5060.53 Safari/537.36"
196.196.53.142 - - [26/Dec/2024:17:47:50 -0500] "GET / HTTP/1.0" 200 109053 "https://misswavenigeria.com/" "Mozilla/5.0 (Windows NT 10.0; Win64; x64) AppleWebKit/537.36 (KHTML, like Gecko) Chrome/103.0.0.0 Safari/537.36 Herring/95.1.8810.11"
196.196.53.142 - - [26/Dec/2024:17:47:52 -0500] "GET /register/ HTTP/1.0" 200 75922 "https://misswavenigeria.com/register/" "Mozilla/5.0 (Windows NT 10.0; Win64; x64) AppleWebKit/537.36 (KHTML, like Gecko) Chrome/103.0.0.0 Safari/537.36 Herring/95.1.8810.11"
66.29.132.124 - - [26/Dec/2024:17:48:13 -0500] "POST /wp-cron.php?doing_wp_cron=1735253293.0511240959167480468750 HTTP/1.1" 200 0 "-" "WordPress/6.7.1; https://misswavenigeria.com"
196.196.53.142 - - [26/Dec/2024:17:47:54 -0500] "POST /register/ HTTP/1.0" 200 0 "https://misswavenigeria.com/register/" "Mozilla/5.0 (Windows NT 10.0; Win64; x64) AppleWebKit/537.36 (KHTML, like Gecko) Chrome/103.0.0.0 Safari/537.36 Herring/95.1.8810.11"
196.196.53.142 - - [26/Dec/2024:17:50:25 -0500] "GET /register/ HTTP/1.0" 200 75922 "https://misswavenigeria.com/" "Mozilla/5.0 (Windows NT 10.0; Win64; x64) AppleWebKit/537.36 (KHTML, like Gecko) Chrome/103.0.0.0 Safari/537.36 Herring/95.1.8810.11"
196.196.53.142 - - [26/Dec/2024:17:50:45 -0500] "GET / HTTP/1.0" 200 109053 "https://misswavenigeria.com/" "Mozilla/5.0 (Windows NT 6.1; Win64; x64) AppleWebKit/537.36 (KHTML, like Gecko) Chrome/103.0.5060.114 Safari/537.36"
196.196.53.142 - - [26/Dec/2024:17:50:47 -0500] "GET /register/ HTTP/1.0" 200 75922 "https://misswavenigeria.com/register/" "Mozilla/5.0 (Windows NT 6.1; Win64; x64) AppleWebKit/537.36 (KHTML, like Gecko) Chrome/103.0.5060.114 Safari/537.36"
66.29.132.124 - - [26/Dec/2024:17:50:58 -0500] "POST /wp-cron.php?doing_wp_cron=1735253457.6618781089782714843750 HTTP/1.1" 200 0 "-" "WordPress/6.7.1; https://misswavenigeria.com"
66.29.132.124 - - [26/Dec/2024:17:51:06 -0500] "POST /wp-admin/admin-ajax.php?action=async_litespeed&nonce=up7cPMkjgsrdSvGxZuLdgDxAWzKb3x1C&litespeed_type=imgoptm HTTP/1.1" 200 0 "-" "WordPress/6.7.1; https://misswavenigeria.com"
196.196.53.142 - - [26/Dec/2024:17:50:49 -0500] "POST /register/ HTTP/1.0" 200 0 "https://misswavenigeria.com/register/" "Mozilla/5.0 (Windows NT 6.1; Win64; x64) AppleWebKit/537.36 (KHTML, like Gecko) Chrome/103.0.5060.114 Safari/537.36"
196.196.53.142 - - [26/Dec/2024:17:53:20 -0500] "GET /register/ HTTP/1.0" 200 75922 "https://misswavenigeria.com/" "Mozilla/5.0 (Windows NT 6.1; Win64; x64) AppleWebKit/537.36 (KHTML, like Gecko) Chrome/103.0.5060.114 Safari/537.36"
196.196.53.142 - - [26/Dec/2024:17:53:43 -0500] "GET / HTTP/1.0" 200 109053 "https://misswavenigeria.com/" "Mozilla/5.0 (Windows NT 6.3; WOW64) AppleWebKit/537.36 (KHTML, like Gecko) Chrome/103.0.0.0 Safari/537.36"
196.196.53.142 - - [26/Dec/2024:17:53:45 -0500] "GET /register/ HTTP/1.0" 200 75922 "https://misswavenigeria.com/register/" "Mozilla/5.0 (Windows NT 6.3; WOW64) AppleWebKit/537.36 (KHTML, like Gecko) Chrome/103.0.0.0 Safari/537.36"
66.29.132.124 - - [26/Dec/2024:17:53:58 -0500] "POST /wp-cron.php?doing_wp_cron=1735253638.2341001033782958984375 HTTP/1.1" 200 0 "-" "WordPress/6.7.1; https://misswavenigeria.com"
66.29.132.124 - - [26/Dec/2024:17:54:16 -0500] "POST /wp-admin/admin-ajax.php?action=async_litespeed&nonce=EkhwQxJFk9ylQ5ZK2zpkfFvknFUwlFJf&litespeed_type=imgoptm HTTP/1.1" 200 0 "-" "WordPress/6.7.1; https://misswavenigeria.com"
66.29.132.124 - - [26/Dec/2024:17:54:29 -0500] "POST /wp-cron.php?doing_wp_cron=1735253668.6333930492401123046875 HTTP/1.1" 200 0 "-" "WordPress/6.7.1; https://misswavenigeria.com"
196.196.53.142 - - [26/Dec/2024:17:53:47 -0500] "POST /register/ HTTP/1.0" 200 0 "https://misswavenigeria.com/register/" "Mozilla/5.0 (Windows NT 6.3; WOW64) AppleWebKit/537.36 (KHTML, like Gecko) Chrome/103.0.0.0 Safari/537.36"
196.196.53.142 - - [26/Dec/2024:17:56:17 -0500] "GET /register/ HTTP/1.0" 200 75922 "https://misswavenigeria.com/" "Mozilla/5.0 (Windows NT 6.3; WOW64) AppleWebKit/537.36 (KHTML, like Gecko) Chrome/103.0.0.0 Safari/537.36"
196.196.53.142 - - [26/Dec/2024:17:56:38 -0500] "GET / HTTP/1.0" 200 109053 "https://misswavenigeria.com/" "Mozilla/5.0 (Windows NT 10.0; Win64; x64) AppleWebKit/537.36 (KHTML, like Gecko) Chrome/103.0.5042.0 Safari/537.36"
196.196.53.142 - - [26/Dec/2024:17:56:40 -0500] "GET /register/ HTTP/1.0" 200 75922 "https://misswavenigeria.com/register/" "Mozilla/5.0 (Windows NT 10.0; Win64; x64) AppleWebKit/537.36 (KHTML, like Gecko) Chrome/103.0.5042.0 Safari/537.36"
66.29.132.124 - - [26/Dec/2024:17:56:57 -0500] "POST /wp-cron.php?doing_wp_cron=1735253817.0399799346923828125000 HTTP/1.1" 200 0 "-" "WordPress/6.7.1; https://misswavenigeria.com"
196.196.53.142 - - [26/Dec/2024:17:56:42 -0500] "POST /register/ HTTP/1.0" 200 0 "https://misswavenigeria.com/register/" "Mozilla/5.0 (Windows NT 10.0; Win64; x64) AppleWebKit/537.36 (KHTML, like Gecko) Chrome/103.0.5042.0 Safari/537.36"
196.196.53.142 - - [26/Dec/2024:17:59:13 -0500] "GET /register/ HTTP/1.0" 200 75922 "https://misswavenigeria.com/" "Mozilla/5.0 (Windows NT 10.0; Win64; x64) AppleWebKit/537.36 (KHTML, like Gecko) Chrome/103.0.5042.0 Safari/537.36"
196.196.53.142 - - [26/Dec/2024:17:59:28 -0500] "GET / HTTP/1.0" 200 109053 "https://misswavenigeria.com/" "Mozilla/5.0 (Windows NT 6.1) AppleWebKit/537.36 (KHTML, like Gecko) Chrome/103.0.5060.114 Safari/537.36"
196.196.53.142 - - [26/Dec/2024:17:59:30 -0500] "GET /register/ HTTP/1.0" 200 75922 "https://misswavenigeria.com/register/" "Mozilla/5.0 (Windows NT 6.1) AppleWebKit/537.36 (KHTML, like Gecko) Chrome/103.0.5060.114 Safari/537.36"
66.29.132.124 - - [26/Dec/2024:18:00:00 -0500] "POST /wp-cron.php?doing_wp_cron=1735253999.8338429927825927734375 HTTP/1.1" 200 0 "-" "WordPress/6.7.1; https://misswavenigeria.com"
66.29.132.124 - - [26/Dec/2024:18:00:13 -0500] "POST /wp-admin/admin-ajax.php?action=async_litespeed&nonce=AWvMv3fnQ5poHDb3Zl05DEDsTfrz1nRd&litespeed_type=imgoptm HTTP/1.1" 200 0 "-" "WordPress/6.7.1; https://misswavenigeria.com"
66.29.132.124 - - [26/Dec/2024:18:00:28 -0500] "POST /wp-cron.php?doing_wp_cron=1735254028.0369389057159423828125 HTTP/1.1" 200 0 "-" "WordPress/6.7.1; https://misswavenigeria.com"
196.196.53.142 - - [26/Dec/2024:17:59:31 -0500] "POST /register/ HTTP/1.0" 200 0 "https://misswavenigeria.com/register/" "Mozilla/5.0 (Windows NT 6.1) AppleWebKit/537.36 (KHTML, like Gecko) Chrome/103.0.5060.114 Safari/537.36"
196.196.53.142 - - [26/Dec/2024:18:02:02 -0500] "GET /register/ HTTP/1.0" 200 75922 "https://misswavenigeria.com/" "Mozilla/5.0 (Windows NT 6.1) AppleWebKit/537.36 (KHTML, like Gecko) Chrome/103.0.5060.114 Safari/537.36"
196.196.53.142 - - [26/Dec/2024:18:02:31 -0500] "GET / HTTP/1.0" 200 109053 "https://misswavenigeria.com/" "Mozilla/5.0 (Windows NT 6.3; Win64; x64) AppleWebKit/537.36 (KHTML, like Gecko) Chrome/103.0.5060.114 Safari/537.36"
196.196.53.142 - - [26/Dec/2024:18:02:33 -0500] "GET /register/ HTTP/1.0" 200 75922 "https://misswavenigeria.com/register/" "Mozilla/5.0 (Windows NT 6.3; Win64; x64) AppleWebKit/537.36 (KHTML, like Gecko) Chrome/103.0.5060.114 Safari/537.36"
66.29.132.124 - - [26/Dec/2024:18:02:44 -0500] "POST /wp-cron.php?doing_wp_cron=1735254163.3374309539794921875000 HTTP/1.1" 200 0 "-" "WordPress/6.7.1; https://misswavenigeria.com"
66.29.132.124 - - [26/Dec/2024:18:02:54 -0500] "POST /wp-admin/admin-ajax.php?action=async_litespeed&nonce=oOT4A0BiogtEftsvwAwbcQWlDQ1etyty&litespeed_type=imgoptm HTTP/1.1" 200 0 "-" "WordPress/6.7.1; https://misswavenigeria.com"
196.196.53.142 - - [26/Dec/2024:18:02:35 -0500] "POST /register/ HTTP/1.0" 200 0 "https://misswavenigeria.com/register/" "Mozilla/5.0 (Windows NT 6.3; Win64; x64) AppleWebKit/537.36 (KHTML, like Gecko) Chrome/103.0.5060.114 Safari/537.36"
196.196.53.142 - - [26/Dec/2024:18:05:05 -0500] "GET /register/ HTTP/1.0" 200 75922 "https://misswavenigeria.com/" "Mozilla/5.0 (Windows NT 6.3; Win64; x64) AppleWebKit/537.36 (KHTML, like Gecko) Chrome/103.0.5060.114 Safari/537.36"
196.196.53.142 - - [26/Dec/2024:18:05:27 -0500] "GET / HTTP/1.0" 200 109053 "https://misswavenigeria.com/" "Mozilla/5.0 (Windows NT 6.3; Win64; x64) AppleWebKit/537.36 (KHTML, like Gecko) Chrome/103.0.5060.53 Safari/537.36"
196.196.53.142 - - [26/Dec/2024:18:05:29 -0500] "GET /register/ HTTP/1.0" 200 75922 "https://misswavenigeria.com/register/" "Mozilla/5.0 (Windows NT 6.3; Win64; x64) AppleWebKit/537.36 (KHTML, like Gecko) Chrome/103.0.5060.53 Safari/537.36"
196.196.53.142 - - [26/Dec/2024:18:05:31 -0500] "POST /register/ HTTP/1.0" 200 0 "https://misswavenigeria.com/register/" "Mozilla/5.0 (Windows NT 6.3; Win64; x64) AppleWebKit/537.36 (KHTML, like Gecko) Chrome/103.0.5060.53 Safari/537.36"
196.196.53.142 - - [26/Dec/2024:18:08:01 -0500] "GET /register/ HTTP/1.0" 200 75922 "https://misswavenigeria.com/" "Mozilla/5.0 (Windows NT 6.3; Win64; x64) AppleWebKit/537.36 (KHTML, like Gecko) Chrome/103.0.5060.53 Safari/537.36"
196.196.53.142 - - [26/Dec/2024:18:08:24 -0500] "GET / HTTP/1.0" 200 109053 "https://misswavenigeria.com/" "Mozilla/5.0 (Windows NT 10.0; Win64; x64) AppleWebKit/537.36 (KHTML, like Gecko) Chrome/103.0.5060.114 Safari/537.36"
196.196.53.142 - - [26/Dec/2024:18:08:26 -0500] "GET /register/ HTTP/1.0" 200 75922 "https://misswavenigeria.com/register/" "Mozilla/5.0 (Windows NT 10.0; Win64; x64) AppleWebKit/537.36 (KHTML, like Gecko) Chrome/103.0.5060.114 Safari/537.36"
66.29.132.124 - - [26/Dec/2024:18:08:36 -0500] "POST /wp-cron.php?doing_wp_cron=1735254516.1354711055755615234375 HTTP/1.1" 200 0 "-" "WordPress/6.7.1; https://misswavenigeria.com"
66.29.132.124 - - [26/Dec/2024:18:08:45 -0500] "POST /wp-admin/admin-ajax.php?action=async_litespeed&nonce=eO2awOzf0s7sMrX2S0PVcDwharybLNtv&litespeed_type=imgoptm HTTP/1.1" 200 0 "-" "WordPress/6.7.1; https://misswavenigeria.com"
66.29.132.124 - - [26/Dec/2024:18:08:57 -0500] "POST /wp-cron.php?doing_wp_cron=1735254536.9455730915069580078125 HTTP/1.1" 200 0 "-" "WordPress/6.7.1; https://misswavenigeria.com"
66.29.132.124 - - [26/Dec/2024:18:09:06 -0500] "POST /wp-admin/admin-ajax.php?action=async_litespeed&nonce=s9c0tAKbaVkQ9hmDu4jrb8iJD182oLHf&litespeed_type=imgoptm HTTP/1.1" 200 0 "-" "WordPress/6.7.1; https://misswavenigeria.com"
196.196.53.142 - - [26/Dec/2024:18:08:27 -0500] "POST /register/ HTTP/1.0" 200 0 "https://misswavenigeria.com/register/" "Mozilla/5.0 (Windows NT 10.0; Win64; x64) AppleWebKit/537.36 (KHTML, like Gecko) Chrome/103.0.5060.114 Safari/537.36"
196.196.53.142 - - [26/Dec/2024:18:10:58 -0500] "GET /register/ HTTP/1.0" 200 75922 "https://misswavenigeria.com/" "Mozilla/5.0 (Windows NT 10.0; Win64; x64) AppleWebKit/537.36 (KHTML, like Gecko) Chrome/103.0.5060.114 Safari/537.36"
196.196.53.142 - - [26/Dec/2024:18:11:18 -0500] "GET / HTTP/1.0" 200 109053 "https://misswavenigeria.com/" "Mozilla/5.0 (Windows NT 6.3; Win64; x64) AppleWebKit/537.36 (KHTML, like Gecko) Chrome/103.0.0.0 Safari/537.36"
196.196.53.142 - - [26/Dec/2024:18:11:20 -0500] "GET /register/ HTTP/1.0" 200 75922 "https://misswavenigeria.com/register/" "Mozilla/5.0 (Windows NT 6.3; Win64; x64) AppleWebKit/537.36 (KHTML, like Gecko) Chrome/103.0.0.0 Safari/537.36"
66.29.132.124 - - [26/Dec/2024:18:11:25 -0500] "POST /wp-cron.php?doing_wp_cron=1735254684.7506890296936035156250 HTTP/1.1" 200 0 "-" "WordPress/6.7.1; https://misswavenigeria.com"
66.29.132.124 - - [26/Dec/2024:18:11:31 -0500] "POST /wp-admin/admin-ajax.php?action=async_litespeed&nonce=OQPP55dlWY8AzrXTuXOqnItb1b6mZq3L&litespeed_type=imgoptm HTTP/1.1" 200 0 "-" "WordPress/6.7.1; https://misswavenigeria.com"
196.196.53.142 - - [26/Dec/2024:18:11:22 -0500] "POST /register/ HTTP/1.0" 200 0 "https://misswavenigeria.com/register/" "Mozilla/5.0 (Windows NT 6.3; Win64; x64) AppleWebKit/537.36 (KHTML, like Gecko) Chrome/103.0.0.0 Safari/537.36"
196.196.53.142 - - [26/Dec/2024:18:13:53 -0500] "GET /register/ HTTP/1.0" 200 75922 "https://misswavenigeria.com/" "Mozilla/5.0 (Windows NT 6.3; Win64; x64) AppleWebKit/537.36 (KHTML, like Gecko) Chrome/103.0.0.0 Safari/537.36"
196.196.53.142 - - [26/Dec/2024:18:14:14 -0500] "GET / HTTP/1.0" 200 109053 "https://misswavenigeria.com/" "Mozilla/5.0 (Windows NT 10.0; Win64; x64) AppleWebKit/537.36 (KHTML, like Gecko) Chrome/103.0.5042.0 Safari/537.36"
196.196.53.142 - - [26/Dec/2024:18:14:16 -0500] "GET /register/ HTTP/1.0" 200 75922 "https://misswavenigeria.com/register/" "Mozilla/5.0 (Windows NT 10.0; Win64; x64) AppleWebKit/537.36 (KHTML, like Gecko) Chrome/103.0.5042.0 Safari/537.36"
66.29.132.124 - - [26/Dec/2024:18:14:19 -0500] "POST /wp-cron.php?doing_wp_cron=1735254859.4407420158386230468750 HTTP/1.1" 200 0 "-" "WordPress/6.7.1; https://misswavenigeria.com"
66.29.132.124 - - [26/Dec/2024:18:14:22 -0500] "POST /wp-admin/admin-ajax.php?action=async_litespeed&nonce=qbjQIbIO8z9IxpuQHXIXCKBgwBnkXbke&litespeed_type=imgoptm HTTP/1.1" 200 0 "-" "WordPress/6.7.1; https://misswavenigeria.com"
196.196.53.142 - - [26/Dec/2024:18:14:17 -0500] "POST /register/ HTTP/1.0" 200 0 "https://misswavenigeria.com/register/" "Mozilla/5.0 (Windows NT 10.0; Win64; x64) AppleWebKit/537.36 (KHTML, like Gecko) Chrome/103.0.5042.0 Safari/537.36"
196.196.53.142 - - [26/Dec/2024:18:16:48 -0500] "GET /register/ HTTP/1.0" 200 75922 "https://misswavenigeria.com/" "Mozilla/5.0 (Windows NT 10.0; Win64; x64) AppleWebKit/537.36 (KHTML, like Gecko) Chrome/103.0.5042.0 Safari/537.36"
196.196.53.142 - - [26/Dec/2024:18:17:12 -0500] "GET / HTTP/1.0" 200 109053 "https://misswavenigeria.com/" "Mozilla/5.0 (Windows NT 6.1) AppleWebKit/537.36 (KHTML, like Gecko) Chrome/103.0.0.0 Safari/537.36"
196.196.53.142 - - [26/Dec/2024:18:17:14 -0500] "GET /register/ HTTP/1.0" 200 75922 "https://misswavenigeria.com/register/" "Mozilla/5.0 (Windows NT 6.1) AppleWebKit/537.36 (KHTML, like Gecko) Chrome/103.0.0.0 Safari/537.36"
66.29.132.124 - - [26/Dec/2024:18:17:17 -0500] "POST /wp-cron.php?doing_wp_cron=1735255037.1499218940734863281250 HTTP/1.1" 200 0 "-" "WordPress/6.7.1; https://misswavenigeria.com"
66.29.132.124 - - [26/Dec/2024:18:17:19 -0500] "POST /wp-admin/admin-ajax.php?action=async_litespeed&nonce=s5oYImq4TL3ghcksqsjz3NNxBAJqiqSL&litespeed_type=imgoptm HTTP/1.1" 200 0 "-" "WordPress/6.7.1; https://misswavenigeria.com"
196.196.53.142 - - [26/Dec/2024:18:17:15 -0500] "POST /register/ HTTP/1.0" 200 0 "https://misswavenigeria.com/register/" "Mozilla/5.0 (Windows NT 6.1) AppleWebKit/537.36 (KHTML, like Gecko) Chrome/103.0.0.0 Safari/537.36"
196.196.53.142 - - [26/Dec/2024:18:19:46 -0500] "GET /register/ HTTP/1.0" 200 75922 "https://misswavenigeria.com/" "Mozilla/5.0 (Windows NT 6.1) AppleWebKit/537.36 (KHTML, like Gecko) Chrome/103.0.0.0 Safari/537.36"
196.196.53.142 - - [26/Dec/2024:18:20:07 -0500] "GET / HTTP/1.0" 200 109053 "https://misswavenigeria.com/" "Mozilla/5.0 (Windows NT 6.3; WOW64) AppleWebKit/537.36 (KHTML, like Gecko) Chrome/103.0.0.0 Safari/537.36"
196.196.53.142 - - [26/Dec/2024:18:20:09 -0500] "GET /register/ HTTP/1.0" 200 75922 "https://misswavenigeria.com/register/" "Mozilla/5.0 (Windows NT 6.3; WOW64) AppleWebKit/537.36 (KHTML, like Gecko) Chrome/103.0.0.0 Safari/537.36"
66.29.132.124 - - [26/Dec/2024:18:20:12 -0500] "POST /wp-cron.php?doing_wp_cron=1735255212.7108609676361083984375 HTTP/1.1" 200 0 "-" "WordPress/6.7.1; https://misswavenigeria.com"
66.29.132.124 - - [26/Dec/2024:18:20:15 -0500] "POST /wp-admin/admin-ajax.php?action=async_litespeed&nonce=p3Fg7Eza0EW0tii4j84bPaT8szyKqCAd&litespeed_type=imgoptm HTTP/1.1" 200 0 "-" "WordPress/6.7.1; https://misswavenigeria.com"
196.196.53.142 - - [26/Dec/2024:18:20:10 -0500] "POST /register/ HTTP/1.0" 200 0 "https://misswavenigeria.com/register/" "Mozilla/5.0 (Windows NT 6.3; WOW64) AppleWebKit/537.36 (KHTML, like Gecko) Chrome/103.0.0.0 Safari/537.36"
196.196.53.142 - - [26/Dec/2024:18:22:41 -0500] "GET /register/ HTTP/1.0" 200 75922 "https://misswavenigeria.com/" "Mozilla/5.0 (Windows NT 6.3; WOW64) AppleWebKit/537.36 (KHTML, like Gecko) Chrome/103.0.0.0 Safari/537.36"
196.196.53.142 - - [26/Dec/2024:18:23:03 -0500] "GET / HTTP/1.0" 200 109053 "https://misswavenigeria.com/" "Mozilla/5.0 (Windows NT 6.1; WOW64) AppleWebKit/537.36 (KHTML, like Gecko) Chrome/103.0.0.0 Safari/537.36"
196.196.53.142 - - [26/Dec/2024:18:23:05 -0500] "GET /register/ HTTP/1.0" 200 75922 "https://misswavenigeria.com/register/" "Mozilla/5.0 (Windows NT 6.1; WOW64) AppleWebKit/537.36 (KHTML, like Gecko) Chrome/103.0.0.0 Safari/537.36"
66.29.132.124 - - [26/Dec/2024:18:23:10 -0500] "POST /wp-cron.php?doing_wp_cron=1735255389.8766460418701171875000 HTTP/1.1" 200 0 "-" "WordPress/6.7.1; https://misswavenigeria.com"
66.29.132.124 - - [26/Dec/2024:18:23:14 -0500] "POST /wp-admin/admin-ajax.php?action=async_litespeed&nonce=ivwx60mQVajj3RLyWRRh9Qr7iFVT3kuc&litespeed_type=imgoptm HTTP/1.1" 200 0 "-" "WordPress/6.7.1; https://misswavenigeria.com"
196.196.53.142 - - [26/Dec/2024:18:23:07 -0500] "POST /register/ HTTP/1.0" 200 0 "https://misswavenigeria.com/register/" "Mozilla/5.0 (Windows NT 6.1; WOW64) AppleWebKit/537.36 (KHTML, like Gecko) Chrome/103.0.0.0 Safari/537.36"
196.196.53.142 - - [26/Dec/2024:18:25:37 -0500] "GET /register/ HTTP/1.0" 200 75922 "https://misswavenigeria.com/" "Mozilla/5.0 (Windows NT 6.1; WOW64) AppleWebKit/537.36 (KHTML, like Gecko) Chrome/103.0.0.0 Safari/537.36"
196.196.53.142 - - [26/Dec/2024:18:25:58 -0500] "GET / HTTP/1.0" 200 109053 "https://misswavenigeria.com/" "Mozilla/5.0 (Windows NT 6.1; WOW64) AppleWebKit/537.36 (KHTML, like Gecko) Chrome/103.0.0.0 Safari/537.36"
196.196.53.142 - - [26/Dec/2024:18:26:00 -0500] "GET /register/ HTTP/1.0" 200 75922 "https://misswavenigeria.com/register/" "Mozilla/5.0 (Windows NT 6.1; WOW64) AppleWebKit/537.36 (KHTML, like Gecko) Chrome/103.0.0.0 Safari/537.36"
66.29.132.124 - - [26/Dec/2024:18:26:03 -0500] "POST /wp-cron.php?doing_wp_cron=1735255563.4210200309753417968750 HTTP/1.1" 200 0 "-" "WordPress/6.7.1; https://misswavenigeria.com"
66.29.132.124 - - [26/Dec/2024:18:26:07 -0500] "POST /wp-admin/admin-ajax.php?action=async_litespeed&nonce=8QQl6YgfNMNFwvDxnTOlfgXguK8mgPbZ&litespeed_type=imgoptm HTTP/1.1" 200 0 "-" "WordPress/6.7.1; https://misswavenigeria.com"
157.173.122.176 - - [26/Dec/2024:18:27:40 -0500] "GET / HTTP/1.1" 200 24480 "-" "Mozilla/5.0 (Windows NT 10.0; Win64; x64) AppleWebKit/537.36 (KHTML, like Gecko) Chrome/91.0.4472.114 Safari/537.36 Edg/91.0.864.54"
196.196.53.142 - - [26/Dec/2024:18:26:01 -0500] "POST /register/ HTTP/1.0" 200 0 "https://misswavenigeria.com/register/" "Mozilla/5.0 (Windows NT 6.1; WOW64) AppleWebKit/537.36 (KHTML, like Gecko) Chrome/103.0.0.0 Safari/537.36"
196.196.53.142 - - [26/Dec/2024:18:28:32 -0500] "GET /register/ HTTP/1.0" 200 75922 "https://misswavenigeria.com/" "Mozilla/5.0 (Windows NT 6.1; WOW64) AppleWebKit/537.36 (KHTML, like Gecko) Chrome/103.0.0.0 Safari/537.36"
196.196.53.142 - - [26/Dec/2024:18:28:51 -0500] "GET / HTTP/1.0" 200 109053 "https://misswavenigeria.com/" "Mozilla/5.0 (Windows NT 6.1) AppleWebKit/537.36 (KHTML, like Gecko) Chrome/103.0.5060.114 Safari/537.36"
196.196.53.142 - - [26/Dec/2024:18:28:53 -0500] "GET /register/ HTTP/1.0" 200 75922 "https://misswavenigeria.com/register/" "Mozilla/5.0 (Windows NT 6.1) AppleWebKit/537.36 (KHTML, like Gecko) Chrome/103.0.5060.114 Safari/537.36"
66.29.132.124 - - [26/Dec/2024:18:28:59 -0500] "POST /wp-cron.php?doing_wp_cron=1735255738.9599649906158447265625 HTTP/1.1" 200 0 "-" "WordPress/6.7.1; https://misswavenigeria.com"
66.29.132.124 - - [26/Dec/2024:18:29:03 -0500] "POST /wp-admin/admin-ajax.php?action=async_litespeed&nonce=ATFCRqmCnzfIcnmn2HX2nKdWUbwVqk31&litespeed_type=imgoptm HTTP/1.1" 200 0 "-" "WordPress/6.7.1; https://misswavenigeria.com"
196.196.53.142 - - [26/Dec/2024:18:28:55 -0500] "POST /register/ HTTP/1.0" 200 0 "https://misswavenigeria.com/register/" "Mozilla/5.0 (Windows NT 6.1) AppleWebKit/537.36 (KHTML, like Gecko) Chrome/103.0.5060.114 Safari/537.36"
196.196.53.142 - - [26/Dec/2024:18:31:26 -0500] "GET /register/ HTTP/1.0" 200 75922 "https://misswavenigeria.com/" "Mozilla/5.0 (Windows NT 6.1) AppleWebKit/537.36 (KHTML, like Gecko) Chrome/103.0.5060.114 Safari/537.36"
196.196.53.142 - - [26/Dec/2024:18:31:47 -0500] "GET / HTTP/1.0" 200 109053 "https://misswavenigeria.com/" "Mozilla/5.0 (Windows NT 10.0; Win64; x64) AppleWebKit/537.36 (KHTML, like Gecko) Chrome/103.0.0.0 Safari/537.36"
196.196.53.142 - - [26/Dec/2024:18:31:49 -0500] "GET /register/ HTTP/1.0" 200 75922 "https://misswavenigeria.com/register/" "Mozilla/5.0 (Windows NT 10.0; Win64; x64) AppleWebKit/537.36 (KHTML, like Gecko) Chrome/103.0.0.0 Safari/537.36"
66.29.132.124 - - [26/Dec/2024:18:31:52 -0500] "POST /wp-cron.php?doing_wp_cron=1735255912.0517709255218505859375 HTTP/1.1" 200 0 "-" "WordPress/6.7.1; https://misswavenigeria.com"
66.29.132.124 - - [26/Dec/2024:18:31:54 -0500] "POST /wp-admin/admin-ajax.php?action=async_litespeed&nonce=p3N5SNKMwmeeuxsdT5Nr5dQLmVKMxJ3E&litespeed_type=imgoptm HTTP/1.1" 200 0 "-" "WordPress/6.7.1; https://misswavenigeria.com"
196.196.53.142 - - [26/Dec/2024:18:31:50 -0500] "POST /register/ HTTP/1.0" 200 0 "https://misswavenigeria.com/register/" "Mozilla/5.0 (Windows NT 10.0; Win64; x64) AppleWebKit/537.36 (KHTML, like Gecko) Chrome/103.0.0.0 Safari/537.36"
196.196.53.142 - - [26/Dec/2024:18:34:21 -0500] "GET /register/ HTTP/1.0" 200 75922 "https://misswavenigeria.com/" "Mozilla/5.0 (Windows NT 10.0; Win64; x64) AppleWebKit/537.36 (KHTML, like Gecko) Chrome/103.0.0.0 Safari/537.36"
196.196.53.142 - - [26/Dec/2024:18:34:41 -0500] "GET / HTTP/1.0" 200 109053 "https://misswavenigeria.com/" "Mozilla/5.0 (Windows NT 10.0; WOW64) AppleWebKit/537.36 (KHTML, like Gecko) Chrome/103.0.0.0 Safari/537.36"
196.196.53.142 - - [26/Dec/2024:18:34:43 -0500] "GET /register/ HTTP/1.0" 200 75922 "https://misswavenigeria.com/register/" "Mozilla/5.0 (Windows NT 10.0; WOW64) AppleWebKit/537.36 (KHTML, like Gecko) Chrome/103.0.0.0 Safari/537.36"
66.29.132.124 - - [26/Dec/2024:18:34:45 -0500] "POST /wp-cron.php?doing_wp_cron=1735256085.6912620067596435546875 HTTP/1.1" 200 0 "-" "WordPress/6.7.1; https://misswavenigeria.com"
66.249.68.65 - - [26/Dec/2024:18:34:44 -0500] "GET /goods/C333998?k=product HTTP/1.1" 301 0 "-" "Mozilla/5.0 (Linux; Android 6.0.1; Nexus 5X Build/MMB29P) AppleWebKit/537.36 (KHTML, like Gecko) Chrome/131.0.6778.139 Mobile Safari/537.36 (compatible; Googlebot/2.1; +http://www.google.com/bot.html)"
66.29.132.124 - - [26/Dec/2024:18:34:46 -0500] "POST /wp-admin/admin-ajax.php?action=async_litespeed&nonce=AAfQigpaKTzC4zOmM5WQJS6iLcDznzi1&litespeed_type=imgoptm HTTP/1.1" 200 0 "-" "WordPress/6.7.1; https://misswavenigeria.com"
66.29.132.124 - - [26/Dec/2024:18:34:56 -0500] "POST /wp-cron.php?doing_wp_cron=1735256096.1623840332031250000000 HTTP/1.1" 200 0 "-" "WordPress/6.7.1; https://misswavenigeria.com"
66.249.68.34 - - [26/Dec/2024:18:34:55 -0500] "GET /goods/C333998?k=product HTTP/1.1" 404 15610 "-" "Mozilla/5.0 (Linux; Android 6.0.1; Nexus 5X Build/MMB29P) AppleWebKit/537.36 (KHTML, like Gecko) Chrome/131.0.6778.139 Mobile Safari/537.36 (compatible; Googlebot/2.1; +http://www.google.com/bot.html)"
66.29.132.124 - - [26/Dec/2024:18:34:57 -0500] "POST /wp-admin/admin-ajax.php?action=async_litespeed&nonce=d7O9Ud6loY9YDTgtSqjYiGRz9YLPq6V1&litespeed_type=imgoptm HTTP/1.1" 200 0 "-" "WordPress/6.7.1; https://misswavenigeria.com"
196.196.53.142 - - [26/Dec/2024:18:34:44 -0500] "POST /register/ HTTP/1.0" 200 0 "https://misswavenigeria.com/register/" "Mozilla/5.0 (Windows NT 10.0; WOW64) AppleWebKit/537.36 (KHTML, like Gecko) Chrome/103.0.0.0 Safari/537.36"
196.196.53.142 - - [26/Dec/2024:18:37:15 -0500] "GET /register/ HTTP/1.0" 200 75922 "https://misswavenigeria.com/" "Mozilla/5.0 (Windows NT 10.0; WOW64) AppleWebKit/537.36 (KHTML, like Gecko) Chrome/103.0.0.0 Safari/537.36"
196.196.53.142 - - [26/Dec/2024:18:37:37 -0500] "GET / HTTP/1.0" 200 109053 "https://misswavenigeria.com/" "Mozilla/5.0 (Windows NT 10.0; Win64; x64) AppleWebKit/537.36 (KHTML, like Gecko) Chrome/103.0.0.0 Safari/537.36 OpenWave/97.4.2043.44"
196.196.53.142 - - [26/Dec/2024:18:37:39 -0500] "GET /register/ HTTP/1.0" 200 75922 "https://misswavenigeria.com/register/" "Mozilla/5.0 (Windows NT 10.0; Win64; x64) AppleWebKit/537.36 (KHTML, like Gecko) Chrome/103.0.0.0 Safari/537.36 OpenWave/97.4.2043.44"
66.29.132.124 - - [26/Dec/2024:18:37:43 -0500] "POST /wp-cron.php?doing_wp_cron=1735256263.4465739727020263671875 HTTP/1.1" 200 0 "-" "WordPress/6.7.1; https://misswavenigeria.com"
66.29.132.124 - - [26/Dec/2024:18:37:45 -0500] "POST /wp-admin/admin-ajax.php?action=async_litespeed&nonce=fYxqI112rwoUAA38XaAvHTO8Hamumxqn&litespeed_type=imgoptm HTTP/1.1" 200 0 "-" "WordPress/6.7.1; https://misswavenigeria.com"
66.29.132.124 - - [26/Dec/2024:18:40:06 -0500] "POST /wp-cron.php?doing_wp_cron=1735256406.2641239166259765625000 HTTP/1.1" 200 0 "-" "WordPress/6.7.1; https://misswavenigeria.com"
66.249.79.107 - - [26/Dec/2024:18:40:05 -0500] "GET /goods/Q835006?k=product HTTP/1.1" 301 0 "-" "Mozilla/5.0 (Linux; Android 6.0.1; Nexus 5X Build/MMB29P) AppleWebKit/537.36 (KHTML, like Gecko) Chrome/131.0.6778.139 Mobile Safari/537.36 (compatible; Googlebot/2.1; +http://www.google.com/bot.html)"
66.249.79.205 - - [26/Dec/2024:18:40:06 -0500] "GET /goods/378836.html HTTP/1.1" 404 15611 "-" "Mozilla/5.0 (Linux; Android 6.0.1; Nexus 5X Build/MMB29P) AppleWebKit/537.36 (KHTML, like Gecko) Chrome/131.0.6778.139 Mobile Safari/537.36 (compatible; Googlebot/2.1; +http://www.google.com/bot.html)"
66.29.132.124 - - [26/Dec/2024:18:40:07 -0500] "POST /wp-admin/admin-ajax.php?action=async_litespeed&nonce=0lLSHS3K5X57hX13aMMWxAkMq8EYszVX&litespeed_type=imgoptm HTTP/1.1" 200 21 "-" "WordPress/6.7.1; https://misswavenigeria.com"
196.196.53.142 - - [26/Dec/2024:18:37:41 -0500] "POST /register/ HTTP/1.0" 200 0 "https://misswavenigeria.com/register/" "Mozilla/5.0 (Windows NT 10.0; Win64; x64) AppleWebKit/537.36 (KHTML, like Gecko) Chrome/103.0.0.0 Safari/537.36 OpenWave/97.4.2043.44"
196.196.53.142 - - [26/Dec/2024:18:40:12 -0500] "GET /register/ HTTP/1.0" 200 75922 "https://misswavenigeria.com/" "Mozilla/5.0 (Windows NT 10.0; Win64; x64) AppleWebKit/537.36 (KHTML, like Gecko) Chrome/103.0.0.0 Safari/537.36 OpenWave/97.4.2043.44"
66.249.79.204 - - [26/Dec/2024:18:40:14 -0500] "GET /goods/Q835006?k=product HTTP/1.1" 404 15611 "-" "Mozilla/5.0 (Linux; Android 6.0.1; Nexus 5X Build/MMB29P) AppleWebKit/537.36 (KHTML, like Gecko) Chrome/131.0.6778.139 Mobile Safari/537.36 (compatible; Googlebot/2.1; +http://www.google.com/bot.html)"
196.196.53.142 - - [26/Dec/2024:18:40:30 -0500] "GET / HTTP/1.0" 200 109053 "https://misswavenigeria.com/" "Mozilla/5.0 (Windows NT 6.3; Win64; x64) AppleWebKit/537.36 (KHTML, like Gecko) Chrome/103.0.5060.53 Safari/537.36"
196.196.53.142 - - [26/Dec/2024:18:40:32 -0500] "GET /register/ HTTP/1.0" 200 75922 "https://misswavenigeria.com/register/" "Mozilla/5.0 (Windows NT 6.3; Win64; x64) AppleWebKit/537.36 (KHTML, like Gecko) Chrome/103.0.5060.53 Safari/537.36"
66.29.132.124 - - [26/Dec/2024:18:40:35 -0500] "POST /wp-cron.php?doing_wp_cron=1735256435.2589759826660156250000 HTTP/1.1" 200 0 "-" "WordPress/6.7.1; https://misswavenigeria.com"
196.196.53.142 - - [26/Dec/2024:18:40:34 -0500] "POST /register/ HTTP/1.0" 200 0 "https://misswavenigeria.com/register/" "Mozilla/5.0 (Windows NT 6.3; Win64; x64) AppleWebKit/537.36 (KHTML, like Gecko) Chrome/103.0.5060.53 Safari/537.36"
196.196.53.142 - - [26/Dec/2024:18:43:04 -0500] "GET /register/ HTTP/1.0" 200 75922 "https://misswavenigeria.com/" "Mozilla/5.0 (Windows NT 6.3; Win64; x64) AppleWebKit/537.36 (KHTML, like Gecko) Chrome/103.0.5060.53 Safari/537.36"
196.196.53.142 - - [26/Dec/2024:18:43:27 -0500] "GET / HTTP/1.0" 200 109053 "https://misswavenigeria.com/" "Mozilla/5.0 (Windows NT 6.1; Win64; x64) AppleWebKit/537.36 (KHTML, like Gecko) Chrome/103.0.5060.114 Safari/537.36"
196.196.53.142 - - [26/Dec/2024:18:43:29 -0500] "GET /register/ HTTP/1.0" 200 75922 "https://misswavenigeria.com/register/" "Mozilla/5.0 (Windows NT 6.1; Win64; x64) AppleWebKit/537.36 (KHTML, like Gecko) Chrome/103.0.5060.114 Safari/537.36"
66.29.132.124 - - [26/Dec/2024:18:43:32 -0500] "POST /wp-cron.php?doing_wp_cron=1735256612.1493248939514160156250 HTTP/1.1" 200 0 "-" "WordPress/6.7.1; https://misswavenigeria.com"
66.29.132.124 - - [26/Dec/2024:18:43:33 -0500] "POST /wp-admin/admin-ajax.php?action=async_litespeed&nonce=zOhkT6E8TMrHLq6b9u3TpviyqSiTF3sZ&litespeed_type=imgoptm HTTP/1.1" 200 0 "-" "WordPress/6.7.1; https://misswavenigeria.com"
196.196.53.142 - - [26/Dec/2024:18:43:31 -0500] "POST /register/ HTTP/1.0" 200 0 "https://misswavenigeria.com/register/" "Mozilla/5.0 (Windows NT 6.1; Win64; x64) AppleWebKit/537.36 (KHTML, like Gecko) Chrome/103.0.5060.114 Safari/537.36"
196.196.53.142 - - [26/Dec/2024:18:46:01 -0500] "GET /register/ HTTP/1.0" 200 75922 "https://misswavenigeria.com/" "Mozilla/5.0 (Windows NT 6.1; Win64; x64) AppleWebKit/537.36 (KHTML, like Gecko) Chrome/103.0.5060.114 Safari/537.36"
196.196.53.142 - - [26/Dec/2024:18:46:23 -0500] "GET / HTTP/1.0" 200 109053 "https://misswavenigeria.com/" "Mozilla/5.0 (Windows NT 6.1) AppleWebKit/537.36 (KHTML, like Gecko) Chrome/103.0.5060.114 Safari/537.36"
196.196.53.142 - - [26/Dec/2024:18:46:25 -0500] "GET /register/ HTTP/1.0" 200 75922 "https://misswavenigeria.com/register/" "Mozilla/5.0 (Windows NT 6.1) AppleWebKit/537.36 (KHTML, like Gecko) Chrome/103.0.5060.114 Safari/537.36"
66.29.132.124 - - [26/Dec/2024:18:46:35 -0500] "POST /wp-cron.php?doing_wp_cron=1735256795.7737679481506347656250 HTTP/1.1" 200 0 "-" "WordPress/6.7.1; https://misswavenigeria.com"
66.29.132.124 - - [26/Dec/2024:18:46:36 -0500] "POST /wp-admin/admin-ajax.php?action=async_litespeed&nonce=JbUO0gDtVHSFQiul5iO1R52yHEv2zC1Y&litespeed_type=imgoptm HTTP/1.1" 200 0 "-" "WordPress/6.7.1; https://misswavenigeria.com"
196.196.53.142 - - [26/Dec/2024:18:46:27 -0500] "POST /register/ HTTP/1.0" 200 0 "https://misswavenigeria.com/register/" "Mozilla/5.0 (Windows NT 6.1) AppleWebKit/537.36 (KHTML, like Gecko) Chrome/103.0.5060.114 Safari/537.36"
196.196.53.142 - - [26/Dec/2024:18:48:57 -0500] "GET /register/ HTTP/1.0" 200 75922 "https://misswavenigeria.com/" "Mozilla/5.0 (Windows NT 6.1) AppleWebKit/537.36 (KHTML, like Gecko) Chrome/103.0.5060.114 Safari/537.36"
196.196.53.142 - - [26/Dec/2024:18:49:18 -0500] "GET / HTTP/1.0" 200 109053 "https://misswavenigeria.com/" "Mozilla/5.0 (Windows NT 10.0; Win64; x64) AppleWebKit/537.36 (KHTML, like Gecko) Chrome/103.0.5060.66 Safari/537.36"
196.196.53.142 - - [26/Dec/2024:18:49:20 -0500] "GET /register/ HTTP/1.0" 200 75922 "https://misswavenigeria.com/register/" "Mozilla/5.0 (Windows NT 10.0; Win64; x64) AppleWebKit/537.36 (KHTML, like Gecko) Chrome/103.0.5060.66 Safari/537.36"
66.29.132.124 - - [26/Dec/2024:18:49:23 -0500] "POST /wp-cron.php?doing_wp_cron=1735256963.3366250991821289062500 HTTP/1.1" 200 0 "-" "WordPress/6.7.1; https://misswavenigeria.com"
66.29.132.124 - - [26/Dec/2024:18:49:24 -0500] "POST /wp-admin/admin-ajax.php?action=async_litespeed&nonce=FWqYkPZo5WvaxYWuNB34Tf26EyzcLwkb&litespeed_type=imgoptm HTTP/1.1" 200 0 "-" "WordPress/6.7.1; https://misswavenigeria.com"
66.29.132.124 - - [26/Dec/2024:18:50:17 -0500] "POST /wp-cron.php?doing_wp_cron=1735257017.5757570266723632812500 HTTP/1.1" 200 0 "-" "WordPress/6.7.1; https://misswavenigeria.com"
66.249.79.3 - - [26/Dec/2024:18:50:17 -0500] "GET /goods/186051.html HTTP/1.1" 404 15613 "-" "Mozilla/5.0 (Linux; Android 6.0.1; Nexus 5X Build/MMB29P) AppleWebKit/537.36 (KHTML, like Gecko) Chrome/131.0.6778.139 Mobile Safari/537.36 (compatible; Googlebot/2.1; +http://www.google.com/bot.html)"
66.29.132.124 - - [26/Dec/2024:18:50:18 -0500] "POST /wp-admin/admin-ajax.php?action=async_litespeed&nonce=e5WiY4Gk9U27A1mP6RNiBrcrO924rSNx&litespeed_type=imgoptm HTTP/1.1" 200 21 "-" "WordPress/6.7.1; https://misswavenigeria.com"
196.196.53.142 - - [26/Dec/2024:18:49:22 -0500] "POST /register/ HTTP/1.0" 200 0 "https://misswavenigeria.com/register/" "Mozilla/5.0 (Windows NT 10.0; Win64; x64) AppleWebKit/537.36 (KHTML, like Gecko) Chrome/103.0.5060.66 Safari/537.36"
196.196.53.142 - - [26/Dec/2024:18:51:53 -0500] "GET /register/ HTTP/1.0" 200 75922 "https://misswavenigeria.com/" "Mozilla/5.0 (Windows NT 10.0; Win64; x64) AppleWebKit/537.36 (KHTML, like Gecko) Chrome/103.0.5060.66 Safari/537.36"
196.196.53.142 - - [26/Dec/2024:18:52:14 -0500] "GET / HTTP/1.0" 200 109053 "https://misswavenigeria.com/" "Mozilla/5.0 (Windows NT 6.1; Win64; x64) AppleWebKit/537.36 (KHTML, like Gecko) Chrome/103.0.5060.66 Safari/537.36"
196.196.53.142 - - [26/Dec/2024:18:52:16 -0500] "GET /register/ HTTP/1.0" 200 75922 "https://misswavenigeria.com/register/" "Mozilla/5.0 (Windows NT 6.1; Win64; x64) AppleWebKit/537.36 (KHTML, like Gecko) Chrome/103.0.5060.66 Safari/537.36"
66.29.132.124 - - [26/Dec/2024:18:52:18 -0500] "POST /wp-cron.php?doing_wp_cron=1735257138.3200430870056152343750 HTTP/1.1" 200 0 "-" "WordPress/6.7.1; https://misswavenigeria.com"
66.29.132.124 - - [26/Dec/2024:18:52:18 -0500] "POST /wp-admin/admin-ajax.php?action=async_litespeed&nonce=baid0zzp1AWK92VVnPwg19LdQVHBDLOw&litespeed_type=imgoptm HTTP/1.1" 200 21 "-" "WordPress/6.7.1; https://misswavenigeria.com"
196.196.53.142 - - [26/Dec/2024:18:52:18 -0500] "POST /register/ HTTP/1.0" 200 76048 "https://misswavenigeria.com/register/" "Mozilla/5.0 (Windows NT 6.1; Win64; x64) AppleWebKit/537.36 (KHTML, like Gecko) Chrome/103.0.5060.66 Safari/537.36"
66.29.132.124 - - [26/Dec/2024:18:53:52 -0500] "POST /wp-cron.php?doing_wp_cron=1735257232.7829749584197998046875 HTTP/1.1" 200 0 "-" "WordPress/6.7.1; https://misswavenigeria.com"
196.196.53.142 - - [26/Dec/2024:18:53:52 -0500] "GET /register/ HTTP/1.0" 200 75922 "https://misswavenigeria.com/" "Mozilla/5.0 (Windows NT 6.1; Win64; x64) AppleWebKit/537.36 (KHTML, like Gecko) Chrome/103.0.5060.66 Safari/537.36"
66.29.132.124 - - [26/Dec/2024:18:53:53 -0500] "POST /wp-admin/admin-ajax.php?action=async_litespeed&nonce=hgture5BJDq5ucn0PPOrlNFQ5trrr83u&litespeed_type=imgoptm HTTP/1.1" 200 21 "-" "WordPress/6.7.1; https://misswavenigeria.com"
66.29.132.124 - - [26/Dec/2024:18:55:08 -0500] "POST /wp-cron.php?doing_wp_cron=1735257308.1704320907592773437500 HTTP/1.1" 200 0 "-" "WordPress/6.7.1; https://misswavenigeria.com"
196.196.53.142 - - [26/Dec/2024:18:55:07 -0500] "GET / HTTP/1.0" 200 109055 "https://misswavenigeria.com/" "Mozilla/5.0 (Windows NT 10.0; Win64; x64) AppleWebKit/537.36 (KHTML, like Gecko) Chrome/103.0.5060.114 Safari/537.36"
66.29.132.124 - - [26/Dec/2024:18:55:08 -0500] "POST /wp-admin/admin-ajax.php?action=async_litespeed&nonce=yARpLM8Djfjyl3PpW7SSPK9lMwpoQNr5&litespeed_type=imgoptm HTTP/1.1" 200 21 "-" "WordPress/6.7.1; https://misswavenigeria.com"
196.196.53.142 - - [26/Dec/2024:18:55:11 -0500] "GET /register/ HTTP/1.0" 200 75922 "https://misswavenigeria.com/register/" "Mozilla/5.0 (Windows NT 10.0; Win64; x64) AppleWebKit/537.36 (KHTML, like Gecko) Chrome/103.0.5060.114 Safari/537.36"
196.196.53.142 - - [26/Dec/2024:18:55:12 -0500] "POST /register/ HTTP/1.0" 200 76048 "https://misswavenigeria.com/register/" "Mozilla/5.0 (Windows NT 10.0; Win64; x64) AppleWebKit/537.36 (KHTML, like Gecko) Chrome/103.0.5060.114 Safari/537.36"
66.29.132.124 - - [26/Dec/2024:18:56:27 -0500] "POST /wp-cron.php?doing_wp_cron=1735257387.0188620090484619140625 HTTP/1.1" 200 0 "-" "WordPress/6.7.1; https://misswavenigeria.com"
196.196.53.142 - - [26/Dec/2024:18:56:26 -0500] "GET /register/ HTTP/1.0" 200 75922 "https://misswavenigeria.com/" "Mozilla/5.0 (Windows NT 10.0; Win64; x64) AppleWebKit/537.36 (KHTML, like Gecko) Chrome/103.0.5060.114 Safari/537.36"
66.29.132.124 - - [26/Dec/2024:18:56:27 -0500] "POST /wp-admin/admin-ajax.php?action=async_litespeed&nonce=geXXZZpEKlt3Cii3bIlhtNKqUfpMwt3g&litespeed_type=imgoptm HTTP/1.1" 200 21 "-" "WordPress/6.7.1; https://misswavenigeria.com"
66.29.132.124 - - [26/Dec/2024:18:58:06 -0500] "POST /wp-cron.php?doing_wp_cron=1735257486.0451569557189941406250 HTTP/1.1" 200 0 "-" "WordPress/6.7.1; https://misswavenigeria.com"
196.196.53.142 - - [26/Dec/2024:18:58:03 -0500] "GET / HTTP/1.0" 200 109053 "https://misswavenigeria.com/" "Mozilla/5.0 (Windows NT 6.3; Win64; x64) AppleWebKit/537.36 (KHTML, like Gecko) Chrome/103.0.5060.53 Safari/537.36"
66.29.132.124 - - [26/Dec/2024:18:58:06 -0500] "POST /wp-admin/admin-ajax.php?action=async_litespeed&nonce=ugB4AMCA0BrU9yeuX3sIIXIspfNrUUzP&litespeed_type=imgoptm HTTP/1.1" 200 21 "-" "WordPress/6.7.1; https://misswavenigeria.com"
196.196.53.142 - - [26/Dec/2024:18:58:08 -0500] "GET /register/ HTTP/1.0" 200 75922 "https://misswavenigeria.com/register/" "Mozilla/5.0 (Windows NT 6.3; Win64; x64) AppleWebKit/537.36 (KHTML, like Gecko) Chrome/103.0.5060.53 Safari/537.36"
196.196.53.142 - - [26/Dec/2024:18:58:09 -0500] "POST /register/ HTTP/1.0" 200 76048 "https://misswavenigeria.com/register/" "Mozilla/5.0 (Windows NT 6.3; Win64; x64) AppleWebKit/537.36 (KHTML, like Gecko) Chrome/103.0.5060.53 Safari/537.36"
66.29.132.124 - - [26/Dec/2024:18:59:14 -0500] "POST /wp-cron.php?doing_wp_cron=1735257554.0323529243469238281250 HTTP/1.1" 200 0 "-" "WordPress/6.7.1; https://misswavenigeria.com"
196.196.53.142 - - [26/Dec/2024:18:59:13 -0500] "GET /register/ HTTP/1.0" 200 75922 "https://misswavenigeria.com/" "Mozilla/5.0 (Windows NT 6.3; Win64; x64) AppleWebKit/537.36 (KHTML, like Gecko) Chrome/103.0.5060.53 Safari/537.36"
66.29.132.124 - - [26/Dec/2024:18:59:14 -0500] "POST /wp-admin/admin-ajax.php?action=async_litespeed&nonce=NwLXqLYUwV2QrIOa1Zn7QZ4uk9dWIa5T&litespeed_type=imgoptm HTTP/1.1" 200 21 "-" "WordPress/6.7.1; https://misswavenigeria.com"
66.29.132.124 - - [26/Dec/2024:19:00:59 -0500] "POST /wp-cron.php?doing_wp_cron=1735257659.6786289215087890625000 HTTP/1.1" 200 0 "-" "WordPress/6.7.1; https://misswavenigeria.com"
196.196.53.142 - - [26/Dec/2024:19:00:57 -0500] "GET / HTTP/1.0" 200 109053 "https://misswavenigeria.com/" "Mozilla/5.0 (Windows NT 6.2; Win64; x64) AppleWebKit/537.36 (KHTML, like Gecko) Chrome/103.0.0.0 Safari/537.36"
66.29.132.124 - - [26/Dec/2024:19:01:00 -0500] "POST /wp-admin/admin-ajax.php?action=async_litespeed&nonce=3NaIQY1VGmnQi6woBCjbGQUpEKxDyJdt&litespeed_type=imgoptm HTTP/1.1" 200 21 "-" "WordPress/6.7.1; https://misswavenigeria.com"
196.196.53.142 - - [26/Dec/2024:19:01:01 -0500] "GET /register/ HTTP/1.0" 200 75922 "https://misswavenigeria.com/register/" "Mozilla/5.0 (Windows NT 6.2; Win64; x64) AppleWebKit/537.36 (KHTML, like Gecko) Chrome/103.0.0.0 Safari/537.36"
196.196.53.142 - - [26/Dec/2024:19:01:03 -0500] "POST /register/ HTTP/1.0" 200 76048 "https://misswavenigeria.com/register/" "Mozilla/5.0 (Windows NT 6.2; Win64; x64) AppleWebKit/537.36 (KHTML, like Gecko) Chrome/103.0.0.0 Safari/537.36"
66.29.132.124 - - [26/Dec/2024:19:02:11 -0500] "POST /wp-cron.php?doing_wp_cron=1735257731.0674860477447509765625 HTTP/1.1" 200 0 "-" "WordPress/6.7.1; https://misswavenigeria.com"
196.196.53.142 - - [26/Dec/2024:19:02:10 -0500] "GET /register/ HTTP/1.0" 200 75922 "https://misswavenigeria.com/" "Mozilla/5.0 (Windows NT 6.2; Win64; x64) AppleWebKit/537.36 (KHTML, like Gecko) Chrome/103.0.0.0 Safari/537.36"
66.29.132.124 - - [26/Dec/2024:19:02:11 -0500] "POST /wp-admin/admin-ajax.php?action=async_litespeed&nonce=6OnfAqrcBoL4myhn1MEb69N38ZOqerU0&litespeed_type=imgoptm HTTP/1.1" 200 21 "-" "WordPress/6.7.1; https://misswavenigeria.com"
66.29.132.124 - - [26/Dec/2024:19:03:54 -0500] "POST /wp-cron.php?doing_wp_cron=1735257834.2895500659942626953125 HTTP/1.1" 200 0 "-" "WordPress/6.7.1; https://misswavenigeria.com"
196.196.53.142 - - [26/Dec/2024:19:03:52 -0500] "GET / HTTP/1.0" 200 109053 "https://misswavenigeria.com/" "Mozilla/5.0 (Windows NT 6.2; Win64; x64) AppleWebKit/537.36 (KHTML, like Gecko) Chrome/103.0.0.0 Safari/537.36"
66.29.132.124 - - [26/Dec/2024:19:03:54 -0500] "POST /wp-admin/admin-ajax.php?action=async_litespeed&nonce=CM91ZOx3N9KDurPqEFV7atAoJOhhS1nV&litespeed_type=imgoptm HTTP/1.1" 200 21 "-" "WordPress/6.7.1; https://misswavenigeria.com"
196.196.53.142 - - [26/Dec/2024:19:03:56 -0500] "GET /register/ HTTP/1.0" 200 75922 "https://misswavenigeria.com/register/" "Mozilla/5.0 (Windows NT 6.2; Win64; x64) AppleWebKit/537.36 (KHTML, like Gecko) Chrome/103.0.0.0 Safari/537.36"
196.196.53.142 - - [26/Dec/2024:19:03:58 -0500] "POST /register/ HTTP/1.0" 200 76048 "https://misswavenigeria.com/register/" "Mozilla/5.0 (Windows NT 6.2; Win64; x64) AppleWebKit/537.36 (KHTML, like Gecko) Chrome/103.0.0.0 Safari/537.36"
66.29.132.124 - - [26/Dec/2024:19:04:57 -0500] "POST /wp-cron.php?doing_wp_cron=1735257897.5721020698547363281250 HTTP/1.1" 200 0 "-" "WordPress/6.7.1; https://misswavenigeria.com"
196.196.53.142 - - [26/Dec/2024:19:04:57 -0500] "GET /register/ HTTP/1.0" 200 75922 "https://misswavenigeria.com/" "Mozilla/5.0 (Windows NT 6.2; Win64; x64) AppleWebKit/537.36 (KHTML, like Gecko) Chrome/103.0.0.0 Safari/537.36"
66.29.132.124 - - [26/Dec/2024:19:04:57 -0500] "POST /wp-admin/admin-ajax.php?action=async_litespeed&nonce=PhjoQ1hKkFpv1PZbtzZ91r0wOQGmV7zu&litespeed_type=imgoptm HTTP/1.1" 200 21 "-" "WordPress/6.7.1; https://misswavenigeria.com"
66.29.132.124 - - [26/Dec/2024:19:06:48 -0500] "POST /wp-cron.php?doing_wp_cron=1735258008.7195889949798583984375 HTTP/1.1" 200 0 "-" "WordPress/6.7.1; https://misswavenigeria.com"
196.196.53.142 - - [26/Dec/2024:19:06:46 -0500] "GET / HTTP/1.0" 200 109055 "https://misswavenigeria.com/" "Mozilla/5.0 (Windows NT 10.0) AppleWebKit/537.36 (KHTML, like Gecko) Chrome/103.0.0.0 Safari/537.36"
66.29.132.124 - - [26/Dec/2024:19:06:50 -0500] "POST /wp-admin/admin-ajax.php?action=async_litespeed&nonce=IZx7AEdxziECnQFyxfTMEeW2X1t9MF36&litespeed_type=imgoptm HTTP/1.1" 200 21 "-" "WordPress/6.7.1; https://misswavenigeria.com"
196.196.53.142 - - [26/Dec/2024:19:06:51 -0500] "GET /register/ HTTP/1.0" 200 75922 "https://misswavenigeria.com/register/" "Mozilla/5.0 (Windows NT 10.0) AppleWebKit/537.36 (KHTML, like Gecko) Chrome/103.0.0.0 Safari/537.36"
196.196.53.142 - - [26/Dec/2024:19:06:52 -0500] "POST /register/ HTTP/1.0" 200 76048 "https://misswavenigeria.com/register/" "Mozilla/5.0 (Windows NT 10.0) AppleWebKit/537.36 (KHTML, like Gecko) Chrome/103.0.0.0 Safari/537.36"
66.29.132.124 - - [26/Dec/2024:19:07:57 -0500] "POST /wp-cron.php?doing_wp_cron=1735258077.6651420593261718750000 HTTP/1.1" 200 0 "-" "WordPress/6.7.1; https://misswavenigeria.com"
196.196.53.142 - - [26/Dec/2024:19:07:57 -0500] "GET /register/ HTTP/1.0" 200 75922 "https://misswavenigeria.com/" "Mozilla/5.0 (Windows NT 10.0) AppleWebKit/537.36 (KHTML, like Gecko) Chrome/103.0.0.0 Safari/537.36"
66.29.132.124 - - [26/Dec/2024:19:07:57 -0500] "POST /wp-admin/admin-ajax.php?action=async_litespeed&nonce=TUyPPvAbYbiARziBpUY6LfEkh6J68y7q&litespeed_type=imgoptm HTTP/1.1" 200 21 "-" "WordPress/6.7.1; https://misswavenigeria.com"
66.29.132.124 - - [26/Dec/2024:19:09:43 -0500] "POST /wp-cron.php?doing_wp_cron=1735258183.3396499156951904296875 HTTP/1.1" 200 0 "-" "WordPress/6.7.1; https://misswavenigeria.com"
196.196.53.142 - - [26/Dec/2024:19:09:41 -0500] "GET / HTTP/1.0" 200 109055 "https://misswavenigeria.com/" "Mozilla/5.0 (Windows NT 10.0; Win64; x64) AppleWebKit/537.36 (KHTML, like Gecko) Chrome/103.0.0.0 Safari/537.36 Herring/95.1.8810.11"
66.29.132.124 - - [26/Dec/2024:19:09:43 -0500] "POST /wp-admin/admin-ajax.php?action=async_litespeed&nonce=hhIGuVzyywKJakpGxpQzHdFV7nzdNqPL&litespeed_type=imgoptm HTTP/1.1" 200 21 "-" "WordPress/6.7.1; https://misswavenigeria.com"
196.196.53.142 - - [26/Dec/2024:19:09:45 -0500] "GET /register/ HTTP/1.0" 200 75922 "https://misswavenigeria.com/register/" "Mozilla/5.0 (Windows NT 10.0; Win64; x64) AppleWebKit/537.36 (KHTML, like Gecko) Chrome/103.0.0.0 Safari/537.36 Herring/95.1.8810.11"
207.46.13.87 - - [26/Dec/2024:19:10:13 -0500] "GET /wp-includes/class-wp-fatal-error-handler.php HTTP/1.1" 200 0 "-" "Mozilla/5.0 AppleWebKit/537.36 (KHTML, like Gecko; compatible; bingbot/2.0; +http://www.bing.com/bingbot.htm) Chrome/116.0.1938.76 Safari/537.36"
196.196.53.142 - - [26/Dec/2024:19:09:47 -0500] "POST /register/ HTTP/1.0" 200 76048 "https://misswavenigeria.com/register/" "Mozilla/5.0 (Windows NT 10.0; Win64; x64) AppleWebKit/537.36 (KHTML, like Gecko) Chrome/103.0.0.0 Safari/537.36 Herring/95.1.8810.11"
66.29.132.124 - - [26/Dec/2024:19:11:13 -0500] "POST /wp-cron.php?doing_wp_cron=1735258273.4056251049041748046875 HTTP/1.1" 200 0 "-" "WordPress/6.7.1; https://misswavenigeria.com"
196.196.53.142 - - [26/Dec/2024:19:11:13 -0500] "GET /register/ HTTP/1.0" 200 75922 "https://misswavenigeria.com/" "Mozilla/5.0 (Windows NT 10.0; Win64; x64) AppleWebKit/537.36 (KHTML, like Gecko) Chrome/103.0.0.0 Safari/537.36 Herring/95.1.8810.11"
66.29.132.124 - - [26/Dec/2024:19:11:13 -0500] "POST /wp-admin/admin-ajax.php?action=async_litespeed&nonce=ClznczQ3Wfo1SgzF7TldwyzePj7IE4gV&litespeed_type=imgoptm HTTP/1.1" 200 21 "-" "WordPress/6.7.1; https://misswavenigeria.com"
66.29.132.124 - - [26/Dec/2024:19:12:38 -0500] "POST /wp-cron.php?doing_wp_cron=1735258358.3912270069122314453125 HTTP/1.1" 200 0 "-" "WordPress/6.7.1; https://misswavenigeria.com"
196.196.53.142 - - [26/Dec/2024:19:12:37 -0500] "GET / HTTP/1.0" 200 109055 "https://misswavenigeria.com/" "Mozilla/5.0 (Windows NT 6.1) AppleWebKit/537.36 (KHTML, like Gecko) Chrome/103.0.0.0 Safari/537.36"
66.29.132.124 - - [26/Dec/2024:19:12:38 -0500] "POST /wp-admin/admin-ajax.php?action=async_litespeed&nonce=YKfNPvdJ63DT5duuvW8z1TtfU7SzJpVB&litespeed_type=imgoptm HTTP/1.1" 200 21 "-" "WordPress/6.7.1; https://misswavenigeria.com"
196.196.53.142 - - [26/Dec/2024:19:12:40 -0500] "GET /register/ HTTP/1.0" 200 75922 "https://misswavenigeria.com/register/" "Mozilla/5.0 (Windows NT 6.1) AppleWebKit/537.36 (KHTML, like Gecko) Chrome/103.0.0.0 Safari/537.36"
196.196.53.142 - - [26/Dec/2024:19:12:42 -0500] "POST /register/ HTTP/1.0" 200 76048 "https://misswavenigeria.com/register/" "Mozilla/5.0 (Windows NT 6.1) AppleWebKit/537.36 (KHTML, like Gecko) Chrome/103.0.0.0 Safari/537.36"
66.29.132.124 - - [26/Dec/2024:19:13:46 -0500] "POST /wp-cron.php?doing_wp_cron=1735258426.0190830230712890625000 HTTP/1.1" 200 0 "-" "WordPress/6.7.1; https://misswavenigeria.com"
196.196.53.142 - - [26/Dec/2024:19:13:45 -0500] "GET /register/ HTTP/1.0" 200 75922 "https://misswavenigeria.com/" "Mozilla/5.0 (Windows NT 6.1) AppleWebKit/537.36 (KHTML, like Gecko) Chrome/103.0.0.0 Safari/537.36"
66.29.132.124 - - [26/Dec/2024:19:13:46 -0500] "POST /wp-admin/admin-ajax.php?action=async_litespeed&nonce=wvcoAmVVRICeLCr3MonzmrMvXRuh37g7&litespeed_type=imgoptm HTTP/1.1" 200 21 "-" "WordPress/6.7.1; https://misswavenigeria.com"
66.29.132.124 - - [26/Dec/2024:19:15:32 -0500] "POST /wp-cron.php?doing_wp_cron=1735258532.6503889560699462890625 HTTP/1.1" 200 0 "-" "WordPress/6.7.1; https://misswavenigeria.com"
