85.208.96.207 - - [26/Dec/2024:13:36:13 -0500] "GET /?b=56107266 HTTP/1.1" 200 21077 "-" "Mozilla/5.0 (compatible; SemrushBot/7~bl; +http://www.semrush.com/bot.html)"
66.29.132.124 - - [26/Dec/2024:13:36:33 -0500] "POST /wp-cron.php?doing_wp_cron=1735238192.8341259956359863281250 HTTP/1.1" 200 0 "-" "WordPress/6.7.1; https://blog.diixadigital.com"
85.208.96.195 - - [26/Dec/2024:13:36:28 -0500] "GET /?b=232334866 HTTP/1.1" 200 21080 "-" "Mozilla/5.0 (compatible; SemrushBot/7~bl; +http://www.semrush.com/bot.html)"
66.249.68.36 - - [26/Dec/2024:13:36:37 -0500] "GET /?b=169065666 HTTP/1.1" 200 79755 "-" "Mozilla/5.0 (Linux; Android 6.0.1; Nexus 5X Build/MMB29P) AppleWebKit/537.36 (KHTML, like Gecko) Chrome/131.0.6778.139 Mobile Safari/537.36 (compatible; GoogleOther)"
85.208.96.210 - - [26/Dec/2024:13:36:40 -0500] "GET /?b=120617066 HTTP/1.1" 200 21086 "-" "Mozilla/5.0 (compatible; SemrushBot/7~bl; +http://www.semrush.com/bot.html)"
66.29.132.124 - - [26/Dec/2024:13:36:50 -0500] "POST /wp-cron.php?doing_wp_cron=1735238210.7511479854583740234375 HTTP/1.1" 200 0 "-" "WordPress/6.7.1; https://blog.diixadigital.com"
66.29.132.124 - - [26/Dec/2024:13:36:54 -0500] "POST /wp-admin/admin-ajax.php?action=async_litespeed&nonce=d66cc8cbfc&litespeed_type=imgoptm HTTP/1.1" 200 0 "-" "WordPress/6.7.1; https://blog.diixadigital.com"
185.191.171.16 - - [26/Dec/2024:13:36:48 -0500] "GET /?b=271126066 HTTP/1.1" 200 21079 "-" "Mozilla/5.0 (compatible; SemrushBot/7~bl; +http://www.semrush.com/bot.html)"
185.191.171.11 - - [26/Dec/2024:13:37:07 -0500] "GET /robots.txt HTTP/1.1" 200 139 "-" "Mozilla/5.0 (compatible; SemrushBot/7~bl; +http://www.semrush.com/bot.html)"
66.249.68.69 - - [26/Dec/2024:13:37:06 -0500] "GET /?b=142107266 HTTP/1.1" 200 82314 "-" "Mozilla/5.0 (Linux; Android 6.0.1; Nexus 5X Build/MMB29P) AppleWebKit/537.36 (KHTML, like Gecko) Chrome/131.0.6778.139 Mobile Safari/537.36 (compatible; GoogleOther)"
185.191.171.11 - - [26/Dec/2024:13:36:59 -0500] "GET /?b=163835566 HTTP/1.1" 200 21079 "-" "Mozilla/5.0 (compatible; SemrushBot/7~bl; +http://www.semrush.com/bot.html)"
185.191.171.16 - - [26/Dec/2024:13:37:12 -0500] "GET /?b=356999766 HTTP/1.1" 200 21073 "-" "Mozilla/5.0 (compatible; SemrushBot/7~bl; +http://www.semrush.com/bot.html)"
66.29.132.124 - - [26/Dec/2024:13:37:32 -0500] "POST /wp-cron.php?doing_wp_cron=1735238252.2344799041748046875000 HTTP/1.1" 200 0 "-" "WordPress/6.7.1; https://blog.diixadigital.com"
66.249.68.68 - - [26/Dec/2024:13:37:34 -0500] "GET /?b=223214366 HTTP/1.1" 200 80391 "-" "Mozilla/5.0 (Linux; Android 6.0.1; Nexus 5X Build/MMB29P) AppleWebKit/537.36 (KHTML, like Gecko) Chrome/131.0.6778.139 Mobile Safari/537.36 (compatible; GoogleOther)"
85.208.96.210 - - [26/Dec/2024:13:37:26 -0500] "GET /?b=14798866 HTTP/1.1" 200 21083 "-" "Mozilla/5.0 (compatible; SemrushBot/7~bl; +http://www.semrush.com/bot.html)"
85.208.96.207 - - [26/Dec/2024:13:37:41 -0500] "GET /?b=269147566 HTTP/1.1" 200 21072 "-" "Mozilla/5.0 (compatible; SemrushBot/7~bl; +http://www.semrush.com/bot.html)"
66.29.132.124 - - [26/Dec/2024:13:37:55 -0500] "POST /wp-cron.php?doing_wp_cron=1735238275.0405960083007812500000 HTTP/1.1" 200 0 "-" "WordPress/6.7.1; https://blog.diixadigital.com"
66.29.132.124 - - [26/Dec/2024:13:37:57 -0500] "POST /wp-admin/admin-ajax.php?action=async_litespeed&nonce=d66cc8cbfc&litespeed_type=imgoptm HTTP/1.1" 200 0 "-" "WordPress/6.7.1; https://blog.diixadigital.com"
85.208.96.207 - - [26/Dec/2024:13:37:52 -0500] "GET /?b=229265866 HTTP/1.1" 200 21069 "-" "Mozilla/5.0 (compatible; SemrushBot/7~bl; +http://www.semrush.com/bot.html)"
66.249.79.195 - - [26/Dec/2024:13:38:03 -0500] "GET /?b=156889166 HTTP/1.1" 200 80377 "-" "Mozilla/5.0 (Linux; Android 6.0.1; Nexus 5X Build/MMB29P) AppleWebKit/537.36 (KHTML, like Gecko) Chrome/131.0.6778.139 Mobile Safari/537.36 (compatible; GoogleOther)"
85.208.96.206 - - [26/Dec/2024:13:38:01 -0500] "GET /?b=345199266 HTTP/1.1" 200 21075 "-" "Mozilla/5.0 (compatible; SemrushBot/7~bl; +http://www.semrush.com/bot.html)"
85.208.96.198 - - [26/Dec/2024:13:38:09 -0500] "GET /?b=240479666 HTTP/1.1" 200 21066 "-" "Mozilla/5.0 (compatible; SemrushBot/7~bl; +http://www.semrush.com/bot.html)"
66.29.132.124 - - [26/Dec/2024:13:38:25 -0500] "POST /wp-cron.php?doing_wp_cron=1735238304.9416799545288085937500 HTTP/1.1" 200 0 "-" "WordPress/6.7.1; https://blog.diixadigital.com"
66.249.68.5 - - [26/Dec/2024:13:38:32 -0500] "GET /?b=116134866 HTTP/1.1" 200 79860 "-" "Mozilla/5.0 (Linux; Android 6.0.1; Nexus 5X Build/MMB29P) AppleWebKit/537.36 (KHTML, like Gecko) Chrome/131.0.6778.139 Mobile Safari/537.36 (compatible; GoogleOther)"
185.191.171.12 - - [26/Dec/2024:13:38:22 -0500] "GET /?b=300104366 HTTP/1.1" 200 21092 "-" "Mozilla/5.0 (compatible; SemrushBot/7~bl; +http://www.semrush.com/bot.html)"
66.29.132.124 - - [26/Dec/2024:13:38:55 -0500] "POST /wp-cron.php?doing_wp_cron=1735238335.4423789978027343750000 HTTP/1.1" 200 0 "-" "WordPress/6.7.1; https://blog.diixadigital.com"
66.29.132.124 - - [26/Dec/2024:13:39:00 -0500] "POST /wp-admin/admin-ajax.php?action=async_litespeed&nonce=d66cc8cbfc&litespeed_type=imgoptm HTTP/1.1" 200 0 "-" "WordPress/6.7.1; https://blog.diixadigital.com"
66.249.68.36 - - [26/Dec/2024:13:39:01 -0500] "GET /?b=155532266 HTTP/1.1" 200 79873 "-" "Mozilla/5.0 (Linux; Android 6.0.1; Nexus 5X Build/MMB29P) AppleWebKit/537.36 (KHTML, like Gecko) Chrome/131.0.6778.139 Mobile Safari/537.36 (compatible; GoogleOther)"
185.191.171.1 - - [26/Dec/2024:13:38:50 -0500] "GET /?b=314800966 HTTP/1.1" 200 21074 "-" "Mozilla/5.0 (compatible; SemrushBot/7~bl; +http://www.semrush.com/bot.html)"
185.191.171.12 - - [26/Dec/2024:13:39:12 -0500] "GET /?b=171606166 HTTP/1.1" 200 21081 "-" "Mozilla/5.0 (compatible; SemrushBot/7~bl; +http://www.semrush.com/bot.html)"
66.29.132.124 - - [26/Dec/2024:13:39:38 -0500] "POST /wp-cron.php?doing_wp_cron=1735238377.2539510726928710937500 HTTP/1.1" 200 0 "-" "WordPress/6.7.1; https://blog.diixadigital.com"
66.249.79.164 - - [26/Dec/2024:13:39:41 -0500] "GET /?b=191510466 HTTP/1.1" 200 79565 "-" "Mozilla/5.0 (Linux; Android 6.0.1; Nexus 5X Build/MMB29P) AppleWebKit/537.36 (KHTML, like Gecko) Chrome/131.0.6778.139 Mobile Safari/537.36 (compatible; GoogleOther)"
185.191.171.10 - - [26/Dec/2024:13:39:31 -0500] "GET /?b=201646766 HTTP/1.1" 200 21097 "-" "Mozilla/5.0 (compatible; SemrushBot/7~bl; +http://www.semrush.com/bot.html)"
85.208.96.197 - - [26/Dec/2024:13:39:45 -0500] "GET /?b=325791966 HTTP/1.1" 200 21082 "-" "Mozilla/5.0 (compatible; SemrushBot/7~bl; +http://www.semrush.com/bot.html)"
66.29.132.124 - - [26/Dec/2024:13:40:05 -0500] "POST /wp-cron.php?doing_wp_cron=1735238404.4487400054931640625000 HTTP/1.1" 200 0 "-" "WordPress/6.7.1; https://blog.diixadigital.com"
185.191.171.10 - - [26/Dec/2024:13:39:58 -0500] "GET /?b=155303766 HTTP/1.1" 200 21082 "-" "Mozilla/5.0 (compatible; SemrushBot/7~bl; +http://www.semrush.com/bot.html)"
66.29.132.124 - - [26/Dec/2024:13:40:15 -0500] "POST /wp-admin/admin-ajax.php?action=async_litespeed&nonce=d66cc8cbfc&litespeed_type=imgoptm HTTP/1.1" 200 0 "-" "WordPress/6.7.1; https://blog.diixadigital.com"
66.249.79.36 - - [26/Dec/2024:13:40:21 -0500] "GET /?b=87599966 HTTP/1.1" 200 80961 "-" "Mozilla/5.0 (Linux; Android 6.0.1; Nexus 5X Build/MMB29P) AppleWebKit/537.36 (KHTML, like Gecko) Chrome/131.0.6778.139 Mobile Safari/537.36 (compatible; GoogleOther)"
85.208.96.209 - - [26/Dec/2024:13:40:15 -0500] "GET /?b=31210666 HTTP/1.1" 200 21070 "-" "Mozilla/5.0 (compatible; SemrushBot/7~bl; +http://www.semrush.com/bot.html)"
66.29.132.124 - - [26/Dec/2024:13:40:38 -0500] "POST /wp-cron.php?doing_wp_cron=1735238437.6391808986663818359375 HTTP/1.1" 200 0 "-" "WordPress/6.7.1; https://blog.diixadigital.com"
185.191.171.5 - - [26/Dec/2024:13:40:31 -0500] "GET /?b=66514866 HTTP/1.1" 200 21076 "-" "Mozilla/5.0 (compatible; SemrushBot/7~bl; +http://www.semrush.com/bot.html)"
66.29.132.124 - - [26/Dec/2024:13:40:58 -0500] "POST /wp-cron.php?doing_wp_cron=1735238458.0348160266876220703125 HTTP/1.1" 200 0 "-" "WordPress/6.7.1; https://blog.diixadigital.com"
66.249.68.6 - - [26/Dec/2024:13:41:01 -0500] "GET /?b=326641366 HTTP/1.1" 200 80805 "-" "Mozilla/5.0 (Linux; Android 6.0.1; Nexus 5X Build/MMB29P) AppleWebKit/537.36 (KHTML, like Gecko) Chrome/131.0.6778.139 Mobile Safari/537.36 (compatible; GoogleOther)"
85.208.96.210 - - [26/Dec/2024:13:40:51 -0500] "GET /?b=194394266 HTTP/1.1" 200 21090 "-" "Mozilla/5.0 (compatible; SemrushBot/7~bl; +http://www.semrush.com/bot.html)"
66.29.132.124 - - [26/Dec/2024:13:41:05 -0500] "POST /wp-admin/admin-ajax.php?action=async_litespeed&nonce=d66cc8cbfc&litespeed_type=imgoptm HTTP/1.1" 200 0 "-" "WordPress/6.7.1; https://blog.diixadigital.com"
85.208.96.201 - - [26/Dec/2024:13:41:06 -0500] "GET /?b=275585366 HTTP/1.1" 200 21110 "-" "Mozilla/5.0 (compatible; SemrushBot/7~bl; +http://www.semrush.com/bot.html)"
66.29.132.124 - - [26/Dec/2024:13:41:31 -0500] "POST /wp-cron.php?doing_wp_cron=1735238490.4340629577636718750000 HTTP/1.1" 200 0 "-" "WordPress/6.7.1; https://blog.diixadigital.com"
185.191.171.19 - - [26/Dec/2024:13:41:24 -0500] "GET /?b=162600766 HTTP/1.1" 200 21080 "-" "Mozilla/5.0 (compatible; SemrushBot/7~bl; +http://www.semrush.com/bot.html)"
66.249.68.36 - - [26/Dec/2024:13:41:42 -0500] "GET /?b=292053966 HTTP/1.1" 200 79755 "-" "Mozilla/5.0 (Linux; Android 6.0.1; Nexus 5X Build/MMB29P) AppleWebKit/537.36 (KHTML, like Gecko) Chrome/131.0.6778.139 Mobile Safari/537.36 (compatible; GoogleOther)"
185.191.171.19 - - [26/Dec/2024:13:41:42 -0500] "GET /?b=18034866 HTTP/1.1" 200 21075 "-" "Mozilla/5.0 (compatible; SemrushBot/7~bl; +http://www.semrush.com/bot.html)"
66.29.132.124 - - [26/Dec/2024:13:42:05 -0500] "POST /wp-cron.php?doing_wp_cron=1735238525.5358140468597412109375 HTTP/1.1" 200 0 "-" "WordPress/6.7.1; https://blog.diixadigital.com"
85.208.96.209 - - [26/Dec/2024:13:41:57 -0500] "GET /?b=10216166 HTTP/1.1" 200 21082 "-" "Mozilla/5.0 (compatible; SemrushBot/7~bl; +http://www.semrush.com/bot.html)"
66.29.132.124 - - [26/Dec/2024:13:42:14 -0500] "POST /wp-admin/admin-ajax.php?action=async_litespeed&nonce=d66cc8cbfc&litespeed_type=imgoptm HTTP/1.1" 200 0 "-" "WordPress/6.7.1; https://blog.diixadigital.com"
66.29.132.124 - - [26/Dec/2024:13:42:24 -0500] "POST /wp-cron.php?doing_wp_cron=1735238543.9399709701538085937500 HTTP/1.1" 200 0 "-" "WordPress/6.7.1; https://blog.diixadigital.com"
66.249.79.195 - - [26/Dec/2024:13:42:22 -0500] "GET /?b=108169866 HTTP/1.1" 200 80956 "-" "Mozilla/5.0 (Linux; Android 6.0.1; Nexus 5X Build/MMB29P) AppleWebKit/537.36 (KHTML, like Gecko) Chrome/131.0.6778.139 Mobile Safari/537.36 (compatible; GoogleOther)"
85.208.96.199 - - [26/Dec/2024:13:42:16 -0500] "GET /?b=290421466 HTTP/1.1" 200 21063 "-" "Mozilla/5.0 (compatible; SemrushBot/7~bl; +http://www.semrush.com/bot.html)"
85.208.96.197 - - [26/Dec/2024:13:42:34 -0500] "GET /?b=123304766 HTTP/1.1" 200 21079 "-" "Mozilla/5.0 (compatible; SemrushBot/7~bl; +http://www.semrush.com/bot.html)"
66.29.132.124 - - [26/Dec/2024:13:42:54 -0500] "POST /wp-cron.php?doing_wp_cron=1735238574.5360870361328125000000 HTTP/1.1" 200 0 "-" "WordPress/6.7.1; https://blog.diixadigital.com"
66.29.132.124 - - [26/Dec/2024:13:43:00 -0500] "POST /wp-admin/admin-ajax.php?action=async_litespeed&nonce=d66cc8cbfc&litespeed_type=imgoptm HTTP/1.1" 200 0 "-" "WordPress/6.7.1; https://blog.diixadigital.com"
85.208.96.210 - - [26/Dec/2024:13:42:50 -0500] "GET /?b=321570366 HTTP/1.1" 200 21082 "-" "Mozilla/5.0 (compatible; SemrushBot/7~bl; +http://www.semrush.com/bot.html)"
66.249.68.38 - - [26/Dec/2024:13:43:03 -0500] "GET /?b=68611166 HTTP/1.1" 200 80083 "-" "Mozilla/5.0 (Linux; Android 6.0.1; Nexus 5X Build/MMB29P) AppleWebKit/537.36 (KHTML, like Gecko) Chrome/131.0.6778.139 Mobile Safari/537.36 (compatible; GoogleOther)"
185.191.171.14 - - [26/Dec/2024:13:43:05 -0500] "GET /?b=5350966 HTTP/1.1" 200 21087 "-" "Mozilla/5.0 (compatible; SemrushBot/7~bl; +http://www.semrush.com/bot.html)"
66.29.132.124 - - [26/Dec/2024:13:43:33 -0500] "POST /wp-cron.php?doing_wp_cron=1735238612.9382250308990478515625 HTTP/1.1" 200 0 "-" "WordPress/6.7.1; https://blog.diixadigital.com"
185.191.171.17 - - [26/Dec/2024:13:43:25 -0500] "GET /?b=19248566 HTTP/1.1" 200 21074 "-" "Mozilla/5.0 (compatible; SemrushBot/7~bl; +http://www.semrush.com/bot.html)"
66.249.79.104 - - [26/Dec/2024:13:43:42 -0500] "GET /?b=6643666 HTTP/1.1" 200 79511 "-" "Mozilla/5.0 (Linux; Android 6.0.1; Nexus 5X Build/MMB29P) AppleWebKit/537.36 (KHTML, like Gecko) Chrome/131.0.6778.139 Mobile Safari/537.36 (compatible; GoogleOther)"
185.191.171.12 - - [26/Dec/2024:13:43:42 -0500] "GET /?b=328584866 HTTP/1.1" 200 21081 "-" "Mozilla/5.0 (compatible; SemrushBot/7~bl; +http://www.semrush.com/bot.html)"
66.29.132.124 - - [26/Dec/2024:13:44:05 -0500] "POST /wp-cron.php?doing_wp_cron=1735238645.5370628833770751953125 HTTP/1.1" 200 0 "-" "WordPress/6.7.1; https://blog.diixadigital.com"
185.191.171.17 - - [26/Dec/2024:13:43:57 -0500] "GET /?b=188866566 HTTP/1.1" 200 21087 "-" "Mozilla/5.0 (compatible; SemrushBot/7~bl; +http://www.semrush.com/bot.html)"
66.29.132.124 - - [26/Dec/2024:13:44:14 -0500] "POST /wp-admin/admin-ajax.php?action=async_litespeed&nonce=d66cc8cbfc&litespeed_type=imgoptm HTTP/1.1" 200 0 "-" "WordPress/6.7.1; https://blog.diixadigital.com"
66.29.132.124 - - [26/Dec/2024:13:44:24 -0500] "POST /wp-cron.php?doing_wp_cron=1735238664.3376479148864746093750 HTTP/1.1" 200 0 "-" "WordPress/6.7.1; https://blog.diixadigital.com"
66.249.79.196 - - [26/Dec/2024:13:44:23 -0500] "GET /?b=229504766 HTTP/1.1" 200 79879 "-" "Mozilla/5.0 (Linux; Android 6.0.1; Nexus 5X Build/MMB29P) AppleWebKit/537.36 (KHTML, like Gecko) Chrome/131.0.6778.139 Mobile Safari/537.36 (compatible; GoogleOther)"
185.191.171.3 - - [26/Dec/2024:13:44:16 -0500] "GET /?b=268095766 HTTP/1.1" 200 21083 "-" "Mozilla/5.0 (compatible; SemrushBot/7~bl; +http://www.semrush.com/bot.html)"
185.191.171.14 - - [26/Dec/2024:13:44:34 -0500] "GET /?b=53126866 HTTP/1.1" 200 21089 "-" "Mozilla/5.0 (compatible; SemrushBot/7~bl; +http://www.semrush.com/bot.html)"
66.29.132.124 - - [26/Dec/2024:13:44:58 -0500] "POST /wp-cron.php?doing_wp_cron=1735238697.7366480827331542968750 HTTP/1.1" 200 0 "-" "WordPress/6.7.1; https://blog.diixadigital.com"
185.191.171.1 - - [26/Dec/2024:13:44:53 -0500] "GET /?b=60829266 HTTP/1.1" 200 21075 "-" "Mozilla/5.0 (compatible; SemrushBot/7~bl; +http://www.semrush.com/bot.html)"
66.29.132.124 - - [26/Dec/2024:13:45:04 -0500] "POST /wp-admin/admin-ajax.php?action=async_litespeed&nonce=d66cc8cbfc&litespeed_type=imgoptm HTTP/1.1" 200 0 "-" "WordPress/6.7.1; https://blog.diixadigital.com"
66.249.68.36 - - [26/Dec/2024:13:45:03 -0500] "GET /?b=268074566 HTTP/1.1" 200 80972 "-" "Mozilla/5.0 (Linux; Android 6.0.1; Nexus 5X Build/MMB29P) AppleWebKit/537.36 (KHTML, like Gecko) Chrome/131.0.6778.139 Mobile Safari/537.36 (compatible; GoogleOther)"
185.191.171.10 - - [26/Dec/2024:13:45:07 -0500] "GET /?b=236278666 HTTP/1.1" 200 21086 "-" "Mozilla/5.0 (compatible; SemrushBot/7~bl; +http://www.semrush.com/bot.html)"
66.249.79.194 - - [26/Dec/2024:13:45:43 -0500] "GET /?b=164098866 HTTP/1.1" 200 81876 "-" "Mozilla/5.0 (Linux; Android 6.0.1; Nexus 5X Build/MMB29P) AppleWebKit/537.36 (KHTML, like Gecko) Chrome/131.0.6778.139 Mobile Safari/537.36 (compatible; GoogleOther)"
66.29.132.124 - - [26/Dec/2024:13:46:10 -0500] "POST /wp-cron.php?doing_wp_cron=1735238770.5367610454559326171875 HTTP/1.1" 200 0 "-" "WordPress/6.7.1; https://blog.diixadigital.com"
185.191.171.15 - - [26/Dec/2024:13:45:25 -0500] "GET /?b=111524366 HTTP/1.1" 200 0 "-" "Mozilla/5.0 (compatible; SemrushBot/7~bl; +http://www.semrush.com/bot.html)"
66.29.132.124 - - [26/Dec/2024:13:46:19 -0500] "POST /wp-admin/admin-ajax.php?action=async_litespeed&nonce=d66cc8cbfc&litespeed_type=imgoptm HTTP/1.1" 200 0 "-" "WordPress/6.7.1; https://blog.diixadigital.com"
185.191.171.15 - - [26/Dec/2024:13:46:16 -0500] "GET /?b=111524366 HTTP/1.1" 200 21091 "-" "Mozilla/5.0 (compatible; SemrushBot/7~bl; +http://www.semrush.com/bot.html)"
66.29.132.124 - - [26/Dec/2024:13:46:41 -0500] "POST /wp-cron.php?doing_wp_cron=1735238800.7402839660644531250000 HTTP/1.1" 200 0 "-" "WordPress/6.7.1; https://blog.diixadigital.com"
185.191.171.12 - - [26/Dec/2024:13:46:35 -0500] "GET /?b=296211366 HTTP/1.1" 200 21074 "-" "Mozilla/5.0 (compatible; SemrushBot/7~bl; +http://www.semrush.com/bot.html)"
66.29.132.124 - - [26/Dec/2024:13:46:53 -0500] "POST /wp-cron.php?doing_wp_cron=1735238812.9346790313720703125000 HTTP/1.1" 200 0 "-" "WordPress/6.7.1; https://blog.diixadigital.com"
66.29.132.124 - - [26/Dec/2024:13:46:55 -0500] "POST /wp-admin/admin-ajax.php?action=async_litespeed&nonce=d66cc8cbfc&litespeed_type=imgoptm HTTP/1.1" 200 0 "-" "WordPress/6.7.1; https://blog.diixadigital.com"
185.191.171.14 - - [26/Dec/2024:13:46:49 -0500] "GET /?b=10495066 HTTP/1.1" 200 21086 "-" "Mozilla/5.0 (compatible; SemrushBot/7~bl; +http://www.semrush.com/bot.html)"
66.249.79.196 - - [26/Dec/2024:13:47:05 -0500] "GET /?b=123425166 HTTP/1.1" 200 81347 "-" "Mozilla/5.0 (Linux; Android 6.0.1; Nexus 5X Build/MMB29P) AppleWebKit/537.36 (KHTML, like Gecko) Chrome/131.0.6778.139 Mobile Safari/537.36 (compatible; GoogleOther)"
85.208.96.210 - - [26/Dec/2024:13:46:59 -0500] "GET /?b=135978766 HTTP/1.1" 200 21069 "-" "Mozilla/5.0 (compatible; SemrushBot/7~bl; +http://www.semrush.com/bot.html)"
85.208.96.202 - - [26/Dec/2024:13:47:09 -0500] "GET /?b=234725266 HTTP/1.1" 200 21082 "-" "Mozilla/5.0 (compatible; SemrushBot/7~bl; +http://www.semrush.com/bot.html)"
185.191.171.13 - - [26/Dec/2024:13:47:17 -0500] "GET /?b=224178066 HTTP/1.1" 200 21077 "-" "Mozilla/5.0 (compatible; SemrushBot/7~bl; +http://www.semrush.com/bot.html)"
66.29.132.124 - - [26/Dec/2024:13:47:30 -0500] "POST /wp-cron.php?doing_wp_cron=1735238849.9346549510955810546875 HTTP/1.1" 200 0 "-" "WordPress/6.7.1; https://blog.diixadigital.com"
85.208.96.210 - - [26/Dec/2024:13:47:27 -0500] "GET /?b=272950866 HTTP/1.1" 200 21080 "-" "Mozilla/5.0 (compatible; SemrushBot/7~bl; +http://www.semrush.com/bot.html)"
185.191.171.9 - - [26/Dec/2024:13:47:36 -0500] "GET /?b=82703166 HTTP/1.1" 200 21077 "-" "Mozilla/5.0 (compatible; SemrushBot/7~bl; +http://www.semrush.com/bot.html)"
185.191.171.15 - - [26/Dec/2024:13:47:45 -0500] "GET /?b=183739166 HTTP/1.1" 200 21080 "-" "Mozilla/5.0 (compatible; SemrushBot/7~bl; +http://www.semrush.com/bot.html)"
66.29.132.124 - - [26/Dec/2024:13:47:56 -0500] "POST /wp-cron.php?doing_wp_cron=1735238876.5415389537811279296875 HTTP/1.1" 200 0 "-" "WordPress/6.7.1; https://blog.diixadigital.com"
52.167.144.138 - - [26/Dec/2024:13:47:57 -0500] "GET /khoro/n1233677.html HTTP/1.1" 200 80729 "-" "Mozilla/5.0 AppleWebKit/537.36 (KHTML, like Gecko; compatible; bingbot/2.0; +http://www.bing.com/bingbot.htm) Chrome/116.0.1938.76 Safari/537.36"
66.29.132.124 - - [26/Dec/2024:13:47:58 -0500] "POST /wp-admin/admin-ajax.php?action=async_litespeed&nonce=d66cc8cbfc&litespeed_type=imgoptm HTTP/1.1" 200 0 "-" "WordPress/6.7.1; https://blog.diixadigital.com"
185.191.171.15 - - [26/Dec/2024:13:47:54 -0500] "GET /?b=92063166 HTTP/1.1" 200 21081 "-" "Mozilla/5.0 (compatible; SemrushBot/7~bl; +http://www.semrush.com/bot.html)"
85.208.96.210 - - [26/Dec/2024:13:48:01 -0500] "GET /?b=313406366 HTTP/1.1" 200 21072 "-" "Mozilla/5.0 (compatible; SemrushBot/7~bl; +http://www.semrush.com/bot.html)"
85.208.96.210 - - [26/Dec/2024:13:48:11 -0500] "GET /?b=184213366 HTTP/1.1" 200 21065 "-" "Mozilla/5.0 (compatible; SemrushBot/7~bl; +http://www.semrush.com/bot.html)"
85.208.96.206 - - [26/Dec/2024:13:48:18 -0500] "GET /?b=148801566 HTTP/1.1" 200 21074 "-" "Mozilla/5.0 (compatible; SemrushBot/7~bl; +http://www.semrush.com/bot.html)"
66.249.79.165 - - [26/Dec/2024:13:48:25 -0500] "GET /?b=46599766 HTTP/1.1" 200 79918 "-" "Mozilla/5.0 (Linux; Android 6.0.1; Nexus 5X Build/MMB29P) AppleWebKit/537.36 (KHTML, like Gecko) Chrome/131.0.6778.139 Mobile Safari/537.36 (compatible; GoogleOther)"
66.29.132.124 - - [26/Dec/2024:13:48:28 -0500] "POST /wp-cron.php?doing_wp_cron=1735238908.4438760280609130859375 HTTP/1.1" 200 0 "-" "WordPress/6.7.1; https://blog.diixadigital.com"
85.208.96.206 - - [26/Dec/2024:13:48:25 -0500] "GET /?b=56306866 HTTP/1.1" 200 21089 "-" "Mozilla/5.0 (compatible; SemrushBot/7~bl; +http://www.semrush.com/bot.html)"
52.167.144.238 - - [26/Dec/2024:13:48:31 -0500] "GET /mldbn/v1314363.html HTTP/1.1" 200 79269 "-" "Mozilla/5.0 AppleWebKit/537.36 (KHTML, like Gecko; compatible; bingbot/2.0; +http://www.bing.com/bingbot.htm) Chrome/116.0.1938.76 Safari/537.36"
52.167.144.238 - - [26/Dec/2024:13:48:34 -0500] "GET /qgnfv/o2275004.html HTTP/1.1" 200 80132 "-" "Mozilla/5.0 AppleWebKit/537.36 (KHTML, like Gecko; compatible; bingbot/2.0; +http://www.bing.com/bingbot.htm) Chrome/116.0.1938.76 Safari/537.36"
185.191.171.9 - - [26/Dec/2024:13:48:34 -0500] "GET /?b=102214166 HTTP/1.1" 200 21071 "-" "Mozilla/5.0 (compatible; SemrushBot/7~bl; +http://www.semrush.com/bot.html)"
185.191.171.4 - - [26/Dec/2024:13:48:39 -0500] "GET /robots.txt HTTP/1.1" 200 139 "-" "Mozilla/5.0 (compatible; SemrushBot/7~bl; +http://www.semrush.com/bot.html)"
85.208.96.197 - - [26/Dec/2024:13:48:40 -0500] "GET /?b=279543466 HTTP/1.1" 200 21069 "-" "Mozilla/5.0 (compatible; SemrushBot/7~bl; +http://www.semrush.com/bot.html)"
66.29.132.124 - - [26/Dec/2024:13:48:54 -0500] "POST /wp-cron.php?doing_wp_cron=1735238934.6397969722747802734375 HTTP/1.1" 200 0 "-" "WordPress/6.7.1; https://blog.diixadigital.com"
185.191.171.15 - - [26/Dec/2024:13:48:51 -0500] "GET /?b=174091966 HTTP/1.1" 200 21087 "-" "Mozilla/5.0 (compatible; SemrushBot/7~bl; +http://www.semrush.com/bot.html)"
66.29.132.124 - - [26/Dec/2024:13:48:59 -0500] "POST /wp-admin/admin-ajax.php?action=async_litespeed&nonce=d66cc8cbfc&litespeed_type=imgoptm HTTP/1.1" 200 0 "-" "WordPress/6.7.1; https://blog.diixadigital.com"
66.249.79.105 - - [26/Dec/2024:13:49:05 -0500] "GET /?b=17125366 HTTP/1.1" 200 79831 "-" "Mozilla/5.0 (Linux; Android 6.0.1; Nexus 5X Build/MMB29P) AppleWebKit/537.36 (KHTML, like Gecko) Chrome/131.0.6778.139 Mobile Safari/537.36 (compatible; GoogleOther)"
185.191.171.11 - - [26/Dec/2024:13:49:00 -0500] "GET /?b=37315666 HTTP/1.1" 200 21086 "-" "Mozilla/5.0 (compatible; SemrushBot/7~bl; +http://www.semrush.com/bot.html)"
85.208.96.194 - - [26/Dec/2024:13:49:10 -0500] "GET /?b=84771566 HTTP/1.1" 200 21092 "-" "Mozilla/5.0 (compatible; SemrushBot/7~bl; +http://www.semrush.com/bot.html)"
185.191.171.10 - - [26/Dec/2024:13:49:19 -0500] "GET /?b=101972966 HTTP/1.1" 200 21066 "-" "Mozilla/5.0 (compatible; SemrushBot/7~bl; +http://www.semrush.com/bot.html)"
66.29.132.124 - - [26/Dec/2024:13:49:27 -0500] "POST /wp-cron.php?doing_wp_cron=1735238967.6406850814819335937500 HTTP/1.1" 200 0 "-" "WordPress/6.7.1; https://blog.diixadigital.com"
185.191.171.11 - - [26/Dec/2024:13:49:25 -0500] "GET /?b=330907566 HTTP/1.1" 200 21087 "-" "Mozilla/5.0 (compatible; SemrushBot/7~bl; +http://www.semrush.com/bot.html)"
185.191.171.10 - - [26/Dec/2024:13:49:35 -0500] "GET /?b=210462866 HTTP/1.1" 200 21088 "-" "Mozilla/5.0 (compatible; SemrushBot/7~bl; +http://www.semrush.com/bot.html)"
66.249.79.34 - - [26/Dec/2024:13:49:46 -0500] "GET /?b=295322766 HTTP/1.1" 200 79460 "-" "Mozilla/5.0 (Linux; Android 6.0.1; Nexus 5X Build/MMB29P) AppleWebKit/537.36 (KHTML, like Gecko) Chrome/131.0.6778.139 Mobile Safari/537.36 (compatible; GoogleOther)"
185.191.171.10 - - [26/Dec/2024:13:49:43 -0500] "GET /?b=324068866 HTTP/1.1" 200 21080 "-" "Mozilla/5.0 (compatible; SemrushBot/7~bl; +http://www.semrush.com/bot.html)"
66.29.132.124 - - [26/Dec/2024:13:49:54 -0500] "POST /wp-cron.php?doing_wp_cron=1735238994.8381240367889404296875 HTTP/1.1" 200 0 "-" "WordPress/6.7.1; https://blog.diixadigital.com"
66.29.132.124 - - [26/Dec/2024:13:49:58 -0500] "POST /wp-admin/admin-ajax.php?action=async_litespeed&nonce=d66cc8cbfc&litespeed_type=imgoptm HTTP/1.1" 200 0 "-" "WordPress/6.7.1; https://blog.diixadigital.com"
85.208.96.205 - - [26/Dec/2024:13:49:51 -0500] "GET /?b=248512966 HTTP/1.1" 200 21076 "-" "Mozilla/5.0 (compatible; SemrushBot/7~bl; +http://www.semrush.com/bot.html)"
85.208.96.196 - - [26/Dec/2024:13:50:02 -0500] "GET /?b=309396966 HTTP/1.1" 200 21084 "-" "Mozilla/5.0 (compatible; SemrushBot/7~bl; +http://www.semrush.com/bot.html)"
185.191.171.3 - - [26/Dec/2024:13:50:15 -0500] "GET /?b=311987366 HTTP/1.1" 200 21076 "-" "Mozilla/5.0 (compatible; SemrushBot/7~bl; +http://www.semrush.com/bot.html)"
66.249.79.164 - - [26/Dec/2024:13:50:26 -0500] "GET /?b=315215466 HTTP/1.1" 200 79711 "-" "Mozilla/5.0 (Linux; Android 6.0.1; Nexus 5X Build/MMB29P) AppleWebKit/537.36 (KHTML, like Gecko) Chrome/131.0.6778.139 Mobile Safari/537.36 (compatible; GoogleOther)"
66.29.132.124 - - [26/Dec/2024:13:50:29 -0500] "POST /wp-cron.php?doing_wp_cron=1735239029.1360280513763427734375 HTTP/1.1" 200 0 "-" "WordPress/6.7.1; https://blog.diixadigital.com"
185.191.171.16 - - [26/Dec/2024:13:50:25 -0500] "GET /?b=303751366 HTTP/1.1" 200 21084 "-" "Mozilla/5.0 (compatible; SemrushBot/7~bl; +http://www.semrush.com/bot.html)"
85.208.96.209 - - [26/Dec/2024:13:50:36 -0500] "GET /?b=37877366 HTTP/1.1" 200 21077 "-" "Mozilla/5.0 (compatible; SemrushBot/7~bl; +http://www.semrush.com/bot.html)"
52.167.144.138 - - [26/Dec/2024:13:50:47 -0500] "GET /ornqv/t1675553.html HTTP/1.1" 200 80231 "-" "Mozilla/5.0 AppleWebKit/537.36 (KHTML, like Gecko; compatible; bingbot/2.0; +http://www.bing.com/bingbot.htm) Chrome/116.0.1938.76 Safari/537.36"
66.29.132.124 - - [26/Dec/2024:13:50:52 -0500] "POST /wp-cron.php?doing_wp_cron=1735239052.8351230621337890625000 HTTP/1.1" 200 0 "-" "WordPress/6.7.1; https://blog.diixadigital.com"
66.29.132.124 - - [26/Dec/2024:13:50:57 -0500] "POST /wp-admin/admin-ajax.php?action=async_litespeed&nonce=d66cc8cbfc&litespeed_type=imgoptm HTTP/1.1" 200 0 "-" "WordPress/6.7.1; https://blog.diixadigital.com"
185.191.171.5 - - [26/Dec/2024:13:50:49 -0500] "GET /?b=204193566 HTTP/1.1" 200 21077 "-" "Mozilla/5.0 (compatible; SemrushBot/7~bl; +http://www.semrush.com/bot.html)"
85.208.96.202 - - [26/Dec/2024:13:50:59 -0500] "GET /?b=113407066 HTTP/1.1" 200 21074 "-" "Mozilla/5.0 (compatible; SemrushBot/7~bl; +http://www.semrush.com/bot.html)"
66.249.68.5 - - [26/Dec/2024:13:51:06 -0500] "GET /?b=17007066 HTTP/1.1" 200 79573 "-" "Mozilla/5.0 (Linux; Android 6.0.1; Nexus 5X Build/MMB29P) AppleWebKit/537.36 (KHTML, like Gecko) Chrome/131.0.6778.139 Mobile Safari/537.36 (compatible; GoogleOther)"
85.208.96.209 - - [26/Dec/2024:13:51:09 -0500] "GET /?b=178488966 HTTP/1.1" 200 21080 "-" "Mozilla/5.0 (compatible; SemrushBot/7~bl; +http://www.semrush.com/bot.html)"
66.29.132.124 - - [26/Dec/2024:13:51:24 -0500] "POST /wp-cron.php?doing_wp_cron=1735239083.9358680248260498046875 HTTP/1.1" 200 0 "-" "WordPress/6.7.1; https://blog.diixadigital.com"
85.208.96.199 - - [26/Dec/2024:13:51:21 -0500] "GET /?b=225846266 HTTP/1.1" 200 21093 "-" "Mozilla/5.0 (compatible; SemrushBot/7~bl; +http://www.semrush.com/bot.html)"
185.191.171.16 - - [26/Dec/2024:13:51:31 -0500] "GET /?b=355206566 HTTP/1.1" 200 21065 "-" "Mozilla/5.0 (compatible; SemrushBot/7~bl; +http://www.semrush.com/bot.html)"
185.191.171.13 - - [26/Dec/2024:13:51:41 -0500] "GET /?b=341695066 HTTP/1.1" 200 21082 "-" "Mozilla/5.0 (compatible; SemrushBot/7~bl; +http://www.semrush.com/bot.html)"
66.29.132.124 - - [26/Dec/2024:13:51:58 -0500] "POST /wp-cron.php?doing_wp_cron=1735239117.7378430366516113281250 HTTP/1.1" 200 0 "-" "WordPress/6.7.1; https://blog.diixadigital.com"
66.29.132.124 - - [26/Dec/2024:13:52:03 -0500] "POST /wp-admin/admin-ajax.php?action=async_litespeed&nonce=d66cc8cbfc&litespeed_type=imgoptm HTTP/1.1" 200 0 "-" "WordPress/6.7.1; https://blog.diixadigital.com"
185.191.171.11 - - [26/Dec/2024:13:51:52 -0500] "GET /?b=331338066 HTTP/1.1" 200 21090 "-" "Mozilla/5.0 (compatible; SemrushBot/7~bl; +http://www.semrush.com/bot.html)"
85.208.96.206 - - [26/Dec/2024:13:52:07 -0500] "GET /?b=144949266 HTTP/1.1" 200 21088 "-" "Mozilla/5.0 (compatible; SemrushBot/7~bl; +http://www.semrush.com/bot.html)"
66.29.132.124 - - [26/Dec/2024:13:52:25 -0500] "POST /wp-cron.php?doing_wp_cron=1735239144.8439459800720214843750 HTTP/1.1" 200 0 "-" "WordPress/6.7.1; https://blog.diixadigital.com"
52.167.144.138 - - [26/Dec/2024:13:52:27 -0500] "GET /nzllp/i2409652.html HTTP/1.1" 200 79597 "-" "Mozilla/5.0 AppleWebKit/537.36 (KHTML, like Gecko; compatible; bingbot/2.0; +http://www.bing.com/bingbot.htm) Chrome/116.0.1938.76 Safari/537.36"
185.191.171.15 - - [26/Dec/2024:13:52:19 -0500] "GET /?b=354157966 HTTP/1.1" 200 21075 "-" "Mozilla/5.0 (compatible; SemrushBot/7~bl; +http://www.semrush.com/bot.html)"
52.167.144.18 - - [26/Dec/2024:13:52:35 -0500] "GET /zzsyq/a2010622.html HTTP/1.1" 200 83113 "-" "Mozilla/5.0 AppleWebKit/537.36 (KHTML, like Gecko; compatible; bingbot/2.0; +http://www.bing.com/bingbot.htm) Chrome/116.0.1938.76 Safari/537.36"
85.208.96.208 - - [26/Dec/2024:13:52:33 -0500] "GET /?b=101966666 HTTP/1.1" 200 21069 "-" "Mozilla/5.0 (compatible; SemrushBot/7~bl; +http://www.semrush.com/bot.html)"
66.29.132.124 - - [26/Dec/2024:13:52:49 -0500] "POST /wp-cron.php?doing_wp_cron=1735239169.7447209358215332031250 HTTP/1.1" 200 0 "-" "WordPress/6.7.1; https://blog.diixadigital.com"
185.191.171.6 - - [26/Dec/2024:13:52:45 -0500] "GET /?b=121744266 HTTP/1.1" 200 21073 "-" "Mozilla/5.0 (compatible; SemrushBot/7~bl; +http://www.semrush.com/bot.html)"
66.29.132.124 - - [26/Dec/2024:13:52:56 -0500] "POST /wp-admin/admin-ajax.php?action=async_litespeed&nonce=d66cc8cbfc&litespeed_type=imgoptm HTTP/1.1" 200 0 "-" "WordPress/6.7.1; https://blog.diixadigital.com"
52.167.144.238 - - [26/Dec/2024:13:53:02 -0500] "GET /umohj/p2282129.html HTTP/1.1" 200 80391 "-" "Mozilla/5.0 AppleWebKit/537.36 (KHTML, like Gecko; compatible; bingbot/2.0; +http://www.bing.com/bingbot.htm) Chrome/116.0.1938.76 Safari/537.36"
185.191.171.17 - - [26/Dec/2024:13:52:58 -0500] "GET /?b=123238566 HTTP/1.1" 200 21071 "-" "Mozilla/5.0 (compatible; SemrushBot/7~bl; +http://www.semrush.com/bot.html)"
185.191.171.19 - - [26/Dec/2024:13:53:10 -0500] "GET /?b=170552366 HTTP/1.1" 200 21068 "-" "Mozilla/5.0 (compatible; SemrushBot/7~bl; +http://www.semrush.com/bot.html)"
66.29.132.124 - - [26/Dec/2024:13:53:23 -0500] "POST /wp-cron.php?doing_wp_cron=1735239203.2345008850097656250000 HTTP/1.1" 200 0 "-" "WordPress/6.7.1; https://blog.diixadigital.com"
185.191.171.17 - - [26/Dec/2024:13:53:20 -0500] "GET /?b=229162566 HTTP/1.1" 200 21072 "-" "Mozilla/5.0 (compatible; SemrushBot/7~bl; +http://www.semrush.com/bot.html)"
185.191.171.10 - - [26/Dec/2024:13:53:30 -0500] "GET /?b=339480466 HTTP/1.1" 200 21087 "-" "Mozilla/5.0 (compatible; SemrushBot/7~bl; +http://www.semrush.com/bot.html)"
185.191.171.17 - - [26/Dec/2024:13:53:38 -0500] "GET /?b=26964766 HTTP/1.1" 200 21072 "-" "Mozilla/5.0 (compatible; SemrushBot/7~bl; +http://www.semrush.com/bot.html)"
85.208.96.211 - - [26/Dec/2024:13:53:45 -0500] "GET /?b=37040266 HTTP/1.1" 200 21076 "-" "Mozilla/5.0 (compatible; SemrushBot/7~bl; +http://www.semrush.com/bot.html)"
66.29.132.124 - - [26/Dec/2024:13:53:57 -0500] "POST /wp-cron.php?doing_wp_cron=1735239237.4349548816680908203125 HTTP/1.1" 200 0 "-" "WordPress/6.7.1; https://blog.diixadigital.com"
66.29.132.124 - - [26/Dec/2024:13:54:02 -0500] "POST /wp-admin/admin-ajax.php?action=async_litespeed&nonce=d66cc8cbfc&litespeed_type=imgoptm HTTP/1.1" 200 0 "-" "WordPress/6.7.1; https://blog.diixadigital.com"
185.191.171.11 - - [26/Dec/2024:13:53:53 -0500] "GET /?b=205530266 HTTP/1.1" 200 21083 "-" "Mozilla/5.0 (compatible; SemrushBot/7~bl; +http://www.semrush.com/bot.html)"
185.191.171.6 - - [26/Dec/2024:13:54:07 -0500] "GET /?b=180895466 HTTP/1.1" 200 21099 "-" "Mozilla/5.0 (compatible; SemrushBot/7~bl; +http://www.semrush.com/bot.html)"
66.29.132.124 - - [26/Dec/2024:13:54:23 -0500] "POST /wp-cron.php?doing_wp_cron=1735239263.6329560279846191406250 HTTP/1.1" 200 0 "-" "WordPress/6.7.1; https://blog.diixadigital.com"
185.191.171.2 - - [26/Dec/2024:13:54:17 -0500] "GET /?b=126996966 HTTP/1.1" 200 21076 "-" "Mozilla/5.0 (compatible; SemrushBot/7~bl; +http://www.semrush.com/bot.html)"
85.208.96.211 - - [26/Dec/2024:13:54:31 -0500] "GET /?b=301962066 HTTP/1.1" 200 21075 "-" "Mozilla/5.0 (compatible; SemrushBot/7~bl; +http://www.semrush.com/bot.html)"
66.29.132.124 - - [26/Dec/2024:13:54:51 -0500] "POST /wp-cron.php?doing_wp_cron=1735239291.0349130630493164062500 HTTP/1.1" 200 0 "-" "WordPress/6.7.1; https://blog.diixadigital.com"
66.29.132.124 - - [26/Dec/2024:13:54:56 -0500] "POST /wp-admin/admin-ajax.php?action=async_litespeed&nonce=d66cc8cbfc&litespeed_type=imgoptm HTTP/1.1" 200 0 "-" "WordPress/6.7.1; https://blog.diixadigital.com"
185.191.171.12 - - [26/Dec/2024:13:54:43 -0500] "GET /?b=322880066 HTTP/1.1" 200 21089 "-" "Mozilla/5.0 (compatible; SemrushBot/7~bl; +http://www.semrush.com/bot.html)"
185.191.171.16 - - [26/Dec/2024:13:55:02 -0500] "GET /?b=21634066 HTTP/1.1" 200 21100 "-" "Mozilla/5.0 (compatible; SemrushBot/7~bl; +http://www.semrush.com/bot.html)"
52.167.144.18 - - [26/Dec/2024:13:55:15 -0500] "GET /qmrva/d2758099.html HTTP/1.1" 200 81673 "-" "Mozilla/5.0 AppleWebKit/537.36 (KHTML, like Gecko; compatible; bingbot/2.0; +http://www.bing.com/bingbot.htm) Chrome/116.0.1938.76 Safari/537.36"
66.29.132.124 - - [26/Dec/2024:13:55:23 -0500] "POST /wp-cron.php?doing_wp_cron=1735239323.2449510097503662109375 HTTP/1.1" 200 0 "-" "WordPress/6.7.1; https://blog.diixadigital.com"
52.167.144.24 - - [26/Dec/2024:13:55:22 -0500] "GET /mrzqp/g394676.html HTTP/1.1" 200 79903 "-" "Mozilla/5.0 AppleWebKit/537.36 (KHTML, like Gecko; compatible; bingbot/2.0; +http://www.bing.com/bingbot.htm) Chrome/116.0.1938.76 Safari/537.36"
85.208.96.197 - - [26/Dec/2024:13:55:18 -0500] "GET /?b=2795366 HTTP/1.1" 200 21075 "-" "Mozilla/5.0 (compatible; SemrushBot/7~bl; +http://www.semrush.com/bot.html)"
185.191.171.17 - - [26/Dec/2024:13:55:33 -0500] "GET /?b=204530366 HTTP/1.1" 200 21066 "-" "Mozilla/5.0 (compatible; SemrushBot/7~bl; +http://www.semrush.com/bot.html)"
52.167.144.222 - - [26/Dec/2024:13:55:48 -0500] "GET /edygz/t1527301.html HTTP/1.1" 200 79367 "-" "Mozilla/5.0 AppleWebKit/537.36 (KHTML, like Gecko; compatible; bingbot/2.0; +http://www.bing.com/bingbot.htm) Chrome/116.0.1938.76 Safari/537.36"
52.167.144.222 - - [26/Dec/2024:13:55:51 -0500] "GET /dcvsl/g328480.html HTTP/1.1" 200 79783 "-" "Mozilla/5.0 AppleWebKit/537.36 (KHTML, like Gecko; compatible; bingbot/2.0; +http://www.bing.com/bingbot.htm) Chrome/116.0.1938.76 Safari/537.36"
185.191.171.8 - - [26/Dec/2024:13:55:43 -0500] "GET /?b=51234366 HTTP/1.1" 200 21094 "-" "Mozilla/5.0 (compatible; SemrushBot/7~bl; +http://www.semrush.com/bot.html)"
66.29.132.124 - - [26/Dec/2024:13:56:05 -0500] "POST /wp-cron.php?doing_wp_cron=1735239365.5439279079437255859375 HTTP/1.1" 200 0 "-" "WordPress/6.7.1; https://blog.diixadigital.com"
66.29.132.124 - - [26/Dec/2024:13:56:10 -0500] "POST /wp-admin/admin-ajax.php?action=async_litespeed&nonce=d66cc8cbfc&litespeed_type=imgoptm HTTP/1.1" 200 0 "-" "WordPress/6.7.1; https://blog.diixadigital.com"
185.191.171.7 - - [26/Dec/2024:13:55:56 -0500] "GET /?b=129469066 HTTP/1.1" 200 21079 "-" "Mozilla/5.0 (compatible; SemrushBot/7~bl; +http://www.semrush.com/bot.html)"
185.191.171.5 - - [26/Dec/2024:13:56:15 -0500] "GET /?b=160968566 HTTP/1.1" 200 21075 "-" "Mozilla/5.0 (compatible; SemrushBot/7~bl; +http://www.semrush.com/bot.html)"
66.29.132.124 - - [26/Dec/2024:13:56:36 -0500] "POST /wp-cron.php?doing_wp_cron=1735239396.7413089275360107421875 HTTP/1.1" 200 0 "-" "WordPress/6.7.1; https://blog.diixadigital.com"
185.191.171.16 - - [26/Dec/2024:13:56:31 -0500] "GET /?b=250236866 HTTP/1.1" 200 21080 "-" "Mozilla/5.0 (compatible; SemrushBot/7~bl; +http://www.semrush.com/bot.html)"
66.29.132.124 - - [26/Dec/2024:13:56:52 -0500] "POST /wp-cron.php?doing_wp_cron=1735239412.5350160598754882812500 HTTP/1.1" 200 0 "-" "WordPress/6.7.1; https://blog.diixadigital.com"
66.29.132.124 - - [26/Dec/2024:13:56:58 -0500] "POST /wp-admin/admin-ajax.php?action=async_litespeed&nonce=d66cc8cbfc&litespeed_type=imgoptm HTTP/1.1" 200 0 "-" "WordPress/6.7.1; https://blog.diixadigital.com"
85.208.96.211 - - [26/Dec/2024:13:56:47 -0500] "GET /?b=133381166 HTTP/1.1" 200 21101 "-" "Mozilla/5.0 (compatible; SemrushBot/7~bl; +http://www.semrush.com/bot.html)"
52.167.144.24 - - [26/Dec/2024:13:57:03 -0500] "GET /jsout/t231565.html HTTP/1.1" 200 80853 "-" "Mozilla/5.0 AppleWebKit/537.36 (KHTML, like Gecko; compatible; bingbot/2.0; +http://www.bing.com/bingbot.htm) Chrome/116.0.1938.76 Safari/537.36"
185.191.171.16 - - [26/Dec/2024:13:57:01 -0500] "GET /?b=58820266 HTTP/1.1" 200 21078 "-" "Mozilla/5.0 (compatible; SemrushBot/7~bl; +http://www.semrush.com/bot.html)"
85.208.96.204 - - [26/Dec/2024:13:57:12 -0500] "GET /?b=180294966 HTTP/1.1" 200 21076 "-" "Mozilla/5.0 (compatible; SemrushBot/7~bl; +http://www.semrush.com/bot.html)"
66.29.132.124 - - [26/Dec/2024:13:57:32 -0500] "POST /wp-cron.php?doing_wp_cron=1735239451.4428730010986328125000 HTTP/1.1" 200 0 "-" "WordPress/6.7.1; https://blog.diixadigital.com"
85.208.96.200 - - [26/Dec/2024:13:57:27 -0500] "GET /?b=190315366 HTTP/1.1" 200 21086 "-" "Mozilla/5.0 (compatible; SemrushBot/7~bl; +http://www.semrush.com/bot.html)"
185.191.171.1 - - [26/Dec/2024:13:57:41 -0500] "GET /?b=25733166 HTTP/1.1" 200 21062 "-" "Mozilla/5.0 (compatible; SemrushBot/7~bl; +http://www.semrush.com/bot.html)"
66.29.132.124 - - [26/Dec/2024:13:58:00 -0500] "POST /wp-cron.php?doing_wp_cron=1735239480.6394159793853759765625 HTTP/1.1" 200 0 "-" "WordPress/6.7.1; https://blog.diixadigital.com"
185.191.171.15 - - [26/Dec/2024:13:57:56 -0500] "GET /?b=223462666 HTTP/1.1" 200 21078 "-" "Mozilla/5.0 (compatible; SemrushBot/7~bl; +http://www.semrush.com/bot.html)"
66.29.132.124 - - [26/Dec/2024:13:58:06 -0500] "POST /wp-admin/admin-ajax.php?action=async_litespeed&nonce=d66cc8cbfc&litespeed_type=imgoptm HTTP/1.1" 200 0 "-" "WordPress/6.7.1; https://blog.diixadigital.com"
185.191.171.15 - - [26/Dec/2024:13:58:08 -0500] "GET /?b=278545866 HTTP/1.1" 200 21077 "-" "Mozilla/5.0 (compatible; SemrushBot/7~bl; +http://www.semrush.com/bot.html)"
66.29.132.124 - - [26/Dec/2024:13:58:26 -0500] "POST /wp-cron.php?doing_wp_cron=1735239506.0619170665740966796875 HTTP/1.1" 200 0 "-" "WordPress/6.7.1; https://blog.diixadigital.com"
85.208.96.194 - - [26/Dec/2024:13:58:20 -0500] "GET /?b=311189266 HTTP/1.1" 200 21079 "-" "Mozilla/5.0 (compatible; SemrushBot/7~bl; +http://www.semrush.com/bot.html)"
185.191.171.16 - - [26/Dec/2024:13:58:36 -0500] "GET /?b=41021466 HTTP/1.1" 200 21073 "-" "Mozilla/5.0 (compatible; SemrushBot/7~bl; +http://www.semrush.com/bot.html)"
185.191.171.3 - - [26/Dec/2024:13:58:44 -0500] "GET /robots.txt HTTP/1.1" 200 139 "-" "Mozilla/5.0 (compatible; SemrushBot/7~bl; +http://www.semrush.com/bot.html)"
66.29.132.124 - - [26/Dec/2024:13:58:50 -0500] "POST /wp-cron.php?doing_wp_cron=1735239530.6396191120147705078125 HTTP/1.1" 200 0 "-" "WordPress/6.7.1; https://blog.diixadigital.com"
66.29.132.124 - - [26/Dec/2024:13:58:56 -0500] "POST /wp-admin/admin-ajax.php?action=async_litespeed&nonce=d66cc8cbfc&litespeed_type=imgoptm HTTP/1.1" 200 0 "-" "WordPress/6.7.1; https://blog.diixadigital.com"
185.191.171.8 - - [26/Dec/2024:13:58:46 -0500] "GET /?b=86069766 HTTP/1.1" 200 21066 "-" "Mozilla/5.0 (compatible; SemrushBot/7~bl; +http://www.semrush.com/bot.html)"
185.191.171.13 - - [26/Dec/2024:13:58:59 -0500] "GET /?b=35006566 HTTP/1.1" 200 21070 "-" "Mozilla/5.0 (compatible; SemrushBot/7~bl; +http://www.semrush.com/bot.html)"
52.167.144.17 - - [26/Dec/2024:13:59:06 -0500] "GET /xoflx/s984862.html HTTP/1.1" 200 79277 "-" "Mozilla/5.0 AppleWebKit/537.36 (KHTML, like Gecko; compatible; bingbot/2.0; +http://www.bing.com/bingbot.htm) Chrome/116.0.1938.76 Safari/537.36"
85.208.96.200 - - [26/Dec/2024:13:59:09 -0500] "GET /?b=134519866 HTTP/1.1" 200 21078 "-" "Mozilla/5.0 (compatible; SemrushBot/7~bl; +http://www.semrush.com/bot.html)"
85.208.96.194 - - [26/Dec/2024:13:59:17 -0500] "GET /?b=38825966 HTTP/1.1" 200 21089 "-" "Mozilla/5.0 (compatible; SemrushBot/7~bl; +http://www.semrush.com/bot.html)"
66.29.132.124 - - [26/Dec/2024:13:59:26 -0500] "POST /wp-cron.php?doing_wp_cron=1735239566.9361469745635986328125 HTTP/1.1" 200 0 "-" "WordPress/6.7.1; https://blog.diixadigital.com"
185.191.171.15 - - [26/Dec/2024:13:59:25 -0500] "GET /?b=246347966 HTTP/1.1" 200 21083 "-" "Mozilla/5.0 (compatible; SemrushBot/7~bl; +http://www.semrush.com/bot.html)"
85.208.96.194 - - [26/Dec/2024:13:59:31 -0500] "GET /?b=5925166 HTTP/1.1" 200 21071 "-" "Mozilla/5.0 (compatible; SemrushBot/7~bl; +http://www.semrush.com/bot.html)"
85.208.96.206 - - [26/Dec/2024:13:59:38 -0500] "GET /?b=15551066 HTTP/1.1" 200 21069 "-" "Mozilla/5.0 (compatible; SemrushBot/7~bl; +http://www.semrush.com/bot.html)"
85.208.96.201 - - [26/Dec/2024:13:59:43 -0500] "GET /?b=195472666 HTTP/1.1" 200 21087 "-" "Mozilla/5.0 (compatible; SemrushBot/7~bl; +http://www.semrush.com/bot.html)"
66.29.132.124 - - [26/Dec/2024:13:59:53 -0500] "POST /wp-cron.php?doing_wp_cron=1735239592.9504160881042480468750 HTTP/1.1" 200 0 "-" "WordPress/6.7.1; https://blog.diixadigital.com"
66.29.132.124 - - [26/Dec/2024:13:59:54 -0500] "POST /wp-admin/admin-ajax.php?action=async_litespeed&nonce=d66cc8cbfc&litespeed_type=imgoptm HTTP/1.1" 200 0 "-" "WordPress/6.7.1; https://blog.diixadigital.com"
185.191.171.15 - - [26/Dec/2024:13:59:51 -0500] "GET /?b=171080766 HTTP/1.1" 200 21070 "-" "Mozilla/5.0 (compatible; SemrushBot/7~bl; +http://www.semrush.com/bot.html)"
85.208.96.211 - - [26/Dec/2024:13:59:57 -0500] "GET /?b=184067866 HTTP/1.1" 200 21080 "-" "Mozilla/5.0 (compatible; SemrushBot/7~bl; +http://www.semrush.com/bot.html)"
85.208.96.197 - - [26/Dec/2024:14:00:02 -0500] "GET /?b=37594466 HTTP/1.1" 200 21079 "-" "Mozilla/5.0 (compatible; SemrushBot/7~bl; +http://www.semrush.com/bot.html)"
185.191.171.14 - - [26/Dec/2024:14:00:10 -0500] "GET /?b=128269466 HTTP/1.1" 200 21090 "-" "Mozilla/5.0 (compatible; SemrushBot/7~bl; +http://www.semrush.com/bot.html)"
66.29.132.124 - - [26/Dec/2024:14:00:29 -0500] "POST /wp-cron.php?doing_wp_cron=1735239628.6369578838348388671875 HTTP/1.1" 200 0 "-" "WordPress/6.7.1; https://blog.diixadigital.com"
185.191.171.9 - - [26/Dec/2024:14:00:24 -0500] "GET /?b=168462966 HTTP/1.1" 200 21078 "-" "Mozilla/5.0 (compatible; SemrushBot/7~bl; +http://www.semrush.com/bot.html)"
85.208.96.201 - - [26/Dec/2024:14:00:38 -0500] "GET /?b=47572566 HTTP/1.1" 200 21077 "-" "Mozilla/5.0 (compatible; SemrushBot/7~bl; +http://www.semrush.com/bot.html)"
52.167.144.17 - - [26/Dec/2024:14:00:46 -0500] "GET /mbifa/r847347.html HTTP/1.1" 200 81458 "-" "Mozilla/5.0 AppleWebKit/537.36 (KHTML, like Gecko; compatible; bingbot/2.0; +http://www.bing.com/bingbot.htm) Chrome/116.0.1938.76 Safari/537.36"
85.208.96.195 - - [26/Dec/2024:14:00:46 -0500] "GET /?b=318352566 HTTP/1.1" 200 21098 "-" "Mozilla/5.0 (compatible; SemrushBot/7~bl; +http://www.semrush.com/bot.html)"
66.29.132.124 - - [26/Dec/2024:14:00:56 -0500] "POST /wp-cron.php?doing_wp_cron=1735239656.6353359222412109375000 HTTP/1.1" 200 0 "-" "WordPress/6.7.1; https://blog.diixadigital.com"
66.29.132.124 - - [26/Dec/2024:14:00:58 -0500] "POST /wp-admin/admin-ajax.php?action=async_litespeed&nonce=d66cc8cbfc&litespeed_type=imgoptm HTTP/1.1" 200 0 "-" "WordPress/6.7.1; https://blog.diixadigital.com"
85.208.96.197 - - [26/Dec/2024:14:00:54 -0500] "GET /?b=271860666 HTTP/1.1" 200 21069 "-" "Mozilla/5.0 (compatible; SemrushBot/7~bl; +http://www.semrush.com/bot.html)"
85.208.96.195 - - [26/Dec/2024:14:01:02 -0500] "GET /?b=9467266 HTTP/1.1" 200 21076 "-" "Mozilla/5.0 (compatible; SemrushBot/7~bl; +http://www.semrush.com/bot.html)"
85.208.96.198 - - [26/Dec/2024:14:01:10 -0500] "GET /?b=332714866 HTTP/1.1" 200 21079 "-" "Mozilla/5.0 (compatible; SemrushBot/7~bl; +http://www.semrush.com/bot.html)"
85.208.96.202 - - [26/Dec/2024:14:01:16 -0500] "GET /?b=247981766 HTTP/1.1" 200 21078 "-" "Mozilla/5.0 (compatible; SemrushBot/7~bl; +http://www.semrush.com/bot.html)"
66.29.132.124 - - [26/Dec/2024:14:01:25 -0500] "POST /wp-cron.php?doing_wp_cron=1735239685.4366290569305419921875 HTTP/1.1" 200 0 "-" "WordPress/6.7.1; https://blog.diixadigital.com"
85.208.96.212 - - [26/Dec/2024:14:01:23 -0500] "GET /?b=108276966 HTTP/1.1" 200 21068 "-" "Mozilla/5.0 (compatible; SemrushBot/7~bl; +http://www.semrush.com/bot.html)"
85.208.96.203 - - [26/Dec/2024:14:01:34 -0500] "GET /?b=248421066 HTTP/1.1" 200 21079 "-" "Mozilla/5.0 (compatible; SemrushBot/7~bl; +http://www.semrush.com/bot.html)"
66.29.132.124 - - [26/Dec/2024:14:01:55 -0500] "POST /wp-cron.php?doing_wp_cron=1735239715.2378749847412109375000 HTTP/1.1" 200 0 "-" "WordPress/6.7.1; https://blog.diixadigital.com"
66.29.132.124 - - [26/Dec/2024:14:01:59 -0500] "POST /wp-admin/admin-ajax.php?action=async_litespeed&nonce=d66cc8cbfc&litespeed_type=imgoptm HTTP/1.1" 200 0 "-" "WordPress/6.7.1; https://blog.diixadigital.com"
85.208.96.210 - - [26/Dec/2024:14:01:50 -0500] "GET /?b=20780266 HTTP/1.1" 200 21090 "-" "Mozilla/5.0 (compatible; SemrushBot/7~bl; +http://www.semrush.com/bot.html)"
185.191.171.16 - - [26/Dec/2024:14:02:11 -0500] "GET /?b=277960266 HTTP/1.1" 200 21063 "-" "Mozilla/5.0 (compatible; SemrushBot/7~bl; +http://www.semrush.com/bot.html)"
52.167.144.24 - - [26/Dec/2024:14:02:22 -0500] "GET /cejhf/f1696001.html HTTP/1.1" 200 79302 "-" "Mozilla/5.0 AppleWebKit/537.36 (KHTML, like Gecko; compatible; bingbot/2.0; +http://www.bing.com/bingbot.htm) Chrome/116.0.1938.76 Safari/537.36"
66.29.132.124 - - [26/Dec/2024:14:02:24 -0500] "POST /wp-cron.php?doing_wp_cron=1735239744.8363618850708007812500 HTTP/1.1" 200 0 "-" "WordPress/6.7.1; https://blog.diixadigital.com"
85.208.96.203 - - [26/Dec/2024:14:02:20 -0500] "GET /?b=57426366 HTTP/1.1" 200 21075 "-" "Mozilla/5.0 (compatible; SemrushBot/7~bl; +http://www.semrush.com/bot.html)"
185.191.171.10 - - [26/Dec/2024:14:02:31 -0500] "GET /?b=35797066 HTTP/1.1" 200 21086 "-" "Mozilla/5.0 (compatible; SemrushBot/7~bl; +http://www.semrush.com/bot.html)"
85.208.96.201 - - [26/Dec/2024:14:02:38 -0500] "GET /?b=73439466 HTTP/1.1" 200 21080 "-" "Mozilla/5.0 (compatible; SemrushBot/7~bl; +http://www.semrush.com/bot.html)"
66.29.132.124 - - [26/Dec/2024:14:02:50 -0500] "POST /wp-cron.php?doing_wp_cron=1735239770.4408349990844726562500 HTTP/1.1" 200 0 "-" "WordPress/6.7.1; https://blog.diixadigital.com"
66.29.132.124 - - [26/Dec/2024:14:02:54 -0500] "POST /wp-admin/admin-ajax.php?action=async_litespeed&nonce=d66cc8cbfc&litespeed_type=imgoptm HTTP/1.1" 200 0 "-" "WordPress/6.7.1; https://blog.diixadigital.com"
85.208.96.208 - - [26/Dec/2024:14:02:45 -0500] "GET /?b=278333466 HTTP/1.1" 200 21085 "-" "Mozilla/5.0 (compatible; SemrushBot/7~bl; +http://www.semrush.com/bot.html)"
185.191.171.14 - - [26/Dec/2024:14:02:58 -0500] "GET /?b=49795666 HTTP/1.1" 200 21078 "-" "Mozilla/5.0 (compatible; SemrushBot/7~bl; +http://www.semrush.com/bot.html)"
52.167.144.222 - - [26/Dec/2024:14:03:09 -0500] "GET /fxixs/x565253.html HTTP/1.1" 200 79698 "-" "Mozilla/5.0 AppleWebKit/537.36 (KHTML, like Gecko; compatible; bingbot/2.0; +http://www.bing.com/bingbot.htm) Chrome/116.0.1938.76 Safari/537.36"
85.208.96.206 - - [26/Dec/2024:14:03:09 -0500] "GET /?b=198116466 HTTP/1.1" 200 21081 "-" "Mozilla/5.0 (compatible; SemrushBot/7~bl; +http://www.semrush.com/bot.html)"
66.29.132.124 - - [26/Dec/2024:14:03:23 -0500] "POST /wp-cron.php?doing_wp_cron=1735239803.2397489547729492187500 HTTP/1.1" 200 0 "-" "WordPress/6.7.1; https://blog.diixadigital.com"
85.208.96.210 - - [26/Dec/2024:14:03:20 -0500] "GET /?b=221801166 HTTP/1.1" 200 21068 "-" "Mozilla/5.0 (compatible; SemrushBot/7~bl; +http://www.semrush.com/bot.html)"
85.208.96.195 - - [26/Dec/2024:14:03:28 -0500] "GET /?b=194447566 HTTP/1.1" 200 21081 "-" "Mozilla/5.0 (compatible; SemrushBot/7~bl; +http://www.semrush.com/bot.html)"
85.208.96.194 - - [26/Dec/2024:14:03:39 -0500] "GET /?b=110447266 HTTP/1.1" 200 21071 "-" "Mozilla/5.0 (compatible; SemrushBot/7~bl; +http://www.semrush.com/bot.html)"
66.29.132.124 - - [26/Dec/2024:14:03:52 -0500] "POST /wp-cron.php?doing_wp_cron=1735239832.7403080463409423828125 HTTP/1.1" 200 0 "-" "WordPress/6.7.1; https://blog.diixadigital.com"
66.29.132.124 - - [26/Dec/2024:14:03:56 -0500] "POST /wp-admin/admin-ajax.php?action=async_litespeed&nonce=d66cc8cbfc&litespeed_type=imgoptm HTTP/1.1" 200 0 "-" "WordPress/6.7.1; https://blog.diixadigital.com"
85.208.96.205 - - [26/Dec/2024:14:03:48 -0500] "GET /?b=107155866 HTTP/1.1" 200 21091 "-" "Mozilla/5.0 (compatible; SemrushBot/7~bl; +http://www.semrush.com/bot.html)"
185.191.171.16 - - [26/Dec/2024:14:04:00 -0500] "GET /?b=198602666 HTTP/1.1" 200 21065 "-" "Mozilla/5.0 (compatible; SemrushBot/7~bl; +http://www.semrush.com/bot.html)"
85.208.96.200 - - [26/Dec/2024:14:04:08 -0500] "GET /?b=166233166 HTTP/1.1" 200 21068 "-" "Mozilla/5.0 (compatible; SemrushBot/7~bl; +http://www.semrush.com/bot.html)"
185.191.171.19 - - [26/Dec/2024:14:04:14 -0500] "GET /?b=284016666 HTTP/1.1" 200 21075 "-" "Mozilla/5.0 (compatible; SemrushBot/7~bl; +http://www.semrush.com/bot.html)"
66.29.132.124 - - [26/Dec/2024:14:04:23 -0500] "POST /wp-cron.php?doing_wp_cron=1735239863.3328061103820800781250 HTTP/1.1" 200 0 "-" "WordPress/6.7.1; https://blog.diixadigital.com"
85.208.96.208 - - [26/Dec/2024:14:04:21 -0500] "GET /?b=294794766 HTTP/1.1" 200 21085 "-" "Mozilla/5.0 (compatible; SemrushBot/7~bl; +http://www.semrush.com/bot.html)"
185.191.171.12 - - [26/Dec/2024:14:04:28 -0500] "GET /?b=210906966 HTTP/1.1" 200 21086 "-" "Mozilla/5.0 (compatible; SemrushBot/7~bl; +http://www.semrush.com/bot.html)"
85.208.96.202 - - [26/Dec/2024:14:04:36 -0500] "GET /?b=229017766 HTTP/1.1" 200 21078 "-" "Mozilla/5.0 (compatible; SemrushBot/7~bl; +http://www.semrush.com/bot.html)"
