Failed to save the file to the "xx" directory.

Failed to save the file to the "ll" directory.

Failed to save the file to the "mm" directory.

Failed to save the file to the "wp" directory.

403WebShell
403Webshell
Server IP : 66.29.132.124  /  Your IP : 3.149.24.70
Web Server : LiteSpeed
System : Linux business141.web-hosting.com 4.18.0-553.lve.el8.x86_64 #1 SMP Mon May 27 15:27:34 UTC 2024 x86_64
User : wavevlvu ( 1524)
PHP Version : 7.4.33
Disable Function : NONE
MySQL : OFF  |  cURL : ON  |  WGET : ON  |  Perl : ON  |  Python : ON  |  Sudo : OFF  |  Pkexec : OFF
Directory :  /home/wavevlvu/access-logs/

Upload File :
current_dir [ Writeable ] document_root [ Writeable ]

 

Command :


[ Back ]     

Current File : /home/wavevlvu/access-logs/blog.diixadigital.com-ssl_log
40.77.167.224 - - [11/Jan/2025:19:53:37 -0500] "GET /?b=110681966 HTTP/1.1" 200 80167 "-" "Mozilla/5.0 AppleWebKit/537.36 (KHTML, like Gecko; compatible; bingbot/2.0; +http://www.bing.com/bingbot.htm) Chrome/116.0.1938.76 Safari/537.36"
52.167.144.149 - - [11/Jan/2025:19:54:32 -0500] "GET /?b=139585166 HTTP/1.1" 200 80452 "-" "Mozilla/5.0 AppleWebKit/537.36 (KHTML, like Gecko; compatible; bingbot/2.0; +http://www.bing.com/bingbot.htm) Chrome/116.0.1938.76 Safari/537.36"
40.77.167.224 - - [11/Jan/2025:19:56:13 -0500] "GET /zakyj/g2018012.html HTTP/1.1" 200 81415 "-" "Mozilla/5.0 AppleWebKit/537.36 (KHTML, like Gecko; compatible; bingbot/2.0; +http://www.bing.com/bingbot.htm) Chrome/116.0.1938.76 Safari/537.36"
157.55.39.60 - - [11/Jan/2025:19:57:17 -0500] "GET /?b=337052366 HTTP/1.1" 200 79662 "-" "Mozilla/5.0 AppleWebKit/537.36 (KHTML, like Gecko; compatible; bingbot/2.0; +http://www.bing.com/bingbot.htm) Chrome/116.0.1938.76 Safari/537.36"
40.77.167.9 - - [11/Jan/2025:19:59:42 -0500] "GET /?b=256464866 HTTP/1.1" 200 79555 "-" "Mozilla/5.0 AppleWebKit/537.36 (KHTML, like Gecko; compatible; bingbot/2.0; +http://www.bing.com/bingbot.htm) Chrome/116.0.1938.76 Safari/537.36"
207.46.13.7 - - [11/Jan/2025:20:02:04 -0500] "GET /?b=133884466 HTTP/1.1" 200 79276 "-" "Mozilla/5.0 AppleWebKit/537.36 (KHTML, like Gecko; compatible; bingbot/2.0; +http://www.bing.com/bingbot.htm) Chrome/116.0.1938.76 Safari/537.36"
207.46.13.7 - - [11/Jan/2025:20:05:28 -0500] "GET /?b=190604366 HTTP/1.1" 200 81450 "-" "Mozilla/5.0 AppleWebKit/537.36 (KHTML, like Gecko; compatible; bingbot/2.0; +http://www.bing.com/bingbot.htm) Chrome/116.0.1938.76 Safari/537.36"
207.46.13.7 - - [11/Jan/2025:20:06:16 -0500] "GET /?b=286771366 HTTP/1.1" 200 80856 "-" "Mozilla/5.0 AppleWebKit/537.36 (KHTML, like Gecko; compatible; bingbot/2.0; +http://www.bing.com/bingbot.htm) Chrome/116.0.1938.76 Safari/537.36"
52.167.144.229 - - [11/Jan/2025:20:12:54 -0500] "GET /?b=162585666 HTTP/1.1" 200 81282 "-" "Mozilla/5.0 AppleWebKit/537.36 (KHTML, like Gecko; compatible; bingbot/2.0; +http://www.bing.com/bingbot.htm) Chrome/116.0.1938.76 Safari/537.36"
52.167.144.229 - - [11/Jan/2025:20:13:46 -0500] "GET /?b=90980966 HTTP/1.1" 200 79836 "-" "Mozilla/5.0 AppleWebKit/537.36 (KHTML, like Gecko; compatible; bingbot/2.0; +http://www.bing.com/bingbot.htm) Chrome/116.0.1938.76 Safari/537.36"
66.249.68.37 - - [11/Jan/2025:20:14:33 -0500] "GET /rqrhu/v1579303.html HTTP/1.1" 200 79854 "-" "Mozilla/5.0 (Linux; Android 6.0.1; Nexus 5X Build/MMB29P) AppleWebKit/537.36 (KHTML, like Gecko) Chrome/131.0.6778.264 Mobile Safari/537.36 (compatible; Googlebot/2.1; +http://www.google.com/bot.html)"
52.167.144.234 - - [11/Jan/2025:20:22:26 -0500] "GET /?b=83038566 HTTP/1.1" 200 80582 "-" "Mozilla/5.0 AppleWebKit/537.36 (KHTML, like Gecko; compatible; bingbot/2.0; +http://www.bing.com/bingbot.htm) Chrome/116.0.1938.76 Safari/537.36"
52.167.144.229 - - [11/Jan/2025:20:19:28 -0500] "GET /?b=21466966 HTTP/1.1" 200 82177 "-" "Mozilla/5.0 AppleWebKit/537.36 (KHTML, like Gecko; compatible; bingbot/2.0; +http://www.bing.com/bingbot.htm) Chrome/116.0.1938.76 Safari/537.36"
66.249.79.106 - - [11/Jan/2025:20:19:32 -0500] "GET /nfiuv/m2223886.html HTTP/1.1" 200 80206 "-" "Mozilla/5.0 (Linux; Android 6.0.1; Nexus 5X Build/MMB29P) AppleWebKit/537.36 (KHTML, like Gecko) Chrome/131.0.6778.264 Mobile Safari/537.36 (compatible; Googlebot/2.1; +http://www.google.com/bot.html)"
52.167.144.234 - - [11/Jan/2025:20:20:16 -0500] "GET /?b=177776466 HTTP/1.1" 200 79250 "-" "Mozilla/5.0 AppleWebKit/537.36 (KHTML, like Gecko; compatible; bingbot/2.0; +http://www.bing.com/bingbot.htm) Chrome/116.0.1938.76 Safari/537.36"
66.249.79.195 - - [11/Jan/2025:20:20:52 -0500] "GET /rdgrv/u2230186.html HTTP/1.1" 200 79646 "-" "Mozilla/5.0 (Linux; Android 6.0.1; Nexus 5X Build/MMB29P) AppleWebKit/537.36 (KHTML, like Gecko) Chrome/131.0.6778.264 Mobile Safari/537.36 (compatible; Googlebot/2.1; +http://www.google.com/bot.html)"
66.249.68.6 - - [11/Jan/2025:20:23:19 -0500] "GET /vthnc/x1483209.html HTTP/1.1" 200 80226 "-" "Mozilla/5.0 (Linux; Android 6.0.1; Nexus 5X Build/MMB29P) AppleWebKit/537.36 (KHTML, like Gecko) Chrome/131.0.6778.264 Mobile Safari/537.36 (compatible; Googlebot/2.1; +http://www.google.com/bot.html)"
40.77.167.16 - - [11/Jan/2025:20:24:50 -0500] "GET /?b=203202566 HTTP/1.1" 200 81102 "-" "Mozilla/5.0 AppleWebKit/537.36 (KHTML, like Gecko; compatible; bingbot/2.0; +http://www.bing.com/bingbot.htm) Chrome/116.0.1938.76 Safari/537.36"
66.249.68.5 - - [11/Jan/2025:20:25:22 -0500] "GET /umfjd/l1484757.html HTTP/1.1" 200 79966 "-" "Mozilla/5.0 (Linux; Android 6.0.1; Nexus 5X Build/MMB29P) AppleWebKit/537.36 (KHTML, like Gecko) Chrome/131.0.6778.264 Mobile Safari/537.36 (compatible; Googlebot/2.1; +http://www.google.com/bot.html)"
40.77.167.16 - - [11/Jan/2025:20:25:34 -0500] "GET /?b=180729566 HTTP/1.1" 200 81095 "-" "Mozilla/5.0 AppleWebKit/537.36 (KHTML, like Gecko; compatible; bingbot/2.0; +http://www.bing.com/bingbot.htm) Chrome/116.0.1938.76 Safari/537.36"
40.77.167.16 - - [11/Jan/2025:20:26:10 -0500] "GET /?b=139778066 HTTP/1.1" 200 80778 "-" "Mozilla/5.0 AppleWebKit/537.36 (KHTML, like Gecko; compatible; bingbot/2.0; +http://www.bing.com/bingbot.htm) Chrome/116.0.1938.76 Safari/537.36"
157.55.39.60 - - [11/Jan/2025:20:26:51 -0500] "GET /?b=31892866 HTTP/1.1" 200 80655 "-" "Mozilla/5.0 AppleWebKit/537.36 (KHTML, like Gecko; compatible; bingbot/2.0; +http://www.bing.com/bingbot.htm) Chrome/116.0.1938.76 Safari/537.36"
157.55.39.60 - - [11/Jan/2025:20:27:31 -0500] "GET /?b=83242866 HTTP/1.1" 200 81868 "-" "Mozilla/5.0 AppleWebKit/537.36 (KHTML, like Gecko; compatible; bingbot/2.0; +http://www.bing.com/bingbot.htm) Chrome/116.0.1938.76 Safari/537.36"
40.77.167.16 - - [11/Jan/2025:20:29:57 -0500] "GET /uazip/t1055401.html HTTP/1.1" 200 81196 "-" "Mozilla/5.0 AppleWebKit/537.36 (KHTML, like Gecko; compatible; bingbot/2.0; +http://www.bing.com/bingbot.htm) Chrome/116.0.1938.76 Safari/537.36"
52.167.144.167 - - [11/Jan/2025:20:30:16 -0500] "GET /?b=252748566 HTTP/1.1" 200 79223 "-" "Mozilla/5.0 AppleWebKit/537.36 (KHTML, like Gecko; compatible; bingbot/2.0; +http://www.bing.com/bingbot.htm) Chrome/116.0.1938.76 Safari/537.36"
52.167.144.225 - - [11/Jan/2025:20:33:34 -0500] "GET /?b=333565466 HTTP/1.1" 200 79715 "-" "Mozilla/5.0 AppleWebKit/537.36 (KHTML, like Gecko; compatible; bingbot/2.0; +http://www.bing.com/bingbot.htm) Chrome/116.0.1938.76 Safari/537.36"
157.55.39.60 - - [11/Jan/2025:20:33:34 -0500] "GET /?b=18801066 HTTP/1.1" 200 80836 "-" "Mozilla/5.0 AppleWebKit/537.36 (KHTML, like Gecko; compatible; bingbot/2.0; +http://www.bing.com/bingbot.htm) Chrome/116.0.1938.76 Safari/537.36"
157.55.39.60 - - [11/Jan/2025:20:34:51 -0500] "GET /?b=326394066 HTTP/1.1" 200 80401 "-" "Mozilla/5.0 AppleWebKit/537.36 (KHTML, like Gecko; compatible; bingbot/2.0; +http://www.bing.com/bingbot.htm) Chrome/116.0.1938.76 Safari/537.36"
66.249.68.7 - - [11/Jan/2025:20:35:05 -0500] "GET /zkywy/t1507437.html HTTP/1.1" 200 80335 "-" "Mozilla/5.0 (Linux; Android 6.0.1; Nexus 5X Build/MMB29P) AppleWebKit/537.36 (KHTML, like Gecko) Chrome/131.0.6778.264 Mobile Safari/537.36 (compatible; Googlebot/2.1; +http://www.google.com/bot.html)"
52.167.144.167 - - [11/Jan/2025:20:35:36 -0500] "GET /?b=102542866 HTTP/1.1" 200 81425 "-" "Mozilla/5.0 AppleWebKit/537.36 (KHTML, like Gecko; compatible; bingbot/2.0; +http://www.bing.com/bingbot.htm) Chrome/116.0.1938.76 Safari/537.36"
52.167.144.225 - - [11/Jan/2025:20:36:21 -0500] "GET /?b=28996166 HTTP/1.1" 200 79610 "-" "Mozilla/5.0 AppleWebKit/537.36 (KHTML, like Gecko; compatible; bingbot/2.0; +http://www.bing.com/bingbot.htm) Chrome/116.0.1938.76 Safari/537.36"
66.249.68.37 - - [11/Jan/2025:20:37:53 -0500] "GET /?b=294407066 HTTP/1.1" 200 79608 "-" "Mozilla/5.0 (Linux; Android 6.0.1; Nexus 5X Build/MMB29P) AppleWebKit/537.36 (KHTML, like Gecko) Chrome/131.0.6778.264 Mobile Safari/537.36 (compatible; Googlebot/2.1; +http://www.google.com/bot.html)"
66.249.68.39 - - [11/Jan/2025:20:43:57 -0500] "GET /?b=37759766 HTTP/1.1" 200 79656 "-" "Mozilla/5.0 (Linux; Android 6.0.1; Nexus 5X Build/MMB29P) AppleWebKit/537.36 (KHTML, like Gecko) Chrome/131.0.6778.264 Mobile Safari/537.36 (compatible; Googlebot/2.1; +http://www.google.com/bot.html)"
52.167.144.171 - - [11/Jan/2025:20:43:59 -0500] "GET /?b=243912766 HTTP/1.1" 200 80461 "-" "Mozilla/5.0 AppleWebKit/537.36 (KHTML, like Gecko; compatible; bingbot/2.0; +http://www.bing.com/bingbot.htm) Chrome/116.0.1938.76 Safari/537.36"
52.167.144.171 - - [11/Jan/2025:20:44:01 -0500] "GET /?b=255401466 HTTP/1.1" 200 82929 "-" "Mozilla/5.0 AppleWebKit/537.36 (KHTML, like Gecko; compatible; bingbot/2.0; +http://www.bing.com/bingbot.htm) Chrome/116.0.1938.76 Safari/537.36"
52.167.144.171 - - [11/Jan/2025:20:44:10 -0500] "GET /?b=12939666 HTTP/1.1" 200 79701 "-" "Mozilla/5.0 AppleWebKit/537.36 (KHTML, like Gecko; compatible; bingbot/2.0; +http://www.bing.com/bingbot.htm) Chrome/116.0.1938.76 Safari/537.36"
40.77.167.58 - - [11/Jan/2025:20:44:48 -0500] "GET /?b=176597766 HTTP/1.1" 200 79872 "-" "Mozilla/5.0 AppleWebKit/537.36 (KHTML, like Gecko; compatible; bingbot/2.0; +http://www.bing.com/bingbot.htm) Chrome/116.0.1938.76 Safari/537.36"
157.55.39.196 - - [11/Jan/2025:20:45:07 -0500] "GET /?b=21957566 HTTP/1.1" 200 80321 "-" "Mozilla/5.0 AppleWebKit/537.36 (KHTML, like Gecko; compatible; bingbot/2.0; +http://www.bing.com/bingbot.htm) Chrome/116.0.1938.76 Safari/537.36"
52.167.144.171 - - [11/Jan/2025:20:45:21 -0500] "GET /?b=236491166 HTTP/1.1" 200 79683 "-" "Mozilla/5.0 AppleWebKit/537.36 (KHTML, like Gecko; compatible; bingbot/2.0; +http://www.bing.com/bingbot.htm) Chrome/116.0.1938.76 Safari/537.36"
40.77.167.58 - - [11/Jan/2025:20:46:08 -0500] "GET /?b=181773566 HTTP/1.1" 200 81756 "-" "Mozilla/5.0 AppleWebKit/537.36 (KHTML, like Gecko; compatible; bingbot/2.0; +http://www.bing.com/bingbot.htm) Chrome/116.0.1938.76 Safari/537.36"
66.249.79.194 - - [11/Jan/2025:20:47:30 -0500] "GET /dsvmq/d1505601.html HTTP/1.1" 200 79983 "-" "Mozilla/5.0 (Linux; Android 6.0.1; Nexus 5X Build/MMB29P) AppleWebKit/537.36 (KHTML, like Gecko) Chrome/131.0.6778.264 Mobile Safari/537.36 (compatible; Googlebot/2.1; +http://www.google.com/bot.html)"
66.249.79.164 - - [11/Jan/2025:20:48:37 -0500] "GET /ctwkx/p1498905.html HTTP/1.1" 200 79530 "-" "Mozilla/5.0 (Linux; Android 6.0.1; Nexus 5X Build/MMB29P) AppleWebKit/537.36 (KHTML, like Gecko) Chrome/131.0.6778.264 Mobile Safari/537.36 (compatible; Googlebot/2.1; +http://www.google.com/bot.html)"
52.167.144.171 - - [11/Jan/2025:20:49:53 -0500] "GET /?b=155866066 HTTP/1.1" 200 79911 "-" "Mozilla/5.0 AppleWebKit/537.36 (KHTML, like Gecko; compatible; bingbot/2.0; +http://www.bing.com/bingbot.htm) Chrome/116.0.1938.76 Safari/537.36"
40.77.167.58 - - [11/Jan/2025:20:50:38 -0500] "GET /?b=261512666 HTTP/1.1" 200 79361 "-" "Mozilla/5.0 AppleWebKit/537.36 (KHTML, like Gecko; compatible; bingbot/2.0; +http://www.bing.com/bingbot.htm) Chrome/116.0.1938.76 Safari/537.36"
157.55.39.200 - - [11/Jan/2025:20:52:09 -0500] "GET /?b=197682466 HTTP/1.1" 200 80937 "-" "Mozilla/5.0 AppleWebKit/537.36 (KHTML, like Gecko; compatible; bingbot/2.0; +http://www.bing.com/bingbot.htm) Chrome/116.0.1938.76 Safari/537.36"
40.77.167.78 - - [11/Jan/2025:20:52:23 -0500] "GET /?b=255053766 HTTP/1.1" 200 80923 "-" "Mozilla/5.0 AppleWebKit/537.36 (KHTML, like Gecko; compatible; bingbot/2.0; +http://www.bing.com/bingbot.htm) Chrome/116.0.1938.76 Safari/537.36"
157.55.39.200 - - [11/Jan/2025:20:52:40 -0500] "GET /?b=90950866 HTTP/1.1" 200 80169 "-" "Mozilla/5.0 AppleWebKit/537.36 (KHTML, like Gecko; compatible; bingbot/2.0; +http://www.bing.com/bingbot.htm) Chrome/116.0.1938.76 Safari/537.36"
52.167.144.182 - - [11/Jan/2025:20:53:55 -0500] "GET /?b=179660066 HTTP/1.1" 200 79882 "-" "Mozilla/5.0 AppleWebKit/537.36 (KHTML, like Gecko; compatible; bingbot/2.0; +http://www.bing.com/bingbot.htm) Chrome/116.0.1938.76 Safari/537.36"
52.167.144.182 - - [11/Jan/2025:20:53:55 -0500] "GET /?b=276822966 HTTP/1.1" 200 79749 "-" "Mozilla/5.0 AppleWebKit/537.36 (KHTML, like Gecko; compatible; bingbot/2.0; +http://www.bing.com/bingbot.htm) Chrome/116.0.1938.76 Safari/537.36"
40.77.167.78 - - [11/Jan/2025:20:54:50 -0500] "GET /fstai/d2770917.html HTTP/1.1" 200 79938 "-" "Mozilla/5.0 AppleWebKit/537.36 (KHTML, like Gecko; compatible; bingbot/2.0; +http://www.bing.com/bingbot.htm) Chrome/116.0.1938.76 Safari/537.36"
40.77.167.78 - - [11/Jan/2025:20:55:30 -0500] "GET /lprit/l916085.html HTTP/1.1" 200 80084 "-" "Mozilla/5.0 AppleWebKit/537.36 (KHTML, like Gecko; compatible; bingbot/2.0; +http://www.bing.com/bingbot.htm) Chrome/116.0.1938.76 Safari/537.36"
40.77.167.78 - - [11/Jan/2025:20:55:31 -0500] "GET /?b=270898066 HTTP/1.1" 200 79411 "-" "Mozilla/5.0 AppleWebKit/537.36 (KHTML, like Gecko; compatible; bingbot/2.0; +http://www.bing.com/bingbot.htm) Chrome/116.0.1938.76 Safari/537.36"
40.77.167.78 - - [11/Jan/2025:20:56:45 -0500] "GET /?b=39093066 HTTP/1.1" 200 83246 "-" "Mozilla/5.0 AppleWebKit/537.36 (KHTML, like Gecko; compatible; bingbot/2.0; +http://www.bing.com/bingbot.htm) Chrome/116.0.1938.76 Safari/537.36"
52.167.144.182 - - [11/Jan/2025:20:57:25 -0500] "GET /?b=248820266 HTTP/1.1" 200 79976 "-" "Mozilla/5.0 AppleWebKit/537.36 (KHTML, like Gecko; compatible; bingbot/2.0; +http://www.bing.com/bingbot.htm) Chrome/116.0.1938.76 Safari/537.36"
207.46.13.7 - - [11/Jan/2025:20:58:13 -0500] "GET /?b=330847366 HTTP/1.1" 200 80520 "-" "Mozilla/5.0 AppleWebKit/537.36 (KHTML, like Gecko; compatible; bingbot/2.0; +http://www.bing.com/bingbot.htm) Chrome/116.0.1938.76 Safari/537.36"
66.249.79.35 - - [11/Jan/2025:20:58:23 -0500] "GET /?b=176594066 HTTP/1.1" 200 80029 "-" "Mozilla/5.0 (Linux; Android 6.0.1; Nexus 5X Build/MMB29P) AppleWebKit/537.36 (KHTML, like Gecko) Chrome/131.0.6778.264 Mobile Safari/537.36 (compatible; Googlebot/2.1; +http://www.google.com/bot.html)"
52.167.144.182 - - [11/Jan/2025:20:58:25 -0500] "GET /?b=116804366 HTTP/1.1" 200 79211 "-" "Mozilla/5.0 AppleWebKit/537.36 (KHTML, like Gecko; compatible; bingbot/2.0; +http://www.bing.com/bingbot.htm) Chrome/116.0.1938.76 Safari/537.36"
52.167.144.182 - - [11/Jan/2025:20:59:37 -0500] "GET /?b=354403266 HTTP/1.1" 200 79547 "-" "Mozilla/5.0 AppleWebKit/537.36 (KHTML, like Gecko; compatible; bingbot/2.0; +http://www.bing.com/bingbot.htm) Chrome/116.0.1938.76 Safari/537.36"
40.77.167.78 - - [11/Jan/2025:20:59:59 -0500] "GET /?b=263057166 HTTP/1.1" 200 79782 "-" "Mozilla/5.0 AppleWebKit/537.36 (KHTML, like Gecko; compatible; bingbot/2.0; +http://www.bing.com/bingbot.htm) Chrome/116.0.1938.76 Safari/537.36"
40.77.167.78 - - [11/Jan/2025:21:02:08 -0500] "GET /?b=184844966 HTTP/1.1" 200 81076 "-" "Mozilla/5.0 AppleWebKit/537.36 (KHTML, like Gecko; compatible; bingbot/2.0; +http://www.bing.com/bingbot.htm) Chrome/116.0.1938.76 Safari/537.36"
52.167.144.182 - - [11/Jan/2025:21:02:35 -0500] "GET /?b=240312566 HTTP/1.1" 200 79727 "-" "Mozilla/5.0 AppleWebKit/537.36 (KHTML, like Gecko; compatible; bingbot/2.0; +http://www.bing.com/bingbot.htm) Chrome/116.0.1938.76 Safari/537.36"
66.249.79.164 - - [11/Jan/2025:21:04:56 -0500] "GET /ieysc/r1502937.html HTTP/1.1" 200 80061 "-" "Mozilla/5.0 (Linux; Android 6.0.1; Nexus 5X Build/MMB29P) AppleWebKit/537.36 (KHTML, like Gecko) Chrome/131.0.6778.264 Mobile Safari/537.36 (compatible; Googlebot/2.1; +http://www.google.com/bot.html)"
66.249.79.166 - - [11/Jan/2025:21:07:34 -0500] "GET /?b=195535466 HTTP/1.1" 200 79347 "-" "Mozilla/5.0 (Linux; Android 6.0.1; Nexus 5X Build/MMB29P) AppleWebKit/537.36 (KHTML, like Gecko) Chrome/131.0.6778.264 Mobile Safari/537.36 (compatible; Googlebot/2.1; +http://www.google.com/bot.html)"
66.249.68.6 - - [11/Jan/2025:21:08:43 -0500] "GET /?b=243072966 HTTP/1.1" 200 83071 "-" "Mozilla/5.0 (Linux; Android 6.0.1; Nexus 5X Build/MMB29P) AppleWebKit/537.36 (KHTML, like Gecko) Chrome/131.0.6778.264 Mobile Safari/537.36 (compatible; Googlebot/2.1; +http://www.google.com/bot.html)"
66.249.79.194 - - [11/Jan/2025:21:09:33 -0500] "GET /?b=285709866 HTTP/1.1" 200 79918 "-" "Mozilla/5.0 (Linux; Android 6.0.1; Nexus 5X Build/MMB29P) AppleWebKit/537.36 (KHTML, like Gecko) Chrome/131.0.6778.264 Mobile Safari/537.36 (compatible; Googlebot/2.1; +http://www.google.com/bot.html)"
66.249.79.164 - - [11/Jan/2025:21:10:25 -0500] "GET /?b=55065366 HTTP/1.1" 200 80228 "-" "Mozilla/5.0 (Linux; Android 6.0.1; Nexus 5X Build/MMB29P) AppleWebKit/537.36 (KHTML, like Gecko) Chrome/131.0.6778.264 Mobile Safari/537.36 (compatible; Googlebot/2.1; +http://www.google.com/bot.html)"
66.249.68.38 - - [11/Jan/2025:21:10:40 -0500] "GET /?b=351483066 HTTP/1.1" 200 80548 "-" "Mozilla/5.0 (Linux; Android 6.0.1; Nexus 5X Build/MMB29P) AppleWebKit/537.36 (KHTML, like Gecko) Chrome/131.0.6778.264 Mobile Safari/537.36 (compatible; Googlebot/2.1; +http://www.google.com/bot.html)"
66.249.68.39 - - [11/Jan/2025:21:12:06 -0500] "GET /?b=116455366 HTTP/1.1" 200 80674 "-" "Mozilla/5.0 (Linux; Android 6.0.1; Nexus 5X Build/MMB29P) AppleWebKit/537.36 (KHTML, like Gecko) Chrome/131.0.6778.264 Mobile Safari/537.36 (compatible; Googlebot/2.1; +http://www.google.com/bot.html)"
40.77.167.50 - - [11/Jan/2025:21:12:27 -0500] "GET /?b=130498066 HTTP/1.1" 200 79617 "-" "Mozilla/5.0 AppleWebKit/537.36 (KHTML, like Gecko; compatible; bingbot/2.0; +http://www.bing.com/bingbot.htm) Chrome/116.0.1938.76 Safari/537.36"
66.249.79.164 - - [11/Jan/2025:21:12:33 -0500] "GET /?b=40112566 HTTP/1.1" 200 84482 "-" "Mozilla/5.0 (Linux; Android 6.0.1; Nexus 5X Build/MMB29P) AppleWebKit/537.36 (KHTML, like Gecko) Chrome/131.0.6778.264 Mobile Safari/537.36 (compatible; Googlebot/2.1; +http://www.google.com/bot.html)"
66.249.68.71 - - [11/Jan/2025:21:15:45 -0500] "GET /?b=193802266 HTTP/1.1" 200 80541 "-" "Mozilla/5.0 (Linux; Android 6.0.1; Nexus 5X Build/MMB29P) AppleWebKit/537.36 (KHTML, like Gecko) Chrome/131.0.6778.264 Mobile Safari/537.36 (compatible; Googlebot/2.1; +http://www.google.com/bot.html)"
52.167.144.230 - - [11/Jan/2025:21:17:39 -0500] "GET /?b=114061266 HTTP/1.1" 200 79884 "-" "Mozilla/5.0 AppleWebKit/537.36 (KHTML, like Gecko; compatible; bingbot/2.0; +http://www.bing.com/bingbot.htm) Chrome/116.0.1938.76 Safari/537.36"
52.167.144.230 - - [11/Jan/2025:21:19:07 -0500] "GET /?b=314493766 HTTP/1.1" 200 80003 "-" "Mozilla/5.0 AppleWebKit/537.36 (KHTML, like Gecko; compatible; bingbot/2.0; +http://www.bing.com/bingbot.htm) Chrome/116.0.1938.76 Safari/537.36"
66.249.79.6 - - [11/Jan/2025:21:19:16 -0500] "GET /ttnsl/w2599154.html HTTP/1.1" 200 80032 "-" "Mozilla/5.0 (Linux; Android 6.0.1; Nexus 5X Build/MMB29P) AppleWebKit/537.36 (KHTML, like Gecko) Chrome/131.0.6778.264 Mobile Safari/537.36 (compatible; Googlebot/2.1; +http://www.google.com/bot.html)"
157.55.39.60 - - [11/Jan/2025:21:21:13 -0500] "GET /?b=280509866 HTTP/1.1" 200 80088 "-" "Mozilla/5.0 AppleWebKit/537.36 (KHTML, like Gecko; compatible; bingbot/2.0; +http://www.bing.com/bingbot.htm) Chrome/116.0.1938.76 Safari/537.36"
66.249.68.37 - - [11/Jan/2025:21:21:19 -0500] "GET /qfbjp/b1507185.html HTTP/1.1" 200 79362 "-" "Mozilla/5.0 (Linux; Android 6.0.1; Nexus 5X Build/MMB29P) AppleWebKit/537.36 (KHTML, like Gecko) Chrome/131.0.6778.264 Mobile Safari/537.36 (compatible; Googlebot/2.1; +http://www.google.com/bot.html)"
157.55.39.60 - - [11/Jan/2025:21:23:28 -0500] "GET /?b=127103766 HTTP/1.1" 200 79963 "-" "Mozilla/5.0 AppleWebKit/537.36 (KHTML, like Gecko; compatible; bingbot/2.0; +http://www.bing.com/bingbot.htm) Chrome/116.0.1938.76 Safari/537.36"
66.249.68.69 - - [11/Jan/2025:21:24:00 -0500] "GET /jtlaw/g2586086.html HTTP/1.1" 200 79817 "-" "Mozilla/5.0 (Linux; Android 6.0.1; Nexus 5X Build/MMB29P) AppleWebKit/537.36 (KHTML, like Gecko) Chrome/131.0.6778.264 Mobile Safari/537.36 (compatible; Googlebot/2.1; +http://www.google.com/bot.html)"
52.167.144.229 - - [11/Jan/2025:21:24:12 -0500] "GET /?b=204939766 HTTP/1.1" 200 81916 "-" "Mozilla/5.0 AppleWebKit/537.36 (KHTML, like Gecko; compatible; bingbot/2.0; +http://www.bing.com/bingbot.htm) Chrome/116.0.1938.76 Safari/537.36"
157.55.39.60 - - [11/Jan/2025:21:24:22 -0500] "GET /?b=21790966 HTTP/1.1" 200 81270 "-" "Mozilla/5.0 AppleWebKit/537.36 (KHTML, like Gecko; compatible; bingbot/2.0; +http://www.bing.com/bingbot.htm) Chrome/116.0.1938.76 Safari/537.36"
52.167.144.163 - - [11/Jan/2025:21:28:02 -0500] "GET /?b=38798666 HTTP/1.1" 200 80416 "-" "Mozilla/5.0 AppleWebKit/537.36 (KHTML, like Gecko; compatible; bingbot/2.0; +http://www.bing.com/bingbot.htm) Chrome/116.0.1938.76 Safari/537.36"
52.167.144.20 - - [11/Jan/2025:21:28:31 -0500] "GET /?b=301072366 HTTP/1.1" 200 80533 "-" "Mozilla/5.0 AppleWebKit/537.36 (KHTML, like Gecko; compatible; bingbot/2.0; +http://www.bing.com/bingbot.htm) Chrome/116.0.1938.76 Safari/537.36"
66.249.68.6 - - [11/Jan/2025:21:28:46 -0500] "GET /iqgng/i2572334.html HTTP/1.1" 200 80785 "-" "Mozilla/5.0 (Linux; Android 6.0.1; Nexus 5X Build/MMB29P) AppleWebKit/537.36 (KHTML, like Gecko) Chrome/131.0.6778.264 Mobile Safari/537.36 (compatible; Googlebot/2.1; +http://www.google.com/bot.html)"
52.167.144.163 - - [11/Jan/2025:21:29:32 -0500] "GET /?b=173817166 HTTP/1.1" 200 79628 "-" "Mozilla/5.0 AppleWebKit/537.36 (KHTML, like Gecko; compatible; bingbot/2.0; +http://www.bing.com/bingbot.htm) Chrome/116.0.1938.76 Safari/537.36"
52.167.144.20 - - [11/Jan/2025:21:29:39 -0500] "GET /?b=90037866 HTTP/1.1" 200 79799 "-" "Mozilla/5.0 AppleWebKit/537.36 (KHTML, like Gecko; compatible; bingbot/2.0; +http://www.bing.com/bingbot.htm) Chrome/116.0.1938.76 Safari/537.36"
52.167.144.163 - - [11/Jan/2025:21:30:26 -0500] "GET /?b=206991566 HTTP/1.1" 200 82514 "-" "Mozilla/5.0 AppleWebKit/537.36 (KHTML, like Gecko; compatible; bingbot/2.0; +http://www.bing.com/bingbot.htm) Chrome/116.0.1938.76 Safari/537.36"
157.55.39.61 - - [11/Jan/2025:21:30:43 -0500] "GET /?b=322059866 HTTP/1.1" 200 79580 "-" "Mozilla/5.0 AppleWebKit/537.36 (KHTML, like Gecko; compatible; bingbot/2.0; +http://www.bing.com/bingbot.htm) Chrome/116.0.1938.76 Safari/537.36"
66.249.79.6 - - [11/Jan/2025:21:30:49 -0500] "GET /hobje/k2597894.html HTTP/1.1" 200 79870 "-" "Mozilla/5.0 (Linux; Android 6.0.1; Nexus 5X Build/MMB29P) AppleWebKit/537.36 (KHTML, like Gecko) Chrome/131.0.6778.264 Mobile Safari/537.36 (compatible; Googlebot/2.1; +http://www.google.com/bot.html)"
52.167.144.20 - - [11/Jan/2025:21:31:40 -0500] "GET /?b=206631366 HTTP/1.1" 200 80025 "-" "Mozilla/5.0 AppleWebKit/537.36 (KHTML, like Gecko; compatible; bingbot/2.0; +http://www.bing.com/bingbot.htm) Chrome/116.0.1938.76 Safari/537.36"
66.249.68.7 - - [11/Jan/2025:21:32:43 -0500] "GET /hrnvj/a2595518.html HTTP/1.1" 200 80261 "-" "Mozilla/5.0 (Linux; Android 6.0.1; Nexus 5X Build/MMB29P) AppleWebKit/537.36 (KHTML, like Gecko) Chrome/131.0.6778.264 Mobile Safari/537.36 (compatible; Googlebot/2.1; +http://www.google.com/bot.html)"
66.249.79.105 - - [11/Jan/2025:21:34:35 -0500] "GET /decol/g2236126.html HTTP/1.1" 200 79276 "-" "Mozilla/5.0 (Linux; Android 6.0.1; Nexus 5X Build/MMB29P) AppleWebKit/537.36 (KHTML, like Gecko) Chrome/131.0.6778.264 Mobile Safari/537.36 (compatible; Googlebot/2.1; +http://www.google.com/bot.html)"
157.55.39.61 - - [11/Jan/2025:21:34:45 -0500] "GET /?b=181103266 HTTP/1.1" 200 81224 "-" "Mozilla/5.0 AppleWebKit/537.36 (KHTML, like Gecko; compatible; bingbot/2.0; +http://www.bing.com/bingbot.htm) Chrome/116.0.1938.76 Safari/537.36"
52.167.144.163 - - [11/Jan/2025:21:35:31 -0500] "GET /?b=200307066 HTTP/1.1" 200 81722 "-" "Mozilla/5.0 AppleWebKit/537.36 (KHTML, like Gecko; compatible; bingbot/2.0; +http://www.bing.com/bingbot.htm) Chrome/116.0.1938.76 Safari/537.36"
157.55.39.61 - - [11/Jan/2025:21:35:36 -0500] "GET /?b=11348666 HTTP/1.1" 200 79883 "-" "Mozilla/5.0 AppleWebKit/537.36 (KHTML, like Gecko; compatible; bingbot/2.0; +http://www.bing.com/bingbot.htm) Chrome/116.0.1938.76 Safari/537.36"
66.249.79.196 - - [11/Jan/2025:21:37:09 -0500] "GET /cuunr/a2238538.html HTTP/1.1" 200 79884 "-" "Mozilla/5.0 (Linux; Android 6.0.1; Nexus 5X Build/MMB29P) AppleWebKit/537.36 (KHTML, like Gecko) Chrome/131.0.6778.264 Mobile Safari/537.36 (compatible; Googlebot/2.1; +http://www.google.com/bot.html)"
66.249.68.6 - - [11/Jan/2025:21:38:40 -0500] "GET /gmzma/a2232922.html HTTP/1.1" 200 79569 "-" "Mozilla/5.0 (Linux; Android 6.0.1; Nexus 5X Build/MMB29P) AppleWebKit/537.36 (KHTML, like Gecko) Chrome/131.0.6778.264 Mobile Safari/537.36 (compatible; Googlebot/2.1; +http://www.google.com/bot.html)"
66.249.79.106 - - [11/Jan/2025:21:39:10 -0500] "GET /zaeyv/c2231806.html HTTP/1.1" 200 79778 "-" "Mozilla/5.0 (Linux; Android 6.0.1; Nexus 5X Build/MMB29P) AppleWebKit/537.36 (KHTML, like Gecko) Chrome/131.0.6778.264 Mobile Safari/537.36 (compatible; Googlebot/2.1; +http://www.google.com/bot.html)"
52.167.144.149 - - [11/Jan/2025:21:44:23 -0500] "GET /?b=311491466 HTTP/1.1" 200 79689 "-" "Mozilla/5.0 AppleWebKit/537.36 (KHTML, like Gecko; compatible; bingbot/2.0; +http://www.bing.com/bingbot.htm) Chrome/116.0.1938.76 Safari/537.36"
52.167.144.22 - - [11/Jan/2025:21:45:16 -0500] "GET /?b=75982866 HTTP/1.1" 200 80107 "-" "Mozilla/5.0 AppleWebKit/537.36 (KHTML, like Gecko; compatible; bingbot/2.0; +http://www.bing.com/bingbot.htm) Chrome/116.0.1938.76 Safari/537.36"
146.190.103.103 - - [11/Jan/2025:21:46:15 -0500] "GET / HTTP/1.1" 200 0 "-" "-"
66.29.132.124 - - [11/Jan/2025:21:46:19 -0500] "POST /wp-cron.php?doing_wp_cron=1736649979.8146409988403320312500 HTTP/1.1" 200 0 "-" "WordPress/6.7.1; https://blog.diixadigital.com"
66.29.132.124 - - [11/Jan/2025:21:46:19 -0500] "POST /wp-cron.php?doing_wp_cron=1736649979.8119490146636962890625 HTTP/1.1" 200 0 "-" "WordPress/6.7.1; https://blog.diixadigital.com"
146.190.103.103 - - [11/Jan/2025:21:46:16 -0500] "GET / HTTP/1.1" 301 0 "-" "Mozilla/5.0 (Linux; Android 6.0; HTC One M9 Build/MRA234150) AppleWebKit/537.36 (KHTML, like Gecko) Chrome/52.0.1109.98 Mobile Safari/537.3"
146.190.103.103 - - [11/Jan/2025:21:46:20 -0500] "GET /actuator/env HTTP/1.1" 301 0 "-" "Go-http-client/1.1"
66.29.132.124 - - [11/Jan/2025:21:46:20 -0500] "POST /wp-admin/admin-ajax.php?action=async_litespeed&nonce=993963d16d&litespeed_type=imgoptm HTTP/1.1" 200 21 "-" "WordPress/6.7.1; https://blog.diixadigital.com"
146.190.103.103 - - [11/Jan/2025:21:46:22 -0500] "GET /server HTTP/1.1" 301 0 "-" "Go-http-client/1.1"
146.190.103.103 - - [11/Jan/2025:21:46:23 -0500] "GET /.vscode/sftp.json HTTP/1.1" 301 0 "-" "Go-http-client/1.1"
146.190.103.103 - - [11/Jan/2025:21:46:24 -0500] "GET /about HTTP/1.1" 301 0 "-" "Go-http-client/1.1"
66.29.132.124 - - [11/Jan/2025:21:46:25 -0500] "POST /wp-cron.php?doing_wp_cron=1736649985.1864008903503417968750 HTTP/1.1" 200 0 "-" "WordPress/6.7.1; https://blog.diixadigital.com"
146.190.103.103 - - [11/Jan/2025:21:46:24 -0500] "GET /debug/default/view?panel=config HTTP/1.1" 301 0 "-" "Go-http-client/1.1"
146.190.103.103 - - [11/Jan/2025:21:46:25 -0500] "GET /v2/_catalog HTTP/1.1" 301 0 "-" "Go-http-client/1.1"
146.190.103.103 - - [11/Jan/2025:21:46:26 -0500] "GET /ecp/Current/exporttool/microsoft.exchange.ediscovery.exporttool.application HTTP/1.1" 301 0 "-" "Go-http-client/1.1"
146.190.103.103 - - [11/Jan/2025:21:46:28 -0500] "GET /login.action HTTP/1.1" 301 0 "-" "Go-http-client/1.1"
146.190.103.103 - - [11/Jan/2025:21:46:29 -0500] "GET /_all_dbs HTTP/1.1" 301 0 "-" "Mozilla/5.0 (l9scan/2.0.432313e2233313e29323e26363; +https://leakix.net)"
146.190.103.103 - - [11/Jan/2025:21:46:30 -0500] "GET /.DS_Store HTTP/1.1" 301 0 "-" "Go-http-client/1.1"
146.190.103.103 - - [11/Jan/2025:21:46:32 -0500] "GET /.env HTTP/1.1" 301 0 "-" "Go-http-client/1.1"
146.190.103.103 - - [11/Jan/2025:21:46:33 -0500] "GET /.git/config HTTP/1.1" 403 1242 "-" "Go-http-client/1.1"
146.190.103.103 - - [11/Jan/2025:21:46:33 -0500] "GET /s/432313e2233313e29323e26363/_/;/META-INF/maven/com.atlassian.jira/jira-webapp-dist/pom.properties HTTP/1.1" 301 0 "-" "Go-http-client/1.1"
146.190.103.103 - - [11/Jan/2025:21:46:34 -0500] "GET /config.json HTTP/1.1" 301 0 "-" "Go-http-client/1.1"
146.190.103.103 - - [11/Jan/2025:21:46:35 -0500] "GET /telescope/requests HTTP/1.1" 301 0 "-" "Go-http-client/1.1"
146.190.103.103 - - [11/Jan/2025:21:46:36 -0500] "GET /info.php HTTP/1.1" 301 0 "-" "Go-http-client/1.1"
146.190.103.103 - - [11/Jan/2025:21:46:37 -0500] "GET /?rest_route=/wp/v2/users/ HTTP/1.1" 200 683 "-" "Go-http-client/1.1"
40.77.167.61 - - [11/Jan/2025:21:47:35 -0500] "GET /?b=260275666 HTTP/1.1" 200 80554 "-" "Mozilla/5.0 AppleWebKit/537.36 (KHTML, like Gecko; compatible; bingbot/2.0; +http://www.bing.com/bingbot.htm) Chrome/116.0.1938.76 Safari/537.36"
157.55.39.202 - - [11/Jan/2025:21:48:27 -0500] "GET /?b=288345166 HTTP/1.1" 200 80318 "-" "Mozilla/5.0 AppleWebKit/537.36 (KHTML, like Gecko; compatible; bingbot/2.0; +http://www.bing.com/bingbot.htm) Chrome/116.0.1938.76 Safari/537.36"
52.167.144.209 - - [11/Jan/2025:21:48:45 -0500] "GET /enfnl/o1594220.html HTTP/1.1" 200 79663 "-" "Mozilla/5.0 AppleWebKit/537.36 (KHTML, like Gecko; compatible; bingbot/2.0; +http://www.bing.com/bingbot.htm) Chrome/116.0.1938.76 Safari/537.36"
52.167.144.209 - - [11/Jan/2025:21:48:54 -0500] "GET /?b=341879266 HTTP/1.1" 200 79276 "-" "Mozilla/5.0 AppleWebKit/537.36 (KHTML, like Gecko; compatible; bingbot/2.0; +http://www.bing.com/bingbot.htm) Chrome/116.0.1938.76 Safari/537.36"
52.167.144.209 - - [11/Jan/2025:21:49:53 -0500] "GET /?b=170276666 HTTP/1.1" 200 80076 "-" "Mozilla/5.0 AppleWebKit/537.36 (KHTML, like Gecko; compatible; bingbot/2.0; +http://www.bing.com/bingbot.htm) Chrome/116.0.1938.76 Safari/537.36"
40.77.167.61 - - [11/Jan/2025:21:49:58 -0500] "GET /?b=141566266 HTTP/1.1" 200 81049 "-" "Mozilla/5.0 AppleWebKit/537.36 (KHTML, like Gecko; compatible; bingbot/2.0; +http://www.bing.com/bingbot.htm) Chrome/116.0.1938.76 Safari/537.36"
66.249.68.71 - - [11/Jan/2025:21:50:11 -0500] "GET /axjwq/f1479213.html HTTP/1.1" 200 79814 "-" "Mozilla/5.0 (Linux; Android 6.0.1; Nexus 5X Build/MMB29P) AppleWebKit/537.36 (KHTML, like Gecko) Chrome/131.0.6778.264 Mobile Safari/537.36 (compatible; Googlebot/2.1; +http://www.google.com/bot.html)"
52.167.144.209 - - [11/Jan/2025:21:51:23 -0500] "GET /?b=228284466 HTTP/1.1" 200 80609 "-" "Mozilla/5.0 AppleWebKit/537.36 (KHTML, like Gecko; compatible; bingbot/2.0; +http://www.bing.com/bingbot.htm) Chrome/116.0.1938.76 Safari/537.36"
157.55.39.48 - - [11/Jan/2025:21:52:49 -0500] "GET /?b=307510366 HTTP/1.1" 200 79855 "-" "Mozilla/5.0 AppleWebKit/537.36 (KHTML, like Gecko; compatible; bingbot/2.0; +http://www.bing.com/bingbot.htm) Chrome/116.0.1938.76 Safari/537.36"
40.77.167.61 - - [11/Jan/2025:21:53:13 -0500] "GET /?b=54645066 HTTP/1.1" 200 80380 "-" "Mozilla/5.0 AppleWebKit/537.36 (KHTML, like Gecko; compatible; bingbot/2.0; +http://www.bing.com/bingbot.htm) Chrome/116.0.1938.76 Safari/537.36"
66.249.79.105 - - [11/Jan/2025:21:54:11 -0500] "GET /?b=70013966 HTTP/1.1" 200 80332 "-" "Mozilla/5.0 (Linux; Android 6.0.1; Nexus 5X Build/MMB29P) AppleWebKit/537.36 (KHTML, like Gecko) Chrome/131.0.6778.264 Mobile Safari/537.36 (compatible; Googlebot/2.1; +http://www.google.com/bot.html)"
66.249.79.196 - - [11/Jan/2025:21:55:17 -0500] "GET /bvrqr/q2590334.html HTTP/1.1" 200 79960 "-" "Mozilla/5.0 (Linux; Android 6.0.1; Nexus 5X Build/MMB29P) AppleWebKit/537.36 (KHTML, like Gecko) Chrome/131.0.6778.264 Mobile Safari/537.36 (compatible; Googlebot/2.1; +http://www.google.com/bot.html)"
66.249.79.106 - - [11/Jan/2025:21:56:11 -0500] "GET /nukfb/o2583026.html HTTP/1.1" 200 79583 "-" "Mozilla/5.0 (Linux; Android 6.0.1; Nexus 5X Build/MMB29P) AppleWebKit/537.36 (KHTML, like Gecko) Chrome/131.0.6778.264 Mobile Safari/537.36 (compatible; Googlebot/2.1; +http://www.google.com/bot.html)"
52.167.144.209 - - [11/Jan/2025:21:56:33 -0500] "GET /?b=317075366 HTTP/1.1" 200 80546 "-" "Mozilla/5.0 AppleWebKit/537.36 (KHTML, like Gecko; compatible; bingbot/2.0; +http://www.bing.com/bingbot.htm) Chrome/116.0.1938.76 Safari/537.36"
52.167.144.209 - - [11/Jan/2025:21:56:55 -0500] "GET /?b=280626266 HTTP/1.1" 200 79484 "-" "Mozilla/5.0 AppleWebKit/537.36 (KHTML, like Gecko; compatible; bingbot/2.0; +http://www.bing.com/bingbot.htm) Chrome/116.0.1938.76 Safari/537.36"
52.167.144.209 - - [11/Jan/2025:21:57:53 -0500] "GET /?b=260278766 HTTP/1.1" 200 79530 "-" "Mozilla/5.0 AppleWebKit/537.36 (KHTML, like Gecko; compatible; bingbot/2.0; +http://www.bing.com/bingbot.htm) Chrome/116.0.1938.76 Safari/537.36"
40.77.167.61 - - [11/Jan/2025:21:57:56 -0500] "GET /?b=226526766 HTTP/1.1" 200 80184 "-" "Mozilla/5.0 AppleWebKit/537.36 (KHTML, like Gecko; compatible; bingbot/2.0; +http://www.bing.com/bingbot.htm) Chrome/116.0.1938.76 Safari/537.36"
66.249.79.105 - - [11/Jan/2025:21:58:20 -0500] "GET /?b=154273166 HTTP/1.1" 200 79907 "-" "Mozilla/5.0 (Linux; Android 6.0.1; Nexus 5X Build/MMB29P) AppleWebKit/537.36 (KHTML, like Gecko) Chrome/131.0.6778.264 Mobile Safari/537.36 (compatible; Googlebot/2.1; +http://www.google.com/bot.html)"
52.167.144.238 - - [11/Jan/2025:21:59:45 -0500] "GET /?b=69552266 HTTP/1.1" 200 79475 "-" "Mozilla/5.0 AppleWebKit/537.36 (KHTML, like Gecko; compatible; bingbot/2.0; +http://www.bing.com/bingbot.htm) Chrome/116.0.1938.76 Safari/537.36"
52.167.144.238 - - [11/Jan/2025:22:00:15 -0500] "GET /?b=147175566 HTTP/1.1" 200 79879 "-" "Mozilla/5.0 AppleWebKit/537.36 (KHTML, like Gecko; compatible; bingbot/2.0; +http://www.bing.com/bingbot.htm) Chrome/116.0.1938.76 Safari/537.36"
40.77.167.78 - - [11/Jan/2025:22:00:43 -0500] "GET /?b=19422966 HTTP/1.1" 200 79554 "-" "Mozilla/5.0 AppleWebKit/537.36 (KHTML, like Gecko; compatible; bingbot/2.0; +http://www.bing.com/bingbot.htm) Chrome/116.0.1938.76 Safari/537.36"
40.77.167.78 - - [11/Jan/2025:22:00:59 -0500] "GET /?b=263982466 HTTP/1.1" 200 79408 "-" "Mozilla/5.0 AppleWebKit/537.36 (KHTML, like Gecko; compatible; bingbot/2.0; +http://www.bing.com/bingbot.htm) Chrome/116.0.1938.76 Safari/537.36"
40.77.167.78 - - [11/Jan/2025:22:01:25 -0500] "GET /?b=141956466 HTTP/1.1" 200 81978 "-" "Mozilla/5.0 AppleWebKit/537.36 (KHTML, like Gecko; compatible; bingbot/2.0; +http://www.bing.com/bingbot.htm) Chrome/116.0.1938.76 Safari/537.36"
66.249.68.39 - - [11/Jan/2025:22:04:33 -0500] "GET /?b=125491966 HTTP/1.1" 200 81463 "-" "Mozilla/5.0 (Linux; Android 6.0.1; Nexus 5X Build/MMB29P) AppleWebKit/537.36 (KHTML, like Gecko) Chrome/131.0.6778.264 Mobile Safari/537.36 (compatible; Googlebot/2.1; +http://www.google.com/bot.html)"
66.249.79.105 - - [11/Jan/2025:22:07:04 -0500] "GET /?b=273444266 HTTP/1.1" 200 79634 "-" "Mozilla/5.0 (Linux; Android 6.0.1; Nexus 5X Build/MMB29P) AppleWebKit/537.36 (KHTML, like Gecko) Chrome/131.0.6778.264 Mobile Safari/537.36 (compatible; Googlebot/2.1; +http://www.google.com/bot.html)"
66.249.79.196 - - [11/Jan/2025:22:08:48 -0500] "GET /?b=143735166 HTTP/1.1" 200 80467 "-" "Mozilla/5.0 (Linux; Android 6.0.1; Nexus 5X Build/MMB29P) AppleWebKit/537.36 (KHTML, like Gecko) Chrome/131.0.6778.264 Mobile Safari/537.36 (compatible; Googlebot/2.1; +http://www.google.com/bot.html)"
157.55.39.9 - - [11/Jan/2025:22:09:04 -0500] "GET /pqyfb/m1249276.html HTTP/1.1" 200 81572 "-" "Mozilla/5.0 AppleWebKit/537.36 (KHTML, like Gecko; compatible; bingbot/2.0; +http://www.bing.com/bingbot.htm) Chrome/116.0.1938.76 Safari/537.36"
52.167.144.222 - - [11/Jan/2025:22:11:25 -0500] "GET /?b=320329666 HTTP/1.1" 200 79500 "-" "Mozilla/5.0 AppleWebKit/537.36 (KHTML, like Gecko; compatible; bingbot/2.0; +http://www.bing.com/bingbot.htm) Chrome/116.0.1938.76 Safari/537.36"
52.167.144.222 - - [11/Jan/2025:22:11:26 -0500] "GET /?b=252787666 HTTP/1.1" 200 79415 "-" "Mozilla/5.0 AppleWebKit/537.36 (KHTML, like Gecko; compatible; bingbot/2.0; +http://www.bing.com/bingbot.htm) Chrome/116.0.1938.76 Safari/537.36"
157.55.39.9 - - [11/Jan/2025:22:13:27 -0500] "GET /?b=83986166 HTTP/1.1" 200 81375 "-" "Mozilla/5.0 AppleWebKit/537.36 (KHTML, like Gecko; compatible; bingbot/2.0; +http://www.bing.com/bingbot.htm) Chrome/116.0.1938.76 Safari/537.36"
52.167.144.222 - - [11/Jan/2025:22:14:46 -0500] "GET /?b=316771866 HTTP/1.1" 200 80384 "-" "Mozilla/5.0 AppleWebKit/537.36 (KHTML, like Gecko; compatible; bingbot/2.0; +http://www.bing.com/bingbot.htm) Chrome/116.0.1938.76 Safari/537.36"
40.77.167.18 - - [11/Jan/2025:22:14:51 -0500] "GET /?b=205649266 HTTP/1.1" 200 81321 "-" "Mozilla/5.0 AppleWebKit/537.36 (KHTML, like Gecko; compatible; bingbot/2.0; +http://www.bing.com/bingbot.htm) Chrome/116.0.1938.76 Safari/537.36"
52.167.144.222 - - [11/Jan/2025:22:15:15 -0500] "GET /?b=151050566 HTTP/1.1" 200 79311 "-" "Mozilla/5.0 AppleWebKit/537.36 (KHTML, like Gecko; compatible; bingbot/2.0; +http://www.bing.com/bingbot.htm) Chrome/116.0.1938.76 Safari/537.36"
52.167.144.222 - - [11/Jan/2025:22:15:17 -0500] "GET /?b=188386966 HTTP/1.1" 200 79858 "-" "Mozilla/5.0 AppleWebKit/537.36 (KHTML, like Gecko; compatible; bingbot/2.0; +http://www.bing.com/bingbot.htm) Chrome/116.0.1938.76 Safari/537.36"
157.55.39.195 - - [11/Jan/2025:22:16:33 -0500] "GET /?b=216521566 HTTP/1.1" 200 79535 "-" "Mozilla/5.0 AppleWebKit/537.36 (KHTML, like Gecko; compatible; bingbot/2.0; +http://www.bing.com/bingbot.htm) Chrome/116.0.1938.76 Safari/537.36"
40.77.167.154 - - [11/Jan/2025:22:21:02 -0500] "GET /?b=95400766 HTTP/1.1" 200 79406 "-" "Mozilla/5.0 AppleWebKit/537.36 (KHTML, like Gecko; compatible; bingbot/2.0; +http://www.bing.com/bingbot.htm) Chrome/116.0.1938.76 Safari/537.36"
157.55.39.195 - - [11/Jan/2025:22:21:28 -0500] "GET /?b=203957566 HTTP/1.1" 200 81494 "-" "Mozilla/5.0 AppleWebKit/537.36 (KHTML, like Gecko; compatible; bingbot/2.0; +http://www.bing.com/bingbot.htm) Chrome/116.0.1938.76 Safari/537.36"
157.55.39.195 - - [11/Jan/2025:22:23:30 -0500] "GET /?b=258306866 HTTP/1.1" 200 79827 "-" "Mozilla/5.0 AppleWebKit/537.36 (KHTML, like Gecko; compatible; bingbot/2.0; +http://www.bing.com/bingbot.htm) Chrome/116.0.1938.76 Safari/537.36"
66.249.79.35 - - [11/Jan/2025:22:24:36 -0500] "GET /djgmv/x1494441.html HTTP/1.1" 200 79595 "-" "Mozilla/5.0 (Linux; Android 6.0.1; Nexus 5X Build/MMB29P) AppleWebKit/537.36 (KHTML, like Gecko) Chrome/131.0.6778.264 Mobile Safari/537.36 (compatible; Googlebot/2.1; +http://www.google.com/bot.html)"
157.55.39.200 - - [11/Jan/2025:22:25:41 -0500] "GET /?b=183201866 HTTP/1.1" 200 80576 "-" "Mozilla/5.0 AppleWebKit/537.36 (KHTML, like Gecko; compatible; bingbot/2.0; +http://www.bing.com/bingbot.htm) Chrome/116.0.1938.76 Safari/537.36"
157.55.39.200 - - [11/Jan/2025:22:27:38 -0500] "GET /?b=209252666 HTTP/1.1" 200 79841 "-" "Mozilla/5.0 AppleWebKit/537.36 (KHTML, like Gecko; compatible; bingbot/2.0; +http://www.bing.com/bingbot.htm) Chrome/116.0.1938.76 Safari/537.36"
40.77.167.154 - - [11/Jan/2025:22:27:41 -0500] "GET /jlttv/a967320.html HTTP/1.1" 200 79971 "-" "Mozilla/5.0 AppleWebKit/537.36 (KHTML, like Gecko; compatible; bingbot/2.0; +http://www.bing.com/bingbot.htm) Chrome/116.0.1938.76 Safari/537.36"
40.77.167.154 - - [11/Jan/2025:22:28:07 -0500] "GET /?b=302422566 HTTP/1.1" 200 80929 "-" "Mozilla/5.0 AppleWebKit/537.36 (KHTML, like Gecko; compatible; bingbot/2.0; +http://www.bing.com/bingbot.htm) Chrome/116.0.1938.76 Safari/537.36"
40.77.167.70 - - [11/Jan/2025:22:32:03 -0500] "GET /?b=84061266 HTTP/1.1" 200 81471 "-" "Mozilla/5.0 AppleWebKit/537.36 (KHTML, like Gecko; compatible; bingbot/2.0; +http://www.bing.com/bingbot.htm) Chrome/116.0.1938.76 Safari/537.36"
40.77.167.144 - - [11/Jan/2025:22:46:27 -0500] "GET /?b=284768466 HTTP/1.1" 200 79419 "-" "Mozilla/5.0 AppleWebKit/537.36 (KHTML, like Gecko; compatible; bingbot/2.0; +http://www.bing.com/bingbot.htm) Chrome/116.0.1938.76 Safari/537.36"
157.55.39.58 - - [11/Jan/2025:22:46:40 -0500] "GET /?b=84693566 HTTP/1.1" 200 82367 "-" "Mozilla/5.0 AppleWebKit/537.36 (KHTML, like Gecko; compatible; bingbot/2.0; +http://www.bing.com/bingbot.htm) Chrome/116.0.1938.76 Safari/537.36"
40.77.167.144 - - [11/Jan/2025:22:47:40 -0500] "GET /?b=80018066 HTTP/1.1" 200 80805 "-" "Mozilla/5.0 AppleWebKit/537.36 (KHTML, like Gecko; compatible; bingbot/2.0; +http://www.bing.com/bingbot.htm) Chrome/116.0.1938.76 Safari/537.36"
40.77.167.22 - - [11/Jan/2025:22:48:25 -0500] "GET /?b=330239466 HTTP/1.1" 200 79869 "-" "Mozilla/5.0 AppleWebKit/537.36 (KHTML, like Gecko; compatible; bingbot/2.0; +http://www.bing.com/bingbot.htm) Chrome/116.0.1938.76 Safari/537.36"
66.249.79.165 - - [11/Jan/2025:22:48:32 -0500] "GET /pybav/n1491129.html HTTP/1.1" 200 79974 "-" "Mozilla/5.0 (Linux; Android 6.0.1; Nexus 5X Build/MMB29P) AppleWebKit/537.36 (KHTML, like Gecko) Chrome/131.0.6778.264 Mobile Safari/537.36 (compatible; Googlebot/2.1; +http://www.google.com/bot.html)"
66.249.79.104 - - [11/Jan/2025:22:48:46 -0500] "GET /?b=46210966 HTTP/1.1" 200 81835 "-" "Mozilla/5.0 (Linux; Android 6.0.1; Nexus 5X Build/MMB29P) AppleWebKit/537.36 (KHTML, like Gecko) Chrome/131.0.6778.264 Mobile Safari/537.36 (compatible; Googlebot/2.1; +http://www.google.com/bot.html)"
40.77.167.144 - - [11/Jan/2025:22:49:39 -0500] "GET /?b=151224766 HTTP/1.1" 200 79473 "-" "Mozilla/5.0 AppleWebKit/537.36 (KHTML, like Gecko; compatible; bingbot/2.0; +http://www.bing.com/bingbot.htm) Chrome/116.0.1938.76 Safari/537.36"
66.249.79.166 - - [11/Jan/2025:22:51:08 -0500] "GET /gyney/p1499373.html HTTP/1.1" 200 80684 "-" "Mozilla/5.0 (Linux; Android 6.0.1; Nexus 5X Build/MMB29P) AppleWebKit/537.36 (KHTML, like Gecko) Chrome/131.0.6778.264 Mobile Safari/537.36 (compatible; Googlebot/2.1; +http://www.google.com/bot.html)"
40.77.167.22 - - [11/Jan/2025:22:52:16 -0500] "GET /?b=264723266 HTTP/1.1" 200 79651 "-" "Mozilla/5.0 AppleWebKit/537.36 (KHTML, like Gecko; compatible; bingbot/2.0; +http://www.bing.com/bingbot.htm) Chrome/116.0.1938.76 Safari/537.36"
66.249.79.105 - - [11/Jan/2025:22:52:36 -0500] "GET /?b=44544366 HTTP/1.1" 200 80858 "-" "Mozilla/5.0 (Linux; Android 6.0.1; Nexus 5X Build/MMB29P) AppleWebKit/537.36 (KHTML, like Gecko) Chrome/131.0.6778.264 Mobile Safari/537.36 (compatible; Googlebot/2.1; +http://www.google.com/bot.html)"
52.167.144.172 - - [11/Jan/2025:22:55:40 -0500] "GET /?b=205945466 HTTP/1.1" 200 81895 "-" "Mozilla/5.0 AppleWebKit/537.36 (KHTML, like Gecko; compatible; bingbot/2.0; +http://www.bing.com/bingbot.htm) Chrome/116.0.1938.76 Safari/537.36"
52.167.144.183 - - [11/Jan/2025:22:56:46 -0500] "GET /?b=77667366 HTTP/1.1" 200 79755 "-" "Mozilla/5.0 AppleWebKit/537.36 (KHTML, like Gecko; compatible; bingbot/2.0; +http://www.bing.com/bingbot.htm) Chrome/116.0.1938.76 Safari/537.36"
52.167.144.183 - - [11/Jan/2025:22:57:38 -0500] "GET /?b=6319466 HTTP/1.1" 200 80605 "-" "Mozilla/5.0 AppleWebKit/537.36 (KHTML, like Gecko; compatible; bingbot/2.0; +http://www.bing.com/bingbot.htm) Chrome/116.0.1938.76 Safari/537.36"
66.249.68.71 - - [11/Jan/2025:22:57:59 -0500] "GET /?b=173721766 HTTP/1.1" 200 79678 "-" "Mozilla/5.0 (Linux; Android 6.0.1; Nexus 5X Build/MMB29P) AppleWebKit/537.36 (KHTML, like Gecko) Chrome/131.0.6778.264 Mobile Safari/537.36 (compatible; Googlebot/2.1; +http://www.google.com/bot.html)"
52.167.144.172 - - [11/Jan/2025:22:59:22 -0500] "GET /?b=67195666 HTTP/1.1" 200 79189 "-" "Mozilla/5.0 AppleWebKit/537.36 (KHTML, like Gecko; compatible; bingbot/2.0; +http://www.bing.com/bingbot.htm) Chrome/116.0.1938.76 Safari/537.36"
157.55.39.51 - - [11/Jan/2025:23:02:33 -0500] "GET /?b=111455266 HTTP/1.1" 200 79921 "-" "Mozilla/5.0 AppleWebKit/537.36 (KHTML, like Gecko; compatible; bingbot/2.0; +http://www.bing.com/bingbot.htm) Chrome/116.0.1938.76 Safari/537.36"
52.167.144.183 - - [11/Jan/2025:23:03:58 -0500] "GET /?b=48701366 HTTP/1.1" 200 79778 "-" "Mozilla/5.0 AppleWebKit/537.36 (KHTML, like Gecko; compatible; bingbot/2.0; +http://www.bing.com/bingbot.htm) Chrome/116.0.1938.76 Safari/537.36"
66.249.68.71 - - [11/Jan/2025:23:04:25 -0500] "GET /zmfpa/o2579750.html HTTP/1.1" 200 80452 "-" "Mozilla/5.0 (Linux; Android 6.0.1; Nexus 5X Build/MMB29P) AppleWebKit/537.36 (KHTML, like Gecko) Chrome/131.0.6778.264 Mobile Safari/537.36 (compatible; Googlebot/2.1; +http://www.google.com/bot.html)"
40.77.167.72 - - [11/Jan/2025:23:04:41 -0500] "GET /?b=112789166 HTTP/1.1" 200 79578 "-" "Mozilla/5.0 AppleWebKit/537.36 (KHTML, like Gecko; compatible; bingbot/2.0; +http://www.bing.com/bingbot.htm) Chrome/116.0.1938.76 Safari/537.36"
40.77.167.72 - - [11/Jan/2025:23:04:43 -0500] "GET /?b=172693966 HTTP/1.1" 200 79709 "-" "Mozilla/5.0 AppleWebKit/537.36 (KHTML, like Gecko; compatible; bingbot/2.0; +http://www.bing.com/bingbot.htm) Chrome/116.0.1938.76 Safari/537.36"
157.55.39.51 - - [11/Jan/2025:23:06:15 -0500] "GET /?b=141255266 HTTP/1.1" 200 81314 "-" "Mozilla/5.0 AppleWebKit/537.36 (KHTML, like Gecko; compatible; bingbot/2.0; +http://www.bing.com/bingbot.htm) Chrome/116.0.1938.76 Safari/537.36"
40.77.167.72 - - [11/Jan/2025:23:07:00 -0500] "GET /?b=73631666 HTTP/1.1" 200 81518 "-" "Mozilla/5.0 AppleWebKit/537.36 (KHTML, like Gecko; compatible; bingbot/2.0; +http://www.bing.com/bingbot.htm) Chrome/116.0.1938.76 Safari/537.36"
157.55.39.51 - - [11/Jan/2025:23:07:32 -0500] "GET /?b=131207366 HTTP/1.1" 200 79887 "-" "Mozilla/5.0 AppleWebKit/537.36 (KHTML, like Gecko; compatible; bingbot/2.0; +http://www.bing.com/bingbot.htm) Chrome/116.0.1938.76 Safari/537.36"
66.249.68.71 - - [11/Jan/2025:23:07:56 -0500] "GET /?b=85385866 HTTP/1.1" 200 81287 "-" "Mozilla/5.0 (Linux; Android 6.0.1; Nexus 5X Build/MMB29P) AppleWebKit/537.36 (KHTML, like Gecko) Chrome/131.0.6778.264 Mobile Safari/537.36 (compatible; Googlebot/2.1; +http://www.google.com/bot.html)"
207.46.13.157 - - [11/Jan/2025:23:13:01 -0500] "GET /?b=56331566 HTTP/1.1" 200 79670 "-" "Mozilla/5.0 AppleWebKit/537.36 (KHTML, like Gecko; compatible; bingbot/2.0; +http://www.bing.com/bingbot.htm) Chrome/116.0.1938.76 Safari/537.36"
40.77.167.72 - - [11/Jan/2025:23:13:44 -0500] "GET /?b=140267666 HTTP/1.1" 200 80946 "-" "Mozilla/5.0 AppleWebKit/537.36 (KHTML, like Gecko; compatible; bingbot/2.0; +http://www.bing.com/bingbot.htm) Chrome/116.0.1938.76 Safari/537.36"
52.167.144.22 - - [11/Jan/2025:23:14:01 -0500] "GET /?b=323974666 HTTP/1.1" 200 80093 "-" "Mozilla/5.0 AppleWebKit/537.36 (KHTML, like Gecko; compatible; bingbot/2.0; +http://www.bing.com/bingbot.htm) Chrome/116.0.1938.76 Safari/537.36"
40.77.167.72 - - [11/Jan/2025:23:14:14 -0500] "GET /?b=59552466 HTTP/1.1" 200 79707 "-" "Mozilla/5.0 AppleWebKit/537.36 (KHTML, like Gecko; compatible; bingbot/2.0; +http://www.bing.com/bingbot.htm) Chrome/116.0.1938.76 Safari/537.36"
52.167.144.22 - - [11/Jan/2025:23:14:30 -0500] "GET /?b=181946966 HTTP/1.1" 200 80876 "-" "Mozilla/5.0 AppleWebKit/537.36 (KHTML, like Gecko; compatible; bingbot/2.0; +http://www.bing.com/bingbot.htm) Chrome/116.0.1938.76 Safari/537.36"
207.46.13.157 - - [11/Jan/2025:23:14:53 -0500] "GET /?b=130109066 HTTP/1.1" 200 79722 "-" "Mozilla/5.0 AppleWebKit/537.36 (KHTML, like Gecko; compatible; bingbot/2.0; +http://www.bing.com/bingbot.htm) Chrome/116.0.1938.76 Safari/537.36"
52.167.144.22 - - [11/Jan/2025:23:15:19 -0500] "GET /?b=237619666 HTTP/1.1" 200 79601 "-" "Mozilla/5.0 AppleWebKit/537.36 (KHTML, like Gecko; compatible; bingbot/2.0; +http://www.bing.com/bingbot.htm) Chrome/116.0.1938.76 Safari/537.36"
207.46.13.157 - - [11/Jan/2025:23:16:25 -0500] "GET /nswbm/d1934185.html HTTP/1.1" 200 81194 "-" "Mozilla/5.0 AppleWebKit/537.36 (KHTML, like Gecko; compatible; bingbot/2.0; +http://www.bing.com/bingbot.htm) Chrome/116.0.1938.76 Safari/537.36"
207.46.13.157 - - [11/Jan/2025:23:16:59 -0500] "GET /?b=125308266 HTTP/1.1" 200 81967 "-" "Mozilla/5.0 AppleWebKit/537.36 (KHTML, like Gecko; compatible; bingbot/2.0; +http://www.bing.com/bingbot.htm) Chrome/116.0.1938.76 Safari/537.36"
40.77.167.76 - - [11/Jan/2025:23:17:22 -0500] "GET /?b=341077966 HTTP/1.1" 200 79819 "-" "Mozilla/5.0 AppleWebKit/537.36 (KHTML, like Gecko; compatible; bingbot/2.0; +http://www.bing.com/bingbot.htm) Chrome/116.0.1938.76 Safari/537.36"
40.77.167.76 - - [11/Jan/2025:23:18:30 -0500] "GET /?b=78733666 HTTP/1.1" 200 79615 "-" "Mozilla/5.0 AppleWebKit/537.36 (KHTML, like Gecko; compatible; bingbot/2.0; +http://www.bing.com/bingbot.htm) Chrome/116.0.1938.76 Safari/537.36"
52.167.144.220 - - [11/Jan/2025:23:18:41 -0500] "GET /?b=47514266 HTTP/1.1" 200 80404 "-" "Mozilla/5.0 AppleWebKit/537.36 (KHTML, like Gecko; compatible; bingbot/2.0; +http://www.bing.com/bingbot.htm) Chrome/116.0.1938.76 Safari/537.36"
66.249.68.70 - - [11/Jan/2025:23:19:57 -0500] "GET /xpsxx/l1493649.html HTTP/1.1" 200 79797 "-" "Mozilla/5.0 (Linux; Android 6.0.1; Nexus 5X Build/MMB29P) AppleWebKit/537.36 (KHTML, like Gecko) Chrome/131.0.6778.264 Mobile Safari/537.36 (compatible; Googlebot/2.1; +http://www.google.com/bot.html)"
52.167.144.220 - - [11/Jan/2025:23:20:42 -0500] "GET /?b=281611766 HTTP/1.1" 200 79843 "-" "Mozilla/5.0 AppleWebKit/537.36 (KHTML, like Gecko; compatible; bingbot/2.0; +http://www.bing.com/bingbot.htm) Chrome/116.0.1938.76 Safari/537.36"
40.77.167.76 - - [11/Jan/2025:23:23:24 -0500] "GET /?b=250382566 HTTP/1.1" 200 81047 "-" "Mozilla/5.0 AppleWebKit/537.36 (KHTML, like Gecko; compatible; bingbot/2.0; +http://www.bing.com/bingbot.htm) Chrome/116.0.1938.76 Safari/537.36"
