85.208.96.202 - - [26/Dec/2024:11:09:34 -0500] "GET /?b=163158066 HTTP/1.1" 200 21081 "-" "Mozilla/5.0 (compatible; SemrushBot/7~bl; +http://www.semrush.com/bot.html)"
66.29.132.124 - - [26/Dec/2024:11:09:57 -0500] "POST /wp-cron.php?doing_wp_cron=1735229397.0425701141357421875000 HTTP/1.1" 200 0 "-" "WordPress/6.7.1; https://blog.diixadigital.com"
66.29.132.124 - - [26/Dec/2024:11:10:03 -0500] "POST /wp-admin/admin-ajax.php?action=async_litespeed&nonce=d66cc8cbfc&litespeed_type=imgoptm HTTP/1.1" 200 0 "-" "WordPress/6.7.1; https://blog.diixadigital.com"
185.191.171.11 - - [26/Dec/2024:11:09:49 -0500] "GET /?b=260278866 HTTP/1.1" 200 21088 "-" "Mozilla/5.0 (compatible; SemrushBot/7~bl; +http://www.semrush.com/bot.html)"
66.249.79.194 - - [26/Dec/2024:11:10:05 -0500] "GET /?b=157844566 HTTP/1.1" 200 79260 "-" "Mozilla/5.0 (Linux; Android 6.0.1; Nexus 5X Build/MMB29P) AppleWebKit/537.36 (KHTML, like Gecko) Chrome/131.0.6778.139 Mobile Safari/537.36 (compatible; GoogleOther)"
185.191.171.7 - - [26/Dec/2024:11:10:07 -0500] "GET /?b=35732766 HTTP/1.1" 200 21084 "-" "Mozilla/5.0 (compatible; SemrushBot/7~bl; +http://www.semrush.com/bot.html)"
66.29.132.124 - - [26/Dec/2024:11:10:29 -0500] "POST /wp-cron.php?doing_wp_cron=1735229428.3662810325622558593750 HTTP/1.1" 200 0 "-" "WordPress/6.7.1; https://blog.diixadigital.com"
66.249.79.104 - - [26/Dec/2024:11:10:30 -0500] "GET /?b=342876566 HTTP/1.1" 200 79911 "-" "Mozilla/5.0 (Linux; Android 6.0.1; Nexus 5X Build/MMB29P) AppleWebKit/537.36 (KHTML, like Gecko) Chrome/131.0.6778.139 Mobile Safari/537.36 (compatible; GoogleOther)"
85.208.96.206 - - [26/Dec/2024:11:10:22 -0500] "GET /?b=240605466 HTTP/1.1" 200 21066 "-" "Mozilla/5.0 (compatible; SemrushBot/7~bl; +http://www.semrush.com/bot.html)"
185.191.171.14 - - [26/Dec/2024:11:10:38 -0500] "GET /?b=2055366 HTTP/1.1" 200 21072 "-" "Mozilla/5.0 (compatible; SemrushBot/7~bl; +http://www.semrush.com/bot.html)"
66.29.132.124 - - [26/Dec/2024:11:10:54 -0500] "POST /wp-cron.php?doing_wp_cron=1735229454.4399240016937255859375 HTTP/1.1" 200 0 "-" "WordPress/6.7.1; https://blog.diixadigital.com"
66.249.79.164 - - [26/Dec/2024:11:10:55 -0500] "GET /?b=80575066 HTTP/1.1" 200 80583 "-" "Mozilla/5.0 (Linux; Android 6.0.1; Nexus 5X Build/MMB29P) AppleWebKit/537.36 (KHTML, like Gecko) Chrome/131.0.6778.139 Mobile Safari/537.36 (compatible; GoogleOther)"
185.191.171.11 - - [26/Dec/2024:11:10:51 -0500] "GET /?b=232479766 HTTP/1.1" 200 21063 "-" "Mozilla/5.0 (compatible; SemrushBot/7~bl; +http://www.semrush.com/bot.html)"
66.29.132.124 - - [26/Dec/2024:11:10:58 -0500] "POST /wp-admin/admin-ajax.php?action=async_litespeed&nonce=d66cc8cbfc&litespeed_type=imgoptm HTTP/1.1" 200 0 "-" "WordPress/6.7.1; https://blog.diixadigital.com"
85.208.96.205 - - [26/Dec/2024:11:11:00 -0500] "GET /?b=213844766 HTTP/1.1" 200 21074 "-" "Mozilla/5.0 (compatible; SemrushBot/7~bl; +http://www.semrush.com/bot.html)"
52.167.144.196 - - [26/Dec/2024:11:11:12 -0500] "GET /afgyv/v2376853.html HTTP/1.1" 200 79868 "-" "Mozilla/5.0 AppleWebKit/537.36 (KHTML, like Gecko; compatible; bingbot/2.0; +http://www.bing.com/bingbot.htm) Chrome/116.0.1938.76 Safari/537.36"
66.249.79.6 - - [26/Dec/2024:11:11:20 -0500] "GET /?b=310312766 HTTP/1.1" 200 81326 "-" "Mozilla/5.0 (Linux; Android 6.0.1; Nexus 5X Build/MMB29P) AppleWebKit/537.36 (KHTML, like Gecko) Chrome/131.0.6778.139 Mobile Safari/537.36 (compatible; GoogleOther)"
185.191.171.3 - - [26/Dec/2024:11:11:12 -0500] "GET /?b=323770066 HTTP/1.1" 200 21082 "-" "Mozilla/5.0 (compatible; SemrushBot/7~bl; +http://www.semrush.com/bot.html)"
66.29.132.124 - - [26/Dec/2024:11:11:28 -0500] "POST /wp-cron.php?doing_wp_cron=1735229488.1409530639648437500000 HTTP/1.1" 200 0 "-" "WordPress/6.7.1; https://blog.diixadigital.com"
85.208.96.195 - - [26/Dec/2024:11:11:24 -0500] "GET /?b=180776366 HTTP/1.1" 200 21075 "-" "Mozilla/5.0 (compatible; SemrushBot/7~bl; +http://www.semrush.com/bot.html)"
85.208.96.206 - - [26/Dec/2024:11:11:34 -0500] "GET /?b=289176166 HTTP/1.1" 200 21083 "-" "Mozilla/5.0 (compatible; SemrushBot/7~bl; +http://www.semrush.com/bot.html)"
66.249.68.6 - - [26/Dec/2024:11:11:46 -0500] "GET /?b=73582266 HTTP/1.1" 200 80027 "-" "Mozilla/5.0 (Linux; Android 6.0.1; Nexus 5X Build/MMB29P) AppleWebKit/537.36 (KHTML, like Gecko) Chrome/131.0.6778.139 Mobile Safari/537.36 (compatible; GoogleOther)"
66.29.132.124 - - [26/Dec/2024:11:11:49 -0500] "POST /wp-cron.php?doing_wp_cron=1735229509.5356950759887695312500 HTTP/1.1" 200 0 "-" "WordPress/6.7.1; https://blog.diixadigital.com"
185.191.171.17 - - [26/Dec/2024:11:11:44 -0500] "GET /?b=108060266 HTTP/1.1" 200 21071 "-" "Mozilla/5.0 (compatible; SemrushBot/7~bl; +http://www.semrush.com/bot.html)"
66.29.132.124 - - [26/Dec/2024:11:11:54 -0500] "POST /wp-admin/admin-ajax.php?action=async_litespeed&nonce=d66cc8cbfc&litespeed_type=imgoptm HTTP/1.1" 200 0 "-" "WordPress/6.7.1; https://blog.diixadigital.com"
85.208.96.203 - - [26/Dec/2024:11:11:55 -0500] "GET /?b=11601766 HTTP/1.1" 200 21075 "-" "Mozilla/5.0 (compatible; SemrushBot/7~bl; +http://www.semrush.com/bot.html)"
66.249.68.69 - - [26/Dec/2024:11:12:12 -0500] "GET /?b=291219066 HTTP/1.1" 200 80199 "-" "Mozilla/5.0 (Linux; Android 6.0.1; Nexus 5X Build/MMB29P) AppleWebKit/537.36 (KHTML, like Gecko) Chrome/131.0.6778.139 Mobile Safari/537.36 (compatible; GoogleOther)"
185.191.171.4 - - [26/Dec/2024:11:12:04 -0500] "GET /?b=197428066 HTTP/1.1" 200 21076 "-" "Mozilla/5.0 (compatible; SemrushBot/7~bl; +http://www.semrush.com/bot.html)"
52.167.144.230 - - [26/Dec/2024:11:12:16 -0500] "GET /jrubr/u784508.html HTTP/1.1" 200 80313 "-" "Mozilla/5.0 AppleWebKit/537.36 (KHTML, like Gecko; compatible; bingbot/2.0; +http://www.bing.com/bingbot.htm) Chrome/116.0.1938.76 Safari/537.36"
40.77.167.74 - - [26/Dec/2024:11:12:21 -0500] "GET /wkdte/p1245197.html HTTP/1.1" 200 81940 "-" "Mozilla/5.0 AppleWebKit/537.36 (KHTML, like Gecko; compatible; bingbot/2.0; +http://www.bing.com/bingbot.htm) Chrome/116.0.1938.76 Safari/537.36"
66.29.132.124 - - [26/Dec/2024:11:12:23 -0500] "POST /wp-cron.php?doing_wp_cron=1735229542.8462300300598144531250 HTTP/1.1" 200 0 "-" "WordPress/6.7.1; https://blog.diixadigital.com"
185.191.171.7 - - [26/Dec/2024:11:12:16 -0500] "GET /?b=235621266 HTTP/1.1" 200 21065 "-" "Mozilla/5.0 (compatible; SemrushBot/7~bl; +http://www.semrush.com/bot.html)"
66.249.79.165 - - [26/Dec/2024:11:12:37 -0500] "GET /?b=175795966 HTTP/1.1" 200 81412 "-" "Mozilla/5.0 (Linux; Android 6.0.1; Nexus 5X Build/MMB29P) AppleWebKit/537.36 (KHTML, like Gecko) Chrome/131.0.6778.139 Mobile Safari/537.36 (compatible; GoogleOther)"
85.208.96.211 - - [26/Dec/2024:11:12:34 -0500] "GET /?b=164352066 HTTP/1.1" 200 21074 "-" "Mozilla/5.0 (compatible; SemrushBot/7~bl; +http://www.semrush.com/bot.html)"
66.29.132.124 - - [26/Dec/2024:11:12:53 -0500] "POST /wp-cron.php?doing_wp_cron=1735229573.7341399192810058593750 HTTP/1.1" 200 0 "-" "WordPress/6.7.1; https://blog.diixadigital.com"
85.208.96.211 - - [26/Dec/2024:11:12:47 -0500] "GET /?b=189117766 HTTP/1.1" 200 21081 "-" "Mozilla/5.0 (compatible; SemrushBot/7~bl; +http://www.semrush.com/bot.html)"
66.29.132.124 - - [26/Dec/2024:11:12:59 -0500] "POST /wp-admin/admin-ajax.php?action=async_litespeed&nonce=d66cc8cbfc&litespeed_type=imgoptm HTTP/1.1" 200 0 "-" "WordPress/6.7.1; https://blog.diixadigital.com"
66.249.68.69 - - [26/Dec/2024:11:13:03 -0500] "GET /?b=195294566 HTTP/1.1" 200 79426 "-" "Mozilla/5.0 (Linux; Android 6.0.1; Nexus 5X Build/MMB29P) AppleWebKit/537.36 (KHTML, like Gecko) Chrome/131.0.6778.139 Mobile Safari/537.36 (compatible; GoogleOther)"
52.167.144.230 - - [26/Dec/2024:11:13:07 -0500] "GET /hekav/i2153526.html HTTP/1.1" 200 79481 "-" "Mozilla/5.0 AppleWebKit/537.36 (KHTML, like Gecko; compatible; bingbot/2.0; +http://www.bing.com/bingbot.htm) Chrome/116.0.1938.76 Safari/537.36"
85.208.96.210 - - [26/Dec/2024:11:12:59 -0500] "GET /?b=94244866 HTTP/1.1" 200 21087 "-" "Mozilla/5.0 (compatible; SemrushBot/7~bl; +http://www.semrush.com/bot.html)"
52.167.144.196 - - [26/Dec/2024:11:13:13 -0500] "GET /vryqn/x2041975.html HTTP/1.1" 200 81508 "-" "Mozilla/5.0 AppleWebKit/537.36 (KHTML, like Gecko; compatible; bingbot/2.0; +http://www.bing.com/bingbot.htm) Chrome/116.0.1938.76 Safari/537.36"
52.167.144.196 - - [26/Dec/2024:11:13:16 -0500] "GET /ibybh/d1288371.html HTTP/1.1" 200 79696 "-" "Mozilla/5.0 AppleWebKit/537.36 (KHTML, like Gecko; compatible; bingbot/2.0; +http://www.bing.com/bingbot.htm) Chrome/116.0.1938.76 Safari/537.36"
185.191.171.12 - - [26/Dec/2024:11:13:15 -0500] "GET /?b=90860866 HTTP/1.1" 200 21083 "-" "Mozilla/5.0 (compatible; SemrushBot/7~bl; +http://www.semrush.com/bot.html)"
66.249.79.164 - - [26/Dec/2024:11:13:29 -0500] "GET /?b=212882766 HTTP/1.1" 200 79762 "-" "Mozilla/5.0 (Linux; Android 6.0.1; Nexus 5X Build/MMB29P) AppleWebKit/537.36 (KHTML, like Gecko) Chrome/131.0.6778.139 Mobile Safari/537.36 (compatible; GoogleOther)"
66.29.132.124 - - [26/Dec/2024:11:13:33 -0500] "POST /wp-cron.php?doing_wp_cron=1735229612.8425080776214599609375 HTTP/1.1" 200 0 "-" "WordPress/6.7.1; https://blog.diixadigital.com"
185.191.171.19 - - [26/Dec/2024:11:13:27 -0500] "GET /?b=55114666 HTTP/1.1" 200 21091 "-" "Mozilla/5.0 (compatible; SemrushBot/7~bl; +http://www.semrush.com/bot.html)"
185.191.171.11 - - [26/Dec/2024:11:13:42 -0500] "GET /?b=68826066 HTTP/1.1" 200 21071 "-" "Mozilla/5.0 (compatible; SemrushBot/7~bl; +http://www.semrush.com/bot.html)"
66.249.79.104 - - [26/Dec/2024:11:13:54 -0500] "GET /?b=310491466 HTTP/1.1" 200 80198 "-" "Mozilla/5.0 (Linux; Android 6.0.1; Nexus 5X Build/MMB29P) AppleWebKit/537.36 (KHTML, like Gecko) Chrome/131.0.6778.139 Mobile Safari/537.36 (compatible; GoogleOther)"
66.29.132.124 - - [26/Dec/2024:11:13:59 -0500] "POST /wp-cron.php?doing_wp_cron=1735229639.4598829746246337890625 HTTP/1.1" 200 0 "-" "WordPress/6.7.1; https://blog.diixadigital.com"
66.29.132.124 - - [26/Dec/2024:11:14:05 -0500] "POST /wp-admin/admin-ajax.php?action=async_litespeed&nonce=d66cc8cbfc&litespeed_type=imgoptm HTTP/1.1" 200 0 "-" "WordPress/6.7.1; https://blog.diixadigital.com"
185.191.171.2 - - [26/Dec/2024:11:13:54 -0500] "GET /?b=334894666 HTTP/1.1" 200 21074 "-" "Mozilla/5.0 (compatible; SemrushBot/7~bl; +http://www.semrush.com/bot.html)"
185.191.171.9 - - [26/Dec/2024:11:14:08 -0500] "GET /?b=313449866 HTTP/1.1" 200 21068 "-" "Mozilla/5.0 (compatible; SemrushBot/7~bl; +http://www.semrush.com/bot.html)"
85.208.96.194 - - [26/Dec/2024:11:14:16 -0500] "GET /robots.txt HTTP/1.1" 200 139 "-" "Mozilla/5.0 (compatible; SemrushBot/7~bl; +http://www.semrush.com/bot.html)"
66.249.79.166 - - [26/Dec/2024:11:14:20 -0500] "GET /?b=256549066 HTTP/1.1" 200 80606 "-" "Mozilla/5.0 (Linux; Android 6.0.1; Nexus 5X Build/MMB29P) AppleWebKit/537.36 (KHTML, like Gecko) Chrome/131.0.6778.139 Mobile Safari/537.36 (compatible; GoogleOther)"
66.29.132.124 - - [26/Dec/2024:11:14:23 -0500] "POST /wp-cron.php?doing_wp_cron=1735229662.7446749210357666015625 HTTP/1.1" 200 0 "-" "WordPress/6.7.1; https://blog.diixadigital.com"
85.208.96.201 - - [26/Dec/2024:11:14:17 -0500] "GET /?b=93563566 HTTP/1.1" 200 21067 "-" "Mozilla/5.0 (compatible; SemrushBot/7~bl; +http://www.semrush.com/bot.html)"
185.191.171.14 - - [26/Dec/2024:11:14:32 -0500] "GET /?b=246806266 HTTP/1.1" 200 21084 "-" "Mozilla/5.0 (compatible; SemrushBot/7~bl; +http://www.semrush.com/bot.html)"
66.249.79.104 - - [26/Dec/2024:11:14:45 -0500] "GET /?b=344841366 HTTP/1.1" 200 80727 "-" "Mozilla/5.0 (Linux; Android 6.0.1; Nexus 5X Build/MMB29P) AppleWebKit/537.36 (KHTML, like Gecko) Chrome/131.0.6778.139 Mobile Safari/537.36 (compatible; GoogleOther)"
66.29.132.124 - - [26/Dec/2024:11:14:53 -0500] "POST /wp-cron.php?doing_wp_cron=1735229692.9361019134521484375000 HTTP/1.1" 200 0 "-" "WordPress/6.7.1; https://blog.diixadigital.com"
66.29.132.124 - - [26/Dec/2024:11:14:56 -0500] "POST /wp-admin/admin-ajax.php?action=async_litespeed&nonce=d66cc8cbfc&litespeed_type=imgoptm HTTP/1.1" 200 0 "-" "WordPress/6.7.1; https://blog.diixadigital.com"
85.208.96.198 - - [26/Dec/2024:11:14:46 -0500] "GET /?b=120390166 HTTP/1.1" 200 21083 "-" "Mozilla/5.0 (compatible; SemrushBot/7~bl; +http://www.semrush.com/bot.html)"
66.249.68.5 - - [26/Dec/2024:11:15:12 -0500] "GET /?b=195960566 HTTP/1.1" 200 80472 "-" "Mozilla/5.0 (Linux; Android 6.0.1; Nexus 5X Build/MMB29P) AppleWebKit/537.36 (KHTML, like Gecko) Chrome/131.0.6778.139 Mobile Safari/537.36 (compatible; GoogleOther)"
185.191.171.14 - - [26/Dec/2024:11:15:03 -0500] "GET /?b=92620666 HTTP/1.1" 200 21074 "-" "Mozilla/5.0 (compatible; SemrushBot/7~bl; +http://www.semrush.com/bot.html)"
85.208.96.201 - - [26/Dec/2024:11:15:17 -0500] "GET /?b=184649466 HTTP/1.1" 200 21086 "-" "Mozilla/5.0 (compatible; SemrushBot/7~bl; +http://www.semrush.com/bot.html)"
66.29.132.124 - - [26/Dec/2024:11:15:30 -0500] "POST /wp-cron.php?doing_wp_cron=1735229730.5404200553894042968750 HTTP/1.1" 200 0 "-" "WordPress/6.7.1; https://blog.diixadigital.com"
185.191.171.12 - - [26/Dec/2024:11:15:26 -0500] "GET /?b=27739666 HTTP/1.1" 200 21068 "-" "Mozilla/5.0 (compatible; SemrushBot/7~bl; +http://www.semrush.com/bot.html)"
66.249.79.34 - - [26/Dec/2024:11:15:37 -0500] "GET /?b=176811766 HTTP/1.1" 200 80106 "-" "Mozilla/5.0 (Linux; Android 6.0.1; Nexus 5X Build/MMB29P) AppleWebKit/537.36 (KHTML, like Gecko) Chrome/131.0.6778.139 Mobile Safari/537.36 (compatible; GoogleOther)"
85.208.96.211 - - [26/Dec/2024:11:15:37 -0500] "GET /?b=268487866 HTTP/1.1" 200 21071 "-" "Mozilla/5.0 (compatible; SemrushBot/7~bl; +http://www.semrush.com/bot.html)"
40.77.167.74 - - [26/Dec/2024:11:15:51 -0500] "GET /pigfj/i606812.html HTTP/1.1" 200 81287 "-" "Mozilla/5.0 AppleWebKit/537.36 (KHTML, like Gecko; compatible; bingbot/2.0; +http://www.bing.com/bingbot.htm) Chrome/116.0.1938.76 Safari/537.36"
66.29.132.124 - - [26/Dec/2024:11:15:58 -0500] "POST /wp-cron.php?doing_wp_cron=1735229757.9385890960693359375000 HTTP/1.1" 200 0 "-" "WordPress/6.7.1; https://blog.diixadigital.com"
66.249.68.70 - - [26/Dec/2024:11:16:02 -0500] "GET /?b=22134366 HTTP/1.1" 200 81079 "-" "Mozilla/5.0 (Linux; Android 6.0.1; Nexus 5X Build/MMB29P) AppleWebKit/537.36 (KHTML, like Gecko) Chrome/131.0.6778.139 Mobile Safari/537.36 (compatible; GoogleOther)"
66.29.132.124 - - [26/Dec/2024:11:16:04 -0500] "POST /wp-admin/admin-ajax.php?action=async_litespeed&nonce=d66cc8cbfc&litespeed_type=imgoptm HTTP/1.1" 200 0 "-" "WordPress/6.7.1; https://blog.diixadigital.com"
85.208.96.210 - - [26/Dec/2024:11:15:50 -0500] "GET /?b=160352166 HTTP/1.1" 200 21089 "-" "Mozilla/5.0 (compatible; SemrushBot/7~bl; +http://www.semrush.com/bot.html)"
185.191.171.15 - - [26/Dec/2024:11:16:07 -0500] "GET /?b=209108166 HTTP/1.1" 200 21080 "-" "Mozilla/5.0 (compatible; SemrushBot/7~bl; +http://www.semrush.com/bot.html)"
66.29.132.124 - - [26/Dec/2024:11:16:26 -0500] "POST /wp-cron.php?doing_wp_cron=1735229786.2420849800109863281250 HTTP/1.1" 200 0 "-" "WordPress/6.7.1; https://blog.diixadigital.com"
66.249.79.6 - - [26/Dec/2024:11:16:29 -0500] "GET /?b=279085866 HTTP/1.1" 200 79423 "-" "Mozilla/5.0 (Linux; Android 6.0.1; Nexus 5X Build/MMB29P) AppleWebKit/537.36 (KHTML, like Gecko) Chrome/131.0.6778.139 Mobile Safari/537.36 (compatible; GoogleOther)"
185.191.171.12 - - [26/Dec/2024:11:16:21 -0500] "GET /?b=307423066 HTTP/1.1" 200 21072 "-" "Mozilla/5.0 (compatible; SemrushBot/7~bl; +http://www.semrush.com/bot.html)"
185.191.171.11 - - [26/Dec/2024:11:16:36 -0500] "GET /?b=337049766 HTTP/1.1" 200 21075 "-" "Mozilla/5.0 (compatible; SemrushBot/7~bl; +http://www.semrush.com/bot.html)"
66.29.132.124 - - [26/Dec/2024:11:16:54 -0500] "POST /wp-cron.php?doing_wp_cron=1735229814.5459079742431640625000 HTTP/1.1" 200 0 "-" "WordPress/6.7.1; https://blog.diixadigital.com"
66.249.79.194 - - [26/Dec/2024:11:16:54 -0500] "GET /?b=100892466 HTTP/1.1" 200 80931 "-" "Mozilla/5.0 (Linux; Android 6.0.1; Nexus 5X Build/MMB29P) AppleWebKit/537.36 (KHTML, like Gecko) Chrome/131.0.6778.139 Mobile Safari/537.36 (compatible; GoogleOther)"
85.208.96.210 - - [26/Dec/2024:11:16:49 -0500] "GET /?b=181314766 HTTP/1.1" 200 21089 "-" "Mozilla/5.0 (compatible; SemrushBot/7~bl; +http://www.semrush.com/bot.html)"
66.29.132.124 - - [26/Dec/2024:11:17:02 -0500] "POST /wp-admin/admin-ajax.php?action=async_litespeed&nonce=d66cc8cbfc&litespeed_type=imgoptm HTTP/1.1" 200 0 "-" "WordPress/6.7.1; https://blog.diixadigital.com"
52.167.144.196 - - [26/Dec/2024:11:17:04 -0500] "GET /zasmb/l1792311.html HTTP/1.1" 200 79770 "-" "Mozilla/5.0 AppleWebKit/537.36 (KHTML, like Gecko; compatible; bingbot/2.0; +http://www.bing.com/bingbot.htm) Chrome/116.0.1938.76 Safari/537.36"
185.191.171.8 - - [26/Dec/2024:11:17:05 -0500] "GET /?b=283361466 HTTP/1.1" 200 21084 "-" "Mozilla/5.0 (compatible; SemrushBot/7~bl; +http://www.semrush.com/bot.html)"
66.249.79.35 - - [26/Dec/2024:11:17:19 -0500] "GET /?b=31567566 HTTP/1.1" 200 80579 "-" "Mozilla/5.0 (Linux; Android 6.0.1; Nexus 5X Build/MMB29P) AppleWebKit/537.36 (KHTML, like Gecko) Chrome/131.0.6778.139 Mobile Safari/537.36 (compatible; GoogleOther)"
66.29.132.124 - - [26/Dec/2024:11:17:23 -0500] "POST /wp-cron.php?doing_wp_cron=1735229843.1434810161590576171875 HTTP/1.1" 200 0 "-" "WordPress/6.7.1; https://blog.diixadigital.com"
185.191.171.10 - - [26/Dec/2024:11:17:18 -0500] "GET /?b=109634866 HTTP/1.1" 200 21086 "-" "Mozilla/5.0 (compatible; SemrushBot/7~bl; +http://www.semrush.com/bot.html)"
85.208.96.199 - - [26/Dec/2024:11:17:32 -0500] "GET /?b=311284766 HTTP/1.1" 200 21075 "-" "Mozilla/5.0 (compatible; SemrushBot/7~bl; +http://www.semrush.com/bot.html)"
66.249.68.36 - - [26/Dec/2024:11:17:45 -0500] "GET /?b=170132466 HTTP/1.1" 200 80056 "-" "Mozilla/5.0 (Linux; Android 6.0.1; Nexus 5X Build/MMB29P) AppleWebKit/537.36 (KHTML, like Gecko) Chrome/131.0.6778.139 Mobile Safari/537.36 (compatible; GoogleOther)"
66.29.132.124 - - [26/Dec/2024:11:17:56 -0500] "POST /wp-cron.php?doing_wp_cron=1735229875.8426299095153808593750 HTTP/1.1" 200 0 "-" "WordPress/6.7.1; https://blog.diixadigital.com"
66.29.132.124 - - [26/Dec/2024:11:18:02 -0500] "POST /wp-admin/admin-ajax.php?action=async_litespeed&nonce=d66cc8cbfc&litespeed_type=imgoptm HTTP/1.1" 200 0 "-" "WordPress/6.7.1; https://blog.diixadigital.com"
185.191.171.14 - - [26/Dec/2024:11:17:47 -0500] "GET /?b=298748966 HTTP/1.1" 200 21083 "-" "Mozilla/5.0 (compatible; SemrushBot/7~bl; +http://www.semrush.com/bot.html)"
52.167.144.230 - - [26/Dec/2024:11:18:09 -0500] "GET /skzxa/g607460.html HTTP/1.1" 200 80802 "-" "Mozilla/5.0 AppleWebKit/537.36 (KHTML, like Gecko; compatible; bingbot/2.0; +http://www.bing.com/bingbot.htm) Chrome/116.0.1938.76 Safari/537.36"
66.249.79.105 - - [26/Dec/2024:11:18:11 -0500] "GET /?b=208972366 HTTP/1.1" 200 80771 "-" "Mozilla/5.0 (Linux; Android 6.0.1; Nexus 5X Build/MMB29P) AppleWebKit/537.36 (KHTML, like Gecko) Chrome/131.0.6778.139 Mobile Safari/537.36 (compatible; GoogleOther)"
185.191.171.3 - - [26/Dec/2024:11:18:07 -0500] "GET /?b=133968066 HTTP/1.1" 200 21078 "-" "Mozilla/5.0 (compatible; SemrushBot/7~bl; +http://www.semrush.com/bot.html)"
52.167.144.196 - - [26/Dec/2024:11:18:23 -0500] "GET /jyupg/b1729459.html HTTP/1.1" 200 82626 "-" "Mozilla/5.0 AppleWebKit/537.36 (KHTML, like Gecko; compatible; bingbot/2.0; +http://www.bing.com/bingbot.htm) Chrome/116.0.1938.76 Safari/537.36"
66.29.132.124 - - [26/Dec/2024:11:18:32 -0500] "POST /wp-cron.php?doing_wp_cron=1735229911.9484078884124755859375 HTTP/1.1" 200 0 "-" "WordPress/6.7.1; https://blog.diixadigital.com"
66.249.79.105 - - [26/Dec/2024:11:18:36 -0500] "GET /?b=241412466 HTTP/1.1" 200 80320 "-" "Mozilla/5.0 (Linux; Android 6.0.1; Nexus 5X Build/MMB29P) AppleWebKit/537.36 (KHTML, like Gecko) Chrome/131.0.6778.139 Mobile Safari/537.36 (compatible; GoogleOther)"
85.208.96.199 - - [26/Dec/2024:11:18:24 -0500] "GET /?b=187588566 HTTP/1.1" 200 21089 "-" "Mozilla/5.0 (compatible; SemrushBot/7~bl; +http://www.semrush.com/bot.html)"
85.208.96.195 - - [26/Dec/2024:11:18:40 -0500] "GET /?b=187136966 HTTP/1.1" 200 21083 "-" "Mozilla/5.0 (compatible; SemrushBot/7~bl; +http://www.semrush.com/bot.html)"
66.29.132.124 - - [26/Dec/2024:11:19:00 -0500] "POST /wp-cron.php?doing_wp_cron=1735229940.6361899375915527343750 HTTP/1.1" 200 0 "-" "WordPress/6.7.1; https://blog.diixadigital.com"
66.249.79.104 - - [26/Dec/2024:11:19:03 -0500] "GET /?b=258552466 HTTP/1.1" 200 79783 "-" "Mozilla/5.0 (Linux; Android 6.0.1; Nexus 5X Build/MMB29P) AppleWebKit/537.36 (KHTML, like Gecko) Chrome/131.0.6778.139 Mobile Safari/537.36 (compatible; GoogleOther)"
185.191.171.8 - - [26/Dec/2024:11:18:53 -0500] "GET /?b=108254366 HTTP/1.1" 200 21068 "-" "Mozilla/5.0 (compatible; SemrushBot/7~bl; +http://www.semrush.com/bot.html)"
66.29.132.124 - - [26/Dec/2024:11:19:12 -0500] "POST /wp-admin/admin-ajax.php?action=async_litespeed&nonce=d66cc8cbfc&litespeed_type=imgoptm HTTP/1.1" 200 0 "-" "WordPress/6.7.1; https://blog.diixadigital.com"
40.77.167.74 - - [26/Dec/2024:11:19:12 -0500] "GET /uehmv/p2350847.html HTTP/1.1" 200 80105 "-" "Mozilla/5.0 AppleWebKit/537.36 (KHTML, like Gecko; compatible; bingbot/2.0; +http://www.bing.com/bingbot.htm) Chrome/116.0.1938.76 Safari/537.36"
185.191.171.5 - - [26/Dec/2024:11:19:11 -0500] "GET /?b=104314466 HTTP/1.1" 200 21085 "-" "Mozilla/5.0 (compatible; SemrushBot/7~bl; +http://www.semrush.com/bot.html)"
66.249.79.164 - - [26/Dec/2024:11:19:28 -0500] "GET /?b=40390366 HTTP/1.1" 200 80838 "-" "Mozilla/5.0 (Linux; Android 6.0.1; Nexus 5X Build/MMB29P) AppleWebKit/537.36 (KHTML, like Gecko) Chrome/131.0.6778.139 Mobile Safari/537.36 (compatible; GoogleOther)"
85.208.96.195 - - [26/Dec/2024:11:19:26 -0500] "GET /?b=196552966 HTTP/1.1" 200 21069 "-" "Mozilla/5.0 (compatible; SemrushBot/7~bl; +http://www.semrush.com/bot.html)"
185.191.171.3 - - [26/Dec/2024:11:19:44 -0500] "GET /?b=240193066 HTTP/1.1" 200 21075 "-" "Mozilla/5.0 (compatible; SemrushBot/7~bl; +http://www.semrush.com/bot.html)"
66.249.79.104 - - [26/Dec/2024:11:19:53 -0500] "GET /?b=128194366 HTTP/1.1" 200 79735 "-" "Mozilla/5.0 (Linux; Android 6.0.1; Nexus 5X Build/MMB29P) AppleWebKit/537.36 (KHTML, like Gecko) Chrome/131.0.6778.139 Mobile Safari/537.36 (compatible; GoogleOther)"
85.208.96.198 - - [26/Dec/2024:11:19:56 -0500] "GET /?b=295614366 HTTP/1.1" 200 21072 "-" "Mozilla/5.0 (compatible; SemrushBot/7~bl; +http://www.semrush.com/bot.html)"
66.249.79.164 - - [26/Dec/2024:11:20:20 -0500] "GET /?b=264402666 HTTP/1.1" 200 79837 "-" "Mozilla/5.0 (Linux; Android 6.0.1; Nexus 5X Build/MMB29P) AppleWebKit/537.36 (KHTML, like Gecko) Chrome/131.0.6778.139 Mobile Safari/537.36 (compatible; GoogleOther)"
185.191.171.12 - - [26/Dec/2024:11:20:13 -0500] "GET /?b=84258766 HTTP/1.1" 200 21088 "-" "Mozilla/5.0 (compatible; SemrushBot/7~bl; +http://www.semrush.com/bot.html)"
66.29.132.124 - - [26/Dec/2024:11:20:41 -0500] "POST /wp-cron.php?doing_wp_cron=1735230039.9371879100799560546875 HTTP/1.1" 200 0 "-" "WordPress/6.7.1; https://blog.diixadigital.com"
66.29.132.124 - - [26/Dec/2024:11:20:47 -0500] "POST /wp-admin/admin-ajax.php?action=async_litespeed&nonce=d66cc8cbfc&litespeed_type=imgoptm HTTP/1.1" 200 0 "-" "WordPress/6.7.1; https://blog.diixadigital.com"
66.249.79.164 - - [26/Dec/2024:11:20:46 -0500] "GET /?b=52755866 HTTP/1.1" 200 80294 "-" "Mozilla/5.0 (Linux; Android 6.0.1; Nexus 5X Build/MMB29P) AppleWebKit/537.36 (KHTML, like Gecko) Chrome/131.0.6778.139 Mobile Safari/537.36 (compatible; GoogleOther)"
185.191.171.3 - - [26/Dec/2024:11:20:30 -0500] "GET /?b=75615766 HTTP/1.1" 200 21074 "-" "Mozilla/5.0 (compatible; SemrushBot/7~bl; +http://www.semrush.com/bot.html)"
40.77.167.74 - - [26/Dec/2024:11:20:52 -0500] "GET /hoccb/o764976.html HTTP/1.1" 200 79753 "-" "Mozilla/5.0 AppleWebKit/537.36 (KHTML, like Gecko; compatible; bingbot/2.0; +http://www.bing.com/bingbot.htm) Chrome/116.0.1938.76 Safari/537.36"
66.29.132.124 - - [26/Dec/2024:11:21:01 -0500] "POST /wp-cron.php?doing_wp_cron=1735230061.1406409740447998046875 HTTP/1.1" 200 0 "-" "WordPress/6.7.1; https://blog.diixadigital.com"
66.29.132.124 - - [26/Dec/2024:11:21:07 -0500] "POST /wp-admin/admin-ajax.php?action=async_litespeed&nonce=d66cc8cbfc&litespeed_type=imgoptm HTTP/1.1" 200 0 "-" "WordPress/6.7.1; https://blog.diixadigital.com"
185.191.171.6 - - [26/Dec/2024:11:20:51 -0500] "GET /?b=215847166 HTTP/1.1" 200 21081 "-" "Mozilla/5.0 (compatible; SemrushBot/7~bl; +http://www.semrush.com/bot.html)"
66.249.79.194 - - [26/Dec/2024:11:21:11 -0500] "GET /?b=251126766 HTTP/1.1" 200 79910 "-" "Mozilla/5.0 (Linux; Android 6.0.1; Nexus 5X Build/MMB29P) AppleWebKit/537.36 (KHTML, like Gecko) Chrome/131.0.6778.139 Mobile Safari/537.36 (compatible; GoogleOther)"
185.191.171.5 - - [26/Dec/2024:11:21:13 -0500] "GET /?b=356810066 HTTP/1.1" 200 21076 "-" "Mozilla/5.0 (compatible; SemrushBot/7~bl; +http://www.semrush.com/bot.html)"
66.29.132.124 - - [26/Dec/2024:11:21:33 -0500] "POST /wp-cron.php?doing_wp_cron=1735230090.9387021064758300781250 HTTP/1.1" 200 0 "-" "WordPress/6.7.1; https://blog.diixadigital.com"
85.208.96.209 - - [26/Dec/2024:11:21:26 -0500] "GET /?b=82172266 HTTP/1.1" 200 21080 "-" "Mozilla/5.0 (compatible; SemrushBot/7~bl; +http://www.semrush.com/bot.html)"
66.249.79.165 - - [26/Dec/2024:11:21:37 -0500] "GET /?b=101072766 HTTP/1.1" 200 81509 "-" "Mozilla/5.0 (Linux; Android 6.0.1; Nexus 5X Build/MMB29P) AppleWebKit/537.36 (KHTML, like Gecko) Chrome/131.0.6778.139 Mobile Safari/537.36 (compatible; GoogleOther)"
85.208.96.211 - - [26/Dec/2024:11:21:40 -0500] "GET /?b=262895766 HTTP/1.1" 200 21084 "-" "Mozilla/5.0 (compatible; SemrushBot/7~bl; +http://www.semrush.com/bot.html)"
66.249.79.104 - - [26/Dec/2024:11:22:02 -0500] "GET /?b=307594666 HTTP/1.1" 200 79603 "-" "Mozilla/5.0 (Linux; Android 6.0.1; Nexus 5X Build/MMB29P) AppleWebKit/537.36 (KHTML, like Gecko) Chrome/131.0.6778.139 Mobile Safari/537.36 (compatible; GoogleOther)"
85.208.96.203 - - [26/Dec/2024:11:21:53 -0500] "GET /?b=240456966 HTTP/1.1" 200 21072 "-" "Mozilla/5.0 (compatible; SemrushBot/7~bl; +http://www.semrush.com/bot.html)"
85.208.96.196 - - [26/Dec/2024:11:22:10 -0500] "GET /?b=348691366 HTTP/1.1" 200 21063 "-" "Mozilla/5.0 (compatible; SemrushBot/7~bl; +http://www.semrush.com/bot.html)"
66.249.79.5 - - [26/Dec/2024:11:22:28 -0500] "GET /?b=300117266 HTTP/1.1" 200 79871 "-" "Mozilla/5.0 (Linux; Android 6.0.1; Nexus 5X Build/MMB29P) AppleWebKit/537.36 (KHTML, like Gecko) Chrome/131.0.6778.139 Mobile Safari/537.36 (compatible; GoogleOther)"
185.191.171.4 - - [26/Dec/2024:11:22:25 -0500] "GET /?b=21924766 HTTP/1.1" 200 21083 "-" "Mozilla/5.0 (compatible; SemrushBot/7~bl; +http://www.semrush.com/bot.html)"
66.29.132.124 - - [26/Dec/2024:11:22:40 -0500] "POST /wp-cron.php?doing_wp_cron=1735230159.6357309818267822265625 HTTP/1.1" 200 0 "-" "WordPress/6.7.1; https://blog.diixadigital.com"
85.208.96.196 - - [26/Dec/2024:11:22:35 -0500] "GET /?b=117653466 HTTP/1.1" 200 21075 "-" "Mozilla/5.0 (compatible; SemrushBot/7~bl; +http://www.semrush.com/bot.html)"
66.29.132.124 - - [26/Dec/2024:11:22:47 -0500] "POST /wp-admin/admin-ajax.php?action=async_litespeed&nonce=d66cc8cbfc&litespeed_type=imgoptm HTTP/1.1" 200 0 "-" "WordPress/6.7.1; https://blog.diixadigital.com"
66.29.132.124 - - [26/Dec/2024:11:22:53 -0500] "POST /wp-cron.php?doing_wp_cron=1735230173.0430099964141845703125 HTTP/1.1" 200 0 "-" "WordPress/6.7.1; https://blog.diixadigital.com"
66.249.79.5 - - [26/Dec/2024:11:22:54 -0500] "GET /?b=66911966 HTTP/1.1" 200 80757 "-" "Mozilla/5.0 (Linux; Android 6.0.1; Nexus 5X Build/MMB29P) AppleWebKit/537.36 (KHTML, like Gecko) Chrome/131.0.6778.139 Mobile Safari/537.36 (compatible; GoogleOther)"
66.29.132.124 - - [26/Dec/2024:11:22:58 -0500] "POST /wp-admin/admin-ajax.php?action=async_litespeed&nonce=d66cc8cbfc&litespeed_type=imgoptm HTTP/1.1" 200 0 "-" "WordPress/6.7.1; https://blog.diixadigital.com"
85.208.96.193 - - [26/Dec/2024:11:22:49 -0500] "GET /?b=164960766 HTTP/1.1" 200 21075 "-" "Mozilla/5.0 (compatible; SemrushBot/7~bl; +http://www.semrush.com/bot.html)"
185.191.171.6 - - [26/Dec/2024:11:23:02 -0500] "GET /?b=296266766 HTTP/1.1" 200 21072 "-" "Mozilla/5.0 (compatible; SemrushBot/7~bl; +http://www.semrush.com/bot.html)"
40.77.167.20 - - [26/Dec/2024:11:23:19 -0500] "GET /bguhc/e849804.html HTTP/1.1" 200 80938 "-" "Mozilla/5.0 AppleWebKit/537.36 (KHTML, like Gecko; compatible; bingbot/2.0; +http://www.bing.com/bingbot.htm) Chrome/116.0.1938.76 Safari/537.36"
66.29.132.124 - - [26/Dec/2024:11:23:23 -0500] "POST /wp-cron.php?doing_wp_cron=1735230202.4407429695129394531250 HTTP/1.1" 200 0 "-" "WordPress/6.7.1; https://blog.diixadigital.com"
85.208.96.203 - - [26/Dec/2024:11:23:18 -0500] "GET /?b=145846866 HTTP/1.1" 200 21079 "-" "Mozilla/5.0 (compatible; SemrushBot/7~bl; +http://www.semrush.com/bot.html)"
185.191.171.7 - - [26/Dec/2024:11:23:30 -0500] "GET /?b=297360066 HTTP/1.1" 200 21074 "-" "Mozilla/5.0 (compatible; SemrushBot/7~bl; +http://www.semrush.com/bot.html)"
85.208.96.209 - - [26/Dec/2024:11:23:42 -0500] "GET /?b=318037266 HTTP/1.1" 200 21078 "-" "Mozilla/5.0 (compatible; SemrushBot/7~bl; +http://www.semrush.com/bot.html)"
66.29.132.124 - - [26/Dec/2024:11:24:03 -0500] "POST /wp-cron.php?doing_wp_cron=1735230242.8431909084320068359375 HTTP/1.1" 200 0 "-" "WordPress/6.7.1; https://blog.diixadigital.com"
40.77.167.48 - - [26/Dec/2024:11:24:01 -0500] "GET /zinyw/x2468401.html HTTP/1.1" 200 80583 "-" "Mozilla/5.0 AppleWebKit/537.36 (KHTML, like Gecko; compatible; bingbot/2.0; +http://www.bing.com/bingbot.htm) Chrome/116.0.1938.76 Safari/537.36"
66.29.132.124 - - [26/Dec/2024:11:24:08 -0500] "POST /wp-admin/admin-ajax.php?action=async_litespeed&nonce=d66cc8cbfc&litespeed_type=imgoptm HTTP/1.1" 200 0 "-" "WordPress/6.7.1; https://blog.diixadigital.com"
185.191.171.15 - - [26/Dec/2024:11:23:55 -0500] "GET /?b=313340766 HTTP/1.1" 200 21068 "-" "Mozilla/5.0 (compatible; SemrushBot/7~bl; +http://www.semrush.com/bot.html)"
66.249.68.36 - - [26/Dec/2024:11:24:10 -0500] "GET /?b=74759466 HTTP/1.1" 200 80736 "-" "Mozilla/5.0 (Linux; Android 6.0.1; Nexus 5X Build/MMB29P) AppleWebKit/537.36 (KHTML, like Gecko) Chrome/131.0.6778.139 Mobile Safari/537.36 (compatible; GoogleOther)"
40.77.167.48 - - [26/Dec/2024:11:24:11 -0500] "GET /aaorc/r594939.html HTTP/1.1" 200 80700 "-" "Mozilla/5.0 AppleWebKit/537.36 (KHTML, like Gecko; compatible; bingbot/2.0; +http://www.bing.com/bingbot.htm) Chrome/116.0.1938.76 Safari/537.36"
185.191.171.5 - - [26/Dec/2024:11:24:12 -0500] "GET /?b=139404766 HTTP/1.1" 200 21077 "-" "Mozilla/5.0 (compatible; SemrushBot/7~bl; +http://www.semrush.com/bot.html)"
66.29.132.124 - - [26/Dec/2024:11:24:35 -0500] "POST /wp-cron.php?doing_wp_cron=1735230275.4359030723571777343750 HTTP/1.1" 200 0 "-" "WordPress/6.7.1; https://blog.diixadigital.com"
66.249.79.164 - - [26/Dec/2024:11:24:35 -0500] "GET /?b=102109766 HTTP/1.1" 200 80945 "-" "Mozilla/5.0 (Linux; Android 6.0.1; Nexus 5X Build/MMB29P) AppleWebKit/537.36 (KHTML, like Gecko) Chrome/131.0.6778.139 Mobile Safari/537.36 (compatible; GoogleOther)"
85.208.96.211 - - [26/Dec/2024:11:24:27 -0500] "GET /?b=267474366 HTTP/1.1" 200 21073 "-" "Mozilla/5.0 (compatible; SemrushBot/7~bl; +http://www.semrush.com/bot.html)"
66.29.132.124 - - [26/Dec/2024:11:24:50 -0500] "POST /wp-cron.php?doing_wp_cron=1735230290.2402439117431640625000 HTTP/1.1" 200 0 "-" "WordPress/6.7.1; https://blog.diixadigital.com"
85.208.96.195 - - [26/Dec/2024:11:24:44 -0500] "GET /?b=89634366 HTTP/1.1" 200 21076 "-" "Mozilla/5.0 (compatible; SemrushBot/7~bl; +http://www.semrush.com/bot.html)"
66.29.132.124 - - [26/Dec/2024:11:25:00 -0500] "POST /wp-admin/admin-ajax.php?action=async_litespeed&nonce=d66cc8cbfc&litespeed_type=imgoptm HTTP/1.1" 200 0 "-" "WordPress/6.7.1; https://blog.diixadigital.com"
185.191.171.11 - - [26/Dec/2024:11:25:00 -0500] "GET /?b=76248566 HTTP/1.1" 200 21074 "-" "Mozilla/5.0 (compatible; SemrushBot/7~bl; +http://www.semrush.com/bot.html)"
66.249.79.104 - - [26/Dec/2024:11:25:10 -0500] "GET /?b=180979566 HTTP/1.1" 200 80820 "-" "Mozilla/5.0 (Linux; Android 6.0.1; Nexus 5X Build/MMB29P) AppleWebKit/537.36 (KHTML, like Gecko) Chrome/131.0.6778.139 Mobile Safari/537.36 (compatible; GoogleOther)"
85.208.96.202 - - [26/Dec/2024:11:25:13 -0500] "GET /?b=265920666 HTTP/1.1" 200 21082 "-" "Mozilla/5.0 (compatible; SemrushBot/7~bl; +http://www.semrush.com/bot.html)"
40.77.167.156 - - [26/Dec/2024:11:25:25 -0500] "GET /tabiz/g207632.html HTTP/1.1" 200 81800 "-" "Mozilla/5.0 AppleWebKit/537.36 (KHTML, like Gecko; compatible; bingbot/2.0; +http://www.bing.com/bingbot.htm) Chrome/116.0.1938.76 Safari/537.36"
66.29.132.124 - - [26/Dec/2024:11:25:30 -0500] "POST /wp-cron.php?doing_wp_cron=1735230329.6444261074066162109375 HTTP/1.1" 200 0 "-" "WordPress/6.7.1; https://blog.diixadigital.com"
40.77.167.20 - - [26/Dec/2024:11:25:39 -0500] "GET /gqfbe/u1217928.html HTTP/1.1" 200 81397 "-" "Mozilla/5.0 AppleWebKit/537.36 (KHTML, like Gecko; compatible; bingbot/2.0; +http://www.bing.com/bingbot.htm) Chrome/116.0.1938.76 Safari/537.36"
66.249.79.194 - - [26/Dec/2024:11:25:39 -0500] "GET /?b=239916766 HTTP/1.1" 200 80576 "-" "Mozilla/5.0 (Linux; Android 6.0.1; Nexus 5X Build/MMB29P) AppleWebKit/537.36 (KHTML, like Gecko) Chrome/131.0.6778.139 Mobile Safari/537.36 (compatible; GoogleOther)"
85.208.96.193 - - [26/Dec/2024:11:25:23 -0500] "GET /?b=313102066 HTTP/1.1" 200 21078 "-" "Mozilla/5.0 (compatible; SemrushBot/7~bl; +http://www.semrush.com/bot.html)"
40.77.167.48 - - [26/Dec/2024:11:25:52 -0500] "GET /mkefy/v449317.html HTTP/1.1" 200 81147 "-" "Mozilla/5.0 AppleWebKit/537.36 (KHTML, like Gecko; compatible; bingbot/2.0; +http://www.bing.com/bingbot.htm) Chrome/116.0.1938.76 Safari/537.36"
66.29.132.124 - - [26/Dec/2024:11:25:54 -0500] "POST /wp-cron.php?doing_wp_cron=1735230354.4407699108123779296875 HTTP/1.1" 200 0 "-" "WordPress/6.7.1; https://blog.diixadigital.com"
185.191.171.14 - - [26/Dec/2024:11:25:44 -0500] "GET /?b=159845066 HTTP/1.1" 200 21087 "-" "Mozilla/5.0 (compatible; SemrushBot/7~bl; +http://www.semrush.com/bot.html)"
66.29.132.124 - - [26/Dec/2024:11:26:03 -0500] "POST /wp-admin/admin-ajax.php?action=async_litespeed&nonce=d66cc8cbfc&litespeed_type=imgoptm HTTP/1.1" 200 0 "-" "WordPress/6.7.1; https://blog.diixadigital.com"
85.208.96.204 - - [26/Dec/2024:11:26:04 -0500] "GET /robots.txt HTTP/1.1" 200 139 "-" "Mozilla/5.0 (compatible; SemrushBot/7~bl; +http://www.semrush.com/bot.html)"
66.249.79.166 - - [26/Dec/2024:11:26:09 -0500] "GET /?b=287303366 HTTP/1.1" 200 80400 "-" "Mozilla/5.0 (Linux; Android 6.0.1; Nexus 5X Build/MMB29P) AppleWebKit/537.36 (KHTML, like Gecko) Chrome/131.0.6778.139 Mobile Safari/537.36 (compatible; GoogleOther)"
40.77.167.48 - - [26/Dec/2024:11:26:12 -0500] "GET /itytt/r2206445.html HTTP/1.1" 200 80891 "-" "Mozilla/5.0 AppleWebKit/537.36 (KHTML, like Gecko; compatible; bingbot/2.0; +http://www.bing.com/bingbot.htm) Chrome/116.0.1938.76 Safari/537.36"
185.191.171.4 - - [26/Dec/2024:11:26:05 -0500] "GET /?b=152289366 HTTP/1.1" 200 21074 "-" "Mozilla/5.0 (compatible; SemrushBot/7~bl; +http://www.semrush.com/bot.html)"
66.29.132.124 - - [26/Dec/2024:11:26:23 -0500] "POST /wp-cron.php?doing_wp_cron=1735230382.8462109565734863281250 HTTP/1.1" 200 0 "-" "WordPress/6.7.1; https://blog.diixadigital.com"
66.249.79.195 - - [26/Dec/2024:11:26:26 -0500] "GET /?b=46706366 HTTP/1.1" 200 80544 "-" "Mozilla/5.0 (Linux; Android 6.0.1; Nexus 5X Build/MMB29P) AppleWebKit/537.36 (KHTML, like Gecko) Chrome/131.0.6778.139 Mobile Safari/537.36 (compatible; GoogleOther)"
85.208.96.197 - - [26/Dec/2024:11:26:20 -0500] "GET /?b=89347666 HTTP/1.1" 200 21102 "-" "Mozilla/5.0 (compatible; SemrushBot/7~bl; +http://www.semrush.com/bot.html)"
85.208.96.209 - - [26/Dec/2024:11:26:32 -0500] "GET /?b=235771366 HTTP/1.1" 200 21088 "-" "Mozilla/5.0 (compatible; SemrushBot/7~bl; +http://www.semrush.com/bot.html)"
66.249.68.36 - - [26/Dec/2024:11:26:44 -0500] "GET /?b=29469166 HTTP/1.1" 200 79379 "-" "Mozilla/5.0 (Linux; Android 6.0.1; Nexus 5X Build/MMB29P) AppleWebKit/537.36 (KHTML, like Gecko) Chrome/131.0.6778.139 Mobile Safari/537.36 (compatible; GoogleOther)"
185.191.171.1 - - [26/Dec/2024:11:26:44 -0500] "GET /?b=26095866 HTTP/1.1" 200 21080 "-" "Mozilla/5.0 (compatible; SemrushBot/7~bl; +http://www.semrush.com/bot.html)"
66.29.132.124 - - [26/Dec/2024:11:26:59 -0500] "POST /wp-cron.php?doing_wp_cron=1735230419.0459558963775634765625 HTTP/1.1" 200 0 "-" "WordPress/6.7.1; https://blog.diixadigital.com"
66.29.132.124 - - [26/Dec/2024:11:27:03 -0500] "POST /wp-admin/admin-ajax.php?action=async_litespeed&nonce=d66cc8cbfc&litespeed_type=imgoptm HTTP/1.1" 200 0 "-" "WordPress/6.7.1; https://blog.diixadigital.com"
85.208.96.195 - - [26/Dec/2024:11:26:54 -0500] "GET /?b=179961966 HTTP/1.1" 200 21077 "-" "Mozilla/5.0 (compatible; SemrushBot/7~bl; +http://www.semrush.com/bot.html)"
66.249.79.105 - - [26/Dec/2024:11:27:09 -0500] "GET /?b=17561866 HTTP/1.1" 200 81543 "-" "Mozilla/5.0 (Linux; Android 6.0.1; Nexus 5X Build/MMB29P) AppleWebKit/537.36 (KHTML, like Gecko) Chrome/131.0.6778.139 Mobile Safari/537.36 (compatible; GoogleOther)"
85.208.96.207 - - [26/Dec/2024:11:27:08 -0500] "GET /?b=184888166 HTTP/1.1" 200 21095 "-" "Mozilla/5.0 (compatible; SemrushBot/7~bl; +http://www.semrush.com/bot.html)"
66.29.132.124 - - [26/Dec/2024:11:27:27 -0500] "POST /wp-cron.php?doing_wp_cron=1735230447.5461769104003906250000 HTTP/1.1" 200 0 "-" "WordPress/6.7.1; https://blog.diixadigital.com"
85.208.96.199 - - [26/Dec/2024:11:27:23 -0500] "GET /?b=156987666 HTTP/1.1" 200 21078 "-" "Mozilla/5.0 (compatible; SemrushBot/7~bl; +http://www.semrush.com/bot.html)"
66.249.68.5 - - [26/Dec/2024:11:27:35 -0500] "GET /?b=35344966 HTTP/1.1" 200 80443 "-" "Mozilla/5.0 (Linux; Android 6.0.1; Nexus 5X Build/MMB29P) AppleWebKit/537.36 (KHTML, like Gecko) Chrome/131.0.6778.139 Mobile Safari/537.36 (compatible; GoogleOther)"
185.191.171.4 - - [26/Dec/2024:11:27:33 -0500] "GET /?b=81842966 HTTP/1.1" 200 21090 "-" "Mozilla/5.0 (compatible; SemrushBot/7~bl; +http://www.semrush.com/bot.html)"
185.191.171.5 - - [26/Dec/2024:11:27:44 -0500] "GET /?b=290638166 HTTP/1.1" 200 21083 "-" "Mozilla/5.0 (compatible; SemrushBot/7~bl; +http://www.semrush.com/bot.html)"
66.29.132.124 - - [26/Dec/2024:11:28:00 -0500] "POST /wp-cron.php?doing_wp_cron=1735230479.4461588859558105468750 HTTP/1.1" 200 0 "-" "WordPress/6.7.1; https://blog.diixadigital.com"
66.249.79.105 - - [26/Dec/2024:11:28:02 -0500] "GET /?b=284352366 HTTP/1.1" 200 79597 "-" "Mozilla/5.0 (Linux; Android 6.0.1; Nexus 5X Build/MMB29P) AppleWebKit/537.36 (KHTML, like Gecko) Chrome/131.0.6778.139 Mobile Safari/537.36 (compatible; GoogleOther)"
185.191.171.14 - - [26/Dec/2024:11:27:55 -0500] "GET /?b=300449366 HTTP/1.1" 200 21076 "-" "Mozilla/5.0 (compatible; SemrushBot/7~bl; +http://www.semrush.com/bot.html)"
66.29.132.124 - - [26/Dec/2024:11:28:06 -0500] "POST /wp-admin/admin-ajax.php?action=async_litespeed&nonce=d66cc8cbfc&litespeed_type=imgoptm HTTP/1.1" 200 0 "-" "WordPress/6.7.1; https://blog.diixadigital.com"
85.208.96.196 - - [26/Dec/2024:11:28:08 -0500] "GET /?b=194291266 HTTP/1.1" 200 21095 "-" "Mozilla/5.0 (compatible; SemrushBot/7~bl; +http://www.semrush.com/bot.html)"
66.29.132.124 - - [26/Dec/2024:11:28:29 -0500] "POST /wp-cron.php?doing_wp_cron=1735230508.4505350589752197265625 HTTP/1.1" 200 0 "-" "WordPress/6.7.1; https://blog.diixadigital.com"
66.249.79.164 - - [26/Dec/2024:11:28:27 -0500] "GET /?b=8140666 HTTP/1.1" 200 79556 "-" "Mozilla/5.0 (Linux; Android 6.0.1; Nexus 5X Build/MMB29P) AppleWebKit/537.36 (KHTML, like Gecko) Chrome/131.0.6778.139 Mobile Safari/537.36 (compatible; GoogleOther)"
40.77.167.20 - - [26/Dec/2024:11:28:28 -0500] "GET /vcbtl/j2823911.html HTTP/1.1" 200 80297 "-" "Mozilla/5.0 AppleWebKit/537.36 (KHTML, like Gecko; compatible; bingbot/2.0; +http://www.bing.com/bingbot.htm) Chrome/116.0.1938.76 Safari/537.36"
185.191.171.15 - - [26/Dec/2024:11:28:23 -0500] "GET /?b=215354566 HTTP/1.1" 200 21076 "-" "Mozilla/5.0 (compatible; SemrushBot/7~bl; +http://www.semrush.com/bot.html)"
85.208.96.200 - - [26/Dec/2024:11:28:37 -0500] "GET /?b=208590366 HTTP/1.1" 200 21082 "-" "Mozilla/5.0 (compatible; SemrushBot/7~bl; +http://www.semrush.com/bot.html)"
66.249.79.194 - - [26/Dec/2024:11:28:52 -0500] "GET /?b=142156266 HTTP/1.1" 200 81620 "-" "Mozilla/5.0 (Linux; Android 6.0.1; Nexus 5X Build/MMB29P) AppleWebKit/537.36 (KHTML, like Gecko) Chrome/131.0.6778.139 Mobile Safari/537.36 (compatible; GoogleOther)"
66.29.132.124 - - [26/Dec/2024:11:29:01 -0500] "POST /wp-cron.php?doing_wp_cron=1735230540.9452910423278808593750 HTTP/1.1" 200 0 "-" "WordPress/6.7.1; https://blog.diixadigital.com"
66.29.132.124 - - [26/Dec/2024:11:29:05 -0500] "POST /wp-admin/admin-ajax.php?action=async_litespeed&nonce=d66cc8cbfc&litespeed_type=imgoptm HTTP/1.1" 200 0 "-" "WordPress/6.7.1; https://blog.diixadigital.com"
185.191.171.14 - - [26/Dec/2024:11:28:55 -0500] "GET /?b=253044066 HTTP/1.1" 200 21077 "-" "Mozilla/5.0 (compatible; SemrushBot/7~bl; +http://www.semrush.com/bot.html)"
66.249.68.5 - - [26/Dec/2024:11:29:18 -0500] "GET /?b=142040266 HTTP/1.1" 200 82037 "-" "Mozilla/5.0 (Linux; Android 6.0.1; Nexus 5X Build/MMB29P) AppleWebKit/537.36 (KHTML, like Gecko) Chrome/131.0.6778.139 Mobile Safari/537.36 (compatible; GoogleOther)"
85.208.96.206 - - [26/Dec/2024:11:29:11 -0500] "GET /?b=46657366 HTTP/1.1" 200 21089 "-" "Mozilla/5.0 (compatible; SemrushBot/7~bl; +http://www.semrush.com/bot.html)"
40.77.167.20 - - [26/Dec/2024:11:29:28 -0500] "GET /ahmnn/m2373672.html HTTP/1.1" 200 79406 "-" "Mozilla/5.0 AppleWebKit/537.36 (KHTML, like Gecko; compatible; bingbot/2.0; +http://www.bing.com/bingbot.htm) Chrome/116.0.1938.76 Safari/537.36"
66.29.132.124 - - [26/Dec/2024:11:29:31 -0500] "POST /wp-cron.php?doing_wp_cron=1735230571.6366639137268066406250 HTTP/1.1" 200 0 "-" "WordPress/6.7.1; https://blog.diixadigital.com"
85.208.96.202 - - [26/Dec/2024:11:29:24 -0500] "GET /?b=331784666 HTTP/1.1" 200 21085 "-" "Mozilla/5.0 (compatible; SemrushBot/7~bl; +http://www.semrush.com/bot.html)"
66.249.79.194 - - [26/Dec/2024:11:29:43 -0500] "GET /?b=241189166 HTTP/1.1" 200 79852 "-" "Mozilla/5.0 (Linux; Android 6.0.1; Nexus 5X Build/MMB29P) AppleWebKit/537.36 (KHTML, like Gecko) Chrome/131.0.6778.139 Mobile Safari/537.36 (compatible; GoogleOther)"
85.208.96.205 - - [26/Dec/2024:11:29:43 -0500] "GET /?b=124752666 HTTP/1.1" 200 21087 "-" "Mozilla/5.0 (compatible; SemrushBot/7~bl; +http://www.semrush.com/bot.html)"
66.29.132.124 - - [26/Dec/2024:11:30:09 -0500] "POST /wp-cron.php?doing_wp_cron=1735230607.8387680053710937500000 HTTP/1.1" 200 0 "-" "WordPress/6.7.1; https://blog.diixadigital.com"
66.249.79.164 - - [26/Dec/2024:11:30:10 -0500] "GET /?b=276607866 HTTP/1.1" 200 80864 "-" "Mozilla/5.0 (Linux; Android 6.0.1; Nexus 5X Build/MMB29P) AppleWebKit/537.36 (KHTML, like Gecko) Chrome/131.0.6778.139 Mobile Safari/537.36 (compatible; GoogleOther)"
185.191.171.14 - - [26/Dec/2024:11:30:00 -0500] "GET /?b=122986166 HTTP/1.1" 200 21082 "-" "Mozilla/5.0 (compatible; SemrushBot/7~bl; +http://www.semrush.com/bot.html)"
66.249.79.194 - - [26/Dec/2024:11:30:35 -0500] "GET /?b=224169066 HTTP/1.1" 200 80227 "-" "Mozilla/5.0 (Linux; Android 6.0.1; Nexus 5X Build/MMB29P) AppleWebKit/537.36 (KHTML, like Gecko) Chrome/131.0.6778.139 Mobile Safari/537.36 (compatible; GoogleOther)"
66.249.79.105 - - [26/Dec/2024:11:31:05 -0500] "GET /?b=233791766 HTTP/1.1" 200 80539 "-" "Mozilla/5.0 (Linux; Android 6.0.1; Nexus 5X Build/MMB29P) AppleWebKit/537.36 (KHTML, like Gecko) Chrome/131.0.6778.139 Mobile Safari/537.36 (compatible; GoogleOther)"
185.191.171.12 - - [26/Dec/2024:11:30:18 -0500] "GET /?b=261049966 HTTP/1.1" 200 0 "-" "Mozilla/5.0 (compatible; SemrushBot/7~bl; +http://www.semrush.com/bot.html)"
66.29.132.124 - - [26/Dec/2024:11:31:09 -0500] "POST /wp-cron.php?doing_wp_cron=1735230669.0411539077758789062500 HTTP/1.1" 200 0 "-" "WordPress/6.7.1; https://blog.diixadigital.com"
66.29.132.124 - - [26/Dec/2024:11:31:17 -0500] "POST /wp-admin/admin-ajax.php?action=async_litespeed&nonce=d66cc8cbfc&litespeed_type=imgoptm HTTP/1.1" 200 0 "-" "WordPress/6.7.1; https://blog.diixadigital.com"
185.191.171.12 - - [26/Dec/2024:11:31:09 -0500] "GET /?b=261049966 HTTP/1.1" 200 21095 "-" "Mozilla/5.0 (compatible; SemrushBot/7~bl; +http://www.semrush.com/bot.html)"
66.29.132.124 - - [26/Dec/2024:11:31:28 -0500] "POST /wp-cron.php?doing_wp_cron=1735230687.5454199314117431640625 HTTP/1.1" 200 0 "-" "WordPress/6.7.1; https://blog.diixadigital.com"
66.249.79.5 - - [26/Dec/2024:11:31:32 -0500] "GET /?b=28018766 HTTP/1.1" 200 79944 "-" "Mozilla/5.0 (Linux; Android 6.0.1; Nexus 5X Build/MMB29P) AppleWebKit/537.36 (KHTML, like Gecko) Chrome/131.0.6778.139 Mobile Safari/537.36 (compatible; GoogleOther)"
185.191.171.12 - - [26/Dec/2024:11:31:24 -0500] "GET /?b=324633566 HTTP/1.1" 200 21090 "-" "Mozilla/5.0 (compatible; SemrushBot/7~bl; +http://www.semrush.com/bot.html)"
185.191.171.10 - - [26/Dec/2024:11:31:38 -0500] "GET /?b=106492366 HTTP/1.1" 200 21076 "-" "Mozilla/5.0 (compatible; SemrushBot/7~bl; +http://www.semrush.com/bot.html)"
66.29.132.124 - - [26/Dec/2024:11:31:56 -0500] "POST /wp-cron.php?doing_wp_cron=1735230716.2520759105682373046875 HTTP/1.1" 200 0 "-" "WordPress/6.7.1; https://blog.diixadigital.com"
66.29.132.124 - - [26/Dec/2024:11:32:00 -0500] "POST /wp-admin/admin-ajax.php?action=async_litespeed&nonce=d66cc8cbfc&litespeed_type=imgoptm HTTP/1.1" 200 0 "-" "WordPress/6.7.1; https://blog.diixadigital.com"
85.208.96.193 - - [26/Dec/2024:11:31:51 -0500] "GET /?b=334799466 HTTP/1.1" 200 21079 "-" "Mozilla/5.0 (compatible; SemrushBot/7~bl; +http://www.semrush.com/bot.html)"
66.249.79.5 - - [26/Dec/2024:11:32:09 -0500] "GET /?b=238578166 HTTP/1.1" 200 79694 "-" "Mozilla/5.0 (Linux; Android 6.0.1; Nexus 5X Build/MMB29P) AppleWebKit/537.36 (KHTML, like Gecko) Chrome/131.0.6778.139 Mobile Safari/537.36 (compatible; GoogleOther)"
185.191.171.16 - - [26/Dec/2024:11:32:05 -0500] "GET /?b=15486166 HTTP/1.1" 200 21086 "-" "Mozilla/5.0 (compatible; SemrushBot/7~bl; +http://www.semrush.com/bot.html)"
66.29.132.124 - - [26/Dec/2024:11:32:25 -0500] "POST /wp-cron.php?doing_wp_cron=1735230744.7349131107330322265625 HTTP/1.1" 200 0 "-" "WordPress/6.7.1; https://blog.diixadigital.com"
85.208.96.193 - - [26/Dec/2024:11:32:19 -0500] "GET /?b=2417866 HTTP/1.1" 200 21073 "-" "Mozilla/5.0 (compatible; SemrushBot/7~bl; +http://www.semrush.com/bot.html)"
66.249.79.5 - - [26/Dec/2024:11:32:30 -0500] "GET /?b=154023266 HTTP/1.1" 200 80570 "-" "Mozilla/5.0 (Linux; Android 6.0.1; Nexus 5X Build/MMB29P) AppleWebKit/537.36 (KHTML, like Gecko) Chrome/131.0.6778.139 Mobile Safari/537.36 (compatible; GoogleOther)"
185.191.171.16 - - [26/Dec/2024:11:32:34 -0500] "GET /?b=225522566 HTTP/1.1" 200 21067 "-" "Mozilla/5.0 (compatible; SemrushBot/7~bl; +http://www.semrush.com/bot.html)"
66.29.132.124 - - [26/Dec/2024:11:32:54 -0500] "POST /wp-cron.php?doing_wp_cron=1735230773.6380829811096191406250 HTTP/1.1" 200 0 "-" "WordPress/6.7.1; https://blog.diixadigital.com"
85.208.96.210 - - [26/Dec/2024:11:32:48 -0500] "GET /?b=186891966 HTTP/1.1" 200 21076 "-" "Mozilla/5.0 (compatible; SemrushBot/7~bl; +http://www.semrush.com/bot.html)"
66.249.68.36 - - [26/Dec/2024:11:32:58 -0500] "GET /?b=56201266 HTTP/1.1" 200 80503 "-" "Mozilla/5.0 (Linux; Android 6.0.1; Nexus 5X Build/MMB29P) AppleWebKit/537.36 (KHTML, like Gecko) Chrome/131.0.6778.139 Mobile Safari/537.36 (compatible; GoogleOther)"
66.29.132.124 - - [26/Dec/2024:11:32:59 -0500] "POST /wp-admin/admin-ajax.php?action=async_litespeed&nonce=d66cc8cbfc&litespeed_type=imgoptm HTTP/1.1" 200 0 "-" "WordPress/6.7.1; https://blog.diixadigital.com"
185.191.171.17 - - [26/Dec/2024:11:33:01 -0500] "GET /?b=160536166 HTTP/1.1" 200 21093 "-" "Mozilla/5.0 (compatible; SemrushBot/7~bl; +http://www.semrush.com/bot.html)"
185.191.171.9 - - [26/Dec/2024:11:33:13 -0500] "GET /?b=263970566 HTTP/1.1" 200 21129 "-" "Mozilla/5.0 (compatible; SemrushBot/7~bl; +http://www.semrush.com/bot.html)"
66.249.79.166 - - [26/Dec/2024:11:33:26 -0500] "GET /?b=137178066 HTTP/1.1" 200 79968 "-" "Mozilla/5.0 (Linux; Android 6.0.1; Nexus 5X Build/MMB29P) AppleWebKit/537.36 (KHTML, like Gecko) Chrome/131.0.6778.139 Mobile Safari/537.36 (compatible; GoogleOther)"
66.29.132.124 - - [26/Dec/2024:11:33:30 -0500] "POST /wp-cron.php?doing_wp_cron=1735230809.8383920192718505859375 HTTP/1.1" 200 0 "-" "WordPress/6.7.1; https://blog.diixadigital.com"
185.191.171.8 - - [26/Dec/2024:11:33:25 -0500] "GET /?b=171532066 HTTP/1.1" 200 21087 "-" "Mozilla/5.0 (compatible; SemrushBot/7~bl; +http://www.semrush.com/bot.html)"
85.208.96.205 - - [26/Dec/2024:11:33:37 -0500] "GET /?b=288750566 HTTP/1.1" 200 21068 "-" "Mozilla/5.0 (compatible; SemrushBot/7~bl; +http://www.semrush.com/bot.html)"
66.29.132.124 - - [26/Dec/2024:11:33:54 -0500] "POST /wp-cron.php?doing_wp_cron=1735230834.1452510356903076171875 HTTP/1.1" 200 0 "-" "WordPress/6.7.1; https://blog.diixadigital.com"
66.249.79.5 - - [26/Dec/2024:11:33:55 -0500] "GET /?b=351128866 HTTP/1.1" 200 79703 "-" "Mozilla/5.0 (Linux; Android 6.0.1; Nexus 5X Build/MMB29P) AppleWebKit/537.36 (KHTML, like Gecko) Chrome/131.0.6778.139 Mobile Safari/537.36 (compatible; GoogleOther)"
66.29.132.124 - - [26/Dec/2024:11:34:00 -0500] "POST /wp-admin/admin-ajax.php?action=async_litespeed&nonce=d66cc8cbfc&litespeed_type=imgoptm HTTP/1.1" 200 0 "-" "WordPress/6.7.1; https://blog.diixadigital.com"
185.191.171.5 - - [26/Dec/2024:11:33:49 -0500] "GET /?b=272255866 HTTP/1.1" 200 21074 "-" "Mozilla/5.0 (compatible; SemrushBot/7~bl; +http://www.semrush.com/bot.html)"
85.208.96.210 - - [26/Dec/2024:11:34:04 -0500] "GET /?b=143930466 HTTP/1.1" 200 21080 "-" "Mozilla/5.0 (compatible; SemrushBot/7~bl; +http://www.semrush.com/bot.html)"
66.29.132.124 - - [26/Dec/2024:11:34:23 -0500] "POST /wp-cron.php?doing_wp_cron=1735230863.3350958824157714843750 HTTP/1.1" 200 0 "-" "WordPress/6.7.1; https://blog.diixadigital.com"
