66.29.132.124 - - [26/Dec/2024:09:37:42 -0500] "POST /wp-cron.php?doing_wp_cron=1735223861.9686861038208007812500 HTTP/1.1" 200 0 "-" "WordPress/6.7.1; https://blog.diixadigital.com"
85.208.96.204 - - [26/Dec/2024:09:37:41 -0500] "GET /?b=186359866 HTTP/1.1" 200 21067 "-" "Mozilla/5.0 (compatible; SemrushBot/7~bl; +http://www.semrush.com/bot.html)"
85.208.96.204 - - [26/Dec/2024:09:37:44 -0500] "GET /?b=257859866 HTTP/1.1" 200 21061 "-" "Mozilla/5.0 (compatible; SemrushBot/7~bl; +http://www.semrush.com/bot.html)"
66.249.79.195 - - [26/Dec/2024:09:37:48 -0500] "GET /?b=349005766 HTTP/1.1" 200 79402 "-" "Mozilla/5.0 (Linux; Android 6.0.1; Nexus 5X Build/MMB29P) AppleWebKit/537.36 (KHTML, like Gecko) Chrome/131.0.6778.139 Mobile Safari/537.36 (compatible; GoogleOther)"
66.29.132.124 - - [26/Dec/2024:09:37:51 -0500] "POST /wp-cron.php?doing_wp_cron=1735223871.3490030765533447265625 HTTP/1.1" 200 0 "-" "WordPress/6.7.1; https://blog.diixadigital.com"
85.208.96.206 - - [26/Dec/2024:09:37:51 -0500] "GET /?b=29598366 HTTP/1.1" 200 21071 "-" "Mozilla/5.0 (compatible; SemrushBot/7~bl; +http://www.semrush.com/bot.html)"
66.29.132.124 - - [26/Dec/2024:09:37:51 -0500] "POST /wp-admin/admin-ajax.php?action=async_litespeed&nonce=d66cc8cbfc&litespeed_type=imgoptm HTTP/1.1" 200 21 "-" "WordPress/6.7.1; https://blog.diixadigital.com"
52.167.144.181 - - [26/Dec/2024:09:37:51 -0500] "GET /bogwn/o2022856.html HTTP/1.1" 200 80881 "-" "Mozilla/5.0 AppleWebKit/537.36 (KHTML, like Gecko; compatible; bingbot/2.0; +http://www.bing.com/bingbot.htm) Chrome/116.0.1938.76 Safari/537.36"
66.249.68.6 - - [26/Dec/2024:09:37:58 -0500] "GET /?b=263465966 HTTP/1.1" 200 80491 "-" "Mozilla/5.0 (Linux; Android 6.0.1; Nexus 5X Build/MMB29P) AppleWebKit/537.36 (KHTML, like Gecko) Chrome/131.0.6778.139 Mobile Safari/537.36 (compatible; GoogleOther)"
66.249.79.7 - - [26/Dec/2024:09:38:08 -0500] "GET /?b=156540666 HTTP/1.1" 200 79343 "-" "Mozilla/5.0 (Linux; Android 6.0.1; Nexus 5X Build/MMB29P) AppleWebKit/537.36 (KHTML, like Gecko) Chrome/131.0.6778.139 Mobile Safari/537.36 (compatible; GoogleOther)"
66.249.79.165 - - [26/Dec/2024:09:38:17 -0500] "GET /?b=55506566 HTTP/1.1" 200 79830 "-" "Mozilla/5.0 (Linux; Android 6.0.1; Nexus 5X Build/MMB29P) AppleWebKit/537.36 (KHTML, like Gecko) Chrome/131.0.6778.139 Mobile Safari/537.36 (compatible; GoogleOther)"
40.77.167.18 - - [26/Dec/2024:09:38:26 -0500] "GET /uqapw/c1152910.html HTTP/1.1" 200 80549 "-" "Mozilla/5.0 AppleWebKit/537.36 (KHTML, like Gecko; compatible; bingbot/2.0; +http://www.bing.com/bingbot.htm) Chrome/116.0.1938.76 Safari/537.36"
66.249.79.194 - - [26/Dec/2024:09:38:27 -0500] "GET /?b=243542466 HTTP/1.1" 200 80419 "-" "Mozilla/5.0 (Linux; Android 6.0.1; Nexus 5X Build/MMB29P) AppleWebKit/537.36 (KHTML, like Gecko) Chrome/131.0.6778.139 Mobile Safari/537.36 (compatible; GoogleOther)"
66.29.132.124 - - [26/Dec/2024:09:38:35 -0500] "POST /wp-cron.php?doing_wp_cron=1735223914.8034060001373291015625 HTTP/1.1" 200 0 "-" "WordPress/6.7.1; https://blog.diixadigital.com"
185.191.171.13 - - [26/Dec/2024:09:38:34 -0500] "GET /?b=111568766 HTTP/1.1" 200 21070 "-" "Mozilla/5.0 (compatible; SemrushBot/7~bl; +http://www.semrush.com/bot.html)"
66.249.68.36 - - [26/Dec/2024:09:38:37 -0500] "GET /?b=245001766 HTTP/1.1" 200 79756 "-" "Mozilla/5.0 (Linux; Android 6.0.1; Nexus 5X Build/MMB29P) AppleWebKit/537.36 (KHTML, like Gecko) Chrome/131.0.6778.139 Mobile Safari/537.36 (compatible; GoogleOther)"
52.167.144.181 - - [26/Dec/2024:09:38:42 -0500] "GET /ymodt/g564924.html HTTP/1.1" 200 79306 "-" "Mozilla/5.0 AppleWebKit/537.36 (KHTML, like Gecko; compatible; bingbot/2.0; +http://www.bing.com/bingbot.htm) Chrome/116.0.1938.76 Safari/537.36"
85.208.96.196 - - [26/Dec/2024:09:38:44 -0500] "GET /?b=99644166 HTTP/1.1" 200 21075 "-" "Mozilla/5.0 (compatible; SemrushBot/7~bl; +http://www.semrush.com/bot.html)"
66.249.68.6 - - [26/Dec/2024:09:38:47 -0500] "GET /?b=202773766 HTTP/1.1" 200 80741 "-" "Mozilla/5.0 (Linux; Android 6.0.1; Nexus 5X Build/MMB29P) AppleWebKit/537.36 (KHTML, like Gecko) Chrome/131.0.6778.139 Mobile Safari/537.36 (compatible; GoogleOther)"
66.249.79.34 - - [26/Dec/2024:09:38:56 -0500] "GET /?b=325399066 HTTP/1.1" 200 79833 "-" "Mozilla/5.0 (Linux; Android 6.0.1; Nexus 5X Build/MMB29P) AppleWebKit/537.36 (KHTML, like Gecko) Chrome/131.0.6778.139 Mobile Safari/537.36 (compatible; GoogleOther)"
66.249.68.36 - - [26/Dec/2024:09:39:06 -0500] "GET /?b=345992266 HTTP/1.1" 200 79403 "-" "Mozilla/5.0 (Linux; Android 6.0.1; Nexus 5X Build/MMB29P) AppleWebKit/537.36 (KHTML, like Gecko) Chrome/131.0.6778.139 Mobile Safari/537.36 (compatible; GoogleOther)"
66.249.68.36 - - [26/Dec/2024:09:39:17 -0500] "GET /?b=252650766 HTTP/1.1" 200 84228 "-" "Mozilla/5.0 (Linux; Android 6.0.1; Nexus 5X Build/MMB29P) AppleWebKit/537.36 (KHTML, like Gecko) Chrome/131.0.6778.139 Mobile Safari/537.36 (compatible; GoogleOther)"
185.191.171.16 - - [26/Dec/2024:09:39:23 -0500] "GET /?b=101047666 HTTP/1.1" 200 21063 "-" "Mozilla/5.0 (compatible; SemrushBot/7~bl; +http://www.semrush.com/bot.html)"
66.29.132.124 - - [26/Dec/2024:09:39:26 -0500] "POST /wp-cron.php?doing_wp_cron=1735223963.9875650405883789062500 HTTP/1.1" 200 0 "-" "WordPress/6.7.1; https://blog.diixadigital.com"
52.167.144.181 - - [26/Dec/2024:09:39:24 -0500] "GET /dmzrm/m1095486.html HTTP/1.1" 200 80001 "-" "Mozilla/5.0 AppleWebKit/537.36 (KHTML, like Gecko; compatible; bingbot/2.0; +http://www.bing.com/bingbot.htm) Chrome/116.0.1938.76 Safari/537.36"
66.249.79.194 - - [26/Dec/2024:09:39:27 -0500] "GET /?b=124486466 HTTP/1.1" 200 81107 "-" "Mozilla/5.0 (Linux; Android 6.0.1; Nexus 5X Build/MMB29P) AppleWebKit/537.36 (KHTML, like Gecko) Chrome/131.0.6778.139 Mobile Safari/537.36 (compatible; GoogleOther)"
85.208.96.211 - - [26/Dec/2024:09:39:29 -0500] "GET /?b=115161966 HTTP/1.1" 200 21073 "-" "Mozilla/5.0 (compatible; SemrushBot/7~bl; +http://www.semrush.com/bot.html)"
66.249.68.5 - - [26/Dec/2024:09:39:36 -0500] "GET /?b=144496666 HTTP/1.1" 200 81946 "-" "Mozilla/5.0 (Linux; Android 6.0.1; Nexus 5X Build/MMB29P) AppleWebKit/537.36 (KHTML, like Gecko) Chrome/131.0.6778.139 Mobile Safari/537.36 (compatible; GoogleOther)"
85.208.96.202 - - [26/Dec/2024:09:39:39 -0500] "GET /robots.txt HTTP/1.1" 200 139 "-" "Mozilla/5.0 (compatible; SemrushBot/7~bl; +http://www.semrush.com/bot.html)"
40.77.167.18 - - [26/Dec/2024:09:39:38 -0500] "GET /gbnsx/c564816.html HTTP/1.1" 200 80112 "-" "Mozilla/5.0 AppleWebKit/537.36 (KHTML, like Gecko; compatible; bingbot/2.0; +http://www.bing.com/bingbot.htm) Chrome/116.0.1938.76 Safari/537.36"
85.208.96.205 - - [26/Dec/2024:09:39:40 -0500] "GET /?b=57966266 HTTP/1.1" 200 21073 "-" "Mozilla/5.0 (compatible; SemrushBot/7~bl; +http://www.semrush.com/bot.html)"
85.208.96.210 - - [26/Dec/2024:09:39:46 -0500] "GET /?b=44459766 HTTP/1.1" 200 21065 "-" "Mozilla/5.0 (compatible; SemrushBot/7~bl; +http://www.semrush.com/bot.html)"
66.249.68.37 - - [26/Dec/2024:09:39:45 -0500] "GET /?b=357339366 HTTP/1.1" 200 79527 "-" "Mozilla/5.0 (Linux; Android 6.0.1; Nexus 5X Build/MMB29P) AppleWebKit/537.36 (KHTML, like Gecko) Chrome/131.0.6778.139 Mobile Safari/537.36 (compatible; GoogleOther)"
185.191.171.10 - - [26/Dec/2024:09:39:50 -0500] "GET /?b=78349266 HTTP/1.1" 200 21075 "-" "Mozilla/5.0 (compatible; SemrushBot/7~bl; +http://www.semrush.com/bot.html)"
66.249.79.104 - - [26/Dec/2024:09:39:54 -0500] "GET /?b=69038066 HTTP/1.1" 200 79873 "-" "Mozilla/5.0 (Linux; Android 6.0.1; Nexus 5X Build/MMB29P) AppleWebKit/537.36 (KHTML, like Gecko) Chrome/131.0.6778.139 Mobile Safari/537.36 (compatible; GoogleOther)"
185.191.171.12 - - [26/Dec/2024:09:40:00 -0500] "GET /?b=75702966 HTTP/1.1" 200 21068 "-" "Mozilla/5.0 (compatible; SemrushBot/7~bl; +http://www.semrush.com/bot.html)"
66.249.68.36 - - [26/Dec/2024:09:40:09 -0500] "GET /?b=104173266 HTTP/1.1" 200 81100 "-" "Mozilla/5.0 (Linux; Android 6.0.1; Nexus 5X Build/MMB29P) AppleWebKit/537.36 (KHTML, like Gecko) Chrome/131.0.6778.139 Mobile Safari/537.36 (compatible; GoogleOther)"
185.191.171.15 - - [26/Dec/2024:09:40:11 -0500] "GET /?b=318714866 HTTP/1.1" 200 21063 "-" "Mozilla/5.0 (compatible; SemrushBot/7~bl; +http://www.semrush.com/bot.html)"
40.77.167.46 - - [26/Dec/2024:09:40:16 -0500] "GET /hggfu/i2608552.html HTTP/1.1" 200 80090 "-" "Mozilla/5.0 AppleWebKit/537.36 (KHTML, like Gecko; compatible; bingbot/2.0; +http://www.bing.com/bingbot.htm) Chrome/116.0.1938.76 Safari/537.36"
85.208.96.210 - - [26/Dec/2024:09:40:20 -0500] "GET /?b=63408966 HTTP/1.1" 200 21070 "-" "Mozilla/5.0 (compatible; SemrushBot/7~bl; +http://www.semrush.com/bot.html)"
66.249.79.104 - - [26/Dec/2024:09:40:24 -0500] "GET /?b=277617166 HTTP/1.1" 200 80116 "-" "Mozilla/5.0 (Linux; Android 6.0.1; Nexus 5X Build/MMB29P) AppleWebKit/537.36 (KHTML, like Gecko) Chrome/131.0.6778.139 Mobile Safari/537.36 (compatible; GoogleOther)"
85.208.96.196 - - [26/Dec/2024:09:40:27 -0500] "GET /?b=54922266 HTTP/1.1" 200 21089 "-" "Mozilla/5.0 (compatible; SemrushBot/7~bl; +http://www.semrush.com/bot.html)"
66.29.132.124 - - [26/Dec/2024:09:40:29 -0500] "POST /wp-cron.php?doing_wp_cron=1735224027.8517301082611083984375 HTTP/1.1" 200 0 "-" "WordPress/6.7.1; https://blog.diixadigital.com"
85.208.96.198 - - [26/Dec/2024:09:40:34 -0500] "GET /?b=59826366 HTTP/1.1" 200 21085 "-" "Mozilla/5.0 (compatible; SemrushBot/7~bl; +http://www.semrush.com/bot.html)"
66.249.68.5 - - [26/Dec/2024:09:40:39 -0500] "GET /?b=111328966 HTTP/1.1" 200 79949 "-" "Mozilla/5.0 (Linux; Android 6.0.1; Nexus 5X Build/MMB29P) AppleWebKit/537.36 (KHTML, like Gecko) Chrome/131.0.6778.139 Mobile Safari/537.36 (compatible; GoogleOther)"
85.208.96.200 - - [26/Dec/2024:09:40:40 -0500] "GET /?b=102969566 HTTP/1.1" 200 21070 "-" "Mozilla/5.0 (compatible; SemrushBot/7~bl; +http://www.semrush.com/bot.html)"
66.249.68.68 - - [26/Dec/2024:09:40:49 -0500] "GET /?b=102386166 HTTP/1.1" 200 80628 "-" "Mozilla/5.0 (Linux; Android 6.0.1; Nexus 5X Build/MMB29P) AppleWebKit/537.36 (KHTML, like Gecko) Chrome/131.0.6778.139 Mobile Safari/537.36 (compatible; GoogleOther)"
66.249.79.35 - - [26/Dec/2024:09:40:54 -0500] "GET /?b=88672166 HTTP/1.1" 200 79798 "-" "Mozilla/5.0 (Linux; Android 6.0.1; Nexus 5X Build/MMB29P) AppleWebKit/537.36 (KHTML, like Gecko) Chrome/131.0.6778.139 Mobile Safari/537.36 (compatible; GoogleOther)"
85.208.96.198 - - [26/Dec/2024:09:41:06 -0500] "GET /?b=274433066 HTTP/1.1" 200 21063 "-" "Mozilla/5.0 (compatible; SemrushBot/7~bl; +http://www.semrush.com/bot.html)"
66.249.79.5 - - [26/Dec/2024:09:41:09 -0500] "GET /?b=157047366 HTTP/1.1" 200 79932 "-" "Mozilla/5.0 (Linux; Android 6.0.1; Nexus 5X Build/MMB29P) AppleWebKit/537.36 (KHTML, like Gecko) Chrome/131.0.6778.139 Mobile Safari/537.36 (compatible; GoogleOther)"
40.77.167.18 - - [26/Dec/2024:09:41:10 -0500] "GET /gfgee/t751539.html HTTP/1.1" 200 80529 "-" "Mozilla/5.0 AppleWebKit/537.36 (KHTML, like Gecko; compatible; bingbot/2.0; +http://www.bing.com/bingbot.htm) Chrome/116.0.1938.76 Safari/537.36"
85.208.96.212 - - [26/Dec/2024:09:41:14 -0500] "GET /?b=141521366 HTTP/1.1" 200 21079 "-" "Mozilla/5.0 (compatible; SemrushBot/7~bl; +http://www.semrush.com/bot.html)"
85.208.96.195 - - [26/Dec/2024:09:41:18 -0500] "GET /?b=191012866 HTTP/1.1" 200 21069 "-" "Mozilla/5.0 (compatible; SemrushBot/7~bl; +http://www.semrush.com/bot.html)"
66.249.68.5 - - [26/Dec/2024:09:41:35 -0500] "GET /?b=242612766 HTTP/1.1" 200 79986 "-" "Mozilla/5.0 (Linux; Android 6.0.1; Nexus 5X Build/MMB29P) AppleWebKit/537.36 (KHTML, like Gecko) Chrome/131.0.6778.139 Mobile Safari/537.36 (compatible; GoogleOther)"
66.29.132.124 - - [26/Dec/2024:09:41:41 -0500] "POST /wp-cron.php?doing_wp_cron=1735224101.3603169918060302734375 HTTP/1.1" 200 0 "-" "WordPress/6.7.1; https://blog.diixadigital.com"
85.208.96.204 - - [26/Dec/2024:09:41:40 -0500] "GET /?b=236153566 HTTP/1.1" 200 21075 "-" "Mozilla/5.0 (compatible; SemrushBot/7~bl; +http://www.semrush.com/bot.html)"
66.29.132.124 - - [26/Dec/2024:09:41:43 -0500] "POST /wp-admin/admin-ajax.php?action=async_litespeed&nonce=d66cc8cbfc&litespeed_type=imgoptm HTTP/1.1" 200 0 "-" "WordPress/6.7.1; https://blog.diixadigital.com"
85.208.96.198 - - [26/Dec/2024:09:41:46 -0500] "GET /?b=151326666 HTTP/1.1" 200 21060 "-" "Mozilla/5.0 (compatible; SemrushBot/7~bl; +http://www.semrush.com/bot.html)"
66.29.132.124 - - [26/Dec/2024:09:41:52 -0500] "POST /wp-cron.php?doing_wp_cron=1735224111.1097369194030761718750 HTTP/1.1" 200 0 "-" "WordPress/6.7.1; https://blog.diixadigital.com"
185.191.171.16 - - [26/Dec/2024:09:41:50 -0500] "GET /?b=65774166 HTTP/1.1" 200 21069 "-" "Mozilla/5.0 (compatible; SemrushBot/7~bl; +http://www.semrush.com/bot.html)"
66.249.79.104 - - [26/Dec/2024:09:42:00 -0500] "GET /?b=262573566 HTTP/1.1" 200 81035 "-" "Mozilla/5.0 (Linux; Android 6.0.1; Nexus 5X Build/MMB29P) AppleWebKit/537.36 (KHTML, like Gecko) Chrome/131.0.6778.139 Mobile Safari/537.36 (compatible; GoogleOther)"
52.167.144.181 - - [26/Dec/2024:09:42:04 -0500] "GET /pddmy/q1512946.html HTTP/1.1" 200 81368 "-" "Mozilla/5.0 AppleWebKit/537.36 (KHTML, like Gecko; compatible; bingbot/2.0; +http://www.bing.com/bingbot.htm) Chrome/116.0.1938.76 Safari/537.36"
85.208.96.198 - - [26/Dec/2024:09:42:16 -0500] "GET /?b=34347766 HTTP/1.1" 200 21069 "-" "Mozilla/5.0 (compatible; SemrushBot/7~bl; +http://www.semrush.com/bot.html)"
66.249.68.36 - - [26/Dec/2024:09:42:25 -0500] "GET /?b=157812166 HTTP/1.1" 200 80048 "-" "Mozilla/5.0 (Linux; Android 6.0.1; Nexus 5X Build/MMB29P) AppleWebKit/537.36 (KHTML, like Gecko) Chrome/131.0.6778.139 Mobile Safari/537.36 (compatible; GoogleOther)"
52.167.144.239 - - [26/Dec/2024:09:42:50 -0500] "GET /nfmlc/k1956162.html HTTP/1.1" 200 79674 "-" "Mozilla/5.0 AppleWebKit/537.36 (KHTML, like Gecko; compatible; bingbot/2.0; +http://www.bing.com/bingbot.htm) Chrome/116.0.1938.76 Safari/537.36"
66.249.79.34 - - [26/Dec/2024:09:42:51 -0500] "GET /?b=137700766 HTTP/1.1" 200 79951 "-" "Mozilla/5.0 (Linux; Android 6.0.1; Nexus 5X Build/MMB29P) AppleWebKit/537.36 (KHTML, like Gecko) Chrome/131.0.6778.139 Mobile Safari/537.36 (compatible; GoogleOther)"
66.29.132.124 - - [26/Dec/2024:09:42:55 -0500] "POST /wp-cron.php?doing_wp_cron=1735224173.7682969570159912109375 HTTP/1.1" 200 0 "-" "WordPress/6.7.1; https://blog.diixadigital.com"
52.167.144.239 - - [26/Dec/2024:09:42:52 -0500] "GET /meair/f1673069.html HTTP/1.1" 200 80154 "-" "Mozilla/5.0 AppleWebKit/537.36 (KHTML, like Gecko; compatible; bingbot/2.0; +http://www.bing.com/bingbot.htm) Chrome/116.0.1938.76 Safari/537.36"
85.208.96.193 - - [26/Dec/2024:09:42:52 -0500] "GET /?b=304853466 HTTP/1.1" 200 21064 "-" "Mozilla/5.0 (compatible; SemrushBot/7~bl; +http://www.semrush.com/bot.html)"
185.191.171.4 - - [26/Dec/2024:09:42:58 -0500] "GET /?b=299297566 HTTP/1.1" 200 21074 "-" "Mozilla/5.0 (compatible; SemrushBot/7~bl; +http://www.semrush.com/bot.html)"
66.249.68.36 - - [26/Dec/2024:09:43:17 -0500] "GET /?b=159712466 HTTP/1.1" 200 84270 "-" "Mozilla/5.0 (Linux; Android 6.0.1; Nexus 5X Build/MMB29P) AppleWebKit/537.36 (KHTML, like Gecko) Chrome/131.0.6778.139 Mobile Safari/537.36 (compatible; GoogleOther)"
40.77.167.25 - - [26/Dec/2024:09:43:17 -0500] "GET /grfwl/s2560644.html HTTP/1.1" 200 80993 "-" "Mozilla/5.0 AppleWebKit/537.36 (KHTML, like Gecko; compatible; bingbot/2.0; +http://www.bing.com/bingbot.htm) Chrome/116.0.1938.76 Safari/537.36"
185.191.171.15 - - [26/Dec/2024:09:43:28 -0500] "GET /?b=156844866 HTTP/1.1" 200 21065 "-" "Mozilla/5.0 (compatible; SemrushBot/7~bl; +http://www.semrush.com/bot.html)"
85.208.96.207 - - [26/Dec/2024:09:43:39 -0500] "GET /?b=165278766 HTTP/1.1" 200 21066 "-" "Mozilla/5.0 (compatible; SemrushBot/7~bl; +http://www.semrush.com/bot.html)"
85.208.96.205 - - [26/Dec/2024:09:43:43 -0500] "GET /?b=172318766 HTTP/1.1" 200 21057 "-" "Mozilla/5.0 (compatible; SemrushBot/7~bl; +http://www.semrush.com/bot.html)"
66.249.79.164 - - [26/Dec/2024:09:43:42 -0500] "GET /?b=221089266 HTTP/1.1" 200 79653 "-" "Mozilla/5.0 (Linux; Android 6.0.1; Nexus 5X Build/MMB29P) AppleWebKit/537.36 (KHTML, like Gecko) Chrome/131.0.6778.139 Mobile Safari/537.36 (compatible; GoogleOther)"
85.208.96.200 - - [26/Dec/2024:09:43:46 -0500] "GET /?b=12353966 HTTP/1.1" 200 21071 "-" "Mozilla/5.0 (compatible; SemrushBot/7~bl; +http://www.semrush.com/bot.html)"
66.29.132.124 - - [26/Dec/2024:09:44:01 -0500] "POST /wp-cron.php?doing_wp_cron=1735224241.1272139549255371093750 HTTP/1.1" 200 0 "-" "WordPress/6.7.1; https://blog.diixadigital.com"
185.191.171.15 - - [26/Dec/2024:09:44:00 -0500] "GET /?b=51378766 HTTP/1.1" 200 21076 "-" "Mozilla/5.0 (compatible; SemrushBot/7~bl; +http://www.semrush.com/bot.html)"
66.29.132.124 - - [26/Dec/2024:09:44:01 -0500] "POST /wp-admin/admin-ajax.php?action=async_litespeed&nonce=d66cc8cbfc&litespeed_type=imgoptm HTTP/1.1" 200 21 "-" "WordPress/6.7.1; https://blog.diixadigital.com"
185.191.171.12 - - [26/Dec/2024:09:44:04 -0500] "GET /?b=243516566 HTTP/1.1" 200 21069 "-" "Mozilla/5.0 (compatible; SemrushBot/7~bl; +http://www.semrush.com/bot.html)"
85.208.96.204 - - [26/Dec/2024:09:44:07 -0500] "GET /?b=138684966 HTTP/1.1" 200 21071 "-" "Mozilla/5.0 (compatible; SemrushBot/7~bl; +http://www.semrush.com/bot.html)"
66.249.68.36 - - [26/Dec/2024:09:44:07 -0500] "GET /?b=145801566 HTTP/1.1" 200 81055 "-" "Mozilla/5.0 (Linux; Android 6.0.1; Nexus 5X Build/MMB29P) AppleWebKit/537.36 (KHTML, like Gecko) Chrome/131.0.6778.139 Mobile Safari/537.36 (compatible; GoogleOther)"
185.191.171.14 - - [26/Dec/2024:09:44:11 -0500] "GET /?b=139646966 HTTP/1.1" 200 21078 "-" "Mozilla/5.0 (compatible; SemrushBot/7~bl; +http://www.semrush.com/bot.html)"
40.77.167.25 - - [26/Dec/2024:09:44:15 -0500] "GET /lolaj/y1430274.html HTTP/1.1" 200 82266 "-" "Mozilla/5.0 AppleWebKit/537.36 (KHTML, like Gecko; compatible; bingbot/2.0; +http://www.bing.com/bingbot.htm) Chrome/116.0.1938.76 Safari/537.36"
66.29.132.124 - - [26/Dec/2024:09:44:22 -0500] "POST /wp-cron.php?doing_wp_cron=1735224262.4870429039001464843750 HTTP/1.1" 200 0 "-" "WordPress/6.7.1; https://blog.diixadigital.com"
185.191.171.4 - - [26/Dec/2024:09:44:21 -0500] "GET /?b=3280466 HTTP/1.1" 200 21058 "-" "Mozilla/5.0 (compatible; SemrushBot/7~bl; +http://www.semrush.com/bot.html)"
85.208.96.206 - - [26/Dec/2024:09:44:26 -0500] "GET /?b=231396466 HTTP/1.1" 200 21074 "-" "Mozilla/5.0 (compatible; SemrushBot/7~bl; +http://www.semrush.com/bot.html)"
66.249.79.5 - - [26/Dec/2024:09:44:34 -0500] "GET /?b=956966 HTTP/1.1" 200 80228 "-" "Mozilla/5.0 (Linux; Android 6.0.1; Nexus 5X Build/MMB29P) AppleWebKit/537.36 (KHTML, like Gecko) Chrome/131.0.6778.139 Mobile Safari/537.36 (compatible; GoogleOther)"
85.208.96.199 - - [26/Dec/2024:09:44:45 -0500] "GET /?b=223352166 HTTP/1.1" 200 21063 "-" "Mozilla/5.0 (compatible; SemrushBot/7~bl; +http://www.semrush.com/bot.html)"
66.249.79.5 - - [26/Dec/2024:09:44:59 -0500] "GET /?b=261385366 HTTP/1.1" 200 79475 "-" "Mozilla/5.0 (Linux; Android 6.0.1; Nexus 5X Build/MMB29P) AppleWebKit/537.36 (KHTML, like Gecko) Chrome/131.0.6778.139 Mobile Safari/537.36 (compatible; GoogleOther)"
185.191.171.11 - - [26/Dec/2024:09:45:14 -0500] "GET /?b=189930466 HTTP/1.1" 200 21068 "-" "Mozilla/5.0 (compatible; SemrushBot/7~bl; +http://www.semrush.com/bot.html)"
66.29.132.124 - - [26/Dec/2024:09:45:18 -0500] "POST /wp-cron.php?doing_wp_cron=1735224315.6152999401092529296875 HTTP/1.1" 200 0 "-" "WordPress/6.7.1; https://blog.diixadigital.com"
185.191.171.3 - - [26/Dec/2024:09:45:21 -0500] "GET /?b=91545066 HTTP/1.1" 200 21070 "-" "Mozilla/5.0 (compatible; SemrushBot/7~bl; +http://www.semrush.com/bot.html)"
52.167.144.203 - - [26/Dec/2024:09:45:24 -0500] "GET /kqhqe/u598244.html HTTP/1.1" 200 81068 "-" "Mozilla/5.0 AppleWebKit/537.36 (KHTML, like Gecko; compatible; bingbot/2.0; +http://www.bing.com/bingbot.htm) Chrome/116.0.1938.76 Safari/537.36"
66.249.79.104 - - [26/Dec/2024:09:45:25 -0500] "GET /?b=285386066 HTTP/1.1" 200 79395 "-" "Mozilla/5.0 (Linux; Android 6.0.1; Nexus 5X Build/MMB29P) AppleWebKit/537.36 (KHTML, like Gecko) Chrome/131.0.6778.139 Mobile Safari/537.36 (compatible; GoogleOther)"
185.191.171.18 - - [26/Dec/2024:09:45:26 -0500] "GET /?b=138433466 HTTP/1.1" 200 21066 "-" "Mozilla/5.0 (compatible; SemrushBot/7~bl; +http://www.semrush.com/bot.html)"
85.208.96.201 - - [26/Dec/2024:09:45:43 -0500] "GET /?b=210877666 HTTP/1.1" 200 21080 "-" "Mozilla/5.0 (compatible; SemrushBot/7~bl; +http://www.semrush.com/bot.html)"
85.208.96.212 - - [26/Dec/2024:09:45:50 -0500] "GET /?b=160941166 HTTP/1.1" 200 21084 "-" "Mozilla/5.0 (compatible; SemrushBot/7~bl; +http://www.semrush.com/bot.html)"
66.249.68.68 - - [26/Dec/2024:09:45:50 -0500] "GET /?b=149169566 HTTP/1.1" 200 79718 "-" "Mozilla/5.0 (Linux; Android 6.0.1; Nexus 5X Build/MMB29P) AppleWebKit/537.36 (KHTML, like Gecko) Chrome/131.0.6778.139 Mobile Safari/537.36 (compatible; GoogleOther)"
185.191.171.4 - - [26/Dec/2024:09:45:54 -0500] "GET /?b=90881266 HTTP/1.1" 200 21075 "-" "Mozilla/5.0 (compatible; SemrushBot/7~bl; +http://www.semrush.com/bot.html)"
66.249.79.165 - - [26/Dec/2024:09:46:16 -0500] "GET /?b=173198666 HTTP/1.1" 200 79719 "-" "Mozilla/5.0 (Linux; Android 6.0.1; Nexus 5X Build/MMB29P) AppleWebKit/537.36 (KHTML, like Gecko) Chrome/131.0.6778.139 Mobile Safari/537.36 (compatible; GoogleOther)"
66.29.132.124 - - [26/Dec/2024:09:46:34 -0500] "POST /wp-cron.php?doing_wp_cron=1735224394.4977018833160400390625 HTTP/1.1" 200 0 "-" "WordPress/6.7.1; https://blog.diixadigital.com"
85.208.96.196 - - [26/Dec/2024:09:46:33 -0500] "GET /?b=294471866 HTTP/1.1" 200 21073 "-" "Mozilla/5.0 (compatible; SemrushBot/7~bl; +http://www.semrush.com/bot.html)"
66.29.132.124 - - [26/Dec/2024:09:46:35 -0500] "POST /wp-admin/admin-ajax.php?action=async_litespeed&nonce=d66cc8cbfc&litespeed_type=imgoptm HTTP/1.1" 200 0 "-" "WordPress/6.7.1; https://blog.diixadigital.com"
185.191.171.4 - - [26/Dec/2024:09:46:38 -0500] "GET /?b=191576766 HTTP/1.1" 200 21077 "-" "Mozilla/5.0 (compatible; SemrushBot/7~bl; +http://www.semrush.com/bot.html)"
66.249.79.105 - - [26/Dec/2024:09:46:42 -0500] "GET /?b=10819866 HTTP/1.1" 200 79977 "-" "Mozilla/5.0 (Linux; Android 6.0.1; Nexus 5X Build/MMB29P) AppleWebKit/537.36 (KHTML, like Gecko) Chrome/131.0.6778.139 Mobile Safari/537.36 (compatible; GoogleOther)"
66.249.79.7 - - [26/Dec/2024:09:47:07 -0500] "GET /?b=137268466 HTTP/1.1" 200 79439 "-" "Mozilla/5.0 (Linux; Android 6.0.1; Nexus 5X Build/MMB29P) AppleWebKit/537.36 (KHTML, like Gecko) Chrome/131.0.6778.139 Mobile Safari/537.36 (compatible; GoogleOther)"
66.29.132.124 - - [26/Dec/2024:09:47:10 -0500] "POST /wp-cron.php?doing_wp_cron=1735224429.6728379726409912109375 HTTP/1.1" 200 0 "-" "WordPress/6.7.1; https://blog.diixadigital.com"
185.191.171.19 - - [26/Dec/2024:09:47:09 -0500] "GET /?b=356615866 HTTP/1.1" 200 21072 "-" "Mozilla/5.0 (compatible; SemrushBot/7~bl; +http://www.semrush.com/bot.html)"
66.29.132.124 - - [26/Dec/2024:09:47:11 -0500] "POST /wp-admin/admin-ajax.php?action=async_litespeed&nonce=d66cc8cbfc&litespeed_type=imgoptm HTTP/1.1" 200 0 "-" "WordPress/6.7.1; https://blog.diixadigital.com"
66.29.132.124 - - [26/Dec/2024:09:47:23 -0500] "POST /wp-cron.php?doing_wp_cron=1735224443.7192399501800537109375 HTTP/1.1" 200 0 "-" "WordPress/6.7.1; https://blog.diixadigital.com"
85.208.96.195 - - [26/Dec/2024:09:47:23 -0500] "GET /?b=328178366 HTTP/1.1" 200 21067 "-" "Mozilla/5.0 (compatible; SemrushBot/7~bl; +http://www.semrush.com/bot.html)"
66.249.68.5 - - [26/Dec/2024:09:47:33 -0500] "GET /?b=209155166 HTTP/1.1" 200 81604 "-" "Mozilla/5.0 (Linux; Android 6.0.1; Nexus 5X Build/MMB29P) AppleWebKit/537.36 (KHTML, like Gecko) Chrome/131.0.6778.139 Mobile Safari/537.36 (compatible; GoogleOther)"
85.208.96.212 - - [26/Dec/2024:09:47:43 -0500] "GET /?b=169377366 HTTP/1.1" 200 21079 "-" "Mozilla/5.0 (compatible; SemrushBot/7~bl; +http://www.semrush.com/bot.html)"
185.191.171.4 - - [26/Dec/2024:09:47:46 -0500] "GET /?b=136968566 HTTP/1.1" 200 21073 "-" "Mozilla/5.0 (compatible; SemrushBot/7~bl; +http://www.semrush.com/bot.html)"
66.29.132.124 - - [26/Dec/2024:09:47:58 -0500] "POST /wp-cron.php?doing_wp_cron=1735224478.2134339809417724609375 HTTP/1.1" 200 0 "-" "WordPress/6.7.1; https://blog.diixadigital.com"
185.191.171.19 - - [26/Dec/2024:09:47:57 -0500] "GET /?b=148862966 HTTP/1.1" 200 21073 "-" "Mozilla/5.0 (compatible; SemrushBot/7~bl; +http://www.semrush.com/bot.html)"
66.29.132.124 - - [26/Dec/2024:09:47:58 -0500] "POST /wp-admin/admin-ajax.php?action=async_litespeed&nonce=d66cc8cbfc&litespeed_type=imgoptm HTTP/1.1" 200 21 "-" "WordPress/6.7.1; https://blog.diixadigital.com"
66.249.79.104 - - [26/Dec/2024:09:47:58 -0500] "GET /?b=321182166 HTTP/1.1" 200 79469 "-" "Mozilla/5.0 (Linux; Android 6.0.1; Nexus 5X Build/MMB29P) AppleWebKit/537.36 (KHTML, like Gecko) Chrome/131.0.6778.139 Mobile Safari/537.36 (compatible; GoogleOther)"
40.77.167.25 - - [26/Dec/2024:09:48:06 -0500] "GET /hjdwh/j1018731.html HTTP/1.1" 200 80723 "-" "Mozilla/5.0 AppleWebKit/537.36 (KHTML, like Gecko; compatible; bingbot/2.0; +http://www.bing.com/bingbot.htm) Chrome/116.0.1938.76 Safari/537.36"
85.208.96.195 - - [26/Dec/2024:09:48:07 -0500] "GET /?b=233635666 HTTP/1.1" 200 21076 "-" "Mozilla/5.0 (compatible; SemrushBot/7~bl; +http://www.semrush.com/bot.html)"
185.191.171.9 - - [26/Dec/2024:09:48:11 -0500] "GET /?b=57240466 HTTP/1.1" 200 21071 "-" "Mozilla/5.0 (compatible; SemrushBot/7~bl; +http://www.semrush.com/bot.html)"
185.191.171.9 - - [26/Dec/2024:09:48:14 -0500] "GET /?b=208409066 HTTP/1.1" 200 21065 "-" "Mozilla/5.0 (compatible; SemrushBot/7~bl; +http://www.semrush.com/bot.html)"
66.29.132.124 - - [26/Dec/2024:09:48:22 -0500] "POST /wp-cron.php?doing_wp_cron=1735224502.1711881160736083984375 HTTP/1.1" 200 0 "-" "WordPress/6.7.1; https://blog.diixadigital.com"
185.191.171.16 - - [26/Dec/2024:09:48:21 -0500] "GET /?b=223637866 HTTP/1.1" 200 21073 "-" "Mozilla/5.0 (compatible; SemrushBot/7~bl; +http://www.semrush.com/bot.html)"
66.249.68.68 - - [26/Dec/2024:09:48:24 -0500] "GET /?b=226389566 HTTP/1.1" 200 80051 "-" "Mozilla/5.0 (Linux; Android 6.0.1; Nexus 5X Build/MMB29P) AppleWebKit/537.36 (KHTML, like Gecko) Chrome/131.0.6778.139 Mobile Safari/537.36 (compatible; GoogleOther)"
185.191.171.11 - - [26/Dec/2024:09:48:27 -0500] "GET /?b=95850766 HTTP/1.1" 200 21080 "-" "Mozilla/5.0 (compatible; SemrushBot/7~bl; +http://www.semrush.com/bot.html)"
185.191.171.16 - - [26/Dec/2024:09:48:33 -0500] "GET /?b=301386366 HTTP/1.1" 200 21073 "-" "Mozilla/5.0 (compatible; SemrushBot/7~bl; +http://www.semrush.com/bot.html)"
66.249.68.36 - - [26/Dec/2024:09:48:49 -0500] "GET /?b=53250866 HTTP/1.1" 200 81305 "-" "Mozilla/5.0 (Linux; Android 6.0.1; Nexus 5X Build/MMB29P) AppleWebKit/537.36 (KHTML, like Gecko) Chrome/131.0.6778.139 Mobile Safari/537.36 (compatible; GoogleOther)"
66.29.132.124 - - [26/Dec/2024:09:48:56 -0500] "POST /wp-cron.php?doing_wp_cron=1735224536.3459579944610595703125 HTTP/1.1" 200 0 "-" "WordPress/6.7.1; https://blog.diixadigital.com"
85.208.96.204 - - [26/Dec/2024:09:48:55 -0500] "GET /?b=306607966 HTTP/1.1" 200 21071 "-" "Mozilla/5.0 (compatible; SemrushBot/7~bl; +http://www.semrush.com/bot.html)"
66.29.132.124 - - [26/Dec/2024:09:48:58 -0500] "POST /wp-admin/admin-ajax.php?action=async_litespeed&nonce=d66cc8cbfc&litespeed_type=imgoptm HTTP/1.1" 200 0 "-" "WordPress/6.7.1; https://blog.diixadigital.com"
40.77.167.25 - - [26/Dec/2024:09:49:06 -0500] "GET /wpspm/a1497252.html HTTP/1.1" 200 79764 "-" "Mozilla/5.0 AppleWebKit/537.36 (KHTML, like Gecko; compatible; bingbot/2.0; +http://www.bing.com/bingbot.htm) Chrome/116.0.1938.76 Safari/537.36"
66.249.79.34 - - [26/Dec/2024:09:49:15 -0500] "GET /?b=264109566 HTTP/1.1" 200 80056 "-" "Mozilla/5.0 (Linux; Android 6.0.1; Nexus 5X Build/MMB29P) AppleWebKit/537.36 (KHTML, like Gecko) Chrome/131.0.6778.139 Mobile Safari/537.36 (compatible; GoogleOther)"
85.208.96.203 - - [26/Dec/2024:09:49:13 -0500] "GET /?b=210424566 HTTP/1.1" 200 21075 "-" "Mozilla/5.0 (compatible; SemrushBot/7~bl; +http://www.semrush.com/bot.html)"
66.29.132.124 - - [26/Dec/2024:09:49:26 -0500] "POST /wp-cron.php?doing_wp_cron=1735224566.7489500045776367187500 HTTP/1.1" 200 0 "-" "WordPress/6.7.1; https://blog.diixadigital.com"
185.191.171.16 - - [26/Dec/2024:09:49:24 -0500] "GET /?b=177835866 HTTP/1.1" 200 21082 "-" "Mozilla/5.0 (compatible; SemrushBot/7~bl; +http://www.semrush.com/bot.html)"
85.208.96.201 - - [26/Dec/2024:09:49:32 -0500] "GET /robots.txt HTTP/1.1" 200 139 "-" "Mozilla/5.0 (compatible; SemrushBot/7~bl; +http://www.semrush.com/bot.html)"
185.191.171.16 - - [26/Dec/2024:09:49:33 -0500] "GET /?b=237010666 HTTP/1.1" 200 21074 "-" "Mozilla/5.0 (compatible; SemrushBot/7~bl; +http://www.semrush.com/bot.html)"
66.249.68.5 - - [26/Dec/2024:09:49:41 -0500] "GET /?b=172429566 HTTP/1.1" 200 79739 "-" "Mozilla/5.0 (Linux; Android 6.0.1; Nexus 5X Build/MMB29P) AppleWebKit/537.36 (KHTML, like Gecko) Chrome/131.0.6778.139 Mobile Safari/537.36 (compatible; GoogleOther)"
66.29.132.124 - - [26/Dec/2024:09:49:51 -0500] "POST /wp-cron.php?doing_wp_cron=1735224591.2363688945770263671875 HTTP/1.1" 200 0 "-" "WordPress/6.7.1; https://blog.diixadigital.com"
52.167.144.203 - - [26/Dec/2024:09:49:53 -0500] "GET /ueimd/y1231322.html HTTP/1.1" 200 81491 "-" "Mozilla/5.0 AppleWebKit/537.36 (KHTML, like Gecko; compatible; bingbot/2.0; +http://www.bing.com/bingbot.htm) Chrome/116.0.1938.76 Safari/537.36"
66.29.132.124 - - [26/Dec/2024:09:49:57 -0500] "POST /wp-admin/admin-ajax.php?action=async_litespeed&nonce=d66cc8cbfc&litespeed_type=imgoptm HTTP/1.1" 200 0 "-" "WordPress/6.7.1; https://blog.diixadigital.com"
85.208.96.203 - - [26/Dec/2024:09:49:42 -0500] "GET /?b=240271066 HTTP/1.1" 200 21076 "-" "Mozilla/5.0 (compatible; SemrushBot/7~bl; +http://www.semrush.com/bot.html)"
52.167.144.203 - - [26/Dec/2024:09:50:04 -0500] "GET /byudm/e2553480.html HTTP/1.1" 200 79761 "-" "Mozilla/5.0 AppleWebKit/537.36 (KHTML, like Gecko; compatible; bingbot/2.0; +http://www.bing.com/bingbot.htm) Chrome/116.0.1938.76 Safari/537.36"
66.249.79.105 - - [26/Dec/2024:09:50:07 -0500] "GET /?b=186838866 HTTP/1.1" 200 79589 "-" "Mozilla/5.0 (Linux; Android 6.0.1; Nexus 5X Build/MMB29P) AppleWebKit/537.36 (KHTML, like Gecko) Chrome/131.0.6778.139 Mobile Safari/537.36 (compatible; GoogleOther)"
185.191.171.5 - - [26/Dec/2024:09:50:01 -0500] "GET /?b=148741466 HTTP/1.1" 200 21077 "-" "Mozilla/5.0 (compatible; SemrushBot/7~bl; +http://www.semrush.com/bot.html)"
52.167.144.239 - - [26/Dec/2024:09:50:18 -0500] "GET /gazxv/t1314387.html HTTP/1.1" 200 79504 "-" "Mozilla/5.0 AppleWebKit/537.36 (KHTML, like Gecko; compatible; bingbot/2.0; +http://www.bing.com/bingbot.htm) Chrome/116.0.1938.76 Safari/537.36"
85.208.96.203 - - [26/Dec/2024:09:50:15 -0500] "GET /?b=143196566 HTTP/1.1" 200 21072 "-" "Mozilla/5.0 (compatible; SemrushBot/7~bl; +http://www.semrush.com/bot.html)"
52.167.144.203 - - [26/Dec/2024:09:50:23 -0500] "GET /noibm/n436465.html HTTP/1.1" 200 80601 "-" "Mozilla/5.0 AppleWebKit/537.36 (KHTML, like Gecko; compatible; bingbot/2.0; +http://www.bing.com/bingbot.htm) Chrome/116.0.1938.76 Safari/537.36"
66.249.79.164 - - [26/Dec/2024:09:50:32 -0500] "GET /?b=27451266 HTTP/1.1" 200 80579 "-" "Mozilla/5.0 (Linux; Android 6.0.1; Nexus 5X Build/MMB29P) AppleWebKit/537.36 (KHTML, like Gecko) Chrome/131.0.6778.139 Mobile Safari/537.36 (compatible; GoogleOther)"
66.29.132.124 - - [26/Dec/2024:09:50:41 -0500] "POST /wp-cron.php?doing_wp_cron=1735224641.3337490558624267578125 HTTP/1.1" 200 0 "-" "WordPress/6.7.1; https://blog.diixadigital.com"
185.191.171.13 - - [26/Dec/2024:09:50:35 -0500] "GET /?b=226637966 HTTP/1.1" 200 21065 "-" "Mozilla/5.0 (compatible; SemrushBot/7~bl; +http://www.semrush.com/bot.html)"
66.29.132.124 - - [26/Dec/2024:09:50:59 -0500] "POST /wp-cron.php?doing_wp_cron=1735224659.2338809967041015625000 HTTP/1.1" 200 0 "-" "WordPress/6.7.1; https://blog.diixadigital.com"
66.249.79.104 - - [26/Dec/2024:09:50:58 -0500] "GET /?b=100035966 HTTP/1.1" 200 81404 "-" "Mozilla/5.0 (Linux; Android 6.0.1; Nexus 5X Build/MMB29P) AppleWebKit/537.36 (KHTML, like Gecko) Chrome/131.0.6778.139 Mobile Safari/537.36 (compatible; GoogleOther)"
66.29.132.124 - - [26/Dec/2024:09:51:04 -0500] "POST /wp-admin/admin-ajax.php?action=async_litespeed&nonce=d66cc8cbfc&litespeed_type=imgoptm HTTP/1.1" 200 0 "-" "WordPress/6.7.1; https://blog.diixadigital.com"
185.191.171.12 - - [26/Dec/2024:09:50:54 -0500] "GET /?b=30211566 HTTP/1.1" 200 21087 "-" "Mozilla/5.0 (compatible; SemrushBot/7~bl; +http://www.semrush.com/bot.html)"
66.29.132.124 - - [26/Dec/2024:09:51:31 -0500] "POST /wp-cron.php?doing_wp_cron=1735224690.8364920616149902343750 HTTP/1.1" 200 0 "-" "WordPress/6.7.1; https://blog.diixadigital.com"
66.249.79.194 - - [26/Dec/2024:09:51:30 -0500] "GET /?b=343736666 HTTP/1.1" 200 79672 "-" "Mozilla/5.0 (Linux; Android 6.0.1; Nexus 5X Build/MMB29P) AppleWebKit/537.36 (KHTML, like Gecko) Chrome/131.0.6778.139 Mobile Safari/537.36 (compatible; GoogleOther)"
52.167.144.203 - - [26/Dec/2024:09:51:33 -0500] "GET /vsegq/t1293015.html HTTP/1.1" 200 80265 "-" "Mozilla/5.0 AppleWebKit/537.36 (KHTML, like Gecko; compatible; bingbot/2.0; +http://www.bing.com/bingbot.htm) Chrome/116.0.1938.76 Safari/537.36"
85.208.96.208 - - [26/Dec/2024:09:51:24 -0500] "GET /?b=123940366 HTTP/1.1" 200 21062 "-" "Mozilla/5.0 (compatible; SemrushBot/7~bl; +http://www.semrush.com/bot.html)"
85.208.96.208 - - [26/Dec/2024:09:51:39 -0500] "GET /?b=12314966 HTTP/1.1" 200 21088 "-" "Mozilla/5.0 (compatible; SemrushBot/7~bl; +http://www.semrush.com/bot.html)"
66.249.68.36 - - [26/Dec/2024:09:51:49 -0500] "GET /?b=290358866 HTTP/1.1" 200 79723 "-" "Mozilla/5.0 (Linux; Android 6.0.1; Nexus 5X Build/MMB29P) AppleWebKit/537.36 (KHTML, like Gecko) Chrome/131.0.6778.139 Mobile Safari/537.36 (compatible; GoogleOther)"
66.29.132.124 - - [26/Dec/2024:09:51:56 -0500] "POST /wp-cron.php?doing_wp_cron=1735224716.5363910198211669921875 HTTP/1.1" 200 0 "-" "WordPress/6.7.1; https://blog.diixadigital.com"
185.191.171.3 - - [26/Dec/2024:09:51:52 -0500] "GET /?b=346218266 HTTP/1.1" 200 21081 "-" "Mozilla/5.0 (compatible; SemrushBot/7~bl; +http://www.semrush.com/bot.html)"
66.29.132.124 - - [26/Dec/2024:09:52:01 -0500] "POST /wp-admin/admin-ajax.php?action=async_litespeed&nonce=d66cc8cbfc&litespeed_type=imgoptm HTTP/1.1" 200 0 "-" "WordPress/6.7.1; https://blog.diixadigital.com"
185.191.171.15 - - [26/Dec/2024:09:52:03 -0500] "GET /?b=110548766 HTTP/1.1" 200 21071 "-" "Mozilla/5.0 (compatible; SemrushBot/7~bl; +http://www.semrush.com/bot.html)"
66.249.79.166 - - [26/Dec/2024:09:52:15 -0500] "GET /?b=194319666 HTTP/1.1" 200 79748 "-" "Mozilla/5.0 (Linux; Android 6.0.1; Nexus 5X Build/MMB29P) AppleWebKit/537.36 (KHTML, like Gecko) Chrome/131.0.6778.139 Mobile Safari/537.36 (compatible; GoogleOther)"
66.29.132.124 - - [26/Dec/2024:09:52:23 -0500] "POST /wp-cron.php?doing_wp_cron=1735224743.2447340488433837890625 HTTP/1.1" 200 0 "-" "WordPress/6.7.1; https://blog.diixadigital.com"
185.191.171.10 - - [26/Dec/2024:09:52:16 -0500] "GET /?b=163680166 HTTP/1.1" 200 21071 "-" "Mozilla/5.0 (compatible; SemrushBot/7~bl; +http://www.semrush.com/bot.html)"
85.208.96.203 - - [26/Dec/2024:09:52:31 -0500] "GET /?b=110784066 HTTP/1.1" 200 21070 "-" "Mozilla/5.0 (compatible; SemrushBot/7~bl; +http://www.semrush.com/bot.html)"
66.249.79.194 - - [26/Dec/2024:09:52:40 -0500] "GET /?b=124496866 HTTP/1.1" 200 82030 "-" "Mozilla/5.0 (Linux; Android 6.0.1; Nexus 5X Build/MMB29P) AppleWebKit/537.36 (KHTML, like Gecko) Chrome/131.0.6778.139 Mobile Safari/537.36 (compatible; GoogleOther)"
66.29.132.124 - - [26/Dec/2024:09:52:52 -0500] "POST /wp-cron.php?doing_wp_cron=1735224772.5350439548492431640625 HTTP/1.1" 200 0 "-" "WordPress/6.7.1; https://blog.diixadigital.com"
66.29.132.124 - - [26/Dec/2024:09:52:58 -0500] "POST /wp-admin/admin-ajax.php?action=async_litespeed&nonce=d66cc8cbfc&litespeed_type=imgoptm HTTP/1.1" 200 0 "-" "WordPress/6.7.1; https://blog.diixadigital.com"
185.191.171.18 - - [26/Dec/2024:09:52:45 -0500] "GET /?b=243671066 HTTP/1.1" 200 21076 "-" "Mozilla/5.0 (compatible; SemrushBot/7~bl; +http://www.semrush.com/bot.html)"
66.249.79.196 - - [26/Dec/2024:09:53:06 -0500] "GET /?b=313008666 HTTP/1.1" 200 79717 "-" "Mozilla/5.0 (Linux; Android 6.0.1; Nexus 5X Build/MMB29P) AppleWebKit/537.36 (KHTML, like Gecko) Chrome/131.0.6778.139 Mobile Safari/537.36 (compatible; GoogleOther)"
85.208.96.210 - - [26/Dec/2024:09:53:05 -0500] "GET /?b=25786166 HTTP/1.1" 200 21079 "-" "Mozilla/5.0 (compatible; SemrushBot/7~bl; +http://www.semrush.com/bot.html)"
66.249.68.68 - - [26/Dec/2024:09:53:32 -0500] "GET /?b=238016666 HTTP/1.1" 200 79925 "-" "Mozilla/5.0 (Linux; Android 6.0.1; Nexus 5X Build/MMB29P) AppleWebKit/537.36 (KHTML, like Gecko) Chrome/131.0.6778.139 Mobile Safari/537.36 (compatible; GoogleOther)"
66.29.132.124 - - [26/Dec/2024:09:53:34 -0500] "POST /wp-cron.php?doing_wp_cron=1735224814.0390059947967529296875 HTTP/1.1" 200 0 "-" "WordPress/6.7.1; https://blog.diixadigital.com"
85.208.96.193 - - [26/Dec/2024:09:53:25 -0500] "GET /?b=193871366 HTTP/1.1" 200 21089 "-" "Mozilla/5.0 (compatible; SemrushBot/7~bl; +http://www.semrush.com/bot.html)"
66.29.132.124 - - [26/Dec/2024:09:53:49 -0500] "POST /wp-cron.php?doing_wp_cron=1735224829.5369219779968261718750 HTTP/1.1" 200 0 "-" "WordPress/6.7.1; https://blog.diixadigital.com"
66.29.132.124 - - [26/Dec/2024:09:53:54 -0500] "POST /wp-admin/admin-ajax.php?action=async_litespeed&nonce=d66cc8cbfc&litespeed_type=imgoptm HTTP/1.1" 200 0 "-" "WordPress/6.7.1; https://blog.diixadigital.com"
185.191.171.10 - - [26/Dec/2024:09:53:44 -0500] "GET /?b=109941766 HTTP/1.1" 200 21082 "-" "Mozilla/5.0 (compatible; SemrushBot/7~bl; +http://www.semrush.com/bot.html)"
66.249.79.34 - - [26/Dec/2024:09:53:57 -0500] "GET /?b=355436266 HTTP/1.1" 200 80991 "-" "Mozilla/5.0 (Linux; Android 6.0.1; Nexus 5X Build/MMB29P) AppleWebKit/537.36 (KHTML, like Gecko) Chrome/131.0.6778.139 Mobile Safari/537.36 (compatible; GoogleOther)"
40.77.167.22 - - [26/Dec/2024:09:54:03 -0500] "GET /siuwm/r2062171.html HTTP/1.1" 200 82937 "-" "Mozilla/5.0 AppleWebKit/537.36 (KHTML, like Gecko; compatible; bingbot/2.0; +http://www.bing.com/bingbot.htm) Chrome/116.0.1938.76 Safari/537.36"
85.208.96.208 - - [26/Dec/2024:09:53:59 -0500] "GET /?b=107897666 HTTP/1.1" 200 21083 "-" "Mozilla/5.0 (compatible; SemrushBot/7~bl; +http://www.semrush.com/bot.html)"
185.191.171.15 - - [26/Dec/2024:09:54:10 -0500] "GET /?b=97642166 HTTP/1.1" 200 21077 "-" "Mozilla/5.0 (compatible; SemrushBot/7~bl; +http://www.semrush.com/bot.html)"
66.29.132.124 - - [26/Dec/2024:09:54:23 -0500] "POST /wp-cron.php?doing_wp_cron=1735224862.9626340866088867187500 HTTP/1.1" 200 0 "-" "WordPress/6.7.1; https://blog.diixadigital.com"
66.249.79.166 - - [26/Dec/2024:09:54:23 -0500] "GET /?b=351773066 HTTP/1.1" 200 79694 "-" "Mozilla/5.0 (Linux; Android 6.0.1; Nexus 5X Build/MMB29P) AppleWebKit/537.36 (KHTML, like Gecko) Chrome/131.0.6778.139 Mobile Safari/537.36 (compatible; GoogleOther)"
85.208.96.194 - - [26/Dec/2024:09:54:20 -0500] "GET /?b=318276066 HTTP/1.1" 200 21082 "-" "Mozilla/5.0 (compatible; SemrushBot/7~bl; +http://www.semrush.com/bot.html)"
185.191.171.11 - - [26/Dec/2024:09:54:30 -0500] "GET /?b=184945966 HTTP/1.1" 200 21081 "-" "Mozilla/5.0 (compatible; SemrushBot/7~bl; +http://www.semrush.com/bot.html)"
40.77.167.6 - - [26/Dec/2024:09:54:37 -0500] "GET /asdrp/f2770555.html HTTP/1.1" 200 80836 "-" "Mozilla/5.0 AppleWebKit/537.36 (KHTML, like Gecko; compatible; bingbot/2.0; +http://www.bing.com/bingbot.htm) Chrome/116.0.1938.76 Safari/537.36"
185.191.171.12 - - [26/Dec/2024:09:54:42 -0500] "GET /?b=348867566 HTTP/1.1" 200 21075 "-" "Mozilla/5.0 (compatible; SemrushBot/7~bl; +http://www.semrush.com/bot.html)"
66.249.79.34 - - [26/Dec/2024:09:54:49 -0500] "GET /?b=110903166 HTTP/1.1" 200 80138 "-" "Mozilla/5.0 (Linux; Android 6.0.1; Nexus 5X Build/MMB29P) AppleWebKit/537.36 (KHTML, like Gecko) Chrome/131.0.6778.139 Mobile Safari/537.36 (compatible; GoogleOther)"
66.29.132.124 - - [26/Dec/2024:09:54:57 -0500] "POST /wp-cron.php?doing_wp_cron=1735224897.3387229442596435546875 HTTP/1.1" 200 0 "-" "WordPress/6.7.1; https://blog.diixadigital.com"
66.29.132.124 - - [26/Dec/2024:09:55:00 -0500] "POST /wp-admin/admin-ajax.php?action=async_litespeed&nonce=d66cc8cbfc&litespeed_type=imgoptm HTTP/1.1" 200 0 "-" "WordPress/6.7.1; https://blog.diixadigital.com"
185.191.171.7 - - [26/Dec/2024:09:54:53 -0500] "GET /?b=238220366 HTTP/1.1" 200 21086 "-" "Mozilla/5.0 (compatible; SemrushBot/7~bl; +http://www.semrush.com/bot.html)"
85.208.96.201 - - [26/Dec/2024:09:55:04 -0500] "GET /?b=264568166 HTTP/1.1" 200 21072 "-" "Mozilla/5.0 (compatible; SemrushBot/7~bl; +http://www.semrush.com/bot.html)"
66.249.68.38 - - [26/Dec/2024:09:55:16 -0500] "GET /?b=182534466 HTTP/1.1" 200 81042 "-" "Mozilla/5.0 (Linux; Android 6.0.1; Nexus 5X Build/MMB29P) AppleWebKit/537.36 (KHTML, like Gecko) Chrome/131.0.6778.139 Mobile Safari/537.36 (compatible; GoogleOther)"
185.191.171.15 - - [26/Dec/2024:09:55:16 -0500] "GET /?b=136547766 HTTP/1.1" 200 21071 "-" "Mozilla/5.0 (compatible; SemrushBot/7~bl; +http://www.semrush.com/bot.html)"
66.29.132.124 - - [26/Dec/2024:09:55:30 -0500] "POST /wp-cron.php?doing_wp_cron=1735224930.6382839679718017578125 HTTP/1.1" 200 0 "-" "WordPress/6.7.1; https://blog.diixadigital.com"
85.208.96.200 - - [26/Dec/2024:09:55:28 -0500] "GET /?b=15026066 HTTP/1.1" 200 21080 "-" "Mozilla/5.0 (compatible; SemrushBot/7~bl; +http://www.semrush.com/bot.html)"
40.77.167.6 - - [26/Dec/2024:09:55:35 -0500] "GET /tndpf/k1792622.html HTTP/1.1" 200 81080 "-" "Mozilla/5.0 AppleWebKit/537.36 (KHTML, like Gecko; compatible; bingbot/2.0; +http://www.bing.com/bingbot.htm) Chrome/116.0.1938.76 Safari/537.36"
85.208.96.203 - - [26/Dec/2024:09:55:35 -0500] "GET /?b=62430666 HTTP/1.1" 200 21054 "-" "Mozilla/5.0 (compatible; SemrushBot/7~bl; +http://www.semrush.com/bot.html)"
66.249.79.194 - - [26/Dec/2024:09:55:40 -0500] "GET /?b=9735566 HTTP/1.1" 200 80659 "-" "Mozilla/5.0 (Linux; Android 6.0.1; Nexus 5X Build/MMB29P) AppleWebKit/537.36 (KHTML, like Gecko) Chrome/131.0.6778.139 Mobile Safari/537.36 (compatible; GoogleOther)"
185.191.171.19 - - [26/Dec/2024:09:55:41 -0500] "GET /?b=84637566 HTTP/1.1" 200 21081 "-" "Mozilla/5.0 (compatible; SemrushBot/7~bl; +http://www.semrush.com/bot.html)"
85.208.96.195 - - [26/Dec/2024:09:55:46 -0500] "GET /?b=305705466 HTTP/1.1" 200 21077 "-" "Mozilla/5.0 (compatible; SemrushBot/7~bl; +http://www.semrush.com/bot.html)"
66.29.132.124 - - [26/Dec/2024:09:56:05 -0500] "POST /wp-cron.php?doing_wp_cron=1735224965.0351560115814208984375 HTTP/1.1" 200 0 "-" "WordPress/6.7.1; https://blog.diixadigital.com"
66.249.79.106 - - [26/Dec/2024:09:56:06 -0500] "GET /?b=241392166 HTTP/1.1" 200 80791 "-" "Mozilla/5.0 (Linux; Android 6.0.1; Nexus 5X Build/MMB29P) AppleWebKit/537.36 (KHTML, like Gecko) Chrome/131.0.6778.139 Mobile Safari/537.36 (compatible; GoogleOther)"
185.191.171.16 - - [26/Dec/2024:09:56:02 -0500] "GET /?b=158284366 HTTP/1.1" 200 21075 "-" "Mozilla/5.0 (compatible; SemrushBot/7~bl; +http://www.semrush.com/bot.html)"
66.29.132.124 - - [26/Dec/2024:09:56:09 -0500] "POST /wp-admin/admin-ajax.php?action=async_litespeed&nonce=d66cc8cbfc&litespeed_type=imgoptm HTTP/1.1" 200 0 "-" "WordPress/6.7.1; https://blog.diixadigital.com"
185.191.171.13 - - [26/Dec/2024:09:56:11 -0500] "GET /?b=352719266 HTTP/1.1" 200 21076 "-" "Mozilla/5.0 (compatible; SemrushBot/7~bl; +http://www.semrush.com/bot.html)"
66.29.132.124 - - [26/Dec/2024:09:56:27 -0500] "POST /wp-cron.php?doing_wp_cron=1735224986.7597880363464355468750 HTTP/1.1" 200 0 "-" "WordPress/6.7.1; https://blog.diixadigital.com"
66.249.79.104 - - [26/Dec/2024:09:56:32 -0500] "GET /?b=169475966 HTTP/1.1" 200 79774 "-" "Mozilla/5.0 (Linux; Android 6.0.1; Nexus 5X Build/MMB29P) AppleWebKit/537.36 (KHTML, like Gecko) Chrome/131.0.6778.139 Mobile Safari/537.36 (compatible; GoogleOther)"
185.191.171.12 - - [26/Dec/2024:09:56:21 -0500] "GET /?b=113980866 HTTP/1.1" 200 21069 "-" "Mozilla/5.0 (compatible; SemrushBot/7~bl; +http://www.semrush.com/bot.html)"
185.191.171.9 - - [26/Dec/2024:09:56:36 -0500] "GET /?b=147201166 HTTP/1.1" 200 21084 "-" "Mozilla/5.0 (compatible; SemrushBot/7~bl; +http://www.semrush.com/bot.html)"
66.29.132.124 - - [26/Dec/2024:09:56:50 -0500] "POST /wp-cron.php?doing_wp_cron=1735225010.5528841018676757812500 HTTP/1.1" 200 0 "-" "WordPress/6.7.1; https://blog.diixadigital.com"
66.29.132.124 - - [26/Dec/2024:09:56:53 -0500] "POST /wp-admin/admin-ajax.php?action=async_litespeed&nonce=d66cc8cbfc&litespeed_type=imgoptm HTTP/1.1" 200 0 "-" "WordPress/6.7.1; https://blog.diixadigital.com"
185.191.171.12 - - [26/Dec/2024:09:56:46 -0500] "GET /?b=118375566 HTTP/1.1" 200 21082 "-" "Mozilla/5.0 (compatible; SemrushBot/7~bl; +http://www.semrush.com/bot.html)"
85.208.96.206 - - [26/Dec/2024:09:56:56 -0500] "GET /?b=55517766 HTTP/1.1" 200 21066 "-" "Mozilla/5.0 (compatible; SemrushBot/7~bl; +http://www.semrush.com/bot.html)"
66.249.68.68 - - [26/Dec/2024:09:56:57 -0500] "GET /?b=255248966 HTTP/1.1" 200 79854 "-" "Mozilla/5.0 (Linux; Android 6.0.1; Nexus 5X Build/MMB29P) AppleWebKit/537.36 (KHTML, like Gecko) Chrome/131.0.6778.139 Mobile Safari/537.36 (compatible; GoogleOther)"
85.208.96.193 - - [26/Dec/2024:09:57:00 -0500] "GET /?b=185931866 HTTP/1.1" 200 21080 "-" "Mozilla/5.0 (compatible; SemrushBot/7~bl; +http://www.semrush.com/bot.html)"
85.208.96.195 - - [26/Dec/2024:09:57:07 -0500] "GET /?b=153134666 HTTP/1.1" 200 21083 "-" "Mozilla/5.0 (compatible; SemrushBot/7~bl; +http://www.semrush.com/bot.html)"
185.191.171.10 - - [26/Dec/2024:09:57:13 -0500] "GET /?b=208449266 HTTP/1.1" 200 21074 "-" "Mozilla/5.0 (compatible; SemrushBot/7~bl; +http://www.semrush.com/bot.html)"
185.191.171.9 - - [26/Dec/2024:09:57:18 -0500] "GET /?b=189566566 HTTP/1.1" 200 21079 "-" "Mozilla/5.0 (compatible; SemrushBot/7~bl; +http://www.semrush.com/bot.html)"
66.249.68.5 - - [26/Dec/2024:09:57:23 -0500] "GET /?b=163588466 HTTP/1.1" 200 81939 "-" "Mozilla/5.0 (Linux; Android 6.0.1; Nexus 5X Build/MMB29P) AppleWebKit/537.36 (KHTML, like Gecko) Chrome/131.0.6778.139 Mobile Safari/537.36 (compatible; GoogleOther)"
66.29.132.124 - - [26/Dec/2024:09:57:26 -0500] "POST /wp-cron.php?doing_wp_cron=1735225045.8415679931640625000000 HTTP/1.1" 200 0 "-" "WordPress/6.7.1; https://blog.diixadigital.com"
185.191.171.19 - - [26/Dec/2024:09:57:24 -0500] "GET /?b=55650366 HTTP/1.1" 200 21072 "-" "Mozilla/5.0 (compatible; SemrushBot/7~bl; +http://www.semrush.com/bot.html)"
185.191.171.11 - - [26/Dec/2024:09:57:32 -0500] "GET /?b=7335666 HTTP/1.1" 200 21077 "-" "Mozilla/5.0 (compatible; SemrushBot/7~bl; +http://www.semrush.com/bot.html)"
85.208.96.210 - - [26/Dec/2024:09:57:39 -0500] "GET /?b=56727366 HTTP/1.1" 200 21073 "-" "Mozilla/5.0 (compatible; SemrushBot/7~bl; +http://www.semrush.com/bot.html)"
40.77.167.22 - - [26/Dec/2024:09:57:44 -0500] "GET /ydofl/x2230241.html HTTP/1.1" 200 79429 "-" "Mozilla/5.0 AppleWebKit/537.36 (KHTML, like Gecko; compatible; bingbot/2.0; +http://www.bing.com/bingbot.htm) Chrome/116.0.1938.76 Safari/537.36"
66.29.132.124 - - [26/Dec/2024:09:57:49 -0500] "POST /wp-cron.php?doing_wp_cron=1735225069.8368420600891113281250 HTTP/1.1" 200 0 "-" "WordPress/6.7.1; https://blog.diixadigital.com"
66.249.68.5 - - [26/Dec/2024:09:57:48 -0500] "GET /?b=129719766 HTTP/1.1" 200 80233 "-" "Mozilla/5.0 (Linux; Android 6.0.1; Nexus 5X Build/MMB29P) AppleWebKit/537.36 (KHTML, like Gecko) Chrome/131.0.6778.139 Mobile Safari/537.36 (compatible; GoogleOther)"
185.191.171.1 - - [26/Dec/2024:09:57:46 -0500] "GET /?b=116225866 HTTP/1.1" 200 21070 "-" "Mozilla/5.0 (compatible; SemrushBot/7~bl; +http://www.semrush.com/bot.html)"
66.29.132.124 - - [26/Dec/2024:09:57:52 -0500] "POST /wp-admin/admin-ajax.php?action=async_litespeed&nonce=d66cc8cbfc&litespeed_type=imgoptm HTTP/1.1" 200 0 "-" "WordPress/6.7.1; https://blog.diixadigital.com"
185.191.171.10 - - [26/Dec/2024:09:57:56 -0500] "GET /?b=84477166 HTTP/1.1" 200 21066 "-" "Mozilla/5.0 (compatible; SemrushBot/7~bl; +http://www.semrush.com/bot.html)"
85.208.96.195 - - [26/Dec/2024:09:58:09 -0500] "GET /?b=10000466 HTTP/1.1" 200 21084 "-" "Mozilla/5.0 (compatible; SemrushBot/7~bl; +http://www.semrush.com/bot.html)"
66.249.68.6 - - [26/Dec/2024:09:58:14 -0500] "GET /?b=159465566 HTTP/1.1" 200 79868 "-" "Mozilla/5.0 (Linux; Android 6.0.1; Nexus 5X Build/MMB29P) AppleWebKit/537.36 (KHTML, like Gecko) Chrome/131.0.6778.139 Mobile Safari/537.36 (compatible; GoogleOther)"
66.249.79.105 - - [26/Dec/2024:09:58:39 -0500] "GET /?b=31989166 HTTP/1.1" 200 79617 "-" "Mozilla/5.0 (Linux; Android 6.0.1; Nexus 5X Build/MMB29P) AppleWebKit/537.36 (KHTML, like Gecko) Chrome/131.0.6778.139 Mobile Safari/537.36 (compatible; GoogleOther)"
66.29.132.124 - - [26/Dec/2024:09:58:44 -0500] "POST /wp-cron.php?doing_wp_cron=1735225124.6392319202423095703125 HTTP/1.1" 200 0 "-" "WordPress/6.7.1; https://blog.diixadigital.com"
185.191.171.18 - - [26/Dec/2024:09:58:40 -0500] "GET /?b=50388466 HTTP/1.1" 200 21081 "-" "Mozilla/5.0 (compatible; SemrushBot/7~bl; +http://www.semrush.com/bot.html)"
66.29.132.124 - - [26/Dec/2024:09:58:59 -0500] "POST /wp-cron.php?doing_wp_cron=1735225139.1412310600280761718750 HTTP/1.1" 200 0 "-" "WordPress/6.7.1; https://blog.diixadigital.com"
66.29.132.124 - - [26/Dec/2024:09:59:03 -0500] "POST /wp-admin/admin-ajax.php?action=async_litespeed&nonce=d66cc8cbfc&litespeed_type=imgoptm HTTP/1.1" 200 0 "-" "WordPress/6.7.1; https://blog.diixadigital.com"
185.191.171.16 - - [26/Dec/2024:09:58:56 -0500] "GET /?b=180288766 HTTP/1.1" 200 21078 "-" "Mozilla/5.0 (compatible; SemrushBot/7~bl; +http://www.semrush.com/bot.html)"
66.249.79.7 - - [26/Dec/2024:09:59:06 -0500] "GET /?b=158122866 HTTP/1.1" 200 79818 "-" "Mozilla/5.0 (Linux; Android 6.0.1; Nexus 5X Build/MMB29P) AppleWebKit/537.36 (KHTML, like Gecko) Chrome/131.0.6778.139 Mobile Safari/537.36 (compatible; GoogleOther)"
