185.191.171.12 - - [26/Dec/2024:12:50:14 -0500] "GET /?b=4453766 HTTP/1.1" 200 21072 "-" "Mozilla/5.0 (compatible; SemrushBot/7~bl; +http://www.semrush.com/bot.html)"
66.29.132.124 - - [26/Dec/2024:12:50:35 -0500] "POST /wp-cron.php?doing_wp_cron=1735235434.7388710975646972656250 HTTP/1.1" 200 0 "-" "WordPress/6.7.1; https://blog.diixadigital.com"
85.208.96.211 - - [26/Dec/2024:12:50:29 -0500] "GET /?b=330208366 HTTP/1.1" 200 21077 "-" "Mozilla/5.0 (compatible; SemrushBot/7~bl; +http://www.semrush.com/bot.html)"
66.29.132.124 - - [26/Dec/2024:12:50:51 -0500] "POST /wp-cron.php?doing_wp_cron=1735235451.0610051155090332031250 HTTP/1.1" 200 0 "-" "WordPress/6.7.1; https://blog.diixadigital.com"
66.29.132.124 - - [26/Dec/2024:12:50:55 -0500] "POST /wp-admin/admin-ajax.php?action=async_litespeed&nonce=d66cc8cbfc&litespeed_type=imgoptm HTTP/1.1" 200 0 "-" "WordPress/6.7.1; https://blog.diixadigital.com"
185.191.171.9 - - [26/Dec/2024:12:50:45 -0500] "GET /?b=345990966 HTTP/1.1" 200 21089 "-" "Mozilla/5.0 (compatible; SemrushBot/7~bl; +http://www.semrush.com/bot.html)"
85.208.96.196 - - [26/Dec/2024:12:51:07 -0500] "GET /robots.txt HTTP/1.1" 200 139 "-" "Mozilla/5.0 (compatible; SemrushBot/7~bl; +http://www.semrush.com/bot.html)"
40.77.167.68 - - [26/Dec/2024:12:51:10 -0500] "GET /orsxc/h232645.html HTTP/1.1" 200 81568 "-" "Mozilla/5.0 AppleWebKit/537.36 (KHTML, like Gecko; compatible; bingbot/2.0; +http://www.bing.com/bingbot.htm) Chrome/116.0.1938.76 Safari/537.36"
40.77.167.68 - - [26/Dec/2024:12:51:13 -0500] "GET /xlarw/d1925423.html HTTP/1.1" 200 79664 "-" "Mozilla/5.0 AppleWebKit/537.36 (KHTML, like Gecko; compatible; bingbot/2.0; +http://www.bing.com/bingbot.htm) Chrome/116.0.1938.76 Safari/537.36"
185.191.171.8 - - [26/Dec/2024:12:51:01 -0500] "GET /?b=51467666 HTTP/1.1" 200 21067 "-" "Mozilla/5.0 (compatible; SemrushBot/7~bl; +http://www.semrush.com/bot.html)"
66.29.132.124 - - [26/Dec/2024:12:51:25 -0500] "POST /wp-cron.php?doing_wp_cron=1735235484.0434041023254394531250 HTTP/1.1" 200 0 "-" "WordPress/6.7.1; https://blog.diixadigital.com"
185.191.171.9 - - [26/Dec/2024:12:51:18 -0500] "GET /?b=343498666 HTTP/1.1" 200 21075 "-" "Mozilla/5.0 (compatible; SemrushBot/7~bl; +http://www.semrush.com/bot.html)"
85.208.96.211 - - [26/Dec/2024:12:51:32 -0500] "GET /?b=330611866 HTTP/1.1" 200 21066 "-" "Mozilla/5.0 (compatible; SemrushBot/7~bl; +http://www.semrush.com/bot.html)"
66.29.132.124 - - [26/Dec/2024:12:51:53 -0500] "POST /wp-cron.php?doing_wp_cron=1735235512.4386870861053466796875 HTTP/1.1" 200 0 "-" "WordPress/6.7.1; https://blog.diixadigital.com"
185.191.171.3 - - [26/Dec/2024:12:51:46 -0500] "GET /?b=233855266 HTTP/1.1" 200 21074 "-" "Mozilla/5.0 (compatible; SemrushBot/7~bl; +http://www.semrush.com/bot.html)"
66.29.132.124 - - [26/Dec/2024:12:52:00 -0500] "POST /wp-admin/admin-ajax.php?action=async_litespeed&nonce=d66cc8cbfc&litespeed_type=imgoptm HTTP/1.1" 200 0 "-" "WordPress/6.7.1; https://blog.diixadigital.com"
85.208.96.194 - - [26/Dec/2024:12:52:03 -0500] "GET /?b=213421366 HTTP/1.1" 200 21074 "-" "Mozilla/5.0 (compatible; SemrushBot/7~bl; +http://www.semrush.com/bot.html)"
66.29.132.124 - - [26/Dec/2024:12:52:22 -0500] "POST /wp-cron.php?doing_wp_cron=1735235542.5369999408721923828125 HTTP/1.1" 200 0 "-" "WordPress/6.7.1; https://blog.diixadigital.com"
85.208.96.203 - - [26/Dec/2024:12:52:16 -0500] "GET /?b=348199866 HTTP/1.1" 200 21072 "-" "Mozilla/5.0 (compatible; SemrushBot/7~bl; +http://www.semrush.com/bot.html)"
85.208.96.204 - - [26/Dec/2024:12:52:31 -0500] "GET /?b=237398766 HTTP/1.1" 200 21082 "-" "Mozilla/5.0 (compatible; SemrushBot/7~bl; +http://www.semrush.com/bot.html)"
185.191.171.7 - - [26/Dec/2024:12:52:43 -0500] "GET /?b=340901966 HTTP/1.1" 200 21077 "-" "Mozilla/5.0 (compatible; SemrushBot/7~bl; +http://www.semrush.com/bot.html)"
66.29.132.124 - - [26/Dec/2024:12:53:00 -0500] "POST /wp-cron.php?doing_wp_cron=1735235580.0451710224151611328125 HTTP/1.1" 200 0 "-" "WordPress/6.7.1; https://blog.diixadigital.com"
85.208.96.194 - - [26/Dec/2024:12:52:56 -0500] "GET /?b=10064366 HTTP/1.1" 200 21070 "-" "Mozilla/5.0 (compatible; SemrushBot/7~bl; +http://www.semrush.com/bot.html)"
66.29.132.124 - - [26/Dec/2024:12:53:09 -0500] "POST /wp-admin/admin-ajax.php?action=async_litespeed&nonce=d66cc8cbfc&litespeed_type=imgoptm HTTP/1.1" 200 0 "-" "WordPress/6.7.1; https://blog.diixadigital.com"
40.77.167.68 - - [26/Dec/2024:12:53:10 -0500] "GET /xgyar/g1431894.html HTTP/1.1" 200 81960 "-" "Mozilla/5.0 AppleWebKit/537.36 (KHTML, like Gecko; compatible; bingbot/2.0; +http://www.bing.com/bingbot.htm) Chrome/116.0.1938.76 Safari/537.36"
85.208.96.209 - - [26/Dec/2024:12:53:12 -0500] "GET /?b=229583966 HTTP/1.1" 200 21073 "-" "Mozilla/5.0 (compatible; SemrushBot/7~bl; +http://www.semrush.com/bot.html)"
66.29.132.124 - - [26/Dec/2024:12:53:33 -0500] "POST /wp-cron.php?doing_wp_cron=1735235613.3352680206298828125000 HTTP/1.1" 200 0 "-" "WordPress/6.7.1; https://blog.diixadigital.com"
185.191.171.4 - - [26/Dec/2024:12:53:29 -0500] "GET /?b=24466 HTTP/1.1" 200 21078 "-" "Mozilla/5.0 (compatible; SemrushBot/7~bl; +http://www.semrush.com/bot.html)"
52.167.144.145 - - [26/Dec/2024:12:53:45 -0500] "GET /rrlhk/q2352720.html HTTP/1.1" 200 80097 "-" "Mozilla/5.0 AppleWebKit/537.36 (KHTML, like Gecko; compatible; bingbot/2.0; +http://www.bing.com/bingbot.htm) Chrome/116.0.1938.76 Safari/537.36"
185.191.171.16 - - [26/Dec/2024:12:53:41 -0500] "GET /?b=174643266 HTTP/1.1" 200 21069 "-" "Mozilla/5.0 (compatible; SemrushBot/7~bl; +http://www.semrush.com/bot.html)"
66.29.132.124 - - [26/Dec/2024:12:53:59 -0500] "POST /wp-cron.php?doing_wp_cron=1735235638.4350268840789794921875 HTTP/1.1" 200 0 "-" "WordPress/6.7.1; https://blog.diixadigital.com"
66.29.132.124 - - [26/Dec/2024:12:54:03 -0500] "POST /wp-admin/admin-ajax.php?action=async_litespeed&nonce=d66cc8cbfc&litespeed_type=imgoptm HTTP/1.1" 200 0 "-" "WordPress/6.7.1; https://blog.diixadigital.com"
85.208.96.197 - - [26/Dec/2024:12:53:53 -0500] "GET /?b=147591966 HTTP/1.1" 200 21070 "-" "Mozilla/5.0 (compatible; SemrushBot/7~bl; +http://www.semrush.com/bot.html)"
85.208.96.198 - - [26/Dec/2024:12:54:07 -0500] "GET /?b=218890666 HTTP/1.1" 200 21074 "-" "Mozilla/5.0 (compatible; SemrushBot/7~bl; +http://www.semrush.com/bot.html)"
66.29.132.124 - - [26/Dec/2024:12:54:27 -0500] "POST /wp-cron.php?doing_wp_cron=1735235667.5418090820312500000000 HTTP/1.1" 200 0 "-" "WordPress/6.7.1; https://blog.diixadigital.com"
85.208.96.205 - - [26/Dec/2024:12:54:23 -0500] "GET /?b=155109766 HTTP/1.1" 200 21078 "-" "Mozilla/5.0 (compatible; SemrushBot/7~bl; +http://www.semrush.com/bot.html)"
85.208.96.201 - - [26/Dec/2024:12:54:37 -0500] "GET /?b=289870666 HTTP/1.1" 200 21094 "-" "Mozilla/5.0 (compatible; SemrushBot/7~bl; +http://www.semrush.com/bot.html)"
66.29.132.124 - - [26/Dec/2024:12:55:02 -0500] "POST /wp-cron.php?doing_wp_cron=1735235701.8441920280456542968750 HTTP/1.1" 200 0 "-" "WordPress/6.7.1; https://blog.diixadigital.com"
66.29.132.124 - - [26/Dec/2024:12:55:07 -0500] "POST /wp-admin/admin-ajax.php?action=async_litespeed&nonce=d66cc8cbfc&litespeed_type=imgoptm HTTP/1.1" 200 0 "-" "WordPress/6.7.1; https://blog.diixadigital.com"
85.208.96.199 - - [26/Dec/2024:12:54:56 -0500] "GET /?b=312639366 HTTP/1.1" 200 21080 "-" "Mozilla/5.0 (compatible; SemrushBot/7~bl; +http://www.semrush.com/bot.html)"
85.208.96.201 - - [26/Dec/2024:12:55:12 -0500] "GET /?b=211624266 HTTP/1.1" 200 21076 "-" "Mozilla/5.0 (compatible; SemrushBot/7~bl; +http://www.semrush.com/bot.html)"
66.29.132.124 - - [26/Dec/2024:12:55:35 -0500] "POST /wp-cron.php?doing_wp_cron=1735235734.4381930828094482421875 HTTP/1.1" 200 0 "-" "WordPress/6.7.1; https://blog.diixadigital.com"
85.208.96.199 - - [26/Dec/2024:12:55:27 -0500] "GET /?b=325232766 HTTP/1.1" 200 21096 "-" "Mozilla/5.0 (compatible; SemrushBot/7~bl; +http://www.semrush.com/bot.html)"
66.29.132.124 - - [26/Dec/2024:12:55:53 -0500] "POST /wp-cron.php?doing_wp_cron=1735235752.9359250068664550781250 HTTP/1.1" 200 0 "-" "WordPress/6.7.1; https://blog.diixadigital.com"
66.29.132.124 - - [26/Dec/2024:12:55:58 -0500] "POST /wp-admin/admin-ajax.php?action=async_litespeed&nonce=d66cc8cbfc&litespeed_type=imgoptm HTTP/1.1" 200 0 "-" "WordPress/6.7.1; https://blog.diixadigital.com"
85.208.96.193 - - [26/Dec/2024:12:55:46 -0500] "GET /?b=319240866 HTTP/1.1" 200 21069 "-" "Mozilla/5.0 (compatible; SemrushBot/7~bl; +http://www.semrush.com/bot.html)"
185.191.171.11 - - [26/Dec/2024:12:56:03 -0500] "GET /?b=118082966 HTTP/1.1" 200 21078 "-" "Mozilla/5.0 (compatible; SemrushBot/7~bl; +http://www.semrush.com/bot.html)"
66.29.132.124 - - [26/Dec/2024:12:56:30 -0500] "POST /wp-cron.php?doing_wp_cron=1735235790.1405138969421386718750 HTTP/1.1" 200 0 "-" "WordPress/6.7.1; https://blog.diixadigital.com"
85.208.96.207 - - [26/Dec/2024:12:56:19 -0500] "GET /?b=271329266 HTTP/1.1" 200 21089 "-" "Mozilla/5.0 (compatible; SemrushBot/7~bl; +http://www.semrush.com/bot.html)"
185.191.171.11 - - [26/Dec/2024:12:56:40 -0500] "GET /?b=352325366 HTTP/1.1" 200 21074 "-" "Mozilla/5.0 (compatible; SemrushBot/7~bl; +http://www.semrush.com/bot.html)"
66.29.132.124 - - [26/Dec/2024:12:57:06 -0500] "POST /wp-cron.php?doing_wp_cron=1735235825.9438719749450683593750 HTTP/1.1" 200 0 "-" "WordPress/6.7.1; https://blog.diixadigital.com"
185.191.171.2 - - [26/Dec/2024:12:56:59 -0500] "GET /?b=279330166 HTTP/1.1" 200 21064 "-" "Mozilla/5.0 (compatible; SemrushBot/7~bl; +http://www.semrush.com/bot.html)"
66.29.132.124 - - [26/Dec/2024:12:57:12 -0500] "POST /wp-admin/admin-ajax.php?action=async_litespeed&nonce=d66cc8cbfc&litespeed_type=imgoptm HTTP/1.1" 200 0 "-" "WordPress/6.7.1; https://blog.diixadigital.com"
40.77.167.68 - - [26/Dec/2024:12:57:20 -0500] "GET /sssgx/o2622754.html HTTP/1.1" 200 80115 "-" "Mozilla/5.0 AppleWebKit/537.36 (KHTML, like Gecko; compatible; bingbot/2.0; +http://www.bing.com/bingbot.htm) Chrome/116.0.1938.76 Safari/537.36"
85.208.96.201 - - [26/Dec/2024:12:57:15 -0500] "GET /?b=204946866 HTTP/1.1" 200 21082 "-" "Mozilla/5.0 (compatible; SemrushBot/7~bl; +http://www.semrush.com/bot.html)"
66.29.132.124 - - [26/Dec/2024:12:57:35 -0500] "POST /wp-cron.php?doing_wp_cron=1735235855.2364280223846435546875 HTTP/1.1" 200 0 "-" "WordPress/6.7.1; https://blog.diixadigital.com"
185.191.171.16 - - [26/Dec/2024:12:57:32 -0500] "GET /?b=231827466 HTTP/1.1" 200 21079 "-" "Mozilla/5.0 (compatible; SemrushBot/7~bl; +http://www.semrush.com/bot.html)"
66.29.132.124 - - [26/Dec/2024:12:57:50 -0500] "POST /wp-cron.php?doing_wp_cron=1735235869.8378729820251464843750 HTTP/1.1" 200 0 "-" "WordPress/6.7.1; https://blog.diixadigital.com"
66.29.132.124 - - [26/Dec/2024:12:57:55 -0500] "POST /wp-admin/admin-ajax.php?action=async_litespeed&nonce=d66cc8cbfc&litespeed_type=imgoptm HTTP/1.1" 200 0 "-" "WordPress/6.7.1; https://blog.diixadigital.com"
52.167.144.145 - - [26/Dec/2024:12:57:55 -0500] "GET /bcpcr/g188444.html HTTP/1.1" 200 80108 "-" "Mozilla/5.0 AppleWebKit/537.36 (KHTML, like Gecko; compatible; bingbot/2.0; +http://www.bing.com/bingbot.htm) Chrome/116.0.1938.76 Safari/537.36"
185.191.171.8 - - [26/Dec/2024:12:57:43 -0500] "GET /?b=275102266 HTTP/1.1" 200 21083 "-" "Mozilla/5.0 (compatible; SemrushBot/7~bl; +http://www.semrush.com/bot.html)"
185.191.171.16 - - [26/Dec/2024:12:58:01 -0500] "GET /?b=84604566 HTTP/1.1" 200 21084 "-" "Mozilla/5.0 (compatible; SemrushBot/7~bl; +http://www.semrush.com/bot.html)"
66.29.132.124 - - [26/Dec/2024:12:58:27 -0500] "POST /wp-cron.php?doing_wp_cron=1735235907.2439520359039306640625 HTTP/1.1" 200 0 "-" "WordPress/6.7.1; https://blog.diixadigital.com"
185.191.171.11 - - [26/Dec/2024:12:58:18 -0500] "GET /?b=31174766 HTTP/1.1" 200 21074 "-" "Mozilla/5.0 (compatible; SemrushBot/7~bl; +http://www.semrush.com/bot.html)"
40.77.167.68 - - [26/Dec/2024:12:58:41 -0500] "GET /scwef/z2761267.html HTTP/1.1" 200 79845 "-" "Mozilla/5.0 AppleWebKit/537.36 (KHTML, like Gecko; compatible; bingbot/2.0; +http://www.bing.com/bingbot.htm) Chrome/116.0.1938.76 Safari/537.36"
185.191.171.16 - - [26/Dec/2024:12:58:37 -0500] "GET /?b=170055066 HTTP/1.1" 200 21088 "-" "Mozilla/5.0 (compatible; SemrushBot/7~bl; +http://www.semrush.com/bot.html)"
40.77.167.68 - - [26/Dec/2024:12:58:50 -0500] "GET /bfmhr/q584616.html HTTP/1.1" 200 79422 "-" "Mozilla/5.0 AppleWebKit/537.36 (KHTML, like Gecko; compatible; bingbot/2.0; +http://www.bing.com/bingbot.htm) Chrome/116.0.1938.76 Safari/537.36"
66.29.132.124 - - [26/Dec/2024:12:58:57 -0500] "POST /wp-cron.php?doing_wp_cron=1735235937.0327999591827392578125 HTTP/1.1" 200 0 "-" "WordPress/6.7.1; https://blog.diixadigital.com"
66.29.132.124 - - [26/Dec/2024:12:59:01 -0500] "POST /wp-admin/admin-ajax.php?action=async_litespeed&nonce=d66cc8cbfc&litespeed_type=imgoptm HTTP/1.1" 200 0 "-" "WordPress/6.7.1; https://blog.diixadigital.com"
185.191.171.16 - - [26/Dec/2024:12:58:51 -0500] "GET /?b=272188066 HTTP/1.1" 200 21067 "-" "Mozilla/5.0 (compatible; SemrushBot/7~bl; +http://www.semrush.com/bot.html)"
52.167.144.145 - - [26/Dec/2024:12:59:15 -0500] "GET /nzrdv/n2007073.html HTTP/1.1" 200 81761 "-" "Mozilla/5.0 AppleWebKit/537.36 (KHTML, like Gecko; compatible; bingbot/2.0; +http://www.bing.com/bingbot.htm) Chrome/116.0.1938.76 Safari/537.36"
185.191.171.2 - - [26/Dec/2024:12:59:08 -0500] "GET /?b=183735666 HTTP/1.1" 200 21076 "-" "Mozilla/5.0 (compatible; SemrushBot/7~bl; +http://www.semrush.com/bot.html)"
52.167.144.157 - - [26/Dec/2024:12:59:28 -0500] "GET /dmvwf/j1732483.html HTTP/1.1" 200 81354 "-" "Mozilla/5.0 AppleWebKit/537.36 (KHTML, like Gecko; compatible; bingbot/2.0; +http://www.bing.com/bingbot.htm) Chrome/116.0.1938.76 Safari/537.36"
66.29.132.124 - - [26/Dec/2024:12:59:32 -0500] "POST /wp-cron.php?doing_wp_cron=1735235971.8389461040496826171875 HTTP/1.1" 200 0 "-" "WordPress/6.7.1; https://blog.diixadigital.com"
185.191.171.16 - - [26/Dec/2024:12:59:27 -0500] "GET /?b=111186166 HTTP/1.1" 200 21061 "-" "Mozilla/5.0 (compatible; SemrushBot/7~bl; +http://www.semrush.com/bot.html)"
66.29.132.124 - - [26/Dec/2024:12:59:49 -0500] "POST /wp-cron.php?doing_wp_cron=1735235989.0542120933532714843750 HTTP/1.1" 200 0 "-" "WordPress/6.7.1; https://blog.diixadigital.com"
185.191.171.6 - - [26/Dec/2024:12:59:43 -0500] "GET /?b=29087966 HTTP/1.1" 200 21092 "-" "Mozilla/5.0 (compatible; SemrushBot/7~bl; +http://www.semrush.com/bot.html)"
66.29.132.124 - - [26/Dec/2024:12:59:55 -0500] "POST /wp-admin/admin-ajax.php?action=async_litespeed&nonce=d66cc8cbfc&litespeed_type=imgoptm HTTP/1.1" 200 0 "-" "WordPress/6.7.1; https://blog.diixadigital.com"
185.191.171.19 - - [26/Dec/2024:12:59:58 -0500] "GET /?b=344118766 HTTP/1.1" 200 21086 "-" "Mozilla/5.0 (compatible; SemrushBot/7~bl; +http://www.semrush.com/bot.html)"
52.167.144.157 - - [26/Dec/2024:13:00:17 -0500] "GET /zpnrq/o2029408.html HTTP/1.1" 200 81700 "-" "Mozilla/5.0 AppleWebKit/537.36 (KHTML, like Gecko; compatible; bingbot/2.0; +http://www.bing.com/bingbot.htm) Chrome/116.0.1938.76 Safari/537.36"
85.208.96.207 - - [26/Dec/2024:13:00:14 -0500] "GET /?b=28044966 HTTP/1.1" 200 21065 "-" "Mozilla/5.0 (compatible; SemrushBot/7~bl; +http://www.semrush.com/bot.html)"
66.29.132.124 - - [26/Dec/2024:13:00:37 -0500] "POST /wp-cron.php?doing_wp_cron=1735236036.6381359100341796875000 HTTP/1.1" 200 0 "-" "WordPress/6.7.1; https://blog.diixadigital.com"
40.77.167.15 - - [26/Dec/2024:13:00:41 -0500] "GET /nbtne/h1753515.html HTTP/1.1" 200 79379 "-" "Mozilla/5.0 AppleWebKit/537.36 (KHTML, like Gecko; compatible; bingbot/2.0; +http://www.bing.com/bingbot.htm) Chrome/116.0.1938.76 Safari/537.36"
85.208.96.198 - - [26/Dec/2024:13:00:31 -0500] "GET /?b=136779066 HTTP/1.1" 200 21072 "-" "Mozilla/5.0 (compatible; SemrushBot/7~bl; +http://www.semrush.com/bot.html)"
66.29.132.124 - - [26/Dec/2024:13:00:53 -0500] "POST /wp-cron.php?doing_wp_cron=1735236052.9389340877532958984375 HTTP/1.1" 200 0 "-" "WordPress/6.7.1; https://blog.diixadigital.com"
66.29.132.124 - - [26/Dec/2024:13:00:59 -0500] "POST /wp-admin/admin-ajax.php?action=async_litespeed&nonce=d66cc8cbfc&litespeed_type=imgoptm HTTP/1.1" 200 0 "-" "WordPress/6.7.1; https://blog.diixadigital.com"
185.191.171.15 - - [26/Dec/2024:13:00:48 -0500] "GET /?b=256805566 HTTP/1.1" 200 21083 "-" "Mozilla/5.0 (compatible; SemrushBot/7~bl; +http://www.semrush.com/bot.html)"
40.77.167.15 - - [26/Dec/2024:13:01:11 -0500] "GET /mpobr/s2254026.html HTTP/1.1" 200 79481 "-" "Mozilla/5.0 AppleWebKit/537.36 (KHTML, like Gecko; compatible; bingbot/2.0; +http://www.bing.com/bingbot.htm) Chrome/116.0.1938.76 Safari/537.36"
66.249.68.70 - - [26/Dec/2024:13:01:18 -0500] "GET /?b=87316966 HTTP/1.1" 200 79943 "-" "Mozilla/5.0 (Linux; Android 6.0.1; Nexus 5X Build/MMB29P) AppleWebKit/537.36 (KHTML, like Gecko) Chrome/131.0.6778.139 Mobile Safari/537.36 (compatible; GoogleOther)"
85.208.96.203 - - [26/Dec/2024:13:01:05 -0500] "GET /?b=142027666 HTTP/1.1" 200 21077 "-" "Mozilla/5.0 (compatible; SemrushBot/7~bl; +http://www.semrush.com/bot.html)"
66.29.132.124 - - [26/Dec/2024:13:01:30 -0500] "POST /wp-cron.php?doing_wp_cron=1735236090.0433819293975830078125 HTTP/1.1" 200 0 "-" "WordPress/6.7.1; https://blog.diixadigital.com"
185.191.171.16 - - [26/Dec/2024:13:01:22 -0500] "GET /?b=295222266 HTTP/1.1" 200 21075 "-" "Mozilla/5.0 (compatible; SemrushBot/7~bl; +http://www.semrush.com/bot.html)"
52.167.144.173 - - [26/Dec/2024:13:01:37 -0500] "GET /lafzy/o172826.html HTTP/1.1" 200 79772 "-" "Mozilla/5.0 AppleWebKit/537.36 (KHTML, like Gecko; compatible; bingbot/2.0; +http://www.bing.com/bingbot.htm) Chrome/116.0.1938.76 Safari/537.36"
66.249.68.36 - - [26/Dec/2024:13:01:46 -0500] "GET /?b=193712166 HTTP/1.1" 200 80233 "-" "Mozilla/5.0 (Linux; Android 6.0.1; Nexus 5X Build/MMB29P) AppleWebKit/537.36 (KHTML, like Gecko) Chrome/131.0.6778.139 Mobile Safari/537.36 (compatible; GoogleOther)"
185.191.171.13 - - [26/Dec/2024:13:01:38 -0500] "GET /?b=333815466 HTTP/1.1" 200 21098 "-" "Mozilla/5.0 (compatible; SemrushBot/7~bl; +http://www.semrush.com/bot.html)"
52.167.144.137 - - [26/Dec/2024:13:01:52 -0500] "GET /cucnl/j746355.html HTTP/1.1" 200 80132 "-" "Mozilla/5.0 AppleWebKit/537.36 (KHTML, like Gecko; compatible; bingbot/2.0; +http://www.bing.com/bingbot.htm) Chrome/116.0.1938.76 Safari/537.36"
66.29.132.124 - - [26/Dec/2024:13:02:02 -0500] "POST /wp-cron.php?doing_wp_cron=1735236121.9460480213165283203125 HTTP/1.1" 200 0 "-" "WordPress/6.7.1; https://blog.diixadigital.com"
66.29.132.124 - - [26/Dec/2024:13:02:07 -0500] "POST /wp-admin/admin-ajax.php?action=async_litespeed&nonce=d66cc8cbfc&litespeed_type=imgoptm HTTP/1.1" 200 0 "-" "WordPress/6.7.1; https://blog.diixadigital.com"
185.191.171.9 - - [26/Dec/2024:13:01:56 -0500] "GET /?b=248572166 HTTP/1.1" 200 21081 "-" "Mozilla/5.0 (compatible; SemrushBot/7~bl; +http://www.semrush.com/bot.html)"
66.249.79.106 - - [26/Dec/2024:13:02:19 -0500] "GET /?b=267854266 HTTP/1.1" 200 80301 "-" "Mozilla/5.0 (Linux; Android 6.0.1; Nexus 5X Build/MMB29P) AppleWebKit/537.36 (KHTML, like Gecko) Chrome/131.0.6778.139 Mobile Safari/537.36 (compatible; GoogleOther)"
185.191.171.13 - - [26/Dec/2024:13:02:14 -0500] "GET /?b=314996766 HTTP/1.1" 200 21081 "-" "Mozilla/5.0 (compatible; SemrushBot/7~bl; +http://www.semrush.com/bot.html)"
66.29.132.124 - - [26/Dec/2024:13:02:35 -0500] "POST /wp-cron.php?doing_wp_cron=1735236155.0365700721740722656250 HTTP/1.1" 200 0 "-" "WordPress/6.7.1; https://blog.diixadigital.com"
185.191.171.16 - - [26/Dec/2024:13:02:27 -0500] "GET /?b=181137566 HTTP/1.1" 200 21088 "-" "Mozilla/5.0 (compatible; SemrushBot/7~bl; +http://www.semrush.com/bot.html)"
185.191.171.13 - - [26/Dec/2024:13:02:44 -0500] "GET /robots.txt HTTP/1.1" 200 139 "-" "Mozilla/5.0 (compatible; SemrushBot/7~bl; +http://www.semrush.com/bot.html)"
66.249.68.6 - - [26/Dec/2024:13:02:43 -0500] "GET /?b=161634266 HTTP/1.1" 200 81608 "-" "Mozilla/5.0 (Linux; Android 6.0.1; Nexus 5X Build/MMB29P) AppleWebKit/537.36 (KHTML, like Gecko) Chrome/131.0.6778.139 Mobile Safari/537.36 (compatible; GoogleOther)"
185.191.171.12 - - [26/Dec/2024:13:02:42 -0500] "GET /?b=96503666 HTTP/1.1" 200 21094 "-" "Mozilla/5.0 (compatible; SemrushBot/7~bl; +http://www.semrush.com/bot.html)"
66.29.132.124 - - [26/Dec/2024:13:03:07 -0500] "POST /wp-cron.php?doing_wp_cron=1735236187.4503850936889648437500 HTTP/1.1" 200 0 "-" "WordPress/6.7.1; https://blog.diixadigital.com"
85.208.96.210 - - [26/Dec/2024:13:02:55 -0500] "GET /?b=56692866 HTTP/1.1" 200 21082 "-" "Mozilla/5.0 (compatible; SemrushBot/7~bl; +http://www.semrush.com/bot.html)"
66.29.132.124 - - [26/Dec/2024:13:03:12 -0500] "POST /wp-admin/admin-ajax.php?action=async_litespeed&nonce=d66cc8cbfc&litespeed_type=imgoptm HTTP/1.1" 200 0 "-" "WordPress/6.7.1; https://blog.diixadigital.com"
66.249.79.166 - - [26/Dec/2024:13:03:12 -0500] "GET /?b=145314466 HTTP/1.1" 200 81104 "-" "Mozilla/5.0 (Linux; Android 6.0.1; Nexus 5X Build/MMB29P) AppleWebKit/537.36 (KHTML, like Gecko) Chrome/131.0.6778.139 Mobile Safari/537.36 (compatible; GoogleOther)"
85.208.96.199 - - [26/Dec/2024:13:03:15 -0500] "GET /?b=353833666 HTTP/1.1" 200 21074 "-" "Mozilla/5.0 (compatible; SemrushBot/7~bl; +http://www.semrush.com/bot.html)"
66.29.132.124 - - [26/Dec/2024:13:03:31 -0500] "POST /wp-cron.php?doing_wp_cron=1735236211.6341280937194824218750 HTTP/1.1" 200 0 "-" "WordPress/6.7.1; https://blog.diixadigital.com"
85.208.96.198 - - [26/Dec/2024:13:03:27 -0500] "GET /?b=94491266 HTTP/1.1" 200 21073 "-" "Mozilla/5.0 (compatible; SemrushBot/7~bl; +http://www.semrush.com/bot.html)"
66.249.79.164 - - [26/Dec/2024:13:03:41 -0500] "GET /?b=230117966 HTTP/1.1" 200 79710 "-" "Mozilla/5.0 (Linux; Android 6.0.1; Nexus 5X Build/MMB29P) AppleWebKit/537.36 (KHTML, like Gecko) Chrome/131.0.6778.139 Mobile Safari/537.36 (compatible; GoogleOther)"
85.208.96.206 - - [26/Dec/2024:13:03:39 -0500] "GET /?b=8961766 HTTP/1.1" 200 21071 "-" "Mozilla/5.0 (compatible; SemrushBot/7~bl; +http://www.semrush.com/bot.html)"
66.29.132.124 - - [26/Dec/2024:13:03:59 -0500] "POST /wp-cron.php?doing_wp_cron=1735236239.4458160400390625000000 HTTP/1.1" 200 0 "-" "WordPress/6.7.1; https://blog.diixadigital.com"
185.191.171.9 - - [26/Dec/2024:13:03:53 -0500] "GET /?b=309008566 HTTP/1.1" 200 21083 "-" "Mozilla/5.0 (compatible; SemrushBot/7~bl; +http://www.semrush.com/bot.html)"
66.29.132.124 - - [26/Dec/2024:13:04:04 -0500] "POST /wp-admin/admin-ajax.php?action=async_litespeed&nonce=d66cc8cbfc&litespeed_type=imgoptm HTTP/1.1" 200 0 "-" "WordPress/6.7.1; https://blog.diixadigital.com"
66.249.79.105 - - [26/Dec/2024:13:04:09 -0500] "GET /?b=137613466 HTTP/1.1" 200 79956 "-" "Mozilla/5.0 (Linux; Android 6.0.1; Nexus 5X Build/MMB29P) AppleWebKit/537.36 (KHTML, like Gecko) Chrome/131.0.6778.139 Mobile Safari/537.36 (compatible; GoogleOther)"
85.208.96.198 - - [26/Dec/2024:13:04:05 -0500] "GET /?b=132794166 HTTP/1.1" 200 21077 "-" "Mozilla/5.0 (compatible; SemrushBot/7~bl; +http://www.semrush.com/bot.html)"
66.29.132.124 - - [26/Dec/2024:13:04:28 -0500] "POST /wp-cron.php?doing_wp_cron=1735236268.2397689819335937500000 HTTP/1.1" 200 0 "-" "WordPress/6.7.1; https://blog.diixadigital.com"
185.191.171.15 - - [26/Dec/2024:13:04:22 -0500] "GET /?b=259165366 HTTP/1.1" 200 21083 "-" "Mozilla/5.0 (compatible; SemrushBot/7~bl; +http://www.semrush.com/bot.html)"
66.249.79.5 - - [26/Dec/2024:13:04:38 -0500] "GET /?b=270885766 HTTP/1.1" 200 79408 "-" "Mozilla/5.0 (Linux; Android 6.0.1; Nexus 5X Build/MMB29P) AppleWebKit/537.36 (KHTML, like Gecko) Chrome/131.0.6778.139 Mobile Safari/537.36 (compatible; GoogleOther)"
185.191.171.1 - - [26/Dec/2024:13:04:38 -0500] "GET /?b=356562866 HTTP/1.1" 200 21087 "-" "Mozilla/5.0 (compatible; SemrushBot/7~bl; +http://www.semrush.com/bot.html)"
66.29.132.124 - - [26/Dec/2024:13:05:06 -0500] "POST /wp-cron.php?doing_wp_cron=1735236304.9348258972167968750000 HTTP/1.1" 200 0 "-" "WordPress/6.7.1; https://blog.diixadigital.com"
66.249.68.38 - - [26/Dec/2024:13:05:09 -0500] "GET /?b=345357766 HTTP/1.1" 200 80708 "-" "Mozilla/5.0 (Linux; Android 6.0.1; Nexus 5X Build/MMB29P) AppleWebKit/537.36 (KHTML, like Gecko) Chrome/131.0.6778.139 Mobile Safari/537.36 (compatible; GoogleOther)"
185.191.171.10 - - [26/Dec/2024:13:04:58 -0500] "GET /?b=240780166 HTTP/1.1" 200 21079 "-" "Mozilla/5.0 (compatible; SemrushBot/7~bl; +http://www.semrush.com/bot.html)"
85.208.96.205 - - [26/Dec/2024:13:05:15 -0500] "GET /?b=55894966 HTTP/1.1" 200 21070 "-" "Mozilla/5.0 (compatible; SemrushBot/7~bl; +http://www.semrush.com/bot.html)"
40.77.167.15 - - [26/Dec/2024:13:05:31 -0500] "GET /mrvom/n672623.html HTTP/1.1" 200 82134 "-" "Mozilla/5.0 AppleWebKit/537.36 (KHTML, like Gecko; compatible; bingbot/2.0; +http://www.bing.com/bingbot.htm) Chrome/116.0.1938.76 Safari/537.36"
66.249.68.36 - - [26/Dec/2024:13:05:35 -0500] "GET /?b=149709866 HTTP/1.1" 200 79635 "-" "Mozilla/5.0 (Linux; Android 6.0.1; Nexus 5X Build/MMB29P) AppleWebKit/537.36 (KHTML, like Gecko) Chrome/131.0.6778.139 Mobile Safari/537.36 (compatible; GoogleOther)"
185.191.171.3 - - [26/Dec/2024:13:05:32 -0500] "GET /?b=35801266 HTTP/1.1" 200 21088 "-" "Mozilla/5.0 (compatible; SemrushBot/7~bl; +http://www.semrush.com/bot.html)"
185.191.171.15 - - [26/Dec/2024:13:05:48 -0500] "GET /?b=139992266 HTTP/1.1" 200 21086 "-" "Mozilla/5.0 (compatible; SemrushBot/7~bl; +http://www.semrush.com/bot.html)"
66.249.79.164 - - [26/Dec/2024:13:06:04 -0500] "GET /?b=86438866 HTTP/1.1" 200 80176 "-" "Mozilla/5.0 (Linux; Android 6.0.1; Nexus 5X Build/MMB29P) AppleWebKit/537.36 (KHTML, like Gecko) Chrome/131.0.6778.139 Mobile Safari/537.36 (compatible; GoogleOther)"
66.29.132.124 - - [26/Dec/2024:13:06:07 -0500] "POST /wp-cron.php?doing_wp_cron=1735236366.4412579536437988281250 HTTP/1.1" 200 0 "-" "WordPress/6.7.1; https://blog.diixadigital.com"
66.29.132.124 - - [26/Dec/2024:13:06:10 -0500] "POST /wp-admin/admin-ajax.php?action=async_litespeed&nonce=d66cc8cbfc&litespeed_type=imgoptm HTTP/1.1" 200 0 "-" "WordPress/6.7.1; https://blog.diixadigital.com"
85.208.96.194 - - [26/Dec/2024:13:06:01 -0500] "GET /?b=196860666 HTTP/1.1" 200 21083 "-" "Mozilla/5.0 (compatible; SemrushBot/7~bl; +http://www.semrush.com/bot.html)"
85.208.96.198 - - [26/Dec/2024:13:06:16 -0500] "GET /?b=44852566 HTTP/1.1" 200 21081 "-" "Mozilla/5.0 (compatible; SemrushBot/7~bl; +http://www.semrush.com/bot.html)"
66.249.68.5 - - [26/Dec/2024:13:06:32 -0500] "GET /?b=240616366 HTTP/1.1" 200 80380 "-" "Mozilla/5.0 (Linux; Android 6.0.1; Nexus 5X Build/MMB29P) AppleWebKit/537.36 (KHTML, like Gecko) Chrome/131.0.6778.139 Mobile Safari/537.36 (compatible; GoogleOther)"
66.29.132.124 - - [26/Dec/2024:13:06:35 -0500] "POST /wp-cron.php?doing_wp_cron=1735236395.3349840641021728515625 HTTP/1.1" 200 0 "-" "WordPress/6.7.1; https://blog.diixadigital.com"
85.208.96.205 - - [26/Dec/2024:13:06:30 -0500] "GET /?b=212332666 HTTP/1.1" 200 21073 "-" "Mozilla/5.0 (compatible; SemrushBot/7~bl; +http://www.semrush.com/bot.html)"
66.29.132.124 - - [26/Dec/2024:13:06:50 -0500] "POST /wp-cron.php?doing_wp_cron=1735236409.8427550792694091796875 HTTP/1.1" 200 0 "-" "WordPress/6.7.1; https://blog.diixadigital.com"
66.29.132.124 - - [26/Dec/2024:13:06:55 -0500] "POST /wp-admin/admin-ajax.php?action=async_litespeed&nonce=d66cc8cbfc&litespeed_type=imgoptm HTTP/1.1" 200 0 "-" "WordPress/6.7.1; https://blog.diixadigital.com"
185.191.171.9 - - [26/Dec/2024:13:06:43 -0500] "GET /?b=255634766 HTTP/1.1" 200 21094 "-" "Mozilla/5.0 (compatible; SemrushBot/7~bl; +http://www.semrush.com/bot.html)"
66.249.79.105 - - [26/Dec/2024:13:07:01 -0500] "GET /?b=270599966 HTTP/1.1" 200 79638 "-" "Mozilla/5.0 (Linux; Android 6.0.1; Nexus 5X Build/MMB29P) AppleWebKit/537.36 (KHTML, like Gecko) Chrome/131.0.6778.139 Mobile Safari/537.36 (compatible; GoogleOther)"
185.191.171.9 - - [26/Dec/2024:13:06:59 -0500] "GET /?b=298274866 HTTP/1.1" 200 21084 "-" "Mozilla/5.0 (compatible; SemrushBot/7~bl; +http://www.semrush.com/bot.html)"
185.191.171.4 - - [26/Dec/2024:13:07:13 -0500] "GET /?b=311073866 HTTP/1.1" 200 21079 "-" "Mozilla/5.0 (compatible; SemrushBot/7~bl; +http://www.semrush.com/bot.html)"
52.167.144.137 - - [26/Dec/2024:13:07:24 -0500] "GET /raivs/w2047408.html HTTP/1.1" 200 80724 "-" "Mozilla/5.0 AppleWebKit/537.36 (KHTML, like Gecko; compatible; bingbot/2.0; +http://www.bing.com/bingbot.htm) Chrome/116.0.1938.76 Safari/537.36"
66.29.132.124 - - [26/Dec/2024:13:07:29 -0500] "POST /wp-cron.php?doing_wp_cron=1735236448.5401771068572998046875 HTTP/1.1" 200 0 "-" "WordPress/6.7.1; https://blog.diixadigital.com"
185.191.171.9 - - [26/Dec/2024:13:07:24 -0500] "GET /?b=310560666 HTTP/1.1" 200 21076 "-" "Mozilla/5.0 (compatible; SemrushBot/7~bl; +http://www.semrush.com/bot.html)"
85.208.96.210 - - [26/Dec/2024:13:07:35 -0500] "GET /?b=75406366 HTTP/1.1" 200 21086 "-" "Mozilla/5.0 (compatible; SemrushBot/7~bl; +http://www.semrush.com/bot.html)"
66.29.132.124 - - [26/Dec/2024:13:07:52 -0500] "POST /wp-cron.php?doing_wp_cron=1735236472.4380679130554199218750 HTTP/1.1" 200 0 "-" "WordPress/6.7.1; https://blog.diixadigital.com"
40.77.167.15 - - [26/Dec/2024:13:07:51 -0500] "GET /xvswr/w2262272.html HTTP/1.1" 200 79810 "-" "Mozilla/5.0 AppleWebKit/537.36 (KHTML, like Gecko; compatible; bingbot/2.0; +http://www.bing.com/bingbot.htm) Chrome/116.0.1938.76 Safari/537.36"
66.29.132.124 - - [26/Dec/2024:13:07:57 -0500] "POST /wp-admin/admin-ajax.php?action=async_litespeed&nonce=d66cc8cbfc&litespeed_type=imgoptm HTTP/1.1" 200 0 "-" "WordPress/6.7.1; https://blog.diixadigital.com"
185.191.171.17 - - [26/Dec/2024:13:07:47 -0500] "GET /?b=231580766 HTTP/1.1" 200 21091 "-" "Mozilla/5.0 (compatible; SemrushBot/7~bl; +http://www.semrush.com/bot.html)"
66.249.79.104 - - [26/Dec/2024:13:07:58 -0500] "GET /?b=331126366 HTTP/1.1" 200 80021 "-" "Mozilla/5.0 (Linux; Android 6.0.1; Nexus 5X Build/MMB29P) AppleWebKit/537.36 (KHTML, like Gecko) Chrome/131.0.6778.139 Mobile Safari/537.36 (compatible; GoogleOther)"
85.208.96.198 - - [26/Dec/2024:13:08:01 -0500] "GET /?b=43976866 HTTP/1.1" 200 21090 "-" "Mozilla/5.0 (compatible; SemrushBot/7~bl; +http://www.semrush.com/bot.html)"
185.191.171.14 - - [26/Dec/2024:13:08:16 -0500] "GET /?b=74566966 HTTP/1.1" 200 21082 "-" "Mozilla/5.0 (compatible; SemrushBot/7~bl; +http://www.semrush.com/bot.html)"
66.249.79.194 - - [26/Dec/2024:13:08:27 -0500] "GET /?b=150505966 HTTP/1.1" 200 79636 "-" "Mozilla/5.0 (Linux; Android 6.0.1; Nexus 5X Build/MMB29P) AppleWebKit/537.36 (KHTML, like Gecko) Chrome/131.0.6778.139 Mobile Safari/537.36 (compatible; GoogleOther)"
66.29.132.124 - - [26/Dec/2024:13:08:35 -0500] "POST /wp-cron.php?doing_wp_cron=1735236515.1356930732727050781250 HTTP/1.1" 200 0 "-" "WordPress/6.7.1; https://blog.diixadigital.com"
185.191.171.5 - - [26/Dec/2024:13:08:28 -0500] "GET /?b=263787166 HTTP/1.1" 200 21080 "-" "Mozilla/5.0 (compatible; SemrushBot/7~bl; +http://www.semrush.com/bot.html)"
66.29.132.124 - - [26/Dec/2024:13:08:49 -0500] "POST /wp-cron.php?doing_wp_cron=1735236529.2408380508422851562500 HTTP/1.1" 200 0 "-" "WordPress/6.7.1; https://blog.diixadigital.com"
185.191.171.17 - - [26/Dec/2024:13:08:44 -0500] "GET /?b=344298766 HTTP/1.1" 200 21089 "-" "Mozilla/5.0 (compatible; SemrushBot/7~bl; +http://www.semrush.com/bot.html)"
66.29.132.124 - - [26/Dec/2024:13:08:53 -0500] "POST /wp-admin/admin-ajax.php?action=async_litespeed&nonce=d66cc8cbfc&litespeed_type=imgoptm HTTP/1.1" 200 0 "-" "WordPress/6.7.1; https://blog.diixadigital.com"
66.249.68.68 - - [26/Dec/2024:13:08:56 -0500] "GET /?b=306135866 HTTP/1.1" 200 79525 "-" "Mozilla/5.0 (Linux; Android 6.0.1; Nexus 5X Build/MMB29P) AppleWebKit/537.36 (KHTML, like Gecko) Chrome/131.0.6778.139 Mobile Safari/537.36 (compatible; GoogleOther)"
85.208.96.206 - - [26/Dec/2024:13:08:55 -0500] "GET /?b=338623666 HTTP/1.1" 200 21089 "-" "Mozilla/5.0 (compatible; SemrushBot/7~bl; +http://www.semrush.com/bot.html)"
85.208.96.210 - - [26/Dec/2024:13:09:08 -0500] "GET /?b=274293766 HTTP/1.1" 200 21082 "-" "Mozilla/5.0 (compatible; SemrushBot/7~bl; +http://www.semrush.com/bot.html)"
66.29.132.124 - - [26/Dec/2024:13:09:23 -0500] "POST /wp-cron.php?doing_wp_cron=1735236563.0408511161804199218750 HTTP/1.1" 200 0 "-" "WordPress/6.7.1; https://blog.diixadigital.com"
40.77.167.15 - - [26/Dec/2024:13:09:22 -0500] "GET /tnqjo/z1325079.html HTTP/1.1" 200 79431 "-" "Mozilla/5.0 AppleWebKit/537.36 (KHTML, like Gecko; compatible; bingbot/2.0; +http://www.bing.com/bingbot.htm) Chrome/116.0.1938.76 Safari/537.36"
66.249.79.196 - - [26/Dec/2024:13:09:24 -0500] "GET /?b=108502366 HTTP/1.1" 200 80079 "-" "Mozilla/5.0 (Linux; Android 6.0.1; Nexus 5X Build/MMB29P) AppleWebKit/537.36 (KHTML, like Gecko) Chrome/131.0.6778.139 Mobile Safari/537.36 (compatible; GoogleOther)"
185.191.171.17 - - [26/Dec/2024:13:09:19 -0500] "GET /?b=219538466 HTTP/1.1" 200 21079 "-" "Mozilla/5.0 (compatible; SemrushBot/7~bl; +http://www.semrush.com/bot.html)"
185.191.171.6 - - [26/Dec/2024:13:09:33 -0500] "GET /?b=229780366 HTTP/1.1" 200 21073 "-" "Mozilla/5.0 (compatible; SemrushBot/7~bl; +http://www.semrush.com/bot.html)"
66.29.132.124 - - [26/Dec/2024:13:09:55 -0500] "POST /wp-cron.php?doing_wp_cron=1735236594.6387970447540283203125 HTTP/1.1" 200 0 "-" "WordPress/6.7.1; https://blog.diixadigital.com"
66.249.79.195 - - [26/Dec/2024:13:09:53 -0500] "GET /?b=33791866 HTTP/1.1" 200 79673 "-" "Mozilla/5.0 (Linux; Android 6.0.1; Nexus 5X Build/MMB29P) AppleWebKit/537.36 (KHTML, like Gecko) Chrome/131.0.6778.139 Mobile Safari/537.36 (compatible; GoogleOther)"
66.29.132.124 - - [26/Dec/2024:13:10:02 -0500] "POST /wp-admin/admin-ajax.php?action=async_litespeed&nonce=d66cc8cbfc&litespeed_type=imgoptm HTTP/1.1" 200 0 "-" "WordPress/6.7.1; https://blog.diixadigital.com"
85.208.96.197 - - [26/Dec/2024:13:09:50 -0500] "GET /?b=118479066 HTTP/1.1" 200 21077 "-" "Mozilla/5.0 (compatible; SemrushBot/7~bl; +http://www.semrush.com/bot.html)"
52.167.144.173 - - [26/Dec/2024:13:10:09 -0500] "GET /xcshv/q223736.html HTTP/1.1" 200 81018 "-" "Mozilla/5.0 AppleWebKit/537.36 (KHTML, like Gecko; compatible; bingbot/2.0; +http://www.bing.com/bingbot.htm) Chrome/116.0.1938.76 Safari/537.36"
185.191.171.16 - - [26/Dec/2024:13:10:07 -0500] "GET /?b=286624266 HTTP/1.1" 200 21075 "-" "Mozilla/5.0 (compatible; SemrushBot/7~bl; +http://www.semrush.com/bot.html)"
66.249.68.38 - - [26/Dec/2024:13:10:22 -0500] "GET /?b=224634066 HTTP/1.1" 200 80695 "-" "Mozilla/5.0 (Linux; Android 6.0.1; Nexus 5X Build/MMB29P) AppleWebKit/537.36 (KHTML, like Gecko) Chrome/131.0.6778.139 Mobile Safari/537.36 (compatible; GoogleOther)"
66.29.132.124 - - [26/Dec/2024:13:10:28 -0500] "POST /wp-cron.php?doing_wp_cron=1735236627.9468529224395751953125 HTTP/1.1" 200 0 "-" "WordPress/6.7.1; https://blog.diixadigital.com"
85.208.96.205 - - [26/Dec/2024:13:10:21 -0500] "GET /?b=70254566 HTTP/1.1" 200 21082 "-" "Mozilla/5.0 (compatible; SemrushBot/7~bl; +http://www.semrush.com/bot.html)"
185.191.171.15 - - [26/Dec/2024:13:10:37 -0500] "GET /?b=174201266 HTTP/1.1" 200 21073 "-" "Mozilla/5.0 (compatible; SemrushBot/7~bl; +http://www.semrush.com/bot.html)"
66.249.79.194 - - [26/Dec/2024:13:10:50 -0500] "GET /?b=138238966 HTTP/1.1" 200 79926 "-" "Mozilla/5.0 (Linux; Android 6.0.1; Nexus 5X Build/MMB29P) AppleWebKit/537.36 (KHTML, like Gecko) Chrome/131.0.6778.139 Mobile Safari/537.36 (compatible; GoogleOther)"
66.29.132.124 - - [26/Dec/2024:13:10:54 -0500] "POST /wp-cron.php?doing_wp_cron=1735236654.3412160873413085937500 HTTP/1.1" 200 0 "-" "WordPress/6.7.1; https://blog.diixadigital.com"
66.29.132.124 - - [26/Dec/2024:13:11:01 -0500] "POST /wp-admin/admin-ajax.php?action=async_litespeed&nonce=d66cc8cbfc&litespeed_type=imgoptm HTTP/1.1" 200 0 "-" "WordPress/6.7.1; https://blog.diixadigital.com"
85.208.96.211 - - [26/Dec/2024:13:10:49 -0500] "GET /?b=47180666 HTTP/1.1" 200 21146 "-" "Mozilla/5.0 (compatible; SemrushBot/7~bl; +http://www.semrush.com/bot.html)"
85.208.96.206 - - [26/Dec/2024:13:11:05 -0500] "GET /?b=254628366 HTTP/1.1" 200 21080 "-" "Mozilla/5.0 (compatible; SemrushBot/7~bl; +http://www.semrush.com/bot.html)"
66.249.68.7 - - [26/Dec/2024:13:11:19 -0500] "GET /?b=191561166 HTTP/1.1" 200 80390 "-" "Mozilla/5.0 (Linux; Android 6.0.1; Nexus 5X Build/MMB29P) AppleWebKit/537.36 (KHTML, like Gecko) Chrome/131.0.6778.139 Mobile Safari/537.36 (compatible; GoogleOther)"
66.29.132.124 - - [26/Dec/2024:13:11:25 -0500] "POST /wp-cron.php?doing_wp_cron=1735236685.3370900154113769531250 HTTP/1.1" 200 0 "-" "WordPress/6.7.1; https://blog.diixadigital.com"
185.191.171.11 - - [26/Dec/2024:13:11:20 -0500] "GET /?b=45070766 HTTP/1.1" 200 21094 "-" "Mozilla/5.0 (compatible; SemrushBot/7~bl; +http://www.semrush.com/bot.html)"
52.167.144.202 - - [26/Dec/2024:13:11:42 -0500] "GET /vrqbi/q1124506.html HTTP/1.1" 200 79358 "-" "Mozilla/5.0 AppleWebKit/537.36 (KHTML, like Gecko; compatible; bingbot/2.0; +http://www.bing.com/bingbot.htm) Chrome/116.0.1938.76 Safari/537.36"
185.191.171.1 - - [26/Dec/2024:13:11:34 -0500] "GET /?b=133493466 HTTP/1.1" 200 21091 "-" "Mozilla/5.0 (compatible; SemrushBot/7~bl; +http://www.semrush.com/bot.html)"
66.249.68.5 - - [26/Dec/2024:13:11:47 -0500] "GET /?b=220662166 HTTP/1.1" 200 80000 "-" "Mozilla/5.0 (Linux; Android 6.0.1; Nexus 5X Build/MMB29P) AppleWebKit/537.36 (KHTML, like Gecko) Chrome/131.0.6778.139 Mobile Safari/537.36 (compatible; GoogleOther)"
66.29.132.124 - - [26/Dec/2024:13:11:56 -0500] "POST /wp-cron.php?doing_wp_cron=1735236715.3352398872375488281250 HTTP/1.1" 200 0 "-" "WordPress/6.7.1; https://blog.diixadigital.com"
66.29.132.124 - - [26/Dec/2024:13:12:01 -0500] "POST /wp-admin/admin-ajax.php?action=async_litespeed&nonce=d66cc8cbfc&litespeed_type=imgoptm HTTP/1.1" 200 0 "-" "WordPress/6.7.1; https://blog.diixadigital.com"
185.191.171.11 - - [26/Dec/2024:13:11:51 -0500] "GET /?b=172834966 HTTP/1.1" 200 21065 "-" "Mozilla/5.0 (compatible; SemrushBot/7~bl; +http://www.semrush.com/bot.html)"
185.191.171.6 - - [26/Dec/2024:13:12:06 -0500] "GET /?b=281016866 HTTP/1.1" 200 21080 "-" "Mozilla/5.0 (compatible; SemrushBot/7~bl; +http://www.semrush.com/bot.html)"
66.249.79.6 - - [26/Dec/2024:13:12:18 -0500] "GET /?b=250671066 HTTP/1.1" 200 80079 "-" "Mozilla/5.0 (Linux; Android 6.0.1; Nexus 5X Build/MMB29P) AppleWebKit/537.36 (KHTML, like Gecko) Chrome/131.0.6778.139 Mobile Safari/537.36 (compatible; GoogleOther)"
66.29.132.124 - - [26/Dec/2024:13:12:28 -0500] "POST /wp-cron.php?doing_wp_cron=1735236747.6426589488983154296875 HTTP/1.1" 200 0 "-" "WordPress/6.7.1; https://blog.diixadigital.com"
185.191.171.14 - - [26/Dec/2024:13:12:21 -0500] "GET /?b=17256966 HTTP/1.1" 200 21086 "-" "Mozilla/5.0 (compatible; SemrushBot/7~bl; +http://www.semrush.com/bot.html)"
52.167.144.202 - - [26/Dec/2024:13:12:42 -0500] "GET /ffjbf/x2352467.html HTTP/1.1" 200 80615 "-" "Mozilla/5.0 AppleWebKit/537.36 (KHTML, like Gecko; compatible; bingbot/2.0; +http://www.bing.com/bingbot.htm) Chrome/116.0.1938.76 Safari/537.36"
66.249.79.104 - - [26/Dec/2024:13:12:45 -0500] "GET /?b=228985566 HTTP/1.1" 200 80870 "-" "Mozilla/5.0 (Linux; Android 6.0.1; Nexus 5X Build/MMB29P) AppleWebKit/537.36 (KHTML, like Gecko) Chrome/131.0.6778.139 Mobile Safari/537.36 (compatible; GoogleOther)"
185.191.171.15 - - [26/Dec/2024:13:12:40 -0500] "GET /?b=292558866 HTTP/1.1" 200 21071 "-" "Mozilla/5.0 (compatible; SemrushBot/7~bl; +http://www.semrush.com/bot.html)"
66.29.132.124 - - [26/Dec/2024:13:12:59 -0500] "POST /wp-cron.php?doing_wp_cron=1735236779.4351220130920410156250 HTTP/1.1" 200 0 "-" "WordPress/6.7.1; https://blog.diixadigital.com"
185.191.171.15 - - [26/Dec/2024:13:12:53 -0500] "GET /?b=45185566 HTTP/1.1" 200 21088 "-" "Mozilla/5.0 (compatible; SemrushBot/7~bl; +http://www.semrush.com/bot.html)"
66.29.132.124 - - [26/Dec/2024:13:13:08 -0500] "POST /wp-admin/admin-ajax.php?action=async_litespeed&nonce=d66cc8cbfc&litespeed_type=imgoptm HTTP/1.1" 200 0 "-" "WordPress/6.7.1; https://blog.diixadigital.com"
52.167.144.207 - - [26/Dec/2024:13:13:08 -0500] "GET /gqapm/i1412526.html HTTP/1.1" 200 80749 "-" "Mozilla/5.0 AppleWebKit/537.36 (KHTML, like Gecko; compatible; bingbot/2.0; +http://www.bing.com/bingbot.htm) Chrome/116.0.1938.76 Safari/537.36"
66.249.68.69 - - [26/Dec/2024:13:13:14 -0500] "GET /?b=75095566 HTTP/1.1" 200 80001 "-" "Mozilla/5.0 (Linux; Android 6.0.1; Nexus 5X Build/MMB29P) AppleWebKit/537.36 (KHTML, like Gecko) Chrome/131.0.6778.139 Mobile Safari/537.36 (compatible; GoogleOther)"
66.29.132.124 - - [26/Dec/2024:13:13:22 -0500] "POST /wp-cron.php?doing_wp_cron=1735236802.4343180656433105468750 HTTP/1.1" 200 0 "-" "WordPress/6.7.1; https://blog.diixadigital.com"
185.191.171.7 - - [26/Dec/2024:13:13:14 -0500] "GET /?b=28235866 HTTP/1.1" 200 21075 "-" "Mozilla/5.0 (compatible; SemrushBot/7~bl; +http://www.semrush.com/bot.html)"
85.208.96.209 - - [26/Dec/2024:13:13:32 -0500] "GET /?b=334432266 HTTP/1.1" 200 21081 "-" "Mozilla/5.0 (compatible; SemrushBot/7~bl; +http://www.semrush.com/bot.html)"
66.249.68.36 - - [26/Dec/2024:13:13:42 -0500] "GET /?b=158232366 HTTP/1.1" 200 80270 "-" "Mozilla/5.0 (Linux; Android 6.0.1; Nexus 5X Build/MMB29P) AppleWebKit/537.36 (KHTML, like Gecko) Chrome/131.0.6778.139 Mobile Safari/537.36 (compatible; GoogleOther)"
66.29.132.124 - - [26/Dec/2024:13:13:51 -0500] "POST /wp-cron.php?doing_wp_cron=1735236830.8384959697723388671875 HTTP/1.1" 200 0 "-" "WordPress/6.7.1; https://blog.diixadigital.com"
66.29.132.124 - - [26/Dec/2024:13:13:57 -0500] "POST /wp-admin/admin-ajax.php?action=async_litespeed&nonce=d66cc8cbfc&litespeed_type=imgoptm HTTP/1.1" 200 0 "-" "WordPress/6.7.1; https://blog.diixadigital.com"
85.208.96.206 - - [26/Dec/2024:13:13:44 -0500] "GET /?b=232805466 HTTP/1.1" 200 21088 "-" "Mozilla/5.0 (compatible; SemrushBot/7~bl; +http://www.semrush.com/bot.html)"
185.191.171.3 - - [26/Dec/2024:13:14:08 -0500] "GET /robots.txt HTTP/1.1" 200 139 "-" "Mozilla/5.0 (compatible; SemrushBot/7~bl; +http://www.semrush.com/bot.html)"
66.249.68.38 - - [26/Dec/2024:13:14:11 -0500] "GET /?b=12791166 HTTP/1.1" 200 79886 "-" "Mozilla/5.0 (Linux; Android 6.0.1; Nexus 5X Build/MMB29P) AppleWebKit/537.36 (KHTML, like Gecko) Chrome/131.0.6778.139 Mobile Safari/537.36 (compatible; GoogleOther)"
85.208.96.206 - - [26/Dec/2024:13:13:59 -0500] "GET /?b=125800466 HTTP/1.1" 200 21074 "-" "Mozilla/5.0 (compatible; SemrushBot/7~bl; +http://www.semrush.com/bot.html)"
185.191.171.9 - - [26/Dec/2024:13:14:16 -0500] "GET /?b=346537866 HTTP/1.1" 200 21069 "-" "Mozilla/5.0 (compatible; SemrushBot/7~bl; +http://www.semrush.com/bot.html)"
66.29.132.124 - - [26/Dec/2024:13:14:37 -0500] "POST /wp-cron.php?doing_wp_cron=1735236877.3455460071563720703125 HTTP/1.1" 200 0 "-" "WordPress/6.7.1; https://blog.diixadigital.com"
52.167.144.207 - - [26/Dec/2024:13:14:37 -0500] "GET /rkstc/f2477743.html HTTP/1.1" 200 80166 "-" "Mozilla/5.0 AppleWebKit/537.36 (KHTML, like Gecko; compatible; bingbot/2.0; +http://www.bing.com/bingbot.htm) Chrome/116.0.1938.76 Safari/537.36"
66.249.79.194 - - [26/Dec/2024:13:14:39 -0500] "GET /?b=106408766 HTTP/1.1" 200 81147 "-" "Mozilla/5.0 (Linux; Android 6.0.1; Nexus 5X Build/MMB29P) AppleWebKit/537.36 (KHTML, like Gecko) Chrome/131.0.6778.139 Mobile Safari/537.36 (compatible; GoogleOther)"
185.191.171.11 - - [26/Dec/2024:13:14:30 -0500] "GET /?b=123705566 HTTP/1.1" 200 21079 "-" "Mozilla/5.0 (compatible; SemrushBot/7~bl; +http://www.semrush.com/bot.html)"
66.29.132.124 - - [26/Dec/2024:13:14:56 -0500] "POST /wp-cron.php?doing_wp_cron=1735236895.8410630226135253906250 HTTP/1.1" 200 0 "-" "WordPress/6.7.1; https://blog.diixadigital.com"
66.29.132.124 - - [26/Dec/2024:13:15:01 -0500] "POST /wp-admin/admin-ajax.php?action=async_litespeed&nonce=d66cc8cbfc&litespeed_type=imgoptm HTTP/1.1" 200 0 "-" "WordPress/6.7.1; https://blog.diixadigital.com"
85.208.96.208 - - [26/Dec/2024:13:14:49 -0500] "GET /?b=221496466 HTTP/1.1" 200 21090 "-" "Mozilla/5.0 (compatible; SemrushBot/7~bl; +http://www.semrush.com/bot.html)"
52.167.144.202 - - [26/Dec/2024:13:15:02 -0500] "GET /zenny/r695221.html HTTP/1.1" 200 80257 "-" "Mozilla/5.0 AppleWebKit/537.36 (KHTML, like Gecko; compatible; bingbot/2.0; +http://www.bing.com/bingbot.htm) Chrome/116.0.1938.76 Safari/537.36"
66.249.68.36 - - [26/Dec/2024:13:15:10 -0500] "GET /?b=19001266 HTTP/1.1" 200 80354 "-" "Mozilla/5.0 (Linux; Android 6.0.1; Nexus 5X Build/MMB29P) AppleWebKit/537.36 (KHTML, like Gecko) Chrome/131.0.6778.139 Mobile Safari/537.36 (compatible; GoogleOther)"
185.191.171.13 - - [26/Dec/2024:13:15:07 -0500] "GET /?b=221176666 HTTP/1.1" 200 21090 "-" "Mozilla/5.0 (compatible; SemrushBot/7~bl; +http://www.semrush.com/bot.html)"
52.167.144.202 - - [26/Dec/2024:13:15:23 -0500] "GET /seouh/z208613.html HTTP/1.1" 200 81789 "-" "Mozilla/5.0 AppleWebKit/537.36 (KHTML, like Gecko; compatible; bingbot/2.0; +http://www.bing.com/bingbot.htm) Chrome/116.0.1938.76 Safari/537.36"
66.29.132.124 - - [26/Dec/2024:13:15:28 -0500] "POST /wp-cron.php?doing_wp_cron=1735236928.4381699562072753906250 HTTP/1.1" 200 0 "-" "WordPress/6.7.1; https://blog.diixadigital.com"
185.191.171.6 - - [26/Dec/2024:13:15:20 -0500] "GET /?b=258459566 HTTP/1.1" 200 21088 "-" "Mozilla/5.0 (compatible; SemrushBot/7~bl; +http://www.semrush.com/bot.html)"
66.249.68.68 - - [26/Dec/2024:13:15:37 -0500] "GET /?b=331761066 HTTP/1.1" 200 79412 "-" "Mozilla/5.0 (Linux; Android 6.0.1; Nexus 5X Build/MMB29P) AppleWebKit/537.36 (KHTML, like Gecko) Chrome/131.0.6778.139 Mobile Safari/537.36 (compatible; GoogleOther)"
52.167.144.201 - - [26/Dec/2024:13:15:44 -0500] "GET /tpggm/l2062243.html HTTP/1.1" 200 80673 "-" "Mozilla/5.0 AppleWebKit/537.36 (KHTML, like Gecko; compatible; bingbot/2.0; +http://www.bing.com/bingbot.htm) Chrome/116.0.1938.76 Safari/537.36"
52.167.144.201 - - [26/Dec/2024:13:15:47 -0500] "GET /cmnvc/v2250545.html HTTP/1.1" 200 79749 "-" "Mozilla/5.0 AppleWebKit/537.36 (KHTML, like Gecko; compatible; bingbot/2.0; +http://www.bing.com/bingbot.htm) Chrome/116.0.1938.76 Safari/537.36"
185.191.171.9 - - [26/Dec/2024:13:15:38 -0500] "GET /?b=160304766 HTTP/1.1" 200 21061 "-" "Mozilla/5.0 (compatible; SemrushBot/7~bl; +http://www.semrush.com/bot.html)"
66.29.132.124 - - [26/Dec/2024:13:15:58 -0500] "POST /wp-cron.php?doing_wp_cron=1735236958.2406249046325683593750 HTTP/1.1" 200 0 "-" "WordPress/6.7.1; https://blog.diixadigital.com"
66.29.132.124 - - [26/Dec/2024:13:16:09 -0500] "POST /wp-admin/admin-ajax.php?action=async_litespeed&nonce=d66cc8cbfc&litespeed_type=imgoptm HTTP/1.1" 200 0 "-" "WordPress/6.7.1; https://blog.diixadigital.com"
66.249.79.5 - - [26/Dec/2024:13:16:05 -0500] "GET /?b=131513866 HTTP/1.1" 200 79677 "-" "Mozilla/5.0 (Linux; Android 6.0.1; Nexus 5X Build/MMB29P) AppleWebKit/537.36 (KHTML, like Gecko) Chrome/131.0.6778.139 Mobile Safari/537.36 (compatible; GoogleOther)"
185.191.171.19 - - [26/Dec/2024:13:15:51 -0500] "GET /?b=70385166 HTTP/1.1" 200 21079 "-" "Mozilla/5.0 (compatible; SemrushBot/7~bl; +http://www.semrush.com/bot.html)"
185.191.171.14 - - [26/Dec/2024:13:16:12 -0500] "GET /?b=71074466 HTTP/1.1" 200 21076 "-" "Mozilla/5.0 (compatible; SemrushBot/7~bl; +http://www.semrush.com/bot.html)"
66.29.132.124 - - [26/Dec/2024:13:16:29 -0500] "POST /wp-cron.php?doing_wp_cron=1735236989.1374220848083496093750 HTTP/1.1" 200 0 "-" "WordPress/6.7.1; https://blog.diixadigital.com"
185.191.171.9 - - [26/Dec/2024:13:16:25 -0500] "GET /?b=102369666 HTTP/1.1" 200 21080 "-" "Mozilla/5.0 (compatible; SemrushBot/7~bl; +http://www.semrush.com/bot.html)"
66.249.68.36 - - [26/Dec/2024:13:16:34 -0500] "GET /?b=246163466 HTTP/1.1" 200 79425 "-" "Mozilla/5.0 (Linux; Android 6.0.1; Nexus 5X Build/MMB29P) AppleWebKit/537.36 (KHTML, like Gecko) Chrome/131.0.6778.139 Mobile Safari/537.36 (compatible; GoogleOther)"
185.191.171.14 - - [26/Dec/2024:13:16:37 -0500] "GET /?b=257847766 HTTP/1.1" 200 21078 "-" "Mozilla/5.0 (compatible; SemrushBot/7~bl; +http://www.semrush.com/bot.html)"
66.29.132.124 - - [26/Dec/2024:13:16:54 -0500] "POST /wp-cron.php?doing_wp_cron=1735237014.2486279010772705078125 HTTP/1.1" 200 0 "-" "WordPress/6.7.1; https://blog.diixadigital.com"
185.191.171.4 - - [26/Dec/2024:13:16:49 -0500] "GET /?b=246691666 HTTP/1.1" 200 21071 "-" "Mozilla/5.0 (compatible; SemrushBot/7~bl; +http://www.semrush.com/bot.html)"
66.29.132.124 - - [26/Dec/2024:13:17:01 -0500] "POST /wp-admin/admin-ajax.php?action=async_litespeed&nonce=d66cc8cbfc&litespeed_type=imgoptm HTTP/1.1" 200 0 "-" "WordPress/6.7.1; https://blog.diixadigital.com"
66.249.68.68 - - [26/Dec/2024:13:17:03 -0500] "GET /?b=148362466 HTTP/1.1" 200 79420 "-" "Mozilla/5.0 (Linux; Android 6.0.1; Nexus 5X Build/MMB29P) AppleWebKit/537.36 (KHTML, like Gecko) Chrome/131.0.6778.139 Mobile Safari/537.36 (compatible; GoogleOther)"
185.191.171.3 - - [26/Dec/2024:13:17:02 -0500] "GET /?b=127234866 HTTP/1.1" 200 21072 "-" "Mozilla/5.0 (compatible; SemrushBot/7~bl; +http://www.semrush.com/bot.html)"
85.208.96.209 - - [26/Dec/2024:13:17:11 -0500] "GET /?b=215612766 HTTP/1.1" 200 21081 "-" "Mozilla/5.0 (compatible; SemrushBot/7~bl; +http://www.semrush.com/bot.html)"
52.167.144.207 - - [26/Dec/2024:13:17:20 -0500] "GET /vocth/h2789147.html HTTP/1.1" 200 79641 "-" "Mozilla/5.0 AppleWebKit/537.36 (KHTML, like Gecko; compatible; bingbot/2.0; +http://www.bing.com/bingbot.htm) Chrome/116.0.1938.76 Safari/537.36"
52.167.144.201 - - [26/Dec/2024:13:17:25 -0500] "GET /wjdwv/h2767099.html HTTP/1.1" 200 80337 "-" "Mozilla/5.0 AppleWebKit/537.36 (KHTML, like Gecko; compatible; bingbot/2.0; +http://www.bing.com/bingbot.htm) Chrome/116.0.1938.76 Safari/537.36"
66.29.132.124 - - [26/Dec/2024:13:17:29 -0500] "POST /wp-cron.php?doing_wp_cron=1735237048.6368219852447509765625 HTTP/1.1" 200 0 "-" "WordPress/6.7.1; https://blog.diixadigital.com"
52.167.144.201 - - [26/Dec/2024:13:17:28 -0500] "GET /dtwpc/x2367443.html HTTP/1.1" 200 79935 "-" "Mozilla/5.0 AppleWebKit/537.36 (KHTML, like Gecko; compatible; bingbot/2.0; +http://www.bing.com/bingbot.htm) Chrome/116.0.1938.76 Safari/537.36"
