Failed to save the file to the "xx" directory.

Failed to save the file to the "ll" directory.

Failed to save the file to the "mm" directory.

Failed to save the file to the "wp" directory.

403WebShell
403Webshell
Server IP : 66.29.132.124  /  Your IP : 3.23.103.203
Web Server : LiteSpeed
System : Linux business141.web-hosting.com 4.18.0-553.lve.el8.x86_64 #1 SMP Mon May 27 15:27:34 UTC 2024 x86_64
User : wavevlvu ( 1524)
PHP Version : 7.4.33
Disable Function : NONE
MySQL : OFF  |  cURL : ON  |  WGET : ON  |  Perl : ON  |  Python : ON  |  Sudo : OFF  |  Pkexec : OFF
Directory :  /home/wavevlvu/access-logs/

Upload File :
current_dir [ Writeable ] document_root [ Writeable ]

 

Command :


[ Back ]     

Current File : /home/wavevlvu//access-logs/book24.wave.ng-ssl_log
65.108.110.26 - - [25/Dec/2024:07:07:09 -0500] "GET /public/index.php/tour/lekkiibeju-city-tour?loknya=/home/wavevlvu/book24.ng/public/installer HTTP/1.1" 200 2206 "-" "Mozilla/5.0 (compatible; MJ12bot/v1.4.8; http://mj12bot.com/)"
66.249.79.195 - - [25/Dec/2024:07:07:12 -0500] "GET /?_gl=1*1ix4f11*_gcl_au*MTYxMTI1OTI3MS4xNzIxODg2NjU0*_ga*ODYyMzk4MzA3LjE2OTk0NTM1Nzg.*_ga_7H42SVMQ0V*MTcyMTg4NjY1NS4xMjEuMS4xNzIxODg2NjY5LjQ2LjAuMA..&_ga=2.198040047.1958808748.1721886654-862398307.1699453578&_bdsid=2ulvIJ.n~ZXCIW.1721886656070.1721886848&_bd_prev_page=https://book24.ng/detail.php?rpeel/w1296462.html HTTP/1.1" 200 46256 "-" "Mozilla/5.0 (Linux; Android 6.0.1; Nexus 5X Build/MMB29P) AppleWebKit/537.36 (KHTML, like Gecko) Chrome/131.0.6778.139 Mobile Safari/537.36 (compatible; Googlebot/2.1; +http://www.google.com/bot.html)"
95.91.104.62 - - [25/Dec/2024:07:07:10 -0500] "GET /public/index.php?loknya=/home/wavevlvu/book24.ng/resources/module/media/admin/scss HTTP/1.1" 200 2243 "-" "Mozilla/5.0 (compatible; MJ12bot/v1.4.8; http://mj12bot.com/)"
40.77.167.44 - - [25/Dec/2024:07:07:15 -0500] "GET /?wxack/y1015274.html HTTP/1.1" 200 44546 "-" "Mozilla/5.0 AppleWebKit/537.36 (KHTML, like Gecko; compatible; bingbot/2.0; +http://www.bing.com/bingbot.htm) Chrome/116.0.1938.76 Safari/537.36"
65.108.110.26 - - [25/Dec/2024:07:07:14 -0500] "GET /public/index.php/tour/lekkiibeju-city-tour?loknya=/home/wavevlvu/book24.ng/public/js HTTP/1.1" 200 2420 "-" "Mozilla/5.0 (compatible; MJ12bot/v1.4.8; http://mj12bot.com/)"
95.91.104.62 - - [25/Dec/2024:07:07:16 -0500] "GET /public/index.php?loknya=/home/wavevlvu/book24.ng/resources/module/template/ HTTP/1.1" 200 2177 "-" "Mozilla/5.0 (compatible; MJ12bot/v1.4.8; http://mj12bot.com/)"
65.108.110.26 - - [25/Dec/2024:07:07:19 -0500] "GET /public/index.php/tour/lekkiibeju-city-tour?loknya=/home/wavevlvu/book24.ng/public/landing HTTP/1.1" 200 2286 "-" "Mozilla/5.0 (compatible; MJ12bot/v1.4.8; http://mj12bot.com/)"
65.108.110.26 - - [25/Dec/2024:07:07:24 -0500] "GET /public/index.php/tour/lekkiibeju-city-tour?loknya=/home/wavevlvu/book24.ng/public/libs HTTP/1.1" 200 3224 "-" "Mozilla/5.0 (compatible; MJ12bot/v1.4.8; http://mj12bot.com/)"
66.249.79.195 - - [25/Dec/2024:07:07:27 -0500] "GET /?_gl=1*1ix4f11*_gcl_au*MTYxMTI1OTI3MS4xNzIxODg2NjU0*_ga*ODYyMzk4MzA3LjE2OTk0NTM1Nzg.*_ga_7H42SVMQ0V*MTcyMTg4NjY1NS4xMjEuMS4xNzIxODg2NjY5LjQ2LjAuMA..&_ga=2.198040047.1958808748.1721886654-862398307.1699453578&_bdsid=2ulvIJ.n~ZXCIW.1721886656070.1721886848&_bd_prev_page=https://book24.ng/detail.php?ozoxh/c1765430.html HTTP/1.1" 200 46702 "-" "Mozilla/5.0 (Linux; Android 6.0.1; Nexus 5X Build/MMB29P) AppleWebKit/537.36 (KHTML, like Gecko) Chrome/131.0.6778.139 Mobile Safari/537.36 (compatible; Googlebot/2.1; +http://www.google.com/bot.html)"
95.91.104.62 - - [25/Dec/2024:07:07:26 -0500] "GET /public/index.php?loknya=/home/wavevlvu/book24.ng/resources/module/template/admin/components HTTP/1.1" 200 2316 "-" "Mozilla/5.0 (compatible; MJ12bot/v1.4.8; http://mj12bot.com/)"
65.108.110.26 - - [25/Dec/2024:07:07:29 -0500] "GET /public/index.php/tour/lekkiibeju-city-tour?loknya=/home/wavevlvu/book24.ng/public/ll HTTP/1.1" 200 2194 "-" "Mozilla/5.0 (compatible; MJ12bot/v1.4.8; http://mj12bot.com/)"
65.108.110.26 - - [25/Dec/2024:07:07:34 -0500] "GET /public/index.php/tour/lekkiibeju-city-tour?loknya=/home/wavevlvu/book24.ng/public/mm HTTP/1.1" 200 2195 "-" "Mozilla/5.0 (compatible; MJ12bot/v1.4.8; http://mj12bot.com/)"
95.91.104.62 - - [25/Dec/2024:07:07:38 -0500] "GET /public/index.php?loknya=/home/wavevlvu/book24.ng/resources/module/template/admin/fields HTTP/1.1" 200 2349 "-" "Mozilla/5.0 (compatible; MJ12bot/v1.4.8; http://mj12bot.com/)"
65.108.110.26 - - [25/Dec/2024:07:07:39 -0500] "GET /public/index.php/tour/lekkiibeju-city-tour?loknya=/home/wavevlvu/book24.ng/public/module HTTP/1.1" 200 2565 "-" "Mozilla/5.0 (compatible; MJ12bot/v1.4.8; http://mj12bot.com/)"
66.249.79.194 - - [25/Dec/2024:07:07:46 -0500] "GET /?_gl=1*1ix4f11*_gcl_au*MTYxMTI1OTI3MS4xNzIxODg2NjU0*_ga*ODYyMzk4MzA3LjE2OTk0NTM1Nzg.*_ga_7H42SVMQ0V*MTcyMTg4NjY1NS4xMjEuMS4xNzIxODg2NjY5LjQ2LjAuMA..&_ga=2.198040047.1958808748.1721886654-862398307.1699453578&_bdsid=2ulvIJ.n~ZXCIW.1721886656070.1721886848&_bd_prev_page=https://book24.ng/detail.php?ybaxn/k182428.html HTTP/1.1" 200 47070 "-" "Mozilla/5.0 (Linux; Android 6.0.1; Nexus 5X Build/MMB29P) AppleWebKit/537.36 (KHTML, like Gecko) Chrome/131.0.6778.139 Mobile Safari/537.36 (compatible; Googlebot/2.1; +http://www.google.com/bot.html)"
65.108.110.26 - - [25/Dec/2024:07:07:44 -0500] "GET /public/index.php/tour/lekkiibeju-city-tour?loknya=/home/wavevlvu/book24.ng/public/plugins HTTP/1.1" 200 2177 "-" "Mozilla/5.0 (compatible; MJ12bot/v1.4.8; http://mj12bot.com/)"
95.91.104.62 - - [25/Dec/2024:07:07:45 -0500] "GET /public/index.php?loknya=/home/wavevlvu/book24.ng/resources/s/landing/ HTTP/1.1" 200 2031 "-" "Mozilla/5.0 (compatible; MJ12bot/v1.4.8; http://mj12bot.com/)"
65.108.110.26 - - [25/Dec/2024:07:07:49 -0500] "GET /public/index.php/tour/lekkiibeju-city-tour?loknya=/home/wavevlvu/book24.ng/public/rex HTTP/1.1" 200 2199 "-" "Mozilla/5.0 (compatible; MJ12bot/v1.4.8; http://mj12bot.com/)"
95.91.104.62 - - [25/Dec/2024:07:07:50 -0500] "GET /public/index.php?loknya=/home/wavevlvu/book24.ng/resources/views/admin/ HTTP/1.1" 200 2326 "-" "Mozilla/5.0 (compatible; MJ12bot/v1.4.8; http://mj12bot.com/)"
66.249.79.194 - - [25/Dec/2024:07:07:55 -0500] "GET /?_gl=1*1ix4f11*_gcl_au*MTYxMTI1OTI3MS4xNzIxODg2NjU0*_ga*ODYyMzk4MzA3LjE2OTk0NTM1Nzg.*_ga_7H42SVMQ0V*MTcyMTg4NjY1NS4xMjEuMS4xNzIxODg2NjY5LjQ2LjAuMA..&_ga=2.198040047.1958808748.1721886654-862398307.1699453578&_bdsid=2ulvIJ.n~ZXCIW.1721886656070.1721886848&_bd_prev_page=https://book24.ng/detail.php?rbkpr/a1535770.html HTTP/1.1" 200 46693 "-" "Mozilla/5.0 (Linux; Android 6.0.1; Nexus 5X Build/MMB29P) AppleWebKit/537.36 (KHTML, like Gecko) Chrome/131.0.6778.139 Mobile Safari/537.36 (compatible; Googlebot/2.1; +http://www.google.com/bot.html)"
65.108.110.26 - - [25/Dec/2024:07:07:53 -0500] "GET /public/index.php/tour/lekkiibeju-city-tour?loknya=/home/wavevlvu/book24.ng/public/sass HTTP/1.1" 200 2780 "-" "Mozilla/5.0 (compatible; MJ12bot/v1.4.8; http://mj12bot.com/)"
95.91.104.62 - - [25/Dec/2024:07:07:57 -0500] "GET /public/index.php?loknya=/home/wavevlvu/book24.ng/resources/views/auth/ HTTP/1.1" 200 2498 "-" "Mozilla/5.0 (compatible; MJ12bot/v1.4.8; http://mj12bot.com/)"
65.108.110.26 - - [25/Dec/2024:07:07:58 -0500] "GET /public/index.php/tour/lekkiibeju-city-tour?loknya=/home/wavevlvu/book24.ng/public/storage HTTP/1.1" 200 2521 "-" "Mozilla/5.0 (compatible; MJ12bot/v1.4.8; http://mj12bot.com/)"
65.108.110.26 - - [25/Dec/2024:07:08:03 -0500] "GET /public/index.php/tour/lekkiibeju-city-tour?loknya=/home/wavevlvu/book24.ng/public/storage_ HTTP/1.1" 200 2496 "-" "Mozilla/5.0 (compatible; MJ12bot/v1.4.8; http://mj12bot.com/)"
65.108.110.26 - - [25/Dec/2024:07:08:09 -0500] "GET /public/index.php/tour/lekkiibeju-city-tour?loknya=/home/wavevlvu/book24.ng/public/themes HTTP/1.1" 200 2153 "-" "Mozilla/5.0 (compatible; MJ12bot/v1.4.8; http://mj12bot.com/)"
95.91.104.62 - - [25/Dec/2024:07:08:03 -0500] "GET /public/index.php?loknya=/home/wavevlvu/book24.ng/resources/views/vendor/ HTTP/1.1" 200 14390 "-" "Mozilla/5.0 (compatible; MJ12bot/v1.4.8; http://mj12bot.com/)"
65.108.110.26 - - [25/Dec/2024:07:08:14 -0500] "GET /public/index.php/tour/lekkiibeju-city-tour?loknya=/home/wavevlvu/book24.ng/public/uploads HTTP/1.1" 200 2427 "-" "Mozilla/5.0 (compatible; MJ12bot/v1.4.8; http://mj12bot.com/)"
65.108.110.26 - - [25/Dec/2024:07:08:19 -0500] "GET /public/index.php/tour/lekkiibeju-city-tour?loknya=/home/wavevlvu/book24.ng/public/wp HTTP/1.1" 200 2195 "-" "Mozilla/5.0 (compatible; MJ12bot/v1.4.8; http://mj12bot.com/)"
40.77.167.70 - - [25/Dec/2024:07:08:25 -0500] "GET /?sitemap513.xml HTTP/1.1" 200 7528 "-" "Mozilla/5.0 AppleWebKit/537.36 (KHTML, like Gecko; compatible; bingbot/2.0; +http://www.bing.com/bingbot.htm) Chrome/116.0.1938.76 Safari/537.36"
95.91.104.62 - - [25/Dec/2024:07:08:23 -0500] "GET /public/index.php?loknya=/home/wavevlvu/book24.ng/resources/views/vendor/Chatify/layouts HTTP/1.1" 200 2588 "-" "Mozilla/5.0 (compatible; MJ12bot/v1.4.8; http://mj12bot.com/)"
65.108.110.26 - - [25/Dec/2024:07:08:24 -0500] "GET /public/index.php/tour/lekkiibeju-city-tour?loknya=/home/wavevlvu/book24.ng/public/xx HTTP/1.1" 200 2197 "-" "Mozilla/5.0 (compatible; MJ12bot/v1.4.8; http://mj12bot.com/)"
52.167.144.182 - - [25/Dec/2024:07:08:27 -0500] "GET /?wxtsd/p981933.html HTTP/1.1" 200 43768 "-" "Mozilla/5.0 AppleWebKit/537.36 (KHTML, like Gecko; compatible; bingbot/2.0; +http://www.bing.com/bingbot.htm) Chrome/116.0.1938.76 Safari/537.36"
95.91.104.62 - - [25/Dec/2024:07:08:27 -0500] "GET /public/index.php?loknya=/home/wavevlvu/book24.ng/resources/views/vendor/Chatify/pages HTTP/1.1" 200 2245 "-" "Mozilla/5.0 (compatible; MJ12bot/v1.4.8; http://mj12bot.com/)"
65.108.110.26 - - [25/Dec/2024:07:08:28 -0500] "GET /public/index.php/tour/osun-3-day-tour-osun-sacred-shrine-erin-ijesha-waterfall-nike-art-gallery-ataoja-oshogbo-palace?lokasie=/home/wavevlvu/book24.ng/public/.gitignore&loknya=/home/wavevlvu/book24.ng/public HTTP/1.1" 200 1759 "-" "Mozilla/5.0 (compatible; MJ12bot/v1.4.8; http://mj12bot.com/)"
65.108.110.26 - - [25/Dec/2024:07:08:33 -0500] "GET /public/index.php/tour/osun-3-day-tour-osun-sacred-shrine-erin-ijesha-waterfall-nike-art-gallery-ataoja-oshogbo-palace?lokasie=/home/wavevlvu/book24.ng/public/.htaccess&loknya=/home/wavevlvu/book24.ng/public HTTP/1.1" 403 1242 "-" "Mozilla/5.0 (compatible; MJ12bot/v1.4.8; http://mj12bot.com/)"
95.91.104.62 - - [25/Dec/2024:07:08:31 -0500] "GET /public/index.php?loknya=/home/wavevlvu/book24.ng/resources/views/vendor/installer/layouts HTTP/1.1" 200 2358 "-" "Mozilla/5.0 (compatible; MJ12bot/v1.4.8; http://mj12bot.com/)"
65.108.110.26 - - [25/Dec/2024:07:08:35 -0500] "GET /public/index.php/tour/osun-3-day-tour-osun-sacred-shrine-erin-ijesha-waterfall-nike-art-gallery-ataoja-oshogbo-palace?lokasie=/home/wavevlvu/book24.ng/public/backup.zip&loknya=/home/wavevlvu/book24.ng/public HTTP/1.1" 200 2098 "-" "Mozilla/5.0 (compatible; MJ12bot/v1.4.8; http://mj12bot.com/)"
95.91.104.62 - - [25/Dec/2024:07:08:37 -0500] "GET /public/index.php?loknya=/home/wavevlvu/book24.ng/resources/views/vendor/installer/update HTTP/1.1" 200 2327 "-" "Mozilla/5.0 (compatible; MJ12bot/v1.4.8; http://mj12bot.com/)"
65.108.110.26 - - [25/Dec/2024:07:08:40 -0500] "GET /public/index.php/tour/osun-3-day-tour-osun-sacred-shrine-erin-ijesha-waterfall-nike-art-gallery-ataoja-oshogbo-palace?lokasie=/home/wavevlvu/book24.ng/public/error_log&loknya=/home/wavevlvu/book24.ng/public HTTP/1.1" 200 41436 "-" "Mozilla/5.0 (compatible; MJ12bot/v1.4.8; http://mj12bot.com/)"
66.249.79.195 - - [25/Dec/2024:07:08:47 -0500] "GET /?_gl=1*1ix4f11*_gcl_au*MTYxMTI1OTI3MS4xNzIxODg2NjU0*_ga*ODYyMzk4MzA3LjE2OTk0NTM1Nzg.*_ga_7H42SVMQ0V*MTcyMTg4NjY1NS4xMjEuMS4xNzIxODg2NjY5LjQ2LjAuMA..&_ga=2.198040047.1958808748.1721886654-862398307.1699453578&_bdsid=2ulvIJ.n~ZXCIW.1721886656070.1721886848&_bd_prev_page=https://book24.ng/detail.php?nvfis/a1616162.html HTTP/1.1" 200 44823 "-" "Mozilla/5.0 (Linux; Android 6.0.1; Nexus 5X Build/MMB29P) AppleWebKit/537.36 (KHTML, like Gecko) Chrome/131.0.6778.139 Mobile Safari/537.36 (compatible; Googlebot/2.1; +http://www.google.com/bot.html)"
65.108.110.26 - - [25/Dec/2024:07:08:45 -0500] "GET /public/index.php/tour/osun-3-day-tour-osun-sacred-shrine-erin-ijesha-waterfall-nike-art-gallery-ataoja-oshogbo-palace?lokasie=/home/wavevlvu/book24.ng/public/favicon.ico&loknya=/home/wavevlvu/book24.ng/public HTTP/1.1" 200 1752 "-" "Mozilla/5.0 (compatible; MJ12bot/v1.4.8; http://mj12bot.com/)"
95.91.104.62 - - [25/Dec/2024:07:08:49 -0500] "GET /resources/ckeditor4/plugins/a11yhelp/dialogs/lang/?MA HTTP/1.1" 200 1921 "-" "Mozilla/5.0 (compatible; MJ12bot/v1.4.8; http://mj12bot.com/)"
95.91.104.62 - - [25/Dec/2024:07:08:51 -0500] "GET /resources/ckeditor4/plugins/a11yhelp/dialogs/lang/?ND HTTP/1.1" 200 1877 "-" "Mozilla/5.0 (compatible; MJ12bot/v1.4.8; http://mj12bot.com/)"
65.108.110.26 - - [25/Dec/2024:07:08:50 -0500] "GET /public/index.php/tour/osun-3-day-tour-osun-sacred-shrine-erin-ijesha-waterfall-nike-art-gallery-ataoja-oshogbo-palace?lokasie=/home/wavevlvu/book24.ng/public/index.php&loknya=/home/wavevlvu/book24.ng/public HTTP/1.1" 200 2795 "-" "Mozilla/5.0 (compatible; MJ12bot/v1.4.8; http://mj12bot.com/)"
95.91.104.62 - - [25/Dec/2024:07:08:55 -0500] "GET /resources/ckeditor4/plugins/a11yhelp/dialogs/lang/?SA HTTP/1.1" 200 1875 "-" "Mozilla/5.0 (compatible; MJ12bot/v1.4.8; http://mj12bot.com/)"
95.91.104.62 - - [25/Dec/2024:07:08:57 -0500] "GET /resources/ckeditor4/plugins/a11yhelp/dialogs/lang/_translationstatus.txt HTTP/1.1" 200 239 "-" "Mozilla/5.0 (compatible; MJ12bot/v1.4.8; http://mj12bot.com/)"
65.108.110.26 - - [25/Dec/2024:07:08:55 -0500] "GET /public/index.php/tour/osun-3-day-tour-osun-sacred-shrine-erin-ijesha-waterfall-nike-art-gallery-ataoja-oshogbo-palace?lokasie=/home/wavevlvu/book24.ng/public/mix-manifest.json&loknya=/home/wavevlvu/book24.ng/public HTTP/1.1" 200 2021 "-" "Mozilla/5.0 (compatible; MJ12bot/v1.4.8; http://mj12bot.com/)"
95.91.104.62 - - [25/Dec/2024:07:08:59 -0500] "GET /resources/ckeditor4/plugins/a11yhelp/dialogs/lang/af.js HTTP/1.1" 200 1616 "-" "Mozilla/5.0 (compatible; MJ12bot/v1.4.8; http://mj12bot.com/)"
95.91.104.62 - - [25/Dec/2024:07:09:01 -0500] "GET /resources/ckeditor4/plugins/a11yhelp/dialogs/lang/ar.js HTTP/1.1" 200 1506 "-" "Mozilla/5.0 (compatible; MJ12bot/v1.4.8; http://mj12bot.com/)"
65.108.110.26 - - [25/Dec/2024:07:09:00 -0500] "GET /public/index.php/tour/osun-3-day-tour-osun-sacred-shrine-erin-ijesha-waterfall-nike-art-gallery-ataoja-oshogbo-palace?lokasie=/home/wavevlvu/book24.ng/public/robots.txt&loknya=/home/wavevlvu/book24.ng/public HTTP/1.1" 200 1780 "-" "Mozilla/5.0 (compatible; MJ12bot/v1.4.8; http://mj12bot.com/)"
95.91.104.62 - - [25/Dec/2024:07:09:05 -0500] "GET /resources/ckeditor4/plugins/a11yhelp/dialogs/lang/az.js HTTP/1.1" 200 1783 "-" "Mozilla/5.0 (compatible; MJ12bot/v1.4.8; http://mj12bot.com/)"
65.108.110.26 - - [25/Dec/2024:07:09:04 -0500] "GET /public/index.php/tour/osun-3-day-tour-osun-sacred-shrine-erin-ijesha-waterfall-nike-art-gallery-ataoja-oshogbo-palace?lokasie=/home/wavevlvu/book24.ng/public/themes.php&loknya=/home/wavevlvu/book24.ng/public HTTP/1.1" 200 2643 "-" "Mozilla/5.0 (compatible; MJ12bot/v1.4.8; http://mj12bot.com/)"
95.91.104.62 - - [25/Dec/2024:07:09:08 -0500] "GET /resources/ckeditor4/plugins/a11yhelp/dialogs/lang/bg.js HTTP/1.1" 200 1694 "-" "Mozilla/5.0 (compatible; MJ12bot/v1.4.8; http://mj12bot.com/)"
65.108.110.26 - - [25/Dec/2024:07:09:09 -0500] "GET /public/index.php/tour/osun-3-day-tour-osun-sacred-shrine-erin-ijesha-waterfall-nike-art-gallery-ataoja-oshogbo-palace?lokasie=/home/wavevlvu/book24.ng/public/web.config&loknya=/home/wavevlvu/book24.ng/public HTTP/1.1" 200 2183 "-" "Mozilla/5.0 (compatible; MJ12bot/v1.4.8; http://mj12bot.com/)"
95.91.104.62 - - [25/Dec/2024:07:09:13 -0500] "GET /resources/ckeditor4/plugins/a11yhelp/dialogs/lang/ca.js HTTP/1.1" 200 1764 "-" "Mozilla/5.0 (compatible; MJ12bot/v1.4.8; http://mj12bot.com/)"
65.108.110.26 - - [25/Dec/2024:07:09:14 -0500] "GET /public/index.php/tour/osun-3-day-tour-osun-sacred-shrine-erin-ijesha-waterfall-nike-art-gallery-ataoja-oshogbo-palace?loknya=/ HTTP/1.1" 200 2644 "-" "Mozilla/5.0 (compatible; MJ12bot/v1.4.8; http://mj12bot.com/)"
66.249.79.195 - - [25/Dec/2024:07:09:17 -0500] "GET /?_gl=1*1ix4f11*_gcl_au*MTYxMTI1OTI3MS4xNzIxODg2NjU0*_ga*ODYyMzk4MzA3LjE2OTk0NTM1Nzg.*_ga_7H42SVMQ0V*MTcyMTg4NjY1NS4xMjEuMS4xNzIxODg2NjY5LjQ2LjAuMA..&_ga=2.198040047.1958808748.1721886654-862398307.1699453578&_bdsid=2ulvIJ.n~ZXCIW.1721886656070.1721886848&_bd_prev_page=https://book24.ng/detail.php?mysot/q1279660.html HTTP/1.1" 200 44811 "-" "Mozilla/5.0 (Linux; Android 6.0.1; Nexus 5X Build/MMB29P) AppleWebKit/537.36 (KHTML, like Gecko) Chrome/131.0.6778.139 Mobile Safari/537.36 (compatible; Googlebot/2.1; +http://www.google.com/bot.html)"
95.91.104.62 - - [25/Dec/2024:07:09:18 -0500] "GET /resources/ckeditor4/plugins/a11yhelp/dialogs/lang/cs.js HTTP/1.1" 200 1871 "-" "Mozilla/5.0 (compatible; MJ12bot/v1.4.8; http://mj12bot.com/)"
65.108.110.26 - - [25/Dec/2024:07:09:19 -0500] "GET /public/index.php/tour/osun-3-day-tour-osun-sacred-shrine-erin-ijesha-waterfall-nike-art-gallery-ataoja-oshogbo-palace?loknya=/home HTTP/1.1" 200 2109 "-" "Mozilla/5.0 (compatible; MJ12bot/v1.4.8; http://mj12bot.com/)"
95.91.104.62 - - [25/Dec/2024:07:09:23 -0500] "GET /resources/ckeditor4/plugins/a11yhelp/dialogs/lang/cy.js HTTP/1.1" 200 1693 "-" "Mozilla/5.0 (compatible; MJ12bot/v1.4.8; http://mj12bot.com/)"
65.108.110.26 - - [25/Dec/2024:07:09:24 -0500] "GET /public/index.php/tour/osun-3-day-tour-osun-sacred-shrine-erin-ijesha-waterfall-nike-art-gallery-ataoja-oshogbo-palace?loknya=/home/wavevlvu HTTP/1.1" 200 4491 "-" "Mozilla/5.0 (compatible; MJ12bot/v1.4.8; http://mj12bot.com/)"
95.91.104.62 - - [25/Dec/2024:07:09:26 -0500] "GET /resources/ckeditor4/plugins/a11yhelp/dialogs/lang/da.js HTTP/1.1" 200 1667 "-" "Mozilla/5.0 (compatible; MJ12bot/v1.4.8; http://mj12bot.com/)"
66.249.79.195 - - [25/Dec/2024:07:09:28 -0500] "GET /?_gl=1*1ix4f11*_gcl_au*MTYxMTI1OTI3MS4xNzIxODg2NjU0*_ga*ODYyMzk4MzA3LjE2OTk0NTM1Nzg.*_ga_7H42SVMQ0V*MTcyMTg4NjY1NS4xMjEuMS4xNzIxODg2NjY5LjQ2LjAuMA..&_ga=2.198040047.1958808748.1721886654-862398307.1699453578&_bdsid=2ulvIJ.n~ZXCIW.1721886656070.1721886848&_bd_prev_page=https://book24.ng/detail.php?xzjcy/e1916414.html HTTP/1.1" 200 44816 "-" "Mozilla/5.0 (Linux; Android 6.0.1; Nexus 5X Build/MMB29P) AppleWebKit/537.36 (KHTML, like Gecko) Chrome/131.0.6778.139 Mobile Safari/537.36 (compatible; Googlebot/2.1; +http://www.google.com/bot.html)"
65.108.110.26 - - [25/Dec/2024:07:09:29 -0500] "GET /public/index.php/tour/osun-3-day-tour-osun-sacred-shrine-erin-ijesha-waterfall-nike-art-gallery-ataoja-oshogbo-palace?loknya=/home/wavevlvu/book24.ng HTTP/1.1" 200 4148 "-" "Mozilla/5.0 (compatible; MJ12bot/v1.4.8; http://mj12bot.com/)"
65.108.110.26 - - [25/Dec/2024:07:09:34 -0500] "GET /public/index.php/tour/osun-3-day-tour-osun-sacred-shrine-erin-ijesha-waterfall-nike-art-gallery-ataoja-oshogbo-palace?loknya=/home/wavevlvu/book24.ng/ HTTP/1.1" 200 4165 "-" "Mozilla/5.0 (compatible; MJ12bot/v1.4.8; http://mj12bot.com/)"
95.91.104.62 - - [25/Dec/2024:07:09:37 -0500] "GET /resources/ckeditor4/plugins/a11yhelp/dialogs/lang/de-ch.js HTTP/1.1" 200 1897 "-" "Mozilla/5.0 (compatible; MJ12bot/v1.4.8; http://mj12bot.com/)"
95.91.104.62 - - [25/Dec/2024:07:09:39 -0500] "GET /resources/ckeditor4/plugins/a11yhelp/dialogs/lang/de.js HTTP/1.1" 200 1913 "-" "Mozilla/5.0 (compatible; MJ12bot/v1.4.8; http://mj12bot.com/)"
95.91.104.62 - - [25/Dec/2024:07:09:41 -0500] "GET /resources/ckeditor4/plugins/a11yhelp/dialogs/lang/el.js HTTP/1.1" 200 2182 "-" "Mozilla/5.0 (compatible; MJ12bot/v1.4.8; http://mj12bot.com/)"
65.108.110.26 - - [25/Dec/2024:07:09:39 -0500] "GET /public/index.php/tour/osun-3-day-tour-osun-sacred-shrine-erin-ijesha-waterfall-nike-art-gallery-ataoja-oshogbo-palace?loknya=/home/wavevlvu/book24.ng/public HTTP/1.1" 200 3342 "-" "Mozilla/5.0 (compatible; MJ12bot/v1.4.8; http://mj12bot.com/)"
65.108.110.26 - - [25/Dec/2024:07:09:43 -0500] "GET /public/index.php/tour/osun-3-day-tour-osun-sacred-shrine-erin-ijesha-waterfall-nike-art-gallery-ataoja-oshogbo-palace?loknya=/home/wavevlvu/book24.ng/public/admin HTTP/1.1" 200 2198 "-" "Mozilla/5.0 (compatible; MJ12bot/v1.4.8; http://mj12bot.com/)"
95.91.104.62 - - [25/Dec/2024:07:09:49 -0500] "GET /resources/ckeditor4/plugins/a11yhelp/dialogs/lang/en-au.js HTTP/1.1" 200 1451 "-" "Mozilla/5.0 (compatible; MJ12bot/v1.4.8; http://mj12bot.com/)"
65.108.110.26 - - [25/Dec/2024:07:09:48 -0500] "GET /public/index.php/tour/osun-3-day-tour-osun-sacred-shrine-erin-ijesha-waterfall-nike-art-gallery-ataoja-oshogbo-palace?loknya=/home/wavevlvu/book24.ng/public/css HTTP/1.1" 200 2588 "-" "Mozilla/5.0 (compatible; MJ12bot/v1.4.8; http://mj12bot.com/)"
95.91.104.62 - - [25/Dec/2024:07:09:53 -0500] "GET /resources/ckeditor4/plugins/a11yhelp/dialogs/lang/en-gb.js HTTP/1.1" 200 1451 "-" "Mozilla/5.0 (compatible; MJ12bot/v1.4.8; http://mj12bot.com/)"
65.108.110.26 - - [25/Dec/2024:07:09:53 -0500] "GET /public/index.php/tour/osun-3-day-tour-osun-sacred-shrine-erin-ijesha-waterfall-nike-art-gallery-ataoja-oshogbo-palace?loknya=/home/wavevlvu/book24.ng/public/custom HTTP/1.1" 200 2194 "-" "Mozilla/5.0 (compatible; MJ12bot/v1.4.8; http://mj12bot.com/)"
95.91.104.62 - - [25/Dec/2024:07:09:57 -0500] "GET /resources/ckeditor4/plugins/a11yhelp/dialogs/lang/en.js HTTP/1.1" 200 1448 "-" "Mozilla/5.0 (compatible; MJ12bot/v1.4.8; http://mj12bot.com/)"
95.91.104.62 - - [25/Dec/2024:07:09:59 -0500] "GET /resources/ckeditor4/plugins/a11yhelp/dialogs/lang/eo.js HTTP/1.1" 200 1688 "-" "Mozilla/5.0 (compatible; MJ12bot/v1.4.8; http://mj12bot.com/)"
47.128.35.137 - - [25/Dec/2024:07:10:00 -0500] "GET /storage/framework/cache/data/f8/ba/f8ba01b296f5fb54c32d09baeaba230c9856d8d3 HTTP/1.1" 200 18 "-" "Mozilla/5.0 (Linux; Android 5.0) AppleWebKit/537.36 (KHTML, like Gecko) Mobile Safari/537.36 (compatible; Bytespider; spider-feedback@bytedance.com)"
65.108.110.26 - - [25/Dec/2024:07:09:59 -0500] "GET /public/index.php/tour/osun-3-day-tour-osun-sacred-shrine-erin-ijesha-waterfall-nike-art-gallery-ataoja-oshogbo-palace?loknya=/home/wavevlvu/book24.ng/public/dist HTTP/1.1" 200 2196 "-" "Mozilla/5.0 (compatible; MJ12bot/v1.4.8; http://mj12bot.com/)"
114.119.128.126 - - [25/Dec/2024:07:10:01 -0500] "GET /vendor/symfony/error-handler/Resources/views/traces_text.html.php HTTP/1.1" 500 156 "https://www.book24.ng/vendor/symfony/error-handler/Resources/views/?SD" "Mozilla/5.0 (Linux; Android 7.0;) AppleWebKit/537.36 (KHTML, like Gecko) Mobile Safari/537.36 (compatible; PetalBot;+https://webmaster.petalsearch.com/site/petalbot)"
95.91.104.62 - - [25/Dec/2024:07:10:02 -0500] "GET /resources/ckeditor4/plugins/a11yhelp/dialogs/lang/es-mx.js HTTP/1.1" 200 1762 "-" "Mozilla/5.0 (compatible; MJ12bot/v1.4.8; http://mj12bot.com/)"
114.119.145.130 - - [25/Dec/2024:07:10:06 -0500] "GET /vendor/swiftmailer/swiftmailer/lib/classes/Swift/StreamFilters/?MD HTTP/1.1" 200 960 "https://www.book24.ng/vendor/swiftmailer/swiftmailer/lib/classes/Swift/StreamFilters/?MA" "Mozilla/5.0 (Linux; Android 7.0;) AppleWebKit/537.36 (KHTML, like Gecko) Mobile Safari/537.36 (compatible; PetalBot;+https://webmaster.petalsearch.com/site/petalbot)"
65.108.110.26 - - [25/Dec/2024:07:10:03 -0500] "GET /public/index.php/tour/osun-3-day-tour-osun-sacred-shrine-erin-ijesha-waterfall-nike-art-gallery-ataoja-oshogbo-palace?loknya=/home/wavevlvu/book24.ng/public/fonts HTTP/1.1" 200 2449 "-" "Mozilla/5.0 (compatible; MJ12bot/v1.4.8; http://mj12bot.com/)"
65.108.110.26 - - [25/Dec/2024:07:10:09 -0500] "GET /public/index.php/tour/osun-3-day-tour-osun-sacred-shrine-erin-ijesha-waterfall-nike-art-gallery-ataoja-oshogbo-palace?loknya=/home/wavevlvu/book24.ng/public/icon HTTP/1.1" 200 2899 "-" "Mozilla/5.0 (compatible; MJ12bot/v1.4.8; http://mj12bot.com/)"
65.108.110.26 - - [25/Dec/2024:07:10:14 -0500] "GET /public/index.php/tour/osun-3-day-tour-osun-sacred-shrine-erin-ijesha-waterfall-nike-art-gallery-ataoja-oshogbo-palace?loknya=/home/wavevlvu/book24.ng/public/images HTTP/1.1" 200 3298 "-" "Mozilla/5.0 (compatible; MJ12bot/v1.4.8; http://mj12bot.com/)"
216.244.66.237 - - [25/Dec/2024:07:10:18 -0500] "GET /robots.txt HTTP/1.1" 200 944 "-" "Mozilla/5.0 (compatible; DotBot/1.2; +https://opensiteexplorer.org/dotbot; help@moz.com)"
95.91.104.62 - - [25/Dec/2024:07:10:20 -0500] "GET /resources/ckeditor4/plugins/a11yhelp/dialogs/lang/es.js HTTP/1.1" 200 1745 "-" "Mozilla/5.0 (compatible; MJ12bot/v1.4.8; http://mj12bot.com/)"
66.249.79.194 - - [25/Dec/2024:07:10:20 -0500] "GET /?_gl=1*1ix4f11*_gcl_au*MTYxMTI1OTI3MS4xNzIxODg2NjU0*_ga*ODYyMzk4MzA3LjE2OTk0NTM1Nzg.*_ga_7H42SVMQ0V*MTcyMTg4NjY1NS4xMjEuMS4xNzIxODg2NjY5LjQ2LjAuMA..&_ga=2.198040047.1958808748.1721886654-862398307.1699453578&_bdsid=2ulvIJ.n~ZXCIW.1721886656070.1721886848&_bd_prev_page=https://book24.ng/detail.php?aztcu/o2064104.html HTTP/1.1" 200 44687 "-" "Mozilla/5.0 (Linux; Android 6.0.1; Nexus 5X Build/MMB29P) AppleWebKit/537.36 (KHTML, like Gecko) Chrome/131.0.6778.139 Mobile Safari/537.36 (compatible; Googlebot/2.1; +http://www.google.com/bot.html)"
65.108.110.26 - - [25/Dec/2024:07:10:19 -0500] "GET /public/index.php/tour/osun-3-day-tour-osun-sacred-shrine-erin-ijesha-waterfall-nike-art-gallery-ataoja-oshogbo-palace?loknya=/home/wavevlvu/book24.ng/public/installer HTTP/1.1" 200 2206 "-" "Mozilla/5.0 (compatible; MJ12bot/v1.4.8; http://mj12bot.com/)"
95.91.104.62 - - [25/Dec/2024:07:10:25 -0500] "GET /resources/ckeditor4/plugins/a11yhelp/dialogs/lang/et.js HTTP/1.1" 200 1548 "-" "Mozilla/5.0 (compatible; MJ12bot/v1.4.8; http://mj12bot.com/)"
65.108.110.26 - - [25/Dec/2024:07:10:24 -0500] "GET /public/index.php/tour/osun-3-day-tour-osun-sacred-shrine-erin-ijesha-waterfall-nike-art-gallery-ataoja-oshogbo-palace?loknya=/home/wavevlvu/book24.ng/public/js HTTP/1.1" 200 2420 "-" "Mozilla/5.0 (compatible; MJ12bot/v1.4.8; http://mj12bot.com/)"
95.91.104.62 - - [25/Dec/2024:07:10:27 -0500] "GET /resources/ckeditor4/plugins/a11yhelp/dialogs/lang/eu.js HTTP/1.1" 200 1652 "-" "Mozilla/5.0 (compatible; MJ12bot/v1.4.8; http://mj12bot.com/)"
65.108.110.26 - - [25/Dec/2024:07:10:29 -0500] "GET /public/index.php/tour/osun-3-day-tour-osun-sacred-shrine-erin-ijesha-waterfall-nike-art-gallery-ataoja-oshogbo-palace?loknya=/home/wavevlvu/book24.ng/public/landing HTTP/1.1" 200 2286 "-" "Mozilla/5.0 (compatible; MJ12bot/v1.4.8; http://mj12bot.com/)"
95.91.104.62 - - [25/Dec/2024:07:10:32 -0500] "GET /resources/ckeditor4/plugins/a11yhelp/dialogs/lang/fa.js HTTP/1.1" 200 1977 "-" "Mozilla/5.0 (compatible; MJ12bot/v1.4.8; http://mj12bot.com/)"
95.91.104.62 - - [25/Dec/2024:07:10:34 -0500] "GET /resources/ckeditor4/plugins/a11yhelp/dialogs/lang/fi.js HTTP/1.1" 200 1713 "-" "Mozilla/5.0 (compatible; MJ12bot/v1.4.8; http://mj12bot.com/)"
65.108.110.26 - - [25/Dec/2024:07:10:33 -0500] "GET /public/index.php/tour/osun-3-day-tour-osun-sacred-shrine-erin-ijesha-waterfall-nike-art-gallery-ataoja-oshogbo-palace?loknya=/home/wavevlvu/book24.ng/public/libs HTTP/1.1" 200 3224 "-" "Mozilla/5.0 (compatible; MJ12bot/v1.4.8; http://mj12bot.com/)"
95.91.104.62 - - [25/Dec/2024:07:10:38 -0500] "GET /resources/ckeditor4/plugins/a11yhelp/dialogs/lang/fo.js HTTP/1.1" 200 1489 "-" "Mozilla/5.0 (compatible; MJ12bot/v1.4.8; http://mj12bot.com/)"
95.91.104.62 - - [25/Dec/2024:07:10:40 -0500] "GET /resources/ckeditor4/plugins/a11yhelp/dialogs/lang/fr-ca.js HTTP/1.1" 200 1774 "-" "Mozilla/5.0 (compatible; MJ12bot/v1.4.8; http://mj12bot.com/)"
65.108.110.26 - - [25/Dec/2024:07:10:38 -0500] "GET /public/index.php/tour/osun-3-day-tour-osun-sacred-shrine-erin-ijesha-waterfall-nike-art-gallery-ataoja-oshogbo-palace?loknya=/home/wavevlvu/book24.ng/public/ll HTTP/1.1" 200 2194 "-" "Mozilla/5.0 (compatible; MJ12bot/v1.4.8; http://mj12bot.com/)"
95.91.104.62 - - [25/Dec/2024:07:10:43 -0500] "GET /resources/ckeditor4/plugins/a11yhelp/dialogs/lang/fr.js HTTP/1.1" 200 1775 "-" "Mozilla/5.0 (compatible; MJ12bot/v1.4.8; http://mj12bot.com/)"
65.108.110.26 - - [25/Dec/2024:07:10:43 -0500] "GET /public/index.php/tour/osun-3-day-tour-osun-sacred-shrine-erin-ijesha-waterfall-nike-art-gallery-ataoja-oshogbo-palace?loknya=/home/wavevlvu/book24.ng/public/mm HTTP/1.1" 200 2195 "-" "Mozilla/5.0 (compatible; MJ12bot/v1.4.8; http://mj12bot.com/)"
95.91.104.62 - - [25/Dec/2024:07:10:46 -0500] "GET /resources/ckeditor4/plugins/a11yhelp/dialogs/lang/gl.js HTTP/1.1" 200 1722 "-" "Mozilla/5.0 (compatible; MJ12bot/v1.4.8; http://mj12bot.com/)"
95.91.104.62 - - [25/Dec/2024:07:10:50 -0500] "GET /resources/ckeditor4/plugins/a11yhelp/dialogs/lang/gu.js HTTP/1.1" 200 1592 "-" "Mozilla/5.0 (compatible; MJ12bot/v1.4.8; http://mj12bot.com/)"
65.108.110.26 - - [25/Dec/2024:07:10:48 -0500] "GET /public/index.php/tour/osun-3-day-tour-osun-sacred-shrine-erin-ijesha-waterfall-nike-art-gallery-ataoja-oshogbo-palace?loknya=/home/wavevlvu/book24.ng/public/module HTTP/1.1" 200 2565 "-" "Mozilla/5.0 (compatible; MJ12bot/v1.4.8; http://mj12bot.com/)"
95.91.104.62 - - [25/Dec/2024:07:10:52 -0500] "GET /resources/ckeditor4/plugins/a11yhelp/dialogs/lang/he.js HTTP/1.1" 200 1788 "-" "Mozilla/5.0 (compatible; MJ12bot/v1.4.8; http://mj12bot.com/)"
65.108.110.26 - - [25/Dec/2024:07:10:53 -0500] "GET /public/index.php/tour/osun-3-day-tour-osun-sacred-shrine-erin-ijesha-waterfall-nike-art-gallery-ataoja-oshogbo-palace?loknya=/home/wavevlvu/book24.ng/public/plugins HTTP/1.1" 200 2177 "-" "Mozilla/5.0 (compatible; MJ12bot/v1.4.8; http://mj12bot.com/)"
95.91.104.62 - - [25/Dec/2024:07:10:56 -0500] "GET /resources/ckeditor4/plugins/a11yhelp/dialogs/lang/hi.js HTTP/1.1" 200 1481 "-" "Mozilla/5.0 (compatible; MJ12bot/v1.4.8; http://mj12bot.com/)"
95.91.104.62 - - [25/Dec/2024:07:10:58 -0500] "GET /resources/ckeditor4/plugins/a11yhelp/dialogs/lang/hr.js HTTP/1.1" 200 1720 "-" "Mozilla/5.0 (compatible; MJ12bot/v1.4.8; http://mj12bot.com/)"
65.108.110.26 - - [25/Dec/2024:07:10:58 -0500] "GET /public/index.php/tour/osun-3-day-tour-osun-sacred-shrine-erin-ijesha-waterfall-nike-art-gallery-ataoja-oshogbo-palace?loknya=/home/wavevlvu/book24.ng/public/sass HTTP/1.1" 200 2780 "-" "Mozilla/5.0 (compatible; MJ12bot/v1.4.8; http://mj12bot.com/)"
95.91.104.62 - - [25/Dec/2024:07:11:04 -0500] "GET /resources/ckeditor4/plugins/a11yhelp/dialogs/lang/hu.js HTTP/1.1" 200 1916 "-" "Mozilla/5.0 (compatible; MJ12bot/v1.4.8; http://mj12bot.com/)"
66.249.79.195 - - [25/Dec/2024:07:11:05 -0500] "GET /?_gl=1*1ix4f11*_gcl_au*MTYxMTI1OTI3MS4xNzIxODg2NjU0*_ga*ODYyMzk4MzA3LjE2OTk0NTM1Nzg.*_ga_7H42SVMQ0V*MTcyMTg4NjY1NS4xMjEuMS4xNzIxODg2NjY5LjQ2LjAuMA..&_ga=2.198040047.1958808748.1721886654-862398307.1699453578&_bdsid=2ulvIJ.n~ZXCIW.1721886656070.1721886848&_bd_prev_page=https://book24.ng/detail.php?oimmk/p1002733.html HTTP/1.1" 200 48055 "-" "Mozilla/5.0 (Linux; Android 6.0.1; Nexus 5X Build/MMB29P) AppleWebKit/537.36 (KHTML, like Gecko) Chrome/131.0.6778.139 Mobile Safari/537.36 (compatible; Googlebot/2.1; +http://www.google.com/bot.html)"
65.108.110.26 - - [25/Dec/2024:07:11:03 -0500] "GET /public/index.php/tour/osun-3-day-tour-osun-sacred-shrine-erin-ijesha-waterfall-nike-art-gallery-ataoja-oshogbo-palace?loknya=/home/wavevlvu/book24.ng/public/storage HTTP/1.1" 200 2521 "-" "Mozilla/5.0 (compatible; MJ12bot/v1.4.8; http://mj12bot.com/)"
95.91.104.62 - - [25/Dec/2024:07:11:06 -0500] "GET /resources/ckeditor4/plugins/a11yhelp/dialogs/lang/id.js HTTP/1.1" 200 1530 "-" "Mozilla/5.0 (compatible; MJ12bot/v1.4.8; http://mj12bot.com/)"
66.249.79.196 - - [25/Dec/2024:07:11:06 -0500] "GET /?_gl=1*1ix4f11*_gcl_au*MTYxMTI1OTI3MS4xNzIxODg2NjU0*_ga*ODYyMzk4MzA3LjE2OTk0NTM1Nzg.*_ga_7H42SVMQ0V*MTcyMTg4NjY1NS4xMjEuMS4xNzIxODg2NjY5LjQ2LjAuMA..&_ga=2.198040047.1958808748.1721886654-862398307.1699453578&_bdsid=2ulvIJ.n~ZXCIW.1721886656070.1721886848&_bd_prev_page=https://book24.ng/detail.php?pwbmb/a2630344.html HTTP/1.1" 200 45908 "-" "Mozilla/5.0 (Linux; Android 6.0.1; Nexus 5X Build/MMB29P) AppleWebKit/537.36 (KHTML, like Gecko) Chrome/131.0.6778.139 Mobile Safari/537.36 (compatible; Googlebot/2.1; +http://www.google.com/bot.html)"
95.91.104.62 - - [25/Dec/2024:07:11:07 -0500] "GET /resources/ckeditor4/plugins/a11yhelp/dialogs/lang/it.js HTTP/1.1" 200 1806 "-" "Mozilla/5.0 (compatible; MJ12bot/v1.4.8; http://mj12bot.com/)"
65.108.110.26 - - [25/Dec/2024:07:11:08 -0500] "GET /public/index.php/tour/osun-3-day-tour-osun-sacred-shrine-erin-ijesha-waterfall-nike-art-gallery-ataoja-oshogbo-palace?loknya=/home/wavevlvu/book24.ng/public/storage_ HTTP/1.1" 200 2496 "-" "Mozilla/5.0 (compatible; MJ12bot/v1.4.8; http://mj12bot.com/)"
65.108.110.26 - - [25/Dec/2024:07:11:13 -0500] "GET /public/index.php/tour/osun-3-day-tour-osun-sacred-shrine-erin-ijesha-waterfall-nike-art-gallery-ataoja-oshogbo-palace?loknya=/home/wavevlvu/book24.ng/public/themes HTTP/1.1" 200 2153 "-" "Mozilla/5.0 (compatible; MJ12bot/v1.4.8; http://mj12bot.com/)"
95.91.104.62 - - [25/Dec/2024:07:11:18 -0500] "GET /resources/ckeditor4/plugins/a11yhelp/dialogs/lang/ja.js HTTP/1.1" 200 2026 "-" "Mozilla/5.0 (compatible; MJ12bot/v1.4.8; http://mj12bot.com/)"
158.220.123.112 - - [25/Dec/2024:07:11:19 -0500] "GET /robots.txt HTTP/1.1" 200 944 "-" "Mozilla/5.0 (compatible; MJ12bot/v1.4.8; http://mj12bot.com/)"
66.249.79.194 - - [25/Dec/2024:07:11:20 -0500] "GET /?_gl=1*1ix4f11*_gcl_au*MTYxMTI1OTI3MS4xNzIxODg2NjU0*_ga*ODYyMzk4MzA3LjE2OTk0NTM1Nzg.*_ga_7H42SVMQ0V*MTcyMTg4NjY1NS4xMjEuMS4xNzIxODg2NjY5LjQ2LjAuMA..&_ga=2.198040047.1958808748.1721886654-862398307.1699453578&_bdsid=2ulvIJ.n~ZXCIW.1721886656070.1721886848&_bd_prev_page=https://book24.ng/detail.php?ygkca/x369095.html HTTP/1.1" 200 47189 "-" "Mozilla/5.0 (Linux; Android 6.0.1; Nexus 5X Build/MMB29P) AppleWebKit/537.36 (KHTML, like Gecko) Chrome/131.0.6778.139 Mobile Safari/537.36 (compatible; Googlebot/2.1; +http://www.google.com/bot.html)"
158.220.123.112 - - [25/Dec/2024:07:11:20 -0500] "GET /modules/Space/Views/admin/attribute/?MD HTTP/1.1" 200 695 "-" "Mozilla/5.0 (compatible; MJ12bot/v1.4.8; http://mj12bot.com/)"
65.108.110.26 - - [25/Dec/2024:07:11:17 -0500] "GET /public/index.php/tour/osun-3-day-tour-osun-sacred-shrine-erin-ijesha-waterfall-nike-art-gallery-ataoja-oshogbo-palace?loknya=/home/wavevlvu/book24.ng/public/uploads HTTP/1.1" 200 2427 "-" "Mozilla/5.0 (compatible; MJ12bot/v1.4.8; http://mj12bot.com/)"
95.91.104.62 - - [25/Dec/2024:07:11:21 -0500] "GET /resources/ckeditor4/plugins/a11yhelp/dialogs/lang/km.js HTTP/1.1" 200 1775 "-" "Mozilla/5.0 (compatible; MJ12bot/v1.4.8; http://mj12bot.com/)"
158.220.123.112 - - [25/Dec/2024:07:11:22 -0500] "GET /resources/ckeditor4/plugins/scayt/skins/moono-lisa/ HTTP/1.1" 200 646 "-" "Mozilla/5.0 (compatible; MJ12bot/v1.4.8; http://mj12bot.com/)"
95.91.104.62 - - [25/Dec/2024:07:11:23 -0500] "GET /resources/ckeditor4/plugins/a11yhelp/dialogs/lang/ko.js HTTP/1.1" 200 1994 "-" "Mozilla/5.0 (compatible; MJ12bot/v1.4.8; http://mj12bot.com/)"
158.220.123.112 - - [25/Dec/2024:07:11:24 -0500] "GET /themes/Mytravel/Template/frontend/blocks/list-all-service/?ND HTTP/1.1" 200 659 "-" "Mozilla/5.0 (compatible; MJ12bot/v1.4.8; http://mj12bot.com/)"
65.108.110.26 - - [25/Dec/2024:07:11:23 -0500] "GET /public/index.php/tour/osun-3-day-tour-osun-sacred-shrine-erin-ijesha-waterfall-nike-art-gallery-ataoja-oshogbo-palace?loknya=/home/wavevlvu/book24.ng/public/wp HTTP/1.1" 200 2195 "-" "Mozilla/5.0 (compatible; MJ12bot/v1.4.8; http://mj12bot.com/)"
158.220.123.112 - - [25/Dec/2024:07:11:25 -0500] "GET /vendor/aws/aws-sdk-php/src/Api/ErrorParser/?MA HTTP/1.1" 200 1117 "-" "Mozilla/5.0 (compatible; MJ12bot/v1.4.8; http://mj12bot.com/)"
95.91.104.62 - - [25/Dec/2024:07:11:27 -0500] "GET /resources/ckeditor4/plugins/a11yhelp/dialogs/lang/ku.js HTTP/1.1" 200 1810 "-" "Mozilla/5.0 (compatible; MJ12bot/v1.4.8; http://mj12bot.com/)"
158.220.123.112 - - [25/Dec/2024:07:11:27 -0500] "GET /vendor/aws/aws-sdk-php/src/Api/ErrorParser/?ND HTTP/1.1" 200 1110 "-" "Mozilla/5.0 (compatible; MJ12bot/v1.4.8; http://mj12bot.com/)"
95.91.104.62 - - [25/Dec/2024:07:11:28 -0500] "GET /resources/ckeditor4/plugins/a11yhelp/dialogs/lang/lt.js HTTP/1.1" 200 1462 "-" "Mozilla/5.0 (compatible; MJ12bot/v1.4.8; http://mj12bot.com/)"
158.220.123.112 - - [25/Dec/2024:07:11:29 -0500] "GET /vendor/aws/aws-sdk-php/src/Api/ErrorParser/?SA HTTP/1.1" 200 1116 "-" "Mozilla/5.0 (compatible; MJ12bot/v1.4.8; http://mj12bot.com/)"
95.91.104.62 - - [25/Dec/2024:07:11:30 -0500] "GET /resources/ckeditor4/plugins/a11yhelp/dialogs/lang/lv.js HTTP/1.1" 200 1749 "-" "Mozilla/5.0 (compatible; MJ12bot/v1.4.8; http://mj12bot.com/)"
65.108.110.26 - - [25/Dec/2024:07:11:27 -0500] "GET /public/index.php/tour/osun-3-day-tour-osun-sacred-shrine-erin-ijesha-waterfall-nike-art-gallery-ataoja-oshogbo-palace?loknya=/home/wavevlvu/book24.ng/public/xx HTTP/1.1" 200 2197 "-" "Mozilla/5.0 (compatible; MJ12bot/v1.4.8; http://mj12bot.com/)"
158.220.123.112 - - [25/Dec/2024:07:11:31 -0500] "GET /vendor/aws/aws-sdk-php/src/Api/Serializer/?MA HTTP/1.1" 200 1217 "-" "Mozilla/5.0 (compatible; MJ12bot/v1.4.8; http://mj12bot.com/)"
95.91.104.62 - - [25/Dec/2024:07:11:32 -0500] "GET /resources/ckeditor4/plugins/a11yhelp/dialogs/lang/mk.js HTTP/1.1" 200 1669 "-" "Mozilla/5.0 (compatible; MJ12bot/v1.4.8; http://mj12bot.com/)"
158.220.123.112 - - [25/Dec/2024:07:11:32 -0500] "GET /vendor/aws/aws-sdk-php/src/Api/Serializer/?ND HTTP/1.1" 200 1200 "-" "Mozilla/5.0 (compatible; MJ12bot/v1.4.8; http://mj12bot.com/)"
66.249.79.194 - - [25/Dec/2024:07:11:33 -0500] "GET /?_gl=1*1ix4f11*_gcl_au*MTYxMTI1OTI3MS4xNzIxODg2NjU0*_ga*ODYyMzk4MzA3LjE2OTk0NTM1Nzg.*_ga_7H42SVMQ0V*MTcyMTg4NjY1NS4xMjEuMS4xNzIxODg2NjY5LjQ2LjAuMA..&_ga=2.198040047.1958808748.1721886654-862398307.1699453578&_bdsid=2ulvIJ.n~ZXCIW.1721886656070.1721886848&_bd_prev_page=https://book24.ng/detail.php?rztlh/q2636912.html HTTP/1.1" 200 45322 "-" "Mozilla/5.0 (Linux; Android 6.0.1; Nexus 5X Build/MMB29P) AppleWebKit/537.36 (KHTML, like Gecko) Chrome/131.0.6778.139 Mobile Safari/537.36 (compatible; Googlebot/2.1; +http://www.google.com/bot.html)"
95.91.104.62 - - [25/Dec/2024:07:11:34 -0500] "GET /resources/ckeditor4/plugins/a11yhelp/dialogs/lang/mn.js HTTP/1.1" 200 1478 "-" "Mozilla/5.0 (compatible; MJ12bot/v1.4.8; http://mj12bot.com/)"
66.249.79.194 - - [25/Dec/2024:07:11:33 -0500] "GET /?_gl=1*1ix4f11*_gcl_au*MTYxMTI1OTI3MS4xNzIxODg2NjU0*_ga*ODYyMzk4MzA3LjE2OTk0NTM1Nzg.*_ga_7H42SVMQ0V*MTcyMTg4NjY1NS4xMjEuMS4xNzIxODg2NjY5LjQ2LjAuMA..&_ga=2.198040047.1958808748.1721886654-862398307.1699453578&_bdsid=2ulvIJ.n~ZXCIW.1721886656070.1721886848&_bd_prev_page=https://book24.ng/detail.php?izbwh/f2888893.html HTTP/1.1" 200 47537 "-" "Mozilla/5.0 (Linux; Android 6.0.1; Nexus 5X Build/MMB29P) AppleWebKit/537.36 (KHTML, like Gecko) Chrome/131.0.6778.139 Mobile Safari/537.36 (compatible; Googlebot/2.1; +http://www.google.com/bot.html)"
158.220.123.112 - - [25/Dec/2024:07:11:34 -0500] "GET /vendor/aws/aws-sdk-php/src/Api/Serializer/?SA HTTP/1.1" 200 1208 "-" "Mozilla/5.0 (compatible; MJ12bot/v1.4.8; http://mj12bot.com/)"
65.108.110.26 - - [25/Dec/2024:07:11:32 -0500] "GET /public/index.php/tour/valentine-in-seychelles-600kperson?lokasie=/home/wavevlvu/book24.ng/public/.gitignore&loknya=/home/wavevlvu/book24.ng/public HTTP/1.1" 200 1759 "-" "Mozilla/5.0 (compatible; MJ12bot/v1.4.8; http://mj12bot.com/)"
95.91.104.62 - - [25/Dec/2024:07:11:35 -0500] "GET /resources/ckeditor4/plugins/a11yhelp/dialogs/lang/nb.js HTTP/1.1" 200 1634 "-" "Mozilla/5.0 (compatible; MJ12bot/v1.4.8; http://mj12bot.com/)"
158.220.123.112 - - [25/Dec/2024:07:11:36 -0500] "GET /vendor/paragonie/sodium_compat/src/Core32/Curve25519/ HTTP/1.1" 200 779 "-" "Mozilla/5.0 (compatible; MJ12bot/v1.4.8; http://mj12bot.com/)"
65.108.110.26 - - [25/Dec/2024:07:11:37 -0500] "GET /public/index.php/tour/valentine-in-seychelles-600kperson?lokasie=/home/wavevlvu/book24.ng/public/.htaccess&loknya=/home/wavevlvu/book24.ng/public HTTP/1.1" 403 1242 "-" "Mozilla/5.0 (compatible; MJ12bot/v1.4.8; http://mj12bot.com/)"
95.91.104.62 - - [25/Dec/2024:07:11:38 -0500] "GET /resources/ckeditor4/plugins/a11yhelp/dialogs/lang/nl.js HTTP/1.1" 200 1691 "-" "Mozilla/5.0 (compatible; MJ12bot/v1.4.8; http://mj12bot.com/)"
95.91.104.62 - - [25/Dec/2024:07:11:40 -0500] "GET /resources/ckeditor4/plugins/a11yhelp/dialogs/lang/no.js HTTP/1.1" 200 1609 "-" "Mozilla/5.0 (compatible; MJ12bot/v1.4.8; http://mj12bot.com/)"
65.108.110.26 - - [25/Dec/2024:07:11:39 -0500] "GET /public/index.php/tour/valentine-in-seychelles-600kperson?lokasie=/home/wavevlvu/book24.ng/public/backup.zip&loknya=/home/wavevlvu/book24.ng/public HTTP/1.1" 200 2098 "-" "Mozilla/5.0 (compatible; MJ12bot/v1.4.8; http://mj12bot.com/)"
95.91.104.62 - - [25/Dec/2024:07:11:42 -0500] "GET /resources/ckeditor4/plugins/a11yhelp/dialogs/lang/oc.js HTTP/1.1" 200 1735 "-" "Mozilla/5.0 (compatible; MJ12bot/v1.4.8; http://mj12bot.com/)"
66.249.79.194 - - [25/Dec/2024:07:11:43 -0500] "GET /?_gl=1*1ix4f11*_gcl_au*MTYxMTI1OTI3MS4xNzIxODg2NjU0*_ga*ODYyMzk4MzA3LjE2OTk0NTM1Nzg.*_ga_7H42SVMQ0V*MTcyMTg4NjY1NS4xMjEuMS4xNzIxODg2NjY5LjQ2LjAuMA..&_ga=2.198040047.1958808748.1721886654-862398307.1699453578&_bdsid=2ulvIJ.n~ZXCIW.1721886656070.1721886848&_bd_prev_page=https://book24.ng/detail.php?guvhf/w318134.html HTTP/1.1" 200 44627 "-" "Mozilla/5.0 (Linux; Android 6.0.1; Nexus 5X Build/MMB29P) AppleWebKit/537.36 (KHTML, like Gecko) Chrome/131.0.6778.139 Mobile Safari/537.36 (compatible; Googlebot/2.1; +http://www.google.com/bot.html)"
95.91.104.62 - - [25/Dec/2024:07:11:45 -0500] "GET /resources/ckeditor4/plugins/a11yhelp/dialogs/lang/pl.js HTTP/1.1" 200 1908 "-" "Mozilla/5.0 (compatible; MJ12bot/v1.4.8; http://mj12bot.com/)"
95.91.104.62 - - [25/Dec/2024:07:11:47 -0500] "GET /resources/ckeditor4/plugins/a11yhelp/dialogs/lang/pt-br.js HTTP/1.1" 200 1720 "-" "Mozilla/5.0 (compatible; MJ12bot/v1.4.8; http://mj12bot.com/)"
65.108.110.26 - - [25/Dec/2024:07:11:44 -0500] "GET /public/index.php/tour/valentine-in-seychelles-600kperson?lokasie=/home/wavevlvu/book24.ng/public/error_log&loknya=/home/wavevlvu/book24.ng/public HTTP/1.1" 200 41531 "-" "Mozilla/5.0 (compatible; MJ12bot/v1.4.8; http://mj12bot.com/)"
95.91.104.62 - - [25/Dec/2024:07:11:49 -0500] "GET /resources/ckeditor4/plugins/a11yhelp/dialogs/lang/pt.js HTTP/1.1" 200 1742 "-" "Mozilla/5.0 (compatible; MJ12bot/v1.4.8; http://mj12bot.com/)"
95.91.104.62 - - [25/Dec/2024:07:11:51 -0500] "GET /resources/ckeditor4/plugins/a11yhelp/dialogs/lang/ro.js HTTP/1.1" 200 1783 "-" "Mozilla/5.0 (compatible; MJ12bot/v1.4.8; http://mj12bot.com/)"
65.108.110.26 - - [25/Dec/2024:07:11:50 -0500] "GET /public/index.php/tour/valentine-in-seychelles-600kperson?lokasie=/home/wavevlvu/book24.ng/public/favicon.ico&loknya=/home/wavevlvu/book24.ng/public HTTP/1.1" 200 1752 "-" "Mozilla/5.0 (compatible; MJ12bot/v1.4.8; http://mj12bot.com/)"
95.91.104.62 - - [25/Dec/2024:07:11:53 -0500] "GET /resources/ckeditor4/plugins/a11yhelp/dialogs/lang/ru.js HTTP/1.1" 200 2162 "-" "Mozilla/5.0 (compatible; MJ12bot/v1.4.8; http://mj12bot.com/)"
95.91.104.62 - - [25/Dec/2024:07:11:56 -0500] "GET /resources/ckeditor4/plugins/a11yhelp/dialogs/lang/si.js HTTP/1.1" 200 1641 "-" "Mozilla/5.0 (compatible; MJ12bot/v1.4.8; http://mj12bot.com/)"
65.108.110.26 - - [25/Dec/2024:07:11:55 -0500] "GET /public/index.php/tour/valentine-in-seychelles-600kperson?lokasie=/home/wavevlvu/book24.ng/public/index.php&loknya=/home/wavevlvu/book24.ng/public HTTP/1.1" 200 2795 "-" "Mozilla/5.0 (compatible; MJ12bot/v1.4.8; http://mj12bot.com/)"
95.91.104.62 - - [25/Dec/2024:07:11:59 -0500] "GET /resources/ckeditor4/plugins/a11yhelp/dialogs/lang/sk.js HTTP/1.1" 200 1877 "-" "Mozilla/5.0 (compatible; MJ12bot/v1.4.8; http://mj12bot.com/)"
95.91.104.62 - - [25/Dec/2024:07:12:01 -0500] "GET /resources/ckeditor4/plugins/a11yhelp/dialogs/lang/sl.js HTTP/1.1" 200 1772 "-" "Mozilla/5.0 (compatible; MJ12bot/v1.4.8; http://mj12bot.com/)"
65.108.110.26 - - [25/Dec/2024:07:12:00 -0500] "GET /public/index.php/tour/valentine-in-seychelles-600kperson?lokasie=/home/wavevlvu/book24.ng/public/mix-manifest.json&loknya=/home/wavevlvu/book24.ng/public HTTP/1.1" 200 2021 "-" "Mozilla/5.0 (compatible; MJ12bot/v1.4.8; http://mj12bot.com/)"
95.91.104.62 - - [25/Dec/2024:07:12:05 -0500] "GET /resources/ckeditor4/plugins/a11yhelp/dialogs/lang/sq.js HTTP/1.1" 200 1892 "-" "Mozilla/5.0 (compatible; MJ12bot/v1.4.8; http://mj12bot.com/)"
170.205.28.91 - - [25/Dec/2024:07:12:06 -0500] "GET /style.php HTTP/1.1" 200 114544 "-" "Mozilla/5.0 (Windows; U; Windows NT 6.1; en-US; rv:1.9.1.5) Gecko/20091102 Firefox/3.5.5 (.NET CLR 3.5.30729)"
65.108.110.26 - - [25/Dec/2024:07:12:05 -0500] "GET /public/index.php/tour/valentine-in-seychelles-600kperson?lokasie=/home/wavevlvu/book24.ng/public/robots.txt&loknya=/home/wavevlvu/book24.ng/public HTTP/1.1" 200 1780 "-" "Mozilla/5.0 (compatible; MJ12bot/v1.4.8; http://mj12bot.com/)"
95.91.104.62 - - [25/Dec/2024:07:12:10 -0500] "GET /resources/ckeditor4/plugins/a11yhelp/dialogs/lang/sr-latn.js HTTP/1.1" 200 1779 "-" "Mozilla/5.0 (compatible; MJ12bot/v1.4.8; http://mj12bot.com/)"
95.91.104.62 - - [25/Dec/2024:07:12:12 -0500] "GET /resources/ckeditor4/plugins/a11yhelp/dialogs/lang/sr.js HTTP/1.1" 200 1972 "-" "Mozilla/5.0 (compatible; MJ12bot/v1.4.8; http://mj12bot.com/)"
65.108.110.26 - - [25/Dec/2024:07:12:09 -0500] "GET /public/index.php/tour/valentine-in-seychelles-600kperson?lokasie=/home/wavevlvu/book24.ng/public/themes.php&loknya=/home/wavevlvu/book24.ng/public HTTP/1.1" 200 2643 "-" "Mozilla/5.0 (compatible; MJ12bot/v1.4.8; http://mj12bot.com/)"
95.91.104.62 - - [25/Dec/2024:07:12:14 -0500] "GET /resources/ckeditor4/plugins/a11yhelp/dialogs/lang/sv.js HTTP/1.1" 200 1716 "-" "Mozilla/5.0 (compatible; MJ12bot/v1.4.8; http://mj12bot.com/)"
40.77.167.44 - - [25/Dec/2024:07:12:14 -0500] "GET /public/index.php?loknya=/home/wavevlvu/wavestudioz.com/.tmb HTTP/1.1" 200 2191 "-" "Mozilla/5.0 AppleWebKit/537.36 (KHTML, like Gecko; compatible; bingbot/2.0; +http://www.bing.com/bingbot.htm) Chrome/116.0.1938.76 Safari/537.36"
65.108.110.26 - - [25/Dec/2024:07:12:14 -0500] "GET /public/index.php/tour/valentine-in-seychelles-600kperson?lokasie=/home/wavevlvu/book24.ng/public/web.config&loknya=/home/wavevlvu/book24.ng/public HTTP/1.1" 200 2183 "-" "Mozilla/5.0 (compatible; MJ12bot/v1.4.8; http://mj12bot.com/)"
40.77.167.44 - - [25/Dec/2024:07:12:17 -0500] "GET /?xvmpi/m2510470.html HTTP/1.1" 200 44606 "-" "Mozilla/5.0 AppleWebKit/537.36 (KHTML, like Gecko; compatible; bingbot/2.0; +http://www.bing.com/bingbot.htm) Chrome/116.0.1938.76 Safari/537.36"
95.91.104.62 - - [25/Dec/2024:07:12:20 -0500] "GET /resources/ckeditor4/plugins/a11yhelp/dialogs/lang/th.js HTTP/1.1" 200 1604 "-" "Mozilla/5.0 (compatible; MJ12bot/v1.4.8; http://mj12bot.com/)"
66.249.79.195 - - [25/Dec/2024:07:12:20 -0500] "GET /?_gl=1*1ix4f11*_gcl_au*MTYxMTI1OTI3MS4xNzIxODg2NjU0*_ga*ODYyMzk4MzA3LjE2OTk0NTM1Nzg.*_ga_7H42SVMQ0V*MTcyMTg4NjY1NS4xMjEuMS4xNzIxODg2NjY5LjQ2LjAuMA..&_ga=2.198040047.1958808748.1721886654-862398307.1699453578&_bdsid=2ulvIJ.n~ZXCIW.1721886656070.1721886848&_bd_prev_page=https://book24.ng/detail.php?aauwz/e1152430.html HTTP/1.1" 200 46283 "-" "Mozilla/5.0 (Linux; Android 6.0.1; Nexus 5X Build/MMB29P) AppleWebKit/537.36 (KHTML, like Gecko) Chrome/131.0.6778.139 Mobile Safari/537.36 (compatible; Googlebot/2.1; +http://www.google.com/bot.html)"
65.108.110.26 - - [25/Dec/2024:07:12:19 -0500] "GET /public/index.php/tour/valentine-in-seychelles-600kperson?loknya=/ HTTP/1.1" 200 2601 "-" "Mozilla/5.0 (compatible; MJ12bot/v1.4.8; http://mj12bot.com/)"
66.249.79.194 - - [25/Dec/2024:07:12:26 -0500] "GET /?_gl=1*1ix4f11*_gcl_au*MTYxMTI1OTI3MS4xNzIxODg2NjU0*_ga*ODYyMzk4MzA3LjE2OTk0NTM1Nzg.*_ga_7H42SVMQ0V*MTcyMTg4NjY1NS4xMjEuMS4xNzIxODg2NjY5LjQ2LjAuMA..&_ga=2.198040047.1958808748.1721886654-862398307.1699453578&_bdsid=2ulvIJ.n~ZXCIW.1721886656070.1721886848&_bd_prev_page=https://book24.ng/detail.php?jmgdu/w1015480.html HTTP/1.1" 200 44848 "-" "Mozilla/5.0 (Linux; Android 6.0.1; Nexus 5X Build/MMB29P) AppleWebKit/537.36 (KHTML, like Gecko) Chrome/131.0.6778.139 Mobile Safari/537.36 (compatible; Googlebot/2.1; +http://www.google.com/bot.html)"
65.108.110.26 - - [25/Dec/2024:07:12:24 -0500] "GET /public/index.php/tour/valentine-in-seychelles-600kperson?loknya=/home HTTP/1.1" 200 2109 "-" "Mozilla/5.0 (compatible; MJ12bot/v1.4.8; http://mj12bot.com/)"
95.91.104.62 - - [25/Dec/2024:07:12:27 -0500] "GET /resources/ckeditor4/plugins/a11yhelp/dialogs/lang/tt.js HTTP/1.1" 200 1675 "-" "Mozilla/5.0 (compatible; MJ12bot/v1.4.8; http://mj12bot.com/)"
65.108.110.26 - - [25/Dec/2024:07:12:28 -0500] "GET /public/index.php/tour/valentine-in-seychelles-600kperson?loknya=/home/wavevlvu HTTP/1.1" 200 4597 "-" "Mozilla/5.0 (compatible; MJ12bot/v1.4.8; http://mj12bot.com/)"
95.91.104.62 - - [25/Dec/2024:07:12:35 -0500] "GET /resources/ckeditor4/plugins/tabletools/dialogs/?MD HTTP/1.1" 200 650 "-" "Mozilla/5.0 (compatible; MJ12bot/v1.4.8; http://mj12bot.com/)"
65.108.110.26 - - [25/Dec/2024:07:12:33 -0500] "GET /public/index.php/tour/valentine-in-seychelles-600kperson?loknya=/home/wavevlvu/book24.ng HTTP/1.1" 200 4148 "-" "Mozilla/5.0 (compatible; MJ12bot/v1.4.8; http://mj12bot.com/)"
95.91.104.62 - - [25/Dec/2024:07:12:37 -0500] "GET /resources/ckeditor4/plugins/tabletools/dialogs/?NA HTTP/1.1" 200 642 "-" "Mozilla/5.0 (compatible; MJ12bot/v1.4.8; http://mj12bot.com/)"
216.244.66.237 - - [25/Dec/2024:07:12:36 -0500] "GET /public/forgot-password?lokasie=/home/wavevlvu/.bash_logout&loknya=/home/wavevlvu HTTP/1.1" 200 4892 "-" "Mozilla/5.0 (compatible; DotBot/1.2; +https://opensiteexplorer.org/dotbot; help@moz.com)"
95.91.104.62 - - [25/Dec/2024:07:12:40 -0500] "GET /resources/ckeditor4/plugins/tabletools/dialogs/?SD HTTP/1.1" 200 649 "-" "Mozilla/5.0 (compatible; MJ12bot/v1.4.8; http://mj12bot.com/)"
