66.249.79.195 - - [25/Dec/2024:07:18:15 -0500] "GET /?_gl=1*1ix4f11*_gcl_au*MTYxMTI1OTI3MS4xNzIxODg2NjU0*_ga*ODYyMzk4MzA3LjE2OTk0NTM1Nzg.*_ga_7H42SVMQ0V*MTcyMTg4NjY1NS4xMjEuMS4xNzIxODg2NjY5LjQ2LjAuMA..&_ga=2.198040047.1958808748.1721886654-862398307.1699453578&_bdsid=2ulvIJ.n~ZXCIW.1721886656070.1721886848&_bd_prev_page=https://book24.ng/detail.php?egjia/p211163.html HTTP/1.1" 200 44806 "-" "Mozilla/5.0 (Linux; Android 6.0.1; Nexus 5X Build/MMB29P) AppleWebKit/537.36 (KHTML, like Gecko) Chrome/131.0.6778.139 Mobile Safari/537.36 (compatible; Googlebot/2.1; +http://www.google.com/bot.html)"
65.108.110.26 - - [25/Dec/2024:07:18:13 -0500] "GET /public/index.php?lokasie=/home/wavevlvu/book24.ng/public/uploads/0000/60/2022/05/27/zannn.jpeg&loknya=/home/wavevlvu/book24.ng/public/uploads/0000/60/2022/05/27 HTTP/1.1" 200 1819 "-" "Mozilla/5.0 (compatible; MJ12bot/v1.4.8; http://mj12bot.com/)"
40.77.167.9 - - [25/Dec/2024:07:18:17 -0500] "GET /?lazis/u986124.html HTTP/1.1" 200 44980 "-" "Mozilla/5.0 AppleWebKit/537.36 (KHTML, like Gecko; compatible; bingbot/2.0; +http://www.bing.com/bingbot.htm) Chrome/116.0.1938.76 Safari/537.36"
66.249.79.195 - - [25/Dec/2024:07:18:18 -0500] "GET /?_gl=1*1ix4f11*_gcl_au*MTYxMTI1OTI3MS4xNzIxODg2NjU0*_ga*ODYyMzk4MzA3LjE2OTk0NTM1Nzg.*_ga_7H42SVMQ0V*MTcyMTg4NjY1NS4xMjEuMS4xNzIxODg2NjY5LjQ2LjAuMA..&_ga=2.198040047.1958808748.1721886654-862398307.1699453578&_bdsid=2ulvIJ.n~ZXCIW.1721886656070.1721886848&_bd_prev_page=https://book24.ng/detail.php?kakgj/v123523.html HTTP/1.1" 200 45355 "-" "Mozilla/5.0 (Linux; Android 6.0.1; Nexus 5X Build/MMB29P) AppleWebKit/537.36 (KHTML, like Gecko) Chrome/131.0.6778.204 Mobile Safari/537.36 (compatible; Googlebot/2.1; +http://www.google.com/bot.html)"
65.108.110.26 - - [25/Dec/2024:07:18:17 -0500] "GET /public/index.php?lokasie=/home/wavevlvu/book24.ng/public/uploads/demo/car/feature/Airbag.svg&loknya=/home/wavevlvu/book24.ng/public/uploads/demo/car/feature HTTP/1.1" 200 3292 "-" "Mozilla/5.0 (compatible; MJ12bot/v1.4.8; http://mj12bot.com/)"
66.249.79.195 - - [25/Dec/2024:07:18:23 -0500] "GET /?_gl=1*1ix4f11*_gcl_au*MTYxMTI1OTI3MS4xNzIxODg2NjU0*_ga*ODYyMzk4MzA3LjE2OTk0NTM1Nzg.*_ga_7H42SVMQ0V*MTcyMTg4NjY1NS4xMjEuMS4xNzIxODg2NjY5LjQ2LjAuMA..&_ga=2.198040047.1958808748.1721886654-862398307.1699453578&_bdsid=2ulvIJ.n~ZXCIW.1721886656070.1721886848&_bd_prev_page=https://book24.ng/detail.php?tamru/y1001702.html HTTP/1.1" 200 45774 "-" "Mozilla/5.0 (Linux; Android 6.0.1; Nexus 5X Build/MMB29P) AppleWebKit/537.36 (KHTML, like Gecko) Chrome/131.0.6778.139 Mobile Safari/537.36 (compatible; Googlebot/2.1; +http://www.google.com/bot.html)"
65.108.110.26 - - [25/Dec/2024:07:18:22 -0500] "GET /public/index.php?lokasie=/home/wavevlvu/book24.ng/public/uploads/demo/car/feature/Radio.svg&loknya=/home/wavevlvu/book24.ng/public/uploads/demo/car/feature HTTP/1.1" 200 2483 "-" "Mozilla/5.0 (compatible; MJ12bot/v1.4.8; http://mj12bot.com/)"
65.108.110.26 - - [25/Dec/2024:07:18:27 -0500] "GET /public/index.php?lokasie=/home/wavevlvu/book24.ng/public/uploads/demo/car/feature/Sensor.svg&loknya=/home/wavevlvu/book24.ng/public/uploads/demo/car/feature HTTP/1.1" 200 3496 "-" "Mozilla/5.0 (compatible; MJ12bot/v1.4.8; http://mj12bot.com/)"
52.167.144.187 - - [25/Dec/2024:07:18:30 -0500] "GET /?ljqlk/v2448677.html HTTP/1.1" 200 45817 "-" "Mozilla/5.0 AppleWebKit/537.36 (KHTML, like Gecko; compatible; bingbot/2.0; +http://www.bing.com/bingbot.htm) Chrome/116.0.1938.76 Safari/537.36"
66.249.79.194 - - [25/Dec/2024:07:18:32 -0500] "GET /?_gl=1*1ix4f11*_gcl_au*MTYxMTI1OTI3MS4xNzIxODg2NjU0*_ga*ODYyMzk4MzA3LjE2OTk0NTM1Nzg.*_ga_7H42SVMQ0V*MTcyMTg4NjY1NS4xMjEuMS4xNzIxODg2NjY5LjQ2LjAuMA..&_ga=2.198040047.1958808748.1721886654-862398307.1699453578&_bdsid=2ulvIJ.n~ZXCIW.1721886656070.1721886848&_bd_prev_page=https://book24.ng/detail.php?ypdlk/x2746587.html HTTP/1.1" 200 44516 "-" "Mozilla/5.0 (Linux; Android 6.0.1; Nexus 5X Build/MMB29P) AppleWebKit/537.36 (KHTML, like Gecko) Chrome/131.0.6778.139 Mobile Safari/537.36 (compatible; Googlebot/2.1; +http://www.google.com/bot.html)"
65.108.110.26 - - [25/Dec/2024:07:18:31 -0500] "GET /public/index.php?lokasie=/home/wavevlvu/book24.ng/public/uploads/demo/car/feature/Speed.svg&loknya=/home/wavevlvu/book24.ng/public/uploads/demo/car/feature HTTP/1.1" 200 3706 "-" "Mozilla/5.0 (compatible; MJ12bot/v1.4.8; http://mj12bot.com/)"
65.108.110.26 - - [25/Dec/2024:07:18:36 -0500] "GET /public/index.php?lokasie=/home/wavevlvu/book24.ng/public/uploads/demo/car/feature/Steering.svg&loknya=/home/wavevlvu/book24.ng/public/uploads/demo/car/feature HTTP/1.1" 200 3526 "-" "Mozilla/5.0 (compatible; MJ12bot/v1.4.8; http://mj12bot.com/)"
52.167.144.187 - - [25/Dec/2024:07:18:40 -0500] "GET /?hauld/v2902481.html HTTP/1.1" 200 45521 "-" "Mozilla/5.0 AppleWebKit/537.36 (KHTML, like Gecko; compatible; bingbot/2.0; +http://www.bing.com/bingbot.htm) Chrome/116.0.1938.76 Safari/537.36"
65.108.110.26 - - [25/Dec/2024:07:18:41 -0500] "GET /public/index.php?lokasie=/home/wavevlvu/book24.ng/public/uploads/demo/car/feature/Windows.svg&loknya=/home/wavevlvu/book24.ng/public/uploads/demo/car/feature HTTP/1.1" 200 2943 "-" "Mozilla/5.0 (compatible; MJ12bot/v1.4.8; http://mj12bot.com/)"
65.108.110.26 - - [25/Dec/2024:07:18:45 -0500] "GET /public/index.php?lokasie=/home/wavevlvu/book24.ng/public/uploads/demo/car/terms/convertibles.jpg&loknya=/home/wavevlvu/book24.ng/public/uploads/demo/car/terms HTTP/1.1" 200 1805 "-" "Mozilla/5.0 (compatible; MJ12bot/v1.4.8; http://mj12bot.com/)"
40.77.167.9 - - [25/Dec/2024:07:18:48 -0500] "GET /?hqdid/h422093.html HTTP/1.1" 200 43779 "-" "Mozilla/5.0 AppleWebKit/537.36 (KHTML, like Gecko; compatible; bingbot/2.0; +http://www.bing.com/bingbot.htm) Chrome/116.0.1938.76 Safari/537.36"
65.108.110.26 - - [25/Dec/2024:07:18:50 -0500] "GET /public/index.php?lokasie=/home/wavevlvu/book24.ng/public/uploads/demo/car/terms/couple.jpg&loknya=/home/wavevlvu/book24.ng/public/uploads/demo/car/terms HTTP/1.1" 200 1803 "-" "Mozilla/5.0 (compatible; MJ12bot/v1.4.8; http://mj12bot.com/)"
65.108.110.26 - - [25/Dec/2024:07:18:55 -0500] "GET /public/index.php?lokasie=/home/wavevlvu/book24.ng/public/uploads/demo/car/terms/hatchback.jpg&loknya=/home/wavevlvu/book24.ng/public/uploads/demo/car/terms HTTP/1.1" 200 1805 "-" "Mozilla/5.0 (compatible; MJ12bot/v1.4.8; http://mj12bot.com/)"
65.108.110.26 - - [25/Dec/2024:07:19:00 -0500] "GET /public/index.php?lokasie=/home/wavevlvu/book24.ng/public/uploads/demo/car/terms/minivans.jpg&loknya=/home/wavevlvu/book24.ng/public/uploads/demo/car/terms HTTP/1.1" 200 1804 "-" "Mozilla/5.0 (compatible; MJ12bot/v1.4.8; http://mj12bot.com/)"
65.108.110.26 - - [25/Dec/2024:07:19:05 -0500] "GET /public/index.php?lokasie=/home/wavevlvu/book24.ng/public/uploads/demo/space/featured-box/icon-space-box-1.png&loknya=/home/wavevlvu/book24.ng/public/uploads/demo/space/featured-box HTTP/1.1" 200 1814 "-" "Mozilla/5.0 (compatible; MJ12bot/v1.4.8; http://mj12bot.com/)"
65.108.110.26 - - [25/Dec/2024:07:19:10 -0500] "GET /public/index.php?lokasie=/home/wavevlvu/book24.ng/public/uploads/demo/space/featured-box/icon-space-box-3.png&loknya=/home/wavevlvu/book24.ng/public/uploads/demo/space/featured-box HTTP/1.1" 200 1814 "-" "Mozilla/5.0 (compatible; MJ12bot/v1.4.8; http://mj12bot.com/)"
65.108.110.26 - - [25/Dec/2024:07:19:14 -0500] "GET /public/index.php?lokasie=/home/wavevlvu/book24.ng/public/uploads/demo/space/featured-box/icon-space-box-4.png&loknya=/home/wavevlvu/book24.ng/public/uploads/demo/space/featured-box HTTP/1.1" 200 1814 "-" "Mozilla/5.0 (compatible; MJ12bot/v1.4.8; http://mj12bot.com/)"
66.249.79.196 - - [25/Dec/2024:07:19:17 -0500] "GET /?_gl=1*1ix4f11*_gcl_au*MTYxMTI1OTI3MS4xNzIxODg2NjU0*_ga*ODYyMzk4MzA3LjE2OTk0NTM1Nzg.*_ga_7H42SVMQ0V*MTcyMTg4NjY1NS4xMjEuMS4xNzIxODg2NjY5LjQ2LjAuMA..&_ga=2.198040047.1958808748.1721886654-862398307.1699453578&_bdsid=2ulvIJ.n~ZXCIW.1721886656070.1721886848&_bd_prev_page=https://book24.ng/detail.php?nlqik/d1005503.html HTTP/1.1" 200 45344 "-" "Mozilla/5.0 (Linux; Android 6.0.1; Nexus 5X Build/MMB29P) AppleWebKit/537.36 (KHTML, like Gecko) Chrome/131.0.6778.139 Mobile Safari/537.36 (compatible; Googlebot/2.1; +http://www.google.com/bot.html)"
66.249.79.195 - - [25/Dec/2024:07:19:18 -0500] "GET /?_gl=1*1ix4f11*_gcl_au*MTYxMTI1OTI3MS4xNzIxODg2NjU0*_ga*ODYyMzk4MzA3LjE2OTk0NTM1Nzg.*_ga_7H42SVMQ0V*MTcyMTg4NjY1NS4xMjEuMS4xNzIxODg2NjY5LjQ2LjAuMA..&_ga=2.198040047.1958808748.1721886654-862398307.1699453578&_bdsid=2ulvIJ.n~ZXCIW.1721886656070.1721886848&_bd_prev_page=https://book24.ng/detail.php?izvac/t1808451.html HTTP/1.1" 200 45932 "-" "Mozilla/5.0 (Linux; Android 6.0.1; Nexus 5X Build/MMB29P) AppleWebKit/537.36 (KHTML, like Gecko) Chrome/131.0.6778.204 Mobile Safari/537.36 (compatible; Googlebot/2.1; +http://www.google.com/bot.html)"
65.108.110.26 - - [25/Dec/2024:07:19:19 -0500] "GET /public/index.php?lokasie=/home/wavevlvu/book24.ng/public/uploads/demo/space/featured-box/icon-space-box-5.png&loknya=/home/wavevlvu/book24.ng/public/uploads/demo/space/featured-box HTTP/1.1" 200 1814 "-" "Mozilla/5.0 (compatible; MJ12bot/v1.4.8; http://mj12bot.com/)"
65.108.110.26 - - [25/Dec/2024:07:19:24 -0500] "GET /public/index.php?lokasie=/home/wavevlvu/book24.ng/public/uploads/demo/space/featured-box/icon-space-box-6.png&loknya=/home/wavevlvu/book24.ng/public/uploads/demo/space/featured-box HTTP/1.1" 200 1814 "-" "Mozilla/5.0 (compatible; MJ12bot/v1.4.8; http://mj12bot.com/)"
66.249.79.194 - - [25/Dec/2024:07:19:28 -0500] "GET /?_gl=1*1ix4f11*_gcl_au*MTYxMTI1OTI3MS4xNzIxODg2NjU0*_ga*ODYyMzk4MzA3LjE2OTk0NTM1Nzg.*_ga_7H42SVMQ0V*MTcyMTg4NjY1NS4xMjEuMS4xNzIxODg2NjY5LjQ2LjAuMA..&_ga=2.198040047.1958808748.1721886654-862398307.1699453578&_bdsid=2ulvIJ.n~ZXCIW.1721886656070.1721886848&_bd_prev_page=https://book24.ng/detail.php?mbfax/u2827054.html HTTP/1.1" 200 44591 "-" "Mozilla/5.0 (Linux; Android 6.0.1; Nexus 5X Build/MMB29P) AppleWebKit/537.36 (KHTML, like Gecko) Chrome/131.0.6778.139 Mobile Safari/537.36 (compatible; Googlebot/2.1; +http://www.google.com/bot.html)"
66.249.79.195 - - [25/Dec/2024:07:19:29 -0500] "GET /?_gl=1*1ix4f11*_gcl_au*MTYxMTI1OTI3MS4xNzIxODg2NjU0*_ga*ODYyMzk4MzA3LjE2OTk0NTM1Nzg.*_ga_7H42SVMQ0V*MTcyMTg4NjY1NS4xMjEuMS4xNzIxODg2NjY5LjQ2LjAuMA..&_ga=2.198040047.1958808748.1721886654-862398307.1699453578&_bdsid=2ulvIJ.n~ZXCIW.1721886656070.1721886848&_bd_prev_page=https://book24.ng/detail.php?lyhvk/q2178714.html HTTP/1.1" 200 45383 "-" "Mozilla/5.0 (Linux; Android 6.0.1; Nexus 5X Build/MMB29P) AppleWebKit/537.36 (KHTML, like Gecko) Chrome/131.0.6778.139 Mobile Safari/537.36 (compatible; Googlebot/2.1; +http://www.google.com/bot.html)"
65.108.110.26 - - [25/Dec/2024:07:19:29 -0500] "GET /public/index.php?lokasie=/home/wavevlvu/book24.ng/public/uploads/demo/space/gallery/space-gallery-1.jpg&loknya=/home/wavevlvu/book24.ng/public/uploads/demo/space/gallery HTTP/1.1" 200 1798 "-" "Mozilla/5.0 (compatible; MJ12bot/v1.4.8; http://mj12bot.com/)"
65.108.110.26 - - [25/Dec/2024:07:19:34 -0500] "GET /public/index.php?lokasie=/home/wavevlvu/book24.ng/public/uploads/demo/space/gallery/space-gallery-2.jpg&loknya=/home/wavevlvu/book24.ng/public/uploads/demo/space/gallery HTTP/1.1" 200 1798 "-" "Mozilla/5.0 (compatible; MJ12bot/v1.4.8; http://mj12bot.com/)"
65.108.110.26 - - [25/Dec/2024:07:19:40 -0500] "GET /public/index.php?lokasie=/home/wavevlvu/book24.ng/public/uploads/demo/space/gallery/space-gallery-3.jpg&loknya=/home/wavevlvu/book24.ng/public/uploads/demo/space/gallery HTTP/1.1" 200 1798 "-" "Mozilla/5.0 (compatible; MJ12bot/v1.4.8; http://mj12bot.com/)"
65.108.110.26 - - [25/Dec/2024:07:19:45 -0500] "GET /public/index.php?lokasie=/home/wavevlvu/book24.ng/public/uploads/demo/space/gallery/space-gallery-4.jpg&loknya=/home/wavevlvu/book24.ng/public/uploads/demo/space/gallery HTTP/1.1" 200 1798 "-" "Mozilla/5.0 (compatible; MJ12bot/v1.4.8; http://mj12bot.com/)"
65.108.110.26 - - [25/Dec/2024:07:19:50 -0500] "GET /public/index.php?lokasie=/home/wavevlvu/book24.ng/public/uploads/demo/space/gallery/space-gallery-5.jpg&loknya=/home/wavevlvu/book24.ng/public/uploads/demo/space/gallery HTTP/1.1" 200 1798 "-" "Mozilla/5.0 (compatible; MJ12bot/v1.4.8; http://mj12bot.com/)"
65.108.110.26 - - [25/Dec/2024:07:19:55 -0500] "GET /public/index.php?lokasie=/home/wavevlvu/book24.ng/public/uploads/demo/space/gallery/space-gallery-6.jpg&loknya=/home/wavevlvu/book24.ng/public/uploads/demo/space/gallery HTTP/1.1" 200 1798 "-" "Mozilla/5.0 (compatible; MJ12bot/v1.4.8; http://mj12bot.com/)"
65.108.110.26 - - [25/Dec/2024:07:19:59 -0500] "GET /public/index.php?lokasie=/home/wavevlvu/book24.ng/public/uploads/demo/space/gallery/space-gallery-7.jpg&loknya=/home/wavevlvu/book24.ng/public/uploads/demo/space/gallery HTTP/1.1" 200 1798 "-" "Mozilla/5.0 (compatible; MJ12bot/v1.4.8; http://mj12bot.com/)"
114.119.145.130 - - [25/Dec/2024:07:20:05 -0500] "GET /vendor/swiftmailer/swiftmailer/lib/classes/Swift/Encoder/?SA HTTP/1.1" 200 933 "https://www.book24.ng/vendor/swiftmailer/swiftmailer/lib/classes/Swift/Encoder/?SD" "Mozilla/5.0 (Linux; Android 7.0;) AppleWebKit/537.36 (KHTML, like Gecko) Mobile Safari/537.36 (compatible; PetalBot;+https://webmaster.petalsearch.com/site/petalbot)"
114.119.150.101 - - [25/Dec/2024:07:20:07 -0500] "GET /vendor/symfony/console/Exception/RuntimeException.php HTTP/1.1" 500 0 "https://www.book24.ng/vendor/symfony/console/Exception/?SD" "Mozilla/5.0 (Linux; Android 7.0;) AppleWebKit/537.36 (KHTML, like Gecko) Mobile Safari/537.36 (compatible; PetalBot;+https://webmaster.petalsearch.com/site/petalbot)"
65.108.110.26 - - [25/Dec/2024:07:20:06 -0500] "GET /public/index.php?lokasie=/home/wavevlvu/book24.ng/resources/admin//index.php&loknya=/home/wavevlvu/book24.ng/resources/admin/ HTTP/1.1" 200 2258 "-" "Mozilla/5.0 (compatible; MJ12bot/v1.4.8; http://mj12bot.com/)"
52.167.144.187 - - [25/Dec/2024:07:20:10 -0500] "GET /?jzntu/j2462939.html HTTP/1.1" 200 43998 "-" "Mozilla/5.0 AppleWebKit/537.36 (KHTML, like Gecko; compatible; bingbot/2.0; +http://www.bing.com/bingbot.htm) Chrome/116.0.1938.76 Safari/537.36"
52.167.144.187 - - [25/Dec/2024:07:20:13 -0500] "GET /?mlzaq/l1515709.html HTTP/1.1" 200 44385 "-" "Mozilla/5.0 AppleWebKit/537.36 (KHTML, like Gecko; compatible; bingbot/2.0; +http://www.bing.com/bingbot.htm) Chrome/116.0.1938.76 Safari/537.36"
65.108.110.26 - - [25/Dec/2024:07:20:12 -0500] "GET /public/index.php?lokasie=/home/wavevlvu/book24.ng/resources/admin/js/ckeditor/uploadAdapter.js&loknya=/home/wavevlvu/book24.ng/resources/admin/js/ckeditor HTTP/1.1" 200 3316 "-" "Mozilla/5.0 (compatible; MJ12bot/v1.4.8; http://mj12bot.com/)"
65.108.110.26 - - [25/Dec/2024:07:20:17 -0500] "GET /public/index.php?lokasie=/home/wavevlvu/book24.ng/resources/admin/js/ckeditor/uploader.js&loknya=/home/wavevlvu/book24.ng/resources/admin/js/ckeditor HTTP/1.1" 200 2371 "-" "Mozilla/5.0 (compatible; MJ12bot/v1.4.8; http://mj12bot.com/)"
66.249.79.194 - - [25/Dec/2024:07:20:24 -0500] "GET /?_gl=1*1ix4f11*_gcl_au*MTYxMTI1OTI3MS4xNzIxODg2NjU0*_ga*ODYyMzk4MzA3LjE2OTk0NTM1Nzg.*_ga_7H42SVMQ0V*MTcyMTg4NjY1NS4xMjEuMS4xNzIxODg2NjY5LjQ2LjAuMA..&_ga=2.198040047.1958808748.1721886654-862398307.1699453578&_bdsid=2ulvIJ.n~ZXCIW.1721886656070.1721886848&_bd_prev_page=https://book24.ng/detail.php?dpsks/t1226129.html HTTP/1.1" 200 45560 "-" "Mozilla/5.0 (Linux; Android 6.0.1; Nexus 5X Build/MMB29P) AppleWebKit/537.36 (KHTML, like Gecko) Chrome/131.0.6778.139 Mobile Safari/537.36 (compatible; Googlebot/2.1; +http://www.google.com/bot.html)"
65.108.110.26 - - [25/Dec/2024:07:20:22 -0500] "GET /public/index.php?lokasie=/home/wavevlvu/book24.ng/resources/admin/js/components/nested-draggable.vue&loknya=/home/wavevlvu/book24.ng/resources/admin/js/components HTTP/1.1" 200 2108 "-" "Mozilla/5.0 (compatible; MJ12bot/v1.4.8; http://mj12bot.com/)"
65.108.110.26 - - [25/Dec/2024:07:20:27 -0500] "GET /public/index.php?lokasie=/home/wavevlvu/book24.ng/resources/admin/scss/responsive/mobile.scss&loknya=/home/wavevlvu/book24.ng/resources/admin/scss/responsive HTTP/1.1" 200 1797 "-" "Mozilla/5.0 (compatible; MJ12bot/v1.4.8; http://mj12bot.com/)"
65.108.110.26 - - [25/Dec/2024:07:20:32 -0500] "GET /public/index.php?lokasie=/home/wavevlvu/book24.ng/resources/admin/scss/responsive/tablet.scss&loknya=/home/wavevlvu/book24.ng/resources/admin/scss/responsive HTTP/1.1" 200 2190 "-" "Mozilla/5.0 (compatible; MJ12bot/v1.4.8; http://mj12bot.com/)"
66.249.79.194 - - [25/Dec/2024:07:20:38 -0500] "GET /?_gl=1*1ix4f11*_gcl_au*MTYxMTI1OTI3MS4xNzIxODg2NjU0*_ga*ODYyMzk4MzA3LjE2OTk0NTM1Nzg.*_ga_7H42SVMQ0V*MTcyMTg4NjY1NS4xMjEuMS4xNzIxODg2NjY5LjQ2LjAuMA..&_ga=2.198040047.1958808748.1721886654-862398307.1699453578&_bdsid=2ulvIJ.n~ZXCIW.1721886656070.1721886848&_bd_prev_page=https://book24.ng/detail.php?ijlna/u858906.html HTTP/1.1" 200 44806 "-" "Mozilla/5.0 (Linux; Android 6.0.1; Nexus 5X Build/MMB29P) AppleWebKit/537.36 (KHTML, like Gecko) Chrome/131.0.6778.139 Mobile Safari/537.36 (compatible; Googlebot/2.1; +http://www.google.com/bot.html)"
65.108.110.26 - - [25/Dec/2024:07:20:37 -0500] "GET /public/index.php?lokasie=/home/wavevlvu/book24.ng/resources/ckeditor//CHANGELOG.md&loknya=/home/wavevlvu/book24.ng/resources/ckeditor/ HTTP/1.1" 200 8532 "-" "Mozilla/5.0 (compatible; MJ12bot/v1.4.8; http://mj12bot.com/)"
65.108.110.26 - - [25/Dec/2024:07:20:42 -0500] "GET /public/index.php?lokasie=/home/wavevlvu/book24.ng/resources/ckeditor//CONTRIBUTING.md&loknya=/home/wavevlvu/book24.ng/resources/ckeditor/ HTTP/1.1" 200 1882 "-" "Mozilla/5.0 (compatible; MJ12bot/v1.4.8; http://mj12bot.com/)"
52.167.144.145 - - [25/Dec/2024:07:20:47 -0500] "GET /?sitemap680.xml HTTP/1.1" 200 7645 "-" "Mozilla/5.0 AppleWebKit/537.36 (KHTML, like Gecko; compatible; bingbot/2.0; +http://www.bing.com/bingbot.htm) Chrome/116.0.1938.76 Safari/537.36"
65.108.110.26 - - [25/Dec/2024:07:20:46 -0500] "GET /public/index.php?lokasie=/home/wavevlvu/book24.ng/resources/ckeditor//LICENSE.md&loknya=/home/wavevlvu/book24.ng/resources/ckeditor/ HTTP/1.1" 200 2374 "-" "Mozilla/5.0 (compatible; MJ12bot/v1.4.8; http://mj12bot.com/)"
65.108.110.26 - - [25/Dec/2024:07:20:51 -0500] "GET /public/index.php?lokasie=/home/wavevlvu/book24.ng/resources/ckeditor//README.md&loknya=/home/wavevlvu/book24.ng/resources/ckeditor/ HTTP/1.1" 200 3154 "-" "Mozilla/5.0 (compatible; MJ12bot/v1.4.8; http://mj12bot.com/)"
40.77.167.64 - - [25/Dec/2024:07:20:57 -0500] "GET /?eftkx/k201746.html HTTP/1.1" 200 44783 "-" "Mozilla/5.0 AppleWebKit/537.36 (KHTML, like Gecko; compatible; bingbot/2.0; +http://www.bing.com/bingbot.htm) Chrome/116.0.1938.76 Safari/537.36"
65.108.110.26 - - [25/Dec/2024:07:20:56 -0500] "GET /public/index.php?lokasie=/home/wavevlvu/book24.ng/resources/ckeditor//package-lock.json&loknya=/home/wavevlvu/book24.ng/resources/ckeditor/ HTTP/1.1" 200 72067 "-" "Mozilla/5.0 (compatible; MJ12bot/v1.4.8; http://mj12bot.com/)"
65.108.110.26 - - [25/Dec/2024:07:21:01 -0500] "GET /public/index.php?lokasie=/home/wavevlvu/book24.ng/resources/ckeditor//package.json&loknya=/home/wavevlvu/book24.ng/resources/ckeditor/ HTTP/1.1" 200 2764 "-" "Mozilla/5.0 (compatible; MJ12bot/v1.4.8; http://mj12bot.com/)"
65.108.110.26 - - [25/Dec/2024:07:21:06 -0500] "GET /public/index.php?lokasie=/home/wavevlvu/book24.ng/resources/ckeditor//webpack.config.js&loknya=/home/wavevlvu/book24.ng/resources/ckeditor/ HTTP/1.1" 200 2645 "-" "Mozilla/5.0 (compatible; MJ12bot/v1.4.8; http://mj12bot.com/)"
66.249.79.196 - - [25/Dec/2024:07:21:11 -0500] "GET /?_gl=1*1ix4f11*_gcl_au*MTYxMTI1OTI3MS4xNzIxODg2NjU0*_ga*ODYyMzk4MzA3LjE2OTk0NTM1Nzg.*_ga_7H42SVMQ0V*MTcyMTg4NjY1NS4xMjEuMS4xNzIxODg2NjY5LjQ2LjAuMA..&_ga=2.198040047.1958808748.1721886654-862398307.1699453578&_bdsid=2ulvIJ.n~ZXCIW.1721886656070.1721886848&_bd_prev_page=https://book24.ng/detail.php?ctvfa/p2868909.html HTTP/1.1" 200 45322 "-" "Mozilla/5.0 (Linux; Android 6.0.1; Nexus 5X Build/MMB29P) AppleWebKit/537.36 (KHTML, like Gecko) Chrome/131.0.6778.139 Mobile Safari/537.36 (compatible; Googlebot/2.1; +http://www.google.com/bot.html)"
65.108.110.26 - - [25/Dec/2024:07:21:11 -0500] "GET /public/index.php?lokasie=/home/wavevlvu/book24.ng/resources/ckeditor/build/translations/ar.js&loknya=/home/wavevlvu/book24.ng/resources/ckeditor/build/translations HTTP/1.1" 200 2764 "-" "Mozilla/5.0 (compatible; MJ12bot/v1.4.8; http://mj12bot.com/)"
65.108.110.26 - - [25/Dec/2024:07:21:16 -0500] "GET /public/index.php?lokasie=/home/wavevlvu/book24.ng/resources/ckeditor/build/translations/ast.js&loknya=/home/wavevlvu/book24.ng/resources/ckeditor/build/translations HTTP/1.1" 200 2624 "-" "Mozilla/5.0 (compatible; MJ12bot/v1.4.8; http://mj12bot.com/)"
65.108.110.26 - - [25/Dec/2024:07:21:20 -0500] "GET /public/index.php?lokasie=/home/wavevlvu/book24.ng/resources/ckeditor/build/translations/az.js&loknya=/home/wavevlvu/book24.ng/resources/ckeditor/build/translations HTTP/1.1" 200 2722 "-" "Mozilla/5.0 (compatible; MJ12bot/v1.4.8; http://mj12bot.com/)"
65.108.110.26 - - [25/Dec/2024:07:21:25 -0500] "GET /public/index.php?lokasie=/home/wavevlvu/book24.ng/resources/ckeditor/build/translations/bg.js&loknya=/home/wavevlvu/book24.ng/resources/ckeditor/build/translations HTTP/1.1" 200 2635 "-" "Mozilla/5.0 (compatible; MJ12bot/v1.4.8; http://mj12bot.com/)"
65.108.110.26 - - [25/Dec/2024:07:21:30 -0500] "GET /public/index.php?lokasie=/home/wavevlvu/book24.ng/resources/ckeditor/build/translations/ca.js&loknya=/home/wavevlvu/book24.ng/resources/ckeditor/build/translations HTTP/1.1" 200 2577 "-" "Mozilla/5.0 (compatible; MJ12bot/v1.4.8; http://mj12bot.com/)"
65.108.110.26 - - [25/Dec/2024:07:21:35 -0500] "GET /public/index.php?lokasie=/home/wavevlvu/book24.ng/resources/ckeditor/build/translations/cs.js&loknya=/home/wavevlvu/book24.ng/resources/ckeditor/build/translations HTTP/1.1" 200 2752 "-" "Mozilla/5.0 (compatible; MJ12bot/v1.4.8; http://mj12bot.com/)"
65.108.110.26 - - [25/Dec/2024:07:21:40 -0500] "GET /public/index.php?lokasie=/home/wavevlvu/book24.ng/resources/ckeditor/build/translations/da.js&loknya=/home/wavevlvu/book24.ng/resources/ckeditor/build/translations HTTP/1.1" 200 2614 "-" "Mozilla/5.0 (compatible; MJ12bot/v1.4.8; http://mj12bot.com/)"
66.249.79.194 - - [25/Dec/2024:07:21:43 -0500] "GET /?_gl=1*1ix4f11*_gcl_au*MTYxMTI1OTI3MS4xNzIxODg2NjU0*_ga*ODYyMzk4MzA3LjE2OTk0NTM1Nzg.*_ga_7H42SVMQ0V*MTcyMTg4NjY1NS4xMjEuMS4xNzIxODg2NjY5LjQ2LjAuMA..&_ga=2.198040047.1958808748.1721886654-862398307.1699453578&_bdsid=2ulvIJ.n~ZXCIW.1721886656070.1721886848&_bd_prev_page=https://book24.ng/detail.php?ovwnf/t462665.html HTTP/1.1" 200 44981 "-" "Mozilla/5.0 (Linux; Android 6.0.1; Nexus 5X Build/MMB29P) AppleWebKit/537.36 (KHTML, like Gecko) Chrome/131.0.6778.139 Mobile Safari/537.36 (compatible; Googlebot/2.1; +http://www.google.com/bot.html)"
65.108.110.26 - - [25/Dec/2024:07:21:45 -0500] "GET /public/index.php?lokasie=/home/wavevlvu/book24.ng/resources/ckeditor/build/translations/de-ch.js&loknya=/home/wavevlvu/book24.ng/resources/ckeditor/build/translations HTTP/1.1" 200 2603 "-" "Mozilla/5.0 (compatible; MJ12bot/v1.4.8; http://mj12bot.com/)"
65.108.110.26 - - [25/Dec/2024:07:21:50 -0500] "GET /public/index.php?lokasie=/home/wavevlvu/book24.ng/resources/ckeditor/build/translations/de.js&loknya=/home/wavevlvu/book24.ng/resources/ckeditor/build/translations HTTP/1.1" 200 2679 "-" "Mozilla/5.0 (compatible; MJ12bot/v1.4.8; http://mj12bot.com/)"
65.108.110.26 - - [25/Dec/2024:07:21:54 -0500] "GET /public/index.php?lokasie=/home/wavevlvu/book24.ng/resources/ckeditor/build/translations/el.js&loknya=/home/wavevlvu/book24.ng/resources/ckeditor/build/translations HTTP/1.1" 200 2855 "-" "Mozilla/5.0 (compatible; MJ12bot/v1.4.8; http://mj12bot.com/)"
47.128.58.17 - - [25/Dec/2024:07:22:00 -0500] "GET /storage/framework/cache/data/40/f6/40f6c4666221bf008a2f7731482b6fe7dc5f3d65 HTTP/1.1" 200 23 "-" "Mozilla/5.0 (Linux; Android 5.0) AppleWebKit/537.36 (KHTML, like Gecko) Mobile Safari/537.36 (compatible; Bytespider; spider-feedback@bytedance.com)"
65.108.110.26 - - [25/Dec/2024:07:21:59 -0500] "GET /public/index.php?lokasie=/home/wavevlvu/book24.ng/resources/ckeditor/build/translations/en-au.js&loknya=/home/wavevlvu/book24.ng/resources/ckeditor/build/translations HTTP/1.1" 200 2554 "-" "Mozilla/5.0 (compatible; MJ12bot/v1.4.8; http://mj12bot.com/)"
66.249.79.196 - - [25/Dec/2024:07:22:02 -0500] "GET /?_gl=1*1ix4f11*_gcl_au*MTYxMTI1OTI3MS4xNzIxODg2NjU0*_ga*ODYyMzk4MzA3LjE2OTk0NTM1Nzg.*_ga_7H42SVMQ0V*MTcyMTg4NjY1NS4xMjEuMS4xNzIxODg2NjY5LjQ2LjAuMA..&_ga=2.198040047.1958808748.1721886654-862398307.1699453578&_bdsid=2ulvIJ.n~ZXCIW.1721886656070.1721886848&_bd_prev_page=https://book24.ng/detail.php?qlvkv/a2518518.html HTTP/1.1" 200 46943 "-" "Mozilla/5.0 (Linux; Android 6.0.1; Nexus 5X Build/MMB29P) AppleWebKit/537.36 (KHTML, like Gecko) Chrome/131.0.6778.139 Mobile Safari/537.36 (compatible; Googlebot/2.1; +http://www.google.com/bot.html)"
65.108.110.26 - - [25/Dec/2024:07:22:04 -0500] "GET /public/index.php?lokasie=/home/wavevlvu/book24.ng/resources/ckeditor/build/translations/eo.js&loknya=/home/wavevlvu/book24.ng/resources/ckeditor/build/translations HTTP/1.1" 200 2635 "-" "Mozilla/5.0 (compatible; MJ12bot/v1.4.8; http://mj12bot.com/)"
66.249.79.194 - - [25/Dec/2024:07:22:07 -0500] "GET /?_gl=1*1ix4f11*_gcl_au*MTYxMTI1OTI3MS4xNzIxODg2NjU0*_ga*ODYyMzk4MzA3LjE2OTk0NTM1Nzg.*_ga_7H42SVMQ0V*MTcyMTg4NjY1NS4xMjEuMS4xNzIxODg2NjY5LjQ2LjAuMA..&_ga=2.198040047.1958808748.1721886654-862398307.1699453578&_bdsid=2ulvIJ.n~ZXCIW.1721886656070.1721886848&_bd_prev_page=https://book24.ng/detail.php?zpxuo/w1599388.html HTTP/1.1" 200 46275 "-" "Mozilla/5.0 (Linux; Android 6.0.1; Nexus 5X Build/MMB29P) AppleWebKit/537.36 (KHTML, like Gecko) Chrome/131.0.6778.139 Mobile Safari/537.36 (compatible; Googlebot/2.1; +http://www.google.com/bot.html)"
65.108.110.26 - - [25/Dec/2024:07:22:09 -0500] "GET /public/index.php?lokasie=/home/wavevlvu/book24.ng/resources/ckeditor/build/translations/es.js&loknya=/home/wavevlvu/book24.ng/resources/ckeditor/build/translations HTTP/1.1" 200 2667 "-" "Mozilla/5.0 (compatible; MJ12bot/v1.4.8; http://mj12bot.com/)"
66.249.79.194 - - [25/Dec/2024:07:22:16 -0500] "GET /?_gl=1*1ix4f11*_gcl_au*MTYxMTI1OTI3MS4xNzIxODg2NjU0*_ga*ODYyMzk4MzA3LjE2OTk0NTM1Nzg.*_ga_7H42SVMQ0V*MTcyMTg4NjY1NS4xMjEuMS4xNzIxODg2NjY5LjQ2LjAuMA..&_ga=2.198040047.1958808748.1721886654-862398307.1699453578&_bdsid=2ulvIJ.n~ZXCIW.1721886656070.1721886848&_bd_prev_page=https://book24.ng/detail.php?wwrlg/s1428408.html HTTP/1.1" 200 44738 "-" "Mozilla/5.0 (Linux; Android 6.0.1; Nexus 5X Build/MMB29P) AppleWebKit/537.36 (KHTML, like Gecko) Chrome/131.0.6778.139 Mobile Safari/537.36 (compatible; Googlebot/2.1; +http://www.google.com/bot.html)"
65.108.110.26 - - [25/Dec/2024:07:22:14 -0500] "GET /public/index.php?lokasie=/home/wavevlvu/book24.ng/resources/ckeditor/build/translations/et.js&loknya=/home/wavevlvu/book24.ng/resources/ckeditor/build/translations HTTP/1.1" 200 2670 "-" "Mozilla/5.0 (compatible; MJ12bot/v1.4.8; http://mj12bot.com/)"
66.249.79.194 - - [25/Dec/2024:07:22:21 -0500] "GET /?_gl=1*1ix4f11*_gcl_au*MTYxMTI1OTI3MS4xNzIxODg2NjU0*_ga*ODYyMzk4MzA3LjE2OTk0NTM1Nzg.*_ga_7H42SVMQ0V*MTcyMTg4NjY1NS4xMjEuMS4xNzIxODg2NjY5LjQ2LjAuMA..&_ga=2.198040047.1958808748.1721886654-862398307.1699453578&_bdsid=2ulvIJ.n~ZXCIW.1721886656070.1721886848&_bd_prev_page=https://book24.ng/detail.php?orwsw/r2299745.html HTTP/1.1" 200 45746 "-" "Mozilla/5.0 (Linux; Android 6.0.1; Nexus 5X Build/MMB29P) AppleWebKit/537.36 (KHTML, like Gecko) Chrome/131.0.6778.139 Mobile Safari/537.36 (compatible; Googlebot/2.1; +http://www.google.com/bot.html)"
65.108.110.26 - - [25/Dec/2024:07:22:19 -0500] "GET /public/index.php?lokasie=/home/wavevlvu/book24.ng/resources/ckeditor/build/translations/eu.js&loknya=/home/wavevlvu/book24.ng/resources/ckeditor/build/translations HTTP/1.1" 200 2628 "-" "Mozilla/5.0 (compatible; MJ12bot/v1.4.8; http://mj12bot.com/)"
65.108.110.26 - - [25/Dec/2024:07:22:24 -0500] "GET /public/index.php?lokasie=/home/wavevlvu/book24.ng/resources/ckeditor/build/translations/fa.js&loknya=/home/wavevlvu/book24.ng/resources/ckeditor/build/translations HTTP/1.1" 200 2873 "-" "Mozilla/5.0 (compatible; MJ12bot/v1.4.8; http://mj12bot.com/)"
65.108.110.26 - - [25/Dec/2024:07:22:29 -0500] "GET /public/index.php?lokasie=/home/wavevlvu/book24.ng/resources/ckeditor/build/translations/fi.js&loknya=/home/wavevlvu/book24.ng/resources/ckeditor/build/translations HTTP/1.1" 200 2647 "-" "Mozilla/5.0 (compatible; MJ12bot/v1.4.8; http://mj12bot.com/)"
65.108.110.26 - - [25/Dec/2024:07:22:34 -0500] "GET /public/index.php?lokasie=/home/wavevlvu/book24.ng/resources/ckeditor/build/translations/fr.js&loknya=/home/wavevlvu/book24.ng/resources/ckeditor/build/translations HTTP/1.1" 200 2708 "-" "Mozilla/5.0 (compatible; MJ12bot/v1.4.8; http://mj12bot.com/)"
65.108.110.26 - - [25/Dec/2024:07:22:38 -0500] "GET /public/index.php?lokasie=/home/wavevlvu/book24.ng/resources/ckeditor/build/translations/gl.js&loknya=/home/wavevlvu/book24.ng/resources/ckeditor/build/translations HTTP/1.1" 200 2701 "-" "Mozilla/5.0 (compatible; MJ12bot/v1.4.8; http://mj12bot.com/)"
65.108.110.26 - - [25/Dec/2024:07:22:43 -0500] "GET /public/index.php?lokasie=/home/wavevlvu/book24.ng/resources/ckeditor/build/translations/gu.js&loknya=/home/wavevlvu/book24.ng/resources/ckeditor/build/translations HTTP/1.1" 200 2681 "-" "Mozilla/5.0 (compatible; MJ12bot/v1.4.8; http://mj12bot.com/)"
65.108.110.26 - - [25/Dec/2024:07:22:48 -0500] "GET /public/index.php?lokasie=/home/wavevlvu/book24.ng/resources/ckeditor/build/translations/he.js&loknya=/home/wavevlvu/book24.ng/resources/ckeditor/build/translations HTTP/1.1" 200 2693 "-" "Mozilla/5.0 (compatible; MJ12bot/v1.4.8; http://mj12bot.com/)"
66.249.79.194 - - [25/Dec/2024:07:22:51 -0500] "GET /public/uploads/0000/1/2022/11/16/anber-res-31.jpg HTTP/1.1" 200 23952 "-" "Googlebot-Image/1.0"
65.108.110.26 - - [25/Dec/2024:07:22:52 -0500] "GET /public/index.php?lokasie=/home/wavevlvu/book24.ng/resources/ckeditor/build/translations/hr.js&loknya=/home/wavevlvu/book24.ng/resources/ckeditor/build/translations HTTP/1.1" 200 2685 "-" "Mozilla/5.0 (compatible; MJ12bot/v1.4.8; http://mj12bot.com/)"
40.77.167.64 - - [25/Dec/2024:07:22:56 -0500] "GET /public/index.php?lokasie=/home/wavevlvu/diixadigital.com/index.php&loknya=/home/wavevlvu/diixadigital.com HTTP/1.1" 200 6569 "-" "Mozilla/5.0 AppleWebKit/537.36 (KHTML, like Gecko; compatible; bingbot/2.0; +http://www.bing.com/bingbot.htm) Chrome/116.0.1938.76 Safari/537.36"
65.108.110.26 - - [25/Dec/2024:07:22:57 -0500] "GET /public/index.php?lokasie=/home/wavevlvu/book24.ng/resources/ckeditor/build/translations/hu.js&loknya=/home/wavevlvu/book24.ng/resources/ckeditor/build/translations HTTP/1.1" 200 2776 "-" "Mozilla/5.0 (compatible; MJ12bot/v1.4.8; http://mj12bot.com/)"
65.108.110.26 - - [25/Dec/2024:07:23:02 -0500] "GET /public/index.php?lokasie=/home/wavevlvu/book24.ng/resources/ckeditor/build/translations/id.js&loknya=/home/wavevlvu/book24.ng/resources/ckeditor/build/translations HTTP/1.1" 200 2583 "-" "Mozilla/5.0 (compatible; MJ12bot/v1.4.8; http://mj12bot.com/)"
65.108.110.26 - - [25/Dec/2024:07:23:07 -0500] "GET /public/index.php?lokasie=/home/wavevlvu/book24.ng/resources/ckeditor/build/translations/it.js&loknya=/home/wavevlvu/book24.ng/resources/ckeditor/build/translations HTTP/1.1" 200 2669 "-" "Mozilla/5.0 (compatible; MJ12bot/v1.4.8; http://mj12bot.com/)"
65.108.110.26 - - [25/Dec/2024:07:23:11 -0500] "GET /public/index.php?lokasie=/home/wavevlvu/book24.ng/resources/ckeditor/build/translations/ja.js&loknya=/home/wavevlvu/book24.ng/resources/ckeditor/build/translations HTTP/1.1" 200 2853 "-" "Mozilla/5.0 (compatible; MJ12bot/v1.4.8; http://mj12bot.com/)"
65.108.110.26 - - [25/Dec/2024:07:23:16 -0500] "GET /public/index.php?lokasie=/home/wavevlvu/book24.ng/resources/ckeditor/build/translations/km.js&loknya=/home/wavevlvu/book24.ng/resources/ckeditor/build/translations HTTP/1.1" 200 2856 "-" "Mozilla/5.0 (compatible; MJ12bot/v1.4.8; http://mj12bot.com/)"
66.249.79.195 - - [25/Dec/2024:07:23:20 -0500] "GET /?_gl=1*1ix4f11*_gcl_au*MTYxMTI1OTI3MS4xNzIxODg2NjU0*_ga*ODYyMzk4MzA3LjE2OTk0NTM1Nzg.*_ga_7H42SVMQ0V*MTcyMTg4NjY1NS4xMjEuMS4xNzIxODg2NjY5LjQ2LjAuMA..&_ga=2.198040047.1958808748.1721886654-862398307.1699453578&_bdsid=2ulvIJ.n~ZXCIW.1721886656070.1721886848&_bd_prev_page=https://book24.ng/detail.php?dxrtn/k174914.html HTTP/1.1" 200 46080 "-" "Mozilla/5.0 (Linux; Android 6.0.1; Nexus 5X Build/MMB29P) AppleWebKit/537.36 (KHTML, like Gecko) Chrome/131.0.6778.139 Mobile Safari/537.36 (compatible; Googlebot/2.1; +http://www.google.com/bot.html)"
65.108.110.26 - - [25/Dec/2024:07:23:21 -0500] "GET /public/index.php?lokasie=/home/wavevlvu/book24.ng/resources/ckeditor/build/translations/kn.js&loknya=/home/wavevlvu/book24.ng/resources/ckeditor/build/translations HTTP/1.1" 200 2845 "-" "Mozilla/5.0 (compatible; MJ12bot/v1.4.8; http://mj12bot.com/)"
66.249.79.34 - - [25/Dec/2024:07:23:25 -0500] "GET /?wrkoo/h73277.html HTTP/1.1" 200 45625 "-" "Mozilla/5.0 (Linux; Android 6.0.1; Nexus 5X Build/MMB29P) AppleWebKit/537.36 (KHTML, like Gecko) Chrome/131.0.6778.139 Mobile Safari/537.36 (compatible; Googlebot/2.1; +http://www.google.com/bot.html)"
65.108.110.26 - - [25/Dec/2024:07:23:26 -0500] "GET /public/index.php?lokasie=/home/wavevlvu/book24.ng/resources/ckeditor/build/translations/ko.js&loknya=/home/wavevlvu/book24.ng/resources/ckeditor/build/translations HTTP/1.1" 200 2740 "-" "Mozilla/5.0 (compatible; MJ12bot/v1.4.8; http://mj12bot.com/)"
65.108.110.26 - - [25/Dec/2024:07:23:30 -0500] "GET /public/index.php?lokasie=/home/wavevlvu/book24.ng/resources/ckeditor/build/translations/ku.js&loknya=/home/wavevlvu/book24.ng/resources/ckeditor/build/translations HTTP/1.1" 200 2919 "-" "Mozilla/5.0 (compatible; MJ12bot/v1.4.8; http://mj12bot.com/)"
65.108.110.26 - - [25/Dec/2024:07:23:35 -0500] "GET /public/index.php?lokasie=/home/wavevlvu/book24.ng/resources/ckeditor/build/translations/lv.js&loknya=/home/wavevlvu/book24.ng/resources/ckeditor/build/translations HTTP/1.1" 200 2609 "-" "Mozilla/5.0 (compatible; MJ12bot/v1.4.8; http://mj12bot.com/)"
65.108.110.26 - - [25/Dec/2024:07:23:40 -0500] "GET /public/index.php?lokasie=/home/wavevlvu/book24.ng/resources/ckeditor/build/translations/nb.js&loknya=/home/wavevlvu/book24.ng/resources/ckeditor/build/translations HTTP/1.1" 200 2644 "-" "Mozilla/5.0 (compatible; MJ12bot/v1.4.8; http://mj12bot.com/)"
65.108.110.26 - - [25/Dec/2024:07:23:44 -0500] "GET /public/index.php?lokasie=/home/wavevlvu/book24.ng/resources/ckeditor/build/translations/ne.js&loknya=/home/wavevlvu/book24.ng/resources/ckeditor/build/translations HTTP/1.1" 200 2951 "-" "Mozilla/5.0 (compatible; MJ12bot/v1.4.8; http://mj12bot.com/)"
65.108.110.26 - - [25/Dec/2024:07:23:49 -0500] "GET /public/index.php?lokasie=/home/wavevlvu/book24.ng/resources/ckeditor/build/translations/nl.js&loknya=/home/wavevlvu/book24.ng/resources/ckeditor/build/translations HTTP/1.1" 200 2652 "-" "Mozilla/5.0 (compatible; MJ12bot/v1.4.8; http://mj12bot.com/)"
65.108.110.26 - - [25/Dec/2024:07:23:54 -0500] "GET /public/index.php?lokasie=/home/wavevlvu/book24.ng/resources/ckeditor/build/translations/no.js&loknya=/home/wavevlvu/book24.ng/resources/ckeditor/build/translations HTTP/1.1" 200 2653 "-" "Mozilla/5.0 (compatible; MJ12bot/v1.4.8; http://mj12bot.com/)"
65.108.110.26 - - [25/Dec/2024:07:23:59 -0500] "GET /public/index.php?lokasie=/home/wavevlvu/book24.ng/resources/ckeditor/build/translations/oc.js&loknya=/home/wavevlvu/book24.ng/resources/ckeditor/build/translations HTTP/1.1" 200 2554 "-" "Mozilla/5.0 (compatible; MJ12bot/v1.4.8; http://mj12bot.com/)"
65.108.110.26 - - [25/Dec/2024:07:24:05 -0500] "GET /public/index.php?lokasie=/home/wavevlvu/book24.ng/resources/ckeditor/build/translations/pl.js&loknya=/home/wavevlvu/book24.ng/resources/ckeditor/build/translations HTTP/1.1" 200 2763 "-" "Mozilla/5.0 (compatible; MJ12bot/v1.4.8; http://mj12bot.com/)"
65.108.110.26 - - [25/Dec/2024:07:24:10 -0500] "GET /public/index.php?lokasie=/home/wavevlvu/book24.ng/resources/ckeditor/build/translations/pt-br.js&loknya=/home/wavevlvu/book24.ng/resources/ckeditor/build/translations HTTP/1.1" 200 2684 "-" "Mozilla/5.0 (compatible; MJ12bot/v1.4.8; http://mj12bot.com/)"
65.108.110.26 - - [25/Dec/2024:07:24:15 -0500] "GET /public/index.php?lokasie=/home/wavevlvu/book24.ng/resources/ckeditor/build/translations/pt.js&loknya=/home/wavevlvu/book24.ng/resources/ckeditor/build/translations HTTP/1.1" 200 2666 "-" "Mozilla/5.0 (compatible; MJ12bot/v1.4.8; http://mj12bot.com/)"
65.108.110.26 - - [25/Dec/2024:07:24:20 -0500] "GET /public/index.php?lokasie=/home/wavevlvu/book24.ng/resources/ckeditor/build/translations/ro.js&loknya=/home/wavevlvu/book24.ng/resources/ckeditor/build/translations HTTP/1.1" 200 2679 "-" "Mozilla/5.0 (compatible; MJ12bot/v1.4.8; http://mj12bot.com/)"
66.249.79.194 - - [25/Dec/2024:07:24:25 -0500] "GET /?_gl=1*1ix4f11*_gcl_au*MTYxMTI1OTI3MS4xNzIxODg2NjU0*_ga*ODYyMzk4MzA3LjE2OTk0NTM1Nzg.*_ga_7H42SVMQ0V*MTcyMTg4NjY1NS4xMjEuMS4xNzIxODg2NjY5LjQ2LjAuMA..&_ga=2.198040047.1958808748.1721886654-862398307.1699453578&_bdsid=2ulvIJ.n~ZXCIW.1721886656070.1721886848&_bd_prev_page=https://book24.ng/detail.php?pyylw/r1713523.html HTTP/1.1" 200 44655 "-" "Mozilla/5.0 (Linux; Android 6.0.1; Nexus 5X Build/MMB29P) AppleWebKit/537.36 (KHTML, like Gecko) Chrome/131.0.6778.139 Mobile Safari/537.36 (compatible; Googlebot/2.1; +http://www.google.com/bot.html)"
65.108.110.26 - - [25/Dec/2024:07:24:25 -0500] "GET /public/index.php?lokasie=/home/wavevlvu/book24.ng/resources/ckeditor/build/translations/ru.js&loknya=/home/wavevlvu/book24.ng/resources/ckeditor/build/translations HTTP/1.1" 200 2936 "-" "Mozilla/5.0 (compatible; MJ12bot/v1.4.8; http://mj12bot.com/)"
65.108.110.26 - - [25/Dec/2024:07:24:30 -0500] "GET /public/index.php?lokasie=/home/wavevlvu/book24.ng/resources/ckeditor/build/translations/si.js&loknya=/home/wavevlvu/book24.ng/resources/ckeditor/build/translations HTTP/1.1" 200 2761 "-" "Mozilla/5.0 (compatible; MJ12bot/v1.4.8; http://mj12bot.com/)"
65.108.110.26 - - [25/Dec/2024:07:24:35 -0500] "GET /public/index.php?lokasie=/home/wavevlvu/book24.ng/resources/ckeditor/build/translations/sk.js&loknya=/home/wavevlvu/book24.ng/resources/ckeditor/build/translations HTTP/1.1" 200 2750 "-" "Mozilla/5.0 (compatible; MJ12bot/v1.4.8; http://mj12bot.com/)"
65.108.110.26 - - [25/Dec/2024:07:24:39 -0500] "GET /public/index.php?lokasie=/home/wavevlvu/book24.ng/resources/ckeditor/build/translations/sq.js&loknya=/home/wavevlvu/book24.ng/resources/ckeditor/build/translations HTTP/1.1" 200 2700 "-" "Mozilla/5.0 (compatible; MJ12bot/v1.4.8; http://mj12bot.com/)"
65.108.110.26 - - [25/Dec/2024:07:24:44 -0500] "GET /public/index.php?lokasie=/home/wavevlvu/book24.ng/resources/ckeditor/build/translations/sr-latn.js&loknya=/home/wavevlvu/book24.ng/resources/ckeditor/build/translations HTTP/1.1" 200 2702 "-" "Mozilla/5.0 (compatible; MJ12bot/v1.4.8; http://mj12bot.com/)"
65.108.110.26 - - [25/Dec/2024:07:24:49 -0500] "GET /public/index.php?lokasie=/home/wavevlvu/book24.ng/resources/ckeditor/build/translations/sr.js&loknya=/home/wavevlvu/book24.ng/resources/ckeditor/build/translations HTTP/1.1" 200 2945 "-" "Mozilla/5.0 (compatible; MJ12bot/v1.4.8; http://mj12bot.com/)"
65.108.110.26 - - [25/Dec/2024:07:24:53 -0500] "GET /public/index.php?lokasie=/home/wavevlvu/book24.ng/resources/ckeditor/build/translations/sv.js&loknya=/home/wavevlvu/book24.ng/resources/ckeditor/build/translations HTTP/1.1" 200 2637 "-" "Mozilla/5.0 (compatible; MJ12bot/v1.4.8; http://mj12bot.com/)"
114.119.150.101 - - [25/Dec/2024:07:24:59 -0500] "GET /vendor/symfony/console/Descriptor/Descriptor.php HTTP/1.1" 500 0 "https://www.book24.ng/vendor/symfony/console/Descriptor/?ND" "Mozilla/5.0 (Linux; Android 7.0;) AppleWebKit/537.36 (KHTML, like Gecko) Mobile Safari/537.36 (compatible; PetalBot;+https://webmaster.petalsearch.com/site/petalbot)"
66.249.79.195 - - [25/Dec/2024:07:25:00 -0500] "GET /?_gl=1*1ix4f11*_gcl_au*MTYxMTI1OTI3MS4xNzIxODg2NjU0*_ga*ODYyMzk4MzA3LjE2OTk0NTM1Nzg.*_ga_7H42SVMQ0V*MTcyMTg4NjY1NS4xMjEuMS4xNzIxODg2NjY5LjQ2LjAuMA..&_ga=2.198040047.1958808748.1721886654-862398307.1699453578&_bdsid=2ulvIJ.n~ZXCIW.1721886656070.1721886848&_bd_prev_page=https://book24.ng/detail.php?tbbhy/x497977.html HTTP/1.1" 200 45728 "-" "Mozilla/5.0 (Linux; Android 6.0.1; Nexus 5X Build/MMB29P) AppleWebKit/537.36 (KHTML, like Gecko) Chrome/131.0.6778.204 Mobile Safari/537.36 (compatible; Googlebot/2.1; +http://www.google.com/bot.html)"
65.108.110.26 - - [25/Dec/2024:07:24:58 -0500] "GET /public/index.php?lokasie=/home/wavevlvu/book24.ng/resources/ckeditor/build/translations/tr.js&loknya=/home/wavevlvu/book24.ng/resources/ckeditor/build/translations HTTP/1.1" 200 2739 "-" "Mozilla/5.0 (compatible; MJ12bot/v1.4.8; http://mj12bot.com/)"
114.119.167.129 - - [25/Dec/2024:07:25:05 -0500] "GET /vendor/stripe/stripe-php/lib/Issuing/?MA HTTP/1.1" 200 1318 "https://www.book24.ng/vendor/stripe/stripe-php/lib/Issuing/?SA" "Mozilla/5.0 (Linux; Android 7.0;) AppleWebKit/537.36 (KHTML, like Gecko) Mobile Safari/537.36 (compatible; PetalBot;+https://webmaster.petalsearch.com/site/petalbot)"
65.108.110.26 - - [25/Dec/2024:07:25:03 -0500] "GET /public/index.php?lokasie=/home/wavevlvu/book24.ng/resources/ckeditor/build/translations/tt.js&loknya=/home/wavevlvu/book24.ng/resources/ckeditor/build/translations HTTP/1.1" 200 2594 "-" "Mozilla/5.0 (compatible; MJ12bot/v1.4.8; http://mj12bot.com/)"
66.249.79.194 - - [25/Dec/2024:07:25:10 -0500] "GET /?_gl=1*1ix4f11*_gcl_au*MTYxMTI1OTI3MS4xNzIxODg2NjU0*_ga*ODYyMzk4MzA3LjE2OTk0NTM1Nzg.*_ga_7H42SVMQ0V*MTcyMTg4NjY1NS4xMjEuMS4xNzIxODg2NjY5LjQ2LjAuMA..&_ga=2.198040047.1958808748.1721886654-862398307.1699453578&_bdsid=2ulvIJ.n~ZXCIW.1721886656070.1721886848&_bd_prev_page=https://book24.ng/detail.php?noulo/s167226.html HTTP/1.1" 200 44454 "-" "Mozilla/5.0 (Linux; Android 6.0.1; Nexus 5X Build/MMB29P) AppleWebKit/537.36 (KHTML, like Gecko) Chrome/131.0.6778.139 Mobile Safari/537.36 (compatible; Googlebot/2.1; +http://www.google.com/bot.html)"
65.108.110.26 - - [25/Dec/2024:07:25:09 -0500] "GET /public/index.php?lokasie=/home/wavevlvu/book24.ng/resources/ckeditor/build/translations/ug.js&loknya=/home/wavevlvu/book24.ng/resources/ckeditor/build/translations HTTP/1.1" 200 2857 "-" "Mozilla/5.0 (compatible; MJ12bot/v1.4.8; http://mj12bot.com/)"
65.108.110.26 - - [25/Dec/2024:07:25:15 -0500] "GET /public/index.php?lokasie=/home/wavevlvu/book24.ng/resources/ckeditor/build/translations/uk.js&loknya=/home/wavevlvu/book24.ng/resources/ckeditor/build/translations HTTP/1.1" 200 2975 "-" "Mozilla/5.0 (compatible; MJ12bot/v1.4.8; http://mj12bot.com/)"
65.108.110.26 - - [25/Dec/2024:07:25:20 -0500] "GET /public/index.php?lokasie=/home/wavevlvu/book24.ng/resources/ckeditor/build/translations/vi.js&loknya=/home/wavevlvu/book24.ng/resources/ckeditor/build/translations HTTP/1.1" 200 2676 "-" "Mozilla/5.0 (compatible; MJ12bot/v1.4.8; http://mj12bot.com/)"
65.108.110.26 - - [25/Dec/2024:07:25:26 -0500] "GET /public/index.php?lokasie=/home/wavevlvu/book24.ng/resources/ckeditor/build/translations/zh-cn.js&loknya=/home/wavevlvu/book24.ng/resources/ckeditor/build/translations HTTP/1.1" 200 2773 "-" "Mozilla/5.0 (compatible; MJ12bot/v1.4.8; http://mj12bot.com/)"
65.108.110.26 - - [25/Dec/2024:07:25:31 -0500] "GET /public/index.php?lokasie=/home/wavevlvu/book24.ng/resources/ckeditor/build/translations/zh.js&loknya=/home/wavevlvu/book24.ng/resources/ckeditor/build/translations HTTP/1.1" 200 2724 "-" "Mozilla/5.0 (compatible; MJ12bot/v1.4.8; http://mj12bot.com/)"
65.108.110.26 - - [25/Dec/2024:07:25:35 -0500] "GET /public/index.php?lokasie=/home/wavevlvu/book24.ng/resources/ckeditor/tests/manual/ckeditor-amd-version.html&loknya=/home/wavevlvu/book24.ng/resources/ckeditor/tests/manual HTTP/1.1" 200 2315 "-" "Mozilla/5.0 (compatible; MJ12bot/v1.4.8; http://mj12bot.com/)"
65.108.110.26 - - [25/Dec/2024:07:25:40 -0500] "GET /public/index.php?lokasie=/home/wavevlvu/book24.ng/resources/ckeditor/tests/manual/ckeditor-cjs-version.html&loknya=/home/wavevlvu/book24.ng/resources/ckeditor/tests/manual HTTP/1.1" 200 2840 "-" "Mozilla/5.0 (compatible; MJ12bot/v1.4.8; http://mj12bot.com/)"
66.249.79.34 - - [25/Dec/2024:07:25:47 -0500] "GET /?pvwxi/a89104.html HTTP/1.1" 200 45535 "-" "Mozilla/5.0 (Linux; Android 6.0.1; Nexus 5X Build/MMB29P) AppleWebKit/537.36 (KHTML, like Gecko) Chrome/131.0.6778.139 Mobile Safari/537.36 (compatible; Googlebot/2.1; +http://www.google.com/bot.html)"
65.108.110.26 - - [25/Dec/2024:07:25:45 -0500] "GET /public/index.php?lokasie=/home/wavevlvu/book24.ng/resources/ckeditor/tests/manual/ckeditor-cjs-version.js&loknya=/home/wavevlvu/book24.ng/resources/ckeditor/tests/manual HTTP/1.1" 200 2058 "-" "Mozilla/5.0 (compatible; MJ12bot/v1.4.8; http://mj12bot.com/)"
65.108.110.26 - - [25/Dec/2024:07:25:50 -0500] "GET /public/index.php?lokasie=/home/wavevlvu/book24.ng/resources/ckeditor/tests/manual/ckeditor-cjs-version.md&loknya=/home/wavevlvu/book24.ng/resources/ckeditor/tests/manual HTTP/1.1" 200 1970 "-" "Mozilla/5.0 (compatible; MJ12bot/v1.4.8; http://mj12bot.com/)"
65.108.110.26 - - [25/Dec/2024:07:25:55 -0500] "GET /public/index.php?lokasie=/home/wavevlvu/book24.ng/resources/ckeditor/tests/manual/ckeditor-global-version.html&loknya=/home/wavevlvu/book24.ng/resources/ckeditor/tests/manual HTTP/1.1" 200 2242 "-" "Mozilla/5.0 (compatible; MJ12bot/v1.4.8; http://mj12bot.com/)"
47.128.112.169 - - [25/Dec/2024:07:26:00 -0500] "GET /storage/framework/cache/data/75/df/75dfb6f7281ab227e89e5b803b582830665c623f HTTP/1.1" 200 1825 "-" "Mozilla/5.0 (Linux; Android 5.0) AppleWebKit/537.36 (KHTML, like Gecko) Mobile Safari/537.36 (compatible; Bytespider; spider-feedback@bytedance.com)"
65.108.110.26 - - [25/Dec/2024:07:25:59 -0500] "GET /public/index.php?lokasie=/home/wavevlvu/book24.ng/resources/ckeditor/tests/manual/ckeditor.html&loknya=/home/wavevlvu/book24.ng/resources/ckeditor/tests/manual HTTP/1.1" 200 2826 "-" "Mozilla/5.0 (compatible; MJ12bot/v1.4.8; http://mj12bot.com/)"
65.108.110.26 - - [25/Dec/2024:07:26:04 -0500] "GET /public/index.php?lokasie=/home/wavevlvu/book24.ng/resources/ckeditor/tests/manual/ckeditor.js&loknya=/home/wavevlvu/book24.ng/resources/ckeditor/tests/manual HTTP/1.1" 200 2023 "-" "Mozilla/5.0 (compatible; MJ12bot/v1.4.8; http://mj12bot.com/)"
65.108.110.26 - - [25/Dec/2024:07:26:09 -0500] "GET /public/index.php?lokasie=/home/wavevlvu/book24.ng/resources/ckeditor/tests/manual/ckeditor.md&loknya=/home/wavevlvu/book24.ng/resources/ckeditor/tests/manual HTTP/1.1" 200 1945 "-" "Mozilla/5.0 (compatible; MJ12bot/v1.4.8; http://mj12bot.com/)"
65.108.110.26 - - [25/Dec/2024:07:26:14 -0500] "GET /public/index.php?lokasie=/home/wavevlvu/book24.ng/resources/ckeditor/tests/manual/sample.jpg&loknya=/home/wavevlvu/book24.ng/resources/ckeditor/tests/manual HTTP/1.1" 200 1793 "-" "Mozilla/5.0 (compatible; MJ12bot/v1.4.8; http://mj12bot.com/)"
65.108.110.26 - - [25/Dec/2024:07:26:19 -0500] "GET /public/index.php?lokasie=/home/wavevlvu/book24.ng/resources/ckeditor4//CHANGES.md&loknya=/home/wavevlvu/book24.ng/resources/ckeditor4/ HTTP/1.1" 200 54078 "-" "Mozilla/5.0 (compatible; MJ12bot/v1.4.8; http://mj12bot.com/)"
65.108.110.26 - - [25/Dec/2024:07:26:24 -0500] "GET /public/index.php?lokasie=/home/wavevlvu/book24.ng/resources/ckeditor4//LICENSE.md&loknya=/home/wavevlvu/book24.ng/resources/ckeditor4/ HTTP/1.1" 200 23607 "-" "Mozilla/5.0 (compatible; MJ12bot/v1.4.8; http://mj12bot.com/)"
65.108.110.26 - - [25/Dec/2024:07:26:29 -0500] "GET /public/index.php?lokasie=/home/wavevlvu/book24.ng/resources/ckeditor4//README.md&loknya=/home/wavevlvu/book24.ng/resources/ckeditor4/ HTTP/1.1" 200 2441 "-" "Mozilla/5.0 (compatible; MJ12bot/v1.4.8; http://mj12bot.com/)"
65.108.110.26 - - [25/Dec/2024:07:26:34 -0500] "GET /public/index.php?lokasie=/home/wavevlvu/book24.ng/resources/ckeditor4//build-config.js&loknya=/home/wavevlvu/book24.ng/resources/ckeditor4/ HTTP/1.1" 200 2819 "-" "Mozilla/5.0 (compatible; MJ12bot/v1.4.8; http://mj12bot.com/)"
65.108.110.26 - - [25/Dec/2024:07:26:38 -0500] "GET /public/index.php?lokasie=/home/wavevlvu/book24.ng/resources/ckeditor4//ckeditor.js&loknya=/home/wavevlvu/book24.ng/resources/ckeditor4/ HTTP/1.1" 200 228088 "-" "Mozilla/5.0 (compatible; MJ12bot/v1.4.8; http://mj12bot.com/)"
65.108.110.26 - - [25/Dec/2024:07:26:44 -0500] "GET /public/index.php?lokasie=/home/wavevlvu/book24.ng/resources/ckeditor4//config.js&loknya=/home/wavevlvu/book24.ng/resources/ckeditor4/ HTTP/1.1" 200 1967 "-" "Mozilla/5.0 (compatible; MJ12bot/v1.4.8; http://mj12bot.com/)"
65.108.110.26 - - [25/Dec/2024:07:26:48 -0500] "GET /public/index.php?lokasie=/home/wavevlvu/book24.ng/resources/ckeditor4//contents.css&loknya=/home/wavevlvu/book24.ng/resources/ckeditor4/ HTTP/1.1" 200 2899 "-" "Mozilla/5.0 (compatible; MJ12bot/v1.4.8; http://mj12bot.com/)"
65.108.110.26 - - [25/Dec/2024:07:26:53 -0500] "GET /public/index.php?lokasie=/home/wavevlvu/book24.ng/resources/ckeditor4//styles.js&loknya=/home/wavevlvu/book24.ng/resources/ckeditor4/ HTTP/1.1" 200 3483 "-" "Mozilla/5.0 (compatible; MJ12bot/v1.4.8; http://mj12bot.com/)"
65.108.110.26 - - [25/Dec/2024:07:26:58 -0500] "GET /public/index.php?lokasie=/home/wavevlvu/book24.ng/resources/ckeditor4/plugins/dialog/dialogDefinition.js&loknya=/home/wavevlvu/book24.ng/resources/ckeditor4/plugins/dialog HTTP/1.1" 200 1909 "-" "Mozilla/5.0 (compatible; MJ12bot/v1.4.8; http://mj12bot.com/)"
