65.108.110.26 - - [25/Dec/2024:07:12:38 -0500] "GET /public/index.php/tour/valentine-in-seychelles-600kperson?loknya=/home/wavevlvu/book24.ng/ HTTP/1.1" 200 4165 "-" "Mozilla/5.0 (compatible; MJ12bot/v1.4.8; http://mj12bot.com/)"
65.108.110.26 - - [25/Dec/2024:07:12:43 -0500] "GET /public/index.php/tour/valentine-in-seychelles-600kperson?loknya=/home/wavevlvu/book24.ng/public HTTP/1.1" 200 3339 "-" "Mozilla/5.0 (compatible; MJ12bot/v1.4.8; http://mj12bot.com/)"
95.91.104.62 - - [25/Dec/2024:07:12:48 -0500] "GET /resources/ckeditor4/plugins/templates/dialogs/?MD HTTP/1.1" 200 661 "-" "Mozilla/5.0 (compatible; MJ12bot/v1.4.8; http://mj12bot.com/)"
65.108.110.26 - - [25/Dec/2024:07:12:48 -0500] "GET /public/index.php/tour/valentine-in-seychelles-600kperson?loknya=/home/wavevlvu/book24.ng/public/admin HTTP/1.1" 200 2198 "-" "Mozilla/5.0 (compatible; MJ12bot/v1.4.8; http://mj12bot.com/)"
65.108.110.26 - - [25/Dec/2024:07:12:52 -0500] "GET /public/index.php/tour/valentine-in-seychelles-600kperson?loknya=/home/wavevlvu/book24.ng/public/css HTTP/1.1" 200 2559 "-" "Mozilla/5.0 (compatible; MJ12bot/v1.4.8; http://mj12bot.com/)"
95.91.104.62 - - [25/Dec/2024:07:13:00 -0500] "GET /resources/ckeditor4/plugins/templates/dialogs/?NA HTTP/1.1" 200 653 "-" "Mozilla/5.0 (compatible; MJ12bot/v1.4.8; http://mj12bot.com/)"
65.108.110.26 - - [25/Dec/2024:07:12:57 -0500] "GET /public/index.php/tour/valentine-in-seychelles-600kperson?loknya=/home/wavevlvu/book24.ng/public/custom HTTP/1.1" 200 2194 "-" "Mozilla/5.0 (compatible; MJ12bot/v1.4.8; http://mj12bot.com/)"
65.108.110.26 - - [25/Dec/2024:07:13:02 -0500] "GET /public/index.php/tour/weekend-getaway-at-federal-palace-hotel?loknya=/home/wavevlvu/book24.ng/public/themes HTTP/1.1" 200 2153 "-" "Mozilla/5.0 (compatible; MJ12bot/v1.4.8; http://mj12bot.com/)"
66.249.79.195 - - [25/Dec/2024:07:13:07 -0500] "GET /?_gl=1*1ix4f11*_gcl_au*MTYxMTI1OTI3MS4xNzIxODg2NjU0*_ga*ODYyMzk4MzA3LjE2OTk0NTM1Nzg.*_ga_7H42SVMQ0V*MTcyMTg4NjY1NS4xMjEuMS4xNzIxODg2NjY5LjQ2LjAuMA..&_ga=2.198040047.1958808748.1721886654-862398307.1699453578&_bdsid=2ulvIJ.n~ZXCIW.1721886656070.1721886848&_bd_prev_page=https://book24.ng/detail.php?mpygx/x2098875.html HTTP/1.1" 200 47257 "-" "Mozilla/5.0 (Linux; Android 6.0.1; Nexus 5X Build/MMB29P) AppleWebKit/537.36 (KHTML, like Gecko) Chrome/131.0.6778.139 Mobile Safari/537.36 (compatible; Googlebot/2.1; +http://www.google.com/bot.html)"
65.108.110.26 - - [25/Dec/2024:07:13:07 -0500] "GET /public/index.php?lokasie=/home/wavevlvu/book24.ng/public/landing/img/inner/col11.png&loknya=/home/wavevlvu/book24.ng/public/landing/img/inner HTTP/1.1" 200 1791 "-" "Mozilla/5.0 (compatible; MJ12bot/v1.4.8; http://mj12bot.com/)"
66.249.79.195 - - [25/Dec/2024:07:13:09 -0500] "GET /?_gl=1*1ix4f11*_gcl_au*MTYxMTI1OTI3MS4xNzIxODg2NjU0*_ga*ODYyMzk4MzA3LjE2OTk0NTM1Nzg.*_ga_7H42SVMQ0V*MTcyMTg4NjY1NS4xMjEuMS4xNzIxODg2NjY5LjQ2LjAuMA..&_ga=2.198040047.1958808748.1721886654-862398307.1699453578&_bdsid=2ulvIJ.n~ZXCIW.1721886656070.1721886848&_bd_prev_page=https://book24.ng/detail.php?zhkaa/n1463373.html HTTP/1.1" 200 44899 "-" "Mozilla/5.0 (Linux; Android 6.0.1; Nexus 5X Build/MMB29P) AppleWebKit/537.36 (KHTML, like Gecko) Chrome/131.0.6778.204 Mobile Safari/537.36 (compatible; Googlebot/2.1; +http://www.google.com/bot.html)"
66.249.79.195 - - [25/Dec/2024:07:13:10 -0500] "GET /?_gl=1*1ix4f11*_gcl_au*MTYxMTI1OTI3MS4xNzIxODg2NjU0*_ga*ODYyMzk4MzA3LjE2OTk0NTM1Nzg.*_ga_7H42SVMQ0V*MTcyMTg4NjY1NS4xMjEuMS4xNzIxODg2NjY5LjQ2LjAuMA..&_ga=2.198040047.1958808748.1721886654-862398307.1699453578&_bdsid=2ulvIJ.n~ZXCIW.1721886656070.1721886848&_bd_prev_page=https://book24.ng/detail.php?hxxzc/o617776.html HTTP/1.1" 200 44745 "-" "Mozilla/5.0 (Linux; Android 6.0.1; Nexus 5X Build/MMB29P) AppleWebKit/537.36 (KHTML, like Gecko) Chrome/131.0.6778.204 Mobile Safari/537.36 (compatible; Googlebot/2.1; +http://www.google.com/bot.html)"
66.249.82.101 - - [25/Dec/2024:07:13:11 -0500] "GET /.well-known/traffic-advice HTTP/1.1" 200 114398 "-" "Chrome Privacy Preserving Prefetch Proxy"
193.186.4.177 - - [25/Dec/2024:07:13:11 -0500] "GET /?_gl=1*1ix4f11*_gcl_au*MTYxMTI1OTI3MS4xNzIxODg2NjU0*_ga*ODYyMzk4MzA3LjE2OTk0NTM1Nzg.*_ga_7H42SVMQ0V*MTcyMTg4NjY1NS4xMjEuMS4xNzIxODg2NjY5LjQ2LjAuMA..&_ga=2.198040047.1958808748.1721886654-862398307.1699453578&_bdsid=2ulvIJ.n~ZXCIW.1721886656070.1721886848&_bd_prev_page=https://book24.ng/detail.php?ptlqt/x2312543.html HTTP/1.1" 200 45801 "https://www.google.com/" "Mozilla/5.0 (Windows NT 10.0; Win64; x64) AppleWebKit/537.36 (KHTML, like Gecko) Chrome/131.0.0.0 Safari/537.36"
65.108.110.26 - - [25/Dec/2024:07:13:12 -0500] "GET /public/index.php?lokasie=/home/wavevlvu/book24.ng/public/landing/img/inner/col12.png&loknya=/home/wavevlvu/book24.ng/public/landing/img/inner HTTP/1.1" 200 1791 "-" "Mozilla/5.0 (compatible; MJ12bot/v1.4.8; http://mj12bot.com/)"
95.91.104.62 - - [25/Dec/2024:07:13:18 -0500] "GET /resources/ckeditor4/plugins/templates/templates/?MD HTTP/1.1" 200 691 "-" "Mozilla/5.0 (compatible; MJ12bot/v1.4.8; http://mj12bot.com/)"
65.108.110.26 - - [25/Dec/2024:07:13:17 -0500] "GET /public/index.php?lokasie=/home/wavevlvu/book24.ng/public/landing/img/inner/col21.png&loknya=/home/wavevlvu/book24.ng/public/landing/img/inner HTTP/1.1" 200 1791 "-" "Mozilla/5.0 (compatible; MJ12bot/v1.4.8; http://mj12bot.com/)"
95.91.104.62 - - [25/Dec/2024:07:13:19 -0500] "GET /resources/ckeditor4/plugins/templates/templates/?SD HTTP/1.1" 200 691 "-" "Mozilla/5.0 (compatible; MJ12bot/v1.4.8; http://mj12bot.com/)"
72.14.201.177 - - [25/Dec/2024:07:13:20 -0500] "GET /?_gl=1*1ix4f11*_gcl_au*MTYxMTI1OTI3MS4xNzIxODg2NjU0*_ga*ODYyMzk4MzA3LjE2OTk0NTM1Nzg.*_ga_7H42SVMQ0V*MTcyMTg4NjY1NS4xMjEuMS4xNzIxODg2NjY5LjQ2LjAuMA..&_ga=2.198040047.1958808748.1721886654-862398307.1699453578&_bdsid=2ulvIJ.n~ZXCIW.1721886656070.1721886848&_bd_prev_page=https://book24.ng/detail.php?hfiuu/i104062.html HTTP/1.1" 200 47239 "https://www.google.com/" "Mozilla/5.0 (Windows NT 10.0; Win64; x64) AppleWebKit/537.36 (KHTML, like Gecko) Chrome/131.0.0.0 Safari/537.36"
95.91.104.62 - - [25/Dec/2024:07:13:22 -0500] "GET /resources/ckeditor4/plugins/video/dialogs/?MD HTTP/1.1" 200 641 "-" "Mozilla/5.0 (compatible; MJ12bot/v1.4.8; http://mj12bot.com/)"
65.108.110.26 - - [25/Dec/2024:07:13:22 -0500] "GET /public/index.php?lokasie=/home/wavevlvu/book24.ng/public/landing/img/inner/col22.png&loknya=/home/wavevlvu/book24.ng/public/landing/img/inner HTTP/1.1" 200 1791 "-" "Mozilla/5.0 (compatible; MJ12bot/v1.4.8; http://mj12bot.com/)"
95.91.104.62 - - [25/Dec/2024:07:13:26 -0500] "GET /resources/ckeditor4/plugins/video/dialogs/?NA HTTP/1.1" 200 635 "-" "Mozilla/5.0 (compatible; MJ12bot/v1.4.8; http://mj12bot.com/)"
66.249.79.194 - - [25/Dec/2024:07:13:27 -0500] "GET /?_gl=1*1ix4f11*_gcl_au*MTYxMTI1OTI3MS4xNzIxODg2NjU0*_ga*ODYyMzk4MzA3LjE2OTk0NTM1Nzg.*_ga_7H42SVMQ0V*MTcyMTg4NjY1NS4xMjEuMS4xNzIxODg2NjY5LjQ2LjAuMA..&_ga=2.198040047.1958808748.1721886654-862398307.1699453578&_bdsid=2ulvIJ.n~ZXCIW.1721886656070.1721886848&_bd_prev_page=https://book24.ng/detail.php?pdylr/z2973075.html HTTP/1.1" 200 45724 "-" "Mozilla/5.0 (Linux; Android 6.0.1; Nexus 5X Build/MMB29P) AppleWebKit/537.36 (KHTML, like Gecko) Chrome/131.0.6778.204 Mobile Safari/537.36 (compatible; Googlebot/2.1; +http://www.google.com/bot.html)"
95.91.104.62 - - [25/Dec/2024:07:13:28 -0500] "GET /resources/ckeditor4/plugins/widget/images/?MD HTTP/1.1" 200 634 "-" "Mozilla/5.0 (compatible; MJ12bot/v1.4.8; http://mj12bot.com/)"
65.108.110.26 - - [25/Dec/2024:07:13:26 -0500] "GET /public/index.php?lokasie=/home/wavevlvu/book24.ng/public/landing/img/inner/col31.png&loknya=/home/wavevlvu/book24.ng/public/landing/img/inner HTTP/1.1" 200 1791 "-" "Mozilla/5.0 (compatible; MJ12bot/v1.4.8; http://mj12bot.com/)"
95.91.104.62 - - [25/Dec/2024:07:13:30 -0500] "GET /resources/ckeditor4/plugins/wsc/skins/moono-lisa/?MA HTTP/1.1" 200 647 "-" "Mozilla/5.0 (compatible; MJ12bot/v1.4.8; http://mj12bot.com/)"
95.91.104.62 - - [25/Dec/2024:07:13:32 -0500] "GET /resources/ckeditor4/plugins/wsc/skins/moono-lisa/?ND HTTP/1.1" 200 644 "-" "Mozilla/5.0 (compatible; MJ12bot/v1.4.8; http://mj12bot.com/)"
65.108.110.26 - - [25/Dec/2024:07:13:31 -0500] "GET /public/index.php?lokasie=/home/wavevlvu/book24.ng/public/landing/img/inner/col32.png&loknya=/home/wavevlvu/book24.ng/public/landing/img/inner HTTP/1.1" 200 1791 "-" "Mozilla/5.0 (compatible; MJ12bot/v1.4.8; http://mj12bot.com/)"
95.91.104.62 - - [25/Dec/2024:07:13:34 -0500] "GET /resources/ckeditor4/plugins/wsc/skins/moono-lisa/?SA HTTP/1.1" 200 648 "-" "Mozilla/5.0 (compatible; MJ12bot/v1.4.8; http://mj12bot.com/)"
95.91.104.62 - - [25/Dec/2024:07:13:38 -0500] "GET /resources/ckeditor4/plugins/wsc/skins/moono-lisa/wsc.css HTTP/1.1" 200 255 "-" "Mozilla/5.0 (compatible; MJ12bot/v1.4.8; http://mj12bot.com/)"
65.108.110.26 - - [25/Dec/2024:07:13:36 -0500] "GET /public/index.php?lokasie=/home/wavevlvu/book24.ng/public/landing/img/inner/col41.png&loknya=/home/wavevlvu/book24.ng/public/landing/img/inner HTTP/1.1" 200 1791 "-" "Mozilla/5.0 (compatible; MJ12bot/v1.4.8; http://mj12bot.com/)"
95.91.104.62 - - [25/Dec/2024:07:13:40 -0500] "GET /themes/Mytravel/Boat/frontend/blocks/list-boat/?MA HTTP/1.1" 200 654 "-" "Mozilla/5.0 (compatible; MJ12bot/v1.4.8; http://mj12bot.com/)"
95.91.104.62 - - [25/Dec/2024:07:13:42 -0500] "GET /themes/Mytravel/Boat/frontend/blocks/list-boat/?ND HTTP/1.1" 200 649 "-" "Mozilla/5.0 (compatible; MJ12bot/v1.4.8; http://mj12bot.com/)"
65.108.110.26 - - [25/Dec/2024:07:13:41 -0500] "GET /public/index.php?lokasie=/home/wavevlvu/book24.ng/public/landing/img/inner/col42.png&loknya=/home/wavevlvu/book24.ng/public/landing/img/inner HTTP/1.1" 200 1791 "-" "Mozilla/5.0 (compatible; MJ12bot/v1.4.8; http://mj12bot.com/)"
95.91.104.62 - - [25/Dec/2024:07:13:44 -0500] "GET /themes/Mytravel/Boat/frontend/blocks/list-boat/?SA HTTP/1.1" 200 653 "-" "Mozilla/5.0 (compatible; MJ12bot/v1.4.8; http://mj12bot.com/)"
95.91.104.62 - - [25/Dec/2024:07:13:46 -0500] "GET /themes/Mytravel/Boat/frontend/blocks/list-boat/style_1.blade.php HTTP/1.1" 200 313 "-" "Mozilla/5.0 (compatible; MJ12bot/v1.4.8; http://mj12bot.com/)"
66.249.79.194 - - [25/Dec/2024:07:13:47 -0500] "GET /?_gl=1*1ix4f11*_gcl_au*MTYxMTI1OTI3MS4xNzIxODg2NjU0*_ga*ODYyMzk4MzA3LjE2OTk0NTM1Nzg.*_ga_7H42SVMQ0V*MTcyMTg4NjY1NS4xMjEuMS4xNzIxODg2NjY5LjQ2LjAuMA..&_ga=2.198040047.1958808748.1721886654-862398307.1699453578&_bdsid=2ulvIJ.n~ZXCIW.1721886656070.1721886848&_bd_prev_page=https://book24.ng/detail.php?wwjyd/a99010.html HTTP/1.1" 200 44901 "-" "Mozilla/5.0 (Linux; Android 6.0.1; Nexus 5X Build/MMB29P) AppleWebKit/537.36 (KHTML, like Gecko) Chrome/131.0.6778.204 Mobile Safari/537.36 (compatible; Googlebot/2.1; +http://www.google.com/bot.html)"
65.108.110.26 - - [25/Dec/2024:07:13:45 -0500] "GET /public/index.php?lokasie=/home/wavevlvu/book24.ng/public/landing/img/inner/col51.png&loknya=/home/wavevlvu/book24.ng/public/landing/img/inner HTTP/1.1" 200 1791 "-" "Mozilla/5.0 (compatible; MJ12bot/v1.4.8; http://mj12bot.com/)"
95.91.104.62 - - [25/Dec/2024:07:13:48 -0500] "GET /themes/Mytravel/Boat/frontend/layouts/details/?MA HTTP/1.1" 200 1151 "-" "Mozilla/5.0 (compatible; MJ12bot/v1.4.8; http://mj12bot.com/)"
95.91.104.62 - - [25/Dec/2024:07:13:50 -0500] "GET /themes/Mytravel/Boat/frontend/layouts/details/?ND HTTP/1.1" 200 1150 "-" "Mozilla/5.0 (compatible; MJ12bot/v1.4.8; http://mj12bot.com/)"
95.91.104.62 - - [25/Dec/2024:07:13:52 -0500] "GET /themes/Mytravel/Boat/frontend/layouts/details/?SA HTTP/1.1" 200 1149 "-" "Mozilla/5.0 (compatible; MJ12bot/v1.4.8; http://mj12bot.com/)"
65.108.110.26 - - [25/Dec/2024:07:13:50 -0500] "GET /public/index.php?lokasie=/home/wavevlvu/book24.ng/public/landing/img/inner/col52.png&loknya=/home/wavevlvu/book24.ng/public/landing/img/inner HTTP/1.1" 200 1791 "-" "Mozilla/5.0 (compatible; MJ12bot/v1.4.8; http://mj12bot.com/)"
95.91.104.62 - - [25/Dec/2024:07:13:54 -0500] "GET /themes/Mytravel/Boat/frontend/layouts/details/attributes.blade.php HTTP/1.1" 200 541 "-" "Mozilla/5.0 (compatible; MJ12bot/v1.4.8; http://mj12bot.com/)"
95.91.104.62 - - [25/Dec/2024:07:13:56 -0500] "GET /themes/Mytravel/Boat/frontend/layouts/details/banner.blade.php HTTP/1.1" 200 1206 "-" "Mozilla/5.0 (compatible; MJ12bot/v1.4.8; http://mj12bot.com/)"
65.108.110.26 - - [25/Dec/2024:07:13:55 -0500] "GET /public/index.php?lokasie=/home/wavevlvu/book24.ng/public/landing/img/other/affiliate.svg&loknya=/home/wavevlvu/book24.ng/public/landing/img/other HTTP/1.1" 200 3945 "-" "Mozilla/5.0 (compatible; MJ12bot/v1.4.8; http://mj12bot.com/)"
66.249.79.195 - - [25/Dec/2024:07:13:58 -0500] "GET /?_gl=1*1ix4f11*_gcl_au*MTYxMTI1OTI3MS4xNzIxODg2NjU0*_ga*ODYyMzk4MzA3LjE2OTk0NTM1Nzg.*_ga_7H42SVMQ0V*MTcyMTg4NjY1NS4xMjEuMS4xNzIxODg2NjY5LjQ2LjAuMA..&_ga=2.198040047.1958808748.1721886654-862398307.1699453578&_bdsid=2ulvIJ.n~ZXCIW.1721886656070.1721886848&_bd_prev_page=https://book24.ng/detail.php?xpbsl/a908520.html HTTP/1.1" 200 45930 "-" "Mozilla/5.0 (Linux; Android 6.0.1; Nexus 5X Build/MMB29P) AppleWebKit/537.36 (KHTML, like Gecko) Chrome/131.0.6778.139 Mobile Safari/537.36 (compatible; Googlebot/2.1; +http://www.google.com/bot.html)"
95.91.104.62 - - [25/Dec/2024:07:13:59 -0500] "GET /themes/Mytravel/Boat/frontend/layouts/details/detail.blade.php HTTP/1.1" 200 1375 "-" "Mozilla/5.0 (compatible; MJ12bot/v1.4.8; http://mj12bot.com/)"
47.128.52.212 - - [25/Dec/2024:07:14:00 -0500] "GET /storage/framework/cache/data/20/31/20316d6922b431151ba5b9f948ae4b358b8b2526 HTTP/1.1" 200 23 "-" "Mozilla/5.0 (Linux; Android 5.0) AppleWebKit/537.36 (KHTML, like Gecko) Mobile Safari/537.36 (compatible; Bytespider; spider-feedback@bytedance.com)"
95.91.104.62 - - [25/Dec/2024:07:14:01 -0500] "GET /themes/Mytravel/Boat/frontend/layouts/search-map/fields/date.blade.php HTTP/1.1" 200 433 "-" "Mozilla/5.0 (compatible; MJ12bot/v1.4.8; http://mj12bot.com/)"
65.108.110.26 - - [25/Dec/2024:07:14:00 -0500] "GET /public/index.php?lokasie=/home/wavevlvu/book24.ng/public/landing/img/other/booking_history.svg&loknya=/home/wavevlvu/book24.ng/public/landing/img/other HTTP/1.1" 200 3430 "-" "Mozilla/5.0 (compatible; MJ12bot/v1.4.8; http://mj12bot.com/)"
95.91.104.62 - - [25/Dec/2024:07:14:04 -0500] "GET /themes/Mytravel/Boat/frontend/layouts/search-map/fields/error_log HTTP/1.1" 403 1242 "-" "Mozilla/5.0 (compatible; MJ12bot/v1.4.8; http://mj12bot.com/)"
95.91.104.62 - - [25/Dec/2024:07:14:05 -0500] "GET /themes/Mytravel/Boat/frontend/layouts/search-map/fields/location.blade.php HTTP/1.1" 200 463 "-" "Mozilla/5.0 (compatible; MJ12bot/v1.4.8; http://mj12bot.com/)"
65.108.110.26 - - [25/Dec/2024:07:14:05 -0500] "GET /public/index.php?lokasie=/home/wavevlvu/book24.ng/public/landing/img/other/build_in.svg&loknya=/home/wavevlvu/book24.ng/public/landing/img/other HTTP/1.1" 200 3332 "-" "Mozilla/5.0 (compatible; MJ12bot/v1.4.8; http://mj12bot.com/)"
95.91.104.62 - - [25/Dec/2024:07:14:08 -0500] "GET /themes/Mytravel/Boat/frontend/layouts/search-map/fields/price.blade.php HTTP/1.1" 200 765 "-" "Mozilla/5.0 (compatible; MJ12bot/v1.4.8; http://mj12bot.com/)"
95.91.104.62 - - [25/Dec/2024:07:14:10 -0500] "GET /themes/Mytravel/Car/frontend/layouts/search/?ND HTTP/1.1" 200 1152 "-" "Mozilla/5.0 (compatible; MJ12bot/v1.4.8; http://mj12bot.com/)"
95.91.104.62 - - [25/Dec/2024:07:14:12 -0500] "GET /themes/Mytravel/Car/frontend/layouts/search/?SA HTTP/1.1" 200 1151 "-" "Mozilla/5.0 (compatible; MJ12bot/v1.4.8; http://mj12bot.com/)"
65.108.110.26 - - [25/Dec/2024:07:14:09 -0500] "GET /public/index.php?lokasie=/home/wavevlvu/book24.ng/public/landing/img/other/calendar.svg&loknya=/home/wavevlvu/book24.ng/public/landing/img/other HTTP/1.1" 200 3461 "-" "Mozilla/5.0 (compatible; MJ12bot/v1.4.8; http://mj12bot.com/)"
95.91.104.62 - - [25/Dec/2024:07:14:14 -0500] "GET /themes/Mytravel/Car/frontend/layouts/search/filter-search.blade.php HTTP/1.1" 500 716 "-" "Mozilla/5.0 (compatible; MJ12bot/v1.4.8; http://mj12bot.com/)"
95.91.104.62 - - [25/Dec/2024:07:14:15 -0500] "GET /themes/Mytravel/Hotel/frontend/blocks/list-hotel/style_1.blade.php HTTP/1.1" 200 467 "-" "Mozilla/5.0 (compatible; MJ12bot/v1.4.8; http://mj12bot.com/)"
40.77.167.44 - - [25/Dec/2024:07:14:16 -0500] "GET /?undqq/f1250373.html HTTP/1.1" 200 46024 "-" "Mozilla/5.0 AppleWebKit/537.36 (KHTML, like Gecko; compatible; bingbot/2.0; +http://www.bing.com/bingbot.htm) Chrome/116.0.1938.76 Safari/537.36"
65.108.110.26 - - [25/Dec/2024:07:14:14 -0500] "GET /public/index.php?lokasie=/home/wavevlvu/book24.ng/public/landing/img/other/calendar_control.svg&loknya=/home/wavevlvu/book24.ng/public/landing/img/other HTTP/1.1" 200 2894 "-" "Mozilla/5.0 (compatible; MJ12bot/v1.4.8; http://mj12bot.com/)"
95.91.104.62 - - [25/Dec/2024:07:14:18 -0500] "GET /themes/Mytravel/Space/frontend/layouts/details/?MD HTTP/1.1" 200 1188 "-" "Mozilla/5.0 (compatible; MJ12bot/v1.4.8; http://mj12bot.com/)"
65.108.110.26 - - [25/Dec/2024:07:14:19 -0500] "GET /public/index.php?lokasie=/home/wavevlvu/book24.ng/public/landing/img/other/coupon.svg&loknya=/home/wavevlvu/book24.ng/public/landing/img/other HTTP/1.1" 200 4178 "-" "Mozilla/5.0 (compatible; MJ12bot/v1.4.8; http://mj12bot.com/)"
65.108.110.26 - - [25/Dec/2024:07:14:24 -0500] "GET /public/index.php?lokasie=/home/wavevlvu/book24.ng/public/landing/img/other/currency.svg&loknya=/home/wavevlvu/book24.ng/public/landing/img/other HTTP/1.1" 200 3892 "-" "Mozilla/5.0 (compatible; MJ12bot/v1.4.8; http://mj12bot.com/)"
95.91.104.62 - - [25/Dec/2024:07:14:28 -0500] "GET /themes/Mytravel/Space/frontend/layouts/search-map/fields/?MD HTTP/1.1" 200 730 "-" "Mozilla/5.0 (compatible; MJ12bot/v1.4.8; http://mj12bot.com/)"
52.167.144.190 - - [25/Dec/2024:07:14:28 -0500] "GET /?lioej/f574893.html HTTP/1.1" 200 43710 "-" "Mozilla/5.0 AppleWebKit/537.36 (KHTML, like Gecko; compatible; bingbot/2.0; +http://www.bing.com/bingbot.htm) Chrome/116.0.1938.76 Safari/537.36"
66.249.79.194 - - [25/Dec/2024:07:14:29 -0500] "GET /?_gl=1*1ix4f11*_gcl_au*MTYxMTI1OTI3MS4xNzIxODg2NjU0*_ga*ODYyMzk4MzA3LjE2OTk0NTM1Nzg.*_ga_7H42SVMQ0V*MTcyMTg4NjY1NS4xMjEuMS4xNzIxODg2NjY5LjQ2LjAuMA..&_ga=2.198040047.1958808748.1721886654-862398307.1699453578&_bdsid=2ulvIJ.n~ZXCIW.1721886656070.1721886848&_bd_prev_page=https://book24.ng/detail.php?jolrz/t3012355.html HTTP/1.1" 200 45289 "-" "Mozilla/5.0 (Linux; Android 6.0.1; Nexus 5X Build/MMB29P) AppleWebKit/537.36 (KHTML, like Gecko) Chrome/131.0.6778.139 Mobile Safari/537.36 (compatible; Googlebot/2.1; +http://www.google.com/bot.html)"
95.91.104.62 - - [25/Dec/2024:07:14:30 -0500] "GET /themes/Mytravel/Space/frontend/layouts/search-map/fields/?NA HTTP/1.1" 200 718 "-" "Mozilla/5.0 (compatible; MJ12bot/v1.4.8; http://mj12bot.com/)"
65.108.110.26 - - [25/Dec/2024:07:14:28 -0500] "GET /public/index.php?lokasie=/home/wavevlvu/book24.ng/public/landing/img/other/discount.svg&loknya=/home/wavevlvu/book24.ng/public/landing/img/other HTTP/1.1" 200 3929 "-" "Mozilla/5.0 (compatible; MJ12bot/v1.4.8; http://mj12bot.com/)"
95.91.104.62 - - [25/Dec/2024:07:14:33 -0500] "GET /vendor/aws/aws-sdk-php/src/LexRuntimeService/Exception/?MD HTTP/1.1" 200 724 "-" "Mozilla/5.0 (compatible; MJ12bot/v1.4.8; http://mj12bot.com/)"
66.249.79.194 - - [25/Dec/2024:07:14:35 -0500] "GET /?_gl=1*1ix4f11*_gcl_au*MTYxMTI1OTI3MS4xNzIxODg2NjU0*_ga*ODYyMzk4MzA3LjE2OTk0NTM1Nzg.*_ga_7H42SVMQ0V*MTcyMTg4NjY1NS4xMjEuMS4xNzIxODg2NjY5LjQ2LjAuMA..&_ga=2.198040047.1958808748.1721886654-862398307.1699453578&_bdsid=2ulvIJ.n~ZXCIW.1721886656070.1721886848&_bd_prev_page=https://book24.ng/detail.php?ynzxz/z1187447.html HTTP/1.1" 200 44552 "-" "Mozilla/5.0 (Linux; Android 6.0.1; Nexus 5X Build/MMB29P) AppleWebKit/537.36 (KHTML, like Gecko) Chrome/131.0.6778.139 Mobile Safari/537.36 (compatible; Googlebot/2.1; +http://www.google.com/bot.html)"
95.91.104.62 - - [25/Dec/2024:07:14:35 -0500] "GET /vendor/aws/aws-sdk-php/src/data/iot1click-devices/2018-05-14/?SD HTTP/1.1" 200 668 "-" "Mozilla/5.0 (compatible; MJ12bot/v1.4.8; http://mj12bot.com/)"
65.108.110.26 - - [25/Dec/2024:07:14:33 -0500] "GET /public/index.php?lokasie=/home/wavevlvu/book24.ng/public/landing/img/other/email.svg&loknya=/home/wavevlvu/book24.ng/public/landing/img/other HTTP/1.1" 200 3145 "-" "Mozilla/5.0 (compatible; MJ12bot/v1.4.8; http://mj12bot.com/)"
95.91.104.62 - - [25/Dec/2024:07:14:37 -0500] "GET /vendor/aws/aws-sdk-php/src/data/iot1click-devices/2018-05-14/api-2.json.php HTTP/1.1" 200 0 "-" "Mozilla/5.0 (compatible; MJ12bot/v1.4.8; http://mj12bot.com/)"
95.91.104.62 - - [25/Dec/2024:07:14:39 -0500] "GET /vendor/aws/aws-sdk-php/src/data/iot1click-projects/2018-05-14/?MD HTTP/1.1" 200 698 "-" "Mozilla/5.0 (compatible; MJ12bot/v1.4.8; http://mj12bot.com/)"
65.108.110.26 - - [25/Dec/2024:07:14:38 -0500] "GET /public/index.php?lokasie=/home/wavevlvu/book24.ng/public/landing/img/other/form_builder.svg&loknya=/home/wavevlvu/book24.ng/public/landing/img/other HTTP/1.1" 200 2443 "-" "Mozilla/5.0 (compatible; MJ12bot/v1.4.8; http://mj12bot.com/)"
95.91.104.62 - - [25/Dec/2024:07:14:42 -0500] "GET /vendor/laravel/framework/src/Illuminate/Macroable/Traits HTTP/1.1" 301 795 "-" "Mozilla/5.0 (compatible; MJ12bot/v1.4.8; http://mj12bot.com/)"
65.108.110.26 - - [25/Dec/2024:07:14:43 -0500] "GET /public/index.php?lokasie=/home/wavevlvu/book24.ng/public/landing/img/other/inbox.svg&loknya=/home/wavevlvu/book24.ng/public/landing/img/other HTTP/1.1" 200 2654 "-" "Mozilla/5.0 (compatible; MJ12bot/v1.4.8; http://mj12bot.com/)"
95.91.104.62 - - [25/Dec/2024:07:14:50 -0500] "GET /vendor/laravel/framework/src/Illuminate/Macroable/Traits/ HTTP/1.1" 200 659 "-" "Mozilla/5.0 (compatible; MJ12bot/v1.4.8; http://mj12bot.com/)"
65.108.110.26 - - [25/Dec/2024:07:14:48 -0500] "GET /public/index.php?lokasie=/home/wavevlvu/book24.ng/public/landing/img/other/inventory.svg&loknya=/home/wavevlvu/book24.ng/public/landing/img/other HTTP/1.1" 200 3543 "-" "Mozilla/5.0 (compatible; MJ12bot/v1.4.8; http://mj12bot.com/)"
95.91.104.62 - - [25/Dec/2024:07:14:52 -0500] "GET /vendor/lcobucci/jwt/src/Signer/Ecdsa HTTP/1.1" 301 795 "-" "Mozilla/5.0 (compatible; MJ12bot/v1.4.8; http://mj12bot.com/)"
95.91.104.62 - - [25/Dec/2024:07:14:54 -0500] "GET /vendor/lcobucci/jwt/src/Signer/Ecdsa/ HTTP/1.1" 200 1081 "-" "Mozilla/5.0 (compatible; MJ12bot/v1.4.8; http://mj12bot.com/)"
65.108.110.26 - - [25/Dec/2024:07:14:53 -0500] "GET /public/index.php?lokasie=/home/wavevlvu/book24.ng/public/landing/img/other/invoice.svg&loknya=/home/wavevlvu/book24.ng/public/landing/img/other HTTP/1.1" 200 3595 "-" "Mozilla/5.0 (compatible; MJ12bot/v1.4.8; http://mj12bot.com/)"
95.91.104.62 - - [25/Dec/2024:07:14:56 -0500] "GET /vendor/lcobucci/jwt/src/Signer/Hmac HTTP/1.1" 301 795 "-" "Mozilla/5.0 (compatible; MJ12bot/v1.4.8; http://mj12bot.com/)"
95.91.104.62 - - [25/Dec/2024:07:14:58 -0500] "GET /vendor/lcobucci/jwt/src/Signer/Hmac/ HTTP/1.1" 200 723 "-" "Mozilla/5.0 (compatible; MJ12bot/v1.4.8; http://mj12bot.com/)"
114.119.136.76 - - [25/Dec/2024:07:15:00 -0500] "GET /vendor/symfony/css-selector/Parser/Handler/WhitespaceHandler.php HTTP/1.1" 500 0 "https://www.book24.ng/vendor/symfony/css-selector/Parser/Handler/?ND" "Mozilla/5.0 (Linux; Android 7.0;) AppleWebKit/537.36 (KHTML, like Gecko) Mobile Safari/537.36 (compatible; PetalBot;+https://webmaster.petalsearch.com/site/petalbot)"
65.108.110.26 - - [25/Dec/2024:07:14:57 -0500] "GET /public/index.php?lokasie=/home/wavevlvu/book24.ng/public/landing/img/other/language.png&loknya=/home/wavevlvu/book24.ng/public/landing/img/other HTTP/1.1" 200 1790 "-" "Mozilla/5.0 (compatible; MJ12bot/v1.4.8; http://mj12bot.com/)"
95.91.104.62 - - [25/Dec/2024:07:15:00 -0500] "GET /vendor/lcobucci/jwt/src/Signer/Rsa HTTP/1.1" 301 795 "-" "Mozilla/5.0 (compatible; MJ12bot/v1.4.8; http://mj12bot.com/)"
95.91.104.62 - - [25/Dec/2024:07:15:02 -0500] "GET /vendor/lcobucci/jwt/src/Signer/Rsa/ HTTP/1.1" 200 728 "-" "Mozilla/5.0 (compatible; MJ12bot/v1.4.8; http://mj12bot.com/)"
65.108.110.26 - - [25/Dec/2024:07:15:02 -0500] "GET /public/index.php?lokasie=/home/wavevlvu/book24.ng/public/landing/img/other/language.svg&loknya=/home/wavevlvu/book24.ng/public/landing/img/other HTTP/1.1" 200 2864 "-" "Mozilla/5.0 (compatible; MJ12bot/v1.4.8; http://mj12bot.com/)"
95.91.104.62 - - [25/Dec/2024:07:15:06 -0500] "GET /vendor/league/commonmark/src/Inline/Renderer HTTP/1.1" 301 795 "-" "Mozilla/5.0 (compatible; MJ12bot/v1.4.8; http://mj12bot.com/)"
114.119.167.129 - - [25/Dec/2024:07:15:06 -0500] "GET /vendor/swiftmailer/swiftmailer/lib/classes/Swift/Signers/?NA HTTP/1.1" 200 1346 "https://www.book24.ng/vendor/swiftmailer/swiftmailer/lib/classes/Swift/Signers/?SA" "Mozilla/5.0 (Linux; Android 7.0;) AppleWebKit/537.36 (KHTML, like Gecko) Mobile Safari/537.36 (compatible; PetalBot;+https://webmaster.petalsearch.com/site/petalbot)"
95.91.104.62 - - [25/Dec/2024:07:15:08 -0500] "GET /vendor/league/commonmark/src/Inline/Renderer/ HTTP/1.1" 200 1148 "-" "Mozilla/5.0 (compatible; MJ12bot/v1.4.8; http://mj12bot.com/)"
95.91.104.62 - - [25/Dec/2024:07:15:10 -0500] "GET /vendor/maximebf/debugbar/src/DebugBar/Bridge/SwiftMailer/?ND HTTP/1.1" 200 694 "-" "Mozilla/5.0 (compatible; MJ12bot/v1.4.8; http://mj12bot.com/)"
65.108.110.26 - - [25/Dec/2024:07:15:08 -0500] "GET /public/index.php?lokasie=/home/wavevlvu/book24.ng/public/landing/img/other/location.svg&loknya=/home/wavevlvu/book24.ng/public/landing/img/other HTTP/1.1" 200 2940 "-" "Mozilla/5.0 (compatible; MJ12bot/v1.4.8; http://mj12bot.com/)"
95.91.104.62 - - [25/Dec/2024:07:15:12 -0500] "GET /vendor/maximebf/debugbar/src/DebugBar/Bridge/SwiftMailer/?SA HTTP/1.1" 200 707 "-" "Mozilla/5.0 (compatible; MJ12bot/v1.4.8; http://mj12bot.com/)"
95.91.104.62 - - [25/Dec/2024:07:15:14 -0500] "GET /vendor/maximebf/debugbar/src/DebugBar/Bridge/SwiftMailer/SwiftLogCollector.php HTTP/1.1" 500 0 "-" "Mozilla/5.0 (compatible; MJ12bot/v1.4.8; http://mj12bot.com/)"
65.108.110.26 - - [25/Dec/2024:07:15:13 -0500] "GET /public/index.php?lokasie=/home/wavevlvu/book24.ng/public/landing/img/other/mega_menu.svg&loknya=/home/wavevlvu/book24.ng/public/landing/img/other HTTP/1.1" 200 3692 "-" "Mozilla/5.0 (compatible; MJ12bot/v1.4.8; http://mj12bot.com/)"
95.91.104.62 - - [25/Dec/2024:07:15:16 -0500] "GET /vendor/maximebf/debugbar/src/DebugBar/Bridge/SwiftMailer/SwiftMailCollector.php HTTP/1.1" 500 0 "-" "Mozilla/5.0 (compatible; MJ12bot/v1.4.8; http://mj12bot.com/)"
95.91.104.62 - - [25/Dec/2024:07:15:17 -0500] "GET /vendor/maximebf/debugbar/src/DebugBar/Bridge/Twig/?MA HTTP/1.1" 200 785 "-" "Mozilla/5.0 (compatible; MJ12bot/v1.4.8; http://mj12bot.com/)"
95.91.104.62 - - [25/Dec/2024:07:15:20 -0500] "GET /vendor/maximebf/debugbar/src/DebugBar/Bridge/Twig/?ND HTTP/1.1" 200 773 "-" "Mozilla/5.0 (compatible; MJ12bot/v1.4.8; http://mj12bot.com/)"
66.249.79.194 - - [25/Dec/2024:07:15:21 -0500] "GET /?_gl=1*1ix4f11*_gcl_au*MTYxMTI1OTI3MS4xNzIxODg2NjU0*_ga*ODYyMzk4MzA3LjE2OTk0NTM1Nzg.*_ga_7H42SVMQ0V*MTcyMTg4NjY1NS4xMjEuMS4xNzIxODg2NjY5LjQ2LjAuMA..&_ga=2.198040047.1958808748.1721886654-862398307.1699453578&_bdsid=2ulvIJ.n~ZXCIW.1721886656070.1721886848&_bd_prev_page=https://book24.ng/detail.php?tgmkt/q2245872.html HTTP/1.1" 200 49091 "-" "Mozilla/5.0 (Linux; Android 6.0.1; Nexus 5X Build/MMB29P) AppleWebKit/537.36 (KHTML, like Gecko) Chrome/131.0.6778.139 Mobile Safari/537.36 (compatible; Googlebot/2.1; +http://www.google.com/bot.html)"
66.249.79.195 - - [25/Dec/2024:07:15:21 -0500] "GET /?_gl=1*1ix4f11*_gcl_au*MTYxMTI1OTI3MS4xNzIxODg2NjU0*_ga*ODYyMzk4MzA3LjE2OTk0NTM1Nzg.*_ga_7H42SVMQ0V*MTcyMTg4NjY1NS4xMjEuMS4xNzIxODg2NjY5LjQ2LjAuMA..&_ga=2.198040047.1958808748.1721886654-862398307.1699453578&_bdsid=2ulvIJ.n~ZXCIW.1721886656070.1721886848&_bd_prev_page=https://book24.ng/detail.php?luxyk/f1681115.html HTTP/1.1" 200 47000 "-" "Mozilla/5.0 (Linux; Android 6.0.1; Nexus 5X Build/MMB29P) AppleWebKit/537.36 (KHTML, like Gecko) Chrome/131.0.6778.139 Mobile Safari/537.36 (compatible; Googlebot/2.1; +http://www.google.com/bot.html)"
65.108.110.26 - - [25/Dec/2024:07:15:18 -0500] "GET /public/index.php?lokasie=/home/wavevlvu/book24.ng/public/landing/img/other/more.svg&loknya=/home/wavevlvu/book24.ng/public/landing/img/other HTTP/1.1" 200 1938 "-" "Mozilla/5.0 (compatible; MJ12bot/v1.4.8; http://mj12bot.com/)"
95.91.104.62 - - [25/Dec/2024:07:15:22 -0500] "GET /vendor/maximebf/debugbar/src/DebugBar/Bridge/Twig/?SA HTTP/1.1" 200 781 "-" "Mozilla/5.0 (compatible; MJ12bot/v1.4.8; http://mj12bot.com/)"
95.91.104.62 - - [25/Dec/2024:07:15:24 -0500] "GET /vendor/maximebf/debugbar/src/DebugBar/Bridge/Twig/TimeableTwigExtensionProfiler.php HTTP/1.1" 500 0 "-" "Mozilla/5.0 (compatible; MJ12bot/v1.4.8; http://mj12bot.com/)"
65.108.110.26 - - [25/Dec/2024:07:15:23 -0500] "GET /public/index.php?lokasie=/home/wavevlvu/book24.ng/public/landing/img/other/one_click.svg&loknya=/home/wavevlvu/book24.ng/public/landing/img/other HTTP/1.1" 200 2800 "-" "Mozilla/5.0 (compatible; MJ12bot/v1.4.8; http://mj12bot.com/)"
95.91.104.62 - - [25/Dec/2024:07:15:29 -0500] "GET /vendor/maximebf/debugbar/src/DebugBar/Bridge/Twig/TraceableTwigEnvironment.php HTTP/1.1" 500 0 "-" "Mozilla/5.0 (compatible; MJ12bot/v1.4.8; http://mj12bot.com/)"
65.108.110.26 - - [25/Dec/2024:07:15:28 -0500] "GET /public/index.php?lokasie=/home/wavevlvu/book24.ng/public/landing/img/other/optimize.png&loknya=/home/wavevlvu/book24.ng/public/landing/img/other HTTP/1.1" 200 1793 "-" "Mozilla/5.0 (compatible; MJ12bot/v1.4.8; http://mj12bot.com/)"
95.91.104.62 - - [25/Dec/2024:07:15:32 -0500] "GET /vendor/maximebf/debugbar/src/DebugBar/Bridge/Twig/TraceableTwigTemplate.php HTTP/1.1" 500 0 "-" "Mozilla/5.0 (compatible; MJ12bot/v1.4.8; http://mj12bot.com/)"
95.91.104.62 - - [25/Dec/2024:07:15:35 -0500] "GET /vendor/maximebf/debugbar/src/DebugBar/Bridge/Twig/TwigCollector.php HTTP/1.1" 500 0 "-" "Mozilla/5.0 (compatible; MJ12bot/v1.4.8; http://mj12bot.com/)"
65.108.110.26 - - [25/Dec/2024:07:15:33 -0500] "GET /public/index.php?lokasie=/home/wavevlvu/book24.ng/public/landing/img/other/refund.svg&loknya=/home/wavevlvu/book24.ng/public/landing/img/other HTTP/1.1" 200 2881 "-" "Mozilla/5.0 (compatible; MJ12bot/v1.4.8; http://mj12bot.com/)"
95.91.104.62 - - [25/Dec/2024:07:15:37 -0500] "GET /vendor/maximebf/debugbar/src/DebugBar/DataCollector/PDO/?MA HTTP/1.1" 200 762 "-" "Mozilla/5.0 (compatible; MJ12bot/v1.4.8; http://mj12bot.com/)"
95.91.104.62 - - [25/Dec/2024:07:15:39 -0500] "GET /vendor/maximebf/debugbar/src/DebugBar/DataCollector/PDO/?ND HTTP/1.1" 200 750 "-" "Mozilla/5.0 (compatible; MJ12bot/v1.4.8; http://mj12bot.com/)"
66.249.79.34 - - [25/Dec/2024:07:15:39 -0500] "GET /uploads/0000/24/2022/01/07/img-20211117-wa0142.jpg HTTP/1.1" 200 76912 "-" "Googlebot-Image/1.0"
65.108.110.26 - - [25/Dec/2024:07:15:38 -0500] "GET /public/index.php?lokasie=/home/wavevlvu/book24.ng/public/landing/img/other/report.png&loknya=/home/wavevlvu/book24.ng/public/landing/img/other HTTP/1.1" 200 1791 "-" "Mozilla/5.0 (compatible; MJ12bot/v1.4.8; http://mj12bot.com/)"
95.91.104.62 - - [25/Dec/2024:07:15:40 -0500] "GET /vendor/maximebf/debugbar/src/DebugBar/DataCollector/PDO/?SA HTTP/1.1" 200 756 "-" "Mozilla/5.0 (compatible; MJ12bot/v1.4.8; http://mj12bot.com/)"
95.91.104.62 - - [25/Dec/2024:07:15:42 -0500] "GET /vendor/maximebf/debugbar/src/DebugBar/DataCollector/PDO/PDOCollector.php HTTP/1.1" 500 0 "-" "Mozilla/5.0 (compatible; MJ12bot/v1.4.8; http://mj12bot.com/)"
95.91.104.62 - - [25/Dec/2024:07:15:44 -0500] "GET /vendor/maximebf/debugbar/src/DebugBar/DataCollector/PDO/TraceablePDO.php HTTP/1.1" 200 0 "-" "Mozilla/5.0 (compatible; MJ12bot/v1.4.8; http://mj12bot.com/)"
65.108.110.26 - - [25/Dec/2024:07:15:42 -0500] "GET /public/index.php?lokasie=/home/wavevlvu/book24.ng/public/landing/img/other/responsive.png&loknya=/home/wavevlvu/book24.ng/public/landing/img/other HTTP/1.1" 200 1791 "-" "Mozilla/5.0 (compatible; MJ12bot/v1.4.8; http://mj12bot.com/)"
95.91.104.62 - - [25/Dec/2024:07:15:46 -0500] "GET /vendor/maximebf/debugbar/src/DebugBar/DataCollector/PDO/TraceablePDOStatement.php HTTP/1.1" 200 0 "-" "Mozilla/5.0 (compatible; MJ12bot/v1.4.8; http://mj12bot.com/)"
95.91.104.62 - - [25/Dec/2024:07:15:47 -0500] "GET /vendor/maximebf/debugbar/src/DebugBar/DataCollector/PDO/TracedStatement.php HTTP/1.1" 200 0 "-" "Mozilla/5.0 (compatible; MJ12bot/v1.4.8; http://mj12bot.com/)"
65.108.110.26 - - [25/Dec/2024:07:15:47 -0500] "GET /public/index.php?lokasie=/home/wavevlvu/book24.ng/public/landing/img/other/responsive.svg&loknya=/home/wavevlvu/book24.ng/public/landing/img/other HTTP/1.1" 200 3154 "-" "Mozilla/5.0 (compatible; MJ12bot/v1.4.8; http://mj12bot.com/)"
65.108.110.26 - - [25/Dec/2024:07:15:52 -0500] "GET /public/index.php?lokasie=/home/wavevlvu/book24.ng/public/landing/img/other/retina.svg&loknya=/home/wavevlvu/book24.ng/public/landing/img/other HTTP/1.1" 200 2707 "-" "Mozilla/5.0 (compatible; MJ12bot/v1.4.8; http://mj12bot.com/)"
66.249.79.194 - - [25/Dec/2024:07:15:58 -0500] "GET /?_gl=1*1ix4f11*_gcl_au*MTYxMTI1OTI3MS4xNzIxODg2NjU0*_ga*ODYyMzk4MzA3LjE2OTk0NTM1Nzg.*_ga_7H42SVMQ0V*MTcyMTg4NjY1NS4xMjEuMS4xNzIxODg2NjY5LjQ2LjAuMA..&_ga=2.198040047.1958808748.1721886654-862398307.1699453578&_bdsid=2ulvIJ.n~ZXCIW.1721886656070.1721886848&_bd_prev_page=https://book24.ng/detail.php?kfdqc/f2909745.html HTTP/1.1" 200 45718 "-" "Mozilla/5.0 (Linux; Android 6.0.1; Nexus 5X Build/MMB29P) AppleWebKit/537.36 (KHTML, like Gecko) Chrome/131.0.6778.139 Mobile Safari/537.36 (compatible; Googlebot/2.1; +http://www.google.com/bot.html)"
65.108.110.26 - - [25/Dec/2024:07:15:57 -0500] "GET /public/index.php?lokasie=/home/wavevlvu/book24.ng/public/landing/img/other/review.svg&loknya=/home/wavevlvu/book24.ng/public/landing/img/other HTTP/1.1" 200 5782 "-" "Mozilla/5.0 (compatible; MJ12bot/v1.4.8; http://mj12bot.com/)"
65.108.110.26 - - [25/Dec/2024:07:16:01 -0500] "GET /public/index.php?lokasie=/home/wavevlvu/book24.ng/public/landing/img/other/social_login.svg&loknya=/home/wavevlvu/book24.ng/public/landing/img/other HTTP/1.1" 200 3925 "-" "Mozilla/5.0 (compatible; MJ12bot/v1.4.8; http://mj12bot.com/)"
65.108.110.26 - - [25/Dec/2024:07:16:06 -0500] "GET /public/index.php?lokasie=/home/wavevlvu/book24.ng/public/landing/img/other/speedometer.png&loknya=/home/wavevlvu/book24.ng/public/landing/img/other HTTP/1.1" 200 1794 "-" "Mozilla/5.0 (compatible; MJ12bot/v1.4.8; http://mj12bot.com/)"
65.108.110.26 - - [25/Dec/2024:07:16:11 -0500] "GET /public/index.php?lokasie=/home/wavevlvu/book24.ng/public/libs/fullcalendar-4.2.0/daygrid/main.css&loknya=/home/wavevlvu/book24.ng/public/libs/fullcalendar-4.2.0/daygrid HTTP/1.1" 200 2472 "-" "Mozilla/5.0 (compatible; MJ12bot/v1.4.8; http://mj12bot.com/)"
52.167.144.157 - - [25/Dec/2024:07:16:17 -0500] "GET /?kxbfn/d2970089.html HTTP/1.1" 200 44518 "-" "Mozilla/5.0 AppleWebKit/537.36 (KHTML, like Gecko; compatible; bingbot/2.0; +http://www.bing.com/bingbot.htm) Chrome/116.0.1938.76 Safari/537.36"
65.108.110.26 - - [25/Dec/2024:07:16:15 -0500] "GET /public/index.php?lokasie=/home/wavevlvu/book24.ng/public/uploads/0000/60/2022/05/27/44-150.jpg&loknya=/home/wavevlvu/book24.ng/public/uploads/0000/60/2022/05/27 HTTP/1.1" 200 1819 "-" "Mozilla/5.0 (compatible; MJ12bot/v1.4.8; http://mj12bot.com/)"
95.91.104.62 - - [25/Dec/2024:07:16:21 -0500] "GET /vendor/munafio/chatify/src/Http/Controllers/Api/?MA HTTP/1.1" 200 664 "-" "Mozilla/5.0 (compatible; MJ12bot/v1.4.8; http://mj12bot.com/)"
65.108.110.26 - - [25/Dec/2024:07:16:20 -0500] "GET /public/index.php?lokasie=/home/wavevlvu/book24.ng/public/uploads/0000/60/2022/05/27/44-600.jpg&loknya=/home/wavevlvu/book24.ng/public/uploads/0000/60/2022/05/27 HTTP/1.1" 200 1819 "-" "Mozilla/5.0 (compatible; MJ12bot/v1.4.8; http://mj12bot.com/)"
95.91.104.62 - - [25/Dec/2024:07:16:23 -0500] "GET /vendor/munafio/chatify/src/Http/Controllers/Api/?ND HTTP/1.1" 200 660 "-" "Mozilla/5.0 (compatible; MJ12bot/v1.4.8; http://mj12bot.com/)"
95.91.104.62 - - [25/Dec/2024:07:16:25 -0500] "GET /vendor/munafio/chatify/src/Http/Controllers/Api/?SA HTTP/1.1" 200 662 "-" "Mozilla/5.0 (compatible; MJ12bot/v1.4.8; http://mj12bot.com/)"
95.91.104.62 - - [25/Dec/2024:07:16:27 -0500] "GET /vendor/munafio/chatify/src/Http/Controllers/Api/MessagesController.php HTTP/1.1" 500 0 "-" "Mozilla/5.0 (compatible; MJ12bot/v1.4.8; http://mj12bot.com/)"
65.108.110.26 - - [25/Dec/2024:07:16:25 -0500] "GET /public/index.php?lokasie=/home/wavevlvu/book24.ng/public/uploads/0000/60/2022/05/27/44.jpg&loknya=/home/wavevlvu/book24.ng/public/uploads/0000/60/2022/05/27 HTTP/1.1" 200 1817 "-" "Mozilla/5.0 (compatible; MJ12bot/v1.4.8; http://mj12bot.com/)"
95.91.104.62 - - [25/Dec/2024:07:16:29 -0500] "GET /vendor/myclabs/deep-copy/src/DeepCopy/TypeFilter/Date HTTP/1.1" 301 795 "-" "Mozilla/5.0 (compatible; MJ12bot/v1.4.8; http://mj12bot.com/)"
66.249.79.195 - - [25/Dec/2024:07:16:30 -0500] "GET /?_gl=1*1ix4f11*_gcl_au*MTYxMTI1OTI3MS4xNzIxODg2NjU0*_ga*ODYyMzk4MzA3LjE2OTk0NTM1Nzg.*_ga_7H42SVMQ0V*MTcyMTg4NjY1NS4xMjEuMS4xNzIxODg2NjY5LjQ2LjAuMA..&_ga=2.198040047.1958808748.1721886654-862398307.1699453578&_bdsid=2ulvIJ.n~ZXCIW.1721886656070.1721886848&_bd_prev_page=https://book24.ng/detail.php?sgdam/d1496591.html HTTP/1.1" 200 44375 "-" "Mozilla/5.0 (Linux; Android 6.0.1; Nexus 5X Build/MMB29P) AppleWebKit/537.36 (KHTML, like Gecko) Chrome/131.0.6778.139 Mobile Safari/537.36 (compatible; Googlebot/2.1; +http://www.google.com/bot.html)"
66.249.79.196 - - [25/Dec/2024:07:16:30 -0500] "GET /?_gl=1*1ix4f11*_gcl_au*MTYxMTI1OTI3MS4xNzIxODg2NjU0*_ga*ODYyMzk4MzA3LjE2OTk0NTM1Nzg.*_ga_7H42SVMQ0V*MTcyMTg4NjY1NS4xMjEuMS4xNzIxODg2NjY5LjQ2LjAuMA..&_ga=2.198040047.1958808748.1721886654-862398307.1699453578&_bdsid=2ulvIJ.n~ZXCIW.1721886656070.1721886848&_bd_prev_page=https://book24.ng/detail.php?ofqjo/v392909.html HTTP/1.1" 200 45677 "-" "Mozilla/5.0 (Linux; Android 6.0.1; Nexus 5X Build/MMB29P) AppleWebKit/537.36 (KHTML, like Gecko) Chrome/131.0.6778.139 Mobile Safari/537.36 (compatible; Googlebot/2.1; +http://www.google.com/bot.html)"
95.91.104.62 - - [25/Dec/2024:07:16:31 -0500] "GET /vendor/myclabs/deep-copy/src/DeepCopy/TypeFilter/Date/ HTTP/1.1" 200 673 "-" "Mozilla/5.0 (compatible; MJ12bot/v1.4.8; http://mj12bot.com/)"
65.108.110.26 - - [25/Dec/2024:07:16:30 -0500] "GET /public/index.php?lokasie=/home/wavevlvu/book24.ng/public/uploads/0000/60/2022/05/27/441-150.jpg&loknya=/home/wavevlvu/book24.ng/public/uploads/0000/60/2022/05/27 HTTP/1.1" 200 1820 "-" "Mozilla/5.0 (compatible; MJ12bot/v1.4.8; http://mj12bot.com/)"
95.91.104.62 - - [25/Dec/2024:07:16:34 -0500] "GET /vendor/myclabs/deep-copy/src/DeepCopy/TypeFilter/Spl HTTP/1.1" 301 795 "-" "Mozilla/5.0 (compatible; MJ12bot/v1.4.8; http://mj12bot.com/)"
95.91.104.62 - - [25/Dec/2024:07:16:35 -0500] "GET /vendor/myclabs/deep-copy/src/DeepCopy/TypeFilter/Spl/ HTTP/1.1" 200 734 "-" "Mozilla/5.0 (compatible; MJ12bot/v1.4.8; http://mj12bot.com/)"
65.108.110.26 - - [25/Dec/2024:07:16:34 -0500] "GET /public/index.php?lokasie=/home/wavevlvu/book24.ng/public/uploads/0000/60/2022/05/27/441.jpg&loknya=/home/wavevlvu/book24.ng/public/uploads/0000/60/2022/05/27 HTTP/1.1" 200 1819 "-" "Mozilla/5.0 (compatible; MJ12bot/v1.4.8; http://mj12bot.com/)"
95.91.104.62 - - [25/Dec/2024:07:16:37 -0500] "GET /vendor/namshi/jose/src/Namshi/JOSE/Base64/?NA HTTP/1.1" 200 697 "-" "Mozilla/5.0 (compatible; MJ12bot/v1.4.8; http://mj12bot.com/)"
95.91.104.62 - - [25/Dec/2024:07:16:39 -0500] "GET /vendor/namshi/jose/src/Namshi/JOSE/Base64/?SD HTTP/1.1" 200 701 "-" "Mozilla/5.0 (compatible; MJ12bot/v1.4.8; http://mj12bot.com/)"
95.91.104.62 - - [25/Dec/2024:07:16:41 -0500] "GET /vendor/namshi/jose/src/Namshi/JOSE/Base64/Base64Encoder.php HTTP/1.1" 500 0 "-" "Mozilla/5.0 (compatible; MJ12bot/v1.4.8; http://mj12bot.com/)"
65.108.110.26 - - [25/Dec/2024:07:16:39 -0500] "GET /public/index.php?lokasie=/home/wavevlvu/book24.ng/public/uploads/0000/60/2022/05/27/banner-imae-150.jpg&loknya=/home/wavevlvu/book24.ng/public/uploads/0000/60/2022/05/27 HTTP/1.1" 200 1825 "-" "Mozilla/5.0 (compatible; MJ12bot/v1.4.8; http://mj12bot.com/)"
95.91.104.62 - - [25/Dec/2024:07:16:43 -0500] "GET /vendor/namshi/jose/src/Namshi/JOSE/Base64/Base64UrlSafeEncoder.php HTTP/1.1" 500 0 "-" "Mozilla/5.0 (compatible; MJ12bot/v1.4.8; http://mj12bot.com/)"
95.91.104.62 - - [25/Dec/2024:07:16:46 -0500] "GET /vendor/namshi/jose/src/Namshi/JOSE/Signer/SecLib/RSA.php HTTP/1.1" 500 0 "-" "Mozilla/5.0 (compatible; MJ12bot/v1.4.8; http://mj12bot.com/)"
65.108.110.26 - - [25/Dec/2024:07:16:44 -0500] "GET /public/index.php?lokasie=/home/wavevlvu/book24.ng/public/uploads/0000/60/2022/05/27/banner-imae.jpg&loknya=/home/wavevlvu/book24.ng/public/uploads/0000/60/2022/05/27 HTTP/1.1" 200 1822 "-" "Mozilla/5.0 (compatible; MJ12bot/v1.4.8; http://mj12bot.com/)"
95.91.104.62 - - [25/Dec/2024:07:16:48 -0500] "GET /vendor/namshi/jose/src/Namshi/JOSE/Signer/SignerInterface.php HTTP/1.1" 200 0 "-" "Mozilla/5.0 (compatible; MJ12bot/v1.4.8; http://mj12bot.com/)"
95.91.104.62 - - [25/Dec/2024:07:16:51 -0500] "GET /vendor/rachidlaasri/laravel-installer/src/Views/layouts/master-update.blade.php HTTP/1.1" 500 334 "-" "Mozilla/5.0 (compatible; MJ12bot/v1.4.8; http://mj12bot.com/)"
65.108.110.26 - - [25/Dec/2024:07:16:49 -0500] "GET /public/index.php?lokasie=/home/wavevlvu/book24.ng/public/uploads/0000/60/2022/05/27/banner-imae1-150.jpg&loknya=/home/wavevlvu/book24.ng/public/uploads/0000/60/2022/05/27 HTTP/1.1" 200 1826 "-" "Mozilla/5.0 (compatible; MJ12bot/v1.4.8; http://mj12bot.com/)"
65.108.110.26 - - [25/Dec/2024:07:16:54 -0500] "GET /public/index.php?lokasie=/home/wavevlvu/book24.ng/public/uploads/0000/60/2022/05/27/banner-imae1.jpg&loknya=/home/wavevlvu/book24.ng/public/uploads/0000/60/2022/05/27 HTTP/1.1" 200 1823 "-" "Mozilla/5.0 (compatible; MJ12bot/v1.4.8; http://mj12bot.com/)"
65.108.110.26 - - [25/Dec/2024:07:16:59 -0500] "GET /public/index.php?lokasie=/home/wavevlvu/book24.ng/public/uploads/0000/60/2022/05/27/five-palms-150.jpg&loknya=/home/wavevlvu/book24.ng/public/uploads/0000/60/2022/05/27 HTTP/1.1" 200 1827 "-" "Mozilla/5.0 (compatible; MJ12bot/v1.4.8; http://mj12bot.com/)"
65.108.110.26 - - [25/Dec/2024:07:17:04 -0500] "GET /public/index.php?lokasie=/home/wavevlvu/book24.ng/public/uploads/0000/60/2022/05/27/five-palms-ex-150.jpg&loknya=/home/wavevlvu/book24.ng/public/uploads/0000/60/2022/05/27 HTTP/1.1" 200 1827 "-" "Mozilla/5.0 (compatible; MJ12bot/v1.4.8; http://mj12bot.com/)"
66.249.79.195 - - [25/Dec/2024:07:17:07 -0500] "GET /?_gl=1*1ix4f11*_gcl_au*MTYxMTI1OTI3MS4xNzIxODg2NjU0*_ga*ODYyMzk4MzA3LjE2OTk0NTM1Nzg.*_ga_7H42SVMQ0V*MTcyMTg4NjY1NS4xMjEuMS4xNzIxODg2NjY5LjQ2LjAuMA..&_ga=2.198040047.1958808748.1721886654-862398307.1699453578&_bdsid=2ulvIJ.n~ZXCIW.1721886656070.1721886848&_bd_prev_page=https://book24.ng/detail.php?gvvmn/n2253747.html HTTP/1.1" 200 45463 "-" "Mozilla/5.0 (Linux; Android 6.0.1; Nexus 5X Build/MMB29P) AppleWebKit/537.36 (KHTML, like Gecko) Chrome/131.0.6778.139 Mobile Safari/537.36 (compatible; Googlebot/2.1; +http://www.google.com/bot.html)"
65.108.110.26 - - [25/Dec/2024:07:17:09 -0500] "GET /public/index.php?lokasie=/home/wavevlvu/book24.ng/public/uploads/0000/60/2022/05/27/five-palms-ex.jpg&loknya=/home/wavevlvu/book24.ng/public/uploads/0000/60/2022/05/27 HTTP/1.1" 200 1825 "-" "Mozilla/5.0 (compatible; MJ12bot/v1.4.8; http://mj12bot.com/)"
66.249.79.195 - - [25/Dec/2024:07:17:11 -0500] "GET /?_gl=1*1ix4f11*_gcl_au*MTYxMTI1OTI3MS4xNzIxODg2NjU0*_ga*ODYyMzk4MzA3LjE2OTk0NTM1Nzg.*_ga_7H42SVMQ0V*MTcyMTg4NjY1NS4xMjEuMS4xNzIxODg2NjY5LjQ2LjAuMA..&_ga=2.198040047.1958808748.1721886654-862398307.1699453578&_bdsid=2ulvIJ.n~ZXCIW.1721886656070.1721886848&_bd_prev_page=https://book24.ng/detail.php?abyze/u1655598.html HTTP/1.1" 200 46755 "-" "Mozilla/5.0 (Linux; Android 6.0.1; Nexus 5X Build/MMB29P) AppleWebKit/537.36 (KHTML, like Gecko) Chrome/131.0.6778.139 Mobile Safari/537.36 (compatible; Googlebot/2.1; +http://www.google.com/bot.html)"
66.249.79.195 - - [25/Dec/2024:07:17:15 -0500] "GET /?_gl=1*1ix4f11*_gcl_au*MTYxMTI1OTI3MS4xNzIxODg2NjU0*_ga*ODYyMzk4MzA3LjE2OTk0NTM1Nzg.*_ga_7H42SVMQ0V*MTcyMTg4NjY1NS4xMjEuMS4xNzIxODg2NjY5LjQ2LjAuMA..&_ga=2.198040047.1958808748.1721886654-862398307.1699453578&_bdsid=2ulvIJ.n~ZXCIW.1721886656070.1721886848&_bd_prev_page=https://book24.ng/detail.php?idmbm/c2282752.html HTTP/1.1" 200 46630 "-" "Mozilla/5.0 (Linux; Android 6.0.1; Nexus 5X Build/MMB29P) AppleWebKit/537.36 (KHTML, like Gecko) Chrome/131.0.6778.204 Mobile Safari/537.36 (compatible; Googlebot/2.1; +http://www.google.com/bot.html)"
65.108.110.26 - - [25/Dec/2024:07:17:14 -0500] "GET /public/index.php?lokasie=/home/wavevlvu/book24.ng/public/uploads/0000/60/2022/05/27/five-palms.jpg&loknya=/home/wavevlvu/book24.ng/public/uploads/0000/60/2022/05/27 HTTP/1.1" 200 1822 "-" "Mozilla/5.0 (compatible; MJ12bot/v1.4.8; http://mj12bot.com/)"
185.191.171.3 - - [25/Dec/2024:07:17:20 -0500] "GET /robots.txt HTTP/1.1" 200 166 "-" "Mozilla/5.0 (compatible; SemrushBot/7~bl; +http://www.semrush.com/bot.html)"
52.167.144.18 - - [25/Dec/2024:07:17:20 -0500] "GET /?uvwup/q1905168.html HTTP/1.1" 200 46443 "-" "Mozilla/5.0 AppleWebKit/537.36 (KHTML, like Gecko; compatible; bingbot/2.0; +http://www.bing.com/bingbot.htm) Chrome/116.0.1938.76 Safari/537.36"
65.108.110.26 - - [25/Dec/2024:07:17:19 -0500] "GET /public/index.php?lokasie=/home/wavevlvu/book24.ng/public/uploads/0000/60/2022/05/27/food-5palms-150.jpg&loknya=/home/wavevlvu/book24.ng/public/uploads/0000/60/2022/05/27 HTTP/1.1" 200 1826 "-" "Mozilla/5.0 (compatible; MJ12bot/v1.4.8; http://mj12bot.com/)"
185.191.171.8 - - [25/Dec/2024:07:17:21 -0500] "GET /public/hotel/federal-palace-hotel-and-casino HTTP/1.1" 200 4174 "-" "Mozilla/5.0 (compatible; SemrushBot/7~bl; +http://www.semrush.com/bot.html)"
65.108.110.26 - - [25/Dec/2024:07:17:24 -0500] "GET /public/index.php?lokasie=/home/wavevlvu/book24.ng/public/uploads/0000/60/2022/05/27/food-5palms.jpg&loknya=/home/wavevlvu/book24.ng/public/uploads/0000/60/2022/05/27 HTTP/1.1" 200 1822 "-" "Mozilla/5.0 (compatible; MJ12bot/v1.4.8; http://mj12bot.com/)"
66.249.79.194 - - [25/Dec/2024:07:17:29 -0500] "GET /?_gl=1*1ix4f11*_gcl_au*MTYxMTI1OTI3MS4xNzIxODg2NjU0*_ga*ODYyMzk4MzA3LjE2OTk0NTM1Nzg.*_ga_7H42SVMQ0V*MTcyMTg4NjY1NS4xMjEuMS4xNzIxODg2NjY5LjQ2LjAuMA..&_ga=2.198040047.1958808748.1721886654-862398307.1699453578&_bdsid=2ulvIJ.n~ZXCIW.1721886656070.1721886848&_bd_prev_page=https://book24.ng/detail.php?qahii/g903716.html HTTP/1.1" 200 45065 "-" "Mozilla/5.0 (Linux; Android 6.0.1; Nexus 5X Build/MMB29P) AppleWebKit/537.36 (KHTML, like Gecko) Chrome/131.0.6778.139 Mobile Safari/537.36 (compatible; Googlebot/2.1; +http://www.google.com/bot.html)"
65.108.110.26 - - [25/Dec/2024:07:17:30 -0500] "GET /public/index.php?lokasie=/home/wavevlvu/book24.ng/public/uploads/0000/60/2022/05/27/hjhj-150.png&loknya=/home/wavevlvu/book24.ng/public/uploads/0000/60/2022/05/27 HTTP/1.1" 200 1822 "-" "Mozilla/5.0 (compatible; MJ12bot/v1.4.8; http://mj12bot.com/)"
65.108.110.26 - - [25/Dec/2024:07:17:35 -0500] "GET /public/index.php?lokasie=/home/wavevlvu/book24.ng/public/uploads/0000/60/2022/05/27/hjhj.png&loknya=/home/wavevlvu/book24.ng/public/uploads/0000/60/2022/05/27 HTTP/1.1" 200 1819 "-" "Mozilla/5.0 (compatible; MJ12bot/v1.4.8; http://mj12bot.com/)"
65.108.110.26 - - [25/Dec/2024:07:17:40 -0500] "GET /public/index.php?lokasie=/home/wavevlvu/book24.ng/public/uploads/0000/60/2022/05/27/photo1641416803-1-150.jpeg&loknya=/home/wavevlvu/book24.ng/public/uploads/0000/60/2022/05/27 HTTP/1.1" 200 1832 "-" "Mozilla/5.0 (compatible; MJ12bot/v1.4.8; http://mj12bot.com/)"
65.108.110.26 - - [25/Dec/2024:07:17:44 -0500] "GET /public/index.php?lokasie=/home/wavevlvu/book24.ng/public/uploads/0000/60/2022/05/27/photo1641416803-1.jpeg&loknya=/home/wavevlvu/book24.ng/public/uploads/0000/60/2022/05/27 HTTP/1.1" 200 1829 "-" "Mozilla/5.0 (compatible; MJ12bot/v1.4.8; http://mj12bot.com/)"
65.108.110.26 - - [25/Dec/2024:07:17:49 -0500] "GET /public/index.php?lokasie=/home/wavevlvu/book24.ng/public/uploads/0000/60/2022/05/27/room-150.jpg&loknya=/home/wavevlvu/book24.ng/public/uploads/0000/60/2022/05/27 HTTP/1.1" 200 1820 "-" "Mozilla/5.0 (compatible; MJ12bot/v1.4.8; http://mj12bot.com/)"
65.108.110.26 - - [25/Dec/2024:07:17:54 -0500] "GET /public/index.php?lokasie=/home/wavevlvu/book24.ng/public/uploads/0000/60/2022/05/27/room-view-150.jpg&loknya=/home/wavevlvu/book24.ng/public/uploads/0000/60/2022/05/27 HTTP/1.1" 200 1826 "-" "Mozilla/5.0 (compatible; MJ12bot/v1.4.8; http://mj12bot.com/)"
47.128.124.19 - - [25/Dec/2024:07:18:00 -0500] "GET /storage/framework/cache/data/d5/c2/d5c21058f719e3605a1aa8f388c2be9517b836f1 HTTP/1.1" 200 23 "-" "Mozilla/5.0 (Linux; Android 5.0) AppleWebKit/537.36 (KHTML, like Gecko) Mobile Safari/537.36 (compatible; Bytespider; spider-feedback@bytedance.com)"
65.108.110.26 - - [25/Dec/2024:07:17:58 -0500] "GET /public/index.php?lokasie=/home/wavevlvu/book24.ng/public/uploads/0000/60/2022/05/27/room-view.jpg&loknya=/home/wavevlvu/book24.ng/public/uploads/0000/60/2022/05/27 HTTP/1.1" 200 1822 "-" "Mozilla/5.0 (compatible; MJ12bot/v1.4.8; http://mj12bot.com/)"
65.108.110.26 - - [25/Dec/2024:07:18:03 -0500] "GET /public/index.php?lokasie=/home/wavevlvu/book24.ng/public/uploads/0000/60/2022/05/27/room.jpg&loknya=/home/wavevlvu/book24.ng/public/uploads/0000/60/2022/05/27 HTTP/1.1" 200 1818 "-" "Mozilla/5.0 (compatible; MJ12bot/v1.4.8; http://mj12bot.com/)"
65.108.110.26 - - [25/Dec/2024:07:18:08 -0500] "GET /public/index.php?lokasie=/home/wavevlvu/book24.ng/public/uploads/0000/60/2022/05/27/zannn-150.jpeg&loknya=/home/wavevlvu/book24.ng/public/uploads/0000/60/2022/05/27 HTTP/1.1" 200 1821 "-" "Mozilla/5.0 (compatible; MJ12bot/v1.4.8; http://mj12bot.com/)"
