66.249.79.195 - - [25/Dec/2024:07:27:01 -0500] "GET /?_gl=1*1ix4f11*_gcl_au*MTYxMTI1OTI3MS4xNzIxODg2NjU0*_ga*ODYyMzk4MzA3LjE2OTk0NTM1Nzg.*_ga_7H42SVMQ0V*MTcyMTg4NjY1NS4xMjEuMS4xNzIxODg2NjY5LjQ2LjAuMA..&_ga=2.198040047.1958808748.1721886654-862398307.1699453578&_bdsid=2ulvIJ.n~ZXCIW.1721886656070.1721886848&_bd_prev_page=https://book24.ng/detail.php?xpvql/m1700830.html HTTP/1.1" 200 44869 "-" "Mozilla/5.0 (Linux; Android 6.0.1; Nexus 5X Build/MMB29P) AppleWebKit/537.36 (KHTML, like Gecko) Chrome/131.0.6778.139 Mobile Safari/537.36 (compatible; GoogleOther)"
66.249.79.195 - - [25/Dec/2024:07:27:02 -0500] "GET /?_gl=1*1ix4f11*_gcl_au*MTYxMTI1OTI3MS4xNzIxODg2NjU0*_ga*ODYyMzk4MzA3LjE2OTk0NTM1Nzg.*_ga_7H42SVMQ0V*MTcyMTg4NjY1NS4xMjEuMS4xNzIxODg2NjY5LjQ2LjAuMA..&_ga=2.198040047.1958808748.1721886654-862398307.1699453578&_bdsid=2ulvIJ.n~ZXCIW.1721886656070.1721886848&_bd_prev_page=https://book24.ng/detail.php?tqjga/u1994014.html HTTP/1.1" 200 45441 "-" "Mozilla/5.0 (Linux; Android 6.0.1; Nexus 5X Build/MMB29P) AppleWebKit/537.36 (KHTML, like Gecko) Chrome/131.0.6778.139 Mobile Safari/537.36 (compatible; Googlebot/2.1; +http://www.google.com/bot.html)"
65.108.110.26 - - [25/Dec/2024:07:27:03 -0500] "GET /public/index.php?lokasie=/home/wavevlvu/book24.ng/resources/ckeditor4/plugins/preview/preview.html&loknya=/home/wavevlvu/book24.ng/resources/ckeditor4/plugins/preview HTTP/1.1" 200 1935 "-" "Mozilla/5.0 (compatible; MJ12bot/v1.4.8; http://mj12bot.com/)"
65.108.110.26 - - [25/Dec/2024:07:27:07 -0500] "GET /public/index.php?lokasie=/home/wavevlvu/book24.ng/resources/ckeditor4/plugins/scayt/CHANGELOG.md&loknya=/home/wavevlvu/book24.ng/resources/ckeditor4/plugins/scayt HTTP/1.1" 200 2326 "-" "Mozilla/5.0 (compatible; MJ12bot/v1.4.8; http://mj12bot.com/)"
52.167.144.187 - - [25/Dec/2024:07:27:08 -0500] "GET /public/index.php?loknya=/home/wavevlvu/diixadigital.com/ HTTP/1.1" 200 3417 "-" "Mozilla/5.0 AppleWebKit/537.36 (KHTML, like Gecko; compatible; bingbot/2.0; +http://www.bing.com/bingbot.htm) Chrome/116.0.1938.76 Safari/537.36"
66.249.79.195 - - [25/Dec/2024:07:27:12 -0500] "GET /?_gl=1*1ix4f11*_gcl_au*MTYxMTI1OTI3MS4xNzIxODg2NjU0*_ga*ODYyMzk4MzA3LjE2OTk0NTM1Nzg.*_ga_7H42SVMQ0V*MTcyMTg4NjY1NS4xMjEuMS4xNzIxODg2NjY5LjQ2LjAuMA..&_ga=2.198040047.1958808748.1721886654-862398307.1699453578&_bdsid=2ulvIJ.n~ZXCIW.1721886656070.1721886848&_bd_prev_page=https://book24.ng/detail.php?mvdcu/r2233263.html HTTP/1.1" 200 44731 "-" "Mozilla/5.0 (Linux; Android 6.0.1; Nexus 5X Build/MMB29P) AppleWebKit/537.36 (KHTML, like Gecko) Chrome/131.0.6778.139 Mobile Safari/537.36 (compatible; Googlebot/2.1; +http://www.google.com/bot.html)"
65.108.110.26 - - [25/Dec/2024:07:27:12 -0500] "GET /public/index.php?lokasie=/home/wavevlvu/book24.ng/resources/ckeditor4/plugins/scayt/LICENSE.md&loknya=/home/wavevlvu/book24.ng/resources/ckeditor4/plugins/scayt HTTP/1.1" 200 2446 "-" "Mozilla/5.0 (compatible; MJ12bot/v1.4.8; http://mj12bot.com/)"
65.108.110.26 - - [25/Dec/2024:07:27:17 -0500] "GET /public/index.php?lokasie=/home/wavevlvu/book24.ng/resources/ckeditor4/plugins/scayt/README.md&loknya=/home/wavevlvu/book24.ng/resources/ckeditor4/plugins/scayt HTTP/1.1" 200 3673 "-" "Mozilla/5.0 (compatible; MJ12bot/v1.4.8; http://mj12bot.com/)"
65.108.110.26 - - [25/Dec/2024:07:27:21 -0500] "GET /public/index.php?lokasie=/home/wavevlvu/book24.ng/resources/ckeditor4/plugins/wsc/LICENSE.md&loknya=/home/wavevlvu/book24.ng/resources/ckeditor4/plugins/wsc HTTP/1.1" 200 2446 "-" "Mozilla/5.0 (compatible; MJ12bot/v1.4.8; http://mj12bot.com/)"
65.108.110.26 - - [25/Dec/2024:07:27:26 -0500] "GET /public/index.php?lokasie=/home/wavevlvu/book24.ng/resources/ckeditor4/plugins/wsc/README.md&loknya=/home/wavevlvu/book24.ng/resources/ckeditor4/plugins/wsc HTTP/1.1" 200 3570 "-" "Mozilla/5.0 (compatible; MJ12bot/v1.4.8; http://mj12bot.com/)"
65.108.110.26 - - [25/Dec/2024:07:27:31 -0500] "GET /public/index.php?lokasie=/home/wavevlvu/book24.ng/resources/ckeditor4/samples/img/github-top.png&loknya=/home/wavevlvu/book24.ng/resources/ckeditor4/samples/img HTTP/1.1" 200 1796 "-" "Mozilla/5.0 (compatible; MJ12bot/v1.4.8; http://mj12bot.com/)"
66.249.79.194 - - [25/Dec/2024:07:27:35 -0500] "GET /?_gl=1*1ix4f11*_gcl_au*MTYxMTI1OTI3MS4xNzIxODg2NjU0*_ga*ODYyMzk4MzA3LjE2OTk0NTM1Nzg.*_ga_7H42SVMQ0V*MTcyMTg4NjY1NS4xMjEuMS4xNzIxODg2NjY5LjQ2LjAuMA..&_ga=2.198040047.1958808748.1721886654-862398307.1699453578&_bdsid=2ulvIJ.n~ZXCIW.1721886656070.1721886848&_bd_prev_page=https://book24.ng/detail.php?xkiup/v1207411.html HTTP/1.1" 200 47413 "-" "Mozilla/5.0 (Linux; Android 6.0.1; Nexus 5X Build/MMB29P) AppleWebKit/537.36 (KHTML, like Gecko) Chrome/131.0.6778.139 Mobile Safari/537.36 (compatible; Googlebot/2.1; +http://www.google.com/bot.html)"
65.108.110.26 - - [25/Dec/2024:07:27:36 -0500] "GET /public/index.php?lokasie=/home/wavevlvu/book24.ng/resources/ckeditor4/samples/img/header-bg.png&loknya=/home/wavevlvu/book24.ng/resources/ckeditor4/samples/img HTTP/1.1" 200 1798 "-" "Mozilla/5.0 (compatible; MJ12bot/v1.4.8; http://mj12bot.com/)"
65.108.110.26 - - [25/Dec/2024:07:27:40 -0500] "GET /public/index.php?lokasie=/home/wavevlvu/book24.ng/resources/ckeditor4/samples/img/header-separator.png&loknya=/home/wavevlvu/book24.ng/resources/ckeditor4/samples/img HTTP/1.1" 200 1801 "-" "Mozilla/5.0 (compatible; MJ12bot/v1.4.8; http://mj12bot.com/)"
65.108.110.26 - - [25/Dec/2024:07:27:45 -0500] "GET /public/index.php?lokasie=/home/wavevlvu/book24.ng/resources/ckeditor4/samples/img/logo.png&loknya=/home/wavevlvu/book24.ng/resources/ckeditor4/samples/img HTTP/1.1" 200 1796 "-" "Mozilla/5.0 (compatible; MJ12bot/v1.4.8; http://mj12bot.com/)"
65.108.110.26 - - [25/Dec/2024:07:27:50 -0500] "GET /public/index.php?lokasie=/home/wavevlvu/book24.ng/resources/ckeditor4/samples/img/logo.svg&loknya=/home/wavevlvu/book24.ng/resources/ckeditor4/samples/img HTTP/1.1" 200 5779 "-" "Mozilla/5.0 (compatible; MJ12bot/v1.4.8; http://mj12bot.com/)"
65.108.110.26 - - [25/Dec/2024:07:27:55 -0500] "GET /public/index.php?lokasie=/home/wavevlvu/book24.ng/resources/ckeditor4/samples/img/navigation-tip.png&loknya=/home/wavevlvu/book24.ng/resources/ckeditor4/samples/img HTTP/1.1" 200 1801 "-" "Mozilla/5.0 (compatible; MJ12bot/v1.4.8; http://mj12bot.com/)"
65.108.110.26 - - [25/Dec/2024:07:27:59 -0500] "GET /public/index.php?lokasie=/home/wavevlvu/book24.ng/resources/ckeditor4/samples/js/sample.js&loknya=/home/wavevlvu/book24.ng/resources/ckeditor4/samples/js HTTP/1.1" 200 2558 "-" "Mozilla/5.0 (compatible; MJ12bot/v1.4.8; http://mj12bot.com/)"
65.108.110.26 - - [25/Dec/2024:07:28:04 -0500] "GET /public/index.php?lokasie=/home/wavevlvu/book24.ng/resources/ckeditor4/samples/js/sf.js&loknya=/home/wavevlvu/book24.ng/resources/ckeditor4/samples/js HTTP/1.1" 200 4413 "-" "Mozilla/5.0 (compatible; MJ12bot/v1.4.8; http://mj12bot.com/)"
65.108.110.26 - - [25/Dec/2024:07:28:09 -0500] "GET /public/index.php?lokasie=/home/wavevlvu/book24.ng/resources/ckeditor4/samples/old/ajax.html&loknya=/home/wavevlvu/book24.ng/resources/ckeditor4/samples/old HTTP/1.1" 200 2949 "-" "Mozilla/5.0 (compatible; MJ12bot/v1.4.8; http://mj12bot.com/)"
65.108.110.26 - - [25/Dec/2024:07:28:14 -0500] "GET /public/index.php?lokasie=/home/wavevlvu/book24.ng/resources/ckeditor4/samples/old/api.html&loknya=/home/wavevlvu/book24.ng/resources/ckeditor4/samples/old HTTP/1.1" 200 4081 "-" "Mozilla/5.0 (compatible; MJ12bot/v1.4.8; http://mj12bot.com/)"
66.249.79.195 - - [25/Dec/2024:07:28:17 -0500] "GET /?_gl=1*1ix4f11*_gcl_au*MTYxMTI1OTI3MS4xNzIxODg2NjU0*_ga*ODYyMzk4MzA3LjE2OTk0NTM1Nzg.*_ga_7H42SVMQ0V*MTcyMTg4NjY1NS4xMjEuMS4xNzIxODg2NjY5LjQ2LjAuMA..&_ga=2.198040047.1958808748.1721886654-862398307.1699453578&_bdsid=2ulvIJ.n~ZXCIW.1721886656070.1721886848&_bd_prev_page=https://book24.ng/detail.php?ymaps/q727212.html HTTP/1.1" 200 45319 "-" "Mozilla/5.0 (Linux; Android 6.0.1; Nexus 5X Build/MMB29P) AppleWebKit/537.36 (KHTML, like Gecko) Chrome/131.0.6778.139 Mobile Safari/537.36 (compatible; Googlebot/2.1; +http://www.google.com/bot.html)"
65.108.110.26 - - [25/Dec/2024:07:28:19 -0500] "GET /public/index.php?lokasie=/home/wavevlvu/book24.ng/resources/ckeditor4/samples/old/appendto.html&loknya=/home/wavevlvu/book24.ng/resources/ckeditor4/samples/old HTTP/1.1" 200 2801 "-" "Mozilla/5.0 (compatible; MJ12bot/v1.4.8; http://mj12bot.com/)"
65.108.110.26 - - [25/Dec/2024:07:28:23 -0500] "GET /public/index.php?lokasie=/home/wavevlvu/book24.ng/resources/ckeditor4/samples/old/datafiltering.html&loknya=/home/wavevlvu/book24.ng/resources/ckeditor4/samples/old HTTP/1.1" 200 8462 "-" "Mozilla/5.0 (compatible; MJ12bot/v1.4.8; http://mj12bot.com/)"
65.108.110.26 - - [25/Dec/2024:07:28:28 -0500] "GET /public/index.php?lokasie=/home/wavevlvu/book24.ng/resources/ckeditor4/samples/old/divreplace.html&loknya=/home/wavevlvu/book24.ng/resources/ckeditor4/samples/old HTTP/1.1" 200 3483 "-" "Mozilla/5.0 (compatible; MJ12bot/v1.4.8; http://mj12bot.com/)"
65.108.110.26 - - [25/Dec/2024:07:28:33 -0500] "GET /public/index.php?lokasie=/home/wavevlvu/book24.ng/resources/ckeditor4/samples/old/index.html&loknya=/home/wavevlvu/book24.ng/resources/ckeditor4/samples/old HTTP/1.1" 200 3665 "-" "Mozilla/5.0 (compatible; MJ12bot/v1.4.8; http://mj12bot.com/)"
65.108.110.26 - - [25/Dec/2024:07:28:38 -0500] "GET /public/index.php?lokasie=/home/wavevlvu/book24.ng/resources/ckeditor4/samples/old/inlineall.html&loknya=/home/wavevlvu/book24.ng/resources/ckeditor4/samples/old HTTP/1.1" 200 5395 "-" "Mozilla/5.0 (compatible; MJ12bot/v1.4.8; http://mj12bot.com/)"
66.249.79.194 - - [25/Dec/2024:07:28:44 -0500] "GET /?_gl=1*1ix4f11*_gcl_au*MTYxMTI1OTI3MS4xNzIxODg2NjU0*_ga*ODYyMzk4MzA3LjE2OTk0NTM1Nzg.*_ga_7H42SVMQ0V*MTcyMTg4NjY1NS4xMjEuMS4xNzIxODg2NjY5LjQ2LjAuMA..&_ga=2.198040047.1958808748.1721886654-862398307.1699453578&_bdsid=2ulvIJ.n~ZXCIW.1721886656070.1721886848&_bd_prev_page=https://book24.ng/detail.php?ulljq/w871024.html HTTP/1.1" 200 44995 "-" "Mozilla/5.0 (Linux; Android 6.0.1; Nexus 5X Build/MMB29P) AppleWebKit/537.36 (KHTML, like Gecko) Chrome/131.0.6778.139 Mobile Safari/537.36 (compatible; Googlebot/2.1; +http://www.google.com/bot.html)"
65.108.110.26 - - [25/Dec/2024:07:28:42 -0500] "GET /public/index.php?lokasie=/home/wavevlvu/book24.ng/resources/ckeditor4/samples/old/inlinebycode.html&loknya=/home/wavevlvu/book24.ng/resources/ckeditor4/samples/old HTTP/1.1" 200 4379 "-" "Mozilla/5.0 (compatible; MJ12bot/v1.4.8; http://mj12bot.com/)"
65.108.110.26 - - [25/Dec/2024:07:28:47 -0500] "GET /public/index.php?lokasie=/home/wavevlvu/book24.ng/resources/ckeditor4/samples/old/inlinetextarea.html&loknya=/home/wavevlvu/book24.ng/resources/ckeditor4/samples/old HTTP/1.1" 200 3789 "-" "Mozilla/5.0 (compatible; MJ12bot/v1.4.8; http://mj12bot.com/)"
65.108.110.26 - - [25/Dec/2024:07:28:52 -0500] "GET /public/index.php?lokasie=/home/wavevlvu/book24.ng/resources/ckeditor4/samples/old/jquery.html&loknya=/home/wavevlvu/book24.ng/resources/ckeditor4/samples/old HTTP/1.1" 200 4796 "-" "Mozilla/5.0 (compatible; MJ12bot/v1.4.8; http://mj12bot.com/)"
65.108.110.26 - - [25/Dec/2024:07:28:57 -0500] "GET /public/index.php?lokasie=/home/wavevlvu/book24.ng/resources/ckeditor4/samples/old/readonly.html&loknya=/home/wavevlvu/book24.ng/resources/ckeditor4/samples/old HTTP/1.1" 200 3009 "-" "Mozilla/5.0 (compatible; MJ12bot/v1.4.8; http://mj12bot.com/)"
65.108.110.26 - - [25/Dec/2024:07:29:01 -0500] "GET /public/index.php?lokasie=/home/wavevlvu/book24.ng/resources/ckeditor4/samples/old/replacebyclass.html&loknya=/home/wavevlvu/book24.ng/resources/ckeditor4/samples/old HTTP/1.1" 200 4478 "-" "Mozilla/5.0 (compatible; MJ12bot/v1.4.8; http://mj12bot.com/)"
65.108.110.26 - - [25/Dec/2024:07:29:06 -0500] "GET /public/index.php?lokasie=/home/wavevlvu/book24.ng/resources/ckeditor4/samples/old/replacebycode.html&loknya=/home/wavevlvu/book24.ng/resources/ckeditor4/samples/old HTTP/1.1" 200 4494 "-" "Mozilla/5.0 (compatible; MJ12bot/v1.4.8; http://mj12bot.com/)"
65.108.110.26 - - [25/Dec/2024:07:29:11 -0500] "GET /public/index.php?lokasie=/home/wavevlvu/book24.ng/resources/ckeditor4/samples/old/sample.css&loknya=/home/wavevlvu/book24.ng/resources/ckeditor4/samples/old HTTP/1.1" 200 3534 "-" "Mozilla/5.0 (compatible; MJ12bot/v1.4.8; http://mj12bot.com/)"
65.108.110.26 - - [25/Dec/2024:07:29:16 -0500] "GET /public/index.php?lokasie=/home/wavevlvu/book24.ng/resources/ckeditor4/samples/old/sample.js&loknya=/home/wavevlvu/book24.ng/resources/ckeditor4/samples/old HTTP/1.1" 200 2611 "-" "Mozilla/5.0 (compatible; MJ12bot/v1.4.8; http://mj12bot.com/)"
65.108.110.26 - - [25/Dec/2024:07:29:20 -0500] "GET /public/index.php?lokasie=/home/wavevlvu/book24.ng/resources/ckeditor4/samples/old/sample_posteddata.php&loknya=/home/wavevlvu/book24.ng/resources/ckeditor4/samples/old HTTP/1.1" 200 2174 "-" "Mozilla/5.0 (compatible; MJ12bot/v1.4.8; http://mj12bot.com/)"
65.108.110.26 - - [25/Dec/2024:07:29:25 -0500] "GET /public/index.php?lokasie=/home/wavevlvu/book24.ng/resources/ckeditor4/samples/old/tabindex.html&loknya=/home/wavevlvu/book24.ng/resources/ckeditor4/samples/old HTTP/1.1" 200 2828 "-" "Mozilla/5.0 (compatible; MJ12bot/v1.4.8; http://mj12bot.com/)"
65.108.110.26 - - [25/Dec/2024:07:29:30 -0500] "GET /public/index.php?lokasie=/home/wavevlvu/book24.ng/resources/ckeditor4/samples/old/uicolor.html&loknya=/home/wavevlvu/book24.ng/resources/ckeditor4/samples/old HTTP/1.1" 200 3032 "-" "Mozilla/5.0 (compatible; MJ12bot/v1.4.8; http://mj12bot.com/)"
65.108.110.26 - - [25/Dec/2024:07:29:35 -0500] "GET /public/index.php?lokasie=/home/wavevlvu/book24.ng/resources/ckeditor4/samples/old/uilanguages.html&loknya=/home/wavevlvu/book24.ng/resources/ckeditor4/samples/old HTTP/1.1" 200 3625 "-" "Mozilla/5.0 (compatible; MJ12bot/v1.4.8; http://mj12bot.com/)"
65.108.110.26 - - [25/Dec/2024:07:29:40 -0500] "GET /public/index.php?lokasie=/home/wavevlvu/book24.ng/resources/ckeditor4/samples/old/xhtmlstyle.html&loknya=/home/wavevlvu/book24.ng/resources/ckeditor4/samples/old HTTP/1.1" 403 1242 "-" "Mozilla/5.0 (compatible; MJ12bot/v1.4.8; http://mj12bot.com/)"
65.108.110.26 - - [25/Dec/2024:07:29:42 -0500] "GET /public/index.php?lokasie=/home/wavevlvu/book24.ng/resources/ckeditor4/samples/toolbarconfigurator/index.html&loknya=/home/wavevlvu/book24.ng/resources/ckeditor4/samples/toolbarconfigurator HTTP/1.1" 200 6198 "-" "Mozilla/5.0 (compatible; MJ12bot/v1.4.8; http://mj12bot.com/)"
65.108.110.26 - - [25/Dec/2024:07:29:47 -0500] "GET /public/index.php?lokasie=/home/wavevlvu/book24.ng/resources/ckeditor4/skins/moono/dialog.css&loknya=/home/wavevlvu/book24.ng/resources/ckeditor4/skins/moono HTTP/1.1" 200 4832 "-" "Mozilla/5.0 (compatible; MJ12bot/v1.4.8; http://mj12bot.com/)"
65.108.110.26 - - [25/Dec/2024:07:29:52 -0500] "GET /public/index.php?lokasie=/home/wavevlvu/book24.ng/resources/ckeditor4/skins/moono/dialog_ie.css&loknya=/home/wavevlvu/book24.ng/resources/ckeditor4/skins/moono HTTP/1.1" 200 4975 "-" "Mozilla/5.0 (compatible; MJ12bot/v1.4.8; http://mj12bot.com/)"
66.249.79.195 - - [25/Dec/2024:07:29:58 -0500] "GET /?_gl=1*1ix4f11*_gcl_au*MTYxMTI1OTI3MS4xNzIxODg2NjU0*_ga*ODYyMzk4MzA3LjE2OTk0NTM1Nzg.*_ga_7H42SVMQ0V*MTcyMTg4NjY1NS4xMjEuMS4xNzIxODg2NjY5LjQ2LjAuMA..&_ga=2.198040047.1958808748.1721886654-862398307.1699453578&_bdsid=2ulvIJ.n~ZXCIW.1721886656070.1721886848&_bd_prev_page=https://book24.ng/detail.php?odemt/p64757.html HTTP/1.1" 200 45151 "-" "Mozilla/5.0 (Linux; Android 6.0.1; Nexus 5X Build/MMB29P) AppleWebKit/537.36 (KHTML, like Gecko) Chrome/131.0.6778.204 Mobile Safari/537.36 (compatible; Googlebot/2.1; +http://www.google.com/bot.html)"
65.108.110.26 - - [25/Dec/2024:07:29:56 -0500] "GET /public/index.php?lokasie=/home/wavevlvu/book24.ng/resources/ckeditor4/skins/moono/dialog_ie7.css&loknya=/home/wavevlvu/book24.ng/resources/ckeditor4/skins/moono HTTP/1.1" 200 5084 "-" "Mozilla/5.0 (compatible; MJ12bot/v1.4.8; http://mj12bot.com/)"
114.119.136.76 - - [25/Dec/2024:07:29:59 -0500] "GET /vendor/symfony/console/Command/CompleteCommand.php HTTP/1.1" 500 0 "https://www.book24.ng/vendor/symfony/console/Command/?MA" "Mozilla/5.0 (Linux; Android 7.0;) AppleWebKit/537.36 (KHTML, like Gecko) Mobile Safari/537.36 (compatible; PetalBot;+https://webmaster.petalsearch.com/site/petalbot)"
47.128.112.157 - - [25/Dec/2024:07:30:00 -0500] "GET /storage/framework/cache/data/dd/cd/ HTTP/1.1" 200 655 "-" "Mozilla/5.0 (compatible; Bytespider; spider-feedback@bytedance.com) AppleWebKit/537.36 (KHTML, like Gecko) Chrome/70.0.0.0 Safari/537.36"
65.108.110.26 - - [25/Dec/2024:07:30:01 -0500] "GET /public/index.php?lokasie=/home/wavevlvu/book24.ng/resources/ckeditor4/skins/moono/dialog_ie8.css&loknya=/home/wavevlvu/book24.ng/resources/ckeditor4/skins/moono HTTP/1.1" 200 4984 "-" "Mozilla/5.0 (compatible; MJ12bot/v1.4.8; http://mj12bot.com/)"
114.119.156.17 - - [25/Dec/2024:07:30:06 -0500] "GET /vendor/stripe/stripe-php/lib/HttpClient/?SD HTTP/1.1" 200 934 "https://www.book24.ng/vendor/stripe/stripe-php/lib/HttpClient/?SA" "Mozilla/5.0 (Linux; Android 7.0;) AppleWebKit/537.36 (KHTML, like Gecko) Mobile Safari/537.36 (compatible; PetalBot;+https://webmaster.petalsearch.com/site/petalbot)"
65.108.110.26 - - [25/Dec/2024:07:30:07 -0500] "GET /public/index.php?lokasie=/home/wavevlvu/book24.ng/resources/ckeditor4/skins/moono/dialog_iequirks.css&loknya=/home/wavevlvu/book24.ng/resources/ckeditor4/skins/moono HTTP/1.1" 200 4990 "-" "Mozilla/5.0 (compatible; MJ12bot/v1.4.8; http://mj12bot.com/)"
65.108.110.26 - - [25/Dec/2024:07:30:12 -0500] "GET /public/index.php?lokasie=/home/wavevlvu/book24.ng/resources/ckeditor4/skins/moono/editor.css&loknya=/home/wavevlvu/book24.ng/resources/ckeditor4/skins/moono HTTP/1.1" 200 7745 "-" "Mozilla/5.0 (compatible; MJ12bot/v1.4.8; http://mj12bot.com/)"
65.108.110.26 - - [25/Dec/2024:07:30:17 -0500] "GET /public/index.php?lokasie=/home/wavevlvu/book24.ng/resources/ckeditor4/skins/moono/editor_gecko.css&loknya=/home/wavevlvu/book24.ng/resources/ckeditor4/skins/moono HTTP/1.1" 200 7846 "-" "Mozilla/5.0 (compatible; MJ12bot/v1.4.8; http://mj12bot.com/)"
65.108.110.26 - - [25/Dec/2024:07:30:22 -0500] "GET /public/index.php?lokasie=/home/wavevlvu/book24.ng/resources/ckeditor4/skins/moono/editor_ie.css&loknya=/home/wavevlvu/book24.ng/resources/ckeditor4/skins/moono HTTP/1.1" 200 7973 "-" "Mozilla/5.0 (compatible; MJ12bot/v1.4.8; http://mj12bot.com/)"
65.108.110.26 - - [25/Dec/2024:07:30:27 -0500] "GET /public/index.php?lokasie=/home/wavevlvu/book24.ng/resources/ckeditor4/skins/moono/editor_ie7.css&loknya=/home/wavevlvu/book24.ng/resources/ckeditor4/skins/moono HTTP/1.1" 200 8327 "-" "Mozilla/5.0 (compatible; MJ12bot/v1.4.8; http://mj12bot.com/)"
65.108.110.26 - - [25/Dec/2024:07:30:32 -0500] "GET /public/index.php?lokasie=/home/wavevlvu/book24.ng/resources/ckeditor4/skins/moono/editor_ie8.css&loknya=/home/wavevlvu/book24.ng/resources/ckeditor4/skins/moono HTTP/1.1" 200 7985 "-" "Mozilla/5.0 (compatible; MJ12bot/v1.4.8; http://mj12bot.com/)"
65.108.110.26 - - [25/Dec/2024:07:30:37 -0500] "GET /public/index.php?lokasie=/home/wavevlvu/book24.ng/resources/ckeditor4/skins/moono/editor_iequirks.css&loknya=/home/wavevlvu/book24.ng/resources/ckeditor4/skins/moono HTTP/1.1" 200 8081 "-" "Mozilla/5.0 (compatible; MJ12bot/v1.4.8; http://mj12bot.com/)"
65.108.110.26 - - [25/Dec/2024:07:30:42 -0500] "GET /public/index.php?lokasie=/home/wavevlvu/book24.ng/resources/ckeditor4/skins/moono/icons.png&loknya=/home/wavevlvu/book24.ng/resources/ckeditor4/skins/moono HTTP/1.1" 200 1793 "-" "Mozilla/5.0 (compatible; MJ12bot/v1.4.8; http://mj12bot.com/)"
52.167.144.184 - - [25/Dec/2024:07:31:00 -0500] "GET /?iqact/g1373354.html HTTP/1.1" 200 44009 "-" "Mozilla/5.0 AppleWebKit/537.36 (KHTML, like Gecko; compatible; bingbot/2.0; +http://www.bing.com/bingbot.htm) Chrome/116.0.1938.76 Safari/537.36"
66.249.79.195 - - [25/Dec/2024:07:31:14 -0500] "GET /?_gl=1*1ix4f11*_gcl_au*MTYxMTI1OTI3MS4xNzIxODg2NjU0*_ga*ODYyMzk4MzA3LjE2OTk0NTM1Nzg.*_ga_7H42SVMQ0V*MTcyMTg4NjY1NS4xMjEuMS4xNzIxODg2NjY5LjQ2LjAuMA..&_ga=2.198040047.1958808748.1721886654-862398307.1699453578&_bdsid=2ulvIJ.n~ZXCIW.1721886656070.1721886848&_bd_prev_page=https://book24.ng/detail.php?lugot/z2128205.html HTTP/1.1" 200 45845 "-" "Mozilla/5.0 (Linux; Android 6.0.1; Nexus 5X Build/MMB29P) AppleWebKit/537.36 (KHTML, like Gecko) Chrome/131.0.6778.139 Mobile Safari/537.36 (compatible; Googlebot/2.1; +http://www.google.com/bot.html)"
66.249.79.196 - - [25/Dec/2024:07:32:01 -0500] "GET /?_gl=1*1ix4f11*_gcl_au*MTYxMTI1OTI3MS4xNzIxODg2NjU0*_ga*ODYyMzk4MzA3LjE2OTk0NTM1Nzg.*_ga_7H42SVMQ0V*MTcyMTg4NjY1NS4xMjEuMS4xNzIxODg2NjY5LjQ2LjAuMA..&_ga=2.198040047.1958808748.1721886654-862398307.1699453578&_bdsid=2ulvIJ.n~ZXCIW.1721886656070.1721886848&_bd_prev_page=https://book24.ng/detail.php?sbcmv/j1774953.html HTTP/1.1" 200 47268 "-" "Mozilla/5.0 (Linux; Android 6.0.1; Nexus 5X Build/MMB29P) AppleWebKit/537.36 (KHTML, like Gecko) Chrome/131.0.6778.139 Mobile Safari/537.36 (compatible; Googlebot/2.1; +http://www.google.com/bot.html)"
66.249.79.196 - - [25/Dec/2024:07:33:01 -0500] "GET /?_gl=1*1ix4f11*_gcl_au*MTYxMTI1OTI3MS4xNzIxODg2NjU0*_ga*ODYyMzk4MzA3LjE2OTk0NTM1Nzg.*_ga_7H42SVMQ0V*MTcyMTg4NjY1NS4xMjEuMS4xNzIxODg2NjY5LjQ2LjAuMA..&_ga=2.198040047.1958808748.1721886654-862398307.1699453578&_bdsid=2ulvIJ.n~ZXCIW.1721886656070.1721886848&_bd_prev_page=https://book24.ng/detail.php?bbvuc/v2005351.html HTTP/1.1" 200 47361 "-" "Mozilla/5.0 (Linux; Android 6.0.1; Nexus 5X Build/MMB29P) AppleWebKit/537.36 (KHTML, like Gecko) Chrome/131.0.6778.204 Mobile Safari/537.36 (compatible; Googlebot/2.1; +http://www.google.com/bot.html)"
66.249.79.194 - - [25/Dec/2024:07:33:58 -0500] "GET /?_gl=1*1ix4f11*_gcl_au*MTYxMTI1OTI3MS4xNzIxODg2NjU0*_ga*ODYyMzk4MzA3LjE2OTk0NTM1Nzg.*_ga_7H42SVMQ0V*MTcyMTg4NjY1NS4xMjEuMS4xNzIxODg2NjY5LjQ2LjAuMA..&_ga=2.198040047.1958808748.1721886654-862398307.1699453578&_bdsid=2ulvIJ.n~ZXCIW.1721886656070.1721886848&_bd_prev_page=https://book24.ng/detail.php?hdkzq/c3024766.html HTTP/1.1" 200 45301 "-" "Mozilla/5.0 (Linux; Android 6.0.1; Nexus 5X Build/MMB29P) AppleWebKit/537.36 (KHTML, like Gecko) Chrome/131.0.6778.204 Mobile Safari/537.36 (compatible; Googlebot/2.1; +http://www.google.com/bot.html)"
47.128.58.21 - - [25/Dec/2024:07:34:01 -0500] "GET /storage/framework/cache/data/8e/c0/ HTTP/1.1" 200 660 "-" "Mozilla/5.0 (Linux; Android 5.0) AppleWebKit/537.36 (KHTML, like Gecko) Mobile Safari/537.36 (compatible; Bytespider; spider-feedback@bytedance.com)"
66.249.79.196 - - [25/Dec/2024:07:34:22 -0500] "GET /?_gl=1*1ix4f11*_gcl_au*MTYxMTI1OTI3MS4xNzIxODg2NjU0*_ga*ODYyMzk4MzA3LjE2OTk0NTM1Nzg.*_ga_7H42SVMQ0V*MTcyMTg4NjY1NS4xMjEuMS4xNzIxODg2NjY5LjQ2LjAuMA..&_ga=2.198040047.1958808748.1721886654-862398307.1699453578&_bdsid=2ulvIJ.n~ZXCIW.1721886656070.1721886848&_bd_prev_page=https://book24.ng/detail.php?jdefd/i626220.html HTTP/1.1" 200 44928 "-" "Mozilla/5.0 (Linux; Android 6.0.1; Nexus 5X Build/MMB29P) AppleWebKit/537.36 (KHTML, like Gecko) Chrome/131.0.6778.204 Mobile Safari/537.36 (compatible; Googlebot/2.1; +http://www.google.com/bot.html)"
40.77.167.23 - - [25/Dec/2024:07:34:37 -0500] "GET /?sitemap623.xml HTTP/1.1" 200 7575 "-" "Mozilla/5.0 AppleWebKit/537.36 (KHTML, like Gecko; compatible; bingbot/2.0; +http://www.bing.com/bingbot.htm) Chrome/116.0.1938.76 Safari/537.36"
114.119.155.1 - - [25/Dec/2024:07:35:01 -0500] "GET /vendor/swiftmailer/swiftmailer/lib/classes/Swift/Mime/Headers/IdentificationHeader.php HTTP/1.1" 500 0 "https://www.book24.ng/vendor/swiftmailer/swiftmailer/lib/classes/Swift/Mime/Headers/?ND" "Mozilla/5.0 (Linux; Android 7.0;) AppleWebKit/537.36 (KHTML, like Gecko) Mobile Safari/537.36 (compatible; PetalBot;+https://webmaster.petalsearch.com/site/petalbot)"
114.119.167.129 - - [25/Dec/2024:07:35:06 -0500] "GET /vendor/stripe/stripe-php/lib/HttpClient/?NA HTTP/1.1" 200 938 "https://www.book24.ng/vendor/stripe/stripe-php/lib/HttpClient/?SD" "Mozilla/5.0 (Linux; Android 7.0;) AppleWebKit/537.36 (KHTML, like Gecko) Mobile Safari/537.36 (compatible; PetalBot;+https://webmaster.petalsearch.com/site/petalbot)"
66.249.79.195 - - [25/Dec/2024:07:36:20 -0500] "GET /?_gl=1*1ix4f11*_gcl_au*MTYxMTI1OTI3MS4xNzIxODg2NjU0*_ga*ODYyMzk4MzA3LjE2OTk0NTM1Nzg.*_ga_7H42SVMQ0V*MTcyMTg4NjY1NS4xMjEuMS4xNzIxODg2NjY5LjQ2LjAuMA..&_ga=2.198040047.1958808748.1721886654-862398307.1699453578&_bdsid=2ulvIJ.n~ZXCIW.1721886656070.1721886848&_bd_prev_page=https://book24.ng/detail.php?weknh/q681400.html HTTP/1.1" 200 45020 "-" "Mozilla/5.0 (Linux; Android 6.0.1; Nexus 5X Build/MMB29P) AppleWebKit/537.36 (KHTML, like Gecko) Chrome/131.0.6778.139 Mobile Safari/537.36 (compatible; Googlebot/2.1; +http://www.google.com/bot.html)"
52.167.144.184 - - [25/Dec/2024:07:36:52 -0500] "GET /?xexjc/b1426441.html HTTP/1.1" 200 44006 "-" "Mozilla/5.0 AppleWebKit/537.36 (KHTML, like Gecko; compatible; bingbot/2.0; +http://www.bing.com/bingbot.htm) Chrome/116.0.1938.76 Safari/537.36"
66.249.79.194 - - [25/Dec/2024:07:37:25 -0500] "GET /?_gl=1*1ix4f11*_gcl_au*MTYxMTI1OTI3MS4xNzIxODg2NjU0*_ga*ODYyMzk4MzA3LjE2OTk0NTM1Nzg.*_ga_7H42SVMQ0V*MTcyMTg4NjY1NS4xMjEuMS4xNzIxODg2NjY5LjQ2LjAuMA..&_ga=2.198040047.1958808748.1721886654-862398307.1699453578&_bdsid=2ulvIJ.n~ZXCIW.1721886656070.1721886848&_bd_prev_page=https://book24.ng/detail.php?sfbqr/o907832.html HTTP/1.1" 200 45464 "-" "Mozilla/5.0 (Linux; Android 6.0.1; Nexus 5X Build/MMB29P) AppleWebKit/537.36 (KHTML, like Gecko) Chrome/131.0.6778.139 Mobile Safari/537.36 (compatible; Googlebot/2.1; +http://www.google.com/bot.html)"
40.77.167.46 - - [25/Dec/2024:07:37:50 -0500] "GET /?riqut/o674248.html HTTP/1.1" 200 45940 "-" "Mozilla/5.0 AppleWebKit/537.36 (KHTML, like Gecko; compatible; bingbot/2.0; +http://www.bing.com/bingbot.htm) Chrome/116.0.1938.76 Safari/537.36"
47.128.123.84 - - [25/Dec/2024:07:38:00 -0500] "GET /storage/framework/cache/data/dc/89/ HTTP/1.1" 200 661 "-" "Mozilla/5.0 (Linux; Android 5.0) AppleWebKit/537.36 (KHTML, like Gecko) Mobile Safari/537.36 (compatible; Bytespider; spider-feedback@bytedance.com)"
66.249.79.194 - - [25/Dec/2024:07:38:23 -0500] "GET /?_gl=1*1ix4f11*_gcl_au*MTYxMTI1OTI3MS4xNzIxODg2NjU0*_ga*ODYyMzk4MzA3LjE2OTk0NTM1Nzg.*_ga_7H42SVMQ0V*MTcyMTg4NjY1NS4xMjEuMS4xNzIxODg2NjY5LjQ2LjAuMA..&_ga=2.198040047.1958808748.1721886654-862398307.1699453578&_bdsid=2ulvIJ.n~ZXCIW.1721886656070.1721886848&_bd_prev_page=https://book24.ng/detail.php?dunjz/x2723941.html HTTP/1.1" 200 44939 "-" "Mozilla/5.0 (Linux; Android 6.0.1; Nexus 5X Build/MMB29P) AppleWebKit/537.36 (KHTML, like Gecko) Chrome/131.0.6778.139 Mobile Safari/537.36 (compatible; Googlebot/2.1; +http://www.google.com/bot.html)"
66.249.79.194 - - [25/Dec/2024:07:39:10 -0500] "GET /?_gl=1*1ix4f11*_gcl_au*MTYxMTI1OTI3MS4xNzIxODg2NjU0*_ga*ODYyMzk4MzA3LjE2OTk0NTM1Nzg.*_ga_7H42SVMQ0V*MTcyMTg4NjY1NS4xMjEuMS4xNzIxODg2NjY5LjQ2LjAuMA..&_ga=2.198040047.1958808748.1721886654-862398307.1699453578&_bdsid=2ulvIJ.n~ZXCIW.1721886656070.1721886848&_bd_prev_page=https://book24.ng/detail.php?thgpu/k2197766.html HTTP/1.1" 200 44900 "-" "Mozilla/5.0 (Linux; Android 6.0.1; Nexus 5X Build/MMB29P) AppleWebKit/537.36 (KHTML, like Gecko) Chrome/131.0.6778.139 Mobile Safari/537.36 (compatible; Googlebot/2.1; +http://www.google.com/bot.html)"
66.249.79.196 - - [25/Dec/2024:07:39:11 -0500] "GET /?_gl=1*1ix4f11*_gcl_au*MTYxMTI1OTI3MS4xNzIxODg2NjU0*_ga*ODYyMzk4MzA3LjE2OTk0NTM1Nzg.*_ga_7H42SVMQ0V*MTcyMTg4NjY1NS4xMjEuMS4xNzIxODg2NjY5LjQ2LjAuMA..&_ga=2.198040047.1958808748.1721886654-862398307.1699453578&_bdsid=2ulvIJ.n~ZXCIW.1721886656070.1721886848&_bd_prev_page=https://book24.ng/detail.php?poogs/l95251.html HTTP/1.1" 200 45634 "-" "Mozilla/5.0 (Linux; Android 6.0.1; Nexus 5X Build/MMB29P) AppleWebKit/537.36 (KHTML, like Gecko) Chrome/131.0.6778.139 Mobile Safari/537.36 (compatible; Googlebot/2.1; +http://www.google.com/bot.html)"
66.249.79.195 - - [25/Dec/2024:07:39:59 -0500] "GET /?_gl=1*1ix4f11*_gcl_au*MTYxMTI1OTI3MS4xNzIxODg2NjU0*_ga*ODYyMzk4MzA3LjE2OTk0NTM1Nzg.*_ga_7H42SVMQ0V*MTcyMTg4NjY1NS4xMjEuMS4xNzIxODg2NjY5LjQ2LjAuMA..&_ga=2.198040047.1958808748.1721886654-862398307.1699453578&_bdsid=2ulvIJ.n~ZXCIW.1721886656070.1721886848&_bd_prev_page=https://book24.ng/detail.php?dhybl/k786096.html HTTP/1.1" 200 45044 "-" "Mozilla/5.0 (Linux; Android 6.0.1; Nexus 5X Build/MMB29P) AppleWebKit/537.36 (KHTML, like Gecko) Chrome/131.0.6778.139 Mobile Safari/537.36 (compatible; Googlebot/2.1; +http://www.google.com/bot.html)"
114.119.136.76 - - [25/Dec/2024:07:40:00 -0500] "GET /vendor/stripe/stripe-php/lib/Util/error_log HTTP/1.1" 403 1242 "https://www.book24.ng/vendor/stripe/stripe-php/lib/Util/?MA" "Mozilla/5.0 (Linux; Android 7.0;) AppleWebKit/537.36 (KHTML, like Gecko) Mobile Safari/537.36 (compatible; PetalBot;+https://webmaster.petalsearch.com/site/petalbot)"
114.119.167.129 - - [25/Dec/2024:07:40:06 -0500] "GET /vendor/stripe/stripe-php/lib/Exception/?SA HTTP/1.1" 200 1639 "https://www.book24.ng/vendor/stripe/stripe-php/lib/Exception/" "Mozilla/5.0 (Linux; Android 7.0;) AppleWebKit/537.36 (KHTML, like Gecko) Mobile Safari/537.36 (compatible; PetalBot;+https://webmaster.petalsearch.com/site/petalbot)"
66.249.79.196 - - [25/Dec/2024:07:40:23 -0500] "GET /?_gl=1*1ix4f11*_gcl_au*MTYxMTI1OTI3MS4xNzIxODg2NjU0*_ga*ODYyMzk4MzA3LjE2OTk0NTM1Nzg.*_ga_7H42SVMQ0V*MTcyMTg4NjY1NS4xMjEuMS4xNzIxODg2NjY5LjQ2LjAuMA..&_ga=2.198040047.1958808748.1721886654-862398307.1699453578&_bdsid=2ulvIJ.n~ZXCIW.1721886656070.1721886848&_bd_prev_page=https://book24.ng/detail.php?ecasr/k182870.html HTTP/1.1" 200 46281 "-" "Mozilla/5.0 (Linux; Android 6.0.1; Nexus 5X Build/MMB29P) AppleWebKit/537.36 (KHTML, like Gecko) Chrome/131.0.6778.139 Mobile Safari/537.36 (compatible; Googlebot/2.1; +http://www.google.com/bot.html)"
40.77.167.46 - - [25/Dec/2024:07:40:38 -0500] "GET /?epzya/b1680617.html HTTP/1.1" 200 44079 "-" "Mozilla/5.0 AppleWebKit/537.36 (KHTML, like Gecko; compatible; bingbot/2.0; +http://www.bing.com/bingbot.htm) Chrome/116.0.1938.76 Safari/537.36"
66.249.79.196 - - [25/Dec/2024:07:41:19 -0500] "GET /?_gl=1*1ix4f11*_gcl_au*MTYxMTI1OTI3MS4xNzIxODg2NjU0*_ga*ODYyMzk4MzA3LjE2OTk0NTM1Nzg.*_ga_7H42SVMQ0V*MTcyMTg4NjY1NS4xMjEuMS4xNzIxODg2NjY5LjQ2LjAuMA..&_ga=2.198040047.1958808748.1721886654-862398307.1699453578&_bdsid=2ulvIJ.n~ZXCIW.1721886656070.1721886848&_bd_prev_page=https://book24.ng/detail.php?cjyqc/t2962279.html HTTP/1.1" 200 47586 "-" "Mozilla/5.0 (Linux; Android 6.0.1; Nexus 5X Build/MMB29P) AppleWebKit/537.36 (KHTML, like Gecko) Chrome/131.0.6778.139 Mobile Safari/537.36 (compatible; Googlebot/2.1; +http://www.google.com/bot.html)"
40.77.167.2 - - [25/Dec/2024:07:41:43 -0500] "GET /?dhyfo/w1226158.html HTTP/1.1" 200 46342 "-" "Mozilla/5.0 AppleWebKit/537.36 (KHTML, like Gecko; compatible; bingbot/2.0; +http://www.bing.com/bingbot.htm) Chrome/116.0.1938.76 Safari/537.36"
66.249.79.195 - - [25/Dec/2024:07:41:45 -0500] "GET /view/ HTTP/1.1" 200 44173 "-" "Googlebot/2.1 (+http://www.google.com/bot.html)"
40.77.167.46 - - [25/Dec/2024:07:41:49 -0500] "GET /?tvduk/j1666429.html HTTP/1.1" 200 44591 "-" "Mozilla/5.0 AppleWebKit/537.36 (KHTML, like Gecko; compatible; bingbot/2.0; +http://www.bing.com/bingbot.htm) Chrome/116.0.1938.76 Safari/537.36"
47.128.123.39 - - [25/Dec/2024:07:42:00 -0500] "GET /storage/framework/cache/data/d2/d5/ HTTP/1.1" 200 656 "-" "Mozilla/5.0 (compatible; Bytespider; spider-feedback@bytedance.com) AppleWebKit/537.36 (KHTML, like Gecko) Chrome/70.0.0.0 Safari/537.36"
40.77.167.2 - - [25/Dec/2024:07:43:03 -0500] "GET /?vmsfd/x932203.html HTTP/1.1" 200 46942 "-" "Mozilla/5.0 AppleWebKit/537.36 (KHTML, like Gecko; compatible; bingbot/2.0; +http://www.bing.com/bingbot.htm) Chrome/116.0.1938.76 Safari/537.36"
40.77.167.154 - - [25/Dec/2024:07:43:20 -0500] "GET /?grcnq/i626532.html HTTP/1.1" 200 44095 "-" "Mozilla/5.0 AppleWebKit/537.36 (KHTML, like Gecko; compatible; bingbot/2.0; +http://www.bing.com/bingbot.htm) Chrome/116.0.1938.76 Safari/537.36"
66.249.79.195 - - [25/Dec/2024:07:43:22 -0500] "GET /?_gl=1*1ix4f11*_gcl_au*MTYxMTI1OTI3MS4xNzIxODg2NjU0*_ga*ODYyMzk4MzA3LjE2OTk0NTM1Nzg.*_ga_7H42SVMQ0V*MTcyMTg4NjY1NS4xMjEuMS4xNzIxODg2NjY5LjQ2LjAuMA..&_ga=2.198040047.1958808748.1721886654-862398307.1699453578&_bdsid=2ulvIJ.n~ZXCIW.1721886656070.1721886848&_bd_prev_page=https://book24.ng/detail.php?cyrkh/d2252905.html HTTP/1.1" 200 44745 "-" "Mozilla/5.0 (Linux; Android 6.0.1; Nexus 5X Build/MMB29P) AppleWebKit/537.36 (KHTML, like Gecko) Chrome/131.0.6778.139 Mobile Safari/537.36 (compatible; Googlebot/2.1; +http://www.google.com/bot.html)"
40.77.167.70 - - [25/Dec/2024:07:43:30 -0500] "GET /?bvebo/m1589264.html HTTP/1.1" 200 43989 "-" "Mozilla/5.0 AppleWebKit/537.36 (KHTML, like Gecko; compatible; bingbot/2.0; +http://www.bing.com/bingbot.htm) Chrome/116.0.1938.76 Safari/537.36"
52.167.144.145 - - [25/Dec/2024:07:43:31 -0500] "GET /?lfnua/h381221.html HTTP/1.1" 200 44349 "-" "Mozilla/5.0 AppleWebKit/537.36 (KHTML, like Gecko; compatible; bingbot/2.0; +http://www.bing.com/bingbot.htm) Chrome/116.0.1938.76 Safari/537.36"
66.249.79.194 - - [25/Dec/2024:07:44:02 -0500] "GET /?_gl=1*1ix4f11*_gcl_au*MTYxMTI1OTI3MS4xNzIxODg2NjU0*_ga*ODYyMzk4MzA3LjE2OTk0NTM1Nzg.*_ga_7H42SVMQ0V*MTcyMTg4NjY1NS4xMjEuMS4xNzIxODg2NjY5LjQ2LjAuMA..&_ga=2.198040047.1958808748.1721886654-862398307.1699453578&_bdsid=2ulvIJ.n~ZXCIW.1721886656070.1721886848&_bd_prev_page=https://book24.ng/detail.php?hgqnm/y708344.html HTTP/1.1" 200 44904 "-" "Mozilla/5.0 (Linux; Android 6.0.1; Nexus 5X Build/MMB29P) AppleWebKit/537.36 (KHTML, like Gecko) Chrome/131.0.6778.139 Mobile Safari/537.36 (compatible; Googlebot/2.1; +http://www.google.com/bot.html)"
66.249.79.194 - - [25/Dec/2024:07:44:18 -0500] "GET /?_gl=1*1ix4f11*_gcl_au*MTYxMTI1OTI3MS4xNzIxODg2NjU0*_ga*ODYyMzk4MzA3LjE2OTk0NTM1Nzg.*_ga_7H42SVMQ0V*MTcyMTg4NjY1NS4xMjEuMS4xNzIxODg2NjY5LjQ2LjAuMA..&_ga=2.198040047.1958808748.1721886654-862398307.1699453578&_bdsid=2ulvIJ.n~ZXCIW.1721886656070.1721886848&_bd_prev_page=https://book24.ng/detail.php?inrfl/r1923031.html HTTP/1.1" 200 44643 "-" "Mozilla/5.0 (Linux; Android 6.0.1; Nexus 5X Build/MMB29P) AppleWebKit/537.36 (KHTML, like Gecko) Chrome/131.0.6778.139 Mobile Safari/537.36 (compatible; Googlebot/2.1; +http://www.google.com/bot.html)"
114.119.145.130 - - [25/Dec/2024:07:45:00 -0500] "GET /vendor/stripe/stripe-php/lib/Util/?ND HTTP/1.1" 200 1406 "https://www.book24.ng/vendor/stripe/stripe-php/lib/Util/?NA" "Mozilla/5.0 (Linux; Android 7.0;) AppleWebKit/537.36 (KHTML, like Gecko) Mobile Safari/537.36 (compatible; PetalBot;+https://webmaster.petalsearch.com/site/petalbot)"
40.77.167.70 - - [25/Dec/2024:07:45:00 -0500] "GET /?ovmko/g1314360.html HTTP/1.1" 200 45526 "-" "Mozilla/5.0 AppleWebKit/537.36 (KHTML, like Gecko; compatible; bingbot/2.0; +http://www.bing.com/bingbot.htm) Chrome/116.0.1938.76 Safari/537.36"
66.249.79.194 - - [25/Dec/2024:07:45:00 -0500] "GET /?_gl=1*1ix4f11*_gcl_au*MTYxMTI1OTI3MS4xNzIxODg2NjU0*_ga*ODYyMzk4MzA3LjE2OTk0NTM1Nzg.*_ga_7H42SVMQ0V*MTcyMTg4NjY1NS4xMjEuMS4xNzIxODg2NjY5LjQ2LjAuMA..&_ga=2.198040047.1958808748.1721886654-862398307.1699453578&_bdsid=2ulvIJ.n~ZXCIW.1721886656070.1721886848&_bd_prev_page=https://book24.ng/detail.php?uakvc/r1174075.html HTTP/1.1" 200 46819 "-" "Mozilla/5.0 (Linux; Android 6.0.1; Nexus 5X Build/MMB29P) AppleWebKit/537.36 (KHTML, like Gecko) Chrome/131.0.6778.139 Mobile Safari/537.36 (compatible; Googlebot/2.1; +http://www.google.com/bot.html)"
114.119.155.1 - - [25/Dec/2024:07:45:06 -0500] "GET /vendor/spatie/laravel-permission/src/Traits/?NA HTTP/1.1" 200 940 "https://www.book24.ng/vendor/spatie/laravel-permission/src/Traits/?MD" "Mozilla/5.0 (Linux; Android 7.0;) AppleWebKit/537.36 (KHTML, like Gecko) Mobile Safari/537.36 (compatible; PetalBot;+https://webmaster.petalsearch.com/site/petalbot)"
52.167.144.159 - - [25/Dec/2024:07:45:21 -0500] "GET /?mnzmx/d529131.html HTTP/1.1" 200 44216 "-" "Mozilla/5.0 AppleWebKit/537.36 (KHTML, like Gecko; compatible; bingbot/2.0; +http://www.bing.com/bingbot.htm) Chrome/116.0.1938.76 Safari/537.36"
47.128.56.145 - - [25/Dec/2024:07:46:01 -0500] "GET /storage/framework/cache/data/0d/cd/0dcd438156e9c552159dbb01179470f6d29bc19f HTTP/1.1" 200 23 "-" "Mozilla/5.0 (Linux; Android 5.0) AppleWebKit/537.36 (KHTML, like Gecko) Mobile Safari/537.36 (compatible; Bytespider; spider-feedback@bytedance.com)"
85.208.96.206 - - [25/Dec/2024:07:46:42 -0500] "GET /robots.txt HTTP/1.1" 200 166 "-" "Mozilla/5.0 (compatible; SemrushBot/7~bl; +http://www.semrush.com/bot.html)"
185.191.171.16 - - [25/Dec/2024:07:46:44 -0500] "GET /news/category/culture?set_currency=usd HTTP/1.1" 403 0 "-" "Mozilla/5.0 (compatible; SemrushBot/7~bl; +http://www.semrush.com/bot.html)"
40.77.167.70 - - [25/Dec/2024:07:47:09 -0500] "GET /?twrr/p1239359.html HTTP/1.1" 200 43944 "-" "Mozilla/5.0 AppleWebKit/537.36 (KHTML, like Gecko; compatible; bingbot/2.0; +http://www.bing.com/bingbot.htm) Chrome/116.0.1938.76 Safari/537.36"
40.77.167.154 - - [25/Dec/2024:07:47:58 -0500] "GET /public/index.php?loknya=/home/wavevlvu/book24.ng/modules/Template HTTP/1.1" 200 2600 "-" "Mozilla/5.0 AppleWebKit/537.36 (KHTML, like Gecko; compatible; bingbot/2.0; +http://www.bing.com/bingbot.htm) Chrome/116.0.1938.76 Safari/537.36"
66.249.79.195 - - [25/Dec/2024:07:48:13 -0500] "GET /?_gl=1*1ix4f11*_gcl_au*MTYxMTI1OTI3MS4xNzIxODg2NjU0*_ga*ODYyMzk4MzA3LjE2OTk0NTM1Nzg.*_ga_7H42SVMQ0V*MTcyMTg4NjY1NS4xMjEuMS4xNzIxODg2NjY5LjQ2LjAuMA..&_ga=2.198040047.1958808748.1721886654-862398307.1699453578&_bdsid=2ulvIJ.n~ZXCIW.1721886656070.1721886848&_bd_prev_page=https://book24.ng/detail.php?anril/t2555769.html HTTP/1.1" 200 46514 "-" "Mozilla/5.0 (Linux; Android 6.0.1; Nexus 5X Build/MMB29P) AppleWebKit/537.36 (KHTML, like Gecko) Chrome/131.0.6778.139 Mobile Safari/537.36 (compatible; Googlebot/2.1; +http://www.google.com/bot.html)"
52.167.144.145 - - [25/Dec/2024:07:48:21 -0500] "GET /?joszy/z562355.html HTTP/1.1" 200 44758 "-" "Mozilla/5.0 AppleWebKit/537.36 (KHTML, like Gecko; compatible; bingbot/2.0; +http://www.bing.com/bingbot.htm) Chrome/116.0.1938.76 Safari/537.36"
66.249.79.195 - - [25/Dec/2024:07:48:22 -0500] "GET /?_gl=1*1ix4f11*_gcl_au*MTYxMTI1OTI3MS4xNzIxODg2NjU0*_ga*ODYyMzk4MzA3LjE2OTk0NTM1Nzg.*_ga_7H42SVMQ0V*MTcyMTg4NjY1NS4xMjEuMS4xNzIxODg2NjY5LjQ2LjAuMA..&_ga=2.198040047.1958808748.1721886654-862398307.1699453578&_bdsid=2ulvIJ.n~ZXCIW.1721886656070.1721886848&_bd_prev_page=https://book24.ng/detail.php?kwppy/k369394.html HTTP/1.1" 200 44544 "-" "Mozilla/5.0 (Linux; Android 6.0.1; Nexus 5X Build/MMB29P) AppleWebKit/537.36 (KHTML, like Gecko) Chrome/131.0.6778.139 Mobile Safari/537.36 (compatible; Googlebot/2.1; +http://www.google.com/bot.html)"
20.15.133.174 - - [25/Dec/2024:07:48:42 -0500] "GET /public/index.php?lokasie=/home/wavevlvu/diixadigital.com//wp-login.php&loknya=/home/wavevlvu/diixadigital.com/ HTTP/1.1" 200 15306 "-" "Mozilla/5.0 AppleWebKit/537.36 (KHTML, like Gecko; compatible; bingbot/2.0; +http://www.bing.com/bingbot.htm) Chrome/116.0.1938.76 Safari/537.36"
66.249.79.196 - - [25/Dec/2024:07:49:05 -0500] "GET /?_gl=1*1ix4f11*_gcl_au*MTYxMTI1OTI3MS4xNzIxODg2NjU0*_ga*ODYyMzk4MzA3LjE2OTk0NTM1Nzg.*_ga_7H42SVMQ0V*MTcyMTg4NjY1NS4xMjEuMS4xNzIxODg2NjY5LjQ2LjAuMA..&_ga=2.198040047.1958808748.1721886654-862398307.1699453578&_bdsid=2ulvIJ.n~ZXCIW.1721886656070.1721886848&_bd_prev_page=https://book24.ng/detail.php?sqblj/a2224146.html HTTP/1.1" 200 48205 "-" "Mozilla/5.0 (Linux; Android 6.0.1; Nexus 5X Build/MMB29P) AppleWebKit/537.36 (KHTML, like Gecko) Chrome/131.0.6778.139 Mobile Safari/537.36 (compatible; Googlebot/2.1; +http://www.google.com/bot.html)"
57.141.5.24 - - [25/Dec/2024:07:49:23 -0500] "GET /libs/flags/flags/1x1/tz.svg HTTP/1.1" 200 1514 "-" "meta-externalagent/1.1 (+https://developers.facebook.com/docs/sharing/webmasters/crawler)"
114.119.156.17 - - [25/Dec/2024:07:50:00 -0500] "GET /vendor/stripe/stripe-php/lib/Service/TestHelpers/TestHelpersServiceFactory.php HTTP/1.1" 500 0 "https://www.book24.ng/vendor/stripe/stripe-php/lib/Service/TestHelpers/?ND" "Mozilla/5.0 (Linux; Android 7.0;) AppleWebKit/537.36 (KHTML, like Gecko) Mobile Safari/537.36 (compatible; PetalBot;+https://webmaster.petalsearch.com/site/petalbot)"
47.128.56.49 - - [25/Dec/2024:07:50:01 -0500] "GET /storage/framework/cache/data/e3/90/ HTTP/1.1" 200 654 "-" "Mozilla/5.0 (compatible; Bytespider; spider-feedback@bytedance.com) AppleWebKit/537.36 (KHTML, like Gecko) Chrome/70.0.0.0 Safari/537.36"
114.119.150.101 - - [25/Dec/2024:07:50:06 -0500] "GET /vendor/spatie/laravel-permission/docs/?MA HTTP/1.1" 200 1547 "https://www.book24.ng/vendor/spatie/laravel-permission/docs/?NA" "Mozilla/5.0 (Linux; Android 7.0;) AppleWebKit/537.36 (KHTML, like Gecko) Mobile Safari/537.36 (compatible; PetalBot;+https://webmaster.petalsearch.com/site/petalbot)"
52.167.144.22 - - [25/Dec/2024:07:50:24 -0500] "GET /?tvjtg/g1372080.html HTTP/1.1" 200 43928 "-" "Mozilla/5.0 AppleWebKit/537.36 (KHTML, like Gecko; compatible; bingbot/2.0; +http://www.bing.com/bingbot.htm) Chrome/116.0.1938.76 Safari/537.36"
40.77.167.154 - - [25/Dec/2024:07:50:42 -0500] "GET /?vadrn/e1523944.html HTTP/1.1" 200 45928 "-" "Mozilla/5.0 AppleWebKit/537.36 (KHTML, like Gecko; compatible; bingbot/2.0; +http://www.bing.com/bingbot.htm) Chrome/116.0.1938.76 Safari/537.36"
66.249.79.195 - - [25/Dec/2024:07:51:02 -0500] "GET /?_gl=1*1ix4f11*_gcl_au*MTYxMTI1OTI3MS4xNzIxODg2NjU0*_ga*ODYyMzk4MzA3LjE2OTk0NTM1Nzg.*_ga_7H42SVMQ0V*MTcyMTg4NjY1NS4xMjEuMS4xNzIxODg2NjY5LjQ2LjAuMA..&_ga=2.198040047.1958808748.1721886654-862398307.1699453578&_bdsid=2ulvIJ.n~ZXCIW.1721886656070.1721886848&_bd_prev_page=https://book24.ng/detail.php?mlenv/t754203.html HTTP/1.1" 200 44962 "-" "Mozilla/5.0 (Linux; Android 6.0.1; Nexus 5X Build/MMB29P) AppleWebKit/537.36 (KHTML, like Gecko) Chrome/131.0.6778.139 Mobile Safari/537.36 (compatible; Googlebot/2.1; +http://www.google.com/bot.html)"
66.249.79.195 - - [25/Dec/2024:07:51:18 -0500] "GET /?_gl=1*1ix4f11*_gcl_au*MTYxMTI1OTI3MS4xNzIxODg2NjU0*_ga*ODYyMzk4MzA3LjE2OTk0NTM1Nzg.*_ga_7H42SVMQ0V*MTcyMTg4NjY1NS4xMjEuMS4xNzIxODg2NjY5LjQ2LjAuMA..&_ga=2.198040047.1958808748.1721886654-862398307.1699453578&_bdsid=2ulvIJ.n~ZXCIW.1721886656070.1721886848&_bd_prev_page=https://book24.ng/detail.php?nnjbs/t2570927.html HTTP/1.1" 200 45252 "-" "Mozilla/5.0 (Linux; Android 6.0.1; Nexus 5X Build/MMB29P) AppleWebKit/537.36 (KHTML, like Gecko) Chrome/131.0.6778.139 Mobile Safari/537.36 (compatible; Googlebot/2.1; +http://www.google.com/bot.html)"
66.249.64.162 - - [25/Dec/2024:07:51:36 -0500] "GET /?_gl=1*1ix4f11*_gcl_au*MTYxMTI1OTI3MS4xNzIxODg2NjU0*_ga*ODYyMzk4MzA3LjE2OTk0NTM1Nzg.*_ga_7H42SVMQ0V*MTcyMTg4NjY1NS4xMjEuMS4xNzIxODg2NjY5LjQ2LjAuMA..&_ga=2.198040047.1958808748.1721886654-862398307.1699453578&_bdsid=2ulvIJ.n~ZXCIW.1721886656070.1721886848&_bd_prev_page=https://book24.ng/detail.php?pflal/j1959085.html HTTP/1.1" 200 46090 "-" "Mozilla/5.0 (Linux; Android 6.0.1; Nexus 5X Build/MMB29P) AppleWebKit/537.36 (KHTML, like Gecko) Chrome/131.0.6778.139 Mobile Safari/537.36 (compatible; Googlebot/2.1; +http://www.google.com/bot.html)"
40.77.167.44 - - [25/Dec/2024:07:51:39 -0500] "GET /?zydms/u781764.html HTTP/1.1" 200 48810 "-" "Mozilla/5.0 AppleWebKit/537.36 (KHTML, like Gecko; compatible; bingbot/2.0; +http://www.bing.com/bingbot.htm) Chrome/116.0.1938.76 Safari/537.36"
40.77.167.44 - - [25/Dec/2024:07:51:40 -0500] "GET /?nccel/o2658750.html HTTP/1.1" 200 44401 "-" "Mozilla/5.0 AppleWebKit/537.36 (KHTML, like Gecko; compatible; bingbot/2.0; +http://www.bing.com/bingbot.htm) Chrome/116.0.1938.76 Safari/537.36"
18.119.119.191 - - [25/Dec/2024:07:51:48 -0500] "GET /robots.txt HTTP/1.1" 200 136 "-" "Mozilla/5.0 AppleWebKit/537.36 (KHTML, like Gecko; compatible; ClaudeBot/1.0; +claudebot@anthropic.com)"
40.77.167.154 - - [25/Dec/2024:07:51:51 -0500] "GET /?hdquw/s318936.html HTTP/1.1" 200 50374 "-" "Mozilla/5.0 AppleWebKit/537.36 (KHTML, like Gecko; compatible; bingbot/2.0; +http://www.bing.com/bingbot.htm) Chrome/116.0.1938.76 Safari/537.36"
18.119.119.191 - - [25/Dec/2024:07:51:48 -0500] "GET /public/index.php/event/tenstrings-ones2watch-live-music-show?loknya=%2Fhome%2Fwavevlvu%2Flscache%2F3%2F7%2F8 HTTP/1.1" 200 2611 "-" "Mozilla/5.0 AppleWebKit/537.36 (KHTML, like Gecko; compatible; ClaudeBot/1.0; +claudebot@anthropic.com)"
18.119.119.191 - - [25/Dec/2024:07:51:49 -0500] "GET /public/event/cannabis-live-global-summit-nigeria?lokasie=%2Flib64%2Fpkgconfig%2Flibwebp.pc&loknya=%2Flib64%2Fpkgconfig HTTP/1.1" 200 1869 "-" "Mozilla/5.0 AppleWebKit/537.36 (KHTML, like Gecko; compatible; ClaudeBot/1.0; +claudebot@anthropic.com)"
18.119.119.191 - - [25/Dec/2024:07:51:49 -0500] "GET /public/index.php/tour/badagry-weekend-package-189k?lokasie=%2Fhome%2Fwavevlvu%2Flscache%2Fe%2F5%2F5%2Fe553d4d3310b8297&loknya=%2Fhome%2Fwavevlvu%2Flscache%2Fe%2F5%2F5 HTTP/1.1" 200 1765 "-" "Mozilla/5.0 AppleWebKit/537.36 (KHTML, like Gecko; compatible; ClaudeBot/1.0; +claudebot@anthropic.com)"
3.137.221.252 - - [25/Dec/2024:07:51:49 -0500] "GET /public/index.php/event/tenstrings-ones2watch-live-music-show?loknya=%2Fhome%2Fwavevlvu%2Flscache%2F8%2F2%2Fe HTTP/1.1" 200 2401 "-" "Mozilla/5.0 AppleWebKit/537.36 (KHTML, like Gecko; compatible; ClaudeBot/1.0; +claudebot@anthropic.com)"
3.137.221.252 - - [25/Dec/2024:07:51:49 -0500] "GET /public/index.php/space/april-26-apartment?lokasie=%2Fhome%2Fwavevlvu%2Flscache%2Fa%2Ff%2F6%2Faf6710265254e453&loknya=%2Fhome%2Fwavevlvu%2Flscache%2Fa%2Ff%2F6 HTTP/1.1" 200 1768 "-" "Mozilla/5.0 AppleWebKit/537.36 (KHTML, like Gecko; compatible; ClaudeBot/1.0; +claudebot@anthropic.com)"
3.137.221.252 - - [25/Dec/2024:07:51:50 -0500] "GET /public/index.php/boat/15-seater-luxury-boat-110khr?lokasie=%2Fhome%2Fwavevlvu%2Flscache%2Fb%2Fe%2Fc%2Fbecf468867f3b5d6&loknya=%2Fhome%2Fwavevlvu%2Flscache%2Fb%2Fe%2Fc&set_currency=usd HTTP/1.1" 200 1769 "-" "Mozilla/5.0 AppleWebKit/537.36 (KHTML, like Gecko; compatible; ClaudeBot/1.0; +claudebot@anthropic.com)"
3.137.221.252 - - [25/Dec/2024:07:51:50 -0500] "GET /public/index.php/tour/couple-romantic-weekend-getaway-250kcouple?lokasie=%2Fhome%2Fwavevlvu%2F%2Flogs%2Fadediranglobalresources.wave.ng-ssl_log-Dec-2023.gz&loknya=%2Fhome%2Fwavevlvu%2F%2Flogs HTTP/1.1" 200 1777 "-" "Mozilla/5.0 AppleWebKit/537.36 (KHTML, like Gecko; compatible; ClaudeBot/1.0; +claudebot@anthropic.com)"
3.142.198.148 - - [25/Dec/2024:07:51:50 -0500] "GET /public/space/april-26-apartment?lokasie=%2Fproc%2Fthread-self%2Froot%2Flib%2F.build-id%2Fe0%2F925a93344f99b7cb3c7cf810b234bc2c496360&loknya=%2Fproc%2Fthread-self%2Froot%2Flib%2F.build-id%2Fe0 HTTP/1.1" 200 1809 "-" "Mozilla/5.0 AppleWebKit/537.36 (KHTML, like Gecko; compatible; ClaudeBot/1.0; +claudebot@anthropic.com)"
3.142.198.148 - - [25/Dec/2024:07:51:50 -0500] "GET /public/page/about-us?loknya=%2Fopt%2Falt%2Falt-nodejs11%2Froot%2Fusr%2Fshare%2Flocale%2Fsms%2F HTTP/1.1" 200 2193 "-" "Mozilla/5.0 AppleWebKit/537.36 (KHTML, like Gecko; compatible; ClaudeBot/1.0; +claudebot@anthropic.com)"
3.142.198.148 - - [25/Dec/2024:07:51:50 -0500] "GET /public/space/april-26-apartment?lokasie=%2Fproc%2Fthread-self%2Froot%2Flib%2F.build-id%2Fce%2Fbd2b2ff8926e2a2b5a6ad91444a848a7c76637&loknya=%2Fproc%2Fthread-self%2Froot%2Flib%2F.build-id%2Fce HTTP/1.1" 200 1807 "-" "Mozilla/5.0 AppleWebKit/537.36 (KHTML, like Gecko; compatible; ClaudeBot/1.0; +claudebot@anthropic.com)"
3.142.198.148 - - [25/Dec/2024:07:51:50 -0500] "GET /public/event/cannabis-live-global-summit-nigeria?lokasie=%2Fhome%2Fwavevlvu%2Fbook24.ng%2Fpublic%2Flibs%2Face%2Fsrc-min-noconflict%2Fmode-nix.js&loknya=%2Fhome%2Fwavevlvu%2Fbook24.ng%2Fpublic%2Flibs%2Face%2Fsrc-min-noconflict HTTP/1.1" 200 6712 "-" "Mozilla/5.0 AppleWebKit/537.36 (KHTML, like Gecko; compatible; ClaudeBot/1.0; +claudebot@anthropic.com)"
3.142.198.148 - - [25/Dec/2024:07:51:51 -0500] "GET /public/event/cannabis-live-global-summit-nigeria?lokasie=%2Fhome%2Fwavevlvu%2Fbook24.ng%2Fpublic%2Flibs%2Face%2Fsrc-min-noconflict%2Fext-beautify.js&loknya=%2Fhome%2Fwavevlvu%2Fbook24.ng%2Fpublic%2Flibs%2Face%2Fsrc-min-noconflict HTTP/1.1" 200 3797 "-" "Mozilla/5.0 AppleWebKit/537.36 (KHTML, like Gecko; compatible; ClaudeBot/1.0; +claudebot@anthropic.com)"
3.23.102.79 - - [25/Dec/2024:07:51:52 -0500] "GET /public/index.php/boat/15-seater-luxury-boat-110khr?lokasie=%2Fhome%2Fwavevlvu%2Fmisswavenigeria.com%2Fwp-includes%2Fcss%2F%2Fwp-auth-check-rtl.min.css&loknya=%2Fhome%2Fwavevlvu%2Fmisswavenigeria.com%2Fwp-includes%2Fcss%2F HTTP/1.1" 200 2405 "-" "Mozilla/5.0 AppleWebKit/537.36 (KHTML, like Gecko; compatible; ClaudeBot/1.0; +claudebot@anthropic.com)"
3.23.102.79 - - [25/Dec/2024:07:51:52 -0500] "GET /public/index.php/space/westwing?lokasie=%2Fhome%2Fwavevlvu%2Fbook24.ng%2Fpublic%2Flibs%2Fbootstrap-datepicker%2Flocales%2Fbootstrap-datepicker.cy.min.js&loknya=%2Fhome%2Fwavevlvu%2Fbook24.ng%2Fpublic%2Flibs%2Fbootstrap-datepicker%2Flocales HTTP/1.1" 200 2086 "-" "Mozilla/5.0 AppleWebKit/537.36 (KHTML, like Gecko; compatible; ClaudeBot/1.0; +claudebot@anthropic.com)"
18.118.28.160 - - [25/Dec/2024:07:51:54 -0500] "GET /public/index.php/boat/15-seater-luxury-boat-110khr?lokasie=%2Fhome%2Fwavevlvu%2Flscache%2F2%2Ff%2Ff%2F2fff257517791dc5&loknya=%2Fhome%2Fwavevlvu%2Flscache%2F2%2Ff%2Ff&set_currency=gbp HTTP/1.1" 200 1499 "-" "Mozilla/5.0 AppleWebKit/537.36 (KHTML, like Gecko; compatible; ClaudeBot/1.0; +claudebot@anthropic.com)"
18.117.91.116 - - [25/Dec/2024:07:51:52 -0500] "GET /public/event/cannabis-live-global-summit-nigeria?lokasie=%2Flib64%2Fpython2.7%2Ffnmatch.py&loknya=%2Flib64%2Fpython2.7 HTTP/1.1" 200 2892 "-" "Mozilla/5.0 AppleWebKit/537.36 (KHTML, like Gecko; compatible; ClaudeBot/1.0; +claudebot@anthropic.com)"
18.117.91.116 - - [25/Dec/2024:07:51:52 -0500] "GET /public/event/cannabis-live-global-summit-nigeria?lokasie=%2Flib64%2Fpython2.7%2Fuuid.py&loknya=%2Flib64%2Fpython2.7 HTTP/1.1" 200 8933 "-" "Mozilla/5.0 AppleWebKit/537.36 (KHTML, like Gecko; compatible; ClaudeBot/1.0; +claudebot@anthropic.com)"
