Failed to save the file to the "xx" directory.

Failed to save the file to the "ll" directory.

Failed to save the file to the "mm" directory.

Failed to save the file to the "wp" directory.

403WebShell
403Webshell
Server IP : 66.29.132.124  /  Your IP : 3.145.85.123
Web Server : LiteSpeed
System : Linux business141.web-hosting.com 4.18.0-553.lve.el8.x86_64 #1 SMP Mon May 27 15:27:34 UTC 2024 x86_64
User : wavevlvu ( 1524)
PHP Version : 7.4.33
Disable Function : NONE
MySQL : OFF  |  cURL : ON  |  WGET : ON  |  Perl : ON  |  Python : ON  |  Sudo : OFF  |  Pkexec : OFF
Directory :  /proc/self/root/proc/thread-self/root/home/wavevlvu/access-logs/

Upload File :
current_dir [ Writeable ] document_root [ Writeable ]

 

Command :


[ Back ]     

Current File : /proc/self/root/proc/thread-self/root/home/wavevlvu/access-logs/wavestudioz.wave.ng-ssl_log
136.243.228.179 - - [16/Jan/2025:20:54:44 -0500] "GET /goods/3136915 HTTP/1.1" 200 0 "-" "Mozilla/5.0 (compatible; DataForSeoBot/1.0; +https://dataforseo.com/dataforseo-bot)"
51.222.253.12 - - [16/Jan/2025:20:55:59 -0500] "GET /wp-content/plugins/elementor/app/modules/import-export/assets/js/shared/kit-content-data/?SA HTTP/1.1" 200 666 "-" "Mozilla/5.0 (compatible; AhrefsBot/7.0; +http://ahrefs.com/robot/)"
136.243.228.179 - - [16/Jan/2025:20:55:35 -0500] "GET /goods/3599869 HTTP/1.1" 200 0 "-" "Mozilla/5.0 (compatible; DataForSeoBot/1.0; +https://dataforseo.com/dataforseo-bot)"
185.191.171.15 - - [16/Jan/2025:20:55:37 -0500] "GET /goods/959971 HTTP/1.1" 200 0 "-" "Mozilla/5.0 (compatible; SemrushBot/7~bl; +http://www.semrush.com/bot.html)"
47.128.42.225 - - [16/Jan/2025:20:56:03 -0500] "GET / HTTP/1.1" 200 0 "-" "Mozilla/5.0 (Linux; Android 5.0) AppleWebKit/537.36 (KHTML, like Gecko) Mobile Safari/537.36 (compatible; Bytespider; spider-feedback@bytedance.com)"
136.243.228.179 - - [16/Jan/2025:20:56:26 -0500] "GET /goods/4718356 HTTP/1.1" 200 0 "-" "Mozilla/5.0 (compatible; DataForSeoBot/1.0; +https://dataforseo.com/dataforseo-bot)"
185.191.171.15 - - [16/Jan/2025:20:56:28 -0500] "GET /goods/959971 HTTP/1.1" 200 0 "-" "Mozilla/5.0 (compatible; SemrushBot/7~bl; +http://www.semrush.com/bot.html)"
136.243.228.179 - - [16/Jan/2025:20:57:18 -0500] "GET /goods/470403 HTTP/1.1" 200 0 "-" "Mozilla/5.0 (compatible; DataForSeoBot/1.0; +https://dataforseo.com/dataforseo-bot)"
51.222.253.10 - - [16/Jan/2025:20:58:27 -0500] "GET /wp-content/plugins/elementor/packages/elementor-ui/styles/_data/typography/?MD HTTP/1.1" 200 653 "-" "Mozilla/5.0 (compatible; AhrefsBot/7.0; +http://ahrefs.com/robot/)"
136.243.228.179 - - [16/Jan/2025:20:58:10 -0500] "GET /goods/2028751 HTTP/1.1" 200 0 "-" "Mozilla/5.0 (compatible; DataForSeoBot/1.0; +https://dataforseo.com/dataforseo-bot)"
185.191.171.7 - - [16/Jan/2025:20:58:19 -0500] "GET /goods/2850800 HTTP/1.1" 200 0 "-" "Mozilla/5.0 (compatible; SemrushBot/7~bl; +http://www.semrush.com/bot.html)"
136.243.228.179 - - [16/Jan/2025:20:59:00 -0500] "GET /goods/1546683 HTTP/1.1" 200 0 "-" "Mozilla/5.0 (compatible; DataForSeoBot/1.0; +https://dataforseo.com/dataforseo-bot)"
185.191.171.7 - - [16/Jan/2025:20:59:09 -0500] "GET /goods/2850800 HTTP/1.1" 200 0 "-" "Mozilla/5.0 (compatible; SemrushBot/7~bl; +http://www.semrush.com/bot.html)"
136.243.228.179 - - [16/Jan/2025:20:59:51 -0500] "GET /goods/4161227 HTTP/1.1" 200 0 "-" "Mozilla/5.0 (compatible; DataForSeoBot/1.0; +https://dataforseo.com/dataforseo-bot)"
51.222.253.8 - - [16/Jan/2025:21:00:51 -0500] "GET /wp-content/plugins/elementor/core/editor/loader/v1/templates/?MD HTTP/1.1" 200 662 "-" "Mozilla/5.0 (compatible; AhrefsBot/7.0; +http://ahrefs.com/robot/)"
136.243.228.179 - - [16/Jan/2025:21:00:43 -0500] "GET /goods/2236184 HTTP/1.1" 200 0 "-" "Mozilla/5.0 (compatible; DataForSeoBot/1.0; +https://dataforseo.com/dataforseo-bot)"
85.208.96.195 - - [16/Jan/2025:21:01:00 -0500] "GET /goods/459256 HTTP/1.1" 200 0 "-" "Mozilla/5.0 (compatible; SemrushBot/7~bl; +http://www.semrush.com/bot.html)"
136.243.228.179 - - [16/Jan/2025:21:01:33 -0500] "GET /goods/672898 HTTP/1.1" 200 0 "-" "Mozilla/5.0 (compatible; DataForSeoBot/1.0; +https://dataforseo.com/dataforseo-bot)"
85.208.96.195 - - [16/Jan/2025:21:01:50 -0500] "GET /goods/459256 HTTP/1.1" 200 0 "-" "Mozilla/5.0 (compatible; SemrushBot/7~bl; +http://www.semrush.com/bot.html)"
136.243.228.179 - - [16/Jan/2025:21:02:25 -0500] "GET /goods/3073292 HTTP/1.1" 200 0 "-" "Mozilla/5.0 (compatible; DataForSeoBot/1.0; +https://dataforseo.com/dataforseo-bot)"
136.243.228.179 - - [16/Jan/2025:21:03:15 -0500] "GET /goods/1270980 HTTP/1.1" 200 0 "-" "Mozilla/5.0 (compatible; DataForSeoBot/1.0; +https://dataforseo.com/dataforseo-bot)"
51.222.253.19 - - [16/Jan/2025:21:03:37 -0500] "GET /wp-content/plugins/elementor/assets/lib/font-awesome/migration/?MA HTTP/1.1" 200 653 "-" "Mozilla/5.0 (compatible; AhrefsBot/7.0; +http://ahrefs.com/robot/)"
185.191.171.14 - - [16/Jan/2025:21:03:41 -0500] "GET /goods/144837 HTTP/1.1" 200 0 "-" "Mozilla/5.0 (compatible; SemrushBot/7~bl; +http://www.semrush.com/bot.html)"
136.243.228.179 - - [16/Jan/2025:21:04:07 -0500] "GET /goods/889889 HTTP/1.1" 200 0 "-" "Mozilla/5.0 (compatible; DataForSeoBot/1.0; +https://dataforseo.com/dataforseo-bot)"
185.191.171.14 - - [16/Jan/2025:21:04:32 -0500] "GET /goods/144837 HTTP/1.1" 200 0 "-" "Mozilla/5.0 (compatible; SemrushBot/7~bl; +http://www.semrush.com/bot.html)"
136.243.228.179 - - [16/Jan/2025:21:04:59 -0500] "GET /goods/3653019 HTTP/1.1" 200 0 "-" "Mozilla/5.0 (compatible; DataForSeoBot/1.0; +https://dataforseo.com/dataforseo-bot)"
185.191.171.11 - - [16/Jan/2025:21:06:24 -0500] "GET /robots.txt HTTP/1.1" 200 136 "-" "Mozilla/5.0 (compatible; SemrushBot/7~bl; +http://www.semrush.com/bot.html)"
51.222.253.10 - - [16/Jan/2025:21:06:24 -0500] "GET /wp-content/plugins/elementor/modules/wp-cli/ HTTP/1.1" 200 760 "-" "Mozilla/5.0 (compatible; AhrefsBot/7.0; +http://ahrefs.com/robot/)"
136.243.228.179 - - [16/Jan/2025:21:05:50 -0500] "GET /goods/4437480 HTTP/1.1" 200 0 "-" "Mozilla/5.0 (compatible; DataForSeoBot/1.0; +https://dataforseo.com/dataforseo-bot)"
85.208.96.200 - - [16/Jan/2025:21:06:22 -0500] "GET /goods/1310264 HTTP/1.1" 200 0 "-" "Mozilla/5.0 (compatible; SemrushBot/7~bl; +http://www.semrush.com/bot.html)"
136.243.228.179 - - [16/Jan/2025:21:06:41 -0500] "GET /goods/31854 HTTP/1.1" 200 0 "-" "Mozilla/5.0 (compatible; DataForSeoBot/1.0; +https://dataforseo.com/dataforseo-bot)"
47.128.97.90 - - [16/Jan/2025:21:06:49 -0500] "GET / HTTP/1.1" 200 0 "-" "Mozilla/5.0 (Linux; Android 5.0) AppleWebKit/537.36 (KHTML, like Gecko) Mobile Safari/537.36 (compatible; Bytespider; spider-feedback@bytedance.com)"
85.208.96.200 - - [16/Jan/2025:21:07:12 -0500] "GET /goods/1310264 HTTP/1.1" 200 0 "-" "Mozilla/5.0 (compatible; SemrushBot/7~bl; +http://www.semrush.com/bot.html)"
136.243.228.179 - - [16/Jan/2025:21:07:33 -0500] "GET /goods/3493170 HTTP/1.1" 200 0 "-" "Mozilla/5.0 (compatible; DataForSeoBot/1.0; +https://dataforseo.com/dataforseo-bot)"
51.222.253.18 - - [16/Jan/2025:21:09:09 -0500] "GET /wp-content/plugins/elementor/core/responsive/files/ HTTP/1.1" 200 643 "-" "Mozilla/5.0 (compatible; AhrefsBot/7.0; +http://ahrefs.com/robot/)"
136.243.228.179 - - [16/Jan/2025:21:08:23 -0500] "GET /goods/4261775 HTTP/1.1" 200 0 "-" "Mozilla/5.0 (compatible; DataForSeoBot/1.0; +https://dataforseo.com/dataforseo-bot)"
85.208.96.209 - - [16/Jan/2025:21:09:04 -0500] "GET /metallographical/isomagnetic1226645.html HTTP/1.1" 200 0 "-" "Mozilla/5.0 (compatible; SemrushBot/7~bl; +http://www.semrush.com/bot.html)"
136.243.228.179 - - [16/Jan/2025:21:09:14 -0500] "GET /goods/4289122 HTTP/1.1" 200 0 "-" "Mozilla/5.0 (compatible; DataForSeoBot/1.0; +https://dataforseo.com/dataforseo-bot)"
85.208.96.209 - - [16/Jan/2025:21:09:54 -0500] "GET /metallographical/isomagnetic1226645.html HTTP/1.1" 200 0 "-" "Mozilla/5.0 (compatible; SemrushBot/7~bl; +http://www.semrush.com/bot.html)"
136.243.228.179 - - [16/Jan/2025:21:10:05 -0500] "GET /goods/1878539 HTTP/1.1" 200 0 "-" "Mozilla/5.0 (compatible; DataForSeoBot/1.0; +https://dataforseo.com/dataforseo-bot)"
136.243.228.179 - - [16/Jan/2025:21:10:57 -0500] "GET /goods/691117 HTTP/1.1" 200 0 "-" "Mozilla/5.0 (compatible; DataForSeoBot/1.0; +https://dataforseo.com/dataforseo-bot)"
51.222.253.19 - - [16/Jan/2025:21:11:58 -0500] "GET /wp-content/plugins/elementor/app/modules/import-export/assets/js/pages/import/import-complete/components/failed-plugins-notice/?SA HTTP/1.1" 200 712 "-" "Mozilla/5.0 (compatible; AhrefsBot/7.0; +http://ahrefs.com/robot/)"
185.191.171.19 - - [16/Jan/2025:21:11:45 -0500] "GET /goods/1259964 HTTP/1.1" 200 0 "-" "Mozilla/5.0 (compatible; SemrushBot/7~bl; +http://www.semrush.com/bot.html)"
136.243.228.179 - - [16/Jan/2025:21:11:48 -0500] "GET /goods/3536938 HTTP/1.1" 200 0 "-" "Mozilla/5.0 (compatible; DataForSeoBot/1.0; +https://dataforseo.com/dataforseo-bot)"
185.191.171.19 - - [16/Jan/2025:21:12:35 -0500] "GET /goods/1259964 HTTP/1.1" 200 0 "-" "Mozilla/5.0 (compatible; SemrushBot/7~bl; +http://www.semrush.com/bot.html)"
136.243.228.179 - - [16/Jan/2025:21:12:38 -0500] "GET /goods/3510794 HTTP/1.1" 200 0 "-" "Mozilla/5.0 (compatible; DataForSeoBot/1.0; +https://dataforseo.com/dataforseo-bot)"
136.243.228.179 - - [16/Jan/2025:21:13:29 -0500] "GET /goods/288044 HTTP/1.1" 200 0 "-" "Mozilla/5.0 (compatible; DataForSeoBot/1.0; +https://dataforseo.com/dataforseo-bot)"
51.222.253.6 - - [16/Jan/2025:21:15:02 -0500] "GET /wp-content/plugins/elementor/app/assets/styles/functions/ HTTP/1.1" 200 1030 "-" "Mozilla/5.0 (compatible; AhrefsBot/7.0; +http://ahrefs.com/robot/)"
136.243.228.179 - - [16/Jan/2025:21:14:20 -0500] "GET /goods/4369068 HTTP/1.1" 200 0 "-" "Mozilla/5.0 (compatible; DataForSeoBot/1.0; +https://dataforseo.com/dataforseo-bot)"
185.191.171.15 - - [16/Jan/2025:21:14:26 -0500] "GET /dishonorary/microphotograph1678453.html HTTP/1.1" 200 0 "-" "Mozilla/5.0 (compatible; SemrushBot/7~bl; +http://www.semrush.com/bot.html)"
136.243.228.179 - - [16/Jan/2025:21:15:11 -0500] "GET /goods/4428848 HTTP/1.1" 200 0 "-" "Mozilla/5.0 (compatible; DataForSeoBot/1.0; +https://dataforseo.com/dataforseo-bot)"
185.191.171.15 - - [16/Jan/2025:21:15:17 -0500] "GET /dishonorary/microphotograph1678453.html HTTP/1.1" 200 0 "-" "Mozilla/5.0 (compatible; SemrushBot/7~bl; +http://www.semrush.com/bot.html)"
136.243.228.179 - - [16/Jan/2025:21:16:02 -0500] "GET /goods/1022991 HTTP/1.1" 200 0 "-" "Mozilla/5.0 (compatible; DataForSeoBot/1.0; +https://dataforseo.com/dataforseo-bot)"
136.243.228.179 - - [16/Jan/2025:21:16:54 -0500] "GET /goods/3697644 HTTP/1.1" 200 0 "-" "Mozilla/5.0 (compatible; DataForSeoBot/1.0; +https://dataforseo.com/dataforseo-bot)"
51.222.253.10 - - [16/Jan/2025:21:17:52 -0500] "GET /wp-content/plugins/elementor/core/files/?MA HTTP/1.1" 200 1103 "-" "Mozilla/5.0 (compatible; AhrefsBot/7.0; +http://ahrefs.com/robot/)"
185.191.171.4 - - [16/Jan/2025:21:17:09 -0500] "GET /goods/2988790 HTTP/1.1" 200 0 "-" "Mozilla/5.0 (compatible; SemrushBot/7~bl; +http://www.semrush.com/bot.html)"
136.243.228.179 - - [16/Jan/2025:21:17:44 -0500] "GET /goods/2418386 HTTP/1.1" 200 0 "-" "Mozilla/5.0 (compatible; DataForSeoBot/1.0; +https://dataforseo.com/dataforseo-bot)"
185.191.171.4 - - [16/Jan/2025:21:17:59 -0500] "GET /goods/2988790 HTTP/1.1" 200 0 "-" "Mozilla/5.0 (compatible; SemrushBot/7~bl; +http://www.semrush.com/bot.html)"
136.243.228.179 - - [16/Jan/2025:21:18:35 -0500] "GET /goods/418343 HTTP/1.1" 200 0 "-" "Mozilla/5.0 (compatible; DataForSeoBot/1.0; +https://dataforseo.com/dataforseo-bot)"
136.243.228.179 - - [16/Jan/2025:21:19:27 -0500] "GET /goods/3936121 HTTP/1.1" 200 0 "-" "Mozilla/5.0 (compatible; DataForSeoBot/1.0; +https://dataforseo.com/dataforseo-bot)"
51.222.253.11 - - [16/Jan/2025:21:20:32 -0500] "GET /wp-content/plugins/elementor/core/files/?SA HTTP/1.1" 200 1102 "-" "Mozilla/5.0 (compatible; AhrefsBot/7.0; +http://ahrefs.com/robot/)"
185.191.171.5 - - [16/Jan/2025:21:19:50 -0500] "GET /goods/4045031 HTTP/1.1" 200 0 "-" "Mozilla/5.0 (compatible; SemrushBot/7~bl; +http://www.semrush.com/bot.html)"
47.128.35.2 - - [16/Jan/2025:21:19:50 -0500] "GET / HTTP/1.1" 200 0 "-" "Mozilla/5.0 (Linux; Android 5.0) AppleWebKit/537.36 (KHTML, like Gecko) Mobile Safari/537.36 (compatible; Bytespider; spider-feedback@bytedance.com)"
136.243.228.179 - - [16/Jan/2025:21:20:17 -0500] "GET /goods/2153333 HTTP/1.1" 200 0 "-" "Mozilla/5.0 (compatible; DataForSeoBot/1.0; +https://dataforseo.com/dataforseo-bot)"
185.191.171.5 - - [16/Jan/2025:21:20:41 -0500] "GET /goods/4045031 HTTP/1.1" 200 0 "-" "Mozilla/5.0 (compatible; SemrushBot/7~bl; +http://www.semrush.com/bot.html)"
136.243.228.179 - - [16/Jan/2025:21:21:09 -0500] "GET /goods/2052935 HTTP/1.1" 200 0 "-" "Mozilla/5.0 (compatible; DataForSeoBot/1.0; +https://dataforseo.com/dataforseo-bot)"
136.243.228.179 - - [16/Jan/2025:21:22:15 -0500] "GET /goods/710946 HTTP/1.1" 200 0 "-" "Mozilla/5.0 (compatible; DataForSeoBot/1.0; +https://dataforseo.com/dataforseo-bot)"
51.222.253.7 - - [16/Jan/2025:21:23:16 -0500] "GET /wp-content/plugins/elementor/core/editor/loader/?MA HTTP/1.1" 200 1062 "-" "Mozilla/5.0 (compatible; AhrefsBot/7.0; +http://ahrefs.com/robot/)"
85.208.96.209 - - [16/Jan/2025:21:22:32 -0500] "GET /Anobiidae/Caryophyllaceae621239.html HTTP/1.1" 200 0 "-" "Mozilla/5.0 (compatible; SemrushBot/7~bl; +http://www.semrush.com/bot.html)"
136.243.228.179 - - [16/Jan/2025:21:23:06 -0500] "GET /goods/442710 HTTP/1.1" 200 0 "-" "Mozilla/5.0 (compatible; DataForSeoBot/1.0; +https://dataforseo.com/dataforseo-bot)"
85.208.96.209 - - [16/Jan/2025:21:23:22 -0500] "GET /Anobiidae/Caryophyllaceae621239.html HTTP/1.1" 200 0 "-" "Mozilla/5.0 (compatible; SemrushBot/7~bl; +http://www.semrush.com/bot.html)"
136.243.228.179 - - [16/Jan/2025:21:23:57 -0500] "GET /goods/1349246 HTTP/1.1" 200 0 "-" "Mozilla/5.0 (compatible; DataForSeoBot/1.0; +https://dataforseo.com/dataforseo-bot)"
136.243.228.179 - - [16/Jan/2025:21:24:48 -0500] "GET /goods/1758142 HTTP/1.1" 200 0 "-" "Mozilla/5.0 (compatible; DataForSeoBot/1.0; +https://dataforseo.com/dataforseo-bot)"
185.191.171.6 - - [16/Jan/2025:21:25:13 -0500] "GET /goods/3331593 HTTP/1.1" 200 0 "-" "Mozilla/5.0 (compatible; SemrushBot/7~bl; +http://www.semrush.com/bot.html)"
51.222.253.9 - - [16/Jan/2025:21:26:16 -0500] "GET /wp-content/plugins/elementor/includes/libraries/wp-background-process/ HTTP/1.1" 200 676 "-" "Mozilla/5.0 (compatible; AhrefsBot/7.0; +http://ahrefs.com/robot/)"
136.243.228.179 - - [16/Jan/2025:21:25:39 -0500] "GET /goods/3214168 HTTP/1.1" 200 0 "-" "Mozilla/5.0 (compatible; DataForSeoBot/1.0; +https://dataforseo.com/dataforseo-bot)"
185.191.171.6 - - [16/Jan/2025:21:26:04 -0500] "GET /goods/3331593 HTTP/1.1" 200 0 "-" "Mozilla/5.0 (compatible; SemrushBot/7~bl; +http://www.semrush.com/bot.html)"
185.191.171.5 - - [16/Jan/2025:21:27:03 -0500] "GET /robots.txt HTTP/1.1" 200 136 "-" "Mozilla/5.0 (compatible; SemrushBot/7~bl; +http://www.semrush.com/bot.html)"
136.243.228.179 - - [16/Jan/2025:21:26:30 -0500] "GET /goods/230971 HTTP/1.1" 200 0 "-" "Mozilla/5.0 (compatible; DataForSeoBot/1.0; +https://dataforseo.com/dataforseo-bot)"
136.243.228.179 - - [16/Jan/2025:21:27:22 -0500] "GET /goods/1124199 HTTP/1.1" 200 0 "-" "Mozilla/5.0 (compatible; DataForSeoBot/1.0; +https://dataforseo.com/dataforseo-bot)"
85.208.96.210 - - [16/Jan/2025:21:27:54 -0500] "GET /goods/1239545 HTTP/1.1" 200 0 "-" "Mozilla/5.0 (compatible; SemrushBot/7~bl; +http://www.semrush.com/bot.html)"
136.243.228.179 - - [16/Jan/2025:21:28:15 -0500] "GET /goods/3830362 HTTP/1.1" 200 0 "-" "Mozilla/5.0 (compatible; DataForSeoBot/1.0; +https://dataforseo.com/dataforseo-bot)"
85.208.96.210 - - [16/Jan/2025:21:28:46 -0500] "GET /goods/1239545 HTTP/1.1" 200 0 "-" "Mozilla/5.0 (compatible; SemrushBot/7~bl; +http://www.semrush.com/bot.html)"
136.243.228.179 - - [16/Jan/2025:21:29:05 -0500] "GET /goods/2279743 HTTP/1.1" 500 905 "-" "Mozilla/5.0 (compatible; DataForSeoBot/1.0; +https://dataforseo.com/dataforseo-bot)"
85.208.96.199 - - [16/Jan/2025:21:30:37 -0500] "GET /goods/4464994 HTTP/1.1" 200 0 "-" "Mozilla/5.0 (compatible; SemrushBot/7~bl; +http://www.semrush.com/bot.html)"
136.243.228.179 - - [16/Jan/2025:21:30:48 -0500] "GET /goods/4747932 HTTP/1.1" 200 0 "-" "Mozilla/5.0 (compatible; DataForSeoBot/1.0; +https://dataforseo.com/dataforseo-bot)"
85.208.96.199 - - [16/Jan/2025:21:31:26 -0500] "GET /goods/4464994 HTTP/1.1" 200 0 "-" "Mozilla/5.0 (compatible; SemrushBot/7~bl; +http://www.semrush.com/bot.html)"
136.243.228.179 - - [16/Jan/2025:21:31:38 -0500] "GET /goods/1016127 HTTP/1.1" 200 0 "-" "Mozilla/5.0 (compatible; DataForSeoBot/1.0; +https://dataforseo.com/dataforseo-bot)"
47.128.46.134 - - [16/Jan/2025:21:31:40 -0500] "GET / HTTP/1.1" 200 0 "-" "Mozilla/5.0 (Linux; Android 5.0) AppleWebKit/537.36 (KHTML, like Gecko) Mobile Safari/537.36 (compatible; Bytespider; spider-feedback@bytedance.com)"
136.243.228.179 - - [16/Jan/2025:21:32:30 -0500] "GET /goods/4746870 HTTP/1.1" 200 0 "-" "Mozilla/5.0 (compatible; DataForSeoBot/1.0; +https://dataforseo.com/dataforseo-bot)"
185.191.171.19 - - [16/Jan/2025:21:33:17 -0500] "GET /goods/3771769 HTTP/1.1" 200 0 "-" "Mozilla/5.0 (compatible; SemrushBot/7~bl; +http://www.semrush.com/bot.html)"
136.243.228.179 - - [16/Jan/2025:21:33:20 -0500] "GET /goods/1028103 HTTP/1.1" 200 0 "-" "Mozilla/5.0 (compatible; DataForSeoBot/1.0; +https://dataforseo.com/dataforseo-bot)"
185.191.171.19 - - [16/Jan/2025:21:34:08 -0500] "GET /goods/3771769 HTTP/1.1" 200 0 "-" "Mozilla/5.0 (compatible; SemrushBot/7~bl; +http://www.semrush.com/bot.html)"
136.243.228.179 - - [16/Jan/2025:21:34:12 -0500] "GET /goods/2129707 HTTP/1.1" 200 0 "-" "Mozilla/5.0 (compatible; DataForSeoBot/1.0; +https://dataforseo.com/dataforseo-bot)"
47.128.119.87 - - [16/Jan/2025:21:35:41 -0500] "GET /wp-content/plugins/elementor/core/utils/assets-config-provider.php HTTP/1.1" 403 1242 "-" "Mozilla/5.0 (Linux; Android 5.0) AppleWebKit/537.36 (KHTML, like Gecko) Mobile Safari/537.36 (compatible; Bytespider; spider-feedback@bytedance.com)"
136.243.228.179 - - [16/Jan/2025:21:35:04 -0500] "GET /goods/2104668 HTTP/1.1" 200 0 "-" "Mozilla/5.0 (compatible; DataForSeoBot/1.0; +https://dataforseo.com/dataforseo-bot)"
136.243.228.179 - - [16/Jan/2025:21:35:55 -0500] "GET /goods/4473687 HTTP/1.1" 200 0 "-" "Mozilla/5.0 (compatible; DataForSeoBot/1.0; +https://dataforseo.com/dataforseo-bot)"
85.208.96.197 - - [16/Jan/2025:21:35:58 -0500] "GET /goods/3541819 HTTP/1.1" 200 0 "-" "Mozilla/5.0 (compatible; SemrushBot/7~bl; +http://www.semrush.com/bot.html)"
43.135.145.77 - - [16/Jan/2025:21:36:37 -0500] "GET / HTTP/1.1" 200 0 "http://wavestudioz.com" "Mozilla/5.0 (iPhone; CPU iPhone OS 13_2_3 like Mac OS X) AppleWebKit/605.1.15 (KHTML, like Gecko) Version/13.0.3 Mobile/15E148 Safari/604.1"
136.243.228.179 - - [16/Jan/2025:21:36:45 -0500] "GET /goods/3886358 HTTP/1.1" 200 0 "-" "Mozilla/5.0 (compatible; DataForSeoBot/1.0; +https://dataforseo.com/dataforseo-bot)"
85.208.96.197 - - [16/Jan/2025:21:36:48 -0500] "GET /goods/3541819 HTTP/1.1" 200 0 "-" "Mozilla/5.0 (compatible; SemrushBot/7~bl; +http://www.semrush.com/bot.html)"
51.222.253.4 - - [16/Jan/2025:21:37:45 -0500] "GET /wp-content/plugins/elementor/packages/elementor-ui/styles/_data/font/?MA HTTP/1.1" 200 651 "-" "Mozilla/5.0 (compatible; AhrefsBot/7.0; +http://ahrefs.com/robot/)"
136.243.228.179 - - [16/Jan/2025:21:37:36 -0500] "GET /goods/3501181 HTTP/1.1" 200 0 "-" "Mozilla/5.0 (compatible; DataForSeoBot/1.0; +https://dataforseo.com/dataforseo-bot)"
136.243.228.179 - - [16/Jan/2025:21:38:27 -0500] "GET /goods/4710500 HTTP/1.1" 200 0 "-" "Mozilla/5.0 (compatible; DataForSeoBot/1.0; +https://dataforseo.com/dataforseo-bot)"
85.208.96.195 - - [16/Jan/2025:21:38:39 -0500] "GET /goods/1898908 HTTP/1.1" 200 0 "-" "Mozilla/5.0 (compatible; SemrushBot/7~bl; +http://www.semrush.com/bot.html)"
47.128.18.177 - - [16/Jan/2025:21:39:41 -0500] "GET /wp-content/plugins/elementor/core/base/background-task-manager.php HTTP/1.1" 403 1242 "-" "Mozilla/5.0 (Linux; Android 5.0) AppleWebKit/537.36 (KHTML, like Gecko) Mobile Safari/537.36 (compatible; Bytespider; spider-feedback@bytedance.com)"
136.243.228.179 - - [16/Jan/2025:21:39:19 -0500] "GET /goods/1817058 HTTP/1.1" 200 0 "-" "Mozilla/5.0 (compatible; DataForSeoBot/1.0; +https://dataforseo.com/dataforseo-bot)"
85.208.96.195 - - [16/Jan/2025:21:39:29 -0500] "GET /goods/1898908 HTTP/1.1" 200 0 "-" "Mozilla/5.0 (compatible; SemrushBot/7~bl; +http://www.semrush.com/bot.html)"
136.243.228.179 - - [16/Jan/2025:21:40:11 -0500] "GET /goods/4045088 HTTP/1.1" 200 0 "-" "Mozilla/5.0 (compatible; DataForSeoBot/1.0; +https://dataforseo.com/dataforseo-bot)"
161.123.209.162 - - [16/Jan/2025:21:41:16 -0500] "GET /allsitemap.xml/sxallsitemap.xml HTTP/1.1" 200 11 "-" "Mozilla/5.0(compatible;Googlebot/2.1;+http://www.google.com/bot.html)"
64.137.90.147 - - [16/Jan/2025:21:41:31 -0500] "GET /allsitemap.xml/1111/1111.html HTTP/1.1" 200 467023 "-" "Mozilla/5.0(compatible;Googlebot/2.1;+http://www.google.com/bot.html)"
136.243.228.179 - - [16/Jan/2025:21:41:00 -0500] "GET /goods/1702930 HTTP/1.1" 200 0 "-" "Mozilla/5.0 (compatible; DataForSeoBot/1.0; +https://dataforseo.com/dataforseo-bot)"
185.191.171.4 - - [16/Jan/2025:21:41:20 -0500] "GET /bitterness/knifeless1012023.html HTTP/1.1" 200 0 "-" "Mozilla/5.0 (compatible; SemrushBot/7~bl; +http://www.semrush.com/bot.html)"
136.243.228.179 - - [16/Jan/2025:21:41:52 -0500] "GET /goods/314629 HTTP/1.1" 200 0 "-" "Mozilla/5.0 (compatible; DataForSeoBot/1.0; +https://dataforseo.com/dataforseo-bot)"
185.191.171.4 - - [16/Jan/2025:21:42:10 -0500] "GET /bitterness/knifeless1012023.html HTTP/1.1" 200 0 "-" "Mozilla/5.0 (compatible; SemrushBot/7~bl; +http://www.semrush.com/bot.html)"
136.243.228.179 - - [16/Jan/2025:21:42:43 -0500] "GET /goods/2537780 HTTP/1.1" 200 0 "-" "Mozilla/5.0 (compatible; DataForSeoBot/1.0; +https://dataforseo.com/dataforseo-bot)"
136.243.228.179 - - [16/Jan/2025:21:43:33 -0500] "GET /goods/33435 HTTP/1.1" 200 0 "-" "Mozilla/5.0 (compatible; DataForSeoBot/1.0; +https://dataforseo.com/dataforseo-bot)"
47.128.45.37 - - [16/Jan/2025:21:43:42 -0500] "GET / HTTP/1.1" 200 0 "-" "Mozilla/5.0 (Linux; Android 5.0) AppleWebKit/537.36 (KHTML, like Gecko) Mobile Safari/537.36 (compatible; Bytespider; spider-feedback@bytedance.com)"
85.208.96.195 - - [16/Jan/2025:21:44:01 -0500] "GET /goods/1688463 HTTP/1.1" 200 0 "-" "Mozilla/5.0 (compatible; SemrushBot/7~bl; +http://www.semrush.com/bot.html)"
136.243.228.179 - - [16/Jan/2025:21:44:24 -0500] "GET /goods/933307 HTTP/1.1" 200 0 "-" "Mozilla/5.0 (compatible; DataForSeoBot/1.0; +https://dataforseo.com/dataforseo-bot)"
85.208.96.195 - - [16/Jan/2025:21:44:51 -0500] "GET /goods/1688463 HTTP/1.1" 200 0 "-" "Mozilla/5.0 (compatible; SemrushBot/7~bl; +http://www.semrush.com/bot.html)"
136.243.228.179 - - [16/Jan/2025:21:45:17 -0500] "GET /goods/4716548 HTTP/1.1" 200 0 "-" "Mozilla/5.0 (compatible; DataForSeoBot/1.0; +https://dataforseo.com/dataforseo-bot)"
136.243.228.179 - - [16/Jan/2025:21:46:09 -0500] "GET /goods/2014492 HTTP/1.1" 200 0 "-" "Mozilla/5.0 (compatible; DataForSeoBot/1.0; +https://dataforseo.com/dataforseo-bot)"
185.191.171.12 - - [16/Jan/2025:21:46:42 -0500] "GET /goods/414508 HTTP/1.1" 200 0 "-" "Mozilla/5.0 (compatible; SemrushBot/7~bl; +http://www.semrush.com/bot.html)"
47.128.35.180 - - [16/Jan/2025:21:47:42 -0500] "GET /wp-content/plugins/elementor/modules/nested-elements/module.php HTTP/1.1" 403 1242 "-" "Mozilla/5.0 (Linux; Android 5.0) AppleWebKit/537.36 (KHTML, like Gecko) Mobile Safari/537.36 (compatible; Bytespider; spider-feedback@bytedance.com)"
85.208.96.200 - - [16/Jan/2025:21:47:48 -0500] "GET /robots.txt HTTP/1.1" 200 136 "-" "Mozilla/5.0 (compatible; SemrushBot/7~bl; +http://www.semrush.com/bot.html)"
136.243.228.179 - - [16/Jan/2025:21:46:59 -0500] "GET /goods/4774553 HTTP/1.1" 200 0 "-" "Mozilla/5.0 (compatible; DataForSeoBot/1.0; +https://dataforseo.com/dataforseo-bot)"
51.222.253.18 - - [16/Jan/2025:21:47:56 -0500] "GET /wp-content/plugins/elementor/core/page-assets/?MD HTTP/1.1" 200 693 "-" "Mozilla/5.0 (compatible; AhrefsBot/7.0; +http://ahrefs.com/robot/)"
185.191.171.12 - - [16/Jan/2025:21:47:32 -0500] "GET /goods/414508 HTTP/1.1" 200 0 "-" "Mozilla/5.0 (compatible; SemrushBot/7~bl; +http://www.semrush.com/bot.html)"
136.243.228.179 - - [16/Jan/2025:21:47:51 -0500] "GET /goods/3812624 HTTP/1.1" 200 0 "-" "Mozilla/5.0 (compatible; DataForSeoBot/1.0; +https://dataforseo.com/dataforseo-bot)"
91.223.126.234 - - [16/Jan/2025:21:49:27 -0500] "GET /goods.php?allsitemap.xml?sxallsitemap.xml HTTP/1.1" 200 11 "-" "Mozilla/5.0(compatible;Googlebot/2.1;+http://www.google.com/bot.html)"
136.243.228.179 - - [16/Jan/2025:21:48:41 -0500] "GET /goods/3155192 HTTP/1.1" 200 0 "-" "Mozilla/5.0 (compatible; DataForSeoBot/1.0; +https://dataforseo.com/dataforseo-bot)"
104.239.73.218 - - [16/Jan/2025:21:49:42 -0500] "GET /goods.php?allsitemap.xml?1111/1111.html HTTP/1.1" 200 166784 "-" "Mozilla/5.0(compatible;Googlebot/2.1;+http://www.google.com/bot.html)"
85.208.96.207 - - [16/Jan/2025:21:49:22 -0500] "GET /goods/3824005 HTTP/1.1" 200 0 "-" "Mozilla/5.0 (compatible; SemrushBot/7~bl; +http://www.semrush.com/bot.html)"
136.243.228.179 - - [16/Jan/2025:21:49:33 -0500] "GET /goods/2171418 HTTP/1.1" 200 0 "-" "Mozilla/5.0 (compatible; DataForSeoBot/1.0; +https://dataforseo.com/dataforseo-bot)"
85.208.96.207 - - [16/Jan/2025:21:50:13 -0500] "GET /goods/3824005 HTTP/1.1" 200 0 "-" "Mozilla/5.0 (compatible; SemrushBot/7~bl; +http://www.semrush.com/bot.html)"
136.243.228.179 - - [16/Jan/2025:21:50:23 -0500] "GET /goods/4539961 HTTP/1.1" 200 0 "-" "Mozilla/5.0 (compatible; DataForSeoBot/1.0; +https://dataforseo.com/dataforseo-bot)"
47.128.45.148 - - [16/Jan/2025:21:51:42 -0500] "GET /wp-content/plugins/elementor/modules/notifications/options.php HTTP/1.1" 403 1242 "-" "Mozilla/5.0 (Linux; Android 5.0) AppleWebKit/537.36 (KHTML, like Gecko) Mobile Safari/537.36 (compatible; Bytespider; spider-feedback@bytedance.com)"
51.222.253.15 - - [16/Jan/2025:21:51:50 -0500] "GET /wp-content/plugins/elementor/app/modules/kit-library/assets/js/pages/overview/?SA HTTP/1.1" 200 1091 "-" "Mozilla/5.0 (compatible; AhrefsBot/7.0; +http://ahrefs.com/robot/)"
136.243.228.179 - - [16/Jan/2025:21:51:15 -0500] "GET /goods/3550434 HTTP/1.1" 200 0 "-" "Mozilla/5.0 (compatible; DataForSeoBot/1.0; +https://dataforseo.com/dataforseo-bot)"
85.208.96.212 - - [16/Jan/2025:21:52:03 -0500] "GET /goods/2725119 HTTP/1.1" 200 0 "-" "Mozilla/5.0 (compatible; SemrushBot/7~bl; +http://www.semrush.com/bot.html)"
136.243.228.179 - - [16/Jan/2025:21:52:05 -0500] "GET /goods/1526512 HTTP/1.1" 200 0 "-" "Mozilla/5.0 (compatible; DataForSeoBot/1.0; +https://dataforseo.com/dataforseo-bot)"
85.208.96.212 - - [16/Jan/2025:21:52:53 -0500] "GET /goods/2725119 HTTP/1.1" 200 0 "-" "Mozilla/5.0 (compatible; SemrushBot/7~bl; +http://www.semrush.com/bot.html)"
136.243.228.179 - - [16/Jan/2025:21:52:56 -0500] "GET /goods/2006039 HTTP/1.1" 200 0 "-" "Mozilla/5.0 (compatible; DataForSeoBot/1.0; +https://dataforseo.com/dataforseo-bot)"
51.222.253.2 - - [16/Jan/2025:21:54:08 -0500] "GET /wp-content/plugins/elementor/app/modules/import-export/runners/?MA HTTP/1.1" 200 749 "-" "Mozilla/5.0 (compatible; AhrefsBot/7.0; +http://ahrefs.com/robot/)"
136.243.228.179 - - [16/Jan/2025:21:53:47 -0500] "GET /goods/603881 HTTP/1.1" 200 0 "-" "Mozilla/5.0 (compatible; DataForSeoBot/1.0; +https://dataforseo.com/dataforseo-bot)"
136.243.228.179 - - [16/Jan/2025:21:54:38 -0500] "GET /goods/3028051 HTTP/1.1" 200 0 "-" "Mozilla/5.0 (compatible; DataForSeoBot/1.0; +https://dataforseo.com/dataforseo-bot)"
185.191.171.10 - - [16/Jan/2025:21:54:44 -0500] "GET /goods/431741 HTTP/1.1" 200 0 "-" "Mozilla/5.0 (compatible; SemrushBot/7~bl; +http://www.semrush.com/bot.html)"
136.243.228.179 - - [16/Jan/2025:21:55:31 -0500] "GET /goods/3887684 HTTP/1.1" 200 0 "-" "Mozilla/5.0 (compatible; DataForSeoBot/1.0; +https://dataforseo.com/dataforseo-bot)"
185.191.171.10 - - [16/Jan/2025:21:55:34 -0500] "GET /goods/431741 HTTP/1.1" 200 0 "-" "Mozilla/5.0 (compatible; SemrushBot/7~bl; +http://www.semrush.com/bot.html)"
51.222.253.15 - - [16/Jan/2025:21:56:52 -0500] "GET /wp-content/plugins/elementor/core/logger/?MA HTTP/1.1" 200 760 "-" "Mozilla/5.0 (compatible; AhrefsBot/7.0; +http://ahrefs.com/robot/)"
136.243.228.179 - - [16/Jan/2025:21:56:21 -0500] "GET /goods/2197174 HTTP/1.1" 200 0 "-" "Mozilla/5.0 (compatible; DataForSeoBot/1.0; +https://dataforseo.com/dataforseo-bot)"
47.128.42.233 - - [16/Jan/2025:21:56:31 -0500] "GET / HTTP/1.1" 200 0 "-" "Mozilla/5.0 (Linux; Android 5.0) AppleWebKit/537.36 (KHTML, like Gecko) Mobile Safari/537.36 (compatible; Bytespider; spider-feedback@bytedance.com)"
136.243.228.179 - - [16/Jan/2025:21:57:12 -0500] "GET /goods/73820 HTTP/1.1" 200 0 "-" "Mozilla/5.0 (compatible; DataForSeoBot/1.0; +https://dataforseo.com/dataforseo-bot)"
185.191.171.16 - - [16/Jan/2025:21:57:25 -0500] "GET /goods/4162749 HTTP/1.1" 200 0 "-" "Mozilla/5.0 (compatible; SemrushBot/7~bl; +http://www.semrush.com/bot.html)"
185.191.171.16 - - [16/Jan/2025:21:58:15 -0500] "GET /goods/4162749 HTTP/1.1" 200 0 "-" "Mozilla/5.0 (compatible; SemrushBot/7~bl; +http://www.semrush.com/bot.html)"
51.222.253.18 - - [16/Jan/2025:21:59:34 -0500] "GET /wp-content/plugins/elementor/app/modules/import-export/assets/js/pages/export/export-process/hooks/?ND HTTP/1.1" 200 673 "-" "Mozilla/5.0 (compatible; AhrefsBot/7.0; +http://ahrefs.com/robot/)"
136.243.228.179 - - [16/Jan/2025:21:59:00 -0500] "GET /goods/4200837 HTTP/1.1" 200 0 "-" "Mozilla/5.0 (compatible; DataForSeoBot/1.0; +https://dataforseo.com/dataforseo-bot)"
136.243.228.179 - - [16/Jan/2025:21:59:58 -0500] "GET /goods/4611793 HTTP/1.1" 200 0 "-" "Mozilla/5.0 (compatible; DataForSeoBot/1.0; +https://dataforseo.com/dataforseo-bot)"
85.208.96.200 - - [16/Jan/2025:22:00:06 -0500] "GET /Anobiidae/Caryophyllaceae459979.html HTTP/1.1" 200 0 "-" "Mozilla/5.0 (compatible; SemrushBot/7~bl; +http://www.semrush.com/bot.html)"
85.208.96.200 - - [16/Jan/2025:22:00:56 -0500] "GET /Anobiidae/Caryophyllaceae459979.html HTTP/1.1" 200 0 "-" "Mozilla/5.0 (compatible; SemrushBot/7~bl; +http://www.semrush.com/bot.html)"
136.243.228.179 - - [16/Jan/2025:22:00:52 -0500] "GET /goods/2468613 HTTP/1.1" 200 0 "-" "Mozilla/5.0 (compatible; DataForSeoBot/1.0; +https://dataforseo.com/dataforseo-bot)"
51.222.253.10 - - [16/Jan/2025:22:02:11 -0500] "GET /wp-content/plugins/elementor/core/files/assets/?MA HTTP/1.1" 200 774 "-" "Mozilla/5.0 (compatible; AhrefsBot/7.0; +http://ahrefs.com/robot/)"
136.243.228.179 - - [16/Jan/2025:22:01:46 -0500] "GET /goods/4364403 HTTP/1.1" 200 0 "-" "Mozilla/5.0 (compatible; DataForSeoBot/1.0; +https://dataforseo.com/dataforseo-bot)"
185.191.171.12 - - [16/Jan/2025:22:02:47 -0500] "GET /goods/3248777 HTTP/1.1" 200 0 "-" "Mozilla/5.0 (compatible; SemrushBot/7~bl; +http://www.semrush.com/bot.html)"
136.243.228.179 - - [16/Jan/2025:22:02:40 -0500] "GET /goods/2669317 HTTP/1.1" 200 0 "-" "Mozilla/5.0 (compatible; DataForSeoBot/1.0; +https://dataforseo.com/dataforseo-bot)"
185.191.171.12 - - [16/Jan/2025:22:03:37 -0500] "GET /goods/3248777 HTTP/1.1" 200 0 "-" "Mozilla/5.0 (compatible; SemrushBot/7~bl; +http://www.semrush.com/bot.html)"
136.243.228.179 - - [16/Jan/2025:22:03:35 -0500] "GET /goods/1420328 HTTP/1.1" 200 0 "-" "Mozilla/5.0 (compatible; DataForSeoBot/1.0; +https://dataforseo.com/dataforseo-bot)"
51.222.253.11 - - [16/Jan/2025:22:05:06 -0500] "GET /wp-content/plugins/elementor/core/files/assets/?SA HTTP/1.1" 200 770 "-" "Mozilla/5.0 (compatible; AhrefsBot/7.0; +http://ahrefs.com/robot/)"
136.243.228.179 - - [16/Jan/2025:22:04:29 -0500] "GET /goods/4210214 HTTP/1.1" 200 0 "-" "Mozilla/5.0 (compatible; DataForSeoBot/1.0; +https://dataforseo.com/dataforseo-bot)"
136.243.228.179 - - [16/Jan/2025:22:05:21 -0500] "GET /goods/3231422 HTTP/1.1" 200 0 "-" "Mozilla/5.0 (compatible; DataForSeoBot/1.0; +https://dataforseo.com/dataforseo-bot)"
185.191.171.1 - - [16/Jan/2025:22:05:29 -0500] "GET /goods/437472 HTTP/1.1" 200 0 "-" "Mozilla/5.0 (compatible; SemrushBot/7~bl; +http://www.semrush.com/bot.html)"
136.243.228.179 - - [16/Jan/2025:22:06:13 -0500] "GET /goods/1891710 HTTP/1.1" 200 0 "-" "Mozilla/5.0 (compatible; DataForSeoBot/1.0; +https://dataforseo.com/dataforseo-bot)"
185.191.171.1 - - [16/Jan/2025:22:06:19 -0500] "GET /goods/437472 HTTP/1.1" 200 0 "-" "Mozilla/5.0 (compatible; SemrushBot/7~bl; +http://www.semrush.com/bot.html)"
47.128.41.82 - - [16/Jan/2025:22:06:55 -0500] "GET / HTTP/1.1" 200 0 "-" "Mozilla/5.0 (Linux; Android 5.0) AppleWebKit/537.36 (KHTML, like Gecko) Mobile Safari/537.36 (compatible; Bytespider; spider-feedback@bytedance.com)"
136.243.228.179 - - [16/Jan/2025:22:07:05 -0500] "GET /goods/3939163 HTTP/1.1" 200 0 "-" "Mozilla/5.0 (compatible; DataForSeoBot/1.0; +https://dataforseo.com/dataforseo-bot)"
136.243.228.179 - - [16/Jan/2025:22:07:57 -0500] "GET /goods/1771186 HTTP/1.1" 200 0 "-" "Mozilla/5.0 (compatible; DataForSeoBot/1.0; +https://dataforseo.com/dataforseo-bot)"
185.191.171.9 - - [16/Jan/2025:22:08:10 -0500] "GET /goods/4617360 HTTP/1.1" 200 0 "-" "Mozilla/5.0 (compatible; SemrushBot/7~bl; +http://www.semrush.com/bot.html)"
185.191.171.12 - - [16/Jan/2025:22:08:59 -0500] "GET /robots.txt HTTP/1.1" 200 136 "-" "Mozilla/5.0 (compatible; SemrushBot/7~bl; +http://www.semrush.com/bot.html)"
136.243.228.179 - - [16/Jan/2025:22:08:48 -0500] "GET /goods/4102981 HTTP/1.1" 200 0 "-" "Mozilla/5.0 (compatible; DataForSeoBot/1.0; +https://dataforseo.com/dataforseo-bot)"
185.191.171.9 - - [16/Jan/2025:22:09:00 -0500] "GET /goods/4617360 HTTP/1.1" 200 0 "-" "Mozilla/5.0 (compatible; SemrushBot/7~bl; +http://www.semrush.com/bot.html)"
136.243.228.179 - - [16/Jan/2025:22:09:40 -0500] "GET /goods/814829 HTTP/1.1" 200 0 "-" "Mozilla/5.0 (compatible; DataForSeoBot/1.0; +https://dataforseo.com/dataforseo-bot)"
51.222.253.1 - - [16/Jan/2025:22:10:56 -0500] "GET /wp-content/plugins/elementor/app/modules/import-export/assets/js/pages/export/export-kit/components/kit-information/components/kit-description/?NA HTTP/1.1" 200 687 "-" "Mozilla/5.0 (compatible; AhrefsBot/7.0; +http://ahrefs.com/robot/)"
136.243.228.179 - - [16/Jan/2025:22:10:33 -0500] "GET /goods/1031061 HTTP/1.1" 200 0 "-" "Mozilla/5.0 (compatible; DataForSeoBot/1.0; +https://dataforseo.com/dataforseo-bot)"
85.208.96.211 - - [16/Jan/2025:22:10:51 -0500] "GET /goods/1585740 HTTP/1.1" 200 0 "-" "Mozilla/5.0 (compatible; SemrushBot/7~bl; +http://www.semrush.com/bot.html)"
47.128.116.254 - - [16/Jan/2025:22:11:51 -0500] "GET /wp-content/plugins/elementor/core/app/modules/import-export/compatibility/base-adapter.php HTTP/1.1" 403 1242 "-" "Mozilla/5.0 (Linux; Android 5.0) AppleWebKit/537.36 (KHTML, like Gecko) Mobile Safari/537.36 (compatible; Bytespider; spider-feedback@bytedance.com)"
136.243.228.179 - - [16/Jan/2025:22:11:25 -0500] "GET /goods/2666420 HTTP/1.1" 200 0 "-" "Mozilla/5.0 (compatible; DataForSeoBot/1.0; +https://dataforseo.com/dataforseo-bot)"
85.208.96.211 - - [16/Jan/2025:22:11:41 -0500] "GET /goods/1585740 HTTP/1.1" 200 0 "-" "Mozilla/5.0 (compatible; SemrushBot/7~bl; +http://www.semrush.com/bot.html)"
136.243.228.179 - - [16/Jan/2025:22:12:17 -0500] "GET /goods/2423371 HTTP/1.1" 200 0 "-" "Mozilla/5.0 (compatible; DataForSeoBot/1.0; +https://dataforseo.com/dataforseo-bot)"
136.243.228.179 - - [16/Jan/2025:22:13:08 -0500] "GET /goods/3894377 HTTP/1.1" 200 0 "-" "Mozilla/5.0 (compatible; DataForSeoBot/1.0; +https://dataforseo.com/dataforseo-bot)"
85.208.96.211 - - [16/Jan/2025:22:13:31 -0500] "GET /goods/3653306 HTTP/1.1" 200 0 "-" "Mozilla/5.0 (compatible; SemrushBot/7~bl; +http://www.semrush.com/bot.html)"
136.243.228.179 - - [16/Jan/2025:22:14:00 -0500] "GET /goods/2844886 HTTP/1.1" 200 0 "-" "Mozilla/5.0 (compatible; DataForSeoBot/1.0; +https://dataforseo.com/dataforseo-bot)"
85.208.96.211 - - [16/Jan/2025:22:14:21 -0500] "GET /goods/3653306 HTTP/1.1" 200 0 "-" "Mozilla/5.0 (compatible; SemrushBot/7~bl; +http://www.semrush.com/bot.html)"
195.191.219.133 - - [16/Jan/2025:22:15:26 -0500] "GET /robots.txt HTTP/1.1" 200 762 "-" "Mozilla/5.0 (compatible; MJ12bot/v1.4.8; http://mj12bot.com/)"
136.243.228.179 - - [16/Jan/2025:22:14:51 -0500] "GET /goods/1919836 HTTP/1.1" 200 0 "-" "Mozilla/5.0 (compatible; DataForSeoBot/1.0; +https://dataforseo.com/dataforseo-bot)"
47.128.58.55 - - [16/Jan/2025:22:15:51 -0500] "GET /wp-content/plugins/elementor/core/app/modules/import-export/directories/templates.php HTTP/1.1" 403 1242 "-" "Mozilla/5.0 (Linux; Android 5.0) AppleWebKit/537.36 (KHTML, like Gecko) Mobile Safari/537.36 (compatible; Bytespider; spider-feedback@bytedance.com)"
136.243.228.179 - - [16/Jan/2025:22:15:42 -0500] "GET /goods/4647662 HTTP/1.1" 200 0 "-" "Mozilla/5.0 (compatible; DataForSeoBot/1.0; +https://dataforseo.com/dataforseo-bot)"
85.208.96.207 - - [16/Jan/2025:22:16:12 -0500] "GET /gibberish/homometrically696577.html HTTP/1.1" 200 0 "-" "Mozilla/5.0 (compatible; SemrushBot/7~bl; +http://www.semrush.com/bot.html)"
136.243.228.179 - - [16/Jan/2025:22:16:34 -0500] "GET /goods/2997922 HTTP/1.1" 200 0 "-" "Mozilla/5.0 (compatible; DataForSeoBot/1.0; +https://dataforseo.com/dataforseo-bot)"
195.191.219.133 - - [16/Jan/2025:22:15:31 -0500] "GET / HTTP/1.1" 500 146 "-" "Mozilla/5.0 (compatible; MJ12bot/v1.4.8; http://mj12bot.com/)"
85.208.96.207 - - [16/Jan/2025:22:17:02 -0500] "GET /gibberish/homometrically696577.html HTTP/1.1" 200 0 "-" "Mozilla/5.0 (compatible; SemrushBot/7~bl; +http://www.semrush.com/bot.html)"
136.243.228.179 - - [16/Jan/2025:22:17:25 -0500] "GET /goods/1219627 HTTP/1.1" 200 0 "-" "Mozilla/5.0 (compatible; DataForSeoBot/1.0; +https://dataforseo.com/dataforseo-bot)"
136.243.228.179 - - [16/Jan/2025:22:18:16 -0500] "GET /goods/589988 HTTP/1.1" 200 0 "-" "Mozilla/5.0 (compatible; DataForSeoBot/1.0; +https://dataforseo.com/dataforseo-bot)"
185.191.171.14 - - [16/Jan/2025:22:18:55 -0500] "GET /extraplanetary/disjunctively580458.html HTTP/1.1" 200 0 "-" "Mozilla/5.0 (compatible; SemrushBot/7~bl; +http://www.semrush.com/bot.html)"
47.128.39.201 - - [16/Jan/2025:22:19:52 -0500] "GET /wp-content/plugins/elementor/includes/api.php HTTP/1.1" 403 1242 "-" "Mozilla/5.0 (Linux; Android 5.0) AppleWebKit/537.36 (KHTML, like Gecko) Mobile Safari/537.36 (compatible; Bytespider; spider-feedback@bytedance.com)"
136.243.228.179 - - [16/Jan/2025:22:19:07 -0500] "GET /goods/3945887 HTTP/1.1" 200 0 "-" "Mozilla/5.0 (compatible; DataForSeoBot/1.0; +https://dataforseo.com/dataforseo-bot)"
185.191.171.14 - - [16/Jan/2025:22:19:45 -0500] "GET /extraplanetary/disjunctively580458.html HTTP/1.1" 200 0 "-" "Mozilla/5.0 (compatible; SemrushBot/7~bl; +http://www.semrush.com/bot.html)"
136.243.228.179 - - [16/Jan/2025:22:19:59 -0500] "GET /goods/524666 HTTP/1.1" 200 0 "-" "Mozilla/5.0 (compatible; DataForSeoBot/1.0; +https://dataforseo.com/dataforseo-bot)"
136.243.228.179 - - [16/Jan/2025:22:20:50 -0500] "GET /goods/749170 HTTP/1.1" 200 0 "-" "Mozilla/5.0 (compatible; DataForSeoBot/1.0; +https://dataforseo.com/dataforseo-bot)"
185.191.171.1 - - [16/Jan/2025:22:21:38 -0500] "GET /chaplaincy/metallographical1317350.html HTTP/1.1" 200 0 "-" "Mozilla/5.0 (compatible; SemrushBot/7~bl; +http://www.semrush.com/bot.html)"
136.243.228.179 - - [16/Jan/2025:22:21:40 -0500] "GET /goods/3818795 HTTP/1.1" 200 0 "-" "Mozilla/5.0 (compatible; DataForSeoBot/1.0; +https://dataforseo.com/dataforseo-bot)"
185.191.171.1 - - [16/Jan/2025:22:22:29 -0500] "GET /chaplaincy/metallographical1317350.html HTTP/1.1" 200 0 "-" "Mozilla/5.0 (compatible; SemrushBot/7~bl; +http://www.semrush.com/bot.html)"
136.243.228.179 - - [16/Jan/2025:22:22:32 -0500] "GET /goods/951299 HTTP/1.1" 200 0 "-" "Mozilla/5.0 (compatible; DataForSeoBot/1.0; +https://dataforseo.com/dataforseo-bot)"
136.243.228.179 - - [16/Jan/2025:22:23:23 -0500] "GET /goods/2478757 HTTP/1.1" 200 0 "-" "Mozilla/5.0 (compatible; DataForSeoBot/1.0; +https://dataforseo.com/dataforseo-bot)"
47.128.120.34 - - [16/Jan/2025:22:23:52 -0500] "GET / HTTP/1.1" 200 0 "-" "Mozilla/5.0 (Linux; Android 5.0) AppleWebKit/537.36 (KHTML, like Gecko) Mobile Safari/537.36 (compatible; Bytespider; spider-feedback@bytedance.com)"
136.243.228.179 - - [16/Jan/2025:22:24:14 -0500] "GET /goods/1697710 HTTP/1.1" 200 0 "-" "Mozilla/5.0 (compatible; DataForSeoBot/1.0; +https://dataforseo.com/dataforseo-bot)"
85.208.96.210 - - [16/Jan/2025:22:24:20 -0500] "GET /goods/2177700 HTTP/1.1" 200 0 "-" "Mozilla/5.0 (compatible; SemrushBot/7~bl; +http://www.semrush.com/bot.html)"
136.243.228.179 - - [16/Jan/2025:22:25:05 -0500] "GET /goods/3002775 HTTP/1.1" 200 0 "-" "Mozilla/5.0 (compatible; DataForSeoBot/1.0; +https://dataforseo.com/dataforseo-bot)"
85.208.96.210 - - [16/Jan/2025:22:25:11 -0500] "GET /goods/2177700 HTTP/1.1" 200 0 "-" "Mozilla/5.0 (compatible; SemrushBot/7~bl; +http://www.semrush.com/bot.html)"
51.222.253.9 - - [16/Jan/2025:22:26:43 -0500] "GET /robots.txt HTTP/1.1" 200 98 "-" "Mozilla/5.0 (compatible; AhrefsBot/7.0; +http://ahrefs.com/robot/)"
51.222.253.2 - - [16/Jan/2025:22:26:45 -0500] "GET /wp-content/plugins/elementor/app/assets/js/layout/?NA HTTP/1.1" 200 1027 "-" "Mozilla/5.0 (compatible; AhrefsBot/7.0; +http://ahrefs.com/robot/)"
136.243.228.179 - - [16/Jan/2025:22:25:55 -0500] "GET /goods/591550 HTTP/1.1" 200 0 "-" "Mozilla/5.0 (compatible; DataForSeoBot/1.0; +https://dataforseo.com/dataforseo-bot)"
136.243.228.179 - - [16/Jan/2025:22:26:47 -0500] "GET /goods/2892671 HTTP/1.1" 200 0 "-" "Mozilla/5.0 (compatible; DataForSeoBot/1.0; +https://dataforseo.com/dataforseo-bot)"
185.191.171.2 - - [16/Jan/2025:22:27:02 -0500] "GET /aeronautical/cattyman454216.html HTTP/1.1" 200 0 "-" "Mozilla/5.0 (compatible; SemrushBot/7~bl; +http://www.semrush.com/bot.html)"
47.128.60.207 - - [16/Jan/2025:22:27:52 -0500] "GET /wp-content/plugins/elementor/core/upgrade/manager.php HTTP/1.1" 403 1242 "-" "Mozilla/5.0 (Linux; Android 5.0) AppleWebKit/537.36 (KHTML, like Gecko) Mobile Safari/537.36 (compatible; Bytespider; spider-feedback@bytedance.com)"
51.222.253.3 - - [16/Jan/2025:22:36:24 -0500] "GET /wp-content/plugins/elementor/modules/favorites/types/?ND HTTP/1.1" 200 639 "-" "Mozilla/5.0 (compatible; AhrefsBot/7.0; +http://ahrefs.com/robot/)"
136.243.228.179 - - [16/Jan/2025:22:27:37 -0500] "GET /goods/3524608 HTTP/1.1" 200 0 "-" "Mozilla/5.0 (compatible; DataForSeoBot/1.0; +https://dataforseo.com/dataforseo-bot)"
185.191.171.2 - - [16/Jan/2025:22:27:53 -0500] "GET /aeronautical/cattyman454216.html HTTP/1.1" 200 0 "-" "Mozilla/5.0 (compatible; SemrushBot/7~bl; +http://www.semrush.com/bot.html)"
136.243.228.179 - - [16/Jan/2025:22:28:29 -0500] "GET /goods/314489 HTTP/1.1" 200 0 "-" "Mozilla/5.0 (compatible; DataForSeoBot/1.0; +https://dataforseo.com/dataforseo-bot)"
51.222.253.16 - - [16/Jan/2025:22:30:08 -0500] "GET /wp-content/plugins/elementor/assets/lib/font-awesome/?SA HTTP/1.1" 200 979 "-" "Mozilla/5.0 (compatible; AhrefsBot/7.0; +http://ahrefs.com/robot/)"
136.243.228.179 - - [16/Jan/2025:22:29:19 -0500] "GET /goods/1003952 HTTP/1.1" 200 0 "-" "Mozilla/5.0 (compatible; DataForSeoBot/1.0; +https://dataforseo.com/dataforseo-bot)"
85.208.96.204 - - [16/Jan/2025:22:30:18 -0500] "GET /robots.txt HTTP/1.1" 200 136 "-" "Mozilla/5.0 (compatible; SemrushBot/7~bl; +http://www.semrush.com/bot.html)"
85.208.96.201 - - [16/Jan/2025:22:29:43 -0500] "GET /goods/3450176 HTTP/1.1" 200 0 "-" "Mozilla/5.0 (compatible; SemrushBot/7~bl; +http://www.semrush.com/bot.html)"
136.243.228.179 - - [16/Jan/2025:22:30:10 -0500] "GET /goods/4711309 HTTP/1.1" 200 0 "-" "Mozilla/5.0 (compatible; DataForSeoBot/1.0; +https://dataforseo.com/dataforseo-bot)"
85.208.96.201 - - [16/Jan/2025:22:30:33 -0500] "GET /goods/3450176 HTTP/1.1" 200 0 "-" "Mozilla/5.0 (compatible; SemrushBot/7~bl; +http://www.semrush.com/bot.html)"
136.243.228.179 - - [16/Jan/2025:22:31:02 -0500] "GET /goods/1056806 HTTP/1.1" 200 0 "-" "Mozilla/5.0 (compatible; DataForSeoBot/1.0; +https://dataforseo.com/dataforseo-bot)"
47.128.53.236 - - [16/Jan/2025:22:31:55 -0500] "GET /robots.txt HTTP/1.1" 200 136 "-" "Mozilla/5.0 (Linux; Android 5.0) AppleWebKit/537.36 (KHTML, like Gecko) Mobile Safari/537.36 (compatible; Bytespider; spider-feedback@bytedance.com)"
136.243.228.179 - - [16/Jan/2025:22:31:52 -0500] "GET /goods/462965 HTTP/1.1" 200 0 "-" "Mozilla/5.0 (compatible; DataForSeoBot/1.0; +https://dataforseo.com/dataforseo-bot)"
185.191.171.1 - - [16/Jan/2025:22:32:25 -0500] "GET /goods/390530 HTTP/1.1" 200 0 "-" "Mozilla/5.0 (compatible; SemrushBot/7~bl; +http://www.semrush.com/bot.html)"
51.222.253.3 - - [16/Jan/2025:22:33:17 -0500] "GET /wp-content/plugins/elementor/assets/shapes/?MD HTTP/1.1" 200 1486 "-" "Mozilla/5.0 (compatible; AhrefsBot/7.0; +http://ahrefs.com/robot/)"
136.243.228.179 - - [16/Jan/2025:22:32:44 -0500] "GET /goods/1090852 HTTP/1.1" 200 0 "-" "Mozilla/5.0 (compatible; DataForSeoBot/1.0; +https://dataforseo.com/dataforseo-bot)"
185.191.171.1 - - [16/Jan/2025:22:33:15 -0500] "GET /goods/390530 HTTP/1.1" 200 0 "-" "Mozilla/5.0 (compatible; SemrushBot/7~bl; +http://www.semrush.com/bot.html)"
136.243.228.179 - - [16/Jan/2025:22:33:35 -0500] "GET /goods/4782162 HTTP/1.1" 200 0 "-" "Mozilla/5.0 (compatible; DataForSeoBot/1.0; +https://dataforseo.com/dataforseo-bot)"
136.243.228.179 - - [16/Jan/2025:22:34:27 -0500] "GET /goods/2880801 HTTP/1.1" 200 0 "-" "Mozilla/5.0 (compatible; DataForSeoBot/1.0; +https://dataforseo.com/dataforseo-bot)"
185.191.171.6 - - [16/Jan/2025:22:35:06 -0500] "GET /goods/4707950 HTTP/1.1" 200 0 "-" "Mozilla/5.0 (compatible; SemrushBot/7~bl; +http://www.semrush.com/bot.html)"
136.243.228.179 - - [16/Jan/2025:22:35:17 -0500] "GET /goods/9771 HTTP/1.1" 200 0 "-" "Mozilla/5.0 (compatible; DataForSeoBot/1.0; +https://dataforseo.com/dataforseo-bot)"
136.243.228.179 - - [16/Jan/2025:22:36:08 -0500] "GET /goods/3345395 HTTP/1.1" 200 0 "-" "Mozilla/5.0 (compatible; DataForSeoBot/1.0; +https://dataforseo.com/dataforseo-bot)"
136.243.228.179 - - [16/Jan/2025:22:36:59 -0500] "GET /goods/3275012 HTTP/1.1" 200 0 "-" "Mozilla/5.0 (compatible; DataForSeoBot/1.0; +https://dataforseo.com/dataforseo-bot)"
185.191.171.6 - - [16/Jan/2025:22:35:56 -0500] "GET /goods/4707950 HTTP/1.1" 200 0 "-" "Mozilla/5.0 (compatible; SemrushBot/7~bl; +http://www.semrush.com/bot.html)"
47.128.61.87 - - [16/Jan/2025:22:35:53 -0500] "GET / HTTP/1.1" 200 0 "-" "Mozilla/5.0 (Linux; Android 5.0) AppleWebKit/537.36 (KHTML, like Gecko) Mobile Safari/537.36 (compatible; Bytespider; spider-feedback@bytedance.com)"
185.191.171.5 - - [16/Jan/2025:22:37:47 -0500] "GET /goods/2051419 HTTP/1.1" 200 0 "-" "Mozilla/5.0 (compatible; SemrushBot/7~bl; +http://www.semrush.com/bot.html)"
136.243.228.179 - - [16/Jan/2025:22:37:50 -0500] "GET /goods/3990892 HTTP/1.1" 200 0 "-" "Mozilla/5.0 (compatible; DataForSeoBot/1.0; +https://dataforseo.com/dataforseo-bot)"
185.191.171.5 - - [16/Jan/2025:22:38:38 -0500] "GET /goods/2051419 HTTP/1.1" 200 0 "-" "Mozilla/5.0 (compatible; SemrushBot/7~bl; +http://www.semrush.com/bot.html)"
51.222.253.9 - - [16/Jan/2025:22:39:31 -0500] "GET /wp-content/plugins/elementor/packages/elementor-ui/styles/_data/?ND HTTP/1.1" 200 688 "-" "Mozilla/5.0 (compatible; AhrefsBot/7.0; +http://ahrefs.com/robot/)"
136.243.228.179 - - [16/Jan/2025:22:38:42 -0500] "GET /goods/1399714 HTTP/1.1" 200 0 "-" "Mozilla/5.0 (compatible; DataForSeoBot/1.0; +https://dataforseo.com/dataforseo-bot)"
47.128.48.72 - - [16/Jan/2025:22:39:53 -0500] "GET /wp-content/plugins/elementor/modules/system-info/helpers/model-helper.php HTTP/1.1" 403 1242 "-" "Mozilla/5.0 (Linux; Android 5.0) AppleWebKit/537.36 (KHTML, like Gecko) Mobile Safari/537.36 (compatible; Bytespider; spider-feedback@bytedance.com)"
136.243.228.179 - - [16/Jan/2025:22:39:33 -0500] "GET /goods/561690 HTTP/1.1" 200 0 "-" "Mozilla/5.0 (compatible; DataForSeoBot/1.0; +https://dataforseo.com/dataforseo-bot)"
136.243.228.179 - - [16/Jan/2025:22:40:24 -0500] "GET /goods/1765156 HTTP/1.1" 200 0 "-" "Mozilla/5.0 (compatible; DataForSeoBot/1.0; +https://dataforseo.com/dataforseo-bot)"
185.191.171.2 - - [16/Jan/2025:22:40:29 -0500] "GET /goods/1084358 HTTP/1.1" 200 0 "-" "Mozilla/5.0 (compatible; SemrushBot/7~bl; +http://www.semrush.com/bot.html)"
136.243.228.179 - - [16/Jan/2025:22:41:14 -0500] "GET /goods/541781 HTTP/1.1" 200 0 "-" "Mozilla/5.0 (compatible; DataForSeoBot/1.0; +https://dataforseo.com/dataforseo-bot)"
185.191.171.2 - - [16/Jan/2025:22:41:19 -0500] "GET /goods/1084358 HTTP/1.1" 200 0 "-" "Mozilla/5.0 (compatible; SemrushBot/7~bl; +http://www.semrush.com/bot.html)"
36.110.131.119 - - [16/Jan/2025:22:42:16 -0500] "GET /_autoindex/assets/icons/folder-fill.svg HTTP/1.1" 200 408 "-" "Mozilla/5.0 (Windows NT 10.0; WOW64; Trident/7.0; AS; rv:11.0) like Gecko"
103.136.221.238 - - [16/Jan/2025:22:42:18 -0500] "GET /_autoindex/assets/icons/folder-fill.svg HTTP/1.1" 200 408 "-" "Mozilla/5.0 (Windows NT 6.1; WOW64) AppleWebKit/537.36 (KHTML, like Gecko) Chrome/58.0.3029.110 Safari/537.36 OPR/45.0.2552.888"
136.243.228.179 - - [16/Jan/2025:22:42:05 -0500] "GET /goods/1636545 HTTP/1.1" 200 0 "-" "Mozilla/5.0 (compatible; DataForSeoBot/1.0; +https://dataforseo.com/dataforseo-bot)"
136.243.228.179 - - [16/Jan/2025:22:42:57 -0500] "GET /goods/4049160 HTTP/1.1" 200 0 "-" "Mozilla/5.0 (compatible; DataForSeoBot/1.0; +https://dataforseo.com/dataforseo-bot)"
47.128.58.181 - - [16/Jan/2025:22:43:53 -0500] "GET /ertwetx.php?act=delete&dir=%2Fhome%2Fwavevlvu%2Fwavestudioz.com&file=%2Fhome%2Fwavevlvu%2Fwavestudioz.com%2F.htaccess.bk HTTP/1.1" 403 1242 "-" "Mozilla/5.0 (Linux; Android 5.0) AppleWebKit/537.36 (KHTML, like Gecko) Mobile Safari/537.36 (compatible; Bytespider; spider-feedback@bytedance.com)"
85.208.96.210 - - [16/Jan/2025:22:43:10 -0500] "GET /equidurable/aeronautical1296166.html HTTP/1.1" 200 0 "-" "Mozilla/5.0 (compatible; SemrushBot/7~bl; +http://www.semrush.com/bot.html)"
