165.231.182.60 - - [17/Jan/2025:01:59:44 -0500] "GET /register/ HTTP/1.0" 200 75934 "https://misswavenigeria.com/register/" "Mozilla/5.0 (Windows NT 6.3; Win64; x64) AppleWebKit/537.36 (KHTML, like Gecko) Chrome/103.0.5060.53 Safari/537.36"
185.191.171.17 - - [17/Jan/2025:01:59:45 -0500] "GET /goods/4467536 HTTP/1.1" 404 18012 "-" "Mozilla/5.0 (compatible; SemrushBot/7~bl; +http://www.semrush.com/bot.html)"
185.191.171.19 - - [17/Jan/2025:01:59:53 -0500] "GET /goods/3164888 HTTP/1.1" 404 18013 "-" "Mozilla/5.0 (compatible; SemrushBot/7~bl; +http://www.semrush.com/bot.html)"
66.249.65.98 - - [17/Jan/2025:02:00:04 -0500] "GET /?product=conception14733557-943?keyword=%E3%83%95%E3%82%A1%E3%83%83%E3%82%B7%E3%83%A7%E3%83%B3 HTTP/1.1" 200 70875 "-" "Mozilla/5.0 (Linux; Android 6.0.1; Nexus 5X Build/MMB29P) AppleWebKit/537.36 (KHTML, like Gecko) Chrome/132.0.6834.83 Mobile Safari/537.36 (compatible; Googlebot/2.1; +http://www.google.com/bot.html)"
66.249.65.98 - - [17/Jan/2025:02:00:07 -0500] "GET /static/495728?keyword=%E3%80%90%E8%94%B5%E5%8F%8B%E9%A4%A8%E8%94%B5%E5%93%81%E3%83%BB%E9%8A%85%E8%A3%BD%E3%83%BB%E5%A1%97%E9%87%91%E3%83%BB%E9%B3%B3%E9%B3%A5%E7%9B%9E%E3%80%91%E3%83%BB%E5%B8%8C%E5%B0%91%E7%8F%8D%E5%93%81%E3%83%BB%E7%BD%AE%E7%89%A9%E3%83%BB%E8%B3%9E%E7%89%A9%E3%83%BB%E4%B8%AD%E5%9B%BD%E6%99%82%E4%BB%A3%E7%BE%8E%E8%A1%93 HTTP/1.1" 200 68395 "-" "Mozilla/5.0 (compatible; Googlebot/2.1; +http://www.google.com/bot.html)"
185.191.171.8 - - [17/Jan/2025:02:00:12 -0500] "GET /goods/1584112 HTTP/1.1" 404 18012 "-" "Mozilla/5.0 (compatible; SemrushBot/7~bl; +http://www.semrush.com/bot.html)"
66.29.132.124 - - [17/Jan/2025:02:00:25 -0500] "POST /wp-cron.php?doing_wp_cron=1737097225.0033969879150390625000 HTTP/1.1" 200 0 "-" "WordPress/6.7.1; https://misswavenigeria.com"
185.191.171.12 - - [17/Jan/2025:02:00:24 -0500] "GET /goods/1745167 HTTP/1.1" 404 18013 "-" "Mozilla/5.0 (compatible; SemrushBot/7~bl; +http://www.semrush.com/bot.html)"
66.29.132.124 - - [17/Jan/2025:02:00:25 -0500] "POST /wp-admin/admin-ajax.php?action=async_litespeed&nonce=K0YXhj0lAOjkJPy1KDHLfj7vdygjZvRM&litespeed_type=imgoptm HTTP/1.1" 200 21 "-" "WordPress/6.7.1; https://misswavenigeria.com"
185.191.171.11 - - [17/Jan/2025:02:00:27 -0500] "GET /goods/3123414 HTTP/1.1" 404 18013 "-" "Mozilla/5.0 (compatible; SemrushBot/7~bl; +http://www.semrush.com/bot.html)"
185.191.171.12 - - [17/Jan/2025:02:00:29 -0500] "GET /goods/509815 HTTP/1.1" 404 18012 "-" "Mozilla/5.0 (compatible; SemrushBot/7~bl; +http://www.semrush.com/bot.html)"
185.191.171.2 - - [17/Jan/2025:02:00:32 -0500] "GET /goods/3305480 HTTP/1.1" 404 18013 "-" "Mozilla/5.0 (compatible; SemrushBot/7~bl; +http://www.semrush.com/bot.html)"
185.191.171.6 - - [17/Jan/2025:02:00:35 -0500] "GET /goods/2821741 HTTP/1.1" 404 18013 "-" "Mozilla/5.0 (compatible; SemrushBot/7~bl; +http://www.semrush.com/bot.html)"
185.191.171.6 - - [17/Jan/2025:02:00:43 -0500] "GET /goods/1606041 HTTP/1.1" 404 18013 "-" "Mozilla/5.0 (compatible; SemrushBot/7~bl; +http://www.semrush.com/bot.html)"
85.208.96.206 - - [17/Jan/2025:02:00:45 -0500] "GET /goods/710399 HTTP/1.1" 404 18013 "-" "Mozilla/5.0 (compatible; SemrushBot/7~bl; +http://www.semrush.com/bot.html)"
185.191.171.17 - - [17/Jan/2025:02:00:48 -0500] "GET /goods/1064934 HTTP/1.1" 404 18012 "-" "Mozilla/5.0 (compatible; SemrushBot/7~bl; +http://www.semrush.com/bot.html)"
165.231.182.60 - - [17/Jan/2025:01:59:45 -0500] "POST /register/ HTTP/1.0" 200 76060 "https://misswavenigeria.com/register/" "Mozilla/5.0 (Windows NT 6.3; Win64; x64) AppleWebKit/537.36 (KHTML, like Gecko) Chrome/103.0.5060.53 Safari/537.36"
165.231.182.60 - - [17/Jan/2025:02:01:04 -0500] "GET /register/ HTTP/1.0" 200 75934 "https://misswavenigeria.com/" "Mozilla/5.0 (Windows NT 6.3; Win64; x64) AppleWebKit/537.36 (KHTML, like Gecko) Chrome/103.0.5060.53 Safari/537.36"
66.249.65.99 - - [17/Jan/2025:02:01:04 -0500] "GET /?product=encourage14733572-206?keyword=%E3%83%AC%E3%83%87%E3%82%A3%E3%83%BC%E3%82%B9 HTTP/1.1" 200 68466 "-" "Mozilla/5.0 (Linux; Android 6.0.1; Nexus 5X Build/MMB29P) AppleWebKit/537.36 (KHTML, like Gecko) Chrome/132.0.6834.83 Mobile Safari/537.36 (compatible; Googlebot/2.1; +http://www.google.com/bot.html)"
185.191.171.15 - - [17/Jan/2025:02:01:12 -0500] "GET /goods/2144605 HTTP/1.1" 404 18018 "-" "Mozilla/5.0 (compatible; SemrushBot/7~bl; +http://www.semrush.com/bot.html)"
66.29.132.124 - - [17/Jan/2025:02:01:19 -0500] "POST /wp-cron.php?doing_wp_cron=1737097279.6281321048736572265625 HTTP/1.1" 200 0 "-" "WordPress/6.7.1; https://misswavenigeria.com"
185.191.171.9 - - [17/Jan/2025:02:01:19 -0500] "GET /goods/3882383 HTTP/1.1" 404 18013 "-" "Mozilla/5.0 (compatible; SemrushBot/7~bl; +http://www.semrush.com/bot.html)"
66.29.132.124 - - [17/Jan/2025:02:01:19 -0500] "POST /wp-admin/admin-ajax.php?action=async_litespeed&nonce=37k1SKDMEmKcPAyJuVB3rzow8dCyf5gR&litespeed_type=imgoptm HTTP/1.1" 200 21 "-" "WordPress/6.7.1; https://misswavenigeria.com"
66.249.65.98 - - [17/Jan/2025:02:01:55 -0500] "GET /?product=moped14733568-986?keyword=Ray-Ban HTTP/1.1" 200 70642 "-" "Mozilla/5.0 (Linux; Android 6.0.1; Nexus 5X Build/MMB29P) AppleWebKit/537.36 (KHTML, like Gecko) Chrome/132.0.6834.83 Mobile Safari/537.36 (compatible; Googlebot/2.1; +http://www.google.com/bot.html)"
66.29.132.124 - - [17/Jan/2025:02:02:15 -0500] "POST /wp-cron.php?doing_wp_cron=1737097335.9242689609527587890625 HTTP/1.1" 200 0 "-" "WordPress/6.7.1; https://misswavenigeria.com"
185.191.171.19 - - [17/Jan/2025:02:02:15 -0500] "GET /goods/2871536 HTTP/1.1" 404 18013 "-" "Mozilla/5.0 (compatible; SemrushBot/7~bl; +http://www.semrush.com/bot.html)"
66.29.132.124 - - [17/Jan/2025:02:02:21 -0500] "POST /wp-cron.php?doing_wp_cron=1737097341.7260038852691650390625 HTTP/1.1" 200 0 "-" "WordPress/6.7.1; https://misswavenigeria.com"
85.208.96.200 - - [17/Jan/2025:02:02:21 -0500] "GET /goods/4547491 HTTP/1.1" 404 18013 "-" "Mozilla/5.0 (compatible; SemrushBot/7~bl; +http://www.semrush.com/bot.html)"
66.29.132.124 - - [17/Jan/2025:02:02:21 -0500] "POST /wp-admin/admin-ajax.php?action=async_litespeed&nonce=3SJCWm1fdWg5GyS0dEljntvbZkTN6Nbe&litespeed_type=imgoptm HTTP/1.1" 200 21 "-" "WordPress/6.7.1; https://misswavenigeria.com"
185.191.171.19 - - [17/Jan/2025:02:02:23 -0500] "GET /goods/4766929 HTTP/1.1" 404 18013 "-" "Mozilla/5.0 (compatible; SemrushBot/7~bl; +http://www.semrush.com/bot.html)"
66.29.132.124 - - [17/Jan/2025:02:02:25 -0500] "POST /wp-cron.php?doing_wp_cron=1737097345.7082440853118896484375 HTTP/1.1" 200 0 "-" "WordPress/6.7.1; https://misswavenigeria.com"
85.208.96.207 - - [17/Jan/2025:02:02:25 -0500] "GET /goods/4684916 HTTP/1.1" 404 18013 "-" "Mozilla/5.0 (compatible; SemrushBot/7~bl; +http://www.semrush.com/bot.html)"
66.249.65.99 - - [17/Jan/2025:02:02:38 -0500] "GET /?product=teaspoonful14733551-939?keyword=%E6%A5%BD%E5%99%A8%E3%83%BB%E6%A9%9F%E6%9D%90 HTTP/1.1" 200 69612 "-" "Mozilla/5.0 (Linux; Android 6.0.1; Nexus 5X Build/MMB29P) AppleWebKit/537.36 (KHTML, like Gecko) Chrome/132.0.6834.83 Mobile Safari/537.36 (compatible; Googlebot/2.1; +http://www.google.com/bot.html)"
165.231.182.60 - - [17/Jan/2025:02:02:43 -0500] "GET / HTTP/1.0" 200 109067 "https://misswavenigeria.com/" "Mozilla/5.0 (Windows NT 6.3) AppleWebKit/537.36 (KHTML, like Gecko) Chrome/103.0.0.0 Safari/537.36"
165.231.182.60 - - [17/Jan/2025:02:02:47 -0500] "GET /register/ HTTP/1.0" 200 75934 "https://misswavenigeria.com/register/" "Mozilla/5.0 (Windows NT 6.3) AppleWebKit/537.36 (KHTML, like Gecko) Chrome/103.0.0.0 Safari/537.36"
185.191.171.14 - - [17/Jan/2025:02:02:48 -0500] "GET /goods/1662430 HTTP/1.1" 404 18012 "-" "Mozilla/5.0 (compatible; SemrushBot/7~bl; +http://www.semrush.com/bot.html)"
185.191.171.19 - - [17/Jan/2025:02:03:08 -0500] "GET /goods/153421 HTTP/1.1" 404 18013 "-" "Mozilla/5.0 (compatible; SemrushBot/7~bl; +http://www.semrush.com/bot.html)"
66.29.132.124 - - [17/Jan/2025:02:03:21 -0500] "POST /wp-cron.php?doing_wp_cron=1737097401.8228259086608886718750 HTTP/1.1" 200 0 "-" "WordPress/6.7.1; https://misswavenigeria.com"
185.191.171.13 - - [17/Jan/2025:02:03:21 -0500] "GET /goods/2443274 HTTP/1.1" 404 18013 "-" "Mozilla/5.0 (compatible; SemrushBot/7~bl; +http://www.semrush.com/bot.html)"
66.29.132.124 - - [17/Jan/2025:02:03:21 -0500] "POST /wp-admin/admin-ajax.php?action=async_litespeed&nonce=0lEitrJToyFAyWZsBbEASKzGQ89DwT1x&litespeed_type=imgoptm HTTP/1.1" 200 21 "-" "WordPress/6.7.1; https://misswavenigeria.com"
66.249.65.98 - - [17/Jan/2025:02:03:30 -0500] "GET /?product=injure14733567-716?keyword=%E3%83%95%E3%83%AD%E3%83%83%E3%82%B0%E3%83%9E%E3%83%B3(%E3%82%A4%E3%82%A8%E3%83%AD%E3%83%BC%E3%83%BB%E8%B5%A4%E7%9B%AE)DW-9900GF-9JF HTTP/1.1" 200 69814 "-" "Mozilla/5.0 (Linux; Android 6.0.1; Nexus 5X Build/MMB29P) AppleWebKit/537.36 (KHTML, like Gecko) Chrome/132.0.6834.83 Mobile Safari/537.36 (compatible; Googlebot/2.1; +http://www.google.com/bot.html)"
66.29.132.124 - - [17/Jan/2025:02:03:46 -0500] "POST /wp-cron.php?doing_wp_cron=1737097426.1569550037384033203125 HTTP/1.1" 200 0 "-" "WordPress/6.7.1; https://misswavenigeria.com"
85.208.96.198 - - [17/Jan/2025:02:03:45 -0500] "GET /goods/463145 HTTP/1.1" 404 18012 "-" "Mozilla/5.0 (compatible; SemrushBot/7~bl; +http://www.semrush.com/bot.html)"
165.231.182.60 - - [17/Jan/2025:02:02:48 -0500] "POST /register/ HTTP/1.0" 200 76060 "https://misswavenigeria.com/register/" "Mozilla/5.0 (Windows NT 6.3) AppleWebKit/537.36 (KHTML, like Gecko) Chrome/103.0.0.0 Safari/537.36"
165.231.182.60 - - [17/Jan/2025:02:03:52 -0500] "GET /register/ HTTP/1.0" 200 75934 "https://misswavenigeria.com/" "Mozilla/5.0 (Windows NT 6.3) AppleWebKit/537.36 (KHTML, like Gecko) Chrome/103.0.0.0 Safari/537.36"
85.208.96.200 - - [17/Jan/2025:02:03:53 -0500] "GET /goods/314137 HTTP/1.1" 404 18012 "-" "Mozilla/5.0 (compatible; SemrushBot/7~bl; +http://www.semrush.com/bot.html)"
66.249.65.98 - - [17/Jan/2025:02:04:15 -0500] "GET /?product=injure14733567-716?keyword=G-SHOCK HTTP/1.1" 200 68032 "-" "Mozilla/5.0 (Linux; Android 6.0.1; Nexus 5X Build/MMB29P) AppleWebKit/537.36 (KHTML, like Gecko) Chrome/132.0.6834.83 Mobile Safari/537.36 (compatible; Googlebot/2.1; +http://www.google.com/bot.html)"
66.29.132.124 - - [17/Jan/2025:02:04:22 -0500] "POST /wp-cron.php?doing_wp_cron=1737097462.2273418903350830078125 HTTP/1.1" 200 0 "-" "WordPress/6.7.1; https://misswavenigeria.com"
85.208.96.201 - - [17/Jan/2025:02:04:22 -0500] "GET /goods/302715 HTTP/1.1" 404 18013 "-" "Mozilla/5.0 (compatible; SemrushBot/7~bl; +http://www.semrush.com/bot.html)"
66.29.132.124 - - [17/Jan/2025:02:04:22 -0500] "POST /wp-admin/admin-ajax.php?action=async_litespeed&nonce=TPoGucTpljSolb3CcodS4njJGSQAWegr&litespeed_type=imgoptm HTTP/1.1" 200 21 "-" "WordPress/6.7.1; https://misswavenigeria.com"
66.29.132.124 - - [17/Jan/2025:02:04:28 -0500] "POST /wp-cron.php?doing_wp_cron=1737097468.9183619022369384765625 HTTP/1.1" 200 0 "-" "WordPress/6.7.1; https://misswavenigeria.com"
85.208.96.204 - - [17/Jan/2025:02:04:28 -0500] "GET /goods/3361729 HTTP/1.1" 404 18013 "-" "Mozilla/5.0 (compatible; SemrushBot/7~bl; +http://www.semrush.com/bot.html)"
85.208.96.206 - - [17/Jan/2025:02:04:32 -0500] "GET /goods/1983813 HTTP/1.1" 404 18013 "-" "Mozilla/5.0 (compatible; SemrushBot/7~bl; +http://www.semrush.com/bot.html)"
85.208.96.211 - - [17/Jan/2025:02:04:34 -0500] "GET /goods/3838023 HTTP/1.1" 404 18013 "-" "Mozilla/5.0 (compatible; SemrushBot/7~bl; +http://www.semrush.com/bot.html)"
85.208.96.203 - - [17/Jan/2025:02:04:36 -0500] "GET /goods/577299 HTTP/1.1" 404 18012 "-" "Mozilla/5.0 (compatible; SemrushBot/7~bl; +http://www.semrush.com/bot.html)"
66.249.65.98 - - [17/Jan/2025:02:04:36 -0500] "GET /static/2097384?keyword=%E3%83%95%E3%82%A1%E3%83%83%E3%82%B7%E3%83%A7%E3%83%B3 HTTP/1.1" 200 67819 "-" "Mozilla/5.0 (Linux; Android 6.0.1; Nexus 5X Build/MMB29P) AppleWebKit/537.36 (KHTML, like Gecko) Chrome/132.0.6834.83 Mobile Safari/537.36 (compatible; Googlebot/2.1; +http://www.google.com/bot.html)"
185.191.171.18 - - [17/Jan/2025:02:04:42 -0500] "GET /goods/3769880 HTTP/1.1" 404 18012 "-" "Mozilla/5.0 (compatible; SemrushBot/7~bl; +http://www.semrush.com/bot.html)"
185.191.171.13 - - [17/Jan/2025:02:04:50 -0500] "GET /goods/2251563 HTTP/1.1" 404 18012 "-" "Mozilla/5.0 (compatible; SemrushBot/7~bl; +http://www.semrush.com/bot.html)"
66.249.65.98 - - [17/Jan/2025:02:04:50 -0500] "GET /?product=diamond14733558-874?keyword=Men HTTP/1.1" 200 68385 "-" "Mozilla/5.0 (Linux; Android 6.0.1; Nexus 5X Build/MMB29P) AppleWebKit/537.36 (KHTML, like Gecko) Chrome/132.0.6834.83 Mobile Safari/537.36 (compatible; Googlebot/2.1; +http://www.google.com/bot.html)"
85.208.96.201 - - [17/Jan/2025:02:04:55 -0500] "GET /goods/4264717 HTTP/1.1" 404 18013 "-" "Mozilla/5.0 (compatible; SemrushBot/7~bl; +http://www.semrush.com/bot.html)"
66.249.65.99 - - [17/Jan/2025:02:05:02 -0500] "GET /index.php?static/892758 HTTP/1.1" 200 68946 "-" "Mozilla/5.0 (Linux; Android 6.0.1; Nexus 5X Build/MMB29P) AppleWebKit/537.36 (KHTML, like Gecko) Chrome/132.0.6834.83 Mobile Safari/537.36 (compatible; Googlebot/2.1; +http://www.google.com/bot.html)"
66.29.132.124 - - [17/Jan/2025:02:05:12 -0500] "POST /wp-cron.php?doing_wp_cron=1737097512.5975999832153320312500 HTTP/1.1" 200 0 "-" "WordPress/6.7.1; https://misswavenigeria.com"
85.208.96.199 - - [17/Jan/2025:02:05:12 -0500] "GET /goods/2933927 HTTP/1.1" 404 18012 "-" "Mozilla/5.0 (compatible; SemrushBot/7~bl; +http://www.semrush.com/bot.html)"
85.208.96.204 - - [17/Jan/2025:02:05:14 -0500] "GET /goods/1197083 HTTP/1.1" 404 18013 "-" "Mozilla/5.0 (compatible; SemrushBot/7~bl; +http://www.semrush.com/bot.html)"
66.249.65.98 - - [17/Jan/2025:02:05:30 -0500] "GET /?product=diamond14733558-874?keyword=(10), HTTP/1.1" 200 70016 "-" "Mozilla/5.0 (Linux; Android 6.0.1; Nexus 5X Build/MMB29P) AppleWebKit/537.36 (KHTML, like Gecko) Chrome/132.0.6834.83 Mobile Safari/537.36 (compatible; Googlebot/2.1; +http://www.google.com/bot.html)"
66.29.132.124 - - [17/Jan/2025:02:05:39 -0500] "POST /wp-cron.php?doing_wp_cron=1737097539.3774590492248535156250 HTTP/1.1" 200 0 "-" "WordPress/6.7.1; https://misswavenigeria.com"
165.231.182.60 - - [17/Jan/2025:02:05:39 -0500] "GET / HTTP/1.0" 200 109067 "https://misswavenigeria.com/" "Mozilla/5.0 (Windows NT 10.0; Win64; x64) AppleWebKit/537.36 (KHTML, like Gecko) Chrome/103.0.5042.0 Safari/537.36"
66.29.132.124 - - [17/Jan/2025:02:05:39 -0500] "POST /wp-admin/admin-ajax.php?action=async_litespeed&nonce=crlN6AfcNYorJxXlz22O2JRMLodnLybA&litespeed_type=imgoptm HTTP/1.1" 200 21 "-" "WordPress/6.7.1; https://misswavenigeria.com"
165.231.182.60 - - [17/Jan/2025:02:05:41 -0500] "GET /register/ HTTP/1.0" 200 75934 "https://misswavenigeria.com/register/" "Mozilla/5.0 (Windows NT 10.0; Win64; x64) AppleWebKit/537.36 (KHTML, like Gecko) Chrome/103.0.5042.0 Safari/537.36"
85.208.96.194 - - [17/Jan/2025:02:05:47 -0500] "GET /goods/3758707 HTTP/1.1" 404 18019 "-" "Mozilla/5.0 (compatible; SemrushBot/7~bl; +http://www.semrush.com/bot.html)"
66.249.65.98 - - [17/Jan/2025:02:05:46 -0500] "GET /index.php?static/130220 HTTP/1.1" 200 70098 "-" "Mozilla/5.0 (compatible; Googlebot/2.1; +http://www.google.com/bot.html)"
85.208.96.200 - - [17/Jan/2025:02:06:13 -0500] "GET /goods/1136450 HTTP/1.1" 404 18013 "-" "Mozilla/5.0 (compatible; SemrushBot/7~bl; +http://www.semrush.com/bot.html)"
66.249.65.100 - - [17/Jan/2025:02:06:17 -0500] "GET /?product=moped14733568-986?keyword=%E3%83%95%E3%82%A1%E3%83%83%E3%82%B7%E3%83%A7%E3%83%B3 HTTP/1.1" 200 67233 "-" "Mozilla/5.0 (Linux; Android 6.0.1; Nexus 5X Build/MMB29P) AppleWebKit/537.36 (KHTML, like Gecko) Chrome/132.0.6834.83 Mobile Safari/537.36 (compatible; Googlebot/2.1; +http://www.google.com/bot.html)"
66.249.65.98 - - [17/Jan/2025:02:06:22 -0500] "GET /?product=diamond14733558-874?keyword=Insulated HTTP/1.1" 200 68644 "-" "Mozilla/5.0 (Linux; Android 6.0.1; Nexus 5X Build/MMB29P) AppleWebKit/537.36 (KHTML, like Gecko) Chrome/132.0.6834.83 Mobile Safari/537.36 (compatible; Googlebot/2.1; +http://www.google.com/bot.html)"
66.249.65.99 - - [17/Jan/2025:02:06:22 -0500] "GET /?product=injure14733567-716?keyword=%E7%BE%8E%E5%93%81 HTTP/1.1" 200 69358 "-" "Mozilla/5.0 (Linux; Android 6.0.1; Nexus 5X Build/MMB29P) AppleWebKit/537.36 (KHTML, like Gecko) Chrome/132.0.6834.83 Mobile Safari/537.36 (compatible; Googlebot/2.1; +http://www.google.com/bot.html)"
66.29.132.124 - - [17/Jan/2025:02:06:24 -0500] "POST /wp-cron.php?doing_wp_cron=1737097584.7855401039123535156250 HTTP/1.1" 200 0 "-" "WordPress/6.7.1; https://misswavenigeria.com"
85.208.96.212 - - [17/Jan/2025:02:06:24 -0500] "GET /goods/1332844 HTTP/1.1" 404 18013 "-" "Mozilla/5.0 (compatible; SemrushBot/7~bl; +http://www.semrush.com/bot.html)"
66.29.132.124 - - [17/Jan/2025:02:06:24 -0500] "POST /wp-admin/admin-ajax.php?action=async_litespeed&nonce=XP0DlmBp1zG12V2aUxePlmivI6O32GxF&litespeed_type=imgoptm HTTP/1.1" 200 21 "-" "WordPress/6.7.1; https://misswavenigeria.com"
66.29.132.124 - - [17/Jan/2025:02:06:31 -0500] "POST /wp-cron.php?doing_wp_cron=1737097591.1027090549468994140625 HTTP/1.1" 200 0 "-" "WordPress/6.7.1; https://misswavenigeria.com"
85.208.96.210 - - [17/Jan/2025:02:06:30 -0500] "GET /goods/3319456 HTTP/1.1" 404 18013 "-" "Mozilla/5.0 (compatible; SemrushBot/7~bl; +http://www.semrush.com/bot.html)"
85.208.96.202 - - [17/Jan/2025:02:06:40 -0500] "GET /goods/3115081 HTTP/1.1" 404 18012 "-" "Mozilla/5.0 (compatible; SemrushBot/7~bl; +http://www.semrush.com/bot.html)"
165.231.182.60 - - [17/Jan/2025:02:05:43 -0500] "POST /register/ HTTP/1.0" 200 76060 "https://misswavenigeria.com/register/" "Mozilla/5.0 (Windows NT 10.0; Win64; x64) AppleWebKit/537.36 (KHTML, like Gecko) Chrome/103.0.5042.0 Safari/537.36"
165.231.182.60 - - [17/Jan/2025:02:06:48 -0500] "GET /register/ HTTP/1.0" 200 75934 "https://misswavenigeria.com/" "Mozilla/5.0 (Windows NT 10.0; Win64; x64) AppleWebKit/537.36 (KHTML, like Gecko) Chrome/103.0.5042.0 Safari/537.36"
85.208.96.203 - - [17/Jan/2025:02:07:05 -0500] "GET /goods/547611 HTTP/1.1" 404 18011 "-" "Mozilla/5.0 (compatible; SemrushBot/7~bl; +http://www.semrush.com/bot.html)"
66.249.65.98 - - [17/Jan/2025:02:07:07 -0500] "GET /?product=diamond14733558-874?keyword=%E6%B5%B7%E5%A4%96 HTTP/1.1" 200 68140 "-" "Mozilla/5.0 (Linux; Android 6.0.1; Nexus 5X Build/MMB29P) AppleWebKit/537.36 (KHTML, like Gecko) Chrome/132.0.6834.83 Mobile Safari/537.36 (compatible; Googlebot/2.1; +http://www.google.com/bot.html)"
185.191.171.13 - - [17/Jan/2025:02:07:08 -0500] "GET /goods/3498090 HTTP/1.1" 404 18011 "-" "Mozilla/5.0 (compatible; SemrushBot/7~bl; +http://www.semrush.com/bot.html)"
66.29.132.124 - - [17/Jan/2025:02:07:19 -0500] "POST /wp-cron.php?doing_wp_cron=1737097639.8738250732421875000000 HTTP/1.1" 200 0 "-" "WordPress/6.7.1; https://misswavenigeria.com"
85.208.96.207 - - [17/Jan/2025:02:07:19 -0500] "GET /goods/4216459 HTTP/1.1" 404 18012 "-" "Mozilla/5.0 (compatible; SemrushBot/7~bl; +http://www.semrush.com/bot.html)"
66.29.132.124 - - [17/Jan/2025:02:07:20 -0500] "POST /wp-admin/admin-ajax.php?action=async_litespeed&nonce=D0XqbpjUG1upwUgTr32UyvP9gNmbKbX3&litespeed_type=imgoptm HTTP/1.1" 200 21 "-" "WordPress/6.7.1; https://misswavenigeria.com"
66.29.132.124 - - [17/Jan/2025:02:07:48 -0500] "POST /wp-cron.php?doing_wp_cron=1737097668.8899979591369628906250 HTTP/1.1" 200 0 "-" "WordPress/6.7.1; https://misswavenigeria.com"
66.29.132.124 - - [17/Jan/2025:02:09:25 -0500] "POST /wp-cron.php?doing_wp_cron=1737097765.9410989284515380859375 HTTP/1.1" 200 0 "-" "WordPress/6.7.1; https://misswavenigeria.com"
85.208.96.205 - - [17/Jan/2025:02:09:25 -0500] "GET /goods/905946 HTTP/1.1" 404 18012 "-" "Mozilla/5.0 (compatible; SemrushBot/7~bl; +http://www.semrush.com/bot.html)"
66.29.132.124 - - [17/Jan/2025:02:09:26 -0500] "POST /wp-admin/admin-ajax.php?action=async_litespeed&nonce=Ntmncxxd5OYgXs9fewF6I2R2r5uWjj0Y&litespeed_type=imgoptm HTTP/1.1" 200 21 "-" "WordPress/6.7.1; https://misswavenigeria.com"
185.191.171.6 - - [17/Jan/2025:02:09:30 -0500] "GET /goods/4717553 HTTP/1.1" 404 18012 "-" "Mozilla/5.0 (compatible; SemrushBot/7~bl; +http://www.semrush.com/bot.html)"
66.249.65.98 - - [17/Jan/2025:02:09:31 -0500] "GET /?product=diamond14733558-874?keyword=%E3%82%B9%E3%82%AD%E3%83%AB%E3%80%81%E7%9F%A5%E8%AD%98 HTTP/1.1" 200 67905 "-" "Mozilla/5.0 (Linux; Android 6.0.1; Nexus 5X Build/MMB29P) AppleWebKit/537.36 (KHTML, like Gecko) Chrome/132.0.6834.83 Mobile Safari/537.36 (compatible; Googlebot/2.1; +http://www.google.com/bot.html)"
185.191.171.4 - - [17/Jan/2025:02:07:48 -0500] "GET /goods/491761 HTTP/1.1" 404 18011 "-" "Mozilla/5.0 (compatible; SemrushBot/7~bl; +http://www.semrush.com/bot.html)"
85.208.96.193 - - [17/Jan/2025:02:07:55 -0500] "GET /goods/12036 HTTP/1.1" 404 18011 "-" "Mozilla/5.0 (compatible; SemrushBot/7~bl; +http://www.semrush.com/bot.html)"
66.249.65.98 - - [17/Jan/2025:02:07:59 -0500] "GET /?product=diamond14733558-874?keyword=Chest HTTP/1.1" 200 77043 "-" "Mozilla/5.0 (Linux; Android 6.0.1; Nexus 5X Build/MMB29P) AppleWebKit/537.36 (KHTML, like Gecko) Chrome/132.0.6834.83 Mobile Safari/537.36 (compatible; Googlebot/2.1; +http://www.google.com/bot.html)"
66.29.132.124 - - [17/Jan/2025:02:08:25 -0500] "POST /wp-cron.php?doing_wp_cron=1737097705.5844430923461914062500 HTTP/1.1" 200 0 "-" "WordPress/6.7.1; https://misswavenigeria.com"
85.208.96.193 - - [17/Jan/2025:02:08:25 -0500] "GET /goods/4069838 HTTP/1.1" 404 18013 "-" "Mozilla/5.0 (compatible; SemrushBot/7~bl; +http://www.semrush.com/bot.html)"
66.29.132.124 - - [17/Jan/2025:02:08:25 -0500] "POST /wp-admin/admin-ajax.php?action=async_litespeed&nonce=F8NKXEgSpo4NsxFDhGjez7rlJrYsWa9c&litespeed_type=imgoptm HTTP/1.1" 200 21 "-" "WordPress/6.7.1; https://misswavenigeria.com"
85.208.96.204 - - [17/Jan/2025:02:08:28 -0500] "GET /goods/1491973 HTTP/1.1" 404 18013 "-" "Mozilla/5.0 (compatible; SemrushBot/7~bl; +http://www.semrush.com/bot.html)"
165.231.182.60 - - [17/Jan/2025:02:08:31 -0500] "GET / HTTP/1.0" 200 109067 "https://misswavenigeria.com/" "Mozilla/5.0 (Windows NT 10.0; Win64; x64) AppleWebKit/537.36 (KHTML, like Gecko) Chrome/103.0.5060.66 Safari/537.36"
165.231.182.60 - - [17/Jan/2025:02:08:33 -0500] "GET /register/ HTTP/1.0" 200 75934 "https://misswavenigeria.com/register/" "Mozilla/5.0 (Windows NT 10.0; Win64; x64) AppleWebKit/537.36 (KHTML, like Gecko) Chrome/103.0.5060.66 Safari/537.36"
185.191.171.5 - - [17/Jan/2025:02:08:44 -0500] "GET /goods/2627800 HTTP/1.1" 404 18013 "-" "Mozilla/5.0 (compatible; SemrushBot/7~bl; +http://www.semrush.com/bot.html)"
185.191.171.1 - - [17/Jan/2025:02:08:45 -0500] "GET /robots.txt HTTP/1.1" 200 142 "-" "Mozilla/5.0 (compatible; SemrushBot/7~bl; +http://www.semrush.com/bot.html)"
66.249.65.98 - - [17/Jan/2025:02:08:44 -0500] "GET /?product=diamond14733558-874?keyword=Waders HTTP/1.1" 200 68469 "-" "Mozilla/5.0 (Linux; Android 6.0.1; Nexus 5X Build/MMB29P) AppleWebKit/537.36 (KHTML, like Gecko) Chrome/132.0.6834.83 Mobile Safari/537.36 (compatible; Googlebot/2.1; +http://www.google.com/bot.html)"
185.191.171.12 - - [17/Jan/2025:02:08:47 -0500] "GET /goods/1589023 HTTP/1.1" 404 18013 "-" "Mozilla/5.0 (compatible; SemrushBot/7~bl; +http://www.semrush.com/bot.html)"
185.191.171.10 - - [17/Jan/2025:02:08:49 -0500] "GET /goods/4574617 HTTP/1.1" 404 18012 "-" "Mozilla/5.0 (compatible; SemrushBot/7~bl; +http://www.semrush.com/bot.html)"
185.191.171.15 - - [17/Jan/2025:02:08:52 -0500] "GET /goods/2232694 HTTP/1.1" 404 18013 "-" "Mozilla/5.0 (compatible; SemrushBot/7~bl; +http://www.semrush.com/bot.html)"
85.208.96.212 - - [17/Jan/2025:02:08:54 -0500] "GET /goods/3236458 HTTP/1.1" 404 18013 "-" "Mozilla/5.0 (compatible; SemrushBot/7~bl; +http://www.semrush.com/bot.html)"
85.208.96.201 - - [17/Jan/2025:02:08:58 -0500] "GET /goods/1681715 HTTP/1.1" 404 18012 "-" "Mozilla/5.0 (compatible; SemrushBot/7~bl; +http://www.semrush.com/bot.html)"
66.249.65.98 - - [17/Jan/2025:02:09:21 -0500] "GET /goods/2046326?keyword=adidas?keyword=%E3%83%95%E3%82%A1%E3%83%83%E3%82%B7%E3%83%A7%E3%83%B3 HTTP/1.1" 200 69014 "-" "Mozilla/5.0 (Linux; Android 6.0.1; Nexus 5X Build/MMB29P) AppleWebKit/537.36 (KHTML, like Gecko) Chrome/132.0.6834.83 Mobile Safari/537.36 (compatible; Googlebot/2.1; +http://www.google.com/bot.html)"
165.231.182.60 - - [17/Jan/2025:02:08:35 -0500] "POST /register/ HTTP/1.0" 200 76060 "https://misswavenigeria.com/register/" "Mozilla/5.0 (Windows NT 10.0; Win64; x64) AppleWebKit/537.36 (KHTML, like Gecko) Chrome/103.0.5060.66 Safari/537.36"
66.249.65.98 - - [17/Jan/2025:02:09:39 -0500] "GET /static/2127688 HTTP/1.1" 200 68328 "-" "Mozilla/5.0 (Linux; Android 6.0.1; Nexus 5X Build/MMB29P) AppleWebKit/537.36 (KHTML, like Gecko) Chrome/132.0.6834.83 Mobile Safari/537.36 (compatible; Googlebot/2.1; +http://www.google.com/bot.html)"
185.191.171.12 - - [17/Jan/2025:02:09:41 -0500] "GET /goods/1675535 HTTP/1.1" 404 18013 "-" "Mozilla/5.0 (compatible; SemrushBot/7~bl; +http://www.semrush.com/bot.html)"
165.231.182.60 - - [17/Jan/2025:02:09:46 -0500] "GET /register/ HTTP/1.0" 200 75934 "https://misswavenigeria.com/" "Mozilla/5.0 (Windows NT 10.0; Win64; x64) AppleWebKit/537.36 (KHTML, like Gecko) Chrome/103.0.5060.66 Safari/537.36"
66.249.65.100 - - [17/Jan/2025:02:10:10 -0500] "GET /index.php?static/4094626?keyword=%E3%83%95%E3%82%A3%E3%83%83%E3%82%B7%E3%83%B3%E3%82%B0 HTTP/1.1" 200 67357 "-" "Mozilla/5.0 (compatible; Googlebot/2.1; +http://www.google.com/bot.html)"
66.249.65.99 - - [17/Jan/2025:02:10:12 -0500] "GET /?product=diamond14733558-874?keyword=DRYCODE HTTP/1.1" 200 69200 "-" "Mozilla/5.0 (Linux; Android 6.0.1; Nexus 5X Build/MMB29P) AppleWebKit/537.36 (KHTML, like Gecko) Chrome/132.0.6834.83 Mobile Safari/537.36 (compatible; Googlebot/2.1; +http://www.google.com/bot.html)"
85.208.96.200 - - [17/Jan/2025:02:10:14 -0500] "GET /goods/3754664 HTTP/1.1" 404 18019 "-" "Mozilla/5.0 (compatible; SemrushBot/7~bl; +http://www.semrush.com/bot.html)"
66.29.132.124 - - [17/Jan/2025:02:10:23 -0500] "POST /wp-cron.php?doing_wp_cron=1737097823.7047019004821777343750 HTTP/1.1" 200 0 "-" "WordPress/6.7.1; https://misswavenigeria.com"
85.208.96.193 - - [17/Jan/2025:02:10:23 -0500] "GET /goods/3408830 HTTP/1.1" 404 18012 "-" "Mozilla/5.0 (compatible; SemrushBot/7~bl; +http://www.semrush.com/bot.html)"
66.29.132.124 - - [17/Jan/2025:02:10:23 -0500] "POST /wp-admin/admin-ajax.php?action=async_litespeed&nonce=EMhU7aqJNxMW1ZJpScLQGBWlcqfPlPTk&litespeed_type=imgoptm HTTP/1.1" 200 21 "-" "WordPress/6.7.1; https://misswavenigeria.com"
66.29.132.124 - - [17/Jan/2025:02:10:28 -0500] "POST /wp-cron.php?doing_wp_cron=1737097828.4058930873870849609375 HTTP/1.1" 200 0 "-" "WordPress/6.7.1; https://misswavenigeria.com"
185.191.171.1 - - [17/Jan/2025:02:10:28 -0500] "GET /goods/3410345 HTTP/1.1" 404 18013 "-" "Mozilla/5.0 (compatible; SemrushBot/7~bl; +http://www.semrush.com/bot.html)"
85.208.96.196 - - [17/Jan/2025:02:10:44 -0500] "GET /goods/544672 HTTP/1.1" 404 18012 "-" "Mozilla/5.0 (compatible; SemrushBot/7~bl; +http://www.semrush.com/bot.html)"
66.249.65.98 - - [17/Jan/2025:02:10:56 -0500] "GET /?product=diamond14733558-874?keyword=for HTTP/1.1" 200 70717 "-" "Mozilla/5.0 (Linux; Android 6.0.1; Nexus 5X Build/MMB29P) AppleWebKit/537.36 (KHTML, like Gecko) Chrome/132.0.6834.83 Mobile Safari/537.36 (compatible; Googlebot/2.1; +http://www.google.com/bot.html)"
185.191.171.17 - - [17/Jan/2025:02:11:03 -0500] "GET /goods/3247200 HTTP/1.1" 404 18012 "-" "Mozilla/5.0 (compatible; SemrushBot/7~bl; +http://www.semrush.com/bot.html)"
85.208.96.203 - - [17/Jan/2025:02:11:08 -0500] "GET /goods/351191 HTTP/1.1" 404 18013 "-" "Mozilla/5.0 (compatible; SemrushBot/7~bl; +http://www.semrush.com/bot.html)"
66.29.132.124 - - [17/Jan/2025:02:11:20 -0500] "POST /wp-cron.php?doing_wp_cron=1737097880.4682788848876953125000 HTTP/1.1" 200 0 "-" "WordPress/6.7.1; https://misswavenigeria.com"
85.208.96.204 - - [17/Jan/2025:02:11:20 -0500] "GET /goods/1767212 HTTP/1.1" 404 18012 "-" "Mozilla/5.0 (compatible; SemrushBot/7~bl; +http://www.semrush.com/bot.html)"
66.29.132.124 - - [17/Jan/2025:02:11:20 -0500] "POST /wp-admin/admin-ajax.php?action=async_litespeed&nonce=pfVFSTASxGtG5DXQRdcbf8qg49fOf3QP&litespeed_type=imgoptm HTTP/1.1" 200 21 "-" "WordPress/6.7.1; https://misswavenigeria.com"
47.128.60.91 - - [17/Jan/2025:02:11:24 -0500] "GET /wp-includes/class-wp-text-diff-renderer-table.php HTTP/1.1" 500 0 "-" "Mozilla/5.0 (Linux; Android 5.0) AppleWebKit/537.36 (KHTML, like Gecko) Mobile Safari/537.36 (compatible; Bytespider; spider-feedback@bytedance.com)"
66.29.132.124 - - [17/Jan/2025:02:11:25 -0500] "POST /wp-cron.php?doing_wp_cron=1737097885.3093719482421875000000 HTTP/1.1" 200 0 "-" "WordPress/6.7.1; https://misswavenigeria.com"
165.231.182.60 - - [17/Jan/2025:02:11:25 -0500] "GET / HTTP/1.0" 200 109067 "https://misswavenigeria.com/" "Mozilla/5.0 (Windows NT 6.1; Win64; x64) AppleWebKit/537.36 (KHTML, like Gecko) Chrome/103.0.5060.66 Safari/537.36"
165.231.182.60 - - [17/Jan/2025:02:11:27 -0500] "GET /register/ HTTP/1.0" 200 75934 "https://misswavenigeria.com/register/" "Mozilla/5.0 (Windows NT 6.1; Win64; x64) AppleWebKit/537.36 (KHTML, like Gecko) Chrome/103.0.5060.66 Safari/537.36"
66.249.65.100 - - [17/Jan/2025:02:11:29 -0500] "GET /?product=diamond14733558-874?keyword=%E5%8D%B3%E6%B1%BA HTTP/1.1" 200 69152 "-" "Mozilla/5.0 (Linux; Android 6.0.1; Nexus 5X Build/MMB29P) AppleWebKit/537.36 (KHTML, like Gecko) Chrome/132.0.6834.83 Mobile Safari/537.36 (compatible; Googlebot/2.1; +http://www.google.com/bot.html)"
66.249.65.98 - - [17/Jan/2025:02:11:55 -0500] "GET /index.php?static/2520767 HTTP/1.1" 200 75090 "-" "Mozilla/5.0 (Linux; Android 6.0.1; Nexus 5X Build/MMB29P) AppleWebKit/537.36 (KHTML, like Gecko) Chrome/132.0.6834.83 Mobile Safari/537.36 (compatible; Googlebot/2.1; +http://www.google.com/bot.html)"
85.208.96.193 - - [17/Jan/2025:02:11:56 -0500] "GET /goods/1211034 HTTP/1.1" 404 18013 "-" "Mozilla/5.0 (compatible; SemrushBot/7~bl; +http://www.semrush.com/bot.html)"
185.191.171.9 - - [17/Jan/2025:02:12:04 -0500] "GET /goods/21172 HTTP/1.1" 404 18012 "-" "Mozilla/5.0 (compatible; SemrushBot/7~bl; +http://www.semrush.com/bot.html)"
66.249.65.99 - - [17/Jan/2025:02:12:31 -0500] "GET /?product=contemplate14733577-126?keyword=%E3%83%AC%E3%83%87%E3%82%A3%E3%83%BC%E3%82%B9%E3%82%A2%E3%82%AF%E3%82%BB%E3%82%B5%E3%83%AA%E3%83%BC HTTP/1.1" 200 68281 "-" "Mozilla/5.0 (Linux; Android 6.0.1; Nexus 5X Build/MMB29P) AppleWebKit/537.36 (KHTML, like Gecko) Chrome/132.0.6834.83 Mobile Safari/537.36 (compatible; Googlebot/2.1; +http://www.google.com/bot.html)"
66.29.132.124 - - [17/Jan/2025:02:12:37 -0500] "POST /wp-cron.php?doing_wp_cron=1737097957.0474119186401367187500 HTTP/1.1" 200 0 "-" "WordPress/6.7.1; https://misswavenigeria.com"
85.208.96.211 - - [17/Jan/2025:02:12:36 -0500] "GET /goods/3143879 HTTP/1.1" 404 18012 "-" "Mozilla/5.0 (compatible; SemrushBot/7~bl; +http://www.semrush.com/bot.html)"
66.29.132.124 - - [17/Jan/2025:02:12:37 -0500] "POST /wp-admin/admin-ajax.php?action=async_litespeed&nonce=d0H5dvuwPqfwZHnpzu40GXMBdEyEEmFv&litespeed_type=imgoptm HTTP/1.1" 200 21 "-" "WordPress/6.7.1; https://misswavenigeria.com"
85.208.96.197 - - [17/Jan/2025:02:12:44 -0500] "GET /goods/4825367 HTTP/1.1" 404 18012 "-" "Mozilla/5.0 (compatible; SemrushBot/7~bl; +http://www.semrush.com/bot.html)"
85.208.96.207 - - [17/Jan/2025:02:12:46 -0500] "GET /goods/265173 HTTP/1.1" 404 18012 "-" "Mozilla/5.0 (compatible; SemrushBot/7~bl; +http://www.semrush.com/bot.html)"
85.208.96.207 - - [17/Jan/2025:02:12:50 -0500] "GET /goods/3454188 HTTP/1.1" 404 18012 "-" "Mozilla/5.0 (compatible; SemrushBot/7~bl; +http://www.semrush.com/bot.html)"
165.231.182.60 - - [17/Jan/2025:02:11:29 -0500] "POST /register/ HTTP/1.0" 200 76060 "https://misswavenigeria.com/register/" "Mozilla/5.0 (Windows NT 6.1; Win64; x64) AppleWebKit/537.36 (KHTML, like Gecko) Chrome/103.0.5060.66 Safari/537.36"
165.231.182.60 - - [17/Jan/2025:02:12:54 -0500] "GET /register/ HTTP/1.0" 200 75934 "https://misswavenigeria.com/" "Mozilla/5.0 (Windows NT 6.1; Win64; x64) AppleWebKit/537.36 (KHTML, like Gecko) Chrome/103.0.5060.66 Safari/537.36"
85.208.96.207 - - [17/Jan/2025:02:12:58 -0500] "GET /goods/459541 HTTP/1.1" 404 18012 "-" "Mozilla/5.0 (compatible; SemrushBot/7~bl; +http://www.semrush.com/bot.html)"
85.208.96.207 - - [17/Jan/2025:02:13:03 -0500] "GET /goods/4214289 HTTP/1.1" 404 18013 "-" "Mozilla/5.0 (compatible; SemrushBot/7~bl; +http://www.semrush.com/bot.html)"
185.191.171.15 - - [17/Jan/2025:02:13:06 -0500] "GET /goods/4394919 HTTP/1.1" 404 18013 "-" "Mozilla/5.0 (compatible; SemrushBot/7~bl; +http://www.semrush.com/bot.html)"
66.29.132.124 - - [17/Jan/2025:02:13:23 -0500] "POST /wp-cron.php?doing_wp_cron=1737098003.6468060016632080078125 HTTP/1.1" 200 0 "-" "WordPress/6.7.1; https://misswavenigeria.com"
185.191.171.7 - - [17/Jan/2025:02:13:23 -0500] "GET /goods/239967 HTTP/1.1" 404 18013 "-" "Mozilla/5.0 (compatible; SemrushBot/7~bl; +http://www.semrush.com/bot.html)"
66.29.132.124 - - [17/Jan/2025:02:13:23 -0500] "POST /wp-admin/admin-ajax.php?action=async_litespeed&nonce=VtZb9xpBvEGYyrGrDPIzpArp2elaaSmn&litespeed_type=imgoptm HTTP/1.1" 200 21 "-" "WordPress/6.7.1; https://misswavenigeria.com"
66.249.65.100 - - [17/Jan/2025:02:13:28 -0500] "GET /?product=contemplate14733577-126?keyword=%E3%82%A2%E3%82%AF%E3%82%BB%E3%82%B5%E3%83%AA%E3%83%BC%E3%80%81%E6%99%82%E8%A8%88 HTTP/1.1" 200 69898 "-" "Mozilla/5.0 (Linux; Android 6.0.1; Nexus 5X Build/MMB29P) AppleWebKit/537.36 (KHTML, like Gecko) Chrome/132.0.6834.83 Mobile Safari/537.36 (compatible; Googlebot/2.1; +http://www.google.com/bot.html)"
66.29.132.124 - - [17/Jan/2025:02:13:33 -0500] "POST /wp-cron.php?doing_wp_cron=1737098013.4237599372863769531250 HTTP/1.1" 200 0 "-" "WordPress/6.7.1; https://misswavenigeria.com"
185.191.171.18 - - [17/Jan/2025:02:13:33 -0500] "GET /goods/2048465 HTTP/1.1" 404 18013 "-" "Mozilla/5.0 (compatible; SemrushBot/7~bl; +http://www.semrush.com/bot.html)"
66.249.65.98 - - [17/Jan/2025:02:13:32 -0500] "GET /goods/2784322 HTTP/1.1" 200 69058 "-" "Mozilla/5.0 (Linux; Android 6.0.1; Nexus 5X Build/MMB29P) AppleWebKit/537.36 (KHTML, like Gecko) Chrome/132.0.6834.83 Mobile Safari/537.36 (compatible; Googlebot/2.1; +http://www.google.com/bot.html)"
185.191.171.12 - - [17/Jan/2025:02:13:35 -0500] "GET /goods/3221872 HTTP/1.1" 404 18012 "-" "Mozilla/5.0 (compatible; SemrushBot/7~bl; +http://www.semrush.com/bot.html)"
66.249.65.99 - - [17/Jan/2025:02:13:45 -0500] "GET /?product=choice14733585-131?keyword=%E3%83%AC%E3%83%87%E3%82%A3%E3%83%BC%E3%82%B9%E3%82%B7%E3%83%A5%E3%83%BC%E3%82%BA HTTP/1.1" 200 67925 "-" "Mozilla/5.0 (Linux; Android 6.0.1; Nexus 5X Build/MMB29P) AppleWebKit/537.36 (KHTML, like Gecko) Chrome/132.0.6834.83 Mobile Safari/537.36 (compatible; Googlebot/2.1; +http://www.google.com/bot.html)"
66.249.65.100 - - [17/Jan/2025:02:14:00 -0500] "GET /?product=Adder14733575-720?keyword=%E3%83%95%E3%82%A1%E3%83%83%E3%82%B7%E3%83%A7%E3%83%B3 HTTP/1.1" 200 67968 "-" "Mozilla/5.0 (Linux; Android 6.0.1; Nexus 5X Build/MMB29P) AppleWebKit/537.36 (KHTML, like Gecko) Chrome/132.0.6834.83 Mobile Safari/537.36 (compatible; Googlebot/2.1; +http://www.google.com/bot.html)"
185.191.171.5 - - [17/Jan/2025:02:14:06 -0500] "GET /goods/2429596 HTTP/1.1" 404 18013 "-" "Mozilla/5.0 (compatible; SemrushBot/7~bl; +http://www.semrush.com/bot.html)"
66.29.132.124 - - [17/Jan/2025:02:14:19 -0500] "POST /wp-cron.php?doing_wp_cron=1737098059.5718669891357421875000 HTTP/1.1" 200 0 "-" "WordPress/6.7.1; https://misswavenigeria.com"
185.191.171.19 - - [17/Jan/2025:02:14:19 -0500] "GET /goods/4258942 HTTP/1.1" 404 18013 "-" "Mozilla/5.0 (compatible; SemrushBot/7~bl; +http://www.semrush.com/bot.html)"
66.29.132.124 - - [17/Jan/2025:02:14:19 -0500] "POST /wp-admin/admin-ajax.php?action=async_litespeed&nonce=P2eLCbREOxV6nCaaYhE3KMweBvAwAOcW&litespeed_type=imgoptm HTTP/1.1" 200 21 "-" "WordPress/6.7.1; https://misswavenigeria.com"
165.231.182.60 - - [17/Jan/2025:02:14:24 -0500] "GET / HTTP/1.0" 200 109067 "https://misswavenigeria.com/" "Mozilla/5.0 (Windows NT 10.0; Win64; x64) AppleWebKit/537.36 (KHTML, like Gecko) Chrome/103.0.0.0 Safari/537.36 Herring/95.1.8810.11"
66.249.65.99 - - [17/Jan/2025:02:14:23 -0500] "GET /?product=Adder14733575-720?keyword=%E6%9D%BE%E5%B0%BE%E8%8A%AD%E8%95%89 HTTP/1.1" 200 69614 "-" "Mozilla/5.0 (Linux; Android 6.0.1; Nexus 5X Build/MMB29P) AppleWebKit/537.36 (KHTML, like Gecko) Chrome/132.0.6834.83 Mobile Safari/537.36 (compatible; Googlebot/2.1; +http://www.google.com/bot.html)"
165.231.182.60 - - [17/Jan/2025:02:14:26 -0500] "GET /register/ HTTP/1.0" 200 75934 "https://misswavenigeria.com/register/" "Mozilla/5.0 (Windows NT 10.0; Win64; x64) AppleWebKit/537.36 (KHTML, like Gecko) Chrome/103.0.0.0 Safari/537.36 Herring/95.1.8810.11"
66.249.65.98 - - [17/Jan/2025:02:14:26 -0500] "GET /goods/4591572 HTTP/1.1" 200 68218 "-" "Mozilla/5.0 (Linux; Android 6.0.1; Nexus 5X Build/MMB29P) AppleWebKit/537.36 (KHTML, like Gecko) Chrome/132.0.6834.83 Mobile Safari/537.36 (compatible; Googlebot/2.1; +http://www.google.com/bot.html)"
66.29.132.124 - - [17/Jan/2025:02:14:28 -0500] "POST /wp-cron.php?doing_wp_cron=1737098068.5653700828552246093750 HTTP/1.1" 200 0 "-" "WordPress/6.7.1; https://misswavenigeria.com"
85.208.96.210 - - [17/Jan/2025:02:14:29 -0500] "GET /goods/2024408 HTTP/1.1" 404 18012 "-" "Mozilla/5.0 (compatible; SemrushBot/7~bl; +http://www.semrush.com/bot.html)"
185.191.171.11 - - [17/Jan/2025:02:14:36 -0500] "GET /goods/952012 HTTP/1.1" 404 18013 "-" "Mozilla/5.0 (compatible; SemrushBot/7~bl; +http://www.semrush.com/bot.html)"
66.249.65.98 - - [17/Jan/2025:02:14:39 -0500] "GET /?product=ordering14733579-206?keyword=Batman HTTP/1.1" 200 68105 "-" "Mozilla/5.0 (Linux; Android 6.0.1; Nexus 5X Build/MMB29P) AppleWebKit/537.36 (KHTML, like Gecko) Chrome/132.0.6834.83 Mobile Safari/537.36 (compatible; Googlebot/2.1; +http://www.google.com/bot.html)"
85.208.96.197 - - [17/Jan/2025:02:14:40 -0500] "GET /goods/4088698 HTTP/1.1" 404 18012 "-" "Mozilla/5.0 (compatible; SemrushBot/7~bl; +http://www.semrush.com/bot.html)"
66.249.65.98 - - [17/Jan/2025:02:15:02 -0500] "GET /?product=unusable14733574-306?keyword=%E3%82%B0%E3%83%AA%E3%83%BC%E3%83%B3 HTTP/1.1" 200 70621 "-" "Mozilla/5.0 (Linux; Android 6.0.1; Nexus 5X Build/MMB29P) AppleWebKit/537.36 (KHTML, like Gecko) Chrome/132.0.6834.83 Mobile Safari/537.36 (compatible; Googlebot/2.1; +http://www.google.com/bot.html)"
85.208.96.195 - - [17/Jan/2025:02:15:06 -0500] "GET /goods/1017303 HTTP/1.1" 404 18013 "-" "Mozilla/5.0 (compatible; SemrushBot/7~bl; +http://www.semrush.com/bot.html)"
85.208.96.210 - - [17/Jan/2025:02:15:11 -0500] "GET /goods/1019416 HTTP/1.1" 404 18012 "-" "Mozilla/5.0 (compatible; SemrushBot/7~bl; +http://www.semrush.com/bot.html)"
66.249.65.98 - - [17/Jan/2025:02:15:21 -0500] "GET /?product=financier14733560-483?keyword=%E3%83%95%E3%82%A1%E3%83%83%E3%82%B7%E3%83%A7%E3%83%B3 HTTP/1.1" 200 70486 "-" "Mozilla/5.0 (Linux; Android 6.0.1; Nexus 5X Build/MMB29P) AppleWebKit/537.36 (KHTML, like Gecko) Chrome/132.0.6834.83 Mobile Safari/537.36 (compatible; Googlebot/2.1; +http://www.google.com/bot.html)"
66.249.65.99 - - [17/Jan/2025:02:15:21 -0500] "GET /?product=calling14733550-570?keyword=%E3%80%8E%E5%80%A4%E4%B8%8B%E3%81%92%E3%80%8F%E3%83%95%E3%83%BC%E3%83%89%E4%BB%98%E3%81%8D%E3%83%80%E3%82%A6%E3%83%B3%E3%82%B3%E3%83%BC%E3%83%88 HTTP/1.1" 200 68813 "-" "Mozilla/5.0 (Linux; Android 6.0.1; Nexus 5X Build/MMB29P) AppleWebKit/537.36 (KHTML, like Gecko) Chrome/132.0.6834.83 Mobile Safari/537.36 (compatible; Googlebot/2.1; +http://www.google.com/bot.html)"
47.128.116.152 - - [17/Jan/2025:02:15:24 -0500] "GET /wp-includes/sitemaps.php HTTP/1.1" 200 0 "-" "Mozilla/5.0 (Linux; Android 5.0) AppleWebKit/537.36 (KHTML, like Gecko) Mobile Safari/537.36 (compatible; Bytespider; spider-feedback@bytedance.com)"
66.29.132.124 - - [17/Jan/2025:02:15:25 -0500] "POST /wp-cron.php?doing_wp_cron=1737098125.6022689342498779296875 HTTP/1.1" 200 0 "-" "WordPress/6.7.1; https://misswavenigeria.com"
85.208.96.210 - - [17/Jan/2025:02:15:25 -0500] "GET /goods/3747837 HTTP/1.1" 404 18013 "-" "Mozilla/5.0 (compatible; SemrushBot/7~bl; +http://www.semrush.com/bot.html)"
66.29.132.124 - - [17/Jan/2025:02:15:25 -0500] "POST /wp-admin/admin-ajax.php?action=async_litespeed&nonce=rHkpJVo17Std6rznwR4UBTT39rXPsVhf&litespeed_type=imgoptm HTTP/1.1" 200 21 "-" "WordPress/6.7.1; https://misswavenigeria.com"
66.249.65.98 - - [17/Jan/2025:02:15:56 -0500] "GET /?product=financier14733560-483?keyword=IF3219 HTTP/1.1" 200 68730 "-" "Mozilla/5.0 (Linux; Android 6.0.1; Nexus 5X Build/MMB29P) AppleWebKit/537.36 (KHTML, like Gecko) Chrome/132.0.6834.83 Mobile Safari/537.36 (compatible; Googlebot/2.1; +http://www.google.com/bot.html)"
66.249.65.98 - - [17/Jan/2025:02:15:59 -0500] "GET /?product=Adder14733575-720?keyword=%E9%AB%98%E9%87%8E%E5%B1%B1 HTTP/1.1" 200 68251 "-" "Mozilla/5.0 (Linux; Android 6.0.1; Nexus 5X Build/MMB29P) AppleWebKit/537.36 (KHTML, like Gecko) Chrome/132.0.6834.83 Mobile Safari/537.36 (compatible; Googlebot/2.1; +http://www.google.com/bot.html)"
66.249.65.100 - - [17/Jan/2025:02:16:01 -0500] "GET /index.php?goods/4334619?keyword=1985%E5%B9%B4 HTTP/1.1" 200 69803 "-" "Mozilla/5.0 (compatible; Googlebot/2.1; +http://www.google.com/bot.html)"
85.208.96.205 - - [17/Jan/2025:02:16:05 -0500] "GET /goods/4195308 HTTP/1.1" 404 18013 "-" "Mozilla/5.0 (compatible; SemrushBot/7~bl; +http://www.semrush.com/bot.html)"
66.249.65.99 - - [17/Jan/2025:02:16:12 -0500] "GET /?product=financier14733560-483?keyword=%E3%83%A1%E3%83%B3%E3%82%BA%E3%82%B7%E3%83%A5%E3%83%BC%E3%82%BA HTTP/1.1" 200 68981 "-" "Mozilla/5.0 (Linux; Android 6.0.1; Nexus 5X Build/MMB29P) AppleWebKit/537.36 (KHTML, like Gecko) Chrome/132.0.6834.83 Mobile Safari/537.36 (compatible; Googlebot/2.1; +http://www.google.com/bot.html)"
66.29.132.124 - - [17/Jan/2025:02:16:23 -0500] "POST /wp-cron.php?doing_wp_cron=1737098183.1110599040985107421875 HTTP/1.1" 200 0 "-" "WordPress/6.7.1; https://misswavenigeria.com"
85.208.96.194 - - [17/Jan/2025:02:16:22 -0500] "GET /goods/3287662 HTTP/1.1" 404 18013 "-" "Mozilla/5.0 (compatible; SemrushBot/7~bl; +http://www.semrush.com/bot.html)"
66.29.132.124 - - [17/Jan/2025:02:16:23 -0500] "POST /wp-admin/admin-ajax.php?action=async_litespeed&nonce=JDXmxZNAox0BrArwA9vmUXBonmhYkJfM&litespeed_type=imgoptm HTTP/1.1" 200 21 "-" "WordPress/6.7.1; https://misswavenigeria.com"
66.29.132.124 - - [17/Jan/2025:02:16:44 -0500] "POST /wp-cron.php?doing_wp_cron=1737098204.7571589946746826171875 HTTP/1.1" 200 0 "-" "WordPress/6.7.1; https://misswavenigeria.com"
185.191.171.5 - - [17/Jan/2025:02:16:44 -0500] "GET /goods/596528 HTTP/1.1" 404 18013 "-" "Mozilla/5.0 (compatible; SemrushBot/7~bl; +http://www.semrush.com/bot.html)"
85.208.96.212 - - [17/Jan/2025:02:16:46 -0500] "GET /goods/3586486 HTTP/1.1" 404 18013 "-" "Mozilla/5.0 (compatible; SemrushBot/7~bl; +http://www.semrush.com/bot.html)"
165.231.182.60 - - [17/Jan/2025:02:14:28 -0500] "POST /register/ HTTP/1.0" 200 76060 "https://misswavenigeria.com/register/" "Mozilla/5.0 (Windows NT 10.0; Win64; x64) AppleWebKit/537.36 (KHTML, like Gecko) Chrome/103.0.0.0 Safari/537.36 Herring/95.1.8810.11"
185.191.171.15 - - [17/Jan/2025:02:16:50 -0500] "GET /goods/1561135 HTTP/1.1" 404 18012 "-" "Mozilla/5.0 (compatible; SemrushBot/7~bl; +http://www.semrush.com/bot.html)"
165.231.182.60 - - [17/Jan/2025:02:16:52 -0500] "GET /register/ HTTP/1.0" 200 75934 "https://misswavenigeria.com/" "Mozilla/5.0 (Windows NT 10.0; Win64; x64) AppleWebKit/537.36 (KHTML, like Gecko) Chrome/103.0.0.0 Safari/537.36 Herring/95.1.8810.11"
66.249.65.98 - - [17/Jan/2025:02:16:51 -0500] "GET /?product=encourage14733572-206?keyword=%E3%80%90%E5%AE%9A%E4%BE%A112%E4%B8%87%E3%80%913.1 HTTP/1.1" 200 68154 "-" "Mozilla/5.0 (Linux; Android 6.0.1; Nexus 5X Build/MMB29P) AppleWebKit/537.36 (KHTML, like Gecko) Chrome/132.0.6834.83 Mobile Safari/537.36 (compatible; Googlebot/2.1; +http://www.google.com/bot.html)"
85.208.96.212 - - [17/Jan/2025:02:16:52 -0500] "GET /goods/2475921 HTTP/1.1" 404 18012 "-" "Mozilla/5.0 (compatible; SemrushBot/7~bl; +http://www.semrush.com/bot.html)"
85.208.96.209 - - [17/Jan/2025:02:16:58 -0500] "GET /goods/3783056 HTTP/1.1" 404 18013 "-" "Mozilla/5.0 (compatible; SemrushBot/7~bl; +http://www.semrush.com/bot.html)"
85.208.96.205 - - [17/Jan/2025:02:17:09 -0500] "GET /goods/3165095 HTTP/1.1" 404 18013 "-" "Mozilla/5.0 (compatible; SemrushBot/7~bl; +http://www.semrush.com/bot.html)"
66.249.65.99 - - [17/Jan/2025:02:17:14 -0500] "GET /?product=competitive14733581-835?keyword=%E4%BB%95%E4%B8%8A%E6%B8%88%E3%80%90%E3%80%91 HTTP/1.1" 200 68440 "-" "Mozilla/5.0 (Linux; Android 6.0.1; Nexus 5X Build/MMB29P) AppleWebKit/537.36 (KHTML, like Gecko) Chrome/132.0.6834.83 Mobile Safari/537.36 (compatible; Googlebot/2.1; +http://www.google.com/bot.html)"
66.29.132.124 - - [17/Jan/2025:02:17:20 -0500] "POST /wp-cron.php?doing_wp_cron=1737098240.4099340438842773437500 HTTP/1.1" 200 0 "-" "WordPress/6.7.1; https://misswavenigeria.com"
185.191.171.14 - - [17/Jan/2025:02:17:20 -0500] "GET /goods/4142001 HTTP/1.1" 404 18012 "-" "Mozilla/5.0 (compatible; SemrushBot/7~bl; +http://www.semrush.com/bot.html)"
66.29.132.124 - - [17/Jan/2025:02:17:20 -0500] "POST /wp-admin/admin-ajax.php?action=async_litespeed&nonce=S7BqKHOKnSdzAtSTPQbVG9BUm1Kj7GTi&litespeed_type=imgoptm HTTP/1.1" 200 21 "-" "WordPress/6.7.1; https://misswavenigeria.com"
165.231.182.60 - - [17/Jan/2025:02:17:21 -0500] "GET / HTTP/1.0" 200 109067 "https://misswavenigeria.com/" "Mozilla/5.0 (Windows NT 6.3) AppleWebKit/537.36 (KHTML, like Gecko) Chrome/103.0.0.0 Safari/537.36"
165.231.182.60 - - [17/Jan/2025:02:17:23 -0500] "GET /register/ HTTP/1.0" 200 75934 "https://misswavenigeria.com/register/" "Mozilla/5.0 (Windows NT 6.3) AppleWebKit/537.36 (KHTML, like Gecko) Chrome/103.0.0.0 Safari/537.36"
66.29.132.124 - - [17/Jan/2025:02:17:26 -0500] "POST /wp-cron.php?doing_wp_cron=1737098245.9693429470062255859375 HTTP/1.1" 200 0 "-" "WordPress/6.7.1; https://misswavenigeria.com"
185.191.171.14 - - [17/Jan/2025:02:17:25 -0500] "GET /goods/2735424 HTTP/1.1" 404 18012 "-" "Mozilla/5.0 (compatible; SemrushBot/7~bl; +http://www.semrush.com/bot.html)"
85.208.96.207 - - [17/Jan/2025:02:17:29 -0500] "GET /goods/2618016 HTTP/1.1" 404 18012 "-" "Mozilla/5.0 (compatible; SemrushBot/7~bl; +http://www.semrush.com/bot.html)"
85.208.96.212 - - [17/Jan/2025:02:17:34 -0500] "GET /goods/4507507 HTTP/1.1" 404 18013 "-" "Mozilla/5.0 (compatible; SemrushBot/7~bl; +http://www.semrush.com/bot.html)"
66.249.65.98 - - [17/Jan/2025:02:17:49 -0500] "GET /?product=competitive14733581-835?keyword=%E3%83%87%E3%82%B6%E3%82%A4%E3%83%B3 HTTP/1.1" 200 70554 "-" "Mozilla/5.0 (Linux; Android 6.0.1; Nexus 5X Build/MMB29P) AppleWebKit/537.36 (KHTML, like Gecko) Chrome/132.0.6834.83 Mobile Safari/537.36 (compatible; Googlebot/2.1; +http://www.google.com/bot.html)"
185.191.171.10 - - [17/Jan/2025:02:18:09 -0500] "GET /goods/1811158 HTTP/1.1" 404 18012 "-" "Mozilla/5.0 (compatible; SemrushBot/7~bl; +http://www.semrush.com/bot.html)"
66.249.65.99 - - [17/Jan/2025:02:18:13 -0500] "GET /?product=competitive14733581-835?keyword=%E9%91%91%E5%88%A5%E3%82%AB%E3%83%BC%E3%83%89%E4%BB%98%E3%81%8D HTTP/1.1" 200 68350 "-" "Mozilla/5.0 (Linux; Android 6.0.1; Nexus 5X Build/MMB29P) AppleWebKit/537.36 (KHTML, like Gecko) Chrome/132.0.6834.83 Mobile Safari/537.36 (compatible; Googlebot/2.1; +http://www.google.com/bot.html)"
66.29.132.124 - - [17/Jan/2025:02:18:22 -0500] "POST /wp-cron.php?doing_wp_cron=1737098302.8789639472961425781250 HTTP/1.1" 200 0 "-" "WordPress/6.7.1; https://misswavenigeria.com"
185.191.171.1 - - [17/Jan/2025:02:18:22 -0500] "GET /goods/114455 HTTP/1.1" 404 18013 "-" "Mozilla/5.0 (compatible; SemrushBot/7~bl; +http://www.semrush.com/bot.html)"
66.29.132.124 - - [17/Jan/2025:02:18:23 -0500] "POST /wp-admin/admin-ajax.php?action=async_litespeed&nonce=YmXP6BLZSpHmeAPu0SogPYkPmfrryKPH&litespeed_type=imgoptm HTTP/1.1" 200 21 "-" "WordPress/6.7.1; https://misswavenigeria.com"
66.29.132.124 - - [17/Jan/2025:02:18:29 -0500] "POST /wp-cron.php?doing_wp_cron=1737098309.1990089416503906250000 HTTP/1.1" 200 0 "-" "WordPress/6.7.1; https://misswavenigeria.com"
85.208.96.210 - - [17/Jan/2025:02:18:28 -0500] "GET /goods/119697 HTTP/1.1" 404 18012 "-" "Mozilla/5.0 (compatible; SemrushBot/7~bl; +http://www.semrush.com/bot.html)"
85.208.96.205 - - [17/Jan/2025:02:18:33 -0500] "GET /goods/1807089 HTTP/1.1" 404 18013 "-" "Mozilla/5.0 (compatible; SemrushBot/7~bl; +http://www.semrush.com/bot.html)"
185.191.171.15 - - [17/Jan/2025:02:18:39 -0500] "GET /goods/3373964 HTTP/1.1" 404 18013 "-" "Mozilla/5.0 (compatible; SemrushBot/7~bl; +http://www.semrush.com/bot.html)"
66.249.65.99 - - [17/Jan/2025:02:18:42 -0500] "GET /?product=competitive14733581-835?keyword=K18WG HTTP/1.1" 200 69176 "-" "Mozilla/5.0 (Linux; Android 6.0.1; Nexus 5X Build/MMB29P) AppleWebKit/537.36 (KHTML, like Gecko) Chrome/132.0.6834.83 Mobile Safari/537.36 (compatible; Googlebot/2.1; +http://www.google.com/bot.html)"
66.249.65.99 - - [17/Jan/2025:02:18:43 -0500] "GET /goods/2556620?keyword=%E7%BE%8E%E8%A1%93%E5%93%81?keyword=%E7%9F%A5%E8%82%B2%E7%8E%A9%E5%85%B7 HTTP/1.1" 200 68095 "-" "Mozilla/5.0 (compatible; Googlebot/2.1; +http://www.google.com/bot.html)"
66.249.65.98 - - [17/Jan/2025:02:19:06 -0500] "GET /?product=competitive14733581-835?keyword=%E3%83%AA%E3%83%B3%E3%82%B0 HTTP/1.1" 200 72423 "-" "Mozilla/5.0 (Linux; Android 6.0.1; Nexus 5X Build/MMB29P) AppleWebKit/537.36 (KHTML, like Gecko) Chrome/132.0.6834.83 Mobile Safari/537.36 (compatible; Googlebot/2.1; +http://www.google.com/bot.html)"
185.191.171.15 - - [17/Jan/2025:02:19:07 -0500] "GET /goods/183274 HTTP/1.1" 404 18013 "-" "Mozilla/5.0 (compatible; SemrushBot/7~bl; +http://www.semrush.com/bot.html)"
