85.208.96.200 - - [17/Jan/2025:01:36:35 -0500] "GET /goods/2483008 HTTP/1.1" 404 18018 "-" "Mozilla/5.0 (compatible; SemrushBot/7~bl; +http://www.semrush.com/bot.html)"
185.191.171.3 - - [17/Jan/2025:01:36:49 -0500] "GET /goods/2592853 HTTP/1.1" 404 18012 "-" "Mozilla/5.0 (compatible; SemrushBot/7~bl; +http://www.semrush.com/bot.html)"
66.29.132.124 - - [17/Jan/2025:01:37:53 -0500] "POST /wp-cron.php?doing_wp_cron=1737095873.3532240390777587890625 HTTP/1.1" 200 0 "-" "WordPress/6.7.1; https://misswavenigeria.com"
85.208.96.193 - - [17/Jan/2025:01:37:50 -0500] "GET /goods/1685260 HTTP/1.1" 404 18013 "-" "Mozilla/5.0 (compatible; SemrushBot/7~bl; +http://www.semrush.com/bot.html)"
66.29.132.124 - - [17/Jan/2025:01:37:58 -0500] "POST /wp-admin/admin-ajax.php?action=async_litespeed&nonce=AaMJgLRVX61n4Dqno5ZJcmF2uiZ1yDtE&litespeed_type=imgoptm HTTP/1.1" 200 0 "-" "WordPress/6.7.1; https://misswavenigeria.com"
66.249.65.98 - - [17/Jan/2025:01:37:59 -0500] "GET /goods/4497098 HTTP/1.1" 200 68785 "-" "Mozilla/5.0 (Linux; Android 6.0.1; Nexus 5X Build/MMB29P) AppleWebKit/537.36 (KHTML, like Gecko) Chrome/132.0.6834.83 Mobile Safari/537.36 (compatible; Googlebot/2.1; +http://www.google.com/bot.html)"
185.191.171.2 - - [17/Jan/2025:01:38:02 -0500] "GET /goods/164036 HTTP/1.1" 404 18013 "-" "Mozilla/5.0 (compatible; SemrushBot/7~bl; +http://www.semrush.com/bot.html)"
85.208.96.208 - - [17/Jan/2025:01:38:10 -0500] "GET /goods/2563359 HTTP/1.1" 404 18012 "-" "Mozilla/5.0 (compatible; SemrushBot/7~bl; +http://www.semrush.com/bot.html)"
66.29.132.124 - - [17/Jan/2025:01:38:20 -0500] "POST /wp-cron.php?doing_wp_cron=1737095900.2453091144561767578125 HTTP/1.1" 200 0 "-" "WordPress/6.7.1; https://misswavenigeria.com"
165.231.182.60 - - [17/Jan/2025:01:35:51 -0500] "POST /register/ HTTP/1.0" 200 0 "https://misswavenigeria.com/register/" "Mozilla/5.0 (Windows NT 10.0; Win64; x64) AppleWebKit/537.36 (KHTML, like Gecko) Chrome/103.0.5060.66 Safari/537.36"
185.191.171.13 - - [17/Jan/2025:01:38:16 -0500] "GET /goods/335441 HTTP/1.1" 404 18019 "-" "Mozilla/5.0 (compatible; SemrushBot/7~bl; +http://www.semrush.com/bot.html)"
165.231.182.60 - - [17/Jan/2025:01:38:21 -0500] "GET /register/ HTTP/1.0" 200 75934 "https://misswavenigeria.com/" "Mozilla/5.0 (Windows NT 10.0; Win64; x64) AppleWebKit/537.36 (KHTML, like Gecko) Chrome/103.0.5060.66 Safari/537.36"
66.29.132.124 - - [17/Jan/2025:01:38:24 -0500] "POST /wp-admin/admin-ajax.php?action=async_litespeed&nonce=7SF1gbvCrmbJUpZgICiQZYgGgcDO3mqn&litespeed_type=imgoptm HTTP/1.1" 200 0 "-" "WordPress/6.7.1; https://misswavenigeria.com"
66.29.132.124 - - [17/Jan/2025:01:38:31 -0500] "POST /wp-cron.php?doing_wp_cron=1737095911.5429170131683349609375 HTTP/1.1" 200 0 "-" "WordPress/6.7.1; https://misswavenigeria.com"
85.208.96.204 - - [17/Jan/2025:01:38:26 -0500] "GET /goods/4318848 HTTP/1.1" 404 18013 "-" "Mozilla/5.0 (compatible; SemrushBot/7~bl; +http://www.semrush.com/bot.html)"
66.249.65.98 - - [17/Jan/2025:01:38:34 -0500] "GET /?product=contemplate14733577-126?keyword=%E5%88%BB%E5%8D%B0%E3%81%82%E3%82%8A HTTP/1.1" 200 68881 "-" "Mozilla/5.0 (Linux; Android 6.0.1; Nexus 5X Build/MMB29P) AppleWebKit/537.36 (KHTML, like Gecko) Chrome/132.0.6834.83 Mobile Safari/537.36 (compatible; Googlebot/2.1; +http://www.google.com/bot.html)"
85.208.96.207 - - [17/Jan/2025:01:38:37 -0500] "GET /goods/202503 HTTP/1.1" 404 18012 "-" "Mozilla/5.0 (compatible; SemrushBot/7~bl; +http://www.semrush.com/bot.html)"
165.231.182.60 - - [17/Jan/2025:01:38:42 -0500] "GET / HTTP/1.0" 200 109067 "https://misswavenigeria.com/" "Mozilla/5.0 (Windows NT 6.1; Win64; x64) AppleWebKit/537.36 (KHTML, like Gecko) Chrome/103.0.5060.114 Safari/537.36"
165.231.182.60 - - [17/Jan/2025:01:38:44 -0500] "GET /register/ HTTP/1.0" 200 75934 "https://misswavenigeria.com/register/" "Mozilla/5.0 (Windows NT 6.1; Win64; x64) AppleWebKit/537.36 (KHTML, like Gecko) Chrome/103.0.5060.114 Safari/537.36"
185.191.171.13 - - [17/Jan/2025:01:38:43 -0500] "GET /goods/2893995 HTTP/1.1" 404 18012 "-" "Mozilla/5.0 (compatible; SemrushBot/7~bl; +http://www.semrush.com/bot.html)"
185.191.171.12 - - [17/Jan/2025:01:38:48 -0500] "GET /goods/4738034 HTTP/1.1" 404 18013 "-" "Mozilla/5.0 (compatible; SemrushBot/7~bl; +http://www.semrush.com/bot.html)"
66.249.65.98 - - [17/Jan/2025:01:39:11 -0500] "GET /goods/3255618 HTTP/1.1" 200 69276 "-" "Mozilla/5.0 (Linux; Android 6.0.1; Nexus 5X Build/MMB29P) AppleWebKit/537.36 (KHTML, like Gecko) Chrome/132.0.6834.83 Mobile Safari/537.36 (compatible; Googlebot/2.1; +http://www.google.com/bot.html)"
85.208.96.199 - - [17/Jan/2025:01:39:12 -0500] "GET /goods/877746 HTTP/1.1" 404 18019 "-" "Mozilla/5.0 (compatible; SemrushBot/7~bl; +http://www.semrush.com/bot.html)"
66.29.132.124 - - [17/Jan/2025:01:39:26 -0500] "POST /wp-cron.php?doing_wp_cron=1737095966.3490650653839111328125 HTTP/1.1" 200 0 "-" "WordPress/6.7.1; https://misswavenigeria.com"
85.208.96.207 - - [17/Jan/2025:01:39:22 -0500] "GET /goods/4576464 HTTP/1.1" 404 18019 "-" "Mozilla/5.0 (compatible; SemrushBot/7~bl; +http://www.semrush.com/bot.html)"
66.29.132.124 - - [17/Jan/2025:01:39:32 -0500] "POST /wp-admin/admin-ajax.php?action=async_litespeed&nonce=gDJbiFg0U7Gk2qRKoPAFnsi5ISCsIIBv&litespeed_type=imgoptm HTTP/1.1" 200 0 "-" "WordPress/6.7.1; https://misswavenigeria.com"
85.208.96.208 - - [17/Jan/2025:01:39:29 -0500] "GET /goods/4045090 HTTP/1.1" 404 18013 "-" "Mozilla/5.0 (compatible; SemrushBot/7~bl; +http://www.semrush.com/bot.html)"
85.208.96.207 - - [17/Jan/2025:01:39:51 -0500] "GET /goods/4690330 HTTP/1.1" 404 18012 "-" "Mozilla/5.0 (compatible; SemrushBot/7~bl; +http://www.semrush.com/bot.html)"
85.208.96.207 - - [17/Jan/2025:01:39:57 -0500] "GET /goods/971259 HTTP/1.1" 404 18013 "-" "Mozilla/5.0 (compatible; SemrushBot/7~bl; +http://www.semrush.com/bot.html)"
85.208.96.207 - - [17/Jan/2025:01:40:03 -0500] "GET /goods/3929964 HTTP/1.1" 404 18013 "-" "Mozilla/5.0 (compatible; SemrushBot/7~bl; +http://www.semrush.com/bot.html)"
85.208.96.208 - - [17/Jan/2025:01:40:10 -0500] "GET /goods/4115362 HTTP/1.1" 404 18013 "-" "Mozilla/5.0 (compatible; SemrushBot/7~bl; +http://www.semrush.com/bot.html)"
66.29.132.124 - - [17/Jan/2025:01:40:22 -0500] "POST /wp-cron.php?doing_wp_cron=1737096022.5451030731201171875000 HTTP/1.1" 200 0 "-" "WordPress/6.7.1; https://misswavenigeria.com"
185.191.171.13 - - [17/Jan/2025:01:40:19 -0500] "GET /goods/4540447 HTTP/1.1" 404 18013 "-" "Mozilla/5.0 (compatible; SemrushBot/7~bl; +http://www.semrush.com/bot.html)"
66.29.132.124 - - [17/Jan/2025:01:40:26 -0500] "POST /wp-admin/admin-ajax.php?action=async_litespeed&nonce=bq5B4K3OIFLRhWsrWDDMXfwG37gixBHc&litespeed_type=imgoptm HTTP/1.1" 200 0 "-" "WordPress/6.7.1; https://misswavenigeria.com"
185.191.171.17 - - [17/Jan/2025:01:40:27 -0500] "GET /goods/628042 HTTP/1.1" 404 18013 "-" "Mozilla/5.0 (compatible; SemrushBot/7~bl; +http://www.semrush.com/bot.html)"
66.249.65.100 - - [17/Jan/2025:01:40:35 -0500] "GET /index.php HTTP/1.1" 200 68238 "-" "Mozilla/5.0 (compatible; Googlebot/2.1; +http://www.google.com/bot.html)"
185.191.171.16 - - [17/Jan/2025:01:40:36 -0500] "GET /goods/1607535 HTTP/1.1" 404 18012 "-" "Mozilla/5.0 (compatible; SemrushBot/7~bl; +http://www.semrush.com/bot.html)"
85.208.96.205 - - [17/Jan/2025:01:40:44 -0500] "GET /ombreslider/dolore-admod/ HTTP/1.1" 200 18618 "-" "Mozilla/5.0 (compatible; SemrushBot/7~bl; +http://www.semrush.com/bot.html)"
185.191.171.9 - - [17/Jan/2025:01:41:05 -0500] "GET /goods/2991775 HTTP/1.1" 404 18013 "-" "Mozilla/5.0 (compatible; SemrushBot/7~bl; +http://www.semrush.com/bot.html)"
165.231.182.60 - - [17/Jan/2025:01:38:46 -0500] "POST /register/ HTTP/1.0" 200 0 "https://misswavenigeria.com/register/" "Mozilla/5.0 (Windows NT 6.1; Win64; x64) AppleWebKit/537.36 (KHTML, like Gecko) Chrome/103.0.5060.114 Safari/537.36"
165.231.182.60 - - [17/Jan/2025:01:41:17 -0500] "GET /register/ HTTP/1.0" 200 75934 "https://misswavenigeria.com/" "Mozilla/5.0 (Windows NT 6.1; Win64; x64) AppleWebKit/537.36 (KHTML, like Gecko) Chrome/103.0.5060.114 Safari/537.36"
165.231.182.60 - - [17/Jan/2025:01:41:43 -0500] "GET / HTTP/1.0" 200 109067 "https://misswavenigeria.com/" "Mozilla/5.0 (Windows NT 10.0) AppleWebKit/537.36 (KHTML, like Gecko) Chrome/103.0.0.0 Safari/537.36"
165.231.182.60 - - [17/Jan/2025:01:41:45 -0500] "GET /register/ HTTP/1.0" 200 75934 "https://misswavenigeria.com/register/" "Mozilla/5.0 (Windows NT 10.0) AppleWebKit/537.36 (KHTML, like Gecko) Chrome/103.0.0.0 Safari/537.36"
66.29.132.124 - - [17/Jan/2025:01:41:48 -0500] "POST /wp-cron.php?doing_wp_cron=1737096108.4515650272369384765625 HTTP/1.1" 200 0 "-" "WordPress/6.7.1; https://misswavenigeria.com"
66.29.132.124 - - [17/Jan/2025:01:41:52 -0500] "POST /wp-admin/admin-ajax.php?action=async_litespeed&nonce=itLckxmEX1s9kLGEx23yM0eqGxueGE0K&litespeed_type=imgoptm HTTP/1.1" 200 0 "-" "WordPress/6.7.1; https://misswavenigeria.com"
185.191.171.13 - - [17/Jan/2025:01:41:50 -0500] "GET /goods/797599 HTTP/1.1" 404 18012 "-" "Mozilla/5.0 (compatible; SemrushBot/7~bl; +http://www.semrush.com/bot.html)"
185.191.171.10 - - [17/Jan/2025:01:42:01 -0500] "GET /goods/1259652 HTTP/1.1" 404 18013 "-" "Mozilla/5.0 (compatible; SemrushBot/7~bl; +http://www.semrush.com/bot.html)"
185.191.171.12 - - [17/Jan/2025:01:42:10 -0500] "GET /goods/4832905 HTTP/1.1" 404 18013 "-" "Mozilla/5.0 (compatible; SemrushBot/7~bl; +http://www.semrush.com/bot.html)"
66.29.132.124 - - [17/Jan/2025:01:42:18 -0500] "POST /wp-cron.php?doing_wp_cron=1737096138.7436029911041259765625 HTTP/1.1" 200 0 "-" "WordPress/6.7.1; https://misswavenigeria.com"
85.208.96.208 - - [17/Jan/2025:01:42:16 -0500] "GET /goods/764878 HTTP/1.1" 404 18013 "-" "Mozilla/5.0 (compatible; SemrushBot/7~bl; +http://www.semrush.com/bot.html)"
66.29.132.124 - - [17/Jan/2025:01:42:22 -0500] "POST /wp-admin/admin-ajax.php?action=async_litespeed&nonce=zcIXqM5t0irU29XQuKyorRsYjBBvjAxP&litespeed_type=imgoptm HTTP/1.1" 200 0 "-" "WordPress/6.7.1; https://misswavenigeria.com"
66.29.132.124 - - [17/Jan/2025:01:42:32 -0500] "POST /wp-cron.php?doing_wp_cron=1737096152.0435481071472167968750 HTTP/1.1" 200 0 "-" "WordPress/6.7.1; https://misswavenigeria.com"
85.208.96.206 - - [17/Jan/2025:01:42:29 -0500] "GET /goods/2519258 HTTP/1.1" 404 18013 "-" "Mozilla/5.0 (compatible; SemrushBot/7~bl; +http://www.semrush.com/bot.html)"
85.208.96.202 - - [17/Jan/2025:01:42:38 -0500] "GET /goods/3314609 HTTP/1.1" 404 18018 "-" "Mozilla/5.0 (compatible; SemrushBot/7~bl; +http://www.semrush.com/bot.html)"
85.208.96.212 - - [17/Jan/2025:01:42:43 -0500] "GET /goods/1656513 HTTP/1.1" 404 18012 "-" "Mozilla/5.0 (compatible; SemrushBot/7~bl; +http://www.semrush.com/bot.html)"
185.191.171.11 - - [17/Jan/2025:01:42:53 -0500] "GET /goods/4613658 HTTP/1.1" 404 18013 "-" "Mozilla/5.0 (compatible; SemrushBot/7~bl; +http://www.semrush.com/bot.html)"
66.249.65.99 - - [17/Jan/2025:01:43:17 -0500] "GET /index.php?static/1765732 HTTP/1.1" 200 67335 "-" "Mozilla/5.0 (Linux; Android 6.0.1; Nexus 5X Build/MMB29P) AppleWebKit/537.36 (KHTML, like Gecko) Chrome/132.0.6834.83 Mobile Safari/537.36 (compatible; Googlebot/2.1; +http://www.google.com/bot.html)"
66.249.65.99 - - [17/Jan/2025:01:43:20 -0500] "GET /goods/4260439 HTTP/1.1" 200 69112 "-" "Mozilla/5.0 (Linux; Android 6.0.1; Nexus 5X Build/MMB29P) AppleWebKit/537.36 (KHTML, like Gecko) Chrome/132.0.6834.83 Mobile Safari/537.36 (compatible; Googlebot/2.1; +http://www.google.com/bot.html)"
66.29.132.124 - - [17/Jan/2025:01:43:26 -0500] "POST /wp-cron.php?doing_wp_cron=1737096206.4472489356994628906250 HTTP/1.1" 200 0 "-" "WordPress/6.7.1; https://misswavenigeria.com"
85.208.96.208 - - [17/Jan/2025:01:43:23 -0500] "GET /goods/597181 HTTP/1.1" 404 18019 "-" "Mozilla/5.0 (compatible; SemrushBot/7~bl; +http://www.semrush.com/bot.html)"
66.29.132.124 - - [17/Jan/2025:01:43:29 -0500] "POST /wp-admin/admin-ajax.php?action=async_litespeed&nonce=smqHfMcZqFfpbRwbb6fdTBbgpgRdvx5J&litespeed_type=imgoptm HTTP/1.1" 200 0 "-" "WordPress/6.7.1; https://misswavenigeria.com"
185.191.171.3 - - [17/Jan/2025:01:43:34 -0500] "GET /goods/743143 HTTP/1.1" 404 18018 "-" "Mozilla/5.0 (compatible; SemrushBot/7~bl; +http://www.semrush.com/bot.html)"
185.191.171.3 - - [17/Jan/2025:01:43:51 -0500] "GET /goods/2143212 HTTP/1.1" 404 18013 "-" "Mozilla/5.0 (compatible; SemrushBot/7~bl; +http://www.semrush.com/bot.html)"
66.249.65.99 - - [17/Jan/2025:01:43:53 -0500] "GET /goods/4612028 HTTP/1.1" 200 71737 "-" "Mozilla/5.0 (Linux; Android 6.0.1; Nexus 5X Build/MMB29P) AppleWebKit/537.36 (KHTML, like Gecko) Chrome/132.0.6834.83 Mobile Safari/537.36 (compatible; Googlebot/2.1; +http://www.google.com/bot.html)"
185.191.171.15 - - [17/Jan/2025:01:43:57 -0500] "GET /goods/3550666 HTTP/1.1" 404 18013 "-" "Mozilla/5.0 (compatible; SemrushBot/7~bl; +http://www.semrush.com/bot.html)"
185.191.171.14 - - [17/Jan/2025:01:44:03 -0500] "GET /goods/2396987 HTTP/1.1" 404 18013 "-" "Mozilla/5.0 (compatible; SemrushBot/7~bl; +http://www.semrush.com/bot.html)"
185.191.171.12 - - [17/Jan/2025:01:44:08 -0500] "GET /goods/4410005 HTTP/1.1" 404 18012 "-" "Mozilla/5.0 (compatible; SemrushBot/7~bl; +http://www.semrush.com/bot.html)"
165.231.182.60 - - [17/Jan/2025:01:41:47 -0500] "POST /register/ HTTP/1.0" 200 0 "https://misswavenigeria.com/register/" "Mozilla/5.0 (Windows NT 10.0) AppleWebKit/537.36 (KHTML, like Gecko) Chrome/103.0.0.0 Safari/537.36"
165.231.182.60 - - [17/Jan/2025:01:44:17 -0500] "GET /register/ HTTP/1.0" 200 75934 "https://misswavenigeria.com/" "Mozilla/5.0 (Windows NT 10.0) AppleWebKit/537.36 (KHTML, like Gecko) Chrome/103.0.0.0 Safari/537.36"
85.208.96.210 - - [17/Jan/2025:01:44:14 -0500] "GET /goods/4111867 HTTP/1.1" 404 18012 "-" "Mozilla/5.0 (compatible; SemrushBot/7~bl; +http://www.semrush.com/bot.html)"
66.249.65.100 - - [17/Jan/2025:01:44:18 -0500] "GET /index.php?static/4481113 HTTP/1.1" 200 70110 "-" "Mozilla/5.0 (Linux; Android 6.0.1; Nexus 5X Build/MMB29P) AppleWebKit/537.36 (KHTML, like Gecko) Chrome/132.0.6834.83 Mobile Safari/537.36 (compatible; Googlebot/2.1; +http://www.google.com/bot.html)"
66.29.132.124 - - [17/Jan/2025:01:44:21 -0500] "POST /wp-cron.php?doing_wp_cron=1737096261.7551739215850830078125 HTTP/1.1" 200 0 "-" "WordPress/6.7.1; https://misswavenigeria.com"
185.191.171.12 - - [17/Jan/2025:01:44:20 -0500] "GET /goods/1333924 HTTP/1.1" 404 18013 "-" "Mozilla/5.0 (compatible; SemrushBot/7~bl; +http://www.semrush.com/bot.html)"
66.29.132.124 - - [17/Jan/2025:01:44:23 -0500] "POST /wp-admin/admin-ajax.php?action=async_litespeed&nonce=5ukvjTRyDNhnUPbrogA7h6HYxuRN4YWc&litespeed_type=imgoptm HTTP/1.1" 200 0 "-" "WordPress/6.7.1; https://misswavenigeria.com"
85.208.96.205 - - [17/Jan/2025:01:44:24 -0500] "GET /goods/1811242 HTTP/1.1" 404 18012 "-" "Mozilla/5.0 (compatible; SemrushBot/7~bl; +http://www.semrush.com/bot.html)"
66.29.132.124 - - [17/Jan/2025:01:44:34 -0500] "POST /wp-cron.php?doing_wp_cron=1737096274.6585540771484375000000 HTTP/1.1" 200 0 "-" "WordPress/6.7.1; https://misswavenigeria.com"
85.208.96.195 - - [17/Jan/2025:01:44:32 -0500] "GET /goods/3386003 HTTP/1.1" 404 18013 "-" "Mozilla/5.0 (compatible; SemrushBot/7~bl; +http://www.semrush.com/bot.html)"
185.191.171.15 - - [17/Jan/2025:01:44:37 -0500] "GET /goods/964273 HTTP/1.1" 404 18012 "-" "Mozilla/5.0 (compatible; SemrushBot/7~bl; +http://www.semrush.com/bot.html)"
66.249.65.99 - - [17/Jan/2025:01:44:40 -0500] "GET /goods/892098 HTTP/1.1" 200 68077 "-" "Mozilla/5.0 (Linux; Android 6.0.1; Nexus 5X Build/MMB29P) AppleWebKit/537.36 (KHTML, like Gecko) Chrome/132.0.6834.83 Mobile Safari/537.36 (compatible; Googlebot/2.1; +http://www.google.com/bot.html)"
165.231.182.60 - - [17/Jan/2025:01:44:53 -0500] "GET / HTTP/1.0" 200 109067 "https://misswavenigeria.com/" "Mozilla/5.0 (Windows NT 10.0; Win64; x64) AppleWebKit/537.36 (KHTML, like Gecko) Chrome/103.0.5060.114 Safari/537.36"
165.231.182.60 - - [17/Jan/2025:01:44:55 -0500] "GET /register/ HTTP/1.0" 200 75934 "https://misswavenigeria.com/register/" "Mozilla/5.0 (Windows NT 10.0; Win64; x64) AppleWebKit/537.36 (KHTML, like Gecko) Chrome/103.0.5060.114 Safari/537.36"
85.208.96.210 - - [17/Jan/2025:01:45:00 -0500] "GET /goods/2408217 HTTP/1.1" 404 18019 "-" "Mozilla/5.0 (compatible; SemrushBot/7~bl; +http://www.semrush.com/bot.html)"
66.249.65.100 - - [17/Jan/2025:01:45:06 -0500] "GET /goods/3517114 HTTP/1.1" 200 67795 "-" "Mozilla/5.0 (Linux; Android 6.0.1; Nexus 5X Build/MMB29P) AppleWebKit/537.36 (KHTML, like Gecko) Chrome/132.0.6834.83 Mobile Safari/537.36 (compatible; Googlebot/2.1; +http://www.google.com/bot.html)"
66.249.65.99 - - [17/Jan/2025:01:45:35 -0500] "GET /index.php?category/3312480 HTTP/1.1" 200 71256 "-" "Mozilla/5.0 (Linux; Android 6.0.1; Nexus 5X Build/MMB29P) AppleWebKit/537.36 (KHTML, like Gecko) Chrome/132.0.6834.83 Mobile Safari/537.36 (compatible; Googlebot/2.1; +http://www.google.com/bot.html)"
66.29.132.124 - - [17/Jan/2025:01:45:50 -0500] "POST /wp-cron.php?doing_wp_cron=1737096350.1221768856048583984375 HTTP/1.1" 200 0 "-" "WordPress/6.7.1; https://misswavenigeria.com"
185.191.171.5 - - [17/Jan/2025:01:45:49 -0500] "GET /goods/1613587 HTTP/1.1" 404 18012 "-" "Mozilla/5.0 (compatible; SemrushBot/7~bl; +http://www.semrush.com/bot.html)"
66.29.132.124 - - [17/Jan/2025:01:45:50 -0500] "POST /wp-admin/admin-ajax.php?action=async_litespeed&nonce=KtspxBbz4YlLJApsIiE6R0GbrYkHf4IK&litespeed_type=imgoptm HTTP/1.1" 200 21 "-" "WordPress/6.7.1; https://misswavenigeria.com"
85.208.96.205 - - [17/Jan/2025:01:46:01 -0500] "GET /goods/3732897 HTTP/1.1" 404 18013 "-" "Mozilla/5.0 (compatible; SemrushBot/7~bl; +http://www.semrush.com/bot.html)"
185.191.171.11 - - [17/Jan/2025:01:46:05 -0500] "GET /goods/2991320 HTTP/1.1" 404 18013 "-" "Mozilla/5.0 (compatible; SemrushBot/7~bl; +http://www.semrush.com/bot.html)"
85.208.96.210 - - [17/Jan/2025:01:46:13 -0500] "GET /goods/2450733 HTTP/1.1" 404 18012 "-" "Mozilla/5.0 (compatible; SemrushBot/7~bl; +http://www.semrush.com/bot.html)"
66.29.132.124 - - [17/Jan/2025:01:46:40 -0500] "POST /wp-cron.php?doing_wp_cron=1737096400.0923879146575927734375 HTTP/1.1" 200 0 "-" "WordPress/6.7.1; https://misswavenigeria.com"
85.208.96.207 - - [17/Jan/2025:01:46:39 -0500] "GET /goods/4253076 HTTP/1.1" 404 18011 "-" "Mozilla/5.0 (compatible; SemrushBot/7~bl; +http://www.semrush.com/bot.html)"
66.29.132.124 - - [17/Jan/2025:01:46:40 -0500] "POST /wp-admin/admin-ajax.php?action=async_litespeed&nonce=CvZmGieoEpsU3NQF50Mpr2d3qrl6vxQ8&litespeed_type=imgoptm HTTP/1.1" 200 21 "-" "WordPress/6.7.1; https://misswavenigeria.com"
85.208.96.196 - - [17/Jan/2025:01:46:43 -0500] "GET /goods/1977454 HTTP/1.1" 404 18018 "-" "Mozilla/5.0 (compatible; SemrushBot/7~bl; +http://www.semrush.com/bot.html)"
66.29.132.124 - - [17/Jan/2025:01:47:20 -0500] "POST /wp-cron.php?doing_wp_cron=1737096440.9109699726104736328125 HTTP/1.1" 200 0 "-" "WordPress/6.7.1; https://misswavenigeria.com"
185.191.171.9 - - [17/Jan/2025:01:47:20 -0500] "GET /goods/1140219 HTTP/1.1" 404 18012 "-" "Mozilla/5.0 (compatible; SemrushBot/7~bl; +http://www.semrush.com/bot.html)"
66.29.132.124 - - [17/Jan/2025:01:47:21 -0500] "POST /wp-admin/admin-ajax.php?action=async_litespeed&nonce=zwLLg3b0abHsqw6trmwlyRVDsejAMVqc&litespeed_type=imgoptm HTTP/1.1" 200 21 "-" "WordPress/6.7.1; https://misswavenigeria.com"
85.208.96.202 - - [17/Jan/2025:01:47:22 -0500] "GET /goods/2525631 HTTP/1.1" 404 18013 "-" "Mozilla/5.0 (compatible; SemrushBot/7~bl; +http://www.semrush.com/bot.html)"
66.29.132.124 - - [17/Jan/2025:01:47:25 -0500] "POST /wp-cron.php?doing_wp_cron=1737096445.0469479560852050781250 HTTP/1.1" 200 0 "-" "WordPress/6.7.1; https://misswavenigeria.com"
85.208.96.196 - - [17/Jan/2025:01:47:24 -0500] "GET /goods/4057120 HTTP/1.1" 404 18013 "-" "Mozilla/5.0 (compatible; SemrushBot/7~bl; +http://www.semrush.com/bot.html)"
165.231.182.60 - - [17/Jan/2025:01:44:57 -0500] "POST /register/ HTTP/1.0" 200 0 "https://misswavenigeria.com/register/" "Mozilla/5.0 (Windows NT 10.0; Win64; x64) AppleWebKit/537.36 (KHTML, like Gecko) Chrome/103.0.5060.114 Safari/537.36"
165.231.182.60 - - [17/Jan/2025:01:47:27 -0500] "GET /register/ HTTP/1.0" 200 75934 "https://misswavenigeria.com/" "Mozilla/5.0 (Windows NT 10.0; Win64; x64) AppleWebKit/537.36 (KHTML, like Gecko) Chrome/103.0.5060.114 Safari/537.36"
85.208.96.200 - - [17/Jan/2025:01:47:35 -0500] "GET /goods/3329122 HTTP/1.1" 404 18013 "-" "Mozilla/5.0 (compatible; SemrushBot/7~bl; +http://www.semrush.com/bot.html)"
85.208.96.205 - - [17/Jan/2025:01:47:50 -0500] "GET /goods/3233137 HTTP/1.1" 404 18019 "-" "Mozilla/5.0 (compatible; SemrushBot/7~bl; +http://www.semrush.com/bot.html)"
85.208.96.196 - - [17/Jan/2025:01:47:55 -0500] "GET /robots.txt HTTP/1.1" 200 142 "-" "Mozilla/5.0 (compatible; SemrushBot/7~bl; +http://www.semrush.com/bot.html)"
85.208.96.199 - - [17/Jan/2025:01:47:55 -0500] "GET /goods/65353 HTTP/1.1" 404 18012 "-" "Mozilla/5.0 (compatible; SemrushBot/7~bl; +http://www.semrush.com/bot.html)"
165.231.182.60 - - [17/Jan/2025:01:48:02 -0500] "GET / HTTP/1.0" 200 109067 "https://misswavenigeria.com/" "Mozilla/5.0 (Windows NT 6.3; WOW64) AppleWebKit/537.36 (KHTML, like Gecko) Chrome/103.0.5060.114 Safari/537.36"
165.231.182.60 - - [17/Jan/2025:01:48:04 -0500] "GET /register/ HTTP/1.0" 200 75934 "https://misswavenigeria.com/register/" "Mozilla/5.0 (Windows NT 6.3; WOW64) AppleWebKit/537.36 (KHTML, like Gecko) Chrome/103.0.5060.114 Safari/537.36"
85.208.96.206 - - [17/Jan/2025:01:48:06 -0500] "GET /goods/4143466 HTTP/1.1" 404 18013 "-" "Mozilla/5.0 (compatible; SemrushBot/7~bl; +http://www.semrush.com/bot.html)"
85.208.96.195 - - [17/Jan/2025:01:48:08 -0500] "GET /goods/2729368 HTTP/1.1" 404 18019 "-" "Mozilla/5.0 (compatible; SemrushBot/7~bl; +http://www.semrush.com/bot.html)"
66.29.132.124 - - [17/Jan/2025:01:48:19 -0500] "POST /wp-cron.php?doing_wp_cron=1737096499.3996179103851318359375 HTTP/1.1" 200 0 "-" "WordPress/6.7.1; https://misswavenigeria.com"
85.208.96.197 - - [17/Jan/2025:01:48:19 -0500] "GET /goods/4201076 HTTP/1.1" 404 18013 "-" "Mozilla/5.0 (compatible; SemrushBot/7~bl; +http://www.semrush.com/bot.html)"
66.29.132.124 - - [17/Jan/2025:01:48:19 -0500] "POST /wp-admin/admin-ajax.php?action=async_litespeed&nonce=TT8VI7oOgPlJWN293d1zpRvoRoT3RygY&litespeed_type=imgoptm HTTP/1.1" 200 21 "-" "WordPress/6.7.1; https://misswavenigeria.com"
185.191.171.16 - - [17/Jan/2025:01:48:21 -0500] "GET /goods/762374 HTTP/1.1" 404 18013 "-" "Mozilla/5.0 (compatible; SemrushBot/7~bl; +http://www.semrush.com/bot.html)"
185.191.171.13 - - [17/Jan/2025:01:48:24 -0500] "GET /goods/1810833 HTTP/1.1" 404 18013 "-" "Mozilla/5.0 (compatible; SemrushBot/7~bl; +http://www.semrush.com/bot.html)"
66.249.65.99 - - [17/Jan/2025:01:48:26 -0500] "GET /?product=moped14733568-986?keyword=%E3%83%A1%E3%83%B3%E3%82%BA HTTP/1.1" 200 69012 "-" "Mozilla/5.0 (Linux; Android 6.0.1; Nexus 5X Build/MMB29P) AppleWebKit/537.36 (KHTML, like Gecko) Chrome/132.0.6834.83 Mobile Safari/537.36 (compatible; Googlebot/2.1; +http://www.google.com/bot.html)"
66.29.132.124 - - [17/Jan/2025:01:48:34 -0500] "POST /wp-cron.php?doing_wp_cron=1737096514.5171461105346679687500 HTTP/1.1" 200 0 "-" "WordPress/6.7.1; https://misswavenigeria.com"
185.191.171.5 - - [17/Jan/2025:01:48:34 -0500] "GET /goods/4152196 HTTP/1.1" 404 18013 "-" "Mozilla/5.0 (compatible; SemrushBot/7~bl; +http://www.semrush.com/bot.html)"
85.208.96.196 - - [17/Jan/2025:01:48:41 -0500] "GET /goods/985958 HTTP/1.1" 404 18013 "-" "Mozilla/5.0 (compatible; SemrushBot/7~bl; +http://www.semrush.com/bot.html)"
66.249.65.98 - - [17/Jan/2025:01:49:17 -0500] "GET /goods/1369413?keyword=7D HTTP/1.1" 200 68777 "-" "Mozilla/5.0 (Linux; Android 6.0.1; Nexus 5X Build/MMB29P) AppleWebKit/537.36 (KHTML, like Gecko) Chrome/132.0.6834.83 Mobile Safari/537.36 (compatible; Googlebot/2.1; +http://www.google.com/bot.html)"
66.29.132.124 - - [17/Jan/2025:01:49:24 -0500] "POST /wp-cron.php?doing_wp_cron=1737096564.2496469020843505859375 HTTP/1.1" 200 0 "-" "WordPress/6.7.1; https://misswavenigeria.com"
85.208.96.204 - - [17/Jan/2025:01:49:24 -0500] "GET /goods/175089 HTTP/1.1" 404 18013 "-" "Mozilla/5.0 (compatible; SemrushBot/7~bl; +http://www.semrush.com/bot.html)"
66.29.132.124 - - [17/Jan/2025:01:49:24 -0500] "POST /wp-admin/admin-ajax.php?action=async_litespeed&nonce=1pz6mtZR9rXtIWn45bnCjaaVWpc8azOb&litespeed_type=imgoptm HTTP/1.1" 200 21 "-" "WordPress/6.7.1; https://misswavenigeria.com"
165.231.182.60 - - [17/Jan/2025:01:48:06 -0500] "POST /register/ HTTP/1.0" 200 76060 "https://misswavenigeria.com/register/" "Mozilla/5.0 (Windows NT 6.3; WOW64) AppleWebKit/537.36 (KHTML, like Gecko) Chrome/103.0.5060.114 Safari/537.36"
66.29.132.124 - - [17/Jan/2025:01:49:31 -0500] "POST /wp-cron.php?doing_wp_cron=1737096571.9187889099121093750000 HTTP/1.1" 200 0 "-" "WordPress/6.7.1; https://misswavenigeria.com"
66.249.65.98 - - [17/Jan/2025:01:49:30 -0500] "GET /?product=response14733542-117?keyword=%E5%B7%A5%E5%85%B7%E3%80%81DIY%E7%94%A8%E5%93%81 HTTP/1.1" 200 68872 "-" "Mozilla/5.0 (Linux; Android 6.0.1; Nexus 5X Build/MMB29P) AppleWebKit/537.36 (KHTML, like Gecko) Chrome/132.0.6834.83 Mobile Safari/537.36 (compatible; Googlebot/2.1; +http://www.google.com/bot.html)"
165.231.182.60 - - [17/Jan/2025:01:49:31 -0500] "GET /register/ HTTP/1.0" 200 75934 "https://misswavenigeria.com/" "Mozilla/5.0 (Windows NT 6.3; WOW64) AppleWebKit/537.36 (KHTML, like Gecko) Chrome/103.0.5060.114 Safari/537.36"
66.249.65.98 - - [17/Jan/2025:01:49:43 -0500] "GET /static/3075094?keyword=%E9%80%8F%E6%98%8E%E7%B9%B0%E5%87%BA%E9%83%A8 HTTP/1.1" 200 68330 "-" "Mozilla/5.0 (Linux; Android 6.0.1; Nexus 5X Build/MMB29P) AppleWebKit/537.36 (KHTML, like Gecko) Chrome/132.0.6834.83 Mobile Safari/537.36 (compatible; Googlebot/2.1; +http://www.google.com/bot.html)"
66.249.65.98 - - [17/Jan/2025:01:49:56 -0500] "GET /goods/2211208?keyword=%E6%BC%AB%E7%94%BB HTTP/1.1" 200 68670 "-" "Mozilla/5.0 (Linux; Android 6.0.1; Nexus 5X Build/MMB29P) AppleWebKit/537.36 (KHTML, like Gecko) Chrome/132.0.6834.83 Mobile Safari/537.36 (compatible; Googlebot/2.1; +http://www.google.com/bot.html)"
185.191.171.3 - - [17/Jan/2025:01:49:59 -0500] "GET /goods/16042 HTTP/1.1" 404 18013 "-" "Mozilla/5.0 (compatible; SemrushBot/7~bl; +http://www.semrush.com/bot.html)"
185.191.171.14 - - [17/Jan/2025:01:50:05 -0500] "GET /goods/611946 HTTP/1.1" 404 18013 "-" "Mozilla/5.0 (compatible; SemrushBot/7~bl; +http://www.semrush.com/bot.html)"
85.208.96.204 - - [17/Jan/2025:01:50:14 -0500] "GET /goods/2413176 HTTP/1.1" 404 18013 "-" "Mozilla/5.0 (compatible; SemrushBot/7~bl; +http://www.semrush.com/bot.html)"
66.249.65.99 - - [17/Jan/2025:01:50:19 -0500] "GET /show/358792 HTTP/1.1" 200 70532 "-" "Mozilla/5.0 (Linux; Android 6.0.1; Nexus 5X Build/MMB29P) AppleWebKit/537.36 (KHTML, like Gecko) Chrome/132.0.6834.83 Mobile Safari/537.36 (compatible; Googlebot/2.1; +http://www.google.com/bot.html)"
66.29.132.124 - - [17/Jan/2025:01:50:39 -0500] "POST /wp-cron.php?doing_wp_cron=1737096639.4096229076385498046875 HTTP/1.1" 200 0 "-" "WordPress/6.7.1; https://misswavenigeria.com"
185.191.171.15 - - [17/Jan/2025:01:50:39 -0500] "GET /goods/1891583 HTTP/1.1" 404 18019 "-" "Mozilla/5.0 (compatible; SemrushBot/7~bl; +http://www.semrush.com/bot.html)"
66.29.132.124 - - [17/Jan/2025:01:50:39 -0500] "POST /wp-admin/admin-ajax.php?action=async_litespeed&nonce=GHwNx2qJcmoiht86oS5bcKzFcbqJCa64&litespeed_type=imgoptm HTTP/1.1" 200 21 "-" "WordPress/6.7.1; https://misswavenigeria.com"
66.249.65.98 - - [17/Jan/2025:01:50:39 -0500] "GET /?product=Taipei14733571-135?keyword=%E6%96%87%E6%88%BF%E5%85%B7 HTTP/1.1" 200 71398 "-" "Mozilla/5.0 (Linux; Android 6.0.1; Nexus 5X Build/MMB29P) AppleWebKit/537.36 (KHTML, like Gecko) Chrome/132.0.6834.83 Mobile Safari/537.36 (compatible; Googlebot/2.1; +http://www.google.com/bot.html)"
185.191.171.16 - - [17/Jan/2025:01:50:44 -0500] "GET /goods/2389422 HTTP/1.1" 404 18013 "-" "Mozilla/5.0 (compatible; SemrushBot/7~bl; +http://www.semrush.com/bot.html)"
165.231.182.60 - - [17/Jan/2025:01:50:57 -0500] "GET / HTTP/1.0" 200 109067 "https://misswavenigeria.com/" "Mozilla/5.0 (Windows NT 6.3; Win64; x64) AppleWebKit/537.36 (KHTML, like Gecko) Chrome/103.0.0.0 Safari/537.36"
165.231.182.60 - - [17/Jan/2025:01:50:59 -0500] "GET /register/ HTTP/1.0" 200 75934 "https://misswavenigeria.com/register/" "Mozilla/5.0 (Windows NT 6.3; Win64; x64) AppleWebKit/537.36 (KHTML, like Gecko) Chrome/103.0.0.0 Safari/537.36"
185.191.171.14 - - [17/Jan/2025:01:51:11 -0500] "GET /goods/1172386 HTTP/1.1" 404 18012 "-" "Mozilla/5.0 (compatible; SemrushBot/7~bl; +http://www.semrush.com/bot.html)"
66.249.65.98 - - [17/Jan/2025:01:51:17 -0500] "GET /?product=Taipei14733571-135?keyword=%E3%80%94%C3%9730%E3%82%BB%E3%83%83%E3%83%88%E3%80%95 HTTP/1.1" 200 68099 "-" "Mozilla/5.0 (Linux; Android 6.0.1; Nexus 5X Build/MMB29P) AppleWebKit/537.36 (KHTML, like Gecko) Chrome/132.0.6834.83 Mobile Safari/537.36 (compatible; Googlebot/2.1; +http://www.google.com/bot.html)"
66.29.132.124 - - [17/Jan/2025:01:51:18 -0500] "POST /wp-cron.php?doing_wp_cron=1737096678.6649570465087890625000 HTTP/1.1" 200 0 "-" "WordPress/6.7.1; https://misswavenigeria.com"
185.191.171.11 - - [17/Jan/2025:01:51:18 -0500] "GET /goods/4423555 HTTP/1.1" 404 18013 "-" "Mozilla/5.0 (compatible; SemrushBot/7~bl; +http://www.semrush.com/bot.html)"
66.29.132.124 - - [17/Jan/2025:01:51:18 -0500] "POST /wp-admin/admin-ajax.php?action=async_litespeed&nonce=ztQmqcxhMyHKAaKNQ0BZM6epNsuGC0TL&litespeed_type=imgoptm HTTP/1.1" 200 21 "-" "WordPress/6.7.1; https://misswavenigeria.com"
66.29.132.124 - - [17/Jan/2025:01:51:26 -0500] "POST /wp-cron.php?doing_wp_cron=1737096686.2540600299835205078125 HTTP/1.1" 200 0 "-" "WordPress/6.7.1; https://misswavenigeria.com"
85.208.96.212 - - [17/Jan/2025:01:51:26 -0500] "GET /goods/2218582 HTTP/1.1" 404 18012 "-" "Mozilla/5.0 (compatible; SemrushBot/7~bl; +http://www.semrush.com/bot.html)"
185.191.171.17 - - [17/Jan/2025:01:51:31 -0500] "GET /goods/901363 HTTP/1.1" 404 18019 "-" "Mozilla/5.0 (compatible; SemrushBot/7~bl; +http://www.semrush.com/bot.html)"
185.191.171.16 - - [17/Jan/2025:01:51:52 -0500] "GET /goods/1189242 HTTP/1.1" 404 18013 "-" "Mozilla/5.0 (compatible; SemrushBot/7~bl; +http://www.semrush.com/bot.html)"
66.249.65.98 - - [17/Jan/2025:01:51:56 -0500] "GET /?product=Taipei14733571-135?keyword=%E3%82%B7%E3%83%A3%E3%83%BC%E3%83%97%E3%83%9A%E3%83%B3%E3%82%B7%E3%83%AB0.5mm HTTP/1.1" 200 68024 "-" "Mozilla/5.0 (Linux; Android 6.0.1; Nexus 5X Build/MMB29P) AppleWebKit/537.36 (KHTML, like Gecko) Chrome/132.0.6834.83 Mobile Safari/537.36 (compatible; Googlebot/2.1; +http://www.google.com/bot.html)"
185.191.171.19 - - [17/Jan/2025:01:52:06 -0500] "GET /goods/1980033 HTTP/1.1" 404 18013 "-" "Mozilla/5.0 (compatible; SemrushBot/7~bl; +http://www.semrush.com/bot.html)"
185.191.171.5 - - [17/Jan/2025:01:52:09 -0500] "GET /goods/1025399 HTTP/1.1" 404 18013 "-" "Mozilla/5.0 (compatible; SemrushBot/7~bl; +http://www.semrush.com/bot.html)"
185.191.171.4 - - [17/Jan/2025:01:52:13 -0500] "GET /goods/1527334 HTTP/1.1" 404 18013 "-" "Mozilla/5.0 (compatible; SemrushBot/7~bl; +http://www.semrush.com/bot.html)"
165.231.182.60 - - [17/Jan/2025:01:51:01 -0500] "POST /register/ HTTP/1.0" 200 76060 "https://misswavenigeria.com/register/" "Mozilla/5.0 (Windows NT 6.3; Win64; x64) AppleWebKit/537.36 (KHTML, like Gecko) Chrome/103.0.0.0 Safari/537.36"
165.231.182.60 - - [17/Jan/2025:01:52:17 -0500] "GET /register/ HTTP/1.0" 200 75934 "https://misswavenigeria.com/" "Mozilla/5.0 (Windows NT 6.3; Win64; x64) AppleWebKit/537.36 (KHTML, like Gecko) Chrome/103.0.0.0 Safari/537.36"
66.29.132.124 - - [17/Jan/2025:01:52:20 -0500] "POST /wp-cron.php?doing_wp_cron=1737096740.1120429039001464843750 HTTP/1.1" 200 0 "-" "WordPress/6.7.1; https://misswavenigeria.com"
85.208.96.196 - - [17/Jan/2025:01:52:19 -0500] "GET /goods/1120047 HTTP/1.1" 404 18012 "-" "Mozilla/5.0 (compatible; SemrushBot/7~bl; +http://www.semrush.com/bot.html)"
66.29.132.124 - - [17/Jan/2025:01:52:20 -0500] "POST /wp-admin/admin-ajax.php?action=async_litespeed&nonce=Wza1N20dD8AbKJ2COs85twbJYbNvGdch&litespeed_type=imgoptm HTTP/1.1" 200 21 "-" "WordPress/6.7.1; https://misswavenigeria.com"
185.191.171.15 - - [17/Jan/2025:01:52:22 -0500] "GET /goods/1882170 HTTP/1.1" 404 18013 "-" "Mozilla/5.0 (compatible; SemrushBot/7~bl; +http://www.semrush.com/bot.html)"
66.29.132.124 - - [17/Jan/2025:01:52:25 -0500] "POST /wp-cron.php?doing_wp_cron=1737096745.2807090282440185546875 HTTP/1.1" 200 0 "-" "WordPress/6.7.1; https://misswavenigeria.com"
185.191.171.14 - - [17/Jan/2025:01:52:25 -0500] "GET /goods/4554628 HTTP/1.1" 404 18013 "-" "Mozilla/5.0 (compatible; SemrushBot/7~bl; +http://www.semrush.com/bot.html)"
85.208.96.208 - - [17/Jan/2025:01:52:26 -0500] "GET /goods/3793093 HTTP/1.1" 404 18013 "-" "Mozilla/5.0 (compatible; SemrushBot/7~bl; +http://www.semrush.com/bot.html)"
66.249.65.98 - - [17/Jan/2025:01:52:27 -0500] "GET /goods/1565974?keyword=%E3%83%A1%E3%83%B3%E3%82%BA%E3%83%95%E3%82%A1%E3%83%83%E3%82%B7%E3%83%A7%E3%83%B3?keyword=%E5%B9%B2%E6%94%AF%E7%93%A6%E4%B8%91%E3%82%A4%E3%83%B3%E3%83%86%E3%83%AA%E3%82%A2%E5%B0%8F%E7%89%A9%E7%B4%8430%C3%9730%C3%978 HTTP/1.1" 200 67829 "-" "Mozilla/5.0 (Linux; Android 6.0.1; Nexus 5X Build/MMB29P) AppleWebKit/537.36 (KHTML, like Gecko) Chrome/132.0.6834.83 Mobile Safari/537.36 (compatible; Googlebot/2.1; +http://www.google.com/bot.html)"
185.191.171.7 - - [17/Jan/2025:01:52:34 -0500] "GET /goods/2710239 HTTP/1.1" 404 18013 "-" "Mozilla/5.0 (compatible; SemrushBot/7~bl; +http://www.semrush.com/bot.html)"
66.249.65.98 - - [17/Jan/2025:01:52:34 -0500] "GET /?product=Taipei14733571-135?keyword=%E4%BA%8B%E5%8B%99%E3%80%81%E5%BA%97%E8%88%97%E7%94%A8%E5%93%81 HTTP/1.1" 200 68055 "-" "Mozilla/5.0 (Linux; Android 6.0.1; Nexus 5X Build/MMB29P) AppleWebKit/537.36 (KHTML, like Gecko) Chrome/132.0.6834.83 Mobile Safari/537.36 (compatible; Googlebot/2.1; +http://www.google.com/bot.html)"
185.191.171.15 - - [17/Jan/2025:01:52:46 -0500] "GET /goods/4853915 HTTP/1.1" 404 18012 "-" "Mozilla/5.0 (compatible; SemrushBot/7~bl; +http://www.semrush.com/bot.html)"
66.249.65.100 - - [17/Jan/2025:01:53:09 -0500] "GET /?product=response14733542-117?keyword=%E3%82%B5%E3%83%B3%E3%82%B3%E3%83%BC/SANKO HTTP/1.1" 200 69064 "-" "Mozilla/5.0 (Linux; Android 6.0.1; Nexus 5X Build/MMB29P) AppleWebKit/537.36 (KHTML, like Gecko) Chrome/132.0.6834.83 Mobile Safari/537.36 (compatible; Googlebot/2.1; +http://www.google.com/bot.html)"
85.208.96.204 - - [17/Jan/2025:01:53:15 -0500] "GET /goods/3603408 HTTP/1.1" 404 18013 "-" "Mozilla/5.0 (compatible; SemrushBot/7~bl; +http://www.semrush.com/bot.html)"
66.249.65.99 - - [17/Jan/2025:01:53:48 -0500] "GET /?product=response14733542-117?keyword=SB-20 HTTP/1.1" 200 68756 "-" "Mozilla/5.0 (Linux; Android 6.0.1; Nexus 5X Build/MMB29P) AppleWebKit/537.36 (KHTML, like Gecko) Chrome/132.0.6834.83 Mobile Safari/537.36 (compatible; Googlebot/2.1; +http://www.google.com/bot.html)"
66.249.65.98 - - [17/Jan/2025:01:53:48 -0500] "GET /?product=response14733542-117?keyword=%E3%82%BB%E3%82%A4%E3%83%95%E3%83%86%E3%82%A3%E3%83%96%E3%83%AD%E3%83%83%E3%82%AF HTTP/1.1" 200 68182 "-" "Mozilla/5.0 (Linux; Android 6.0.1; Nexus 5X Build/MMB29P) AppleWebKit/537.36 (KHTML, like Gecko) Chrome/132.0.6834.83 Mobile Safari/537.36 (compatible; Googlebot/2.1; +http://www.google.com/bot.html)"
66.29.132.124 - - [17/Jan/2025:01:53:49 -0500] "POST /wp-cron.php?doing_wp_cron=1737096829.9618170261383056640625 HTTP/1.1" 200 0 "-" "WordPress/6.7.1; https://misswavenigeria.com"
165.231.182.60 - - [17/Jan/2025:01:53:49 -0500] "GET / HTTP/1.0" 200 109065 "https://misswavenigeria.com/" "Mozilla/5.0 (Windows NT 10.0; WOW64) AppleWebKit/537.36 (KHTML, like Gecko) Chrome/103.0.5060.114 Safari/537.36"
66.29.132.124 - - [17/Jan/2025:01:53:50 -0500] "POST /wp-admin/admin-ajax.php?action=async_litespeed&nonce=vh1Usqn1zhiVu1fOSGfLfZSIMUGOswQ6&litespeed_type=imgoptm HTTP/1.1" 200 21 "-" "WordPress/6.7.1; https://misswavenigeria.com"
165.231.182.60 - - [17/Jan/2025:01:53:52 -0500] "GET /register/ HTTP/1.0" 200 75934 "https://misswavenigeria.com/register/" "Mozilla/5.0 (Windows NT 10.0; WOW64) AppleWebKit/537.36 (KHTML, like Gecko) Chrome/103.0.5060.114 Safari/537.36"
85.208.96.204 - - [17/Jan/2025:01:54:10 -0500] "GET /goods/365881 HTTP/1.1" 404 18012 "-" "Mozilla/5.0 (compatible; SemrushBot/7~bl; +http://www.semrush.com/bot.html)"
85.208.96.203 - - [17/Jan/2025:01:54:13 -0500] "GET /goods/3647465 HTTP/1.1" 404 18012 "-" "Mozilla/5.0 (compatible; SemrushBot/7~bl; +http://www.semrush.com/bot.html)"
185.191.171.4 - - [17/Jan/2025:01:54:17 -0500] "GET /goods/2237307 HTTP/1.1" 404 18012 "-" "Mozilla/5.0 (compatible; SemrushBot/7~bl; +http://www.semrush.com/bot.html)"
66.249.65.99 - - [17/Jan/2025:01:54:25 -0500] "GET /?product=response14733542-117?keyword=%E4%BD%8F%E3%81%BE%E3%81%84%E3%80%81%E3%82%A4%E3%83%B3%E3%83%86%E3%83%AA%E3%82%A2 HTTP/1.1" 200 69044 "-" "Mozilla/5.0 (Linux; Android 6.0.1; Nexus 5X Build/MMB29P) AppleWebKit/537.36 (KHTML, like Gecko) Chrome/132.0.6834.83 Mobile Safari/537.36 (compatible; Googlebot/2.1; +http://www.google.com/bot.html)"
66.29.132.124 - - [17/Jan/2025:01:54:32 -0500] "POST /wp-cron.php?doing_wp_cron=1737096872.9662060737609863281250 HTTP/1.1" 200 0 "-" "WordPress/6.7.1; https://misswavenigeria.com"
85.208.96.194 - - [17/Jan/2025:01:54:32 -0500] "GET /goods/2295787 HTTP/1.1" 404 18013 "-" "Mozilla/5.0 (compatible; SemrushBot/7~bl; +http://www.semrush.com/bot.html)"
66.29.132.124 - - [17/Jan/2025:01:54:33 -0500] "POST /wp-admin/admin-ajax.php?action=async_litespeed&nonce=fgoVnFK0qKglepqapevvcakzxaQJBJ5p&litespeed_type=imgoptm HTTP/1.1" 200 21 "-" "WordPress/6.7.1; https://misswavenigeria.com"
185.191.171.5 - - [17/Jan/2025:01:54:44 -0500] "GET /goods/3907458 HTTP/1.1" 404 18013 "-" "Mozilla/5.0 (compatible; SemrushBot/7~bl; +http://www.semrush.com/bot.html)"
165.231.182.60 - - [17/Jan/2025:01:53:54 -0500] "POST /register/ HTTP/1.0" 200 76060 "https://misswavenigeria.com/register/" "Mozilla/5.0 (Windows NT 10.0; WOW64) AppleWebKit/537.36 (KHTML, like Gecko) Chrome/103.0.5060.114 Safari/537.36"
165.231.182.60 - - [17/Jan/2025:01:54:59 -0500] "GET /register/ HTTP/1.0" 200 75934 "https://misswavenigeria.com/" "Mozilla/5.0 (Windows NT 10.0; WOW64) AppleWebKit/537.36 (KHTML, like Gecko) Chrome/103.0.5060.114 Safari/537.36"
66.249.65.100 - - [17/Jan/2025:01:55:01 -0500] "GET /goods/2925003 HTTP/1.1" 200 67978 "-" "Mozilla/5.0 (Linux; Android 6.0.1; Nexus 5X Build/MMB29P) AppleWebKit/537.36 (KHTML, like Gecko) Chrome/132.0.6834.83 Mobile Safari/537.36 (compatible; Googlebot/2.1; +http://www.google.com/bot.html)"
85.208.96.203 - - [17/Jan/2025:01:55:06 -0500] "GET /goods/1292999 HTTP/1.1" 404 18013 "-" "Mozilla/5.0 (compatible; SemrushBot/7~bl; +http://www.semrush.com/bot.html)"
185.191.171.17 - - [17/Jan/2025:01:55:09 -0500] "GET /goods/464215 HTTP/1.1" 404 18013 "-" "Mozilla/5.0 (compatible; SemrushBot/7~bl; +http://www.semrush.com/bot.html)"
66.249.65.99 - - [17/Jan/2025:01:55:08 -0500] "GET /static/3501982?keyword=%E3%82%B4%E3%83%BC%E3%83%AB%E3%83%89%EF%BC%88%E3%83%94%E3%83%B3%E3%82%AF%E3%82%B4%E3%83%BC%E3%83%AB%E3%83%89%EF%BC%89%E6%9C%AC%E4%BD%9364GB?keyword=%E3%82%B3%E3%82%A4%E3%83%B3%E3%82%AB%E3%82%BF%E3%83%AD%E3%82%B0 HTTP/1.1" 200 67940 "-" "Mozilla/5.0 (compatible; Googlebot/2.1; +http://www.google.com/bot.html)"
66.249.65.98 - - [17/Jan/2025:01:55:17 -0500] "GET /?product=response14733542-117?keyword=%E3%83%AF%E3%82%A4%E3%83%A4%E3%83%BC%E3%83%AD%E3%83%BC%E3%83%97%E5%BC%8F HTTP/1.1" 200 70345 "-" "Mozilla/5.0 (Linux; Android 6.0.1; Nexus 5X Build/MMB29P) AppleWebKit/537.36 (KHTML, like Gecko) Chrome/132.0.6834.83 Mobile Safari/537.36 (compatible; Googlebot/2.1; +http://www.google.com/bot.html)"
66.29.132.124 - - [17/Jan/2025:01:55:28 -0500] "POST /wp-cron.php?doing_wp_cron=1737096928.7825150489807128906250 HTTP/1.1" 200 0 "-" "WordPress/6.7.1; https://misswavenigeria.com"
85.208.96.204 - - [17/Jan/2025:01:55:28 -0500] "GET /goods/1831133 HTTP/1.1" 404 18013 "-" "Mozilla/5.0 (compatible; SemrushBot/7~bl; +http://www.semrush.com/bot.html)"
66.29.132.124 - - [17/Jan/2025:01:55:28 -0500] "POST /wp-admin/admin-ajax.php?action=async_litespeed&nonce=sxmpMWFB3788mph4QF0Q07ZX6mewB8dv&litespeed_type=imgoptm HTTP/1.1" 200 21 "-" "WordPress/6.7.1; https://misswavenigeria.com"
185.191.171.5 - - [17/Jan/2025:01:55:54 -0500] "GET /goods/367439 HTTP/1.1" 404 18011 "-" "Mozilla/5.0 (compatible; SemrushBot/7~bl; +http://www.semrush.com/bot.html)"
66.249.65.98 - - [17/Jan/2025:01:55:54 -0500] "GET /?product=response14733542-117?keyword=%E3%82%BF%E3%82%A4%E3%82%BF%E3%83%B3/TITAN HTTP/1.1" 200 70109 "-" "Mozilla/5.0 (Linux; Android 6.0.1; Nexus 5X Build/MMB29P) AppleWebKit/537.36 (KHTML, like Gecko) Chrome/132.0.6834.83 Mobile Safari/537.36 (compatible; Googlebot/2.1; +http://www.google.com/bot.html)"
185.191.171.11 - - [17/Jan/2025:01:55:57 -0500] "GET /goods/2555594 HTTP/1.1" 404 18012 "-" "Mozilla/5.0 (compatible; SemrushBot/7~bl; +http://www.semrush.com/bot.html)"
185.191.171.11 - - [17/Jan/2025:01:56:11 -0500] "GET /goods/808209 HTTP/1.1" 404 18012 "-" "Mozilla/5.0 (compatible; SemrushBot/7~bl; +http://www.semrush.com/bot.html)"
85.208.96.204 - - [17/Jan/2025:01:56:13 -0500] "GET /goods/1546513 HTTP/1.1" 404 18012 "-" "Mozilla/5.0 (compatible; SemrushBot/7~bl; +http://www.semrush.com/bot.html)"
66.29.132.124 - - [17/Jan/2025:01:56:21 -0500] "POST /wp-cron.php?doing_wp_cron=1737096981.3533658981323242187500 HTTP/1.1" 200 0 "-" "WordPress/6.7.1; https://misswavenigeria.com"
85.208.96.204 - - [17/Jan/2025:01:56:21 -0500] "GET /goods/4045942 HTTP/1.1" 404 18013 "-" "Mozilla/5.0 (compatible; SemrushBot/7~bl; +http://www.semrush.com/bot.html)"
66.29.132.124 - - [17/Jan/2025:01:56:21 -0500] "POST /wp-admin/admin-ajax.php?action=async_litespeed&nonce=I9JvX6TZzlBQhs21TVtdQVS9dMMInDff&litespeed_type=imgoptm HTTP/1.1" 200 21 "-" "WordPress/6.7.1; https://misswavenigeria.com"
185.191.171.10 - - [17/Jan/2025:01:56:24 -0500] "GET /goods/804958 HTTP/1.1" 404 18013 "-" "Mozilla/5.0 (compatible; SemrushBot/7~bl; +http://www.semrush.com/bot.html)"
66.249.65.98 - - [17/Jan/2025:01:56:23 -0500] "GET /goods/583974 HTTP/1.1" 200 69930 "-" "Mozilla/5.0 (Linux; Android 6.0.1; Nexus 5X Build/MMB29P) AppleWebKit/537.36 (KHTML, like Gecko) Chrome/132.0.6834.83 Mobile Safari/537.36 (compatible; Googlebot/2.1; +http://www.google.com/bot.html)"
66.29.132.124 - - [17/Jan/2025:01:56:26 -0500] "POST /wp-cron.php?doing_wp_cron=1737096986.1544969081878662109375 HTTP/1.1" 200 0 "-" "WordPress/6.7.1; https://misswavenigeria.com"
85.208.96.211 - - [17/Jan/2025:01:56:25 -0500] "GET /goods/313020 HTTP/1.1" 404 18012 "-" "Mozilla/5.0 (compatible; SemrushBot/7~bl; +http://www.semrush.com/bot.html)"
185.191.171.4 - - [17/Jan/2025:01:56:28 -0500] "GET /goods/541438 HTTP/1.1" 404 18013 "-" "Mozilla/5.0 (compatible; SemrushBot/7~bl; +http://www.semrush.com/bot.html)"
66.249.65.98 - - [17/Jan/2025:01:56:36 -0500] "GET /?product=reflector14733564-398?keyword=%E3%83%95%E3%82%A1%E3%83%83%E3%82%B7%E3%83%A7%E3%83%B3 HTTP/1.1" 200 69978 "-" "Mozilla/5.0 (Linux; Android 6.0.1; Nexus 5X Build/MMB29P) AppleWebKit/537.36 (KHTML, like Gecko) Chrome/132.0.6834.83 Mobile Safari/537.36 (compatible; Googlebot/2.1; +http://www.google.com/bot.html)"
185.191.171.7 - - [17/Jan/2025:01:56:39 -0500] "GET /goods/1966944 HTTP/1.1" 404 18013 "-" "Mozilla/5.0 (compatible; SemrushBot/7~bl; +http://www.semrush.com/bot.html)"
185.191.171.7 - - [17/Jan/2025:01:56:45 -0500] "GET /goods/1728489 HTTP/1.1" 404 18012 "-" "Mozilla/5.0 (compatible; SemrushBot/7~bl; +http://www.semrush.com/bot.html)"
165.231.182.60 - - [17/Jan/2025:01:56:47 -0500] "GET / HTTP/1.0" 200 109065 "https://misswavenigeria.com/" "Mozilla/5.0 (Windows NT 6.3; Win64; x64) AppleWebKit/537.36 (KHTML, like Gecko) Chrome/103.0.5060.114 Safari/537.36"
185.191.171.3 - - [17/Jan/2025:01:56:49 -0500] "GET /goods/2657742 HTTP/1.1" 404 18012 "-" "Mozilla/5.0 (compatible; SemrushBot/7~bl; +http://www.semrush.com/bot.html)"
165.231.182.60 - - [17/Jan/2025:01:56:50 -0500] "GET /register/ HTTP/1.0" 200 75934 "https://misswavenigeria.com/register/" "Mozilla/5.0 (Windows NT 6.3; Win64; x64) AppleWebKit/537.36 (KHTML, like Gecko) Chrome/103.0.5060.114 Safari/537.36"
85.208.96.206 - - [17/Jan/2025:01:56:59 -0500] "GET /goods/679864 HTTP/1.1" 404 18018 "-" "Mozilla/5.0 (compatible; SemrushBot/7~bl; +http://www.semrush.com/bot.html)"
66.249.65.100 - - [17/Jan/2025:01:57:07 -0500] "GET /?product=Taipei14733571-135?keyword=%E3%80%90%E6%96%B0%E5%93%81%E3%80%91(%E3%81%BE%E3%81%A8%E3%82%81) HTTP/1.1" 200 68111 "-" "Mozilla/5.0 (Linux; Android 6.0.1; Nexus 5X Build/MMB29P) AppleWebKit/537.36 (KHTML, like Gecko) Chrome/132.0.6834.83 Mobile Safari/537.36 (compatible; Googlebot/2.1; +http://www.google.com/bot.html)"
66.249.65.98 - - [17/Jan/2025:01:57:38 -0500] "GET /?product=reflector14733564-398?keyword=%E3%83%AC%E3%83%87%E3%82%A3%E3%83%BC%E3%82%B9%E3%83%90%E3%83%83%E3%82%B0 HTTP/1.1" 200 68011 "-" "Mozilla/5.0 (Linux; Android 6.0.1; Nexus 5X Build/MMB29P) AppleWebKit/537.36 (KHTML, like Gecko) Chrome/132.0.6834.83 Mobile Safari/537.36 (compatible; Googlebot/2.1; +http://www.google.com/bot.html)"
165.231.182.60 - - [17/Jan/2025:01:56:51 -0500] "POST /register/ HTTP/1.0" 200 76060 "https://misswavenigeria.com/register/" "Mozilla/5.0 (Windows NT 6.3; Win64; x64) AppleWebKit/537.36 (KHTML, like Gecko) Chrome/103.0.5060.114 Safari/537.36"
66.29.132.124 - - [17/Jan/2025:01:57:59 -0500] "POST /wp-cron.php?doing_wp_cron=1737097079.6023440361022949218750 HTTP/1.1" 200 0 "-" "WordPress/6.7.1; https://misswavenigeria.com"
165.231.182.60 - - [17/Jan/2025:01:57:59 -0500] "GET /register/ HTTP/1.0" 200 75934 "https://misswavenigeria.com/" "Mozilla/5.0 (Windows NT 6.3; Win64; x64) AppleWebKit/537.36 (KHTML, like Gecko) Chrome/103.0.5060.114 Safari/537.36"
66.29.132.124 - - [17/Jan/2025:01:57:59 -0500] "POST /wp-admin/admin-ajax.php?action=async_litespeed&nonce=EpMzCjisURjJq5YYnYu8snsnRATVnbbN&litespeed_type=imgoptm HTTP/1.1" 200 21 "-" "WordPress/6.7.1; https://misswavenigeria.com"
85.208.96.195 - - [17/Jan/2025:01:58:13 -0500] "GET /goods/4851571 HTTP/1.1" 404 18013 "-" "Mozilla/5.0 (compatible; SemrushBot/7~bl; +http://www.semrush.com/bot.html)"
66.249.65.98 - - [17/Jan/2025:01:58:15 -0500] "GET /?product=conception14733557-943?keyword=%E3%83%AD%E3%83%B3%E3%82%B0%E3%82%B3%E3%83%BC%E3%83%88 HTTP/1.1" 200 70056 "-" "Mozilla/5.0 (Linux; Android 6.0.1; Nexus 5X Build/MMB29P) AppleWebKit/537.36 (KHTML, like Gecko) Chrome/132.0.6834.83 Mobile Safari/537.36 (compatible; Googlebot/2.1; +http://www.google.com/bot.html)"
66.29.132.124 - - [17/Jan/2025:01:58:21 -0500] "POST /wp-cron.php?doing_wp_cron=1737097101.5230588912963867187500 HTTP/1.1" 200 0 "-" "WordPress/6.7.1; https://misswavenigeria.com"
185.191.171.9 - - [17/Jan/2025:01:58:21 -0500] "GET /goods/3675294 HTTP/1.1" 404 18013 "-" "Mozilla/5.0 (compatible; SemrushBot/7~bl; +http://www.semrush.com/bot.html)"
66.29.132.124 - - [17/Jan/2025:01:58:21 -0500] "POST /wp-admin/admin-ajax.php?action=async_litespeed&nonce=OZcmRsbPSnUfBMxEJ1ClQqjBSXW7SFFj&litespeed_type=imgoptm HTTP/1.1" 200 21 "-" "WordPress/6.7.1; https://misswavenigeria.com"
85.208.96.207 - - [17/Jan/2025:01:58:23 -0500] "GET /goods/4159887 HTTP/1.1" 404 18013 "-" "Mozilla/5.0 (compatible; SemrushBot/7~bl; +http://www.semrush.com/bot.html)"
66.29.132.124 - - [17/Jan/2025:01:58:25 -0500] "POST /wp-cron.php?doing_wp_cron=1737097105.4554159641265869140625 HTTP/1.1" 200 0 "-" "WordPress/6.7.1; https://misswavenigeria.com"
85.208.96.207 - - [17/Jan/2025:01:58:25 -0500] "GET /home-blog-3-columns/ HTTP/1.1" 200 20106 "-" "Mozilla/5.0 (compatible; SemrushBot/7~bl; +http://www.semrush.com/bot.html)"
85.208.96.204 - - [17/Jan/2025:01:58:46 -0500] "GET /goods/2894448 HTTP/1.1" 404 18012 "-" "Mozilla/5.0 (compatible; SemrushBot/7~bl; +http://www.semrush.com/bot.html)"
66.249.65.98 - - [17/Jan/2025:01:58:50 -0500] "GET /?product=conception14733557-943?keyword=%E3%82%BF%E3%83%83%E3%82%AF HTTP/1.1" 200 68739 "-" "Mozilla/5.0 (Linux; Android 6.0.1; Nexus 5X Build/MMB29P) AppleWebKit/537.36 (KHTML, like Gecko) Chrome/132.0.6834.83 Mobile Safari/537.36 (compatible; Googlebot/2.1; +http://www.google.com/bot.html)"
185.191.171.17 - - [17/Jan/2025:01:59:12 -0500] "GET /goods/1220347 HTTP/1.1" 404 18018 "-" "Mozilla/5.0 (compatible; SemrushBot/7~bl; +http://www.semrush.com/bot.html)"
66.249.65.99 - - [17/Jan/2025:01:59:11 -0500] "GET /static/4512675?keyword=%E3%82%B9%E3%83%BC%E3%83%84?keyword=%E3%82%B3%E3%83%BC%E3%82%B9%E3%82%BF%E3%83%BC HTTP/1.1" 200 68784 "-" "Mozilla/5.0 (compatible; Googlebot/2.1; +http://www.google.com/bot.html)"
85.208.96.206 - - [17/Jan/2025:01:59:16 -0500] "GET /goods/1566237 HTTP/1.1" 404 18013 "-" "Mozilla/5.0 (compatible; SemrushBot/7~bl; +http://www.semrush.com/bot.html)"
66.249.65.98 - - [17/Jan/2025:01:59:25 -0500] "GET /?product=conception14733557-943?keyword=%E3%83%AC%E3%83%87%E3%82%A3%E3%83%BC%E3%82%B9 HTTP/1.1" 200 68995 "-" "Mozilla/5.0 (Linux; Android 6.0.1; Nexus 5X Build/MMB29P) AppleWebKit/537.36 (KHTML, like Gecko) Chrome/132.0.6834.83 Mobile Safari/537.36 (compatible; Googlebot/2.1; +http://www.google.com/bot.html)"
66.29.132.124 - - [17/Jan/2025:01:59:42 -0500] "POST /wp-cron.php?doing_wp_cron=1737097182.0746059417724609375000 HTTP/1.1" 200 0 "-" "WordPress/6.7.1; https://misswavenigeria.com"
165.231.182.60 - - [17/Jan/2025:01:59:41 -0500] "GET / HTTP/1.0" 200 109065 "https://misswavenigeria.com/" "Mozilla/5.0 (Windows NT 6.3; Win64; x64) AppleWebKit/537.36 (KHTML, like Gecko) Chrome/103.0.5060.53 Safari/537.36"
66.29.132.124 - - [17/Jan/2025:01:59:42 -0500] "POST /wp-admin/admin-ajax.php?action=async_litespeed&nonce=Qap5ymY8KRY2lprQJ1At8P91DfkfSfof&litespeed_type=imgoptm HTTP/1.1" 200 21 "-" "WordPress/6.7.1; https://misswavenigeria.com"
