185.191.171.7 - - [17/Jan/2025:01:11:40 -0500] "GET /goods/4574967 HTTP/1.1" 404 18012 "-" "Mozilla/5.0 (compatible; SemrushBot/7~bl; +http://www.semrush.com/bot.html)"
85.208.96.194 - - [17/Jan/2025:01:11:42 -0500] "GET /goods/735289 HTTP/1.1" 404 18013 "-" "Mozilla/5.0 (compatible; SemrushBot/7~bl; +http://www.semrush.com/bot.html)"
85.208.96.198 - - [17/Jan/2025:01:11:44 -0500] "GET /goods/3304851 HTTP/1.1" 404 18019 "-" "Mozilla/5.0 (compatible; SemrushBot/7~bl; +http://www.semrush.com/bot.html)"
85.208.96.209 - - [17/Jan/2025:01:11:46 -0500] "GET /goods/4439123 HTTP/1.1" 404 18012 "-" "Mozilla/5.0 (compatible; SemrushBot/7~bl; +http://www.semrush.com/bot.html)"
85.208.96.209 - - [17/Jan/2025:01:11:55 -0500] "GET /goods/1227809 HTTP/1.1" 404 18012 "-" "Mozilla/5.0 (compatible; SemrushBot/7~bl; +http://www.semrush.com/bot.html)"
47.128.111.159 - - [17/Jan/2025:01:12:02 -0500] "GET /wp-mail.php HTTP/1.1" 403 958 "-" "Mozilla/5.0 (Linux; Android 5.0) AppleWebKit/537.36 (KHTML, like Gecko) Mobile Safari/537.36 (compatible; Bytespider; spider-feedback@bytedance.com)"
165.231.182.60 - - [17/Jan/2025:01:12:14 -0500] "GET / HTTP/1.0" 200 109065 "https://misswavenigeria.com/" "Mozilla/5.0 (Windows NT 10.0; Win64; x64) AppleWebKit/537.36 (KHTML, like Gecko) Chrome/103.0.5060.53 Safari/537.36"
165.231.182.60 - - [17/Jan/2025:01:12:17 -0500] "GET /register/ HTTP/1.0" 200 75934 "https://misswavenigeria.com/register/" "Mozilla/5.0 (Windows NT 10.0; Win64; x64) AppleWebKit/537.36 (KHTML, like Gecko) Chrome/103.0.5060.53 Safari/537.36"
66.29.132.124 - - [17/Jan/2025:01:12:18 -0500] "POST /wp-cron.php?doing_wp_cron=1737094338.9609100818634033203125 HTTP/1.1" 200 0 "-" "WordPress/6.7.1; https://misswavenigeria.com"
66.29.132.124 - - [17/Jan/2025:01:12:19 -0500] "POST /wp-admin/admin-ajax.php?action=async_litespeed&nonce=SdvnTBe3dAJc2mcnuZiYj3HcLVvITTg7&litespeed_type=imgoptm HTTP/1.1" 200 21 "-" "WordPress/6.7.1; https://misswavenigeria.com"
66.29.132.124 - - [17/Jan/2025:01:12:26 -0500] "POST /wp-cron.php?doing_wp_cron=1737094346.8839359283447265625000 HTTP/1.1" 200 0 "-" "WordPress/6.7.1; https://misswavenigeria.com"
85.208.96.194 - - [17/Jan/2025:01:12:26 -0500] "GET /goods/904740 HTTP/1.1" 404 18012 "-" "Mozilla/5.0 (compatible; SemrushBot/7~bl; +http://www.semrush.com/bot.html)"
66.249.65.99 - - [17/Jan/2025:01:12:31 -0500] "GET /robots.txt HTTP/1.1" 200 103 "-" "Mozilla/5.0 (compatible; Googlebot/2.1; +http://www.google.com/bot.html)"
185.191.171.9 - - [17/Jan/2025:01:12:59 -0500] "GET /goods/2092342 HTTP/1.1" 404 18013 "-" "Mozilla/5.0 (compatible; SemrushBot/7~bl; +http://www.semrush.com/bot.html)"
185.191.171.4 - - [17/Jan/2025:01:13:13 -0500] "GET /goods/646507 HTTP/1.1" 404 18011 "-" "Mozilla/5.0 (compatible; SemrushBot/7~bl; +http://www.semrush.com/bot.html)"
85.208.96.198 - - [17/Jan/2025:01:13:16 -0500] "GET /goods/4273087 HTTP/1.1" 404 18013 "-" "Mozilla/5.0 (compatible; SemrushBot/7~bl; +http://www.semrush.com/bot.html)"
66.29.132.124 - - [17/Jan/2025:01:13:38 -0500] "POST /wp-cron.php?doing_wp_cron=1737094418.4786779880523681640625 HTTP/1.1" 200 0 "-" "WordPress/6.7.1; https://misswavenigeria.com"
185.191.171.12 - - [17/Jan/2025:01:13:38 -0500] "GET /goods/1450042 HTTP/1.1" 404 18013 "-" "Mozilla/5.0 (compatible; SemrushBot/7~bl; +http://www.semrush.com/bot.html)"
66.29.132.124 - - [17/Jan/2025:01:13:38 -0500] "POST /wp-admin/admin-ajax.php?action=async_litespeed&nonce=oymKFiZIOUl4QleIgjZuwbX7bls9vpO4&litespeed_type=imgoptm HTTP/1.1" 200 21 "-" "WordPress/6.7.1; https://misswavenigeria.com"
85.208.96.204 - - [17/Jan/2025:01:13:40 -0500] "GET /goods/3221239 HTTP/1.1" 404 18012 "-" "Mozilla/5.0 (compatible; SemrushBot/7~bl; +http://www.semrush.com/bot.html)"
66.249.65.98 - - [17/Jan/2025:01:13:49 -0500] "GET /robots.txt HTTP/1.1" 200 103 "-" "Mozilla/5.0 (compatible; Googlebot/2.1; +http://www.google.com/bot.html)"
85.208.96.209 - - [17/Jan/2025:01:13:50 -0500] "GET /goods/2255670 HTTP/1.1" 404 18012 "-" "Mozilla/5.0 (compatible; SemrushBot/7~bl; +http://www.semrush.com/bot.html)"
165.231.182.60 - - [17/Jan/2025:01:12:18 -0500] "POST /register/ HTTP/1.0" 200 76060 "https://misswavenigeria.com/register/" "Mozilla/5.0 (Windows NT 10.0; Win64; x64) AppleWebKit/537.36 (KHTML, like Gecko) Chrome/103.0.5060.53 Safari/537.36"
165.231.182.60 - - [17/Jan/2025:01:13:55 -0500] "GET /register/ HTTP/1.0" 200 75934 "https://misswavenigeria.com/" "Mozilla/5.0 (Windows NT 10.0; Win64; x64) AppleWebKit/537.36 (KHTML, like Gecko) Chrome/103.0.5060.53 Safari/537.36"
85.208.96.203 - - [17/Jan/2025:01:14:04 -0500] "GET /goods/3864209 HTTP/1.1" 404 18013 "-" "Mozilla/5.0 (compatible; SemrushBot/7~bl; +http://www.semrush.com/bot.html)"
185.191.171.10 - - [17/Jan/2025:01:14:11 -0500] "GET /goods/3439070 HTTP/1.1" 404 18012 "-" "Mozilla/5.0 (compatible; SemrushBot/7~bl; +http://www.semrush.com/bot.html)"
66.29.132.124 - - [17/Jan/2025:01:14:21 -0500] "POST /wp-cron.php?doing_wp_cron=1737094461.0530970096588134765625 HTTP/1.1" 200 0 "-" "WordPress/6.7.1; https://misswavenigeria.com"
85.208.96.204 - - [17/Jan/2025:01:14:20 -0500] "GET /goods/2371532 HTTP/1.1" 404 18013 "-" "Mozilla/5.0 (compatible; SemrushBot/7~bl; +http://www.semrush.com/bot.html)"
66.29.132.124 - - [17/Jan/2025:01:14:21 -0500] "POST /wp-admin/admin-ajax.php?action=async_litespeed&nonce=PTeakisVoFgNaw5VDyols2SPc24J4col&litespeed_type=imgoptm HTTP/1.1" 200 0 "-" "WordPress/6.7.1; https://misswavenigeria.com"
66.29.132.124 - - [17/Jan/2025:01:14:55 -0500] "POST /wp-cron.php?doing_wp_cron=1737094495.1503911018371582031250 HTTP/1.1" 200 0 "-" "WordPress/6.7.1; https://misswavenigeria.com"
185.191.171.1 - - [17/Jan/2025:01:14:52 -0500] "GET /goods/2663057 HTTP/1.1" 404 18013 "-" "Mozilla/5.0 (compatible; SemrushBot/7~bl; +http://www.semrush.com/bot.html)"
66.249.65.100 - - [17/Jan/2025:01:15:07 -0500] "GET /robots.txt HTTP/1.1" 200 103 "-" "Mozilla/5.0 (compatible; Googlebot/2.1; +http://www.google.com/bot.html)"
165.231.182.60 - - [17/Jan/2025:01:15:06 -0500] "GET / HTTP/1.0" 200 109067 "https://misswavenigeria.com/" "Mozilla/5.0 (Windows NT 10.0; WOW64) AppleWebKit/537.36 (KHTML, like Gecko) Chrome/103.0.5060.114 Safari/537.36"
165.231.182.60 - - [17/Jan/2025:01:15:13 -0500] "GET /register/ HTTP/1.0" 200 75934 "https://misswavenigeria.com/register/" "Mozilla/5.0 (Windows NT 10.0; WOW64) AppleWebKit/537.36 (KHTML, like Gecko) Chrome/103.0.5060.114 Safari/537.36"
66.29.132.124 - - [17/Jan/2025:01:15:18 -0500] "POST /wp-cron.php?doing_wp_cron=1737094518.0558009147644042968750 HTTP/1.1" 200 0 "-" "WordPress/6.7.1; https://misswavenigeria.com"
85.208.96.210 - - [17/Jan/2025:01:15:17 -0500] "GET /goods/3459807 HTTP/1.1" 404 18013 "-" "Mozilla/5.0 (compatible; SemrushBot/7~bl; +http://www.semrush.com/bot.html)"
66.29.132.124 - - [17/Jan/2025:01:15:23 -0500] "POST /wp-admin/admin-ajax.php?action=async_litespeed&nonce=0rkRrJoyfYfRUozW0taBfwmpZ1QDaBNg&litespeed_type=imgoptm HTTP/1.1" 200 0 "-" "WordPress/6.7.1; https://misswavenigeria.com"
66.29.132.124 - - [17/Jan/2025:01:15:28 -0500] "POST /wp-cron.php?doing_wp_cron=1737094528.0429880619049072265625 HTTP/1.1" 200 0 "-" "WordPress/6.7.1; https://misswavenigeria.com"
185.191.171.7 - - [17/Jan/2025:01:15:25 -0500] "GET /goods/1043208 HTTP/1.1" 404 18012 "-" "Mozilla/5.0 (compatible; SemrushBot/7~bl; +http://www.semrush.com/bot.html)"
185.191.171.17 - - [17/Jan/2025:01:15:32 -0500] "GET /goods/1533414 HTTP/1.1" 404 18018 "-" "Mozilla/5.0 (compatible; SemrushBot/7~bl; +http://www.semrush.com/bot.html)"
185.191.171.18 - - [17/Jan/2025:01:15:38 -0500] "GET /goods/2081696 HTTP/1.1" 404 18013 "-" "Mozilla/5.0 (compatible; SemrushBot/7~bl; +http://www.semrush.com/bot.html)"
165.231.182.60 - - [17/Jan/2025:01:15:15 -0500] "POST /register/ HTTP/1.0" 200 0 "https://misswavenigeria.com/register/" "Mozilla/5.0 (Windows NT 10.0; WOW64) AppleWebKit/537.36 (KHTML, like Gecko) Chrome/103.0.5060.114 Safari/537.36"
185.191.171.17 - - [17/Jan/2025:01:15:45 -0500] "GET /goods/1798695 HTTP/1.1" 404 18012 "-" "Mozilla/5.0 (compatible; SemrushBot/7~bl; +http://www.semrush.com/bot.html)"
185.191.171.4 - - [17/Jan/2025:01:15:53 -0500] "GET /goods/246720 HTTP/1.1" 404 18012 "-" "Mozilla/5.0 (compatible; SemrushBot/7~bl; +http://www.semrush.com/bot.html)"
85.208.96.198 - - [17/Jan/2025:01:16:00 -0500] "GET /goods/3926715 HTTP/1.1" 404 18012 "-" "Mozilla/5.0 (compatible; SemrushBot/7~bl; +http://www.semrush.com/bot.html)"
185.191.171.16 - - [17/Jan/2025:01:16:08 -0500] "GET /goods/1165870 HTTP/1.1" 404 18011 "-" "Mozilla/5.0 (compatible; SemrushBot/7~bl; +http://www.semrush.com/bot.html)"
66.29.132.124 - - [17/Jan/2025:01:16:18 -0500] "POST /wp-cron.php?doing_wp_cron=1737094578.2647349834442138671875 HTTP/1.1" 200 0 "-" "WordPress/6.7.1; https://misswavenigeria.com"
85.208.96.200 - - [17/Jan/2025:01:16:16 -0500] "GET /goods/4163619 HTTP/1.1" 404 18011 "-" "Mozilla/5.0 (compatible; SemrushBot/7~bl; +http://www.semrush.com/bot.html)"
66.29.132.124 - - [17/Jan/2025:01:16:20 -0500] "POST /wp-admin/admin-ajax.php?action=async_litespeed&nonce=uIkLAWmRFxi5F5TS0EwZLxi15k0sXCfr&litespeed_type=imgoptm HTTP/1.1" 200 0 "-" "WordPress/6.7.1; https://misswavenigeria.com"
66.249.65.100 - - [17/Jan/2025:01:16:24 -0500] "GET /robots.txt HTTP/1.1" 200 103 "-" "Mozilla/5.0 (compatible; Googlebot/2.1; +http://www.google.com/bot.html)"
66.29.132.124 - - [17/Jan/2025:01:16:28 -0500] "POST /wp-cron.php?doing_wp_cron=1737094588.9468181133270263671875 HTTP/1.1" 200 0 "-" "WordPress/6.7.1; https://misswavenigeria.com"
85.208.96.198 - - [17/Jan/2025:01:16:27 -0500] "GET /goods/773316 HTTP/1.1" 404 18012 "-" "Mozilla/5.0 (compatible; SemrushBot/7~bl; +http://www.semrush.com/bot.html)"
85.208.96.209 - - [17/Jan/2025:01:16:51 -0500] "GET /goods/4116020 HTTP/1.1" 404 18019 "-" "Mozilla/5.0 (compatible; SemrushBot/7~bl; +http://www.semrush.com/bot.html)"
66.249.65.98 - - [17/Jan/2025:01:16:55 -0500] "GET /static/2036977?keyword=%E3%83%95%E3%82%A1%E3%82%A4%E3%83%8A%E3%83%AB HTTP/1.1" 200 68534 "-" "Mozilla/5.0 (compatible; Googlebot/2.1; +http://www.google.com/bot.html)"
185.191.171.16 - - [17/Jan/2025:01:17:15 -0500] "GET /goods/3843178 HTTP/1.1" 404 18013 "-" "Mozilla/5.0 (compatible; SemrushBot/7~bl; +http://www.semrush.com/bot.html)"
66.29.132.124 - - [17/Jan/2025:01:17:27 -0500] "POST /wp-cron.php?doing_wp_cron=1737094647.5438239574432373046875 HTTP/1.1" 200 0 "-" "WordPress/6.7.1; https://misswavenigeria.com"
185.191.171.1 - - [17/Jan/2025:01:17:25 -0500] "GET /goods/3070354 HTTP/1.1" 404 18013 "-" "Mozilla/5.0 (compatible; SemrushBot/7~bl; +http://www.semrush.com/bot.html)"
66.29.132.124 - - [17/Jan/2025:01:17:28 -0500] "POST /wp-admin/admin-ajax.php?action=async_litespeed&nonce=sr3Ia6y1qdfwpZ1FhuzLX1fyOz00AIem&litespeed_type=imgoptm HTTP/1.1" 200 0 "-" "WordPress/6.7.1; https://misswavenigeria.com"
85.208.96.210 - - [17/Jan/2025:01:17:31 -0500] "GET /goods/505480 HTTP/1.1" 404 18013 "-" "Mozilla/5.0 (compatible; SemrushBot/7~bl; +http://www.semrush.com/bot.html)"
85.208.96.209 - - [17/Jan/2025:01:17:39 -0500] "GET /goods/4797691 HTTP/1.1" 404 18012 "-" "Mozilla/5.0 (compatible; SemrushBot/7~bl; +http://www.semrush.com/bot.html)"
66.249.65.98 - - [17/Jan/2025:01:17:42 -0500] "GET /robots.txt HTTP/1.1" 200 103 "-" "Mozilla/5.0 (compatible; Googlebot/2.1; +http://www.google.com/bot.html)"
185.191.171.10 - - [17/Jan/2025:01:17:42 -0500] "GET /goods/3502213 HTTP/1.1" 404 18013 "-" "Mozilla/5.0 (compatible; SemrushBot/7~bl; +http://www.semrush.com/bot.html)"
165.231.182.60 - - [17/Jan/2025:01:17:45 -0500] "GET /register/ HTTP/1.0" 200 75934 "https://misswavenigeria.com/" "Mozilla/5.0 (Windows NT 10.0; WOW64) AppleWebKit/537.36 (KHTML, like Gecko) Chrome/103.0.5060.114 Safari/537.36"
165.231.182.60 - - [17/Jan/2025:01:18:04 -0500] "GET / HTTP/1.0" 200 109067 "https://misswavenigeria.com/" "Mozilla/5.0 (Windows NT 6.3; WOW64) AppleWebKit/537.36 (KHTML, like Gecko) Chrome/103.0.0.0 Safari/537.36"
85.208.96.200 - - [17/Jan/2025:01:18:04 -0500] "GET /goods/4663189 HTTP/1.1" 404 18013 "-" "Mozilla/5.0 (compatible; SemrushBot/7~bl; +http://www.semrush.com/bot.html)"
165.231.182.60 - - [17/Jan/2025:01:18:06 -0500] "GET /register/ HTTP/1.0" 200 75934 "https://misswavenigeria.com/register/" "Mozilla/5.0 (Windows NT 6.3; WOW64) AppleWebKit/537.36 (KHTML, like Gecko) Chrome/103.0.0.0 Safari/537.36"
66.29.132.124 - - [17/Jan/2025:01:18:22 -0500] "POST /wp-cron.php?doing_wp_cron=1737094702.9583458900451660156250 HTTP/1.1" 200 0 "-" "WordPress/6.7.1; https://misswavenigeria.com"
185.191.171.5 - - [17/Jan/2025:01:18:21 -0500] "GET /goods/4330125 HTTP/1.1" 404 18013 "-" "Mozilla/5.0 (compatible; SemrushBot/7~bl; +http://www.semrush.com/bot.html)"
66.29.132.124 - - [17/Jan/2025:01:18:24 -0500] "POST /wp-admin/admin-ajax.php?action=async_litespeed&nonce=nSZ1w3nS7BoHwcsGIgnwnX5NQ3rtxDXD&litespeed_type=imgoptm HTTP/1.1" 200 0 "-" "WordPress/6.7.1; https://misswavenigeria.com"
66.29.132.124 - - [17/Jan/2025:01:18:28 -0500] "POST /wp-cron.php?doing_wp_cron=1737094708.4049100875854492187500 HTTP/1.1" 200 0 "-" "WordPress/6.7.1; https://misswavenigeria.com"
85.208.96.207 - - [17/Jan/2025:01:18:25 -0500] "GET /goods/3301771 HTTP/1.1" 404 18012 "-" "Mozilla/5.0 (compatible; SemrushBot/7~bl; +http://www.semrush.com/bot.html)"
85.208.96.198 - - [17/Jan/2025:01:18:53 -0500] "GET /goods/2612736 HTTP/1.1" 404 18013 "-" "Mozilla/5.0 (compatible; SemrushBot/7~bl; +http://www.semrush.com/bot.html)"
66.249.74.6 - - [17/Jan/2025:01:18:57 -0500] "GET /static/865069 HTTP/1.1" 200 67814 "-" "Mozilla/5.0 (Linux; Android 6.0.1; Nexus 5X Build/MMB29P) AppleWebKit/537.36 (KHTML, like Gecko) Chrome/132.0.6834.83 Mobile Safari/537.36 (compatible; Googlebot/2.1; +http://www.google.com/bot.html)"
66.249.65.100 - - [17/Jan/2025:01:19:00 -0500] "GET /robots.txt HTTP/1.1" 200 103 "-" "Mozilla/5.0 (compatible; Googlebot/2.1; +http://www.google.com/bot.html)"
85.208.96.194 - - [17/Jan/2025:01:19:05 -0500] "GET /goods/324565 HTTP/1.1" 404 18013 "-" "Mozilla/5.0 (compatible; SemrushBot/7~bl; +http://www.semrush.com/bot.html)"
66.29.132.124 - - [17/Jan/2025:01:19:21 -0500] "POST /wp-cron.php?doing_wp_cron=1737094761.3449940681457519531250 HTTP/1.1" 200 0 "-" "WordPress/6.7.1; https://misswavenigeria.com"
85.208.96.198 - - [17/Jan/2025:01:19:18 -0500] "GET /goods/3108560 HTTP/1.1" 404 18013 "-" "Mozilla/5.0 (compatible; SemrushBot/7~bl; +http://www.semrush.com/bot.html)"
66.249.65.98 - - [17/Jan/2025:01:19:22 -0500] "GET /static/3487577 HTTP/1.1" 200 68227 "-" "Mozilla/5.0 (Linux; Android 6.0.1; Nexus 5X Build/MMB29P) AppleWebKit/537.36 (KHTML, like Gecko) Chrome/132.0.6834.83 Mobile Safari/537.36 (compatible; Googlebot/2.1; +http://www.google.com/bot.html)"
66.29.132.124 - - [17/Jan/2025:01:19:25 -0500] "POST /wp-admin/admin-ajax.php?action=async_litespeed&nonce=WRIR9qyvGVoMJz532WZEsiNrIOIDNOj6&litespeed_type=imgoptm HTTP/1.1" 200 0 "-" "WordPress/6.7.1; https://misswavenigeria.com"
185.191.171.9 - - [17/Jan/2025:01:19:24 -0500] "GET /goods/2039257 HTTP/1.1" 404 18013 "-" "Mozilla/5.0 (compatible; SemrushBot/7~bl; +http://www.semrush.com/bot.html)"
66.29.132.124 - - [17/Jan/2025:01:19:31 -0500] "POST /wp-cron.php?doing_wp_cron=1737094771.5596930980682373046875 HTTP/1.1" 200 0 "-" "WordPress/6.7.1; https://misswavenigeria.com"
185.191.171.3 - - [17/Jan/2025:01:19:30 -0500] "GET /goods/1104472 HTTP/1.1" 404 18019 "-" "Mozilla/5.0 (compatible; SemrushBot/7~bl; +http://www.semrush.com/bot.html)"
85.208.96.209 - - [17/Jan/2025:01:19:34 -0500] "GET /goods/1693333 HTTP/1.1" 404 18013 "-" "Mozilla/5.0 (compatible; SemrushBot/7~bl; +http://www.semrush.com/bot.html)"
66.249.65.98 - - [17/Jan/2025:01:19:38 -0500] "GET /static/2792743?keyword=%E3%83%95%E3%82%A1%E3%83%83%E3%82%B7%E3%83%A7%E3%83%B3?keyword=SPY%C3%97FAMILY HTTP/1.1" 200 70362 "-" "Mozilla/5.0 (Linux; Android 6.0.1; Nexus 5X Build/MMB29P) AppleWebKit/537.36 (KHTML, like Gecko) Chrome/132.0.6834.83 Mobile Safari/537.36 (compatible; Googlebot/2.1; +http://www.google.com/bot.html)"
185.191.171.9 - - [17/Jan/2025:01:19:44 -0500] "GET /goods/3973724 HTTP/1.1" 404 18013 "-" "Mozilla/5.0 (compatible; SemrushBot/7~bl; +http://www.semrush.com/bot.html)"
85.208.96.207 - - [17/Jan/2025:01:19:49 -0500] "GET /goods/1824310 HTTP/1.1" 404 18012 "-" "Mozilla/5.0 (compatible; SemrushBot/7~bl; +http://www.semrush.com/bot.html)"
185.191.171.2 - - [17/Jan/2025:01:19:53 -0500] "GET /goods/1899360 HTTP/1.1" 404 18012 "-" "Mozilla/5.0 (compatible; SemrushBot/7~bl; +http://www.semrush.com/bot.html)"
185.191.171.2 - - [17/Jan/2025:01:20:06 -0500] "GET /goods/1752344 HTTP/1.1" 404 18013 "-" "Mozilla/5.0 (compatible; SemrushBot/7~bl; +http://www.semrush.com/bot.html)"
66.249.65.98 - - [17/Jan/2025:01:20:17 -0500] "GET /robots.txt HTTP/1.1" 200 103 "-" "Mozilla/5.0 (compatible; Googlebot/2.1; +http://www.google.com/bot.html)"
66.249.65.99 - - [17/Jan/2025:01:20:28 -0500] "GET /static/4147413 HTTP/1.1" 200 67980 "-" "Mozilla/5.0 (Linux; Android 6.0.1; Nexus 5X Build/MMB29P) AppleWebKit/537.36 (KHTML, like Gecko) Chrome/132.0.6834.83 Mobile Safari/537.36 (compatible; Googlebot/2.1; +http://www.google.com/bot.html)"
165.231.182.60 - - [17/Jan/2025:01:18:08 -0500] "POST /register/ HTTP/1.0" 200 0 "https://misswavenigeria.com/register/" "Mozilla/5.0 (Windows NT 6.3; WOW64) AppleWebKit/537.36 (KHTML, like Gecko) Chrome/103.0.0.0 Safari/537.36"
165.231.182.60 - - [17/Jan/2025:01:20:39 -0500] "GET /register/ HTTP/1.0" 200 75934 "https://misswavenigeria.com/" "Mozilla/5.0 (Windows NT 6.3; WOW64) AppleWebKit/537.36 (KHTML, like Gecko) Chrome/103.0.0.0 Safari/537.36"
66.29.132.124 - - [17/Jan/2025:01:20:47 -0500] "POST /wp-cron.php?doing_wp_cron=1737094847.8760480880737304687500 HTTP/1.1" 200 0 "-" "WordPress/6.7.1; https://misswavenigeria.com"
85.208.96.199 - - [17/Jan/2025:01:20:47 -0500] "GET /goods/994324 HTTP/1.1" 404 18013 "-" "Mozilla/5.0 (compatible; SemrushBot/7~bl; +http://www.semrush.com/bot.html)"
66.29.132.124 - - [17/Jan/2025:01:20:48 -0500] "POST /wp-admin/admin-ajax.php?action=async_litespeed&nonce=xZC5bJRLay4b4EtIsAYBbyJ10VAteus4&litespeed_type=imgoptm HTTP/1.1" 200 21 "-" "WordPress/6.7.1; https://misswavenigeria.com"
165.231.182.60 - - [17/Jan/2025:01:21:01 -0500] "GET / HTTP/1.0" 200 109067 "https://misswavenigeria.com/" "Mozilla/5.0 (Windows NT 6.1; Win64; x64) AppleWebKit/537.36 (KHTML, like Gecko) Chrome/103.0.5060.114 Safari/537.36"
165.231.182.60 - - [17/Jan/2025:01:21:05 -0500] "GET /register/ HTTP/1.0" 200 75934 "https://misswavenigeria.com/register/" "Mozilla/5.0 (Windows NT 6.1; Win64; x64) AppleWebKit/537.36 (KHTML, like Gecko) Chrome/103.0.5060.114 Safari/537.36"
66.249.65.98 - - [17/Jan/2025:01:21:15 -0500] "GET /?product=Taipei14733571-135?keyword=%E3%81%BA%E3%82%93%E3%81%A6%E3%82%8B HTTP/1.1" 200 70120 "-" "Mozilla/5.0 (Linux; Android 6.0.1; Nexus 5X Build/MMB29P) AppleWebKit/537.36 (KHTML, like Gecko) Chrome/132.0.6834.83 Mobile Safari/537.36 (compatible; Googlebot/2.1; +http://www.google.com/bot.html)"
66.29.132.124 - - [17/Jan/2025:01:21:20 -0500] "POST /wp-cron.php?doing_wp_cron=1737094880.1061139106750488281250 HTTP/1.1" 200 0 "-" "WordPress/6.7.1; https://misswavenigeria.com"
185.191.171.6 - - [17/Jan/2025:01:21:19 -0500] "GET /goods/2357857 HTTP/1.1" 404 18012 "-" "Mozilla/5.0 (compatible; SemrushBot/7~bl; +http://www.semrush.com/bot.html)"
66.29.132.124 - - [17/Jan/2025:01:21:20 -0500] "POST /wp-admin/admin-ajax.php?action=async_litespeed&nonce=6fubuALpReBB4EGJxsV7wuFhhmewNHpy&litespeed_type=imgoptm HTTP/1.1" 200 21 "-" "WordPress/6.7.1; https://misswavenigeria.com"
85.208.96.210 - - [17/Jan/2025:01:21:21 -0500] "GET /goods/4176568 HTTP/1.1" 404 18013 "-" "Mozilla/5.0 (compatible; SemrushBot/7~bl; +http://www.semrush.com/bot.html)"
66.249.65.98 - - [17/Jan/2025:01:21:35 -0500] "GET /robots.txt HTTP/1.1" 200 103 "-" "Mozilla/5.0 (compatible; Googlebot/2.1; +http://www.google.com/bot.html)"
66.29.132.124 - - [17/Jan/2025:01:21:36 -0500] "POST /wp-cron.php?doing_wp_cron=1737094896.2277679443359375000000 HTTP/1.1" 200 0 "-" "WordPress/6.7.1; https://misswavenigeria.com"
85.208.96.199 - - [17/Jan/2025:01:21:35 -0500] "GET /goods/1654761 HTTP/1.1" 404 18012 "-" "Mozilla/5.0 (compatible; SemrushBot/7~bl; +http://www.semrush.com/bot.html)"
85.208.96.208 - - [17/Jan/2025:01:21:40 -0500] "GET /goods/3418982 HTTP/1.1" 404 18012 "-" "Mozilla/5.0 (compatible; SemrushBot/7~bl; +http://www.semrush.com/bot.html)"
185.191.171.5 - - [17/Jan/2025:01:21:55 -0500] "GET /goods/1071738 HTTP/1.1" 404 18013 "-" "Mozilla/5.0 (compatible; SemrushBot/7~bl; +http://www.semrush.com/bot.html)"
85.208.96.210 - - [17/Jan/2025:01:22:14 -0500] "GET /goods/258935 HTTP/1.1" 404 18013 "-" "Mozilla/5.0 (compatible; SemrushBot/7~bl; +http://www.semrush.com/bot.html)"
66.29.132.124 - - [17/Jan/2025:01:22:21 -0500] "POST /wp-cron.php?doing_wp_cron=1737094941.5907940864562988281250 HTTP/1.1" 200 0 "-" "WordPress/6.7.1; https://misswavenigeria.com"
185.191.171.12 - - [17/Jan/2025:01:22:21 -0500] "GET /goods/2109683 HTTP/1.1" 404 18013 "-" "Mozilla/5.0 (compatible; SemrushBot/7~bl; +http://www.semrush.com/bot.html)"
66.29.132.124 - - [17/Jan/2025:01:22:21 -0500] "POST /wp-admin/admin-ajax.php?action=async_litespeed&nonce=YuUan8bgpzltO5nOB5W9TBfYuYynDMaa&litespeed_type=imgoptm HTTP/1.1" 200 21 "-" "WordPress/6.7.1; https://misswavenigeria.com"
66.249.65.99 - - [17/Jan/2025:01:22:21 -0500] "GET /?product=Taipei14733571-135?keyword=%EF%BC%88%E8%BB%B8%E8%89%B2%EF%BC%9A5%E8%89%B2%EF%BC%8F%E5%90%84%E8%89%B21%E6%9C%AC%EF%BC%89 HTTP/1.1" 200 69577 "-" "Mozilla/5.0 (Linux; Android 6.0.1; Nexus 5X Build/MMB29P) AppleWebKit/537.36 (KHTML, like Gecko) Chrome/132.0.6834.83 Mobile Safari/537.36 (compatible; Googlebot/2.1; +http://www.google.com/bot.html)"
66.29.132.124 - - [17/Jan/2025:01:22:26 -0500] "POST /wp-cron.php?doing_wp_cron=1737094946.2399079799652099609375 HTTP/1.1" 200 0 "-" "WordPress/6.7.1; https://misswavenigeria.com"
85.208.96.195 - - [17/Jan/2025:01:22:26 -0500] "GET /goods/2282681 HTTP/1.1" 404 18012 "-" "Mozilla/5.0 (compatible; SemrushBot/7~bl; +http://www.semrush.com/bot.html)"
185.191.171.4 - - [17/Jan/2025:01:22:29 -0500] "GET /goods/2014586 HTTP/1.1" 404 18012 "-" "Mozilla/5.0 (compatible; SemrushBot/7~bl; +http://www.semrush.com/bot.html)"
165.231.182.60 - - [17/Jan/2025:01:21:07 -0500] "POST /register/ HTTP/1.0" 200 76060 "https://misswavenigeria.com/register/" "Mozilla/5.0 (Windows NT 6.1; Win64; x64) AppleWebKit/537.36 (KHTML, like Gecko) Chrome/103.0.5060.114 Safari/537.36"
66.249.65.98 - - [17/Jan/2025:01:22:42 -0500] "GET /robots.txt HTTP/1.1" 200 103 "-" "Mozilla/5.0 (compatible; Googlebot/2.1; +http://www.google.com/bot.html)"
66.249.65.98 - - [17/Jan/2025:01:22:42 -0500] "GET /static/465944?keyword=%E3%83%9A%E3%83%B3%E3%83%80%E3%83%B3%E3%83%88 HTTP/1.1" 200 68425 "-" "Mozilla/5.0 (compatible; Googlebot/2.1; +http://www.google.com/bot.html)"
165.231.182.60 - - [17/Jan/2025:01:22:44 -0500] "GET /register/ HTTP/1.0" 200 75934 "https://misswavenigeria.com/" "Mozilla/5.0 (Windows NT 6.1; Win64; x64) AppleWebKit/537.36 (KHTML, like Gecko) Chrome/103.0.5060.114 Safari/537.36"
66.249.74.6 - - [17/Jan/2025:01:22:45 -0500] "GET /goods/Q481406?k=product HTTP/1.1" 200 67356 "-" "Mozilla/5.0 (Linux; Android 6.0.1; Nexus 5X Build/MMB29P) AppleWebKit/537.36 (KHTML, like Gecko) Chrome/132.0.6834.83 Mobile Safari/537.36 (compatible; Googlebot/2.1; +http://www.google.com/bot.html)"
85.208.96.208 - - [17/Jan/2025:01:23:01 -0500] "GET /goods/2901066 HTTP/1.1" 404 18019 "-" "Mozilla/5.0 (compatible; SemrushBot/7~bl; +http://www.semrush.com/bot.html)"
185.191.171.9 - - [17/Jan/2025:01:23:11 -0500] "GET /goods/2999487 HTTP/1.1" 404 18012 "-" "Mozilla/5.0 (compatible; SemrushBot/7~bl; +http://www.semrush.com/bot.html)"
66.29.132.124 - - [17/Jan/2025:01:23:21 -0500] "POST /wp-cron.php?doing_wp_cron=1737095001.3591239452362060546875 HTTP/1.1" 200 0 "-" "WordPress/6.7.1; https://misswavenigeria.com"
85.208.96.198 - - [17/Jan/2025:01:23:21 -0500] "GET /goods/1301862 HTTP/1.1" 404 18013 "-" "Mozilla/5.0 (compatible; SemrushBot/7~bl; +http://www.semrush.com/bot.html)"
66.29.132.124 - - [17/Jan/2025:01:23:21 -0500] "POST /wp-admin/admin-ajax.php?action=async_litespeed&nonce=VorYRtJJnlxxvNtXDAlBJ4tiCpU54mFf&litespeed_type=imgoptm HTTP/1.1" 200 21 "-" "WordPress/6.7.1; https://misswavenigeria.com"
66.29.132.124 - - [17/Jan/2025:01:23:26 -0500] "POST /wp-cron.php?doing_wp_cron=1737095006.7924230098724365234375 HTTP/1.1" 200 0 "-" "WordPress/6.7.1; https://misswavenigeria.com"
85.208.96.195 - - [17/Jan/2025:01:23:26 -0500] "GET /goods/3684641 HTTP/1.1" 404 18012 "-" "Mozilla/5.0 (compatible; SemrushBot/7~bl; +http://www.semrush.com/bot.html)"
185.191.171.4 - - [17/Jan/2025:01:23:31 -0500] "GET /goods/1283892 HTTP/1.1" 404 18013 "-" "Mozilla/5.0 (compatible; SemrushBot/7~bl; +http://www.semrush.com/bot.html)"
85.208.96.199 - - [17/Jan/2025:01:23:37 -0500] "GET /goods/3429464 HTTP/1.1" 404 18013 "-" "Mozilla/5.0 (compatible; SemrushBot/7~bl; +http://www.semrush.com/bot.html)"
85.208.96.208 - - [17/Jan/2025:01:23:43 -0500] "GET /goods/205500 HTTP/1.1" 404 18013 "-" "Mozilla/5.0 (compatible; SemrushBot/7~bl; +http://www.semrush.com/bot.html)"
66.29.132.124 - - [17/Jan/2025:01:23:53 -0500] "POST /wp-cron.php?doing_wp_cron=1737095033.6312689781188964843750 HTTP/1.1" 200 0 "-" "WordPress/6.7.1; https://misswavenigeria.com"
185.191.171.2 - - [17/Jan/2025:01:23:53 -0500] "GET /goods/3900715 HTTP/1.1" 404 18012 "-" "Mozilla/5.0 (compatible; SemrushBot/7~bl; +http://www.semrush.com/bot.html)"
165.231.182.60 - - [17/Jan/2025:01:23:56 -0500] "GET / HTTP/1.0" 200 109067 "https://misswavenigeria.com/" "Mozilla/5.0 (Windows NT 10.0; Win64; x64) AppleWebKit/537.36 (KHTML, like Gecko) Chrome/103.0.5060.134 Safari/537.36"
85.208.96.211 - - [17/Jan/2025:01:23:58 -0500] "GET /goods/322255 HTTP/1.1" 404 18012 "-" "Mozilla/5.0 (compatible; SemrushBot/7~bl; +http://www.semrush.com/bot.html)"
165.231.182.60 - - [17/Jan/2025:01:23:59 -0500] "GET /register/ HTTP/1.0" 200 75934 "https://misswavenigeria.com/register/" "Mozilla/5.0 (Windows NT 10.0; Win64; x64) AppleWebKit/537.36 (KHTML, like Gecko) Chrome/103.0.5060.134 Safari/537.36"
185.191.171.4 - - [17/Jan/2025:01:24:08 -0500] "GET /goods/2465622 HTTP/1.1" 404 18013 "-" "Mozilla/5.0 (compatible; SemrushBot/7~bl; +http://www.semrush.com/bot.html)"
66.29.132.124 - - [17/Jan/2025:01:24:34 -0500] "POST /wp-cron.php?doing_wp_cron=1737095074.0586791038513183593750 HTTP/1.1" 200 0 "-" "WordPress/6.7.1; https://misswavenigeria.com"
185.191.171.5 - - [17/Jan/2025:01:24:33 -0500] "GET /goods/797191 HTTP/1.1" 404 18013 "-" "Mozilla/5.0 (compatible; SemrushBot/7~bl; +http://www.semrush.com/bot.html)"
66.29.132.124 - - [17/Jan/2025:01:24:34 -0500] "POST /wp-admin/admin-ajax.php?action=async_litespeed&nonce=4LXPspnX9VgviVxGHPGUf47GxEuLrDfH&litespeed_type=imgoptm HTTP/1.1" 200 21 "-" "WordPress/6.7.1; https://misswavenigeria.com"
66.29.132.124 - - [17/Jan/2025:01:25:21 -0500] "POST /wp-cron.php?doing_wp_cron=1737095121.6701779365539550781250 HTTP/1.1" 200 0 "-" "WordPress/6.7.1; https://misswavenigeria.com"
85.208.96.211 - - [17/Jan/2025:01:25:21 -0500] "GET /goods/3433371 HTTP/1.1" 404 18013 "-" "Mozilla/5.0 (compatible; SemrushBot/7~bl; +http://www.semrush.com/bot.html)"
66.29.132.124 - - [17/Jan/2025:01:25:22 -0500] "POST /wp-admin/admin-ajax.php?action=async_litespeed&nonce=qFtCBtzRWx3A2TAmAqsVvmPz7Ck8wmth&litespeed_type=imgoptm HTTP/1.1" 200 21 "-" "WordPress/6.7.1; https://misswavenigeria.com"
66.29.132.124 - - [17/Jan/2025:01:25:33 -0500] "POST /wp-cron.php?doing_wp_cron=1737095133.3456308841705322265625 HTTP/1.1" 200 0 "-" "WordPress/6.7.1; https://misswavenigeria.com"
185.191.171.12 - - [17/Jan/2025:01:25:32 -0500] "GET /goods/304046 HTTP/1.1" 404 18013 "-" "Mozilla/5.0 (compatible; SemrushBot/7~bl; +http://www.semrush.com/bot.html)"
85.208.96.208 - - [17/Jan/2025:01:25:38 -0500] "GET /goods/4381496 HTTP/1.1" 404 18013 "-" "Mozilla/5.0 (compatible; SemrushBot/7~bl; +http://www.semrush.com/bot.html)"
66.29.132.124 - - [17/Jan/2025:01:26:26 -0500] "POST /wp-cron.php?doing_wp_cron=1737095186.6445059776306152343750 HTTP/1.1" 200 0 "-" "WordPress/6.7.1; https://misswavenigeria.com"
185.191.171.9 - - [17/Jan/2025:01:26:23 -0500] "GET /goods/4529350 HTTP/1.1" 404 18011 "-" "Mozilla/5.0 (compatible; SemrushBot/7~bl; +http://www.semrush.com/bot.html)"
66.29.132.124 - - [17/Jan/2025:01:26:29 -0500] "POST /wp-admin/admin-ajax.php?action=async_litespeed&nonce=5sie5WsmlQPBTVsutH0VvUW4pezJNJok&litespeed_type=imgoptm HTTP/1.1" 200 0 "-" "WordPress/6.7.1; https://misswavenigeria.com"
165.231.182.60 - - [17/Jan/2025:01:26:32 -0500] "GET /register/ HTTP/1.0" 200 75934 "https://misswavenigeria.com/" "Mozilla/5.0 (Windows NT 10.0; Win64; x64) AppleWebKit/537.36 (KHTML, like Gecko) Chrome/103.0.5060.134 Safari/537.36"
85.208.96.211 - - [17/Jan/2025:01:26:29 -0500] "GET /goods/1011736 HTTP/1.1" 404 18013 "-" "Mozilla/5.0 (compatible; SemrushBot/7~bl; +http://www.semrush.com/bot.html)"
85.208.96.199 - - [17/Jan/2025:01:26:38 -0500] "GET /goods/1253484 HTTP/1.1" 404 18018 "-" "Mozilla/5.0 (compatible; SemrushBot/7~bl; +http://www.semrush.com/bot.html)"
66.249.74.6 - - [17/Jan/2025:01:25:40 -0500] "GET /static/1856296 HTTP/1.1" 200 67300 "-" "Mozilla/5.0 (Linux; Android 6.0.1; Nexus 5X Build/MMB29P) AppleWebKit/537.36 (KHTML, like Gecko) Chrome/132.0.6834.83 Mobile Safari/537.36 (compatible; Googlebot/2.1; +http://www.google.com/bot.html)"
85.208.96.200 - - [17/Jan/2025:01:25:43 -0500] "GET /goods/3050220 HTTP/1.1" 404 18013 "-" "Mozilla/5.0 (compatible; SemrushBot/7~bl; +http://www.semrush.com/bot.html)"
185.191.171.14 - - [17/Jan/2025:01:26:00 -0500] "GET /goods/1525477 HTTP/1.1" 404 18012 "-" "Mozilla/5.0 (compatible; SemrushBot/7~bl; +http://www.semrush.com/bot.html)"
165.231.182.60 - - [17/Jan/2025:01:24:01 -0500] "POST /register/ HTTP/1.0" 200 0 "https://misswavenigeria.com/register/" "Mozilla/5.0 (Windows NT 10.0; Win64; x64) AppleWebKit/537.36 (KHTML, like Gecko) Chrome/103.0.5060.134 Safari/537.36"
165.231.182.60 - - [17/Jan/2025:01:26:54 -0500] "GET / HTTP/1.0" 200 109067 "https://misswavenigeria.com/" "Mozilla/5.0 (Windows NT 6.3; Win64; x64) AppleWebKit/537.36 (KHTML, like Gecko) Chrome/103.0.5060.53 Safari/537.36"
185.191.171.5 - - [17/Jan/2025:01:26:54 -0500] "GET /goods/1862845 HTTP/1.1" 404 18013 "-" "Mozilla/5.0 (compatible; SemrushBot/7~bl; +http://www.semrush.com/bot.html)"
165.231.182.60 - - [17/Jan/2025:01:26:56 -0500] "GET /register/ HTTP/1.0" 200 75934 "https://misswavenigeria.com/register/" "Mozilla/5.0 (Windows NT 6.3; Win64; x64) AppleWebKit/537.36 (KHTML, like Gecko) Chrome/103.0.5060.53 Safari/537.36"
85.208.96.197 - - [17/Jan/2025:01:27:12 -0500] "GET /robots.txt HTTP/1.1" 200 142 "-" "Mozilla/5.0 (compatible; SemrushBot/7~bl; +http://www.semrush.com/bot.html)"
185.191.171.8 - - [17/Jan/2025:01:27:13 -0500] "GET /goods/2124885 HTTP/1.1" 404 18013 "-" "Mozilla/5.0 (compatible; SemrushBot/7~bl; +http://www.semrush.com/bot.html)"
66.29.132.124 - - [17/Jan/2025:01:27:23 -0500] "POST /wp-cron.php?doing_wp_cron=1737095243.5549550056457519531250 HTTP/1.1" 200 0 "-" "WordPress/6.7.1; https://misswavenigeria.com"
185.191.171.9 - - [17/Jan/2025:01:27:20 -0500] "GET /goods/1984082 HTTP/1.1" 404 18013 "-" "Mozilla/5.0 (compatible; SemrushBot/7~bl; +http://www.semrush.com/bot.html)"
66.29.132.124 - - [17/Jan/2025:01:27:27 -0500] "POST /wp-admin/admin-ajax.php?action=async_litespeed&nonce=pFlHWwNeLgn7QkJA6M3Oo19oMEfV1w5G&litespeed_type=imgoptm HTTP/1.1" 200 0 "-" "WordPress/6.7.1; https://misswavenigeria.com"
85.208.96.202 - - [17/Jan/2025:01:27:26 -0500] "GET /goods/717435 HTTP/1.1" 404 18012 "-" "Mozilla/5.0 (compatible; SemrushBot/7~bl; +http://www.semrush.com/bot.html)"
85.208.96.208 - - [17/Jan/2025:01:27:31 -0500] "GET /goods/2043773 HTTP/1.1" 404 18018 "-" "Mozilla/5.0 (compatible; SemrushBot/7~bl; +http://www.semrush.com/bot.html)"
185.191.171.12 - - [17/Jan/2025:01:27:39 -0500] "GET /goods/4483164 HTTP/1.1" 404 18018 "-" "Mozilla/5.0 (compatible; SemrushBot/7~bl; +http://www.semrush.com/bot.html)"
185.191.171.8 - - [17/Jan/2025:01:27:48 -0500] "GET /goods/3050925 HTTP/1.1" 404 18013 "-" "Mozilla/5.0 (compatible; SemrushBot/7~bl; +http://www.semrush.com/bot.html)"
66.249.65.98 - - [17/Jan/2025:01:27:56 -0500] "GET /goods/4558008?keyword=1?keyword=%E3%83%95%E3%82%A3%E3%83%83%E3%82%B7%E3%83%B3%E3%82%B0 HTTP/1.1" 200 68466 "-" "Mozilla/5.0 (Linux; Android 6.0.1; Nexus 5X Build/MMB29P) AppleWebKit/537.36 (KHTML, like Gecko) Chrome/132.0.6834.83 Mobile Safari/537.36 (compatible; Googlebot/2.1; +http://www.google.com/bot.html)"
185.191.171.6 - - [17/Jan/2025:01:27:56 -0500] "GET /goods/1961739 HTTP/1.1" 404 18013 "-" "Mozilla/5.0 (compatible; SemrushBot/7~bl; +http://www.semrush.com/bot.html)"
85.208.96.198 - - [17/Jan/2025:01:28:01 -0500] "GET /goods/2229472 HTTP/1.1" 404 18018 "-" "Mozilla/5.0 (compatible; SemrushBot/7~bl; +http://www.semrush.com/bot.html)"
85.208.96.206 - - [17/Jan/2025:01:28:06 -0500] "GET /goods/265506 HTTP/1.1" 404 18012 "-" "Mozilla/5.0 (compatible; SemrushBot/7~bl; +http://www.semrush.com/bot.html)"
85.208.96.208 - - [17/Jan/2025:01:28:12 -0500] "GET /goods/3671935 HTTP/1.1" 404 18013 "-" "Mozilla/5.0 (compatible; SemrushBot/7~bl; +http://www.semrush.com/bot.html)"
66.29.132.124 - - [17/Jan/2025:01:28:48 -0500] "POST /wp-cron.php?doing_wp_cron=1737095328.2541029453277587890625 HTTP/1.1" 200 0 "-" "WordPress/6.7.1; https://misswavenigeria.com"
85.208.96.211 - - [17/Jan/2025:01:28:46 -0500] "GET /goods/892028 HTTP/1.1" 404 18012 "-" "Mozilla/5.0 (compatible; SemrushBot/7~bl; +http://www.semrush.com/bot.html)"
66.29.132.124 - - [17/Jan/2025:01:28:49 -0500] "POST /wp-admin/admin-ajax.php?action=async_litespeed&nonce=0ufwpgqK6ITof3vM18PJ5xx6MgjdXq3U&litespeed_type=imgoptm HTTP/1.1" 200 0 "-" "WordPress/6.7.1; https://misswavenigeria.com"
165.231.182.60 - - [17/Jan/2025:01:26:58 -0500] "POST /register/ HTTP/1.0" 200 0 "https://misswavenigeria.com/register/" "Mozilla/5.0 (Windows NT 6.3; Win64; x64) AppleWebKit/537.36 (KHTML, like Gecko) Chrome/103.0.5060.53 Safari/537.36"
165.231.182.60 - - [17/Jan/2025:01:29:29 -0500] "GET /register/ HTTP/1.0" 200 75934 "https://misswavenigeria.com/" "Mozilla/5.0 (Windows NT 6.3; Win64; x64) AppleWebKit/537.36 (KHTML, like Gecko) Chrome/103.0.5060.53 Safari/537.36"
66.29.132.124 - - [17/Jan/2025:01:29:39 -0500] "POST /wp-cron.php?doing_wp_cron=1737095379.0569870471954345703125 HTTP/1.1" 200 0 "-" "WordPress/6.7.1; https://misswavenigeria.com"
185.191.171.13 - - [17/Jan/2025:01:29:37 -0500] "GET /goods/1172315 HTTP/1.1" 404 18018 "-" "Mozilla/5.0 (compatible; SemrushBot/7~bl; +http://www.semrush.com/bot.html)"
66.29.132.124 - - [17/Jan/2025:01:29:42 -0500] "POST /wp-admin/admin-ajax.php?action=async_litespeed&nonce=hCuAhksgiWmijlDAV5vsBU88fGp8Txfv&litespeed_type=imgoptm HTTP/1.1" 200 0 "-" "WordPress/6.7.1; https://misswavenigeria.com"
165.231.182.60 - - [17/Jan/2025:01:29:48 -0500] "GET / HTTP/1.0" 200 109067 "https://misswavenigeria.com/" "Mozilla/5.0 (Windows NT 6.3; Win64; x64) AppleWebKit/537.36 (KHTML, like Gecko) Chrome/103.0.0.0 Safari/537.36"
165.231.182.60 - - [17/Jan/2025:01:29:50 -0500] "GET /register/ HTTP/1.0" 200 75934 "https://misswavenigeria.com/register/" "Mozilla/5.0 (Windows NT 6.3; Win64; x64) AppleWebKit/537.36 (KHTML, like Gecko) Chrome/103.0.0.0 Safari/537.36"
85.208.96.195 - - [17/Jan/2025:01:29:47 -0500] "GET /goods/3004534 HTTP/1.1" 404 18013 "-" "Mozilla/5.0 (compatible; SemrushBot/7~bl; +http://www.semrush.com/bot.html)"
85.208.96.200 - - [17/Jan/2025:01:29:54 -0500] "GET /goods/607669 HTTP/1.1" 404 18012 "-" "Mozilla/5.0 (compatible; SemrushBot/7~bl; +http://www.semrush.com/bot.html)"
85.208.96.208 - - [17/Jan/2025:01:29:59 -0500] "GET /goods/2390462 HTTP/1.1" 404 18013 "-" "Mozilla/5.0 (compatible; SemrushBot/7~bl; +http://www.semrush.com/bot.html)"
66.249.65.99 - - [17/Jan/2025:01:30:13 -0500] "GET /goods/588607?keyword=XL%E3%82%B5%E3%82%A4%E3%82%BA?keyword=%E3%81%9D%E3%81%AE%E4%BB%96 HTTP/1.1" 200 67928 "-" "Mozilla/5.0 (compatible; Googlebot/2.1; +http://www.google.com/bot.html)"
66.249.65.98 - - [17/Jan/2025:01:30:14 -0500] "GET /?product=Taipei14733571-135?keyword=%E3%83%89%E3%83%83%E3%83%88%E3%82%A4%E3%83%BC HTTP/1.1" 200 74180 "-" "Mozilla/5.0 (Linux; Android 6.0.1; Nexus 5X Build/MMB29P) AppleWebKit/537.36 (KHTML, like Gecko) Chrome/132.0.6834.83 Mobile Safari/537.36 (compatible; Googlebot/2.1; +http://www.google.com/bot.html)"
66.249.65.98 - - [17/Jan/2025:01:30:18 -0500] "GET /goods/3591041?keyword=M6 HTTP/1.1" 200 69270 "-" "Mozilla/5.0 (Linux; Android 6.0.1; Nexus 5X Build/MMB29P) AppleWebKit/537.36 (KHTML, like Gecko) Chrome/132.0.6834.83 Mobile Safari/537.36 (compatible; Googlebot/2.1; +http://www.google.com/bot.html)"
66.249.65.98 - - [17/Jan/2025:01:30:21 -0500] "GET /?product=competitive14733581-835?keyword=18%E5%8F%B7 HTTP/1.1" 200 69206 "-" "Mozilla/5.0 (Linux; Android 6.0.1; Nexus 5X Build/MMB29P) AppleWebKit/537.36 (KHTML, like Gecko) Chrome/132.0.6834.83 Mobile Safari/537.36 (compatible; Googlebot/2.1; +http://www.google.com/bot.html)"
66.29.132.124 - - [17/Jan/2025:01:30:27 -0500] "POST /wp-cron.php?doing_wp_cron=1737095427.1556000709533691406250 HTTP/1.1" 200 0 "-" "WordPress/6.7.1; https://misswavenigeria.com"
85.208.96.202 - - [17/Jan/2025:01:30:23 -0500] "GET /goods/3849688 HTTP/1.1" 404 18012 "-" "Mozilla/5.0 (compatible; SemrushBot/7~bl; +http://www.semrush.com/bot.html)"
66.29.132.124 - - [17/Jan/2025:01:30:32 -0500] "POST /wp-admin/admin-ajax.php?action=async_litespeed&nonce=GQhmzN59NkgSHpcc20lTisoAlAkRcdfJ&litespeed_type=imgoptm HTTP/1.1" 200 0 "-" "WordPress/6.7.1; https://misswavenigeria.com"
185.191.171.2 - - [17/Jan/2025:01:30:32 -0500] "GET /goods/4274824 HTTP/1.1" 404 18012 "-" "Mozilla/5.0 (compatible; SemrushBot/7~bl; +http://www.semrush.com/bot.html)"
185.191.171.2 - - [17/Jan/2025:01:30:43 -0500] "GET /goods/1038741 HTTP/1.1" 404 18019 "-" "Mozilla/5.0 (compatible; SemrushBot/7~bl; +http://www.semrush.com/bot.html)"
185.191.171.17 - - [17/Jan/2025:01:30:47 -0500] "GET /goods/2501441 HTTP/1.1" 404 18012 "-" "Mozilla/5.0 (compatible; SemrushBot/7~bl; +http://www.semrush.com/bot.html)"
66.249.65.98 - - [17/Jan/2025:01:30:55 -0500] "GET /static/4711521?keyword=%E3%83%A2%E3%83%8E%E3%82%B0%E3%83%A9%E3%83%A0?keyword=%E3%82%B0%E3%83%AC%E3%82%B9%E3%83%86%E3%83%B3 HTTP/1.1" 200 68979 "-" "Mozilla/5.0 (Linux; Android 6.0.1; Nexus 5X Build/MMB29P) AppleWebKit/537.36 (KHTML, like Gecko) Chrome/132.0.6834.83 Mobile Safari/537.36 (compatible; Googlebot/2.1; +http://www.google.com/bot.html)"
185.191.171.2 - - [17/Jan/2025:01:30:57 -0500] "GET /goods/2495592 HTTP/1.1" 404 18012 "-" "Mozilla/5.0 (compatible; SemrushBot/7~bl; +http://www.semrush.com/bot.html)"
85.208.96.205 - - [17/Jan/2025:01:31:14 -0500] "GET /goods/2840565 HTTP/1.1" 404 18012 "-" "Mozilla/5.0 (compatible; SemrushBot/7~bl; +http://www.semrush.com/bot.html)"
66.29.132.124 - - [17/Jan/2025:01:31:25 -0500] "POST /wp-cron.php?doing_wp_cron=1737095484.9452540874481201171875 HTTP/1.1" 200 0 "-" "WordPress/6.7.1; https://misswavenigeria.com"
104.168.134.114 - - [17/Jan/2025:01:31:22 -0500] "GET /contact/ HTTP/1.1" 200 17545 "-" "Mozilla/5.0 (X11; Linux x86_64) AppleWebKit/537.36 (KHTML, like Gecko) Chrome/114.0.0.0 Safari/537.36 OPR/89.0.4447.51"
85.208.96.210 - - [17/Jan/2025:01:31:22 -0500] "GET /goods/222050 HTTP/1.1" 404 18019 "-" "Mozilla/5.0 (compatible; SemrushBot/7~bl; +http://www.semrush.com/bot.html)"
104.168.134.114 - - [17/Jan/2025:01:31:28 -0500] "GET /wp-content/plugins/contact-form-7/includes/js/index.js?ver=6.0.3 HTTP/1.1" 200 4008 "https://misswavenigeria.com/contact/" "Mozilla/5.0 (X11; Linux x86_64) AppleWebKit/537.36 (KHTML, like Gecko) Chrome/114.0.0.0 Safari/537.36 OPR/89.0.4447.51"
66.29.132.124 - - [17/Jan/2025:01:31:28 -0500] "POST /wp-admin/admin-ajax.php?action=async_litespeed&nonce=k3R790xAM2nzSigiv8SKvyLj0asgTEHU&litespeed_type=imgoptm HTTP/1.1" 200 0 "-" "WordPress/6.7.1; https://misswavenigeria.com"
104.168.134.114 - - [17/Jan/2025:01:31:28 -0500] "POST /wp-json/contact-form-7/v1/contact-forms/249/feedback HTTP/1.1" 200 220 "https://misswavenigeria.com/contact/" "Mozilla/5.0 (X11; Linux x86_64) AppleWebKit/537.36 (KHTML, like Gecko) Chrome/114.0.0.0 Safari/537.36 OPR/89.0.4447.51"
185.191.171.11 - - [17/Jan/2025:01:31:32 -0500] "GET /goods/2042747 HTTP/1.1" 404 18013 "-" "Mozilla/5.0 (compatible; SemrushBot/7~bl; +http://www.semrush.com/bot.html)"
185.191.171.17 - - [17/Jan/2025:01:31:41 -0500] "GET /goods/448546 HTTP/1.1" 404 18013 "-" "Mozilla/5.0 (compatible; SemrushBot/7~bl; +http://www.semrush.com/bot.html)"
185.191.171.18 - - [17/Jan/2025:01:31:47 -0500] "GET /goods/3366704 HTTP/1.1" 404 18012 "-" "Mozilla/5.0 (compatible; SemrushBot/7~bl; +http://www.semrush.com/bot.html)"
185.191.171.4 - - [17/Jan/2025:01:31:54 -0500] "GET /goods/2024501 HTTP/1.1" 404 18018 "-" "Mozilla/5.0 (compatible; SemrushBot/7~bl; +http://www.semrush.com/bot.html)"
185.191.171.8 - - [17/Jan/2025:01:32:00 -0500] "GET /goods/3468610 HTTP/1.1" 404 18012 "-" "Mozilla/5.0 (compatible; SemrushBot/7~bl; +http://www.semrush.com/bot.html)"
85.208.96.207 - - [17/Jan/2025:01:32:06 -0500] "GET /goods/759192 HTTP/1.1" 404 18013 "-" "Mozilla/5.0 (compatible; SemrushBot/7~bl; +http://www.semrush.com/bot.html)"
185.191.171.19 - - [17/Jan/2025:01:32:11 -0500] "GET /goods/31547 HTTP/1.1" 404 18012 "-" "Mozilla/5.0 (compatible; SemrushBot/7~bl; +http://www.semrush.com/bot.html)"
66.29.132.124 - - [17/Jan/2025:01:32:18 -0500] "POST /wp-cron.php?doing_wp_cron=1737095538.2718830108642578125000 HTTP/1.1" 200 0 "-" "WordPress/6.7.1; https://misswavenigeria.com"
85.208.96.202 - - [17/Jan/2025:01:32:15 -0500] "GET /goods/516329 HTTP/1.1" 404 18013 "-" "Mozilla/5.0 (compatible; SemrushBot/7~bl; +http://www.semrush.com/bot.html)"
165.231.182.60 - - [17/Jan/2025:01:29:52 -0500] "POST /register/ HTTP/1.0" 200 0 "https://misswavenigeria.com/register/" "Mozilla/5.0 (Windows NT 6.3; Win64; x64) AppleWebKit/537.36 (KHTML, like Gecko) Chrome/103.0.0.0 Safari/537.36"
165.231.182.60 - - [17/Jan/2025:01:32:22 -0500] "GET /register/ HTTP/1.0" 200 75934 "https://misswavenigeria.com/" "Mozilla/5.0 (Windows NT 6.3; Win64; x64) AppleWebKit/537.36 (KHTML, like Gecko) Chrome/103.0.0.0 Safari/537.36"
66.29.132.124 - - [17/Jan/2025:01:32:21 -0500] "POST /wp-admin/admin-ajax.php?action=async_litespeed&nonce=jOli5B183wOWfLGElNTaA3JsBoWcqc3n&litespeed_type=imgoptm HTTP/1.1" 200 0 "-" "WordPress/6.7.1; https://misswavenigeria.com"
66.29.132.124 - - [17/Jan/2025:01:32:43 -0500] "POST /wp-cron.php?doing_wp_cron=1737095563.4720098972320556640625 HTTP/1.1" 200 0 "-" "WordPress/6.7.1; https://misswavenigeria.com"
85.208.96.207 - - [17/Jan/2025:01:32:41 -0500] "GET /goods/4516857 HTTP/1.1" 404 18013 "-" "Mozilla/5.0 (compatible; SemrushBot/7~bl; +http://www.semrush.com/bot.html)"
165.231.182.60 - - [17/Jan/2025:01:32:46 -0500] "GET / HTTP/1.0" 200 109067 "https://misswavenigeria.com/" "Mozilla/5.0 (Windows NT 6.3; Win64; x64) AppleWebKit/537.36 (KHTML, like Gecko) Chrome/103.0.0.0 Safari/537.36"
165.231.182.60 - - [17/Jan/2025:01:32:48 -0500] "GET /register/ HTTP/1.0" 200 75934 "https://misswavenigeria.com/register/" "Mozilla/5.0 (Windows NT 6.3; Win64; x64) AppleWebKit/537.36 (KHTML, like Gecko) Chrome/103.0.0.0 Safari/537.36"
66.249.65.98 - - [17/Jan/2025:01:33:01 -0500] "GET /?product=moisture14733569-428?keyword=%E3%83%95%E3%82%A1%E3%83%83%E3%82%B7%E3%83%A7%E3%83%B3 HTTP/1.1" 200 72731 "-" "Mozilla/5.0 (Linux; Android 6.0.1; Nexus 5X Build/MMB29P) AppleWebKit/537.36 (KHTML, like Gecko) Chrome/132.0.6834.83 Mobile Safari/537.36 (compatible; Googlebot/2.1; +http://www.google.com/bot.html)"
66.249.65.98 - - [17/Jan/2025:01:33:29 -0500] "GET /index.php?show/3749296 HTTP/1.1" 200 69862 "-" "Mozilla/5.0 (Linux; Android 6.0.1; Nexus 5X Build/MMB29P) AppleWebKit/537.36 (KHTML, like Gecko) Chrome/132.0.6834.83 Mobile Safari/537.36 (compatible; Googlebot/2.1; +http://www.google.com/bot.html)"
66.29.132.124 - - [17/Jan/2025:01:33:43 -0500] "POST /wp-cron.php?doing_wp_cron=1737095622.9512801170349121093750 HTTP/1.1" 200 0 "-" "WordPress/6.7.1; https://misswavenigeria.com"
85.208.96.202 - - [17/Jan/2025:01:33:39 -0500] "GET /goods/1449332 HTTP/1.1" 404 18013 "-" "Mozilla/5.0 (compatible; SemrushBot/7~bl; +http://www.semrush.com/bot.html)"
66.29.132.124 - - [17/Jan/2025:01:33:47 -0500] "POST /wp-admin/admin-ajax.php?action=async_litespeed&nonce=SNmZoTJPkBzFUkWmYBKCiYi2SWLFAzDx&litespeed_type=imgoptm HTTP/1.1" 200 0 "-" "WordPress/6.7.1; https://misswavenigeria.com"
85.208.96.198 - - [17/Jan/2025:01:33:48 -0500] "GET /goods/2674856 HTTP/1.1" 404 18012 "-" "Mozilla/5.0 (compatible; SemrushBot/7~bl; +http://www.semrush.com/bot.html)"
85.208.96.203 - - [17/Jan/2025:01:33:55 -0500] "GET /goods/635974 HTTP/1.1" 404 18013 "-" "Mozilla/5.0 (compatible; SemrushBot/7~bl; +http://www.semrush.com/bot.html)"
185.191.171.10 - - [17/Jan/2025:01:34:03 -0500] "GET /goods/3073203 HTTP/1.1" 404 18019 "-" "Mozilla/5.0 (compatible; SemrushBot/7~bl; +http://www.semrush.com/bot.html)"
185.191.171.15 - - [17/Jan/2025:01:34:11 -0500] "GET /goods/776981 HTTP/1.1" 404 18013 "-" "Mozilla/5.0 (compatible; SemrushBot/7~bl; +http://www.semrush.com/bot.html)"
66.29.132.124 - - [17/Jan/2025:01:34:28 -0500] "POST /wp-cron.php?doing_wp_cron=1737095668.3475069999694824218750 HTTP/1.1" 200 0 "-" "WordPress/6.7.1; https://misswavenigeria.com"
185.191.171.12 - - [17/Jan/2025:01:34:25 -0500] "GET /goods/11523 HTTP/1.1" 404 18012 "-" "Mozilla/5.0 (compatible; SemrushBot/7~bl; +http://www.semrush.com/bot.html)"
66.29.132.124 - - [17/Jan/2025:01:34:32 -0500] "POST /wp-admin/admin-ajax.php?action=async_litespeed&nonce=0SMNozXJ4ZO4ROxODuVHC7yfR7hbs3Wz&litespeed_type=imgoptm HTTP/1.1" 200 0 "-" "WordPress/6.7.1; https://misswavenigeria.com"
85.208.96.193 - - [17/Jan/2025:01:34:32 -0500] "GET /goods/3543504 HTTP/1.1" 404 18013 "-" "Mozilla/5.0 (compatible; SemrushBot/7~bl; +http://www.semrush.com/bot.html)"
85.208.96.210 - - [17/Jan/2025:01:34:43 -0500] "GET /goods/271395 HTTP/1.1" 404 18012 "-" "Mozilla/5.0 (compatible; SemrushBot/7~bl; +http://www.semrush.com/bot.html)"
165.231.182.60 - - [17/Jan/2025:01:32:49 -0500] "POST /register/ HTTP/1.0" 200 0 "https://misswavenigeria.com/register/" "Mozilla/5.0 (Windows NT 6.3; Win64; x64) AppleWebKit/537.36 (KHTML, like Gecko) Chrome/103.0.0.0 Safari/537.36"
165.231.182.60 - - [17/Jan/2025:01:35:20 -0500] "GET /register/ HTTP/1.0" 200 75934 "https://misswavenigeria.com/" "Mozilla/5.0 (Windows NT 6.3; Win64; x64) AppleWebKit/537.36 (KHTML, like Gecko) Chrome/103.0.0.0 Safari/537.36"
66.29.132.124 - - [17/Jan/2025:01:35:26 -0500] "POST /wp-cron.php?doing_wp_cron=1737095726.4468829631805419921875 HTTP/1.1" 200 0 "-" "WordPress/6.7.1; https://misswavenigeria.com"
185.191.171.1 - - [17/Jan/2025:01:35:22 -0500] "GET /goods/3459854 HTTP/1.1" 404 18013 "-" "Mozilla/5.0 (compatible; SemrushBot/7~bl; +http://www.semrush.com/bot.html)"
66.29.132.124 - - [17/Jan/2025:01:35:34 -0500] "POST /wp-admin/admin-ajax.php?action=async_litespeed&nonce=kSy6a8iFjkgP7KmBub1CBZpXcjlRANeH&litespeed_type=imgoptm HTTP/1.1" 200 0 "-" "WordPress/6.7.1; https://misswavenigeria.com"
185.191.171.15 - - [17/Jan/2025:01:35:32 -0500] "GET /goods/868590 HTTP/1.1" 404 18012 "-" "Mozilla/5.0 (compatible; SemrushBot/7~bl; +http://www.semrush.com/bot.html)"
165.231.182.60 - - [17/Jan/2025:01:35:47 -0500] "GET / HTTP/1.0" 200 109067 "https://misswavenigeria.com/" "Mozilla/5.0 (Windows NT 10.0; Win64; x64) AppleWebKit/537.36 (KHTML, like Gecko) Chrome/103.0.5060.66 Safari/537.36"
185.191.171.15 - - [17/Jan/2025:01:35:43 -0500] "GET /goods/3136825 HTTP/1.1" 404 18012 "-" "Mozilla/5.0 (compatible; SemrushBot/7~bl; +http://www.semrush.com/bot.html)"
165.231.182.60 - - [17/Jan/2025:01:35:49 -0500] "GET /register/ HTTP/1.0" 200 75934 "https://misswavenigeria.com/register/" "Mozilla/5.0 (Windows NT 10.0; Win64; x64) AppleWebKit/537.36 (KHTML, like Gecko) Chrome/103.0.5060.66 Safari/537.36"
85.208.96.204 - - [17/Jan/2025:01:35:51 -0500] "GET /goods/2314236 HTTP/1.1" 404 18012 "-" "Mozilla/5.0 (compatible; SemrushBot/7~bl; +http://www.semrush.com/bot.html)"
85.208.96.196 - - [17/Jan/2025:01:35:58 -0500] "GET /goods/964022 HTTP/1.1" 404 18013 "-" "Mozilla/5.0 (compatible; SemrushBot/7~bl; +http://www.semrush.com/bot.html)"
185.191.171.15 - - [17/Jan/2025:01:36:05 -0500] "GET /goods/1228754 HTTP/1.1" 404 18012 "-" "Mozilla/5.0 (compatible; SemrushBot/7~bl; +http://www.semrush.com/bot.html)"
85.208.96.202 - - [17/Jan/2025:01:36:11 -0500] "GET /goods/1997766 HTTP/1.1" 404 18013 "-" "Mozilla/5.0 (compatible; SemrushBot/7~bl; +http://www.semrush.com/bot.html)"
66.29.132.124 - - [17/Jan/2025:01:36:20 -0500] "POST /wp-cron.php?doing_wp_cron=1737095780.7568678855895996093750 HTTP/1.1" 200 0 "-" "WordPress/6.7.1; https://misswavenigeria.com"
185.191.171.8 - - [17/Jan/2025:01:36:18 -0500] "GET /goods/1855666 HTTP/1.1" 404 18013 "-" "Mozilla/5.0 (compatible; SemrushBot/7~bl; +http://www.semrush.com/bot.html)"
66.29.132.124 - - [17/Jan/2025:01:36:24 -0500] "POST /wp-admin/admin-ajax.php?action=async_litespeed&nonce=R9MWxltscL961OktYW4yT1mFoIVrZf3X&litespeed_type=imgoptm HTTP/1.1" 200 0 "-" "WordPress/6.7.1; https://misswavenigeria.com"
185.191.171.19 - - [17/Jan/2025:01:36:24 -0500] "GET /goods/2890819 HTTP/1.1" 404 18013 "-" "Mozilla/5.0 (compatible; SemrushBot/7~bl; +http://www.semrush.com/bot.html)"
66.29.132.124 - - [17/Jan/2025:01:36:33 -0500] "POST /wp-cron.php?doing_wp_cron=1737095793.0456349849700927734375 HTTP/1.1" 200 0 "-" "WordPress/6.7.1; https://misswavenigeria.com"
85.208.96.206 - - [17/Jan/2025:01:36:30 -0500] "GET /goods/3591469 HTTP/1.1" 404 18012 "-" "Mozilla/5.0 (compatible; SemrushBot/7~bl; +http://www.semrush.com/bot.html)"
