185.191.171.3 - - [16/Jan/2025:21:51:07 -0500] "GET /goods/2661364 HTTP/1.1" 404 18013 "-" "Mozilla/5.0 (compatible; SemrushBot/7~bl; +http://www.semrush.com/bot.html)"
85.208.96.195 - - [16/Jan/2025:21:51:10 -0500] "GET /goods/2697083 HTTP/1.1" 404 18012 "-" "Mozilla/5.0 (compatible; SemrushBot/7~bl; +http://www.semrush.com/bot.html)"
185.191.171.13 - - [16/Jan/2025:21:51:13 -0500] "GET /goods/3191192 HTTP/1.1" 404 18012 "-" "Mozilla/5.0 (compatible; SemrushBot/7~bl; +http://www.semrush.com/bot.html)"
85.208.96.204 - - [16/Jan/2025:21:51:15 -0500] "GET /goods/3084422 HTTP/1.1" 404 18013 "-" "Mozilla/5.0 (compatible; SemrushBot/7~bl; +http://www.semrush.com/bot.html)"
66.29.132.124 - - [16/Jan/2025:21:51:32 -0500] "POST /wp-cron.php?doing_wp_cron=1737082292.2714130878448486328125 HTTP/1.1" 200 0 "-" "WordPress/6.7.1; https://misswavenigeria.com"
185.191.171.11 - - [16/Jan/2025:21:51:32 -0500] "GET /goods/299318 HTTP/1.1" 404 18013 "-" "Mozilla/5.0 (compatible; SemrushBot/7~bl; +http://www.semrush.com/bot.html)"
66.29.132.124 - - [16/Jan/2025:21:51:32 -0500] "POST /wp-admin/admin-ajax.php?action=async_litespeed&nonce=Wsc3ZPboZLdw9vja6grba8MeOlK5LRYx&litespeed_type=imgoptm HTTP/1.1" 200 21 "-" "WordPress/6.7.1; https://misswavenigeria.com"
85.208.96.197 - - [16/Jan/2025:21:51:43 -0500] "GET /goods/670916 HTTP/1.1" 404 18013 "-" "Mozilla/5.0 (compatible; SemrushBot/7~bl; +http://www.semrush.com/bot.html)"
138.199.18.147 - - [16/Jan/2025:21:49:37 -0500] "POST /register/ HTTP/1.0" 200 76060 "https://misswavenigeria.com/register/" "Mozilla/5.0 (Windows NT 10.0) AppleWebKit/537.36 (KHTML, like Gecko) Chrome/103.0.0.0 Safari/537.36"
138.199.18.147 - - [16/Jan/2025:21:51:51 -0500] "GET /register/ HTTP/1.0" 200 75934 "https://misswavenigeria.com/" "Mozilla/5.0 (Windows NT 10.0) AppleWebKit/537.36 (KHTML, like Gecko) Chrome/103.0.0.0 Safari/537.36"
66.249.65.98 - - [16/Jan/2025:21:51:54 -0500] "GET /goods/1105627 HTTP/1.1" 200 74184 "-" "Mozilla/5.0 (Linux; Android 6.0.1; Nexus 5X Build/MMB29P) AppleWebKit/537.36 (KHTML, like Gecko) Chrome/132.0.6834.83 Mobile Safari/537.36 (compatible; Googlebot/2.1; +http://www.google.com/bot.html)"
85.208.96.196 - - [16/Jan/2025:21:51:57 -0500] "GET /goods/1581579 HTTP/1.1" 404 18012 "-" "Mozilla/5.0 (compatible; SemrushBot/7~bl; +http://www.semrush.com/bot.html)"
66.249.65.98 - - [16/Jan/2025:21:52:16 -0500] "GET /goods/2456839 HTTP/1.1" 200 71819 "-" "Mozilla/5.0 (Linux; Android 6.0.1; Nexus 5X Build/MMB29P) AppleWebKit/537.36 (KHTML, like Gecko) Chrome/132.0.6834.83 Mobile Safari/537.36 (compatible; Googlebot/2.1; +http://www.google.com/bot.html)"
66.29.132.124 - - [16/Jan/2025:21:52:30 -0500] "POST /wp-cron.php?doing_wp_cron=1737082350.3424661159515380859375 HTTP/1.1" 200 0 "-" "WordPress/6.7.1; https://misswavenigeria.com"
66.249.65.98 - - [16/Jan/2025:21:52:29 -0500] "GET /goods/4556895 HTTP/1.1" 200 68944 "-" "Mozilla/5.0 (Linux; Android 6.0.1; Nexus 5X Build/MMB29P) AppleWebKit/537.36 (KHTML, like Gecko) Chrome/132.0.6834.83 Mobile Safari/537.36 (compatible; Googlebot/2.1; +http://www.google.com/bot.html)"
43.134.141.244 - - [16/Jan/2025:21:52:29 -0500] "GET / HTTP/1.1" 200 24481 "http://misswavenigeria.com" "Mozilla/5.0 (iPhone; CPU iPhone OS 13_2_3 like Mac OS X) AppleWebKit/605.1.15 (KHTML, like Gecko) Version/13.0.3 Mobile/15E148 Safari/604.1"
66.29.132.124 - - [16/Jan/2025:21:52:30 -0500] "POST /wp-admin/admin-ajax.php?action=async_litespeed&nonce=dDjVu9VLuWB85s7g3bLJ653ZanuP1mh0&litespeed_type=imgoptm HTTP/1.1" 200 21 "-" "WordPress/6.7.1; https://misswavenigeria.com"
138.199.18.147 - - [16/Jan/2025:21:52:45 -0500] "GET / HTTP/1.0" 200 109067 "https://misswavenigeria.com/" "Mozilla/5.0 (Windows NT 10.0; Win64; x64) AppleWebKit/537.36 (KHTML, like Gecko) Chrome/103.0.5060.66 Safari/537.36"
138.199.18.147 - - [16/Jan/2025:21:52:47 -0500] "GET /register/ HTTP/1.0" 200 75934 "https://misswavenigeria.com/register/" "Mozilla/5.0 (Windows NT 10.0; Win64; x64) AppleWebKit/537.36 (KHTML, like Gecko) Chrome/103.0.5060.66 Safari/537.36"
85.208.96.198 - - [16/Jan/2025:21:52:47 -0500] "GET /goods/1334649 HTTP/1.1" 404 18012 "-" "Mozilla/5.0 (compatible; SemrushBot/7~bl; +http://www.semrush.com/bot.html)"
66.249.65.98 - - [16/Jan/2025:21:52:57 -0500] "GET /goods/629115 HTTP/1.1" 200 71162 "-" "Mozilla/5.0 (Linux; Android 6.0.1; Nexus 5X Build/MMB29P) AppleWebKit/537.36 (KHTML, like Gecko) Chrome/132.0.6834.83 Mobile Safari/537.36 (compatible; Googlebot/2.1; +http://www.google.com/bot.html)"
85.208.96.210 - - [16/Jan/2025:21:52:59 -0500] "GET /goods/229148 HTTP/1.1" 404 18011 "-" "Mozilla/5.0 (compatible; SemrushBot/7~bl; +http://www.semrush.com/bot.html)"
66.249.65.98 - - [16/Jan/2025:21:53:00 -0500] "GET /static/2436343 HTTP/1.1" 200 68414 "-" "Mozilla/5.0 (Linux; Android 6.0.1; Nexus 5X Build/MMB29P) AppleWebKit/537.36 (KHTML, like Gecko) Chrome/132.0.6834.83 Mobile Safari/537.36 (compatible; Googlebot/2.1; +http://www.google.com/bot.html)"
66.249.65.99 - - [16/Jan/2025:21:53:09 -0500] "GET /goods/4216962 HTTP/1.1" 200 68417 "-" "Mozilla/5.0 (Linux; Android 6.0.1; Nexus 5X Build/MMB29P) AppleWebKit/537.36 (KHTML, like Gecko) Chrome/132.0.6834.83 Mobile Safari/537.36 (compatible; Googlebot/2.1; +http://www.google.com/bot.html)"
66.29.132.124 - - [16/Jan/2025:21:53:25 -0500] "POST /wp-cron.php?doing_wp_cron=1737082405.9475929737091064453125 HTTP/1.1" 200 0 "-" "WordPress/6.7.1; https://misswavenigeria.com"
85.208.96.211 - - [16/Jan/2025:21:53:25 -0500] "GET /goods/725680 HTTP/1.1" 404 18012 "-" "Mozilla/5.0 (compatible; SemrushBot/7~bl; +http://www.semrush.com/bot.html)"
66.29.132.124 - - [16/Jan/2025:21:53:26 -0500] "POST /wp-admin/admin-ajax.php?action=async_litespeed&nonce=yjTDeEQqopXSUdELhwe2rSGQ1RFohgvj&litespeed_type=imgoptm HTTP/1.1" 200 21 "-" "WordPress/6.7.1; https://misswavenigeria.com"
185.191.171.3 - - [16/Jan/2025:21:53:34 -0500] "GET /goods/3767982 HTTP/1.1" 404 18013 "-" "Mozilla/5.0 (compatible; SemrushBot/7~bl; +http://www.semrush.com/bot.html)"
185.191.171.14 - - [16/Jan/2025:21:53:37 -0500] "GET /goods/2196273 HTTP/1.1" 404 18013 "-" "Mozilla/5.0 (compatible; SemrushBot/7~bl; +http://www.semrush.com/bot.html)"
66.249.65.98 - - [16/Jan/2025:21:53:52 -0500] "GET /goods/1078078 HTTP/1.1" 200 69200 "-" "Mozilla/5.0 (Linux; Android 6.0.1; Nexus 5X Build/MMB29P) AppleWebKit/537.36 (KHTML, like Gecko) Chrome/132.0.6834.83 Mobile Safari/537.36 (compatible; Googlebot/2.1; +http://www.google.com/bot.html)"
185.191.171.14 - - [16/Jan/2025:21:53:57 -0500] "GET /goods/1643681 HTTP/1.1" 404 18012 "-" "Mozilla/5.0 (compatible; SemrushBot/7~bl; +http://www.semrush.com/bot.html)"
185.191.171.12 - - [16/Jan/2025:21:54:00 -0500] "GET /goods/668253 HTTP/1.1" 404 18012 "-" "Mozilla/5.0 (compatible; SemrushBot/7~bl; +http://www.semrush.com/bot.html)"
185.191.171.8 - - [16/Jan/2025:21:54:03 -0500] "GET /goods/2423449 HTTP/1.1" 404 18013 "-" "Mozilla/5.0 (compatible; SemrushBot/7~bl; +http://www.semrush.com/bot.html)"
185.191.171.11 - - [16/Jan/2025:21:54:08 -0500] "GET /goods/2748488 HTTP/1.1" 404 18013 "-" "Mozilla/5.0 (compatible; SemrushBot/7~bl; +http://www.semrush.com/bot.html)"
185.191.171.4 - - [16/Jan/2025:21:54:15 -0500] "GET /goods/2097284 HTTP/1.1" 404 18013 "-" "Mozilla/5.0 (compatible; SemrushBot/7~bl; +http://www.semrush.com/bot.html)"
66.29.132.124 - - [16/Jan/2025:21:54:19 -0500] "POST /wp-cron.php?doing_wp_cron=1737082459.3539938926696777343750 HTTP/1.1" 200 0 "-" "WordPress/6.7.1; https://misswavenigeria.com"
185.191.171.13 - - [16/Jan/2025:21:54:19 -0500] "GET /goods/942680 HTTP/1.1" 404 18013 "-" "Mozilla/5.0 (compatible; SemrushBot/7~bl; +http://www.semrush.com/bot.html)"
66.29.132.124 - - [16/Jan/2025:21:54:19 -0500] "POST /wp-admin/admin-ajax.php?action=async_litespeed&nonce=KKHQnFk1stgMRdJKwqCeTFqSb7xz6zag&litespeed_type=imgoptm HTTP/1.1" 200 21 "-" "WordPress/6.7.1; https://misswavenigeria.com"
185.191.171.12 - - [16/Jan/2025:21:54:21 -0500] "GET /goods/3077487 HTTP/1.1" 404 18013 "-" "Mozilla/5.0 (compatible; SemrushBot/7~bl; +http://www.semrush.com/bot.html)"
66.249.65.99 - - [16/Jan/2025:21:54:20 -0500] "GET /static/2257147?keyword=%E8%93%84%E9%9F%B3%E6%A9%9F HTTP/1.1" 200 68262 "-" "Mozilla/5.0 (Linux; Android 6.0.1; Nexus 5X Build/MMB29P) AppleWebKit/537.36 (KHTML, like Gecko) Chrome/132.0.6834.83 Mobile Safari/537.36 (compatible; Googlebot/2.1; +http://www.google.com/bot.html)"
66.249.65.99 - - [16/Jan/2025:21:54:23 -0500] "GET /index.php?static/1376764 HTTP/1.1" 200 67994 "-" "Mozilla/5.0 (Linux; Android 6.0.1; Nexus 5X Build/MMB29P) AppleWebKit/537.36 (KHTML, like Gecko) Chrome/132.0.6834.83 Mobile Safari/537.36 (compatible; Googlebot/2.1; +http://www.google.com/bot.html)"
66.249.65.98 - - [16/Jan/2025:21:54:46 -0500] "GET /index.php?show/551951 HTTP/1.1" 200 69290 "-" "Mozilla/5.0 (Linux; Android 6.0.1; Nexus 5X Build/MMB29P) AppleWebKit/537.36 (KHTML, like Gecko) Chrome/132.0.6834.83 Mobile Safari/537.36 (compatible; Googlebot/2.1; +http://www.google.com/bot.html)"
138.199.18.147 - - [16/Jan/2025:21:52:51 -0500] "POST /register/ HTTP/1.0" 200 76060 "https://misswavenigeria.com/register/" "Mozilla/5.0 (Windows NT 10.0; Win64; x64) AppleWebKit/537.36 (KHTML, like Gecko) Chrome/103.0.5060.66 Safari/537.36"
66.29.132.124 - - [16/Jan/2025:21:54:53 -0500] "POST /wp-cron.php?doing_wp_cron=1737082493.6566801071166992187500 HTTP/1.1" 200 0 "-" "WordPress/6.7.1; https://misswavenigeria.com"
185.191.171.14 - - [16/Jan/2025:21:54:53 -0500] "GET /goods/4190744 HTTP/1.1" 404 18012 "-" "Mozilla/5.0 (compatible; SemrushBot/7~bl; +http://www.semrush.com/bot.html)"
138.199.18.147 - - [16/Jan/2025:21:54:53 -0500] "GET /register/ HTTP/1.0" 200 75934 "https://misswavenigeria.com/" "Mozilla/5.0 (Windows NT 10.0; Win64; x64) AppleWebKit/537.36 (KHTML, like Gecko) Chrome/103.0.5060.66 Safari/537.36"
185.191.171.11 - - [16/Jan/2025:21:55:11 -0500] "GET /goods/4462042 HTTP/1.1" 404 18012 "-" "Mozilla/5.0 (compatible; SemrushBot/7~bl; +http://www.semrush.com/bot.html)"
185.191.171.9 - - [16/Jan/2025:21:55:14 -0500] "GET /goods/4586691 HTTP/1.1" 404 18013 "-" "Mozilla/5.0 (compatible; SemrushBot/7~bl; +http://www.semrush.com/bot.html)"
66.29.132.124 - - [16/Jan/2025:21:55:19 -0500] "POST /wp-cron.php?doing_wp_cron=1737082519.1763820648193359375000 HTTP/1.1" 200 0 "-" "WordPress/6.7.1; https://misswavenigeria.com"
85.208.96.198 - - [16/Jan/2025:21:55:18 -0500] "GET /goods/3264987 HTTP/1.1" 404 18013 "-" "Mozilla/5.0 (compatible; SemrushBot/7~bl; +http://www.semrush.com/bot.html)"
66.29.132.124 - - [16/Jan/2025:21:55:19 -0500] "POST /wp-admin/admin-ajax.php?action=async_litespeed&nonce=ivbOkP16QSzicKuIwhWd9wugfAPkTqlh&litespeed_type=imgoptm HTTP/1.1" 200 21 "-" "WordPress/6.7.1; https://misswavenigeria.com"
185.191.171.17 - - [16/Jan/2025:21:55:21 -0500] "GET /goods/4714939 HTTP/1.1" 404 18013 "-" "Mozilla/5.0 (compatible; SemrushBot/7~bl; +http://www.semrush.com/bot.html)"
66.29.132.124 - - [16/Jan/2025:21:55:39 -0500] "POST /wp-cron.php?doing_wp_cron=1737082539.5128340721130371093750 HTTP/1.1" 200 0 "-" "WordPress/6.7.1; https://misswavenigeria.com"
185.191.171.16 - - [16/Jan/2025:21:55:39 -0500] "GET /goods/3452248 HTTP/1.1" 404 18019 "-" "Mozilla/5.0 (compatible; SemrushBot/7~bl; +http://www.semrush.com/bot.html)"
85.208.96.207 - - [16/Jan/2025:21:55:44 -0500] "GET /goods/4365107 HTTP/1.1" 404 18013 "-" "Mozilla/5.0 (compatible; SemrushBot/7~bl; +http://www.semrush.com/bot.html)"
185.191.171.13 - - [16/Jan/2025:21:55:59 -0500] "GET /goods/71341 HTTP/1.1" 404 18013 "-" "Mozilla/5.0 (compatible; SemrushBot/7~bl; +http://www.semrush.com/bot.html)"
66.249.65.100 - - [16/Jan/2025:21:56:11 -0500] "GET /show/811242?keyword=MaisonMarelle HTTP/1.1" 200 69158 "-" "Mozilla/5.0 (Linux; Android 6.0.1; Nexus 5X Build/MMB29P) AppleWebKit/537.36 (KHTML, like Gecko) Chrome/132.0.6834.83 Mobile Safari/537.36 (compatible; Googlebot/2.1; +http://www.google.com/bot.html)"
138.199.18.147 - - [16/Jan/2025:21:56:14 -0500] "GET / HTTP/1.0" 200 109065 "https://misswavenigeria.com/" "Mozilla/5.0 (Windows NT 10.0; WOW64) AppleWebKit/537.36 (KHTML, like Gecko) Chrome/103.0.0.0 Safari/537.36"
138.199.18.147 - - [16/Jan/2025:21:56:17 -0500] "GET /register/ HTTP/1.0" 200 75934 "https://misswavenigeria.com/register/" "Mozilla/5.0 (Windows NT 10.0; WOW64) AppleWebKit/537.36 (KHTML, like Gecko) Chrome/103.0.0.0 Safari/537.36"
66.29.132.124 - - [16/Jan/2025:21:56:19 -0500] "POST /wp-cron.php?doing_wp_cron=1737082579.3875520229339599609375 HTTP/1.1" 200 0 "-" "WordPress/6.7.1; https://misswavenigeria.com"
66.29.132.124 - - [16/Jan/2025:21:56:19 -0500] "POST /wp-admin/admin-ajax.php?action=async_litespeed&nonce=rI1gpLTPHMdZpwAeVB5hW1OIczJGww0r&litespeed_type=imgoptm HTTP/1.1" 200 21 "-" "WordPress/6.7.1; https://misswavenigeria.com"
66.249.65.99 - - [16/Jan/2025:21:56:20 -0500] "GET /goods/4675742 HTTP/1.1" 200 68389 "-" "Mozilla/5.0 (Linux; Android 6.0.1; Nexus 5X Build/MMB29P) AppleWebKit/537.36 (KHTML, like Gecko) Chrome/132.0.6834.83 Mobile Safari/537.36 (compatible; Googlebot/2.1; +http://www.google.com/bot.html)"
66.249.65.98 - - [16/Jan/2025:21:56:23 -0500] "GET /goods/3368824 HTTP/1.1" 200 68678 "-" "Mozilla/5.0 (Linux; Android 6.0.1; Nexus 5X Build/MMB29P) AppleWebKit/537.36 (KHTML, like Gecko) Chrome/132.0.6834.83 Mobile Safari/537.36 (compatible; Googlebot/2.1; +http://www.google.com/bot.html)"
66.249.65.98 - - [16/Jan/2025:21:56:32 -0500] "GET /goods/2848867 HTTP/1.1" 200 67514 "-" "Mozilla/5.0 (Linux; Android 6.0.1; Nexus 5X Build/MMB29P) AppleWebKit/537.36 (KHTML, like Gecko) Chrome/132.0.6834.83 Mobile Safari/537.36 (compatible; Googlebot/2.1; +http://www.google.com/bot.html)"
66.249.65.98 - - [16/Jan/2025:21:56:55 -0500] "GET /goods/4850316 HTTP/1.1" 200 67966 "-" "Mozilla/5.0 (Linux; Android 6.0.1; Nexus 5X Build/MMB29P) AppleWebKit/537.36 (KHTML, like Gecko) Chrome/132.0.6834.83 Mobile Safari/537.36 (compatible; Googlebot/2.1; +http://www.google.com/bot.html)"
66.249.65.99 - - [16/Jan/2025:21:57:00 -0500] "GET /static/4806521 HTTP/1.1" 200 70088 "-" "Mozilla/5.0 (Linux; Android 6.0.1; Nexus 5X Build/MMB29P) AppleWebKit/537.36 (KHTML, like Gecko) Chrome/132.0.6834.83 Mobile Safari/537.36 (compatible; Googlebot/2.1; +http://www.google.com/bot.html)"
66.29.132.124 - - [16/Jan/2025:21:57:08 -0500] "POST /wp-cron.php?doing_wp_cron=1737082628.4481120109558105468750 HTTP/1.1" 200 0 "-" "WordPress/6.7.1; https://misswavenigeria.com"
85.208.96.198 - - [16/Jan/2025:21:57:08 -0500] "GET /goods/1226550 HTTP/1.1" 404 18013 "-" "Mozilla/5.0 (compatible; SemrushBot/7~bl; +http://www.semrush.com/bot.html)"
66.29.132.124 - - [16/Jan/2025:21:57:23 -0500] "POST /wp-cron.php?doing_wp_cron=1737082643.6055319309234619140625 HTTP/1.1" 200 0 "-" "WordPress/6.7.1; https://misswavenigeria.com"
85.208.96.209 - - [16/Jan/2025:21:57:23 -0500] "GET /goods/489966 HTTP/1.1" 404 18013 "-" "Mozilla/5.0 (compatible; SemrushBot/7~bl; +http://www.semrush.com/bot.html)"
66.29.132.124 - - [16/Jan/2025:21:57:24 -0500] "POST /wp-admin/admin-ajax.php?action=async_litespeed&nonce=eWX5m2t0SqZZD1EF3xjRnoe7KDUJQ9bI&litespeed_type=imgoptm HTTP/1.1" 200 21 "-" "WordPress/6.7.1; https://misswavenigeria.com"
66.249.65.98 - - [16/Jan/2025:21:57:25 -0500] "GET /goods/74180 HTTP/1.1" 200 68821 "-" "Mozilla/5.0 (Linux; Android 6.0.1; Nexus 5X Build/MMB29P) AppleWebKit/537.36 (KHTML, like Gecko) Chrome/132.0.6834.83 Mobile Safari/537.36 (compatible; Googlebot/2.1; +http://www.google.com/bot.html)"
66.29.132.124 - - [16/Jan/2025:21:57:40 -0500] "POST /wp-cron.php?doing_wp_cron=1737082660.8010349273681640625000 HTTP/1.1" 200 0 "-" "WordPress/6.7.1; https://misswavenigeria.com"
85.208.96.199 - - [16/Jan/2025:21:57:41 -0500] "GET /robots.txt HTTP/1.1" 200 142 "-" "Mozilla/5.0 (compatible; SemrushBot/7~bl; +http://www.semrush.com/bot.html)"
185.191.171.12 - - [16/Jan/2025:21:57:40 -0500] "GET /goods/1975588 HTTP/1.1" 404 18013 "-" "Mozilla/5.0 (compatible; SemrushBot/7~bl; +http://www.semrush.com/bot.html)"
66.249.65.98 - - [16/Jan/2025:21:57:41 -0500] "GET /goods/2232354 HTTP/1.1" 200 69635 "-" "Mozilla/5.0 (Linux; Android 6.0.1; Nexus 5X Build/MMB29P) AppleWebKit/537.36 (KHTML, like Gecko) Chrome/132.0.6834.83 Mobile Safari/537.36 (compatible; Googlebot/2.1; +http://www.google.com/bot.html)"
185.191.171.8 - - [16/Jan/2025:21:57:43 -0500] "GET /goods/1089864 HTTP/1.1" 404 18013 "-" "Mozilla/5.0 (compatible; SemrushBot/7~bl; +http://www.semrush.com/bot.html)"
185.191.171.12 - - [16/Jan/2025:21:57:47 -0500] "GET /goods/3241423 HTTP/1.1" 404 18012 "-" "Mozilla/5.0 (compatible; SemrushBot/7~bl; +http://www.semrush.com/bot.html)"
66.249.65.98 - - [16/Jan/2025:21:57:48 -0500] "GET /goods/682884 HTTP/1.1" 200 69437 "-" "Mozilla/5.0 (Linux; Android 6.0.1; Nexus 5X Build/MMB29P) AppleWebKit/537.36 (KHTML, like Gecko) Chrome/132.0.6834.83 Mobile Safari/537.36 (compatible; Googlebot/2.1; +http://www.google.com/bot.html)"
85.208.96.211 - - [16/Jan/2025:21:57:50 -0500] "GET /goods/1398038 HTTP/1.1" 404 18012 "-" "Mozilla/5.0 (compatible; SemrushBot/7~bl; +http://www.semrush.com/bot.html)"
66.249.65.98 - - [16/Jan/2025:21:57:53 -0500] "GET /static/1529263 HTTP/1.1" 200 69501 "-" "Mozilla/5.0 (Linux; Android 6.0.1; Nexus 5X Build/MMB29P) AppleWebKit/537.36 (KHTML, like Gecko) Chrome/132.0.6834.83 Mobile Safari/537.36 (compatible; Googlebot/2.1; +http://www.google.com/bot.html)"
66.249.65.98 - - [16/Jan/2025:21:57:57 -0500] "GET /show/276867 HTTP/1.1" 200 71580 "-" "Mozilla/5.0 (Linux; Android 6.0.1; Nexus 5X Build/MMB29P) AppleWebKit/537.36 (KHTML, like Gecko) Chrome/132.0.6834.83 Mobile Safari/537.36 (compatible; Googlebot/2.1; +http://www.google.com/bot.html)"
66.249.65.99 - - [16/Jan/2025:21:57:59 -0500] "GET /goods/1235587 HTTP/1.1" 200 68631 "-" "Mozilla/5.0 (Linux; Android 6.0.1; Nexus 5X Build/MMB29P) AppleWebKit/537.36 (KHTML, like Gecko) Chrome/132.0.6834.83 Mobile Safari/537.36 (compatible; Googlebot/2.1; +http://www.google.com/bot.html)"
185.191.171.5 - - [16/Jan/2025:21:58:02 -0500] "GET /goods/1903446 HTTP/1.1" 404 18013 "-" "Mozilla/5.0 (compatible; SemrushBot/7~bl; +http://www.semrush.com/bot.html)"
185.191.171.13 - - [16/Jan/2025:21:58:08 -0500] "GET /goods/1774758 HTTP/1.1" 404 18013 "-" "Mozilla/5.0 (compatible; SemrushBot/7~bl; +http://www.semrush.com/bot.html)"
66.29.132.124 - - [16/Jan/2025:21:58:19 -0500] "POST /wp-cron.php?doing_wp_cron=1737082699.2209439277648925781250 HTTP/1.1" 200 0 "-" "WordPress/6.7.1; https://misswavenigeria.com"
185.191.171.11 - - [16/Jan/2025:21:58:18 -0500] "GET /goods/2879466 HTTP/1.1" 404 18013 "-" "Mozilla/5.0 (compatible; SemrushBot/7~bl; +http://www.semrush.com/bot.html)"
66.29.132.124 - - [16/Jan/2025:21:58:19 -0500] "POST /wp-admin/admin-ajax.php?action=async_litespeed&nonce=yEtmL5sYj0E8ZtCMz71hJcF1Lo5SLY5C&litespeed_type=imgoptm HTTP/1.1" 200 21 "-" "WordPress/6.7.1; https://misswavenigeria.com"
185.191.171.12 - - [16/Jan/2025:21:58:22 -0500] "GET /goods/3319070 HTTP/1.1" 404 18013 "-" "Mozilla/5.0 (compatible; SemrushBot/7~bl; +http://www.semrush.com/bot.html)"
66.29.132.124 - - [16/Jan/2025:21:58:25 -0500] "POST /wp-cron.php?doing_wp_cron=1737082705.2898941040039062500000 HTTP/1.1" 200 0 "-" "WordPress/6.7.1; https://misswavenigeria.com"
185.191.171.3 - - [16/Jan/2025:21:58:24 -0500] "GET /goods/4642565 HTTP/1.1" 404 18013 "-" "Mozilla/5.0 (compatible; SemrushBot/7~bl; +http://www.semrush.com/bot.html)"
85.208.96.194 - - [16/Jan/2025:21:58:27 -0500] "GET /goods/4195378 HTTP/1.1" 404 18013 "-" "Mozilla/5.0 (compatible; SemrushBot/7~bl; +http://www.semrush.com/bot.html)"
66.249.65.98 - - [16/Jan/2025:21:58:27 -0500] "GET /category/4322096 HTTP/1.1" 200 69017 "-" "Mozilla/5.0 (Linux; Android 6.0.1; Nexus 5X Build/MMB29P) AppleWebKit/537.36 (KHTML, like Gecko) Chrome/132.0.6834.83 Mobile Safari/537.36 (compatible; Googlebot/2.1; +http://www.google.com/bot.html)"
66.249.65.98 - - [16/Jan/2025:21:58:36 -0500] "GET /goods/912387 HTTP/1.1" 200 69718 "-" "Mozilla/5.0 (Linux; Android 6.0.1; Nexus 5X Build/MMB29P) AppleWebKit/537.36 (KHTML, like Gecko) Chrome/132.0.6834.83 Mobile Safari/537.36 (compatible; Googlebot/2.1; +http://www.google.com/bot.html)"
66.249.65.98 - - [16/Jan/2025:21:58:44 -0500] "GET /show/2578772 HTTP/1.1" 200 68640 "-" "Mozilla/5.0 (Linux; Android 6.0.1; Nexus 5X Build/MMB29P) AppleWebKit/537.36 (KHTML, like Gecko) Chrome/132.0.6834.83 Mobile Safari/537.36 (compatible; Googlebot/2.1; +http://www.google.com/bot.html)"
138.199.18.147 - - [16/Jan/2025:21:56:19 -0500] "POST /register/ HTTP/1.0" 200 0 "https://misswavenigeria.com/register/" "Mozilla/5.0 (Windows NT 10.0; WOW64) AppleWebKit/537.36 (KHTML, like Gecko) Chrome/103.0.0.0 Safari/537.36"
138.199.18.147 - - [16/Jan/2025:21:58:49 -0500] "GET /register/ HTTP/1.0" 200 75934 "https://misswavenigeria.com/" "Mozilla/5.0 (Windows NT 10.0; WOW64) AppleWebKit/537.36 (KHTML, like Gecko) Chrome/103.0.0.0 Safari/537.36"
85.208.96.202 - - [16/Jan/2025:21:58:58 -0500] "GET /goods/4749902 HTTP/1.1" 404 18013 "-" "Mozilla/5.0 (compatible; SemrushBot/7~bl; +http://www.semrush.com/bot.html)"
66.249.65.98 - - [16/Jan/2025:21:58:58 -0500] "GET /static/4643447 HTTP/1.1" 200 71855 "-" "Mozilla/5.0 (Linux; Android 6.0.1; Nexus 5X Build/MMB29P) AppleWebKit/537.36 (KHTML, like Gecko) Chrome/132.0.6834.83 Mobile Safari/537.36 (compatible; Googlebot/2.1; +http://www.google.com/bot.html)"
66.249.65.98 - - [16/Jan/2025:21:58:59 -0500] "GET /goods/2702558 HTTP/1.1" 200 71654 "-" "Mozilla/5.0 (Linux; Android 6.0.1; Nexus 5X Build/MMB29P) AppleWebKit/537.36 (KHTML, like Gecko) Chrome/132.0.6834.83 Mobile Safari/537.36 (compatible; Googlebot/2.1; +http://www.google.com/bot.html)"
66.249.65.98 - - [16/Jan/2025:21:59:06 -0500] "GET /static/1358486 HTTP/1.1" 200 70255 "-" "Mozilla/5.0 (Linux; Android 6.0.1; Nexus 5X Build/MMB29P) AppleWebKit/537.36 (KHTML, like Gecko) Chrome/132.0.6834.83 Mobile Safari/537.36 (compatible; Googlebot/2.1; +http://www.google.com/bot.html)"
66.249.65.98 - - [16/Jan/2025:21:59:09 -0500] "GET /show/6877 HTTP/1.1" 200 68611 "-" "Mozilla/5.0 (Linux; Android 6.0.1; Nexus 5X Build/MMB29P) AppleWebKit/537.36 (KHTML, like Gecko) Chrome/132.0.6834.83 Mobile Safari/537.36 (compatible; Googlebot/2.1; +http://www.google.com/bot.html)"
66.249.65.98 - - [16/Jan/2025:21:59:12 -0500] "GET /goods/4024720 HTTP/1.1" 200 70906 "-" "Mozilla/5.0 (Linux; Android 6.0.1; Nexus 5X Build/MMB29P) AppleWebKit/537.36 (KHTML, like Gecko) Chrome/132.0.6834.83 Mobile Safari/537.36 (compatible; Googlebot/2.1; +http://www.google.com/bot.html)"
85.208.96.197 - - [16/Jan/2025:21:59:14 -0500] "GET /goods/616981 HTTP/1.1" 404 18013 "-" "Mozilla/5.0 (compatible; SemrushBot/7~bl; +http://www.semrush.com/bot.html)"
185.191.171.11 - - [16/Jan/2025:21:59:17 -0500] "GET /goods/2000714 HTTP/1.1" 404 18012 "-" "Mozilla/5.0 (compatible; SemrushBot/7~bl; +http://www.semrush.com/bot.html)"
66.29.132.124 - - [16/Jan/2025:21:59:20 -0500] "POST /wp-cron.php?doing_wp_cron=1737082760.1472249031066894531250 HTTP/1.1" 200 0 "-" "WordPress/6.7.1; https://misswavenigeria.com"
85.208.96.201 - - [16/Jan/2025:21:59:19 -0500] "GET /goods/1690508 HTTP/1.1" 404 18012 "-" "Mozilla/5.0 (compatible; SemrushBot/7~bl; +http://www.semrush.com/bot.html)"
66.29.132.124 - - [16/Jan/2025:21:59:20 -0500] "POST /wp-admin/admin-ajax.php?action=async_litespeed&nonce=2INaJCb4sZxMlofZvqpGVABcHRPONSO0&litespeed_type=imgoptm HTTP/1.1" 200 21 "-" "WordPress/6.7.1; https://misswavenigeria.com"
138.199.18.147 - - [16/Jan/2025:21:59:24 -0500] "GET / HTTP/1.0" 200 109065 "https://misswavenigeria.com/" "Mozilla/5.0 (Windows NT 6.1; WOW64) AppleWebKit/537.36 (KHTML, like Gecko) Chrome/103.0.0.0 Safari/537.36"
66.29.132.124 - - [16/Jan/2025:21:59:26 -0500] "POST /wp-cron.php?doing_wp_cron=1737082766.1880199909210205078125 HTTP/1.1" 200 0 "-" "WordPress/6.7.1; https://misswavenigeria.com"
85.208.96.195 - - [16/Jan/2025:21:59:25 -0500] "GET /goods/40021 HTTP/1.1" 404 18012 "-" "Mozilla/5.0 (compatible; SemrushBot/7~bl; +http://www.semrush.com/bot.html)"
66.249.65.98 - - [16/Jan/2025:21:59:25 -0500] "GET /static/235649 HTTP/1.1" 200 69450 "-" "Mozilla/5.0 (Linux; Android 6.0.1; Nexus 5X Build/MMB29P) AppleWebKit/537.36 (KHTML, like Gecko) Chrome/132.0.6834.83 Mobile Safari/537.36 (compatible; Googlebot/2.1; +http://www.google.com/bot.html)"
138.199.18.147 - - [16/Jan/2025:21:59:26 -0500] "GET /register/ HTTP/1.0" 200 75934 "https://misswavenigeria.com/register/" "Mozilla/5.0 (Windows NT 6.1; WOW64) AppleWebKit/537.36 (KHTML, like Gecko) Chrome/103.0.0.0 Safari/537.36"
85.208.96.212 - - [16/Jan/2025:21:59:43 -0500] "GET /goods/1552462 HTTP/1.1" 404 18013 "-" "Mozilla/5.0 (compatible; SemrushBot/7~bl; +http://www.semrush.com/bot.html)"
185.191.171.2 - - [16/Jan/2025:21:59:47 -0500] "GET /goods/3011503 HTTP/1.1" 404 18013 "-" "Mozilla/5.0 (compatible; SemrushBot/7~bl; +http://www.semrush.com/bot.html)"
66.249.65.98 - - [16/Jan/2025:21:59:49 -0500] "GET /goods/205539 HTTP/1.1" 200 69874 "-" "Mozilla/5.0 (Linux; Android 6.0.1; Nexus 5X Build/MMB29P) AppleWebKit/537.36 (KHTML, like Gecko) Chrome/132.0.6834.83 Mobile Safari/537.36 (compatible; Googlebot/2.1; +http://www.google.com/bot.html)"
66.249.65.99 - - [16/Jan/2025:21:59:59 -0500] "GET /static/4556791 HTTP/1.1" 200 69218 "-" "Mozilla/5.0 (Linux; Android 6.0.1; Nexus 5X Build/MMB29P) AppleWebKit/537.36 (KHTML, like Gecko) Chrome/132.0.6834.83 Mobile Safari/537.36 (compatible; Googlebot/2.1; +http://www.google.com/bot.html)"
66.249.65.98 - - [16/Jan/2025:22:00:03 -0500] "GET /goods/4724738 HTTP/1.1" 200 69222 "-" "Mozilla/5.0 (Linux; Android 6.0.1; Nexus 5X Build/MMB29P) AppleWebKit/537.36 (KHTML, like Gecko) Chrome/132.0.6834.83 Mobile Safari/537.36 (compatible; Googlebot/2.1; +http://www.google.com/bot.html)"
66.249.65.98 - - [16/Jan/2025:22:00:13 -0500] "GET /goods/1450605 HTTP/1.1" 200 68359 "-" "Mozilla/5.0 (Linux; Android 6.0.1; Nexus 5X Build/MMB29P) AppleWebKit/537.36 (KHTML, like Gecko) Chrome/132.0.6834.83 Mobile Safari/537.36 (compatible; Googlebot/2.1; +http://www.google.com/bot.html)"
66.29.132.124 - - [16/Jan/2025:22:00:21 -0500] "POST /wp-cron.php?doing_wp_cron=1737082820.9812788963317871093750 HTTP/1.1" 200 0 "-" "WordPress/6.7.1; https://misswavenigeria.com"
185.191.171.6 - - [16/Jan/2025:22:00:15 -0500] "GET /goods/2301329 HTTP/1.1" 404 18019 "-" "Mozilla/5.0 (compatible; SemrushBot/7~bl; +http://www.semrush.com/bot.html)"
66.29.132.124 - - [16/Jan/2025:22:00:21 -0500] "POST /wp-admin/admin-ajax.php?action=async_litespeed&nonce=dBLlWjw7ezwKYbmQWT3aWpp4MpxGZ2w3&litespeed_type=imgoptm HTTP/1.1" 200 21 "-" "WordPress/6.7.1; https://misswavenigeria.com"
66.249.65.98 - - [16/Jan/2025:22:00:26 -0500] "GET /goods/1757266 HTTP/1.1" 200 69556 "-" "Mozilla/5.0 (Linux; Android 6.0.1; Nexus 5X Build/MMB29P) AppleWebKit/537.36 (KHTML, like Gecko) Chrome/132.0.6834.83 Mobile Safari/537.36 (compatible; Googlebot/2.1; +http://www.google.com/bot.html)"
64.124.8.153 - - [16/Jan/2025:22:00:34 -0500] "GET /o_models/maryann-miss-akwa-ibom/ HTTP/1.1" 200 15602 "-" "Mozilla/5.0 (compatible; ImagesiftBot; +imagesift.com)"
66.249.65.98 - - [16/Jan/2025:22:00:39 -0500] "GET /goods/3977116 HTTP/1.1" 200 72340 "-" "Mozilla/5.0 (Linux; Android 6.0.1; Nexus 5X Build/MMB29P) AppleWebKit/537.36 (KHTML, like Gecko) Chrome/132.0.6834.83 Mobile Safari/537.36 (compatible; Googlebot/2.1; +http://www.google.com/bot.html)"
66.249.65.99 - - [16/Jan/2025:22:00:47 -0500] "GET /goods/1985845 HTTP/1.1" 200 69164 "-" "Mozilla/5.0 (Linux; Android 6.0.1; Nexus 5X Build/MMB29P) AppleWebKit/537.36 (KHTML, like Gecko) Chrome/132.0.6834.83 Mobile Safari/537.36 (compatible; Googlebot/2.1; +http://www.google.com/bot.html)"
66.29.132.124 - - [16/Jan/2025:22:01:07 -0500] "POST /wp-cron.php?doing_wp_cron=1737082867.5850160121917724609375 HTTP/1.1" 200 0 "-" "WordPress/6.7.1; https://misswavenigeria.com"
85.208.96.207 - - [16/Jan/2025:22:01:07 -0500] "GET /goods/983268 HTTP/1.1" 404 18012 "-" "Mozilla/5.0 (compatible; SemrushBot/7~bl; +http://www.semrush.com/bot.html)"
66.249.65.98 - - [16/Jan/2025:22:01:21 -0500] "GET /goods/2121337 HTTP/1.1" 200 73009 "-" "Mozilla/5.0 (Linux; Android 6.0.1; Nexus 5X Build/MMB29P) AppleWebKit/537.36 (KHTML, like Gecko) Chrome/132.0.6834.83 Mobile Safari/537.36 (compatible; Googlebot/2.1; +http://www.google.com/bot.html)"
66.29.132.124 - - [16/Jan/2025:22:01:29 -0500] "POST /wp-cron.php?doing_wp_cron=1737082889.3887169361114501953125 HTTP/1.1" 200 0 "-" "WordPress/6.7.1; https://misswavenigeria.com"
185.191.171.2 - - [16/Jan/2025:22:01:28 -0500] "GET /goods/696136 HTTP/1.1" 404 18012 "-" "Mozilla/5.0 (compatible; SemrushBot/7~bl; +http://www.semrush.com/bot.html)"
66.29.132.124 - - [16/Jan/2025:22:01:29 -0500] "POST /wp-admin/admin-ajax.php?action=async_litespeed&nonce=kCHJsgvoIiBgKWQDbxbqfada1rQ6cuZL&litespeed_type=imgoptm HTTP/1.1" 200 21 "-" "WordPress/6.7.1; https://misswavenigeria.com"
66.249.65.98 - - [16/Jan/2025:22:01:34 -0500] "GET /goods/3355604 HTTP/1.1" 200 68606 "-" "Mozilla/5.0 (Linux; Android 6.0.1; Nexus 5X Build/MMB29P) AppleWebKit/537.36 (KHTML, like Gecko) Chrome/132.0.6834.83 Mobile Safari/537.36 (compatible; Googlebot/2.1; +http://www.google.com/bot.html)"
185.191.171.5 - - [16/Jan/2025:22:01:48 -0500] "GET /goods/641911 HTTP/1.1" 404 18012 "-" "Mozilla/5.0 (compatible; SemrushBot/7~bl; +http://www.semrush.com/bot.html)"
85.208.96.206 - - [16/Jan/2025:22:01:51 -0500] "GET /goods/4481308 HTTP/1.1" 404 18012 "-" "Mozilla/5.0 (compatible; SemrushBot/7~bl; +http://www.semrush.com/bot.html)"
85.208.96.193 - - [16/Jan/2025:22:01:52 -0500] "GET /goods/3399916 HTTP/1.1" 404 18012 "-" "Mozilla/5.0 (compatible; SemrushBot/7~bl; +http://www.semrush.com/bot.html)"
138.199.18.147 - - [16/Jan/2025:21:59:28 -0500] "POST /register/ HTTP/1.0" 200 0 "https://misswavenigeria.com/register/" "Mozilla/5.0 (Windows NT 6.1; WOW64) AppleWebKit/537.36 (KHTML, like Gecko) Chrome/103.0.0.0 Safari/537.36"
138.199.18.147 - - [16/Jan/2025:22:01:59 -0500] "GET /register/ HTTP/1.0" 200 75934 "https://misswavenigeria.com/" "Mozilla/5.0 (Windows NT 6.1; WOW64) AppleWebKit/537.36 (KHTML, like Gecko) Chrome/103.0.0.0 Safari/537.36"
66.249.65.98 - - [16/Jan/2025:22:01:57 -0500] "GET /goods/2465778 HTTP/1.1" 200 69329 "-" "Mozilla/5.0 (Linux; Android 6.0.1; Nexus 5X Build/MMB29P) AppleWebKit/537.36 (KHTML, like Gecko) Chrome/132.0.6834.83 Mobile Safari/537.36 (compatible; Googlebot/2.1; +http://www.google.com/bot.html)"
185.191.171.13 - - [16/Jan/2025:22:02:00 -0500] "GET /goods/728653 HTTP/1.1" 404 18013 "-" "Mozilla/5.0 (compatible; SemrushBot/7~bl; +http://www.semrush.com/bot.html)"
66.249.65.98 - - [16/Jan/2025:22:02:03 -0500] "GET /goods/81374 HTTP/1.1" 200 68909 "-" "Mozilla/5.0 (Linux; Android 6.0.1; Nexus 5X Build/MMB29P) AppleWebKit/537.36 (KHTML, like Gecko) Chrome/132.0.6834.83 Mobile Safari/537.36 (compatible; Googlebot/2.1; +http://www.google.com/bot.html)"
185.191.171.4 - - [16/Jan/2025:22:02:07 -0500] "GET /goods/2696351 HTTP/1.1" 404 18012 "-" "Mozilla/5.0 (compatible; SemrushBot/7~bl; +http://www.semrush.com/bot.html)"
185.191.171.14 - - [16/Jan/2025:22:02:11 -0500] "GET /goods/4492089 HTTP/1.1" 404 18012 "-" "Mozilla/5.0 (compatible; SemrushBot/7~bl; +http://www.semrush.com/bot.html)"
66.249.65.98 - - [16/Jan/2025:22:02:16 -0500] "GET /goods/467132 HTTP/1.1" 200 69705 "-" "Mozilla/5.0 (Linux; Android 6.0.1; Nexus 5X Build/MMB29P) AppleWebKit/537.36 (KHTML, like Gecko) Chrome/132.0.6834.83 Mobile Safari/537.36 (compatible; Googlebot/2.1; +http://www.google.com/bot.html)"
66.29.132.124 - - [16/Jan/2025:22:02:19 -0500] "POST /wp-cron.php?doing_wp_cron=1737082939.4843950271606445312500 HTTP/1.1" 200 0 "-" "WordPress/6.7.1; https://misswavenigeria.com"
185.191.171.3 - - [16/Jan/2025:22:02:19 -0500] "GET /goods/3569673 HTTP/1.1" 404 18012 "-" "Mozilla/5.0 (compatible; SemrushBot/7~bl; +http://www.semrush.com/bot.html)"
66.249.65.98 - - [16/Jan/2025:22:02:18 -0500] "GET /index.php?static/4625953 HTTP/1.1" 200 69105 "-" "Mozilla/5.0 (Linux; Android 6.0.1; Nexus 5X Build/MMB29P) AppleWebKit/537.36 (KHTML, like Gecko) Chrome/132.0.6834.83 Mobile Safari/537.36 (compatible; Googlebot/2.1; +http://www.google.com/bot.html)"
66.29.132.124 - - [16/Jan/2025:22:02:19 -0500] "POST /wp-admin/admin-ajax.php?action=async_litespeed&nonce=FOYLWYI987UCVotWg5Nj1x74qJHhlcAl&litespeed_type=imgoptm HTTP/1.1" 200 21 "-" "WordPress/6.7.1; https://misswavenigeria.com"
66.249.65.98 - - [16/Jan/2025:22:02:22 -0500] "GET /index.php?static/580892 HTTP/1.1" 200 68332 "-" "Mozilla/5.0 (Linux; Android 6.0.1; Nexus 5X Build/MMB29P) AppleWebKit/537.36 (KHTML, like Gecko) Chrome/132.0.6834.83 Mobile Safari/537.36 (compatible; Googlebot/2.1; +http://www.google.com/bot.html)"
66.29.132.124 - - [16/Jan/2025:22:02:27 -0500] "POST /wp-cron.php?doing_wp_cron=1737082947.8041749000549316406250 HTTP/1.1" 200 0 "-" "WordPress/6.7.1; https://misswavenigeria.com"
185.191.171.13 - - [16/Jan/2025:22:02:27 -0500] "GET /goods/2761454 HTTP/1.1" 404 18012 "-" "Mozilla/5.0 (compatible; SemrushBot/7~bl; +http://www.semrush.com/bot.html)"
185.191.171.14 - - [16/Jan/2025:22:02:31 -0500] "GET /goods/3076669 HTTP/1.1" 404 18013 "-" "Mozilla/5.0 (compatible; SemrushBot/7~bl; +http://www.semrush.com/bot.html)"
66.249.65.99 - - [16/Jan/2025:22:02:32 -0500] "GET /goods/4127875 HTTP/1.1" 200 69242 "-" "Mozilla/5.0 (Linux; Android 6.0.1; Nexus 5X Build/MMB29P) AppleWebKit/537.36 (KHTML, like Gecko) Chrome/132.0.6834.83 Mobile Safari/537.36 (compatible; Googlebot/2.1; +http://www.google.com/bot.html)"
85.208.96.193 - - [16/Jan/2025:22:02:35 -0500] "GET /goods/714252 HTTP/1.1" 404 18012 "-" "Mozilla/5.0 (compatible; SemrushBot/7~bl; +http://www.semrush.com/bot.html)"
66.249.65.98 - - [16/Jan/2025:22:02:44 -0500] "GET /goods/4569479 HTTP/1.1" 200 71157 "-" "Mozilla/5.0 (Linux; Android 6.0.1; Nexus 5X Build/MMB29P) AppleWebKit/537.36 (KHTML, like Gecko) Chrome/132.0.6834.83 Mobile Safari/537.36 (compatible; Googlebot/2.1; +http://www.google.com/bot.html)"
138.199.18.147 - - [16/Jan/2025:22:02:54 -0500] "GET / HTTP/1.0" 200 109065 "https://misswavenigeria.com/" "Mozilla/5.0 (Windows NT 6.3; Win64; x64) AppleWebKit/537.36 (KHTML, like Gecko) Chrome/103.0.5060.53 Safari/537.36"
138.199.18.147 - - [16/Jan/2025:22:02:56 -0500] "GET /register/ HTTP/1.0" 200 75934 "https://misswavenigeria.com/register/" "Mozilla/5.0 (Windows NT 6.3; Win64; x64) AppleWebKit/537.36 (KHTML, like Gecko) Chrome/103.0.5060.53 Safari/537.36"
66.249.65.98 - - [16/Jan/2025:22:02:56 -0500] "GET /goods/3665683 HTTP/1.1" 200 70901 "-" "Mozilla/5.0 (Linux; Android 6.0.1; Nexus 5X Build/MMB29P) AppleWebKit/537.36 (KHTML, like Gecko) Chrome/132.0.6834.83 Mobile Safari/537.36 (compatible; Googlebot/2.1; +http://www.google.com/bot.html)"
66.249.65.99 - - [16/Jan/2025:22:02:56 -0500] "GET /index.php?static/3183058 HTTP/1.1" 200 69818 "-" "Mozilla/5.0 (Linux; Android 6.0.1; Nexus 5X Build/MMB29P) AppleWebKit/537.36 (KHTML, like Gecko) Chrome/132.0.6834.83 Mobile Safari/537.36 (compatible; Googlebot/2.1; +http://www.google.com/bot.html)"
185.191.171.2 - - [16/Jan/2025:22:03:01 -0500] "GET /goods/4124981 HTTP/1.1" 404 18010 "-" "Mozilla/5.0 (compatible; SemrushBot/7~bl; +http://www.semrush.com/bot.html)"
66.249.65.98 - - [16/Jan/2025:22:03:07 -0500] "GET /goods/3697944 HTTP/1.1" 200 67594 "-" "Mozilla/5.0 (Linux; Android 6.0.1; Nexus 5X Build/MMB29P) AppleWebKit/537.36 (KHTML, like Gecko) Chrome/132.0.6834.83 Mobile Safari/537.36 (compatible; Googlebot/2.1; +http://www.google.com/bot.html)"
66.249.65.98 - - [16/Jan/2025:22:03:09 -0500] "GET /goods/779174 HTTP/1.1" 200 67708 "-" "Mozilla/5.0 (Linux; Android 6.0.1; Nexus 5X Build/MMB29P) AppleWebKit/537.36 (KHTML, like Gecko) Chrome/132.0.6834.83 Mobile Safari/537.36 (compatible; Googlebot/2.1; +http://www.google.com/bot.html)"
66.249.65.99 - - [16/Jan/2025:22:03:11 -0500] "GET /static/2806744?keyword=RF%E3%83%9C%E3%83%BC%E3%83%86 HTTP/1.1" 200 67823 "-" "Mozilla/5.0 (Linux; Android 6.0.1; Nexus 5X Build/MMB29P) AppleWebKit/537.36 (KHTML, like Gecko) Chrome/132.0.6834.83 Mobile Safari/537.36 (compatible; Googlebot/2.1; +http://www.google.com/bot.html)"
66.29.132.124 - - [16/Jan/2025:22:03:20 -0500] "POST /wp-cron.php?doing_wp_cron=1737083000.1579160690307617187500 HTTP/1.1" 200 0 "-" "WordPress/6.7.1; https://misswavenigeria.com"
185.191.171.11 - - [16/Jan/2025:22:03:19 -0500] "GET /goods/994819 HTTP/1.1" 404 18011 "-" "Mozilla/5.0 (compatible; SemrushBot/7~bl; +http://www.semrush.com/bot.html)"
66.29.132.124 - - [16/Jan/2025:22:03:21 -0500] "POST /wp-admin/admin-ajax.php?action=async_litespeed&nonce=4fIIEXAxkv2PKJ4ypMHwwgUmDMAYFaHR&litespeed_type=imgoptm HTTP/1.1" 200 21 "-" "WordPress/6.7.1; https://misswavenigeria.com"
185.191.171.18 - - [16/Jan/2025:22:03:24 -0500] "GET /goods/4015129 HTTP/1.1" 404 18012 "-" "Mozilla/5.0 (compatible; SemrushBot/7~bl; +http://www.semrush.com/bot.html)"
66.249.65.98 - - [16/Jan/2025:22:03:24 -0500] "GET /static/263756 HTTP/1.1" 200 70630 "-" "Mozilla/5.0 (Linux; Android 6.0.1; Nexus 5X Build/MMB29P) AppleWebKit/537.36 (KHTML, like Gecko) Chrome/132.0.6834.83 Mobile Safari/537.36 (compatible; Googlebot/2.1; +http://www.google.com/bot.html)"
66.29.132.124 - - [16/Jan/2025:22:03:28 -0500] "POST /wp-cron.php?doing_wp_cron=1737083008.7754321098327636718750 HTTP/1.1" 200 0 "-" "WordPress/6.7.1; https://misswavenigeria.com"
185.191.171.12 - - [16/Jan/2025:22:03:28 -0500] "GET /goods/1786310 HTTP/1.1" 404 18012 "-" "Mozilla/5.0 (compatible; SemrushBot/7~bl; +http://www.semrush.com/bot.html)"
185.191.171.2 - - [16/Jan/2025:22:03:35 -0500] "GET /goods/2435662 HTTP/1.1" 404 18012 "-" "Mozilla/5.0 (compatible; SemrushBot/7~bl; +http://www.semrush.com/bot.html)"
66.249.65.98 - - [16/Jan/2025:22:03:40 -0500] "GET /goods/3931614 HTTP/1.1" 200 69076 "-" "Mozilla/5.0 (Linux; Android 6.0.1; Nexus 5X Build/MMB29P) AppleWebKit/537.36 (KHTML, like Gecko) Chrome/132.0.6834.83 Mobile Safari/537.36 (compatible; Googlebot/2.1; +http://www.google.com/bot.html)"
66.249.65.98 - - [16/Jan/2025:22:03:43 -0500] "GET /index.php?static/995835 HTTP/1.1" 200 70002 "-" "Mozilla/5.0 (Linux; Android 6.0.1; Nexus 5X Build/MMB29P) AppleWebKit/537.36 (KHTML, like Gecko) Chrome/132.0.6834.83 Mobile Safari/537.36 (compatible; Googlebot/2.1; +http://www.google.com/bot.html)"
66.249.65.98 - - [16/Jan/2025:22:03:44 -0500] "GET /goods/2883548 HTTP/1.1" 200 68850 "-" "Mozilla/5.0 (Linux; Android 6.0.1; Nexus 5X Build/MMB29P) AppleWebKit/537.36 (KHTML, like Gecko) Chrome/132.0.6834.83 Mobile Safari/537.36 (compatible; Googlebot/2.1; +http://www.google.com/bot.html)"
85.208.96.210 - - [16/Jan/2025:22:03:47 -0500] "GET /goods/3446370 HTTP/1.1" 404 18011 "-" "Mozilla/5.0 (compatible; SemrushBot/7~bl; +http://www.semrush.com/bot.html)"
185.191.171.7 - - [16/Jan/2025:22:03:51 -0500] "GET /goods/3472022 HTTP/1.1" 404 18011 "-" "Mozilla/5.0 (compatible; SemrushBot/7~bl; +http://www.semrush.com/bot.html)"
66.249.65.99 - - [16/Jan/2025:22:03:50 -0500] "GET /goods/2107109 HTTP/1.1" 200 68696 "-" "Mozilla/5.0 (Linux; Android 6.0.1; Nexus 5X Build/MMB29P) AppleWebKit/537.36 (KHTML, like Gecko) Chrome/132.0.6834.83 Mobile Safari/537.36 (compatible; Googlebot/2.1; +http://www.google.com/bot.html)"
47.128.34.23 - - [16/Jan/2025:22:04:02 -0500] "GET /wp-includes/fonts/class-wp-font-face-resolver.php HTTP/1.1" 200 0 "-" "Mozilla/5.0 (Linux; Android 5.0) AppleWebKit/537.36 (KHTML, like Gecko) Mobile Safari/537.36 (compatible; Bytespider; spider-feedback@bytedance.com)"
66.249.65.99 - - [16/Jan/2025:22:04:06 -0500] "GET /goods/4238106 HTTP/1.1" 200 69589 "-" "Mozilla/5.0 (Linux; Android 6.0.1; Nexus 5X Build/MMB29P) AppleWebKit/537.36 (KHTML, like Gecko) Chrome/132.0.6834.83 Mobile Safari/537.36 (compatible; Googlebot/2.1; +http://www.google.com/bot.html)"
66.249.65.98 - - [16/Jan/2025:22:04:12 -0500] "GET /goods/1581980 HTTP/1.1" 200 69765 "-" "Mozilla/5.0 (Linux; Android 6.0.1; Nexus 5X Build/MMB29P) AppleWebKit/537.36 (KHTML, like Gecko) Chrome/132.0.6834.83 Mobile Safari/537.36 (compatible; Googlebot/2.1; +http://www.google.com/bot.html)"
66.29.132.124 - - [16/Jan/2025:22:04:20 -0500] "POST /wp-cron.php?doing_wp_cron=1737083060.1329720020294189453125 HTTP/1.1" 200 0 "-" "WordPress/6.7.1; https://misswavenigeria.com"
66.249.65.98 - - [16/Jan/2025:22:04:19 -0500] "GET /goods/2815317 HTTP/1.1" 200 67505 "-" "Mozilla/5.0 (Linux; Android 6.0.1; Nexus 5X Build/MMB29P) AppleWebKit/537.36 (KHTML, like Gecko) Chrome/132.0.6834.83 Mobile Safari/537.36 (compatible; Googlebot/2.1; +http://www.google.com/bot.html)"
185.191.171.18 - - [16/Jan/2025:22:04:19 -0500] "GET /goods/897507 HTTP/1.1" 404 18012 "-" "Mozilla/5.0 (compatible; SemrushBot/7~bl; +http://www.semrush.com/bot.html)"
66.29.132.124 - - [16/Jan/2025:22:04:20 -0500] "POST /wp-admin/admin-ajax.php?action=async_litespeed&nonce=aWJtSjTkhljRsmK1ddnVxR7NSkEnUqXL&litespeed_type=imgoptm HTTP/1.1" 200 21 "-" "WordPress/6.7.1; https://misswavenigeria.com"
138.199.18.147 - - [16/Jan/2025:22:02:58 -0500] "POST /register/ HTTP/1.0" 200 76060 "https://misswavenigeria.com/register/" "Mozilla/5.0 (Windows NT 6.3; Win64; x64) AppleWebKit/537.36 (KHTML, like Gecko) Chrome/103.0.5060.53 Safari/537.36"
66.29.132.124 - - [16/Jan/2025:22:04:53 -0500] "POST /wp-cron.php?doing_wp_cron=1737083093.4142560958862304687500 HTTP/1.1" 200 0 "-" "WordPress/6.7.1; https://misswavenigeria.com"
138.199.18.147 - - [16/Jan/2025:22:04:53 -0500] "GET /register/ HTTP/1.0" 200 75934 "https://misswavenigeria.com/" "Mozilla/5.0 (Windows NT 6.3; Win64; x64) AppleWebKit/537.36 (KHTML, like Gecko) Chrome/103.0.5060.53 Safari/537.36"
66.249.65.98 - - [16/Jan/2025:22:05:01 -0500] "GET /goods/802239 HTTP/1.1" 200 70040 "-" "Mozilla/5.0 (Linux; Android 6.0.1; Nexus 5X Build/MMB29P) AppleWebKit/537.36 (KHTML, like Gecko) Chrome/132.0.6834.83 Mobile Safari/537.36 (compatible; Googlebot/2.1; +http://www.google.com/bot.html)"
66.29.132.124 - - [16/Jan/2025:22:05:06 -0500] "POST /wp-cron.php?doing_wp_cron=1737083106.5374889373779296875000 HTTP/1.1" 200 0 "-" "WordPress/6.7.1; https://misswavenigeria.com"
185.191.171.2 - - [16/Jan/2025:22:05:06 -0500] "GET /goods/347004 HTTP/1.1" 404 18013 "-" "Mozilla/5.0 (compatible; SemrushBot/7~bl; +http://www.semrush.com/bot.html)"
66.249.65.98 - - [16/Jan/2025:22:05:18 -0500] "GET /goods/606846 HTTP/1.1" 200 68608 "-" "Mozilla/5.0 (Linux; Android 6.0.1; Nexus 5X Build/MMB29P) AppleWebKit/537.36 (KHTML, like Gecko) Chrome/132.0.6834.83 Mobile Safari/537.36 (compatible; Googlebot/2.1; +http://www.google.com/bot.html)"
66.249.65.98 - - [16/Jan/2025:22:05:32 -0500] "GET /goods/4537741 HTTP/1.1" 200 69510 "-" "Mozilla/5.0 (Linux; Android 6.0.1; Nexus 5X Build/MMB29P) AppleWebKit/537.36 (KHTML, like Gecko) Chrome/132.0.6834.83 Mobile Safari/537.36 (compatible; Googlebot/2.1; +http://www.google.com/bot.html)"
66.29.132.124 - - [16/Jan/2025:22:05:39 -0500] "POST /wp-cron.php?doing_wp_cron=1737083139.5060000419616699218750 HTTP/1.1" 200 0 "-" "WordPress/6.7.1; https://misswavenigeria.com"
85.208.96.193 - - [16/Jan/2025:22:05:39 -0500] "GET /goods/1533870 HTTP/1.1" 404 18013 "-" "Mozilla/5.0 (compatible; SemrushBot/7~bl; +http://www.semrush.com/bot.html)"
66.29.132.124 - - [16/Jan/2025:22:05:39 -0500] "POST /wp-admin/admin-ajax.php?action=async_litespeed&nonce=woI5iL2pWcKpxvRrM91A3OBx5uZtQwYP&litespeed_type=imgoptm HTTP/1.1" 200 21 "-" "WordPress/6.7.1; https://misswavenigeria.com"
66.249.65.98 - - [16/Jan/2025:22:05:45 -0500] "GET /goods/1568406 HTTP/1.1" 200 69276 "-" "Mozilla/5.0 (Linux; Android 6.0.1; Nexus 5X Build/MMB29P) AppleWebKit/537.36 (KHTML, like Gecko) Chrome/132.0.6834.83 Mobile Safari/537.36 (compatible; Googlebot/2.1; +http://www.google.com/bot.html)"
85.208.96.210 - - [16/Jan/2025:22:05:47 -0500] "GET /goods/1759920 HTTP/1.1" 404 18012 "-" "Mozilla/5.0 (compatible; SemrushBot/7~bl; +http://www.semrush.com/bot.html)"
185.191.171.13 - - [16/Jan/2025:22:05:51 -0500] "GET /goods/2055772 HTTP/1.1" 404 18012 "-" "Mozilla/5.0 (compatible; SemrushBot/7~bl; +http://www.semrush.com/bot.html)"
85.208.96.201 - - [16/Jan/2025:22:05:54 -0500] "GET /goods/4601655 HTTP/1.1" 404 18012 "-" "Mozilla/5.0 (compatible; SemrushBot/7~bl; +http://www.semrush.com/bot.html)"
66.249.65.98 - - [16/Jan/2025:22:05:54 -0500] "GET /goods/485629 HTTP/1.1" 200 67897 "-" "Mozilla/5.0 (Linux; Android 6.0.1; Nexus 5X Build/MMB29P) AppleWebKit/537.36 (KHTML, like Gecko) Chrome/132.0.6834.83 Mobile Safari/537.36 (compatible; Googlebot/2.1; +http://www.google.com/bot.html)"
85.208.96.199 - - [16/Jan/2025:22:05:56 -0500] "GET /goods/1890643 HTTP/1.1" 404 18013 "-" "Mozilla/5.0 (compatible; SemrushBot/7~bl; +http://www.semrush.com/bot.html)"
185.191.171.1 - - [16/Jan/2025:22:06:02 -0500] "GET /goods/3860642 HTTP/1.1" 404 18012 "-" "Mozilla/5.0 (compatible; SemrushBot/7~bl; +http://www.semrush.com/bot.html)"
66.249.65.99 - - [16/Jan/2025:22:06:11 -0500] "GET /goods/2112435 HTTP/1.1" 200 68006 "-" "Mozilla/5.0 (Linux; Android 6.0.1; Nexus 5X Build/MMB29P) AppleWebKit/537.36 (KHTML, like Gecko) Chrome/132.0.6834.83 Mobile Safari/537.36 (compatible; Googlebot/2.1; +http://www.google.com/bot.html)"
138.199.18.147 - - [16/Jan/2025:22:06:15 -0500] "GET / HTTP/1.0" 200 109065 "https://misswavenigeria.com/" "Mozilla/5.0 (Windows NT 10.0; Win64; x64) AppleWebKit/537.36 (KHTML, like Gecko) Chrome/103.0.0.0 Safari/537.36 OpenWave/97.4.2043.44"
138.199.18.147 - - [16/Jan/2025:22:06:18 -0500] "GET /register/ HTTP/1.0" 200 75934 "https://misswavenigeria.com/register/" "Mozilla/5.0 (Windows NT 10.0; Win64; x64) AppleWebKit/537.36 (KHTML, like Gecko) Chrome/103.0.0.0 Safari/537.36 OpenWave/97.4.2043.44"
66.29.132.124 - - [16/Jan/2025:22:06:19 -0500] "POST /wp-cron.php?doing_wp_cron=1737083178.9291229248046875000000 HTTP/1.1" 200 0 "-" "WordPress/6.7.1; https://misswavenigeria.com"
185.191.171.10 - - [16/Jan/2025:22:06:18 -0500] "GET /goods/58346 HTTP/1.1" 404 18013 "-" "Mozilla/5.0 (compatible; SemrushBot/7~bl; +http://www.semrush.com/bot.html)"
66.29.132.124 - - [16/Jan/2025:22:06:19 -0500] "POST /wp-admin/admin-ajax.php?action=async_litespeed&nonce=OycynyjJ2RepzXeI3tF3wGRJEQ9tUK9o&litespeed_type=imgoptm HTTP/1.1" 200 21 "-" "WordPress/6.7.1; https://misswavenigeria.com"
66.249.65.98 - - [16/Jan/2025:22:06:21 -0500] "GET /goods/4483891 HTTP/1.1" 200 69215 "-" "Mozilla/5.0 (Linux; Android 6.0.1; Nexus 5X Build/MMB29P) AppleWebKit/537.36 (KHTML, like Gecko) Chrome/132.0.6834.83 Mobile Safari/537.36 (compatible; Googlebot/2.1; +http://www.google.com/bot.html)"
185.191.171.7 - - [16/Jan/2025:22:06:22 -0500] "GET /goods/4189575 HTTP/1.1" 404 18013 "-" "Mozilla/5.0 (compatible; SemrushBot/7~bl; +http://www.semrush.com/bot.html)"
66.249.65.98 - - [16/Jan/2025:22:06:23 -0500] "GET /index.php?static/2293058 HTTP/1.1" 200 69856 "-" "Mozilla/5.0 (Linux; Android 6.0.1; Nexus 5X Build/MMB29P) AppleWebKit/537.36 (KHTML, like Gecko) Chrome/132.0.6834.83 Mobile Safari/537.36 (compatible; Googlebot/2.1; +http://www.google.com/bot.html)"
66.249.65.98 - - [16/Jan/2025:22:06:26 -0500] "GET /goods/2101045 HTTP/1.1" 200 69199 "-" "Mozilla/5.0 (Linux; Android 6.0.1; Nexus 5X Build/MMB29P) AppleWebKit/537.36 (KHTML, like Gecko) Chrome/132.0.6834.83 Mobile Safari/537.36 (compatible; Googlebot/2.1; +http://www.google.com/bot.html)"
66.249.65.98 - - [16/Jan/2025:22:06:29 -0500] "GET /goods/4688 HTTP/1.1" 200 68670 "-" "Mozilla/5.0 (Linux; Android 6.0.1; Nexus 5X Build/MMB29P) AppleWebKit/537.36 (KHTML, like Gecko) Chrome/132.0.6834.83 Mobile Safari/537.36 (compatible; Googlebot/2.1; +http://www.google.com/bot.html)"
66.29.132.124 - - [16/Jan/2025:22:06:34 -0500] "POST /wp-cron.php?doing_wp_cron=1737083194.6640470027923583984375 HTTP/1.1" 200 0 "-" "WordPress/6.7.1; https://misswavenigeria.com"
185.191.171.13 - - [16/Jan/2025:22:06:34 -0500] "GET /goods/1476818 HTTP/1.1" 404 18013 "-" "Mozilla/5.0 (compatible; SemrushBot/7~bl; +http://www.semrush.com/bot.html)"
85.208.96.203 - - [16/Jan/2025:22:06:41 -0500] "GET /goods/2380835 HTTP/1.1" 404 18012 "-" "Mozilla/5.0 (compatible; SemrushBot/7~bl; +http://www.semrush.com/bot.html)"
185.191.171.18 - - [16/Jan/2025:22:07:01 -0500] "GET /goods/1921397 HTTP/1.1" 404 18012 "-" "Mozilla/5.0 (compatible; SemrushBot/7~bl; +http://www.semrush.com/bot.html)"
85.208.96.197 - - [16/Jan/2025:22:07:03 -0500] "GET /goods/3553446 HTTP/1.1" 404 18012 "-" "Mozilla/5.0 (compatible; SemrushBot/7~bl; +http://www.semrush.com/bot.html)"
66.249.65.100 - - [16/Jan/2025:22:07:04 -0500] "GET /goods/581031 HTTP/1.1" 200 69012 "-" "Mozilla/5.0 (Linux; Android 6.0.1; Nexus 5X Build/MMB29P) AppleWebKit/537.36 (KHTML, like Gecko) Chrome/132.0.6834.83 Mobile Safari/537.36 (compatible; Googlebot/2.1; +http://www.google.com/bot.html)"
66.29.132.124 - - [16/Jan/2025:22:07:19 -0500] "POST /wp-cron.php?doing_wp_cron=1737083239.4112110137939453125000 HTTP/1.1" 200 0 "-" "WordPress/6.7.1; https://misswavenigeria.com"
185.191.171.14 - - [16/Jan/2025:22:07:19 -0500] "GET /goods/1967846 HTTP/1.1" 404 18013 "-" "Mozilla/5.0 (compatible; SemrushBot/7~bl; +http://www.semrush.com/bot.html)"
66.29.132.124 - - [16/Jan/2025:22:07:19 -0500] "POST /wp-admin/admin-ajax.php?action=async_litespeed&nonce=VBgI1ALjJQ0k796gUukZMcy3dWTbpcJl&litespeed_type=imgoptm HTTP/1.1" 200 21 "-" "WordPress/6.7.1; https://misswavenigeria.com"
66.29.132.124 - - [16/Jan/2025:22:07:29 -0500] "POST /wp-cron.php?doing_wp_cron=1737083249.4878449440002441406250 HTTP/1.1" 200 0 "-" "WordPress/6.7.1; https://misswavenigeria.com"
185.191.171.2 - - [16/Jan/2025:22:07:29 -0500] "GET /goods/743551 HTTP/1.1" 404 18012 "-" "Mozilla/5.0 (compatible; SemrushBot/7~bl; +http://www.semrush.com/bot.html)"
66.249.65.98 - - [16/Jan/2025:22:07:27 -0500] "GET /goods/380427 HTTP/1.1" 200 69307 "-" "Mozilla/5.0 (Linux; Android 6.0.1; Nexus 5X Build/MMB29P) AppleWebKit/537.36 (KHTML, like Gecko) Chrome/132.0.6834.83 Mobile Safari/537.36 (compatible; Googlebot/2.1; +http://www.google.com/bot.html)"
