185.191.171.10 - - [16/Jan/2025:23:36:50 -0500] "GET /goods/115230 HTTP/1.1" 404 18012 "-" "Mozilla/5.0 (compatible; SemrushBot/7~bl; +http://www.semrush.com/bot.html)"
185.191.171.1 - - [16/Jan/2025:23:36:54 -0500] "GET /goods/3045916 HTTP/1.1" 404 18013 "-" "Mozilla/5.0 (compatible; SemrushBot/7~bl; +http://www.semrush.com/bot.html)"
85.208.96.194 - - [16/Jan/2025:23:36:57 -0500] "GET /goods/4610376 HTTP/1.1" 404 18012 "-" "Mozilla/5.0 (compatible; SemrushBot/7~bl; +http://www.semrush.com/bot.html)"
165.231.182.60 - - [16/Jan/2025:23:35:37 -0500] "POST /register/ HTTP/1.0" 200 76060 "https://misswavenigeria.com/register/" "Mozilla/5.0 (Windows NT 6.3; Win64; x64) AppleWebKit/537.36 (KHTML, like Gecko) Chrome/103.0.5060.114 Safari/537.36"
165.231.182.60 - - [16/Jan/2025:23:37:06 -0500] "GET /register/ HTTP/1.0" 200 75934 "https://misswavenigeria.com/" "Mozilla/5.0 (Windows NT 6.3; Win64; x64) AppleWebKit/537.36 (KHTML, like Gecko) Chrome/103.0.5060.114 Safari/537.36"
185.191.171.16 - - [16/Jan/2025:23:37:13 -0500] "GET /goods/3282358 HTTP/1.1" 404 18012 "-" "Mozilla/5.0 (compatible; SemrushBot/7~bl; +http://www.semrush.com/bot.html)"
85.208.96.205 - - [16/Jan/2025:23:37:15 -0500] "GET /goods/2239652 HTTP/1.1" 404 18013 "-" "Mozilla/5.0 (compatible; SemrushBot/7~bl; +http://www.semrush.com/bot.html)"
66.29.132.124 - - [16/Jan/2025:23:37:23 -0500] "POST /wp-cron.php?doing_wp_cron=1737088643.3254890441894531250000 HTTP/1.1" 200 0 "-" "WordPress/6.7.1; https://misswavenigeria.com"
85.208.96.203 - - [16/Jan/2025:23:37:23 -0500] "GET /goods/2406071 HTTP/1.1" 404 18013 "-" "Mozilla/5.0 (compatible; SemrushBot/7~bl; +http://www.semrush.com/bot.html)"
66.29.132.124 - - [16/Jan/2025:23:37:23 -0500] "POST /wp-admin/admin-ajax.php?action=async_litespeed&nonce=aEQWrZrBwY5JEKOGNrY8yHfd91IipbYF&litespeed_type=imgoptm HTTP/1.1" 200 21 "-" "WordPress/6.7.1; https://misswavenigeria.com"
66.249.65.98 - - [16/Jan/2025:23:37:25 -0500] "GET /?product=choice14733585-131 HTTP/1.1" 200 68520 "-" "Mozilla/5.0 (Linux; Android 6.0.1; Nexus 5X Build/MMB29P) AppleWebKit/537.36 (KHTML, like Gecko) Chrome/132.0.6834.83 Mobile Safari/537.36 (compatible; Googlebot/2.1; +http://www.google.com/bot.html)"
66.29.132.124 - - [16/Jan/2025:23:37:27 -0500] "POST /wp-cron.php?doing_wp_cron=1737088647.2064049243927001953125 HTTP/1.1" 200 0 "-" "WordPress/6.7.1; https://misswavenigeria.com"
85.208.96.203 - - [16/Jan/2025:23:37:27 -0500] "GET /goods/4527638 HTTP/1.1" 404 18013 "-" "Mozilla/5.0 (compatible; SemrushBot/7~bl; +http://www.semrush.com/bot.html)"
85.208.96.210 - - [16/Jan/2025:23:37:32 -0500] "GET /goods/849991 HTTP/1.1" 404 18013 "-" "Mozilla/5.0 (compatible; SemrushBot/7~bl; +http://www.semrush.com/bot.html)"
185.191.171.19 - - [16/Jan/2025:23:37:51 -0500] "GET /goods/651271 HTTP/1.1" 404 18019 "-" "Mozilla/5.0 (compatible; SemrushBot/7~bl; +http://www.semrush.com/bot.html)"
20.15.133.191 - - [16/Jan/2025:23:37:51 -0500] "GET /goods/3571035 HTTP/1.1" 200 68855 "-" "Mozilla/5.0 AppleWebKit/537.36 (KHTML, like Gecko; compatible; bingbot/2.0; +http://www.bing.com/bingbot.htm) Chrome/116.0.1938.76 Safari/537.36"
85.208.96.203 - - [16/Jan/2025:23:37:54 -0500] "GET /goods/3831643 HTTP/1.1" 404 18013 "-" "Mozilla/5.0 (compatible; SemrushBot/7~bl; +http://www.semrush.com/bot.html)"
185.191.171.11 - - [16/Jan/2025:23:37:57 -0500] "GET /goods/4035488 HTTP/1.1" 404 18012 "-" "Mozilla/5.0 (compatible; SemrushBot/7~bl; +http://www.semrush.com/bot.html)"
66.29.132.124 - - [16/Jan/2025:23:38:29 -0500] "POST /wp-cron.php?doing_wp_cron=1737088709.1483039855957031250000 HTTP/1.1" 200 0 "-" "WordPress/6.7.1; https://misswavenigeria.com"
165.231.182.60 - - [16/Jan/2025:23:38:28 -0500] "GET / HTTP/1.0" 200 109067 "https://misswavenigeria.com/" "Mozilla/5.0 (Windows NT 6.3; Win64; x64) AppleWebKit/537.36 (KHTML, like Gecko) Chrome/103.0.5060.53 Safari/537.36"
66.29.132.124 - - [16/Jan/2025:23:38:29 -0500] "POST /wp-admin/admin-ajax.php?action=async_litespeed&nonce=jN0tMjUCG8LUwcATOoLnYNbGPxcCA2vU&litespeed_type=imgoptm HTTP/1.1" 200 21 "-" "WordPress/6.7.1; https://misswavenigeria.com"
165.231.182.60 - - [16/Jan/2025:23:38:31 -0500] "GET /register/ HTTP/1.0" 200 75934 "https://misswavenigeria.com/register/" "Mozilla/5.0 (Windows NT 6.3; Win64; x64) AppleWebKit/537.36 (KHTML, like Gecko) Chrome/103.0.5060.53 Safari/537.36"
66.249.65.98 - - [16/Jan/2025:23:38:53 -0500] "GET /index.php?static/1756757 HTTP/1.1" 200 70098 "-" "Mozilla/5.0 (Linux; Android 6.0.1; Nexus 5X Build/MMB29P) AppleWebKit/537.36 (KHTML, like Gecko) Chrome/132.0.6834.83 Mobile Safari/537.36 (compatible; Googlebot/2.1; +http://www.google.com/bot.html)"
85.208.96.197 - - [16/Jan/2025:23:39:03 -0500] "GET /goods/1382506 HTTP/1.1" 404 18013 "-" "Mozilla/5.0 (compatible; SemrushBot/7~bl; +http://www.semrush.com/bot.html)"
66.249.65.98 - - [16/Jan/2025:23:39:17 -0500] "GET /?product=Sydney14733549-175 HTTP/1.1" 200 68984 "-" "Mozilla/5.0 (Linux; Android 6.0.1; Nexus 5X Build/MMB29P) AppleWebKit/537.36 (KHTML, like Gecko) Chrome/132.0.6834.83 Mobile Safari/537.36 (compatible; Googlebot/2.1; +http://www.google.com/bot.html)"
66.29.132.124 - - [16/Jan/2025:23:39:23 -0500] "POST /wp-cron.php?doing_wp_cron=1737088763.9101080894470214843750 HTTP/1.1" 200 0 "-" "WordPress/6.7.1; https://misswavenigeria.com"
85.208.96.205 - - [16/Jan/2025:23:39:23 -0500] "GET /goods/4226566 HTTP/1.1" 404 18013 "-" "Mozilla/5.0 (compatible; SemrushBot/7~bl; +http://www.semrush.com/bot.html)"
66.29.132.124 - - [16/Jan/2025:23:39:24 -0500] "POST /wp-admin/admin-ajax.php?action=async_litespeed&nonce=jYCyUDSBdaBvuERUOimEtvDb66VRScFU&litespeed_type=imgoptm HTTP/1.1" 200 21 "-" "WordPress/6.7.1; https://misswavenigeria.com"
66.249.74.4 - - [16/Jan/2025:23:39:26 -0500] "GET /robots.txt HTTP/1.1" 200 103 "-" "Mozilla/5.0 (compatible; Googlebot/2.1; +http://www.google.com/bot.html)"
66.249.74.5 - - [16/Jan/2025:23:39:26 -0500] "GET /goods/C361974?k=product HTTP/1.1" 200 69128 "-" "Mozilla/5.0 (Linux; Android 6.0.1; Nexus 5X Build/MMB29P) AppleWebKit/537.36 (KHTML, like Gecko) Chrome/132.0.6834.83 Mobile Safari/537.36 (compatible; Googlebot/2.1; +http://www.google.com/bot.html)"
66.29.132.124 - - [16/Jan/2025:23:39:31 -0500] "POST /wp-cron.php?doing_wp_cron=1737088771.4148969650268554687500 HTTP/1.1" 200 0 "-" "WordPress/6.7.1; https://misswavenigeria.com"
185.191.171.17 - - [16/Jan/2025:23:39:31 -0500] "GET /goods/3572119 HTTP/1.1" 404 18013 "-" "Mozilla/5.0 (compatible; SemrushBot/7~bl; +http://www.semrush.com/bot.html)"
85.208.96.210 - - [16/Jan/2025:23:39:41 -0500] "GET /goods/2434936 HTTP/1.1" 404 18013 "-" "Mozilla/5.0 (compatible; SemrushBot/7~bl; +http://www.semrush.com/bot.html)"
85.208.96.206 - - [16/Jan/2025:23:39:45 -0500] "GET /goods/777597 HTTP/1.1" 404 18013 "-" "Mozilla/5.0 (compatible; SemrushBot/7~bl; +http://www.semrush.com/bot.html)"
185.191.171.16 - - [16/Jan/2025:23:39:52 -0500] "GET /goods/2794251 HTTP/1.1" 404 18013 "-" "Mozilla/5.0 (compatible; SemrushBot/7~bl; +http://www.semrush.com/bot.html)"
85.208.96.198 - - [16/Jan/2025:23:39:54 -0500] "GET /goods/2150728 HTTP/1.1" 404 18012 "-" "Mozilla/5.0 (compatible; SemrushBot/7~bl; +http://www.semrush.com/bot.html)"
165.231.182.60 - - [16/Jan/2025:23:38:33 -0500] "POST /register/ HTTP/1.0" 200 76060 "https://misswavenigeria.com/register/" "Mozilla/5.0 (Windows NT 6.3; Win64; x64) AppleWebKit/537.36 (KHTML, like Gecko) Chrome/103.0.5060.53 Safari/537.36"
66.29.132.124 - - [16/Jan/2025:23:40:23 -0500] "POST /wp-cron.php?doing_wp_cron=1737088823.4907960891723632812500 HTTP/1.1" 200 0 "-" "WordPress/6.7.1; https://misswavenigeria.com"
165.231.182.60 - - [16/Jan/2025:23:40:23 -0500] "GET /register/ HTTP/1.0" 200 75934 "https://misswavenigeria.com/" "Mozilla/5.0 (Windows NT 6.3; Win64; x64) AppleWebKit/537.36 (KHTML, like Gecko) Chrome/103.0.5060.53 Safari/537.36"
66.29.132.124 - - [16/Jan/2025:23:40:23 -0500] "POST /wp-admin/admin-ajax.php?action=async_litespeed&nonce=fj9fkfp4HyXUmxYhPfTGhNnwJWqbD53f&litespeed_type=imgoptm HTTP/1.1" 200 21 "-" "WordPress/6.7.1; https://misswavenigeria.com"
66.29.132.124 - - [16/Jan/2025:23:40:27 -0500] "POST /wp-cron.php?doing_wp_cron=1737088827.8301839828491210937500 HTTP/1.1" 200 0 "-" "WordPress/6.7.1; https://misswavenigeria.com"
85.208.96.212 - - [16/Jan/2025:23:40:27 -0500] "GET /goods/1161270 HTTP/1.1" 404 18013 "-" "Mozilla/5.0 (compatible; SemrushBot/7~bl; +http://www.semrush.com/bot.html)"
66.249.65.98 - - [16/Jan/2025:23:40:44 -0500] "GET /index.php?static/1860068 HTTP/1.1" 200 68727 "-" "Mozilla/5.0 (Linux; Android 6.0.1; Nexus 5X Build/MMB29P) AppleWebKit/537.36 (KHTML, like Gecko) Chrome/132.0.6834.83 Mobile Safari/537.36 (compatible; Googlebot/2.1; +http://www.google.com/bot.html)"
85.208.96.202 - - [16/Jan/2025:23:40:53 -0500] "GET /goods/1780070 HTTP/1.1" 404 18012 "-" "Mozilla/5.0 (compatible; SemrushBot/7~bl; +http://www.semrush.com/bot.html)"
185.191.171.18 - - [16/Jan/2025:23:40:59 -0500] "GET /goods/4215543 HTTP/1.1" 404 18013 "-" "Mozilla/5.0 (compatible; SemrushBot/7~bl; +http://www.semrush.com/bot.html)"
66.249.65.98 - - [16/Jan/2025:23:40:58 -0500] "GET /static/40310 HTTP/1.1" 200 68024 "-" "Mozilla/5.0 (Linux; Android 6.0.1; Nexus 5X Build/MMB29P) AppleWebKit/537.36 (KHTML, like Gecko) Chrome/132.0.6834.83 Mobile Safari/537.36 (compatible; Googlebot/2.1; +http://www.google.com/bot.html)"
185.191.171.14 - - [16/Jan/2025:23:41:02 -0500] "GET /goods/1969749 HTTP/1.1" 404 18012 "-" "Mozilla/5.0 (compatible; SemrushBot/7~bl; +http://www.semrush.com/bot.html)"
85.208.96.199 - - [16/Jan/2025:23:41:04 -0500] "GET /goods/2094293 HTTP/1.1" 404 18012 "-" "Mozilla/5.0 (compatible; SemrushBot/7~bl; +http://www.semrush.com/bot.html)"
85.208.96.193 - - [16/Jan/2025:23:41:13 -0500] "GET /goods/2289549 HTTP/1.1" 404 18012 "-" "Mozilla/5.0 (compatible; SemrushBot/7~bl; +http://www.semrush.com/bot.html)"
66.29.132.124 - - [16/Jan/2025:23:41:30 -0500] "POST /wp-cron.php?doing_wp_cron=1737088890.0023550987243652343750 HTTP/1.1" 200 0 "-" "WordPress/6.7.1; https://misswavenigeria.com"
185.191.171.16 - - [16/Jan/2025:23:41:29 -0500] "GET /goods/4300557 HTTP/1.1" 404 18012 "-" "Mozilla/5.0 (compatible; SemrushBot/7~bl; +http://www.semrush.com/bot.html)"
66.29.132.124 - - [16/Jan/2025:23:41:30 -0500] "POST /wp-admin/admin-ajax.php?action=async_litespeed&nonce=yusly0DgGvJUMrD5n42HRRrNPq3OGqwz&litespeed_type=imgoptm HTTP/1.1" 200 21 "-" "WordPress/6.7.1; https://misswavenigeria.com"
66.249.65.98 - - [16/Jan/2025:23:41:29 -0500] "GET /?product=diamond14733558-874 HTTP/1.1" 200 70454 "-" "Mozilla/5.0 (Linux; Android 6.0.1; Nexus 5X Build/MMB29P) AppleWebKit/537.36 (KHTML, like Gecko) Chrome/132.0.6834.83 Mobile Safari/537.36 (compatible; Googlebot/2.1; +http://www.google.com/bot.html)"
185.191.171.11 - - [16/Jan/2025:23:41:32 -0500] "GET /goods/1757825 HTTP/1.1" 404 18013 "-" "Mozilla/5.0 (compatible; SemrushBot/7~bl; +http://www.semrush.com/bot.html)"
165.231.182.60 - - [16/Jan/2025:23:41:36 -0500] "GET / HTTP/1.0" 200 109067 "https://misswavenigeria.com/" "Mozilla/5.0 (Windows NT 10.0; WOW64) AppleWebKit/537.36 (KHTML, like Gecko) Chrome/103.0.5060.114 Safari/537.36"
165.231.182.60 - - [16/Jan/2025:23:41:38 -0500] "GET /register/ HTTP/1.0" 200 75934 "https://misswavenigeria.com/register/" "Mozilla/5.0 (Windows NT 10.0; WOW64) AppleWebKit/537.36 (KHTML, like Gecko) Chrome/103.0.5060.114 Safari/537.36"
185.191.171.4 - - [16/Jan/2025:23:41:43 -0500] "GET /goods/3516395 HTTP/1.1" 404 18013 "-" "Mozilla/5.0 (compatible; SemrushBot/7~bl; +http://www.semrush.com/bot.html)"
185.191.171.19 - - [16/Jan/2025:23:41:52 -0500] "GET /robots.txt HTTP/1.1" 200 142 "-" "Mozilla/5.0 (compatible; SemrushBot/7~bl; +http://www.semrush.com/bot.html)"
85.208.96.193 - - [16/Jan/2025:23:41:53 -0500] "GET /goods/2802314 HTTP/1.1" 404 18012 "-" "Mozilla/5.0 (compatible; SemrushBot/7~bl; +http://www.semrush.com/bot.html)"
185.191.171.3 - - [16/Jan/2025:23:41:55 -0500] "GET /goods/4047537 HTTP/1.1" 404 18012 "-" "Mozilla/5.0 (compatible; SemrushBot/7~bl; +http://www.semrush.com/bot.html)"
85.208.96.198 - - [16/Jan/2025:23:41:59 -0500] "GET /goods/4488225 HTTP/1.1" 404 18012 "-" "Mozilla/5.0 (compatible; SemrushBot/7~bl; +http://www.semrush.com/bot.html)"
85.208.96.197 - - [16/Jan/2025:23:42:16 -0500] "GET /goods/303030 HTTP/1.1" 404 18013 "-" "Mozilla/5.0 (compatible; SemrushBot/7~bl; +http://www.semrush.com/bot.html)"
66.29.132.124 - - [16/Jan/2025:23:42:45 -0500] "POST /wp-cron.php?doing_wp_cron=1737088965.9214808940887451171875 HTTP/1.1" 200 0 "-" "WordPress/6.7.1; https://misswavenigeria.com"
185.191.171.3 - - [16/Jan/2025:23:42:45 -0500] "GET /goods/4252241 HTTP/1.1" 404 18012 "-" "Mozilla/5.0 (compatible; SemrushBot/7~bl; +http://www.semrush.com/bot.html)"
66.29.132.124 - - [16/Jan/2025:23:42:46 -0500] "POST /wp-admin/admin-ajax.php?action=async_litespeed&nonce=cbXRAFFvIZ1T72ZPtZDpaa7lrzAQH8LH&litespeed_type=imgoptm HTTP/1.1" 200 21 "-" "WordPress/6.7.1; https://misswavenigeria.com"
66.249.65.99 - - [16/Jan/2025:23:43:00 -0500] "GET /sitemap-9.xml HTTP/1.1" 200 14654 "-" "Mozilla/5.0 (compatible; Googlebot/2.1; +http://www.google.com/bot.html)"
66.249.65.99 - - [16/Jan/2025:23:43:08 -0500] "GET /static/3151181?keyword=%E3%82%B2%E3%83%BC%E3%83%A0%E3%83%BB%E3%81%8A%E3%82%82%E3%81%A1%E3%82%83%E3%83%BB%E3%82%B0%E3%83%83%E3%82%BA HTTP/1.1" 200 68444 "-" "Mozilla/5.0 (Linux; Android 6.0.1; Nexus 5X Build/MMB29P) AppleWebKit/537.36 (KHTML, like Gecko) Chrome/132.0.6834.83 Mobile Safari/537.36 (compatible; Googlebot/2.1; +http://www.google.com/bot.html)"
165.231.182.60 - - [16/Jan/2025:23:41:40 -0500] "POST /register/ HTTP/1.0" 200 76060 "https://misswavenigeria.com/register/" "Mozilla/5.0 (Windows NT 10.0; WOW64) AppleWebKit/537.36 (KHTML, like Gecko) Chrome/103.0.5060.114 Safari/537.36"
165.231.182.60 - - [16/Jan/2025:23:43:12 -0500] "GET /register/ HTTP/1.0" 200 75934 "https://misswavenigeria.com/" "Mozilla/5.0 (Windows NT 10.0; WOW64) AppleWebKit/537.36 (KHTML, like Gecko) Chrome/103.0.5060.114 Safari/537.36"
66.249.65.98 - - [16/Jan/2025:23:43:19 -0500] "GET /index.php?static/3762261 HTTP/1.1" 200 69813 "-" "Mozilla/5.0 (Linux; Android 6.0.1; Nexus 5X Build/MMB29P) AppleWebKit/537.36 (KHTML, like Gecko) Chrome/132.0.6834.83 Mobile Safari/537.36 (compatible; Googlebot/2.1; +http://www.google.com/bot.html)"
66.249.74.4 - - [16/Jan/2025:23:43:29 -0500] "GET /robots.txt HTTP/1.1" 200 103 "-" "Mozilla/5.0 (compatible; Googlebot/2.1; +http://www.google.com/bot.html)"
66.29.132.124 - - [16/Jan/2025:23:43:30 -0500] "POST /wp-cron.php?doing_wp_cron=1737089010.3931250572204589843750 HTTP/1.1" 200 0 "-" "WordPress/6.7.1; https://misswavenigeria.com"
185.191.171.11 - - [16/Jan/2025:23:43:30 -0500] "GET /goods/3856681 HTTP/1.1" 404 18012 "-" "Mozilla/5.0 (compatible; SemrushBot/7~bl; +http://www.semrush.com/bot.html)"
66.29.132.124 - - [16/Jan/2025:23:43:30 -0500] "POST /wp-admin/admin-ajax.php?action=async_litespeed&nonce=hOYMtMZWDcKbuc2lXRNE5IHZaK4utv58&litespeed_type=imgoptm HTTP/1.1" 200 21 "-" "WordPress/6.7.1; https://misswavenigeria.com"
66.249.74.6 - - [16/Jan/2025:23:43:29 -0500] "GET /goods/Q839868?k=product HTTP/1.1" 200 67959 "-" "Mozilla/5.0 (Linux; Android 6.0.1; Nexus 5X Build/MMB29P) AppleWebKit/537.36 (KHTML, like Gecko) Chrome/132.0.6834.83 Mobile Safari/537.36 (compatible; Googlebot/2.1; +http://www.google.com/bot.html)"
185.191.171.16 - - [16/Jan/2025:23:43:33 -0500] "GET /goods/1599384 HTTP/1.1" 404 18013 "-" "Mozilla/5.0 (compatible; SemrushBot/7~bl; +http://www.semrush.com/bot.html)"
85.208.96.201 - - [16/Jan/2025:23:43:49 -0500] "GET /goods/754967 HTTP/1.1" 404 18012 "-" "Mozilla/5.0 (compatible; SemrushBot/7~bl; +http://www.semrush.com/bot.html)"
85.208.96.201 - - [16/Jan/2025:23:43:52 -0500] "GET /goods/2715823 HTTP/1.1" 404 18013 "-" "Mozilla/5.0 (compatible; SemrushBot/7~bl; +http://www.semrush.com/bot.html)"
85.208.96.201 - - [16/Jan/2025:23:43:55 -0500] "GET /goods/3664929 HTTP/1.1" 404 18012 "-" "Mozilla/5.0 (compatible; SemrushBot/7~bl; +http://www.semrush.com/bot.html)"
66.29.132.124 - - [16/Jan/2025:23:44:25 -0500] "POST /wp-cron.php?doing_wp_cron=1737089065.7029058933258056640625 HTTP/1.1" 200 0 "-" "WordPress/6.7.1; https://misswavenigeria.com"
85.208.96.197 - - [16/Jan/2025:23:44:25 -0500] "GET /goods/497498 HTTP/1.1" 404 18013 "-" "Mozilla/5.0 (compatible; SemrushBot/7~bl; +http://www.semrush.com/bot.html)"
66.29.132.124 - - [16/Jan/2025:23:44:25 -0500] "POST /wp-admin/admin-ajax.php?action=async_litespeed&nonce=JtgId2KYgbsQhlxcb0u8JB74MjW6arwd&litespeed_type=imgoptm HTTP/1.1" 200 21 "-" "WordPress/6.7.1; https://misswavenigeria.com"
185.191.171.10 - - [16/Jan/2025:23:44:30 -0500] "GET /goods/2201882 HTTP/1.1" 404 18012 "-" "Mozilla/5.0 (compatible; SemrushBot/7~bl; +http://www.semrush.com/bot.html)"
165.231.182.60 - - [16/Jan/2025:23:44:41 -0500] "GET / HTTP/1.0" 200 109067 "https://misswavenigeria.com/" "Mozilla/5.0 (Windows NT 6.3; WOW64) AppleWebKit/537.36 (KHTML, like Gecko) Chrome/103.0.0.0 Safari/537.36"
165.231.182.60 - - [16/Jan/2025:23:44:43 -0500] "GET /register/ HTTP/1.0" 200 75934 "https://misswavenigeria.com/register/" "Mozilla/5.0 (Windows NT 6.3; WOW64) AppleWebKit/537.36 (KHTML, like Gecko) Chrome/103.0.0.0 Safari/537.36"
66.249.65.98 - - [16/Jan/2025:23:44:45 -0500] "GET /?product=parenthesis14733544-524 HTTP/1.1" 200 69562 "-" "Mozilla/5.0 (Linux; Android 6.0.1; Nexus 5X Build/MMB29P) AppleWebKit/537.36 (KHTML, like Gecko) Chrome/132.0.6834.83 Mobile Safari/537.36 (compatible; Googlebot/2.1; +http://www.google.com/bot.html)"
85.208.96.202 - - [16/Jan/2025:23:44:53 -0500] "GET /goods/2249734 HTTP/1.1" 404 18012 "-" "Mozilla/5.0 (compatible; SemrushBot/7~bl; +http://www.semrush.com/bot.html)"
185.191.171.5 - - [16/Jan/2025:23:45:00 -0500] "GET /goods/2321800 HTTP/1.1" 404 18012 "-" "Mozilla/5.0 (compatible; SemrushBot/7~bl; +http://www.semrush.com/bot.html)"
185.191.171.7 - - [16/Jan/2025:23:45:05 -0500] "GET /goods/660525 HTTP/1.1" 404 18013 "-" "Mozilla/5.0 (compatible; SemrushBot/7~bl; +http://www.semrush.com/bot.html)"
185.191.171.11 - - [16/Jan/2025:23:45:15 -0500] "GET /goods/3197460 HTTP/1.1" 404 18013 "-" "Mozilla/5.0 (compatible; SemrushBot/7~bl; +http://www.semrush.com/bot.html)"
66.29.132.124 - - [16/Jan/2025:23:45:23 -0500] "POST /wp-cron.php?doing_wp_cron=1737089123.7035839557647705078125 HTTP/1.1" 200 0 "-" "WordPress/6.7.1; https://misswavenigeria.com"
185.191.171.10 - - [16/Jan/2025:23:45:23 -0500] "GET /goods/279056 HTTP/1.1" 404 18013 "-" "Mozilla/5.0 (compatible; SemrushBot/7~bl; +http://www.semrush.com/bot.html)"
66.29.132.124 - - [16/Jan/2025:23:45:24 -0500] "POST /wp-admin/admin-ajax.php?action=async_litespeed&nonce=cO2m5RBQGdrbfxxV7DU0XozVIUwvYgLZ&litespeed_type=imgoptm HTTP/1.1" 200 21 "-" "WordPress/6.7.1; https://misswavenigeria.com"
66.249.74.6 - - [16/Jan/2025:23:45:27 -0500] "GET /robots.txt HTTP/1.1" 200 103 "-" "Mozilla/5.0 (compatible; Googlebot/2.1; +http://www.google.com/bot.html)"
66.29.132.124 - - [16/Jan/2025:23:45:28 -0500] "POST /wp-cron.php?doing_wp_cron=1737089128.1463260650634765625000 HTTP/1.1" 200 0 "-" "WordPress/6.7.1; https://misswavenigeria.com"
85.208.96.211 - - [16/Jan/2025:23:45:27 -0500] "GET /goods/1779720 HTTP/1.1" 404 18013 "-" "Mozilla/5.0 (compatible; SemrushBot/7~bl; +http://www.semrush.com/bot.html)"
66.249.74.4 - - [16/Jan/2025:23:45:27 -0500] "GET /goods/Z149915?k=product HTTP/1.1" 200 70270 "-" "Mozilla/5.0 (Linux; Android 6.0.1; Nexus 5X Build/MMB29P) AppleWebKit/537.36 (KHTML, like Gecko) Chrome/132.0.6834.83 Mobile Safari/537.36 (compatible; Googlebot/2.1; +http://www.google.com/bot.html)"
66.249.65.98 - - [16/Jan/2025:23:45:31 -0500] "GET /?product=moisture14733569-428 HTTP/1.1" 200 68258 "-" "Mozilla/5.0 (Linux; Android 6.0.1; Nexus 5X Build/MMB29P) AppleWebKit/537.36 (KHTML, like Gecko) Chrome/132.0.6834.83 Mobile Safari/537.36 (compatible; Googlebot/2.1; +http://www.google.com/bot.html)"
66.249.65.98 - - [16/Jan/2025:23:45:31 -0500] "GET /index.php?static/81925 HTTP/1.1" 200 68127 "-" "Mozilla/5.0 (Linux; Android 6.0.1; Nexus 5X Build/MMB29P) AppleWebKit/537.36 (KHTML, like Gecko) Chrome/132.0.6834.83 Mobile Safari/537.36 (compatible; Googlebot/2.1; +http://www.google.com/bot.html)"
185.191.171.13 - - [16/Jan/2025:23:45:34 -0500] "GET /goods/2805605 HTTP/1.1" 404 18013 "-" "Mozilla/5.0 (compatible; SemrushBot/7~bl; +http://www.semrush.com/bot.html)"
185.191.171.18 - - [16/Jan/2025:23:45:50 -0500] "GET /goods/3408945 HTTP/1.1" 404 18012 "-" "Mozilla/5.0 (compatible; SemrushBot/7~bl; +http://www.semrush.com/bot.html)"
85.208.96.202 - - [16/Jan/2025:23:45:53 -0500] "GET /goods/668801 HTTP/1.1" 404 18012 "-" "Mozilla/5.0 (compatible; SemrushBot/7~bl; +http://www.semrush.com/bot.html)"
185.191.171.12 - - [16/Jan/2025:23:46:01 -0500] "GET /goods/3026921 HTTP/1.1" 404 18012 "-" "Mozilla/5.0 (compatible; SemrushBot/7~bl; +http://www.semrush.com/bot.html)"
85.208.96.209 - - [16/Jan/2025:23:46:07 -0500] "GET /goods/2145277 HTTP/1.1" 404 18013 "-" "Mozilla/5.0 (compatible; SemrushBot/7~bl; +http://www.semrush.com/bot.html)"
85.208.96.206 - - [16/Jan/2025:23:46:15 -0500] "GET /goods/660202 HTTP/1.1" 404 18013 "-" "Mozilla/5.0 (compatible; SemrushBot/7~bl; +http://www.semrush.com/bot.html)"
165.231.182.60 - - [16/Jan/2025:23:44:45 -0500] "POST /register/ HTTP/1.0" 200 76060 "https://misswavenigeria.com/register/" "Mozilla/5.0 (Windows NT 6.3; WOW64) AppleWebKit/537.36 (KHTML, like Gecko) Chrome/103.0.0.0 Safari/537.36"
66.29.132.124 - - [16/Jan/2025:23:46:22 -0500] "POST /wp-cron.php?doing_wp_cron=1737089182.2192599773406982421875 HTTP/1.1" 200 0 "-" "WordPress/6.7.1; https://misswavenigeria.com"
165.231.182.60 - - [16/Jan/2025:23:46:22 -0500] "GET /register/ HTTP/1.0" 200 75934 "https://misswavenigeria.com/" "Mozilla/5.0 (Windows NT 6.3; WOW64) AppleWebKit/537.36 (KHTML, like Gecko) Chrome/103.0.0.0 Safari/537.36"
66.29.132.124 - - [16/Jan/2025:23:46:22 -0500] "POST /wp-admin/admin-ajax.php?action=async_litespeed&nonce=n89fVJgHyato0tzyROXSMiEQ79s5MuIi&litespeed_type=imgoptm HTTP/1.1" 200 21 "-" "WordPress/6.7.1; https://misswavenigeria.com"
66.249.65.98 - - [16/Jan/2025:23:46:38 -0500] "GET /?product=teaspoonful14733551-939 HTTP/1.1" 200 68105 "-" "Mozilla/5.0 (Linux; Android 6.0.1; Nexus 5X Build/MMB29P) AppleWebKit/537.36 (KHTML, like Gecko) Chrome/132.0.6834.83 Mobile Safari/537.36 (compatible; Googlebot/2.1; +http://www.google.com/bot.html)"
66.249.74.4 - - [16/Jan/2025:23:46:48 -0500] "GET /robots.txt HTTP/1.1" 200 103 "-" "Mozilla/5.0 (compatible; Googlebot/2.1; +http://www.google.com/bot.html)"
66.249.74.5 - - [16/Jan/2025:23:46:48 -0500] "GET /goods/S83556?k=product HTTP/1.1" 200 67672 "-" "Mozilla/5.0 (Linux; Android 6.0.1; Nexus 5X Build/MMB29P) AppleWebKit/537.36 (KHTML, like Gecko) Chrome/132.0.6834.83 Mobile Safari/537.36 (compatible; Googlebot/2.1; +http://www.google.com/bot.html)"
66.29.132.124 - - [16/Jan/2025:23:46:56 -0500] "POST /wp-cron.php?doing_wp_cron=1737089216.5785310268402099609375 HTTP/1.1" 200 0 "-" "WordPress/6.7.1; https://misswavenigeria.com"
85.208.96.207 - - [16/Jan/2025:23:46:56 -0500] "GET /goods/4438506 HTTP/1.1" 404 18013 "-" "Mozilla/5.0 (compatible; SemrushBot/7~bl; +http://www.semrush.com/bot.html)"
66.249.65.99 - - [16/Jan/2025:23:47:22 -0500] "GET /?product=injure14733567-716 HTTP/1.1" 200 69321 "-" "Mozilla/5.0 (Linux; Android 6.0.1; Nexus 5X Build/MMB29P) AppleWebKit/537.36 (KHTML, like Gecko) Chrome/132.0.6834.83 Mobile Safari/537.36 (compatible; Googlebot/2.1; +http://www.google.com/bot.html)"
66.249.65.98 - - [16/Jan/2025:23:47:28 -0500] "GET /goods/498270.html HTTP/1.1" 200 71427 "-" "Mozilla/5.0 (Linux; Android 6.0.1; Nexus 5X Build/MMB29P) AppleWebKit/537.36 (KHTML, like Gecko) Chrome/132.0.6834.83 Mobile Safari/537.36 (compatible; Googlebot/2.1; +http://www.google.com/bot.html)"
66.29.132.124 - - [16/Jan/2025:23:47:32 -0500] "POST /wp-cron.php?doing_wp_cron=1737089252.6128559112548828125000 HTTP/1.1" 200 0 "-" "WordPress/6.7.1; https://misswavenigeria.com"
185.191.171.5 - - [16/Jan/2025:23:47:32 -0500] "GET /goods/3331125 HTTP/1.1" 404 18019 "-" "Mozilla/5.0 (compatible; SemrushBot/7~bl; +http://www.semrush.com/bot.html)"
66.29.132.124 - - [16/Jan/2025:23:47:32 -0500] "POST /wp-admin/admin-ajax.php?action=async_litespeed&nonce=gSPQttpUnilPmTM6cBDQHz8YaH3NPMvZ&litespeed_type=imgoptm HTTP/1.1" 200 21 "-" "WordPress/6.7.1; https://misswavenigeria.com"
165.231.182.60 - - [16/Jan/2025:23:47:37 -0500] "GET / HTTP/1.0" 200 109067 "https://misswavenigeria.com/" "Mozilla/5.0 (Windows NT 10.0; Win64; x64) AppleWebKit/537.36 (KHTML, like Gecko) Chrome/103.0.0.0 Safari/537.36 Herring/95.1.8810.11"
165.231.182.60 - - [16/Jan/2025:23:47:39 -0500] "GET /register/ HTTP/1.0" 200 75934 "https://misswavenigeria.com/register/" "Mozilla/5.0 (Windows NT 10.0; Win64; x64) AppleWebKit/537.36 (KHTML, like Gecko) Chrome/103.0.0.0 Safari/537.36 Herring/95.1.8810.11"
85.208.96.206 - - [16/Jan/2025:23:47:43 -0500] "GET /goods/2393071 HTTP/1.1" 404 18013 "-" "Mozilla/5.0 (compatible; SemrushBot/7~bl; +http://www.semrush.com/bot.html)"
85.208.96.208 - - [16/Jan/2025:23:47:53 -0500] "GET /goods/1582339 HTTP/1.1" 404 18013 "-" "Mozilla/5.0 (compatible; SemrushBot/7~bl; +http://www.semrush.com/bot.html)"
185.191.171.16 - - [16/Jan/2025:23:47:56 -0500] "GET /goods/2017976 HTTP/1.1" 404 18012 "-" "Mozilla/5.0 (compatible; SemrushBot/7~bl; +http://www.semrush.com/bot.html)"
185.191.171.12 - - [16/Jan/2025:23:48:07 -0500] "GET /goods/2534785 HTTP/1.1" 404 18013 "-" "Mozilla/5.0 (compatible; SemrushBot/7~bl; +http://www.semrush.com/bot.html)"
185.191.171.1 - - [16/Jan/2025:23:48:11 -0500] "GET /goods/4705320 HTTP/1.1" 404 18012 "-" "Mozilla/5.0 (compatible; SemrushBot/7~bl; +http://www.semrush.com/bot.html)"
66.29.132.124 - - [16/Jan/2025:23:48:48 -0500] "POST /wp-cron.php?doing_wp_cron=1737089328.8253281116485595703125 HTTP/1.1" 200 0 "-" "WordPress/6.7.1; https://misswavenigeria.com"
185.191.171.15 - - [16/Jan/2025:23:48:48 -0500] "GET /goods/3466480 HTTP/1.1" 404 18018 "-" "Mozilla/5.0 (compatible; SemrushBot/7~bl; +http://www.semrush.com/bot.html)"
66.29.132.124 - - [16/Jan/2025:23:48:48 -0500] "POST /wp-admin/admin-ajax.php?action=async_litespeed&nonce=6Ic8fetr47W2KqpPSVheMdTF3xuspans&litespeed_type=imgoptm HTTP/1.1" 200 21 "-" "WordPress/6.7.1; https://misswavenigeria.com"
66.249.65.98 - - [16/Jan/2025:23:48:52 -0500] "GET /?product=encourage14733572-206 HTTP/1.1" 200 70095 "-" "Mozilla/5.0 (Linux; Android 6.0.1; Nexus 5X Build/MMB29P) AppleWebKit/537.36 (KHTML, like Gecko) Chrome/132.0.6834.83 Mobile Safari/537.36 (compatible; Googlebot/2.1; +http://www.google.com/bot.html)"
185.191.171.15 - - [16/Jan/2025:23:48:57 -0500] "GET /goods/3447217 HTTP/1.1" 404 18012 "-" "Mozilla/5.0 (compatible; SemrushBot/7~bl; +http://www.semrush.com/bot.html)"
185.191.171.5 - - [16/Jan/2025:23:49:02 -0500] "GET /goods/377612 HTTP/1.1" 404 18012 "-" "Mozilla/5.0 (compatible; SemrushBot/7~bl; +http://www.semrush.com/bot.html)"
185.191.171.10 - - [16/Jan/2025:23:49:13 -0500] "GET /goods/2090677 HTTP/1.1" 404 18012 "-" "Mozilla/5.0 (compatible; SemrushBot/7~bl; +http://www.semrush.com/bot.html)"
165.231.182.60 - - [16/Jan/2025:23:47:41 -0500] "POST /register/ HTTP/1.0" 200 76060 "https://misswavenigeria.com/register/" "Mozilla/5.0 (Windows NT 10.0; Win64; x64) AppleWebKit/537.36 (KHTML, like Gecko) Chrome/103.0.0.0 Safari/537.36 Herring/95.1.8810.11"
165.231.182.60 - - [16/Jan/2025:23:49:15 -0500] "GET /register/ HTTP/1.0" 200 75934 "https://misswavenigeria.com/" "Mozilla/5.0 (Windows NT 10.0; Win64; x64) AppleWebKit/537.36 (KHTML, like Gecko) Chrome/103.0.0.0 Safari/537.36 Herring/95.1.8810.11"
66.29.132.124 - - [16/Jan/2025:23:49:20 -0500] "POST /wp-cron.php?doing_wp_cron=1737089360.2420649528503417968750 HTTP/1.1" 200 0 "-" "WordPress/6.7.1; https://misswavenigeria.com"
85.208.96.212 - - [16/Jan/2025:23:49:20 -0500] "GET /goods/1129435 HTTP/1.1" 404 18012 "-" "Mozilla/5.0 (compatible; SemrushBot/7~bl; +http://www.semrush.com/bot.html)"
66.29.132.124 - - [16/Jan/2025:23:49:20 -0500] "POST /wp-admin/admin-ajax.php?action=async_litespeed&nonce=mU1nm7VxlPj9lmbFIDTf3PmzgzQyWUuC&litespeed_type=imgoptm HTTP/1.1" 200 21 "-" "WordPress/6.7.1; https://misswavenigeria.com"
66.249.74.5 - - [16/Jan/2025:23:49:28 -0500] "GET /robots.txt HTTP/1.1" 200 103 "-" "Mozilla/5.0 (compatible; Googlebot/2.1; +http://www.google.com/bot.html)"
66.249.74.4 - - [16/Jan/2025:23:49:28 -0500] "GET /goods/O359178?k=product HTTP/1.1" 200 68769 "-" "Mozilla/5.0 (Linux; Android 6.0.1; Nexus 5X Build/MMB29P) AppleWebKit/537.36 (KHTML, like Gecko) Chrome/132.0.6834.83 Mobile Safari/537.36 (compatible; Googlebot/2.1; +http://www.google.com/bot.html)"
66.29.132.124 - - [16/Jan/2025:23:49:31 -0500] "POST /wp-cron.php?doing_wp_cron=1737089371.3270750045776367187500 HTTP/1.1" 200 0 "-" "WordPress/6.7.1; https://misswavenigeria.com"
185.191.171.12 - - [16/Jan/2025:23:49:31 -0500] "GET /goods/1288929 HTTP/1.1" 404 18013 "-" "Mozilla/5.0 (compatible; SemrushBot/7~bl; +http://www.semrush.com/bot.html)"
66.249.65.98 - - [16/Jan/2025:23:49:30 -0500] "GET /?product=moped14733568-986 HTTP/1.1" 200 69709 "-" "Mozilla/5.0 (Linux; Android 6.0.1; Nexus 5X Build/MMB29P) AppleWebKit/537.36 (KHTML, like Gecko) Chrome/132.0.6834.83 Mobile Safari/537.36 (compatible; Googlebot/2.1; +http://www.google.com/bot.html)"
185.191.171.3 - - [16/Jan/2025:23:49:33 -0500] "GET /goods/4122981 HTTP/1.1" 404 18013 "-" "Mozilla/5.0 (compatible; SemrushBot/7~bl; +http://www.semrush.com/bot.html)"
66.249.65.99 - - [16/Jan/2025:23:49:33 -0500] "GET /index.php?category/1740011 HTTP/1.1" 200 70095 "-" "Mozilla/5.0 (Linux; Android 6.0.1; Nexus 5X Build/MMB29P) AppleWebKit/537.36 (KHTML, like Gecko) Chrome/132.0.6834.83 Mobile Safari/537.36 (compatible; Googlebot/2.1; +http://www.google.com/bot.html)"
66.249.65.99 - - [16/Jan/2025:23:49:34 -0500] "GET /?product=conception14733557-943 HTTP/1.1" 200 69501 "-" "Mozilla/5.0 (Linux; Android 6.0.1; Nexus 5X Build/MMB29P) AppleWebKit/537.36 (KHTML, like Gecko) Chrome/132.0.6834.83 Mobile Safari/537.36 (compatible; Googlebot/2.1; +http://www.google.com/bot.html)"
185.191.171.12 - - [16/Jan/2025:23:49:42 -0500] "GET /goods/1727066 HTTP/1.1" 404 18012 "-" "Mozilla/5.0 (compatible; SemrushBot/7~bl; +http://www.semrush.com/bot.html)"
185.191.171.3 - - [16/Jan/2025:23:49:54 -0500] "GET /goods/737291 HTTP/1.1" 404 18013 "-" "Mozilla/5.0 (compatible; SemrushBot/7~bl; +http://www.semrush.com/bot.html)"
185.191.171.2 - - [16/Jan/2025:23:49:57 -0500] "GET /goods/2501660 HTTP/1.1" 404 18012 "-" "Mozilla/5.0 (compatible; SemrushBot/7~bl; +http://www.semrush.com/bot.html)"
66.249.65.98 - - [16/Jan/2025:23:49:58 -0500] "GET /?product=competitive14733581-835 HTTP/1.1" 200 74108 "-" "Mozilla/5.0 (Linux; Android 6.0.1; Nexus 5X Build/MMB29P) AppleWebKit/537.36 (KHTML, like Gecko) Chrome/132.0.6834.83 Mobile Safari/537.36 (compatible; Googlebot/2.1; +http://www.google.com/bot.html)"
85.208.96.209 - - [16/Jan/2025:23:50:13 -0500] "GET /goods/188490 HTTP/1.1" 404 18013 "-" "Mozilla/5.0 (compatible; SemrushBot/7~bl; +http://www.semrush.com/bot.html)"
185.191.171.4 - - [16/Jan/2025:23:50:16 -0500] "GET /goods/1452078 HTTP/1.1" 404 18012 "-" "Mozilla/5.0 (compatible; SemrushBot/7~bl; +http://www.semrush.com/bot.html)"
66.249.74.4 - - [16/Jan/2025:23:50:24 -0500] "GET /goods/U349330?k=product HTTP/1.1" 200 68505 "-" "Mozilla/5.0 (Linux; Android 6.0.1; Nexus 5X Build/MMB29P) AppleWebKit/537.36 (KHTML, like Gecko) Chrome/132.0.6834.83 Mobile Safari/537.36 (compatible; Googlebot/2.1; +http://www.google.com/bot.html)"
66.29.132.124 - - [16/Jan/2025:23:50:35 -0500] "POST /wp-cron.php?doing_wp_cron=1737089435.5041880607604980468750 HTTP/1.1" 200 0 "-" "WordPress/6.7.1; https://misswavenigeria.com"
165.231.182.60 - - [16/Jan/2025:23:50:35 -0500] "GET / HTTP/1.0" 200 109065 "https://misswavenigeria.com/" "Mozilla/5.0 (Windows NT 6.3; Win64; x64) AppleWebKit/537.36 (KHTML, like Gecko) Chrome/103.0.5060.53 Safari/537.36"
66.29.132.124 - - [16/Jan/2025:23:50:35 -0500] "POST /wp-admin/admin-ajax.php?action=async_litespeed&nonce=9tuC3kB6gfE9zZyr8eX2jLHcys3LkVX4&litespeed_type=imgoptm HTTP/1.1" 200 21 "-" "WordPress/6.7.1; https://misswavenigeria.com"
165.231.182.60 - - [16/Jan/2025:23:50:37 -0500] "GET /register/ HTTP/1.0" 200 75934 "https://misswavenigeria.com/register/" "Mozilla/5.0 (Windows NT 6.3; Win64; x64) AppleWebKit/537.36 (KHTML, like Gecko) Chrome/103.0.5060.53 Safari/537.36"
66.249.74.4 - - [16/Jan/2025:23:50:48 -0500] "GET /robots.txt HTTP/1.1" 200 103 "-" "Mozilla/5.0 (compatible; Googlebot/2.1; +http://www.google.com/bot.html)"
85.208.96.193 - - [16/Jan/2025:23:50:49 -0500] "GET /goods/1462845 HTTP/1.1" 404 18012 "-" "Mozilla/5.0 (compatible; SemrushBot/7~bl; +http://www.semrush.com/bot.html)"
66.249.74.4 - - [16/Jan/2025:23:50:48 -0500] "GET /goods/W514900?k=product HTTP/1.1" 200 71327 "-" "Mozilla/5.0 (Linux; Android 6.0.1; Nexus 5X Build/MMB29P) AppleWebKit/537.36 (KHTML, like Gecko) Chrome/132.0.6834.83 Mobile Safari/537.36 (compatible; Googlebot/2.1; +http://www.google.com/bot.html)"
185.191.171.17 - - [16/Jan/2025:23:50:56 -0500] "GET /goods/578079 HTTP/1.1" 404 18013 "-" "Mozilla/5.0 (compatible; SemrushBot/7~bl; +http://www.semrush.com/bot.html)"
66.249.65.99 - - [16/Jan/2025:23:51:09 -0500] "GET /static/1063877?keyword=%E3%83%95%E3%82%A1%E3%83%83%E3%82%B7%E3%83%A7%E3%83%B3 HTTP/1.1" 200 67781 "-" "Mozilla/5.0 (Linux; Android 6.0.1; Nexus 5X Build/MMB29P) AppleWebKit/537.36 (KHTML, like Gecko) Chrome/132.0.6834.83 Mobile Safari/537.36 (compatible; Googlebot/2.1; +http://www.google.com/bot.html)"
66.249.65.99 - - [16/Jan/2025:23:51:22 -0500] "GET /?product=injure14733567-716?keyword=%E3%83%95%E3%82%A1%E3%83%83%E3%82%B7%E3%83%A7%E3%83%B3 HTTP/1.1" 200 73071 "-" "Mozilla/5.0 (Linux; Android 6.0.1; Nexus 5X Build/MMB29P) AppleWebKit/537.36 (KHTML, like Gecko) Chrome/132.0.6834.83 Mobile Safari/537.36 (compatible; Googlebot/2.1; +http://www.google.com/bot.html)"
66.249.74.6 - - [16/Jan/2025:23:51:29 -0500] "GET /goods/V367245?k=product HTTP/1.1" 200 69331 "-" "Mozilla/5.0 (Linux; Android 6.0.1; Nexus 5X Build/MMB29P) AppleWebKit/537.36 (KHTML, like Gecko) Chrome/132.0.6834.83 Mobile Safari/537.36 (compatible; Googlebot/2.1; +http://www.google.com/bot.html)"
66.29.132.124 - - [16/Jan/2025:23:51:39 -0500] "POST /wp-cron.php?doing_wp_cron=1737089499.2988510131835937500000 HTTP/1.1" 200 0 "-" "WordPress/6.7.1; https://misswavenigeria.com"
185.191.171.16 - - [16/Jan/2025:23:51:39 -0500] "GET /goods/5951 HTTP/1.1" 404 18013 "-" "Mozilla/5.0 (compatible; SemrushBot/7~bl; +http://www.semrush.com/bot.html)"
66.29.132.124 - - [16/Jan/2025:23:51:39 -0500] "POST /wp-admin/admin-ajax.php?action=async_litespeed&nonce=P1TYR1PBZqk9orUT2BIAlZ3jyTCXKSvm&litespeed_type=imgoptm HTTP/1.1" 200 21 "-" "WordPress/6.7.1; https://misswavenigeria.com"
85.208.96.210 - - [16/Jan/2025:23:51:44 -0500] "GET /goods/3191320 HTTP/1.1" 404 18013 "-" "Mozilla/5.0 (compatible; SemrushBot/7~bl; +http://www.semrush.com/bot.html)"
85.208.96.208 - - [16/Jan/2025:23:52:01 -0500] "GET /goods/3066123 HTTP/1.1" 404 18013 "-" "Mozilla/5.0 (compatible; SemrushBot/7~bl; +http://www.semrush.com/bot.html)"
165.231.182.60 - - [16/Jan/2025:23:50:39 -0500] "POST /register/ HTTP/1.0" 200 76060 "https://misswavenigeria.com/register/" "Mozilla/5.0 (Windows NT 6.3; Win64; x64) AppleWebKit/537.36 (KHTML, like Gecko) Chrome/103.0.5060.53 Safari/537.36"
165.231.182.60 - - [16/Jan/2025:23:52:04 -0500] "GET /register/ HTTP/1.0" 200 75934 "https://misswavenigeria.com/" "Mozilla/5.0 (Windows NT 6.3; Win64; x64) AppleWebKit/537.36 (KHTML, like Gecko) Chrome/103.0.5060.53 Safari/537.36"
85.208.96.204 - - [16/Jan/2025:23:52:05 -0500] "GET /goods/2748802 HTTP/1.1" 404 18013 "-" "Mozilla/5.0 (compatible; SemrushBot/7~bl; +http://www.semrush.com/bot.html)"
66.249.65.98 - - [16/Jan/2025:23:52:06 -0500] "GET /?product=financier14733560-483 HTTP/1.1" 200 69072 "-" "Mozilla/5.0 (Linux; Android 6.0.1; Nexus 5X Build/MMB29P) AppleWebKit/537.36 (KHTML, like Gecko) Chrome/132.0.6834.83 Mobile Safari/537.36 (compatible; Googlebot/2.1; +http://www.google.com/bot.html)"
66.29.132.124 - - [16/Jan/2025:23:52:18 -0500] "POST /wp-cron.php?doing_wp_cron=1737089538.0759010314941406250000 HTTP/1.1" 200 0 "-" "WordPress/6.7.1; https://misswavenigeria.com"
85.208.96.211 - - [16/Jan/2025:23:52:17 -0500] "GET /goods/3122878 HTTP/1.1" 404 18013 "-" "Mozilla/5.0 (compatible; SemrushBot/7~bl; +http://www.semrush.com/bot.html)"
66.29.132.124 - - [16/Jan/2025:23:52:18 -0500] "POST /wp-admin/admin-ajax.php?action=async_litespeed&nonce=HOHcFhPzDyYs8hecQRqCKEF7neqvQTl0&litespeed_type=imgoptm HTTP/1.1" 200 21 "-" "WordPress/6.7.1; https://misswavenigeria.com"
66.29.132.124 - - [16/Jan/2025:23:52:41 -0500] "POST /wp-cron.php?doing_wp_cron=1737089561.9879090785980224609375 HTTP/1.1" 200 0 "-" "WordPress/6.7.1; https://misswavenigeria.com"
85.208.96.208 - - [16/Jan/2025:23:52:41 -0500] "GET /goods/3741625 HTTP/1.1" 404 18018 "-" "Mozilla/5.0 (compatible; SemrushBot/7~bl; +http://www.semrush.com/bot.html)"
85.208.96.204 - - [16/Jan/2025:23:52:49 -0500] "GET /goods/1089073 HTTP/1.1" 404 18012 "-" "Mozilla/5.0 (compatible; SemrushBot/7~bl; +http://www.semrush.com/bot.html)"
66.249.65.98 - - [16/Jan/2025:23:52:50 -0500] "GET /goods/569110 HTTP/1.1" 200 69764 "-" "Mozilla/5.0 (Linux; Android 6.0.1; Nexus 5X Build/MMB29P) AppleWebKit/537.36 (KHTML, like Gecko) Chrome/132.0.6834.83 Mobile Safari/537.36 (compatible; Googlebot/2.1; +http://www.google.com/bot.html)"
85.208.96.195 - - [16/Jan/2025:23:53:04 -0500] "GET /goods/2363511 HTTP/1.1" 404 18018 "-" "Mozilla/5.0 (compatible; SemrushBot/7~bl; +http://www.semrush.com/bot.html)"
85.208.96.203 - - [16/Jan/2025:23:53:07 -0500] "GET /goods/4363955 HTTP/1.1" 404 18013 "-" "Mozilla/5.0 (compatible; SemrushBot/7~bl; +http://www.semrush.com/bot.html)"
85.208.96.198 - - [16/Jan/2025:23:53:17 -0500] "GET /goods/3017065 HTTP/1.1" 404 18012 "-" "Mozilla/5.0 (compatible; SemrushBot/7~bl; +http://www.semrush.com/bot.html)"
66.249.65.99 - - [16/Jan/2025:23:53:17 -0500] "GET /?product=reflector14733564-398 HTTP/1.1" 200 69506 "-" "Mozilla/5.0 (Linux; Android 6.0.1; Nexus 5X Build/MMB29P) AppleWebKit/537.36 (KHTML, like Gecko) Chrome/132.0.6834.83 Mobile Safari/537.36 (compatible; Googlebot/2.1; +http://www.google.com/bot.html)"
66.29.132.124 - - [16/Jan/2025:23:53:21 -0500] "POST /wp-cron.php?doing_wp_cron=1737089601.8899478912353515625000 HTTP/1.1" 200 0 "-" "WordPress/6.7.1; https://misswavenigeria.com"
85.208.96.207 - - [16/Jan/2025:23:53:21 -0500] "GET /goods/2394083 HTTP/1.1" 404 18013 "-" "Mozilla/5.0 (compatible; SemrushBot/7~bl; +http://www.semrush.com/bot.html)"
66.29.132.124 - - [16/Jan/2025:23:53:22 -0500] "POST /wp-admin/admin-ajax.php?action=async_litespeed&nonce=D2fjQrMdnVy0ibqhP48E5jj6flRYsA9I&litespeed_type=imgoptm HTTP/1.1" 200 21 "-" "WordPress/6.7.1; https://misswavenigeria.com"
66.29.132.124 - - [16/Jan/2025:23:53:30 -0500] "POST /wp-cron.php?doing_wp_cron=1737089610.2570130825042724609375 HTTP/1.1" 200 0 "-" "WordPress/6.7.1; https://misswavenigeria.com"
85.208.96.198 - - [16/Jan/2025:23:53:29 -0500] "GET /goods/636736 HTTP/1.1" 404 18012 "-" "Mozilla/5.0 (compatible; SemrushBot/7~bl; +http://www.semrush.com/bot.html)"
165.231.182.60 - - [16/Jan/2025:23:53:30 -0500] "GET / HTTP/1.0" 200 109067 "https://misswavenigeria.com/" "Mozilla/5.0 (Windows NT 10.0; WOW64) AppleWebKit/537.36 (KHTML, like Gecko) Chrome/103.0.0.0 Safari/537.36"
185.191.171.15 - - [16/Jan/2025:23:53:32 -0500] "GET /goods/4839245 HTTP/1.1" 404 18013 "-" "Mozilla/5.0 (compatible; SemrushBot/7~bl; +http://www.semrush.com/bot.html)"
165.231.182.60 - - [16/Jan/2025:23:53:33 -0500] "GET /register/ HTTP/1.0" 200 75934 "https://misswavenigeria.com/register/" "Mozilla/5.0 (Windows NT 10.0; WOW64) AppleWebKit/537.36 (KHTML, like Gecko) Chrome/103.0.0.0 Safari/537.36"
85.208.96.194 - - [16/Jan/2025:23:53:59 -0500] "GET /goods/3309514 HTTP/1.1" 404 18019 "-" "Mozilla/5.0 (compatible; SemrushBot/7~bl; +http://www.semrush.com/bot.html)"
185.191.171.10 - - [16/Jan/2025:23:54:01 -0500] "GET /goods/1838202 HTTP/1.1" 404 18013 "-" "Mozilla/5.0 (compatible; SemrushBot/7~bl; +http://www.semrush.com/bot.html)"
85.208.96.195 - - [16/Jan/2025:23:54:03 -0500] "GET /goods/2840818 HTTP/1.1" 404 18013 "-" "Mozilla/5.0 (compatible; SemrushBot/7~bl; +http://www.semrush.com/bot.html)"
185.191.171.19 - - [16/Jan/2025:23:54:15 -0500] "GET /goods/3791177 HTTP/1.1" 404 18013 "-" "Mozilla/5.0 (compatible; SemrushBot/7~bl; +http://www.semrush.com/bot.html)"
66.29.132.124 - - [16/Jan/2025:23:54:19 -0500] "POST /wp-cron.php?doing_wp_cron=1737089659.1293230056762695312500 HTTP/1.1" 200 0 "-" "WordPress/6.7.1; https://misswavenigeria.com"
185.191.171.19 - - [16/Jan/2025:23:54:18 -0500] "GET /goods/4616403 HTTP/1.1" 404 18013 "-" "Mozilla/5.0 (compatible; SemrushBot/7~bl; +http://www.semrush.com/bot.html)"
66.29.132.124 - - [16/Jan/2025:23:54:19 -0500] "POST /wp-admin/admin-ajax.php?action=async_litespeed&nonce=aBMy5GNeF2aLc1LgUt7hygMMYzLTKmqE&litespeed_type=imgoptm HTTP/1.1" 200 21 "-" "WordPress/6.7.1; https://misswavenigeria.com"
66.29.132.124 - - [16/Jan/2025:23:54:40 -0500] "POST /wp-cron.php?doing_wp_cron=1737089680.5510818958282470703125 HTTP/1.1" 200 0 "-" "WordPress/6.7.1; https://misswavenigeria.com"
85.208.96.193 - - [16/Jan/2025:23:54:40 -0500] "GET /goods/2387511 HTTP/1.1" 404 18012 "-" "Mozilla/5.0 (compatible; SemrushBot/7~bl; +http://www.semrush.com/bot.html)"
66.249.65.99 - - [16/Jan/2025:23:54:49 -0500] "GET /?product=tenet14733563-369 HTTP/1.1" 200 67712 "-" "Mozilla/5.0 (Linux; Android 6.0.1; Nexus 5X Build/MMB29P) AppleWebKit/537.36 (KHTML, like Gecko) Chrome/132.0.6834.83 Mobile Safari/537.36 (compatible; Googlebot/2.1; +http://www.google.com/bot.html)"
85.208.96.199 - - [16/Jan/2025:23:54:58 -0500] "GET /goods/1553445 HTTP/1.1" 404 18011 "-" "Mozilla/5.0 (compatible; SemrushBot/7~bl; +http://www.semrush.com/bot.html)"
66.249.65.98 - - [16/Jan/2025:23:55:32 -0500] "GET /?product=hesitantly14733584-164 HTTP/1.1" 200 69239 "-" "Mozilla/5.0 (Linux; Android 6.0.1; Nexus 5X Build/MMB29P) AppleWebKit/537.36 (KHTML, like Gecko) Chrome/132.0.6834.83 Mobile Safari/537.36 (compatible; Googlebot/2.1; +http://www.google.com/bot.html)"
66.29.132.124 - - [16/Jan/2025:23:55:36 -0500] "POST /wp-cron.php?doing_wp_cron=1737089736.9334928989410400390625 HTTP/1.1" 200 0 "-" "WordPress/6.7.1; https://misswavenigeria.com"
66.42.60.228 - - [16/Jan/2025:23:55:36 -0500] "GET /wp-json/wp/v2/users HTTP/1.1" 200 668 "-" "Mozilla/5.0 (Windows NT 10.0; Win64; x64; rv:67.0) Gecko/20100101 Firefox/67.0"
66.29.132.124 - - [16/Jan/2025:23:55:37 -0500] "POST /wp-admin/admin-ajax.php?action=async_litespeed&nonce=aWCWpUVfIYhNnw4Hi0I9Mq8fmoxYtgeJ&litespeed_type=imgoptm HTTP/1.1" 200 21 "-" "WordPress/6.7.1; https://misswavenigeria.com"
165.231.182.60 - - [16/Jan/2025:23:53:35 -0500] "POST /register/ HTTP/1.0" 200 76060 "https://misswavenigeria.com/register/" "Mozilla/5.0 (Windows NT 10.0; WOW64) AppleWebKit/537.36 (KHTML, like Gecko) Chrome/103.0.0.0 Safari/537.36"
165.231.182.60 - - [16/Jan/2025:23:55:45 -0500] "GET /register/ HTTP/1.0" 200 75934 "https://misswavenigeria.com/" "Mozilla/5.0 (Windows NT 10.0; WOW64) AppleWebKit/537.36 (KHTML, like Gecko) Chrome/103.0.0.0 Safari/537.36"
85.208.96.193 - - [16/Jan/2025:23:55:46 -0500] "GET /goods/3218146 HTTP/1.1" 404 18012 "-" "Mozilla/5.0 (compatible; SemrushBot/7~bl; +http://www.semrush.com/bot.html)"
85.208.96.211 - - [16/Jan/2025:23:55:53 -0500] "GET /goods/1364845 HTTP/1.1" 404 18013 "-" "Mozilla/5.0 (compatible; SemrushBot/7~bl; +http://www.semrush.com/bot.html)"
66.249.65.98 - - [16/Jan/2025:23:56:10 -0500] "GET /goods/76304.html HTTP/1.1" 200 70087 "-" "Mozilla/5.0 (Linux; Android 6.0.1; Nexus 5X Build/MMB29P) AppleWebKit/537.36 (KHTML, like Gecko) Chrome/132.0.6834.83 Mobile Safari/537.36 (compatible; Googlebot/2.1; +http://www.google.com/bot.html)"
85.208.96.206 - - [16/Jan/2025:23:56:11 -0500] "GET /goods/4495963 HTTP/1.1" 404 18012 "-" "Mozilla/5.0 (compatible; SemrushBot/7~bl; +http://www.semrush.com/bot.html)"
185.191.171.6 - - [16/Jan/2025:23:56:16 -0500] "GET /goods/931742 HTTP/1.1" 404 18012 "-" "Mozilla/5.0 (compatible; SemrushBot/7~bl; +http://www.semrush.com/bot.html)"
66.29.132.124 - - [16/Jan/2025:23:56:20 -0500] "POST /wp-cron.php?doing_wp_cron=1737089780.2877769470214843750000 HTTP/1.1" 200 0 "-" "WordPress/6.7.1; https://misswavenigeria.com"
185.191.171.19 - - [16/Jan/2025:23:56:20 -0500] "GET /goods/2217150 HTTP/1.1" 404 18012 "-" "Mozilla/5.0 (compatible; SemrushBot/7~bl; +http://www.semrush.com/bot.html)"
66.29.132.124 - - [16/Jan/2025:23:56:20 -0500] "POST /wp-admin/admin-ajax.php?action=async_litespeed&nonce=9iAqU2USZn8IMlL3KZQbrNxZCSxe1wq1&litespeed_type=imgoptm HTTP/1.1" 200 21 "-" "WordPress/6.7.1; https://misswavenigeria.com"
66.29.132.124 - - [16/Jan/2025:23:56:26 -0500] "POST /wp-cron.php?doing_wp_cron=1737089786.7210960388183593750000 HTTP/1.1" 200 0 "-" "WordPress/6.7.1; https://misswavenigeria.com"
165.231.182.60 - - [16/Jan/2025:23:56:26 -0500] "GET / HTTP/1.0" 200 109065 "https://misswavenigeria.com/" "Mozilla/5.0 (Windows NT 6.3; Win64; x64) AppleWebKit/537.36 (KHTML, like Gecko) Chrome/103.0.5060.114 Safari/537.36"
85.208.96.199 - - [16/Jan/2025:23:56:27 -0500] "GET /goods/997052 HTTP/1.1" 404 18013 "-" "Mozilla/5.0 (compatible; SemrushBot/7~bl; +http://www.semrush.com/bot.html)"
165.231.182.60 - - [16/Jan/2025:23:56:29 -0500] "GET /register/ HTTP/1.0" 200 75934 "https://misswavenigeria.com/register/" "Mozilla/5.0 (Windows NT 6.3; Win64; x64) AppleWebKit/537.36 (KHTML, like Gecko) Chrome/103.0.5060.114 Safari/537.36"
66.249.65.98 - - [16/Jan/2025:23:56:38 -0500] "GET /?product=calling14733550-570 HTTP/1.1" 200 68719 "-" "Mozilla/5.0 (Linux; Android 6.0.1; Nexus 5X Build/MMB29P) AppleWebKit/537.36 (KHTML, like Gecko) Chrome/132.0.6834.83 Mobile Safari/537.36 (compatible; Googlebot/2.1; +http://www.google.com/bot.html)"
66.249.74.6 - - [16/Jan/2025:23:56:50 -0500] "GET /goods/N300651?k=product HTTP/1.1" 200 69801 "-" "Mozilla/5.0 (Linux; Android 6.0.1; Nexus 5X Build/MMB29P) AppleWebKit/537.36 (KHTML, like Gecko) Chrome/132.0.6834.83 Mobile Safari/537.36 (compatible; Googlebot/2.1; +http://www.google.com/bot.html)"
85.208.96.205 - - [16/Jan/2025:23:56:52 -0500] "GET /goods/4238589 HTTP/1.1" 404 18013 "-" "Mozilla/5.0 (compatible; SemrushBot/7~bl; +http://www.semrush.com/bot.html)"
66.249.65.98 - - [16/Jan/2025:23:57:02 -0500] "GET /goods/302979 HTTP/1.1" 200 69407 "-" "Mozilla/5.0 (Linux; Android 6.0.1; Nexus 5X Build/MMB29P) AppleWebKit/537.36 (KHTML, like Gecko) Chrome/132.0.6834.83 Mobile Safari/537.36 (compatible; Googlebot/2.1; +http://www.google.com/bot.html)"
66.29.132.124 - - [16/Jan/2025:23:57:23 -0500] "POST /wp-cron.php?doing_wp_cron=1737089843.9749059677124023437500 HTTP/1.1" 200 0 "-" "WordPress/6.7.1; https://misswavenigeria.com"
185.191.171.14 - - [16/Jan/2025:23:57:23 -0500] "GET /goods/4383711 HTTP/1.1" 404 18013 "-" "Mozilla/5.0 (compatible; SemrushBot/7~bl; +http://www.semrush.com/bot.html)"
66.29.132.124 - - [16/Jan/2025:23:57:25 -0500] "POST /wp-admin/admin-ajax.php?action=async_litespeed&nonce=bBrWvcuIFLcr4xGAYCO6pwUhK1ic4DcC&litespeed_type=imgoptm HTTP/1.1" 200 0 "-" "WordPress/6.7.1; https://misswavenigeria.com"
66.249.65.98 - - [16/Jan/2025:23:57:25 -0500] "GET /static/654080?keyword=%E3%83%AF%E3%83%BC%E3%83%8A%E3%83%BC HTTP/1.1" 200 67441 "-" "Mozilla/5.0 (compatible; Googlebot/2.1; +http://www.google.com/bot.html)"
66.29.132.124 - - [16/Jan/2025:23:57:27 -0500] "POST /wp-cron.php?doing_wp_cron=1737089847.8262031078338623046875 HTTP/1.1" 200 0 "-" "WordPress/6.7.1; https://misswavenigeria.com"
85.208.96.207 - - [16/Jan/2025:23:57:27 -0500] "GET /goods/2055046 HTTP/1.1" 404 18013 "-" "Mozilla/5.0 (compatible; SemrushBot/7~bl; +http://www.semrush.com/bot.html)"
66.249.65.98 - - [16/Jan/2025:23:57:27 -0500] "GET /?product=response14733542-117 HTTP/1.1" 200 68119 "-" "Mozilla/5.0 (Linux; Android 6.0.1; Nexus 5X Build/MMB29P) AppleWebKit/537.36 (KHTML, like Gecko) Chrome/132.0.6834.83 Mobile Safari/537.36 (compatible; Googlebot/2.1; +http://www.google.com/bot.html)"
185.191.171.5 - - [16/Jan/2025:23:57:30 -0500] "GET /goods/3481745 HTTP/1.1" 404 18013 "-" "Mozilla/5.0 (compatible; SemrushBot/7~bl; +http://www.semrush.com/bot.html)"
85.208.96.195 - - [16/Jan/2025:23:57:32 -0500] "GET /goods/2012248 HTTP/1.1" 404 18013 "-" "Mozilla/5.0 (compatible; SemrushBot/7~bl; +http://www.semrush.com/bot.html)"
85.208.96.193 - - [16/Jan/2025:23:57:34 -0500] "GET /goods/795381 HTTP/1.1" 404 18013 "-" "Mozilla/5.0 (compatible; SemrushBot/7~bl; +http://www.semrush.com/bot.html)"
185.191.171.15 - - [16/Jan/2025:23:57:36 -0500] "GET /goods/4027833 HTTP/1.1" 404 18013 "-" "Mozilla/5.0 (compatible; SemrushBot/7~bl; +http://www.semrush.com/bot.html)"
85.208.96.206 - - [16/Jan/2025:23:58:00 -0500] "GET /goods/1892607 HTTP/1.1" 404 18012 "-" "Mozilla/5.0 (compatible; SemrushBot/7~bl; +http://www.semrush.com/bot.html)"
185.191.171.12 - - [16/Jan/2025:23:58:03 -0500] "GET /goods/3616445 HTTP/1.1" 404 18013 "-" "Mozilla/5.0 (compatible; SemrushBot/7~bl; +http://www.semrush.com/bot.html)"
66.29.132.124 - - [16/Jan/2025:23:58:19 -0500] "POST /wp-cron.php?doing_wp_cron=1737089898.9906280040740966796875 HTTP/1.1" 200 0 "-" "WordPress/6.7.1; https://misswavenigeria.com"
185.191.171.18 - - [16/Jan/2025:23:58:18 -0500] "GET /goods/2042482 HTTP/1.1" 404 18013 "-" "Mozilla/5.0 (compatible; SemrushBot/7~bl; +http://www.semrush.com/bot.html)"
66.29.132.124 - - [16/Jan/2025:23:58:19 -0500] "POST /wp-admin/admin-ajax.php?action=async_litespeed&nonce=WDfWuXK6kW8mNxooVDuXWs9P10Vp67Yh&litespeed_type=imgoptm HTTP/1.1" 200 21 "-" "WordPress/6.7.1; https://misswavenigeria.com"
