185.191.171.13 - - [16/Jan/2025:21:09:58 -0500] "GET /goods/181863 HTTP/1.1" 404 18012 "-" "Mozilla/5.0 (compatible; SemrushBot/7~bl; +http://www.semrush.com/bot.html)"
66.249.65.100 - - [16/Jan/2025:21:10:01 -0500] "GET /index.php?static/3264407 HTTP/1.1" 200 69027 "-" "Mozilla/5.0 (Linux; Android 6.0.1; Nexus 5X Build/MMB29P) AppleWebKit/537.36 (KHTML, like Gecko) Chrome/132.0.6834.83 Mobile Safari/537.36 (compatible; Googlebot/2.1; +http://www.google.com/bot.html)"
66.249.65.98 - - [16/Jan/2025:21:10:07 -0500] "GET /show/1967715 HTTP/1.1" 200 68816 "-" "Mozilla/5.0 (Linux; Android 6.0.1; Nexus 5X Build/MMB29P) AppleWebKit/537.36 (KHTML, like Gecko) Chrome/132.0.6834.83 Mobile Safari/537.36 (compatible; Googlebot/2.1; +http://www.google.com/bot.html)"
85.208.96.207 - - [16/Jan/2025:21:10:11 -0500] "GET /goods/1885512 HTTP/1.1" 404 18012 "-" "Mozilla/5.0 (compatible; SemrushBot/7~bl; +http://www.semrush.com/bot.html)"
185.191.171.3 - - [16/Jan/2025:21:10:14 -0500] "GET /goods/2773751 HTTP/1.1" 404 18012 "-" "Mozilla/5.0 (compatible; SemrushBot/7~bl; +http://www.semrush.com/bot.html)"
66.29.132.124 - - [16/Jan/2025:21:10:19 -0500] "POST /wp-cron.php?doing_wp_cron=1737079819.0732619762420654296875 HTTP/1.1" 200 0 "-" "WordPress/6.7.1; https://misswavenigeria.com"
185.191.171.2 - - [16/Jan/2025:21:10:18 -0500] "GET /goods/934251 HTTP/1.1" 404 18012 "-" "Mozilla/5.0 (compatible; SemrushBot/7~bl; +http://www.semrush.com/bot.html)"
66.29.132.124 - - [16/Jan/2025:21:10:19 -0500] "POST /wp-admin/admin-ajax.php?action=async_litespeed&nonce=W0eQCC5hgfmQVNrwCL81QGmxitRaZ3Xx&litespeed_type=imgoptm HTTP/1.1" 200 21 "-" "WordPress/6.7.1; https://misswavenigeria.com"
66.249.65.98 - - [16/Jan/2025:21:10:21 -0500] "GET /show/3448588 HTTP/1.1" 200 69126 "-" "Mozilla/5.0 (Linux; Android 6.0.1; Nexus 5X Build/MMB29P) AppleWebKit/537.36 (KHTML, like Gecko) Chrome/132.0.6834.83 Mobile Safari/537.36 (compatible; Googlebot/2.1; +http://www.google.com/bot.html)"
66.249.65.98 - - [16/Jan/2025:21:10:23 -0500] "GET /shop/brand=1414621 HTTP/1.1" 200 71105 "-" "Mozilla/5.0 (Linux; Android 6.0.1; Nexus 5X Build/MMB29P) AppleWebKit/537.36 (KHTML, like Gecko) Chrome/132.0.6834.83 Mobile Safari/537.36 (compatible; Googlebot/2.1; +http://www.google.com/bot.html)"
66.249.65.98 - - [16/Jan/2025:21:10:27 -0500] "GET /static/4759022?keyword=%E5%B7%A5%E5%85%B7%E3%80%81DIY%E7%94%A8%E5%93%81 HTTP/1.1" 200 70158 "-" "Mozilla/5.0 (Linux; Android 6.0.1; Nexus 5X Build/MMB29P) AppleWebKit/537.36 (KHTML, like Gecko) Chrome/132.0.6834.83 Mobile Safari/537.36 (compatible; Googlebot/2.1; +http://www.google.com/bot.html)"
66.249.65.98 - - [16/Jan/2025:21:10:29 -0500] "GET /index.php?static/379627 HTTP/1.1" 200 68877 "-" "Mozilla/5.0 (Linux; Android 6.0.1; Nexus 5X Build/MMB29P) AppleWebKit/537.36 (KHTML, like Gecko) Chrome/132.0.6834.83 Mobile Safari/537.36 (compatible; Googlebot/2.1; +http://www.google.com/bot.html)"
66.29.132.124 - - [16/Jan/2025:21:10:31 -0500] "POST /wp-cron.php?doing_wp_cron=1737079831.6463580131530761718750 HTTP/1.1" 200 0 "-" "WordPress/6.7.1; https://misswavenigeria.com"
85.208.96.196 - - [16/Jan/2025:21:10:31 -0500] "GET /goods/4461873 HTTP/1.1" 404 18012 "-" "Mozilla/5.0 (compatible; SemrushBot/7~bl; +http://www.semrush.com/bot.html)"
185.191.171.16 - - [16/Jan/2025:21:10:50 -0500] "GET /goods/3697207 HTTP/1.1" 404 18012 "-" "Mozilla/5.0 (compatible; SemrushBot/7~bl; +http://www.semrush.com/bot.html)"
185.191.171.16 - - [16/Jan/2025:21:10:53 -0500] "GET /goods/341692 HTTP/1.1" 404 18012 "-" "Mozilla/5.0 (compatible; SemrushBot/7~bl; +http://www.semrush.com/bot.html)"
66.249.65.98 - - [16/Jan/2025:21:10:54 -0500] "GET /index.php?static/2711678 HTTP/1.1" 200 67497 "-" "Mozilla/5.0 (Linux; Android 6.0.1; Nexus 5X Build/MMB29P) AppleWebKit/537.36 (KHTML, like Gecko) Chrome/132.0.6834.83 Mobile Safari/537.36 (compatible; Googlebot/2.1; +http://www.google.com/bot.html)"
66.249.65.99 - - [16/Jan/2025:21:11:00 -0500] "GET /show/1165915 HTTP/1.1" 200 69497 "-" "Mozilla/5.0 (Linux; Android 6.0.1; Nexus 5X Build/MMB29P) AppleWebKit/537.36 (KHTML, like Gecko) Chrome/132.0.6834.83 Mobile Safari/537.36 (compatible; Googlebot/2.1; +http://www.google.com/bot.html)"
85.208.96.211 - - [16/Jan/2025:21:11:01 -0500] "GET /goods/3891894 HTTP/1.1" 404 18013 "-" "Mozilla/5.0 (compatible; SemrushBot/7~bl; +http://www.semrush.com/bot.html)"
66.249.65.100 - - [16/Jan/2025:21:11:00 -0500] "GET /show/1116784 HTTP/1.1" 200 67788 "-" "Mozilla/5.0 (Linux; Android 6.0.1; Nexus 5X Build/MMB29P) AppleWebKit/537.36 (KHTML, like Gecko) Chrome/132.0.6834.83 Mobile Safari/537.36 (compatible; Googlebot/2.1; +http://www.google.com/bot.html)"
66.249.65.98 - - [16/Jan/2025:21:11:08 -0500] "GET /index.php?goods/3718189 HTTP/1.1" 200 68683 "-" "Mozilla/5.0 (Linux; Android 6.0.1; Nexus 5X Build/MMB29P) AppleWebKit/537.36 (KHTML, like Gecko) Chrome/132.0.6834.83 Mobile Safari/537.36 (compatible; Googlebot/2.1; +http://www.google.com/bot.html)"
85.208.96.211 - - [16/Jan/2025:21:11:15 -0500] "GET /goods/3006506 HTTP/1.1" 404 18013 "-" "Mozilla/5.0 (compatible; SemrushBot/7~bl; +http://www.semrush.com/bot.html)"
66.249.65.98 - - [16/Jan/2025:21:11:14 -0500] "GET /static/225095 HTTP/1.1" 200 70720 "-" "Mozilla/5.0 (Linux; Android 6.0.1; Nexus 5X Build/MMB29P) AppleWebKit/537.36 (KHTML, like Gecko) Chrome/132.0.6834.83 Mobile Safari/537.36 (compatible; Googlebot/2.1; +http://www.google.com/bot.html)"
138.199.18.147 - - [16/Jan/2025:21:11:16 -0500] "GET / HTTP/1.0" 200 109065 "https://misswavenigeria.com/" "Mozilla/5.0 (Windows NT 6.1; WOW64) AppleWebKit/537.36 (KHTML, like Gecko) Chrome/103.0.0.0 Safari/537.36"
138.199.18.147 - - [16/Jan/2025:21:11:18 -0500] "GET /register/ HTTP/1.0" 200 75934 "https://misswavenigeria.com/register/" "Mozilla/5.0 (Windows NT 6.1; WOW64) AppleWebKit/537.36 (KHTML, like Gecko) Chrome/103.0.0.0 Safari/537.36"
66.29.132.124 - - [16/Jan/2025:21:11:19 -0500] "POST /wp-cron.php?doing_wp_cron=1737079879.9900441169738769531250 HTTP/1.1" 200 0 "-" "WordPress/6.7.1; https://misswavenigeria.com"
66.29.132.124 - - [16/Jan/2025:21:11:20 -0500] "POST /wp-admin/admin-ajax.php?action=async_litespeed&nonce=dTcyBTf0ighGXwy17yfVYPdPVTGllVs1&litespeed_type=imgoptm HTTP/1.1" 200 21 "-" "WordPress/6.7.1; https://misswavenigeria.com"
66.249.65.98 - - [16/Jan/2025:21:11:24 -0500] "GET /index.php?static/2760582?keyword=%E5%AF%8C%E5%A3%AB%E9%80%9A HTTP/1.1" 200 69745 "-" "Mozilla/5.0 (Linux; Android 6.0.1; Nexus 5X Build/MMB29P) AppleWebKit/537.36 (KHTML, like Gecko) Chrome/132.0.6834.83 Mobile Safari/537.36 (compatible; Googlebot/2.1; +http://www.google.com/bot.html)"
66.249.65.98 - - [16/Jan/2025:21:11:28 -0500] "GET /show/1236641 HTTP/1.1" 200 71062 "-" "Mozilla/5.0 (Linux; Android 6.0.1; Nexus 5X Build/MMB29P) AppleWebKit/537.36 (KHTML, like Gecko) Chrome/132.0.6834.83 Mobile Safari/537.36 (compatible; Googlebot/2.1; +http://www.google.com/bot.html)"
66.249.65.99 - - [16/Jan/2025:21:11:50 -0500] "GET /index.php?static/3466035 HTTP/1.1" 200 68190 "-" "Mozilla/5.0 (Linux; Android 6.0.1; Nexus 5X Build/MMB29P) AppleWebKit/537.36 (KHTML, like Gecko) Chrome/132.0.6834.83 Mobile Safari/537.36 (compatible; Googlebot/2.1; +http://www.google.com/bot.html)"
66.29.132.124 - - [16/Jan/2025:21:12:01 -0500] "POST /wp-cron.php?doing_wp_cron=1737079921.5870409011840820312500 HTTP/1.1" 200 0 "-" "WordPress/6.7.1; https://misswavenigeria.com"
185.191.171.17 - - [16/Jan/2025:21:12:01 -0500] "GET /goods/299987 HTTP/1.1" 404 18012 "-" "Mozilla/5.0 (compatible; SemrushBot/7~bl; +http://www.semrush.com/bot.html)"
66.249.65.99 - - [16/Jan/2025:21:12:02 -0500] "GET /static/752172 HTTP/1.1" 200 70445 "-" "Mozilla/5.0 (Linux; Android 6.0.1; Nexus 5X Build/MMB29P) AppleWebKit/537.36 (KHTML, like Gecko) Chrome/132.0.6834.83 Mobile Safari/537.36 (compatible; Googlebot/2.1; +http://www.google.com/bot.html)"
66.249.65.99 - - [16/Jan/2025:21:12:10 -0500] "GET /index.php?static/4737688 HTTP/1.1" 200 67361 "-" "Mozilla/5.0 (Linux; Android 6.0.1; Nexus 5X Build/MMB29P) AppleWebKit/537.36 (KHTML, like Gecko) Chrome/132.0.6834.83 Mobile Safari/537.36 (compatible; Googlebot/2.1; +http://www.google.com/bot.html)"
66.249.65.98 - - [16/Jan/2025:21:12:19 -0500] "GET /show/3682474 HTTP/1.1" 200 68754 "-" "Mozilla/5.0 (Linux; Android 6.0.1; Nexus 5X Build/MMB29P) AppleWebKit/537.36 (KHTML, like Gecko) Chrome/132.0.6834.83 Mobile Safari/537.36 (compatible; Googlebot/2.1; +http://www.google.com/bot.html)"
138.199.18.147 - - [16/Jan/2025:21:11:19 -0500] "POST /register/ HTTP/1.0" 200 76060 "https://misswavenigeria.com/register/" "Mozilla/5.0 (Windows NT 6.1; WOW64) AppleWebKit/537.36 (KHTML, like Gecko) Chrome/103.0.0.0 Safari/537.36"
66.29.132.124 - - [16/Jan/2025:21:12:35 -0500] "POST /wp-cron.php?doing_wp_cron=1737079955.5975980758666992187500 HTTP/1.1" 200 0 "-" "WordPress/6.7.1; https://misswavenigeria.com"
85.208.96.206 - - [16/Jan/2025:21:12:35 -0500] "GET /goods/1122581 HTTP/1.1" 404 18012 "-" "Mozilla/5.0 (compatible; SemrushBot/7~bl; +http://www.semrush.com/bot.html)"
66.29.132.124 - - [16/Jan/2025:21:12:35 -0500] "POST /wp-admin/admin-ajax.php?action=async_litespeed&nonce=cXV9Bf2FRysHdgAoTSKidEYaszhMesW3&litespeed_type=imgoptm HTTP/1.1" 200 21 "-" "WordPress/6.7.1; https://misswavenigeria.com"
138.199.18.147 - - [16/Jan/2025:21:12:35 -0500] "GET /register/ HTTP/1.0" 200 75934 "https://misswavenigeria.com/" "Mozilla/5.0 (Windows NT 6.1; WOW64) AppleWebKit/537.36 (KHTML, like Gecko) Chrome/103.0.0.0 Safari/537.36"
66.249.65.98 - - [16/Jan/2025:21:12:37 -0500] "GET /show/1830182 HTTP/1.1" 200 69596 "-" "Mozilla/5.0 (Linux; Android 6.0.1; Nexus 5X Build/MMB29P) AppleWebKit/537.36 (KHTML, like Gecko) Chrome/132.0.6834.83 Mobile Safari/537.36 (compatible; Googlebot/2.1; +http://www.google.com/bot.html)"
66.249.65.98 - - [16/Jan/2025:21:12:39 -0500] "GET /index.php?goods/434526 HTTP/1.1" 200 71117 "-" "Mozilla/5.0 (Linux; Android 6.0.1; Nexus 5X Build/MMB29P) AppleWebKit/537.36 (KHTML, like Gecko) Chrome/132.0.6834.83 Mobile Safari/537.36 (compatible; Googlebot/2.1; +http://www.google.com/bot.html)"
66.249.65.99 - - [16/Jan/2025:21:12:53 -0500] "GET /index.php?goods/3175973 HTTP/1.1" 200 67954 "-" "Mozilla/5.0 (Linux; Android 6.0.1; Nexus 5X Build/MMB29P) AppleWebKit/537.36 (KHTML, like Gecko) Chrome/132.0.6834.83 Mobile Safari/537.36 (compatible; Googlebot/2.1; +http://www.google.com/bot.html)"
66.249.65.98 - - [16/Jan/2025:21:12:55 -0500] "GET /goods/3742403 HTTP/1.1" 200 70674 "-" "Mozilla/5.0 (Linux; Android 6.0.1; Nexus 5X Build/MMB29P) AppleWebKit/537.36 (KHTML, like Gecko) Chrome/132.0.6834.83 Mobile Safari/537.36 (compatible; Googlebot/2.1; +http://www.google.com/bot.html)"
66.249.65.98 - - [16/Jan/2025:21:13:01 -0500] "GET /static/909939?keyword=%E3%83%81%E3%82%A7%E3%82%B9%E3%83%88 HTTP/1.1" 200 68490 "-" "Mozilla/5.0 (compatible; Googlebot/2.1; +http://www.google.com/bot.html)"
185.191.171.4 - - [16/Jan/2025:21:13:03 -0500] "GET /goods/3998786 HTTP/1.1" 404 18012 "-" "Mozilla/5.0 (compatible; SemrushBot/7~bl; +http://www.semrush.com/bot.html)"
206.189.38.230 - - [16/Jan/2025:21:13:05 -0500] "GET /wp-admin/css/ HTTP/1.1" 200 3341 "binance.com" "Mozilla/5.0 (Windows NT 10.0; Win64; x64) AppleWebKit/537.36 (KHTML, like Gecko) Chrome/90.0.4430.85 Safari/537.36"
85.208.96.210 - - [16/Jan/2025:21:13:06 -0500] "GET /goods/2173468 HTTP/1.1" 404 18013 "-" "Mozilla/5.0 (compatible; SemrushBot/7~bl; +http://www.semrush.com/bot.html)"
85.208.96.201 - - [16/Jan/2025:21:13:08 -0500] "GET /goods/4186651 HTTP/1.1" 404 18013 "-" "Mozilla/5.0 (compatible; SemrushBot/7~bl; +http://www.semrush.com/bot.html)"
206.189.38.230 - - [16/Jan/2025:21:13:08 -0500] "GET /wp-content/uploads/2025/01/ HTTP/1.1" 200 697 "binance.com" "Mozilla/5.0 (Windows NT 10.0; Win64; x64) AppleWebKit/537.36 (KHTML, like Gecko) Chrome/90.0.4430.85 Safari/537.36"
85.208.96.211 - - [16/Jan/2025:21:13:10 -0500] "GET /goods/2356146 HTTP/1.1" 404 18012 "-" "Mozilla/5.0 (compatible; SemrushBot/7~bl; +http://www.semrush.com/bot.html)"
206.189.38.230 - - [16/Jan/2025:21:13:12 -0500] "GET /wp-content/uploads/2025/00/ HTTP/1.1" 404 18012 "binance.com" "Mozilla/5.0 (Windows NT 10.0; Win64; x64) AppleWebKit/537.36 (KHTML, like Gecko) Chrome/90.0.4430.85 Safari/537.36"
206.189.38.230 - - [16/Jan/2025:21:13:15 -0500] "GET /wp-content/uploads/ HTTP/1.1" 200 1690 "binance.com" "Mozilla/5.0 (Windows NT 10.0; Win64; x64) AppleWebKit/537.36 (KHTML, like Gecko) Chrome/90.0.4430.85 Safari/537.36"
206.189.38.230 - - [16/Jan/2025:21:13:19 -0500] "GET /wp-content/uploads/ HTTP/1.1" 200 1690 "binance.com" "Mozilla/5.0 (Windows NT 10.0; Win64; x64) AppleWebKit/537.36 (KHTML, like Gecko) Chrome/90.0.4430.85 Safari/537.36"
66.249.65.98 - - [16/Jan/2025:21:13:19 -0500] "GET /index.php?goods/4551828 HTTP/1.1" 200 69998 "-" "Mozilla/5.0 (Linux; Android 6.0.1; Nexus 5X Build/MMB29P) AppleWebKit/537.36 (KHTML, like Gecko) Chrome/132.0.6834.83 Mobile Safari/537.36 (compatible; Googlebot/2.1; +http://www.google.com/bot.html)"
206.189.38.230 - - [16/Jan/2025:21:13:23 -0500] "GET /wp-content/uploads/hxvgzgvgae.php HTTP/1.1" 403 1242 "binance.com" "Mozilla/5.0 (Windows NT 10.0; Win64; x64) AppleWebKit/537.36 (KHTML, like Gecko) Chrome/90.0.4430.85 Safari/537.36"
66.249.65.98 - - [16/Jan/2025:21:13:23 -0500] "GET /static/800049?keyword=%E6%A5%BD%E5%99%A8%E3%83%BB%E6%A9%9F%E6%9D%90?keyword=SSB HTTP/1.1" 200 68548 "-" "Mozilla/5.0 (compatible; Googlebot/2.1; +http://www.google.com/bot.html)"
206.189.38.230 - - [16/Jan/2025:21:13:26 -0500] "GET /wp-content/uploads/igxxfctiaj.php HTTP/1.1" 403 1242 "binance.com" "Mozilla/5.0 (Windows NT 10.0; Win64; x64) AppleWebKit/537.36 (KHTML, like Gecko) Chrome/90.0.4430.85 Safari/537.36"
206.189.38.230 - - [16/Jan/2025:21:13:29 -0500] "GET /wp-content/uploads/kfhzpwknrt.php HTTP/1.1" 403 1242 "binance.com" "Mozilla/5.0 (Windows NT 10.0; Win64; x64) AppleWebKit/537.36 (KHTML, like Gecko) Chrome/90.0.4430.85 Safari/537.36"
66.29.132.124 - - [16/Jan/2025:21:13:32 -0500] "POST /wp-cron.php?doing_wp_cron=1737080012.2566249370574951171875 HTTP/1.1" 200 0 "-" "WordPress/6.7.1; https://misswavenigeria.com"
185.191.171.1 - - [16/Jan/2025:21:13:32 -0500] "GET /goods/2409973 HTTP/1.1" 404 18019 "-" "Mozilla/5.0 (compatible; SemrushBot/7~bl; +http://www.semrush.com/bot.html)"
66.29.132.124 - - [16/Jan/2025:21:13:32 -0500] "POST /wp-admin/admin-ajax.php?action=async_litespeed&nonce=T1SgCOVlpaU3JbY49PhDRTMfMrjw41XB&litespeed_type=imgoptm HTTP/1.1" 200 21 "-" "WordPress/6.7.1; https://misswavenigeria.com"
206.189.38.230 - - [16/Jan/2025:21:13:33 -0500] "GET /wp-content/uploads/nnkvqxtxej.php HTTP/1.1" 403 1242 "binance.com" "Mozilla/5.0 (Windows NT 10.0; Win64; x64) AppleWebKit/537.36 (KHTML, like Gecko) Chrome/90.0.4430.85 Safari/537.36"
66.249.65.98 - - [16/Jan/2025:21:13:33 -0500] "GET /index.php?goods/3184969 HTTP/1.1" 200 69261 "-" "Mozilla/5.0 (Linux; Android 6.0.1; Nexus 5X Build/MMB29P) AppleWebKit/537.36 (KHTML, like Gecko) Chrome/132.0.6834.83 Mobile Safari/537.36 (compatible; Googlebot/2.1; +http://www.google.com/bot.html)"
66.249.65.98 - - [16/Jan/2025:21:13:33 -0500] "GET /show/11978 HTTP/1.1" 200 68447 "-" "Mozilla/5.0 (Linux; Android 6.0.1; Nexus 5X Build/MMB29P) AppleWebKit/537.36 (KHTML, like Gecko) Chrome/132.0.6834.83 Mobile Safari/537.36 (compatible; Googlebot/2.1; +http://www.google.com/bot.html)"
85.208.96.194 - - [16/Jan/2025:21:13:35 -0500] "GET /goods/1533082 HTTP/1.1" 404 18012 "-" "Mozilla/5.0 (compatible; SemrushBot/7~bl; +http://www.semrush.com/bot.html)"
206.189.38.230 - - [16/Jan/2025:21:13:36 -0500] "GET /wp-content/uploads/rvmburmnyn.php HTTP/1.1" 403 1242 "binance.com" "Mozilla/5.0 (Windows NT 10.0; Win64; x64) AppleWebKit/537.36 (KHTML, like Gecko) Chrome/90.0.4430.85 Safari/537.36"
85.208.96.194 - - [16/Jan/2025:21:13:36 -0500] "GET /goods/421969 HTTP/1.1" 404 18012 "-" "Mozilla/5.0 (compatible; SemrushBot/7~bl; +http://www.semrush.com/bot.html)"
206.189.38.230 - - [16/Jan/2025:21:13:40 -0500] "GET /wp-content/uploads/sqaoankrhp.php HTTP/1.1" 403 1242 "binance.com" "Mozilla/5.0 (Windows NT 10.0; Win64; x64) AppleWebKit/537.36 (KHTML, like Gecko) Chrome/90.0.4430.85 Safari/537.36"
185.191.171.4 - - [16/Jan/2025:21:13:40 -0500] "GET /goods/2844024 HTTP/1.1" 404 18012 "-" "Mozilla/5.0 (compatible; SemrushBot/7~bl; +http://www.semrush.com/bot.html)"
206.189.38.230 - - [16/Jan/2025:21:13:44 -0500] "GET /wp-content/uploads/svbiqchvov.php HTTP/1.1" 403 1242 "binance.com" "Mozilla/5.0 (Windows NT 10.0; Win64; x64) AppleWebKit/537.36 (KHTML, like Gecko) Chrome/90.0.4430.85 Safari/537.36"
206.189.38.230 - - [16/Jan/2025:21:13:47 -0500] "GET /wp-content/uploads/x8.php HTTP/1.1" 403 1242 "binance.com" "Mozilla/5.0 (Windows NT 10.0; Win64; x64) AppleWebKit/537.36 (KHTML, like Gecko) Chrome/90.0.4430.85 Safari/537.36"
206.189.38.230 - - [16/Jan/2025:21:13:51 -0500] "GET /wp-content/uploads/yrdihqixlv.php HTTP/1.1" 403 1242 "binance.com" "Mozilla/5.0 (Windows NT 10.0; Win64; x64) AppleWebKit/537.36 (KHTML, like Gecko) Chrome/90.0.4430.85 Safari/537.36"
185.191.171.3 - - [16/Jan/2025:21:13:51 -0500] "GET /goods/1976911 HTTP/1.1" 404 18012 "-" "Mozilla/5.0 (compatible; SemrushBot/7~bl; +http://www.semrush.com/bot.html)"
206.189.38.230 - - [16/Jan/2025:21:13:54 -0500] "GET /wp-content/upgrade/ HTTP/1.1" 200 689 "binance.com" "Mozilla/5.0 (Windows NT 10.0; Win64; x64) AppleWebKit/537.36 (KHTML, like Gecko) Chrome/90.0.4430.85 Safari/537.36"
206.189.38.230 - - [16/Jan/2025:21:13:57 -0500] "GET /wp-content/languages/ HTTP/1.1" 404 18012 "binance.com" "Mozilla/5.0 (Windows NT 10.0; Win64; x64) AppleWebKit/537.36 (KHTML, like Gecko) Chrome/90.0.4430.85 Safari/537.36"
206.189.38.230 - - [16/Jan/2025:21:14:02 -0500] "GET /wp-admin/includes/ HTTP/1.1" 200 4004 "binance.com" "Mozilla/5.0 (Windows NT 10.0; Win64; x64) AppleWebKit/537.36 (KHTML, like Gecko) Chrome/90.0.4430.85 Safari/537.36"
206.189.38.230 - - [16/Jan/2025:21:14:05 -0500] "GET /wp-admin/includes/ HTTP/1.1" 200 4004 "binance.com" "Mozilla/5.0 (Windows NT 10.0; Win64; x64) AppleWebKit/537.36 (KHTML, like Gecko) Chrome/90.0.4430.85 Safari/537.36"
85.208.96.207 - - [16/Jan/2025:21:14:07 -0500] "GET /goods/89590 HTTP/1.1" 404 18013 "-" "Mozilla/5.0 (compatible; SemrushBot/7~bl; +http://www.semrush.com/bot.html)"
66.249.65.100 - - [16/Jan/2025:21:14:06 -0500] "GET /static/326837 HTTP/1.1" 200 70717 "-" "Mozilla/5.0 (Linux; Android 6.0.1; Nexus 5X Build/MMB29P) AppleWebKit/537.36 (KHTML, like Gecko) Chrome/132.0.6834.83 Mobile Safari/537.36 (compatible; Googlebot/2.1; +http://www.google.com/bot.html)"
206.189.38.230 - - [16/Jan/2025:21:14:09 -0500] "GET /wp-admin/maint/ HTTP/1.1" 200 778 "binance.com" "Mozilla/5.0 (Windows NT 10.0; Win64; x64) AppleWebKit/537.36 (KHTML, like Gecko) Chrome/90.0.4430.85 Safari/537.36"
66.249.65.98 - - [16/Jan/2025:21:14:11 -0500] "GET /index.php?goods/770280 HTTP/1.1" 200 68425 "-" "Mozilla/5.0 (Linux; Android 6.0.1; Nexus 5X Build/MMB29P) AppleWebKit/537.36 (KHTML, like Gecko) Chrome/132.0.6834.83 Mobile Safari/537.36 (compatible; Googlebot/2.1; +http://www.google.com/bot.html)"
206.189.38.230 - - [16/Jan/2025:21:14:13 -0500] "GET /wp-admin/maint/ HTTP/1.1" 200 778 "binance.com" "Mozilla/5.0 (Windows NT 10.0; Win64; x64) AppleWebKit/537.36 (KHTML, like Gecko) Chrome/90.0.4430.85 Safari/537.36"
206.189.38.230 - - [16/Jan/2025:21:14:16 -0500] "GET /wp-admin/network/ HTTP/1.1" 302 0 "binance.com" "Mozilla/5.0 (Windows NT 10.0; Win64; x64) AppleWebKit/537.36 (KHTML, like Gecko) Chrome/90.0.4430.85 Safari/537.36"
66.29.132.124 - - [16/Jan/2025:21:14:18 -0500] "POST /wp-cron.php?doing_wp_cron=1737080058.1856479644775390625000 HTTP/1.1" 200 0 "-" "WordPress/6.7.1; https://misswavenigeria.com"
85.208.96.212 - - [16/Jan/2025:21:14:18 -0500] "GET /goods/5744 HTTP/1.1" 404 18013 "-" "Mozilla/5.0 (compatible; SemrushBot/7~bl; +http://www.semrush.com/bot.html)"
66.29.132.124 - - [16/Jan/2025:21:14:18 -0500] "POST /wp-admin/admin-ajax.php?action=async_litespeed&nonce=LHeCkoYFcuVv8YOxQcJQgxaS8Gih5aPu&litespeed_type=imgoptm HTTP/1.1" 200 21 "-" "WordPress/6.7.1; https://misswavenigeria.com"
206.189.38.230 - - [16/Jan/2025:21:14:18 -0500] "GET /wp-admin/upgrade.php?_wp_http_referer=%2Fwp-admin%2Fnetwork%2F HTTP/1.1" 200 635 "binance.com" "Mozilla/5.0 (Windows NT 10.0; Win64; x64) AppleWebKit/537.36 (KHTML, like Gecko) Chrome/90.0.4430.85 Safari/537.36"
185.191.171.1 - - [16/Jan/2025:21:14:20 -0500] "GET /goods/3675309 HTTP/1.1" 404 18012 "-" "Mozilla/5.0 (compatible; SemrushBot/7~bl; +http://www.semrush.com/bot.html)"
206.189.38.230 - - [16/Jan/2025:21:14:23 -0500] "GET /wp-admin/user/ HTTP/1.1" 302 0 "binance.com" "Mozilla/5.0 (Windows NT 10.0; Win64; x64) AppleWebKit/537.36 (KHTML, like Gecko) Chrome/90.0.4430.85 Safari/537.36"
138.199.18.147 - - [16/Jan/2025:21:14:24 -0500] "GET / HTTP/1.0" 200 109067 "https://misswavenigeria.com/" "Mozilla/5.0 (Windows NT 10.0; Win64; x64) AppleWebKit/537.36 (KHTML, like Gecko) Chrome/103.0.5042.0 Safari/537.36"
206.189.38.230 - - [16/Jan/2025:21:14:24 -0500] "GET /wp-admin/upgrade.php?_wp_http_referer=%2Fwp-admin%2Fuser%2F HTTP/1.1" 200 633 "binance.com" "Mozilla/5.0 (Windows NT 10.0; Win64; x64) AppleWebKit/537.36 (KHTML, like Gecko) Chrome/90.0.4430.85 Safari/537.36"
138.199.18.147 - - [16/Jan/2025:21:14:26 -0500] "GET /register/ HTTP/1.0" 200 75934 "https://misswavenigeria.com/register/" "Mozilla/5.0 (Windows NT 10.0; Win64; x64) AppleWebKit/537.36 (KHTML, like Gecko) Chrome/103.0.5042.0 Safari/537.36"
66.249.65.98 - - [16/Jan/2025:21:14:25 -0500] "GET /index.php?show/2570065 HTTP/1.1" 200 68656 "-" "Mozilla/5.0 (Linux; Android 6.0.1; Nexus 5X Build/MMB29P) AppleWebKit/537.36 (KHTML, like Gecko) Chrome/132.0.6834.83 Mobile Safari/537.36 (compatible; Googlebot/2.1; +http://www.google.com/bot.html)"
66.29.132.124 - - [16/Jan/2025:21:14:28 -0500] "POST /wp-cron.php?doing_wp_cron=1737080068.6014978885650634765625 HTTP/1.1" 200 0 "-" "WordPress/6.7.1; https://misswavenigeria.com"
206.189.38.230 - - [16/Jan/2025:21:14:28 -0500] "GET /wp-admin/css/ HTTP/1.1" 200 3341 "binance.com" "Mozilla/5.0 (Windows NT 10.0; Win64; x64) AppleWebKit/537.36 (KHTML, like Gecko) Chrome/90.0.4430.85 Safari/537.36"
85.208.96.194 - - [16/Jan/2025:21:14:30 -0500] "GET /goods/1355203 HTTP/1.1" 404 18012 "-" "Mozilla/5.0 (compatible; SemrushBot/7~bl; +http://www.semrush.com/bot.html)"
206.189.38.230 - - [16/Jan/2025:21:14:33 -0500] "GET /wp-admin/css/colors/ HTTP/1.1" 200 1317 "binance.com" "Mozilla/5.0 (Windows NT 10.0; Win64; x64) AppleWebKit/537.36 (KHTML, like Gecko) Chrome/90.0.4430.85 Safari/537.36"
206.189.38.230 - - [16/Jan/2025:21:14:37 -0500] "GET /wp-admin/css/colors/blue/ HTTP/1.1" 200 894 "binance.com" "Mozilla/5.0 (Windows NT 10.0; Win64; x64) AppleWebKit/537.36 (KHTML, like Gecko) Chrome/90.0.4430.85 Safari/537.36"
206.189.38.230 - - [16/Jan/2025:21:14:41 -0500] "GET /wp-admin/css/colors/coffee/ HTTP/1.1" 200 893 "binance.com" "Mozilla/5.0 (Windows NT 10.0; Win64; x64) AppleWebKit/537.36 (KHTML, like Gecko) Chrome/90.0.4430.85 Safari/537.36"
206.189.38.230 - - [16/Jan/2025:21:14:46 -0500] "GET /wp-admin/css/colors/ectoplasm/ HTTP/1.1" 200 894 "binance.com" "Mozilla/5.0 (Windows NT 10.0; Win64; x64) AppleWebKit/537.36 (KHTML, like Gecko) Chrome/90.0.4430.85 Safari/537.36"
185.191.171.2 - - [16/Jan/2025:21:14:49 -0500] "GET /goods/1221013 HTTP/1.1" 404 18018 "-" "Mozilla/5.0 (compatible; SemrushBot/7~bl; +http://www.semrush.com/bot.html)"
206.189.38.230 - - [16/Jan/2025:21:14:50 -0500] "GET /wp-admin/css/colors/light/ HTTP/1.1" 200 895 "binance.com" "Mozilla/5.0 (Windows NT 10.0; Win64; x64) AppleWebKit/537.36 (KHTML, like Gecko) Chrome/90.0.4430.85 Safari/537.36"
206.189.38.230 - - [16/Jan/2025:21:14:54 -0500] "GET /wp-admin/css/colors/midnight/ HTTP/1.1" 200 896 "binance.com" "Mozilla/5.0 (Windows NT 10.0; Win64; x64) AppleWebKit/537.36 (KHTML, like Gecko) Chrome/90.0.4430.85 Safari/537.36"
206.189.38.230 - - [16/Jan/2025:21:14:58 -0500] "GET /wp-admin/css/colors/modern/ HTTP/1.1" 200 896 "binance.com" "Mozilla/5.0 (Windows NT 10.0; Win64; x64) AppleWebKit/537.36 (KHTML, like Gecko) Chrome/90.0.4430.85 Safari/537.36"
206.189.38.230 - - [16/Jan/2025:21:15:02 -0500] "GET /wp-admin/css/colors/ocean/ HTTP/1.1" 200 894 "binance.com" "Mozilla/5.0 (Windows NT 10.0; Win64; x64) AppleWebKit/537.36 (KHTML, like Gecko) Chrome/90.0.4430.85 Safari/537.36"
85.208.96.195 - - [16/Jan/2025:21:15:05 -0500] "GET /goods/1051485 HTTP/1.1" 404 18013 "-" "Mozilla/5.0 (compatible; SemrushBot/7~bl; +http://www.semrush.com/bot.html)"
185.191.171.8 - - [16/Jan/2025:21:15:06 -0500] "GET /robots.txt HTTP/1.1" 200 142 "-" "Mozilla/5.0 (compatible; SemrushBot/7~bl; +http://www.semrush.com/bot.html)"
206.189.38.230 - - [16/Jan/2025:21:15:07 -0500] "GET /wp-admin/css/colors/sunrise/%20 HTTP/1.1" 301 0 "binance.com" "Mozilla/5.0 (Windows NT 10.0; Win64; x64) AppleWebKit/537.36 (KHTML, like Gecko) Chrome/90.0.4430.85 Safari/537.36"
66.249.65.100 - - [16/Jan/2025:21:15:07 -0500] "GET /index.php?static/1158448 HTTP/1.1" 200 68153 "-" "Mozilla/5.0 (Linux; Android 6.0.1; Nexus 5X Build/MMB29P) AppleWebKit/537.36 (KHTML, like Gecko) Chrome/132.0.6834.83 Mobile Safari/537.36 (compatible; Googlebot/2.1; +http://www.google.com/bot.html)"
185.191.171.4 - - [16/Jan/2025:21:15:08 -0500] "GET /goods/4796540 HTTP/1.1" 404 18013 "-" "Mozilla/5.0 (compatible; SemrushBot/7~bl; +http://www.semrush.com/bot.html)"
206.189.38.230 - - [16/Jan/2025:21:15:09 -0500] "GET /wp-admin/css/colors/sunrise/ HTTP/1.1" 200 891 "binance.com" "Mozilla/5.0 (Windows NT 10.0; Win64; x64) AppleWebKit/537.36 (KHTML, like Gecko) Chrome/90.0.4430.85 Safari/537.36"
206.189.38.230 - - [16/Jan/2025:21:15:12 -0500] "GET /wp-admin/images/ HTTP/1.1" 200 2873 "binance.com" "Mozilla/5.0 (Windows NT 10.0; Win64; x64) AppleWebKit/537.36 (KHTML, like Gecko) Chrome/90.0.4430.85 Safari/537.36"
85.208.96.199 - - [16/Jan/2025:21:15:14 -0500] "GET /goods/1804398 HTTP/1.1" 404 18013 "-" "Mozilla/5.0 (compatible; SemrushBot/7~bl; +http://www.semrush.com/bot.html)"
206.189.38.230 - - [16/Jan/2025:21:15:16 -0500] "GET /wp-admin/js/ HTTP/1.1" 200 3512 "binance.com" "Mozilla/5.0 (Windows NT 10.0; Win64; x64) AppleWebKit/537.36 (KHTML, like Gecko) Chrome/90.0.4430.85 Safari/537.36"
185.191.171.8 - - [16/Jan/2025:21:15:17 -0500] "GET /goods/1419549 HTTP/1.1" 404 18018 "-" "Mozilla/5.0 (compatible; SemrushBot/7~bl; +http://www.semrush.com/bot.html)"
206.189.38.230 - - [16/Jan/2025:21:15:19 -0500] "GET /wp-admin/js/widgets/ HTTP/1.1" 200 1445 "binance.com" "Mozilla/5.0 (Windows NT 10.0; Win64; x64) AppleWebKit/537.36 (KHTML, like Gecko) Chrome/90.0.4430.85 Safari/537.36"
66.249.65.98 - - [16/Jan/2025:21:15:20 -0500] "GET /index.php?show/3622100 HTTP/1.1" 200 69708 "-" "Mozilla/5.0 (Linux; Android 6.0.1; Nexus 5X Build/MMB29P) AppleWebKit/537.36 (KHTML, like Gecko) Chrome/132.0.6834.83 Mobile Safari/537.36 (compatible; Googlebot/2.1; +http://www.google.com/bot.html)"
206.189.38.230 - - [16/Jan/2025:21:15:22 -0500] "GET /wp-includes/ HTTP/1.1" 200 8308 "binance.com" "Mozilla/5.0 (Windows NT 10.0; Win64; x64) AppleWebKit/537.36 (KHTML, like Gecko) Chrome/90.0.4430.85 Safari/537.36"
206.189.38.230 - - [16/Jan/2025:21:15:26 -0500] "GET /wp-includes/ HTTP/1.1" 200 8308 "binance.com" "Mozilla/5.0 (Windows NT 10.0; Win64; x64) AppleWebKit/537.36 (KHTML, like Gecko) Chrome/90.0.4430.85 Safari/537.36"
206.189.38.230 - - [16/Jan/2025:21:15:36 -0500] "GET /wp-includes/block-bindings.php HTTP/1.1" 200 0 "binance.com" "Mozilla/5.0 (Windows NT 10.0; Win64; x64) AppleWebKit/537.36 (KHTML, like Gecko) Chrome/90.0.4430.85 Safari/537.36"
206.189.38.230 - - [16/Jan/2025:21:15:40 -0500] "GET /wp-includes/block-editor.php HTTP/1.1" 200 0 "binance.com" "Mozilla/5.0 (Windows NT 10.0; Win64; x64) AppleWebKit/537.36 (KHTML, like Gecko) Chrome/90.0.4430.85 Safari/537.36"
206.189.38.230 - - [16/Jan/2025:21:15:44 -0500] "GET /wp-includes/block-template-utils.php HTTP/1.1" 200 0 "binance.com" "Mozilla/5.0 (Windows NT 10.0; Win64; x64) AppleWebKit/537.36 (KHTML, like Gecko) Chrome/90.0.4430.85 Safari/537.36"
206.189.38.230 - - [16/Jan/2025:21:15:47 -0500] "GET /wp-includes/block-template.php HTTP/1.1" 200 0 "binance.com" "Mozilla/5.0 (Windows NT 10.0; Win64; x64) AppleWebKit/537.36 (KHTML, like Gecko) Chrome/90.0.4430.85 Safari/537.36"
206.189.38.230 - - [16/Jan/2025:21:15:51 -0500] "GET /wp-includes/class-avif-info.php HTTP/1.1" 200 0 "binance.com" "Mozilla/5.0 (Windows NT 10.0; Win64; x64) AppleWebKit/537.36 (KHTML, like Gecko) Chrome/90.0.4430.85 Safari/537.36"
206.189.38.230 - - [16/Jan/2025:21:15:54 -0500] "GET /wp-includes/class-wp-block-bindings-registry.php HTTP/1.1" 200 0 "binance.com" "Mozilla/5.0 (Windows NT 10.0; Win64; x64) AppleWebKit/537.36 (KHTML, like Gecko) Chrome/90.0.4430.85 Safari/537.36"
206.189.38.230 - - [16/Jan/2025:21:15:58 -0500] "GET /wp-includes/class-wp-block-bindings-source.php HTTP/1.1" 200 0 "binance.com" "Mozilla/5.0 (Windows NT 10.0; Win64; x64) AppleWebKit/537.36 (KHTML, like Gecko) Chrome/90.0.4430.85 Safari/537.36"
66.249.65.98 - - [16/Jan/2025:21:15:57 -0500] "GET /index.php?show/353830 HTTP/1.1" 200 73024 "-" "Mozilla/5.0 (Linux; Android 6.0.1; Nexus 5X Build/MMB29P) AppleWebKit/537.36 (KHTML, like Gecko) Chrome/132.0.6834.83 Mobile Safari/537.36 (compatible; Googlebot/2.1; +http://www.google.com/bot.html)"
138.199.18.147 - - [16/Jan/2025:21:14:28 -0500] "POST /register/ HTTP/1.0" 200 76060 "https://misswavenigeria.com/register/" "Mozilla/5.0 (Windows NT 10.0; Win64; x64) AppleWebKit/537.36 (KHTML, like Gecko) Chrome/103.0.5042.0 Safari/537.36"
206.189.38.230 - - [16/Jan/2025:21:16:02 -0500] "GET /wp-includes/class-wp-block-editor-context.php HTTP/1.1" 200 0 "binance.com" "Mozilla/5.0 (Windows NT 10.0; Win64; x64) AppleWebKit/537.36 (KHTML, like Gecko) Chrome/90.0.4430.85 Safari/537.36"
66.29.132.124 - - [16/Jan/2025:21:16:02 -0500] "POST /wp-cron.php?doing_wp_cron=1737080162.6449759006500244140625 HTTP/1.1" 200 0 "-" "WordPress/6.7.1; https://misswavenigeria.com"
138.199.18.147 - - [16/Jan/2025:21:16:02 -0500] "GET /register/ HTTP/1.0" 200 75934 "https://misswavenigeria.com/" "Mozilla/5.0 (Windows NT 10.0; Win64; x64) AppleWebKit/537.36 (KHTML, like Gecko) Chrome/103.0.5042.0 Safari/537.36"
66.29.132.124 - - [16/Jan/2025:21:16:02 -0500] "POST /wp-admin/admin-ajax.php?action=async_litespeed&nonce=8RCZzpPwkxvawGZdhm48WjlbVZC0jieH&litespeed_type=imgoptm HTTP/1.1" 200 21 "-" "WordPress/6.7.1; https://misswavenigeria.com"
206.189.38.230 - - [16/Jan/2025:21:16:05 -0500] "GET /wp-includes/class-wp-block-metadata-registry.php HTTP/1.1" 200 0 "binance.com" "Mozilla/5.0 (Windows NT 10.0; Win64; x64) AppleWebKit/537.36 (KHTML, like Gecko) Chrome/90.0.4430.85 Safari/537.36"
206.189.38.230 - - [16/Jan/2025:21:16:09 -0500] "GET /wp-includes/class-wp-block-parser-block.php HTTP/1.1" 200 0 "binance.com" "Mozilla/5.0 (Windows NT 10.0; Win64; x64) AppleWebKit/537.36 (KHTML, like Gecko) Chrome/90.0.4430.85 Safari/537.36"
66.249.65.100 - - [16/Jan/2025:21:16:10 -0500] "GET /index.php?show/298219 HTTP/1.1" 200 70086 "-" "Mozilla/5.0 (Linux; Android 6.0.1; Nexus 5X Build/MMB29P) AppleWebKit/537.36 (KHTML, like Gecko) Chrome/132.0.6834.83 Mobile Safari/537.36 (compatible; Googlebot/2.1; +http://www.google.com/bot.html)"
206.189.38.230 - - [16/Jan/2025:21:16:13 -0500] "GET /wp-includes/class-wp-block-parser-frame.php HTTP/1.1" 200 0 "binance.com" "Mozilla/5.0 (Windows NT 10.0; Win64; x64) AppleWebKit/537.36 (KHTML, like Gecko) Chrome/90.0.4430.85 Safari/537.36"
206.189.38.230 - - [16/Jan/2025:21:16:16 -0500] "GET /wp-includes/class-wp-block-template.php HTTP/1.1" 200 0 "binance.com" "Mozilla/5.0 (Windows NT 10.0; Win64; x64) AppleWebKit/537.36 (KHTML, like Gecko) Chrome/90.0.4430.85 Safari/537.36"
206.189.38.230 - - [16/Jan/2025:21:16:20 -0500] "GET /wp-includes/class-wp-block-templates-registry.php HTTP/1.1" 200 0 "binance.com" "Mozilla/5.0 (Windows NT 10.0; Win64; x64) AppleWebKit/537.36 (KHTML, like Gecko) Chrome/90.0.4430.85 Safari/537.36"
66.29.132.124 - - [16/Jan/2025:21:16:22 -0500] "POST /wp-cron.php?doing_wp_cron=1737080182.2094240188598632812500 HTTP/1.1" 200 0 "-" "WordPress/6.7.1; https://misswavenigeria.com"
85.208.96.196 - - [16/Jan/2025:21:16:22 -0500] "GET /goods/691522 HTTP/1.1" 404 18013 "-" "Mozilla/5.0 (compatible; SemrushBot/7~bl; +http://www.semrush.com/bot.html)"
66.29.132.124 - - [16/Jan/2025:21:16:22 -0500] "POST /wp-admin/admin-ajax.php?action=async_litespeed&nonce=2g04Fbcx5Gm9w9ABbsg7uUTwWF2xO9L1&litespeed_type=imgoptm HTTP/1.1" 200 21 "-" "WordPress/6.7.1; https://misswavenigeria.com"
206.189.38.230 - - [16/Jan/2025:21:16:23 -0500] "GET /wp-includes/class-wp-classic-to-block-menu-converter.php HTTP/1.1" 200 0 "binance.com" "Mozilla/5.0 (Windows NT 10.0; Win64; x64) AppleWebKit/537.36 (KHTML, like Gecko) Chrome/90.0.4430.85 Safari/537.36"
66.249.65.99 - - [16/Jan/2025:21:16:24 -0500] "GET /goods/353918 HTTP/1.1" 200 69266 "-" "Mozilla/5.0 (Linux; Android 6.0.1; Nexus 5X Build/MMB29P) AppleWebKit/537.36 (KHTML, like Gecko) Chrome/132.0.6834.83 Mobile Safari/537.36 (compatible; Googlebot/2.1; +http://www.google.com/bot.html)"
206.189.38.230 - - [16/Jan/2025:21:16:27 -0500] "GET /wp-includes/class-wp-dependencies.php HTTP/1.1" 200 0 "binance.com" "Mozilla/5.0 (Windows NT 10.0; Win64; x64) AppleWebKit/537.36 (KHTML, like Gecko) Chrome/90.0.4430.85 Safari/537.36"
206.189.38.230 - - [16/Jan/2025:21:16:32 -0500] "GET /wp-includes/class-wp-duotone.php HTTP/1.1" 200 0 "binance.com" "Mozilla/5.0 (Windows NT 10.0; Win64; x64) AppleWebKit/537.36 (KHTML, like Gecko) Chrome/90.0.4430.85 Safari/537.36"
206.189.38.230 - - [16/Jan/2025:21:16:36 -0500] "GET /wp-includes/class-wp-exception.php HTTP/1.1" 200 0 "binance.com" "Mozilla/5.0 (Windows NT 10.0; Win64; x64) AppleWebKit/537.36 (KHTML, like Gecko) Chrome/90.0.4430.85 Safari/537.36"
206.189.38.230 - - [16/Jan/2025:21:16:41 -0500] "GET /wp-includes/class-wp-http.php HTTP/1.1" 500 0 "binance.com" "Mozilla/5.0 (Windows NT 10.0; Win64; x64) AppleWebKit/537.36 (KHTML, like Gecko) Chrome/90.0.4430.85 Safari/537.36"
206.189.38.230 - - [16/Jan/2025:21:16:44 -0500] "GET /wp-includes/class-wp-navigation-fallback.php HTTP/1.1" 200 0 "binance.com" "Mozilla/5.0 (Windows NT 10.0; Win64; x64) AppleWebKit/537.36 (KHTML, like Gecko) Chrome/90.0.4430.85 Safari/537.36"
66.29.132.124 - - [16/Jan/2025:21:16:45 -0500] "POST /wp-cron.php?doing_wp_cron=1737080205.4899489879608154296875 HTTP/1.1" 200 0 "-" "WordPress/6.7.1; https://misswavenigeria.com"
185.191.171.8 - - [16/Jan/2025:21:16:45 -0500] "GET /goods/990728 HTTP/1.1" 404 18013 "-" "Mozilla/5.0 (compatible; SemrushBot/7~bl; +http://www.semrush.com/bot.html)"
206.189.38.230 - - [16/Jan/2025:21:16:48 -0500] "GET /wp-includes/class-wp-plugin-dependencies.php HTTP/1.1" 200 0 "binance.com" "Mozilla/5.0 (Windows NT 10.0; Win64; x64) AppleWebKit/537.36 (KHTML, like Gecko) Chrome/90.0.4430.85 Safari/537.36"
66.249.65.98 - - [16/Jan/2025:21:16:48 -0500] "GET /index.php?static/717690?keyword=511 HTTP/1.1" 200 70720 "-" "Mozilla/5.0 (Linux; Android 6.0.1; Nexus 5X Build/MMB29P) AppleWebKit/537.36 (KHTML, like Gecko) Chrome/132.0.6834.83 Mobile Safari/537.36 (compatible; Googlebot/2.1; +http://www.google.com/bot.html)"
206.189.38.230 - - [16/Jan/2025:21:16:53 -0500] "GET /wp-includes/class-wp-script-modules.php HTTP/1.1" 200 0 "binance.com" "Mozilla/5.0 (Windows NT 10.0; Win64; x64) AppleWebKit/537.36 (KHTML, like Gecko) Chrome/90.0.4430.85 Safari/537.36"
85.208.96.198 - - [16/Jan/2025:21:16:54 -0500] "GET /goods/2034710 HTTP/1.1" 404 18013 "-" "Mozilla/5.0 (compatible; SemrushBot/7~bl; +http://www.semrush.com/bot.html)"
206.189.38.230 - - [16/Jan/2025:21:16:57 -0500] "GET /wp-includes/class-wp-scripts.php HTTP/1.1" 500 0 "binance.com" "Mozilla/5.0 (Windows NT 10.0; Win64; x64) AppleWebKit/537.36 (KHTML, like Gecko) Chrome/90.0.4430.85 Safari/537.36"
206.189.38.230 - - [16/Jan/2025:21:17:00 -0500] "GET /wp-includes/class-wp-styles.php HTTP/1.1" 500 0 "binance.com" "Mozilla/5.0 (Windows NT 10.0; Win64; x64) AppleWebKit/537.36 (KHTML, like Gecko) Chrome/90.0.4430.85 Safari/537.36"
185.191.171.4 - - [16/Jan/2025:21:17:03 -0500] "GET /goods/3254449 HTTP/1.1" 404 18013 "-" "Mozilla/5.0 (compatible; SemrushBot/7~bl; +http://www.semrush.com/bot.html)"
66.249.65.100 - - [16/Jan/2025:21:17:02 -0500] "GET /index.php?show/657831 HTTP/1.1" 200 71908 "-" "Mozilla/5.0 (Linux; Android 6.0.1; Nexus 5X Build/MMB29P) AppleWebKit/537.36 (KHTML, like Gecko) Chrome/132.0.6834.83 Mobile Safari/537.36 (compatible; Googlebot/2.1; +http://www.google.com/bot.html)"
206.189.38.230 - - [16/Jan/2025:21:17:04 -0500] "GET /wp-includes/class-wp-textdomain-registry.php HTTP/1.1" 200 0 "binance.com" "Mozilla/5.0 (Windows NT 10.0; Win64; x64) AppleWebKit/537.36 (KHTML, like Gecko) Chrome/90.0.4430.85 Safari/537.36"
206.189.38.230 - - [16/Jan/2025:21:17:08 -0500] "GET /wp-includes/class-wp-theme-json-data.php HTTP/1.1" 200 0 "binance.com" "Mozilla/5.0 (Windows NT 10.0; Win64; x64) AppleWebKit/537.36 (KHTML, like Gecko) Chrome/90.0.4430.85 Safari/537.36"
185.191.171.7 - - [16/Jan/2025:21:17:09 -0500] "GET /goods/4338506 HTTP/1.1" 404 18013 "-" "Mozilla/5.0 (compatible; SemrushBot/7~bl; +http://www.semrush.com/bot.html)"
206.189.38.230 - - [16/Jan/2025:21:17:12 -0500] "GET /wp-includes/class-wp-theme-json-resolver.php HTTP/1.1" 200 0 "binance.com" "Mozilla/5.0 (Windows NT 10.0; Win64; x64) AppleWebKit/537.36 (KHTML, like Gecko) Chrome/90.0.4430.85 Safari/537.36"
206.189.38.230 - - [16/Jan/2025:21:17:15 -0500] "GET /wp-includes/class-wp-theme-json-schema.php HTTP/1.1" 200 0 "binance.com" "Mozilla/5.0 (Windows NT 10.0; Win64; x64) AppleWebKit/537.36 (KHTML, like Gecko) Chrome/90.0.4430.85 Safari/537.36"
206.189.38.230 - - [16/Jan/2025:21:17:18 -0500] "GET /wp-includes/class-wp-theme-json.php HTTP/1.1" 200 0 "binance.com" "Mozilla/5.0 (Windows NT 10.0; Win64; x64) AppleWebKit/537.36 (KHTML, like Gecko) Chrome/90.0.4430.85 Safari/537.36"
66.29.132.124 - - [16/Jan/2025:21:17:18 -0500] "POST /wp-cron.php?doing_wp_cron=1737080238.0573229789733886718750 HTTP/1.1" 200 0 "-" "WordPress/6.7.1; https://misswavenigeria.com"
185.191.171.9 - - [16/Jan/2025:21:17:17 -0500] "GET /goods/1303767 HTTP/1.1" 404 18013 "-" "Mozilla/5.0 (compatible; SemrushBot/7~bl; +http://www.semrush.com/bot.html)"
66.29.132.124 - - [16/Jan/2025:21:17:18 -0500] "POST /wp-admin/admin-ajax.php?action=async_litespeed&nonce=BRMup63RGijVz8JplHbi7gFr1KP1TX4s&litespeed_type=imgoptm HTTP/1.1" 200 21 "-" "WordPress/6.7.1; https://misswavenigeria.com"
206.189.38.230 - - [16/Jan/2025:21:17:20 -0500] "GET /wp-includes/class-wp-token-map.php HTTP/1.1" 200 0 "binance.com" "Mozilla/5.0 (Windows NT 10.0; Win64; x64) AppleWebKit/537.36 (KHTML, like Gecko) Chrome/90.0.4430.85 Safari/537.36"
66.249.65.98 - - [16/Jan/2025:21:17:20 -0500] "GET /goods/1254889?keyword=%E3%83%AC%E3%83%87%E3%82%A3%E3%83%BC%E3%82%B9?keyword=%E7%94%9F%E6%B4%BB%E5%AE%B6%E9%9B%BB%E3%83%BB%E7%A9%BA%E8%AA%BF HTTP/1.1" 200 67268 "-" "Mozilla/5.0 (compatible; Googlebot/2.1; +http://www.google.com/bot.html)"
206.189.38.230 - - [16/Jan/2025:21:17:23 -0500] "GET /wp-includes/class-wpdb.php HTTP/1.1" 200 0 "binance.com" "Mozilla/5.0 (Windows NT 10.0; Win64; x64) AppleWebKit/537.36 (KHTML, like Gecko) Chrome/90.0.4430.85 Safari/537.36"
206.189.38.230 - - [16/Jan/2025:21:17:28 -0500] "GET /wp-includes/fonts.php HTTP/1.1" 200 0 "binance.com" "Mozilla/5.0 (Windows NT 10.0; Win64; x64) AppleWebKit/537.36 (KHTML, like Gecko) Chrome/90.0.4430.85 Safari/537.36"
66.249.65.98 - - [16/Jan/2025:21:17:28 -0500] "GET /index.php?static/2811755 HTTP/1.1" 200 69769 "-" "Mozilla/5.0 (Linux; Android 6.0.1; Nexus 5X Build/MMB29P) AppleWebKit/537.36 (KHTML, like Gecko) Chrome/132.0.6834.83 Mobile Safari/537.36 (compatible; Googlebot/2.1; +http://www.google.com/bot.html)"
66.249.65.98 - - [16/Jan/2025:21:17:30 -0500] "GET /guide/iPhone%E6%A9%9F%E7%A8%AE%E5%AF%BE%E5%BF%9C%E6%A9%9F%E7%A8%AE HTTP/1.1" 200 69447 "-" "Mozilla/5.0 (Linux; Android 6.0.1; Nexus 5X Build/MMB29P) AppleWebKit/537.36 (KHTML, like Gecko) Chrome/132.0.6834.83 Mobile Safari/537.36 (compatible; Googlebot/2.1; +http://www.google.com/bot.html)"
206.189.38.230 - - [16/Jan/2025:21:17:33 -0500] "GET /wp-includes/global-styles-and-settings.php HTTP/1.1" 200 0 "binance.com" "Mozilla/5.0 (Windows NT 10.0; Win64; x64) AppleWebKit/537.36 (KHTML, like Gecko) Chrome/90.0.4430.85 Safari/537.36"
66.249.65.98 - - [16/Jan/2025:21:17:32 -0500] "GET /index.php?static/2838208?keyword=i5-8350U/SSD256GB/HDMI/%E9%AB%98%E8%A7%A3%E5%83%8F%E5%BA%A6/Web%E3%82%AB%E3%83%A1%E3%83%A9/%E3%82%B3%E3%83%B3%E3%83%91%E3%82%AF%E3%83%88/%E7%AC%AC8%E4%B8%96%E4%BB%A3/Windows11 HTTP/1.1" 200 68601 "-" "Mozilla/5.0 (Linux; Android 6.0.1; Nexus 5X Build/MMB29P) AppleWebKit/537.36 (KHTML, like Gecko) Chrome/132.0.6834.83 Mobile Safari/537.36 (compatible; Googlebot/2.1; +http://www.google.com/bot.html)"
66.249.65.98 - - [16/Jan/2025:21:17:32 -0500] "GET /static/3825353 HTTP/1.1" 200 69635 "-" "Mozilla/5.0 (Linux; Android 6.0.1; Nexus 5X Build/MMB29P) AppleWebKit/537.36 (KHTML, like Gecko) Chrome/132.0.6834.83 Mobile Safari/537.36 (compatible; Googlebot/2.1; +http://www.google.com/bot.html)"
66.29.132.124 - - [16/Jan/2025:21:17:34 -0500] "POST /wp-cron.php?doing_wp_cron=1737080254.8080589771270751953125 HTTP/1.1" 200 0 "-" "WordPress/6.7.1; https://misswavenigeria.com"
85.208.96.200 - - [16/Jan/2025:21:17:34 -0500] "GET /goods/3460522 HTTP/1.1" 404 18013 "-" "Mozilla/5.0 (compatible; SemrushBot/7~bl; +http://www.semrush.com/bot.html)"
66.249.65.98 - - [16/Jan/2025:21:17:34 -0500] "GET /goods/1146665 HTTP/1.1" 200 67471 "-" "Mozilla/5.0 (Linux; Android 6.0.1; Nexus 5X Build/MMB29P) AppleWebKit/537.36 (KHTML, like Gecko) Chrome/132.0.6834.83 Mobile Safari/537.36 (compatible; Googlebot/2.1; +http://www.google.com/bot.html)"
206.189.38.230 - - [16/Jan/2025:21:17:37 -0500] "GET /wp-includes/https-detection.php HTTP/1.1" 200 0 "binance.com" "Mozilla/5.0 (Windows NT 10.0; Win64; x64) AppleWebKit/537.36 (KHTML, like Gecko) Chrome/90.0.4430.85 Safari/537.36"
138.199.18.147 - - [16/Jan/2025:21:17:40 -0500] "GET / HTTP/1.0" 200 109067 "https://misswavenigeria.com/" "Mozilla/5.0 (Windows NT 6.3; Win64; x64) AppleWebKit/537.36 (KHTML, like Gecko) Chrome/103.0.5060.114 Safari/537.36"
206.189.38.230 - - [16/Jan/2025:21:17:40 -0500] "GET /wp-includes/https-migration.php HTTP/1.1" 200 0 "binance.com" "Mozilla/5.0 (Windows NT 10.0; Win64; x64) AppleWebKit/537.36 (KHTML, like Gecko) Chrome/90.0.4430.85 Safari/537.36"
185.191.171.13 - - [16/Jan/2025:21:17:42 -0500] "GET /goods/579432 HTTP/1.1" 404 18012 "-" "Mozilla/5.0 (compatible; SemrushBot/7~bl; +http://www.semrush.com/bot.html)"
138.199.18.147 - - [16/Jan/2025:21:17:42 -0500] "GET /register/ HTTP/1.0" 200 75934 "https://misswavenigeria.com/register/" "Mozilla/5.0 (Windows NT 6.3; Win64; x64) AppleWebKit/537.36 (KHTML, like Gecko) Chrome/103.0.5060.114 Safari/537.36"
206.189.38.230 - - [16/Jan/2025:21:17:43 -0500] "GET /wp-includes/robots-template.php HTTP/1.1" 200 0 "binance.com" "Mozilla/5.0 (Windows NT 10.0; Win64; x64) AppleWebKit/537.36 (KHTML, like Gecko) Chrome/90.0.4430.85 Safari/537.36"
206.189.38.230 - - [16/Jan/2025:21:17:46 -0500] "GET /wp-includes/script-modules.php HTTP/1.1" 200 0 "binance.com" "Mozilla/5.0 (Windows NT 10.0; Win64; x64) AppleWebKit/537.36 (KHTML, like Gecko) Chrome/90.0.4430.85 Safari/537.36"
185.191.171.8 - - [16/Jan/2025:21:17:46 -0500] "GET /goods/1592630 HTTP/1.1" 404 18013 "-" "Mozilla/5.0 (compatible; SemrushBot/7~bl; +http://www.semrush.com/bot.html)"
206.189.38.230 - - [16/Jan/2025:21:17:49 -0500] "GET /wp-includes/style-engine.php HTTP/1.1" 200 0 "binance.com" "Mozilla/5.0 (Windows NT 10.0; Win64; x64) AppleWebKit/537.36 (KHTML, like Gecko) Chrome/90.0.4430.85 Safari/537.36"
66.249.65.99 - - [16/Jan/2025:21:17:48 -0500] "GET /index.php?static/3484124 HTTP/1.1" 200 72564 "-" "Mozilla/5.0 (Linux; Android 6.0.1; Nexus 5X Build/MMB29P) AppleWebKit/537.36 (KHTML, like Gecko) Chrome/132.0.6834.83 Mobile Safari/537.36 (compatible; Googlebot/2.1; +http://www.google.com/bot.html)"
185.191.171.6 - - [16/Jan/2025:21:17:50 -0500] "GET /goods/2434189 HTTP/1.1" 404 18012 "-" "Mozilla/5.0 (compatible; SemrushBot/7~bl; +http://www.semrush.com/bot.html)"
206.189.38.230 - - [16/Jan/2025:21:17:52 -0500] "GET /wp-includes/template-canvas.php HTTP/1.1" 500 0 "binance.com" "Mozilla/5.0 (Windows NT 10.0; Win64; x64) AppleWebKit/537.36 (KHTML, like Gecko) Chrome/90.0.4430.85 Safari/537.36"
206.189.38.230 - - [16/Jan/2025:21:17:56 -0500] "GET /wp-includes/theme-previews.php HTTP/1.1" 200 0 "binance.com" "Mozilla/5.0 (Windows NT 10.0; Win64; x64) AppleWebKit/537.36 (KHTML, like Gecko) Chrome/90.0.4430.85 Safari/537.36"
206.189.38.230 - - [16/Jan/2025:21:18:00 -0500] "GET /wp-includes/theme-templates.php HTTP/1.1" 200 0 "binance.com" "Mozilla/5.0 (Windows NT 10.0; Win64; x64) AppleWebKit/537.36 (KHTML, like Gecko) Chrome/90.0.4430.85 Safari/537.36"
206.189.38.230 - - [16/Jan/2025:21:18:03 -0500] "GET /wp-includes/ID3/ HTTP/1.1" 200 1588 "binance.com" "Mozilla/5.0 (Windows NT 10.0; Win64; x64) AppleWebKit/537.36 (KHTML, like Gecko) Chrome/90.0.4430.85 Safari/537.36"
206.189.38.230 - - [16/Jan/2025:21:18:08 -0500] "GET /wp-includes/ID3/ HTTP/1.1" 200 1588 "binance.com" "Mozilla/5.0 (Windows NT 10.0; Win64; x64) AppleWebKit/537.36 (KHTML, like Gecko) Chrome/90.0.4430.85 Safari/537.36"
85.208.96.193 - - [16/Jan/2025:21:18:10 -0500] "GET /goods/3948245 HTTP/1.1" 404 18012 "-" "Mozilla/5.0 (compatible; SemrushBot/7~bl; +http://www.semrush.com/bot.html)"
206.189.38.230 - - [16/Jan/2025:21:18:13 -0500] "GET /wp-includes/IXR/ HTTP/1.1" 200 1403 "binance.com" "Mozilla/5.0 (Windows NT 10.0; Win64; x64) AppleWebKit/537.36 (KHTML, like Gecko) Chrome/90.0.4430.85 Safari/537.36"
85.208.96.200 - - [16/Jan/2025:21:18:14 -0500] "GET /goods/689555 HTTP/1.1" 404 18013 "-" "Mozilla/5.0 (compatible; SemrushBot/7~bl; +http://www.semrush.com/bot.html)"
66.249.65.99 - - [16/Jan/2025:21:18:14 -0500] "GET /goods/4058802 HTTP/1.1" 200 72553 "-" "Mozilla/5.0 (Linux; Android 6.0.1; Nexus 5X Build/MMB29P) AppleWebKit/537.36 (KHTML, like Gecko) Chrome/132.0.6834.83 Mobile Safari/537.36 (compatible; Googlebot/2.1; +http://www.google.com/bot.html)"
66.249.65.98 - - [16/Jan/2025:21:18:14 -0500] "GET /index.php?static/126542 HTTP/1.1" 200 73851 "-" "Mozilla/5.0 (Linux; Android 6.0.1; Nexus 5X Build/MMB29P) AppleWebKit/537.36 (KHTML, like Gecko) Chrome/132.0.6834.83 Mobile Safari/537.36 (compatible; Googlebot/2.1; +http://www.google.com/bot.html)"
206.189.38.230 - - [16/Jan/2025:21:18:17 -0500] "GET /wp-includes/IXR/ HTTP/1.1" 200 1403 "binance.com" "Mozilla/5.0 (Windows NT 10.0; Win64; x64) AppleWebKit/537.36 (KHTML, like Gecko) Chrome/90.0.4430.85 Safari/537.36"
206.189.38.230 - - [16/Jan/2025:21:18:21 -0500] "GET /wp-includes/PHPMailer/ HTTP/1.1" 200 855 "binance.com" "Mozilla/5.0 (Windows NT 10.0; Win64; x64) AppleWebKit/537.36 (KHTML, like Gecko) Chrome/90.0.4430.85 Safari/537.36"
66.29.132.124 - - [16/Jan/2025:21:18:24 -0500] "POST /wp-cron.php?doing_wp_cron=1737080304.3700079917907714843750 HTTP/1.1" 200 0 "-" "WordPress/6.7.1; https://misswavenigeria.com"
85.208.96.201 - - [16/Jan/2025:21:18:24 -0500] "GET /goods/3825115 HTTP/1.1" 404 18013 "-" "Mozilla/5.0 (compatible; SemrushBot/7~bl; +http://www.semrush.com/bot.html)"
66.29.132.124 - - [16/Jan/2025:21:18:24 -0500] "POST /wp-admin/admin-ajax.php?action=async_litespeed&nonce=uy6F0BRcNIs4FN4PK9ZdNmEDYg9iw8ir&litespeed_type=imgoptm HTTP/1.1" 200 21 "-" "WordPress/6.7.1; https://misswavenigeria.com"
206.189.38.230 - - [16/Jan/2025:21:18:26 -0500] "GET /wp-includes/PHPMailer/ HTTP/1.1" 200 855 "binance.com" "Mozilla/5.0 (Windows NT 10.0; Win64; x64) AppleWebKit/537.36 (KHTML, like Gecko) Chrome/90.0.4430.85 Safari/537.36"
66.29.132.124 - - [16/Jan/2025:21:18:26 -0500] "POST /wp-cron.php?doing_wp_cron=1737080306.3481330871582031250000 HTTP/1.1" 200 0 "-" "WordPress/6.7.1; https://misswavenigeria.com"
85.208.96.210 - - [16/Jan/2025:21:18:26 -0500] "GET /goods/511743 HTTP/1.1" 404 18012 "-" "Mozilla/5.0 (compatible; SemrushBot/7~bl; +http://www.semrush.com/bot.html)"
206.189.38.230 - - [16/Jan/2025:21:18:30 -0500] "GET /wp-includes/Text/ HTTP/1.1" 200 863 "binance.com" "Mozilla/5.0 (Windows NT 10.0; Win64; x64) AppleWebKit/537.36 (KHTML, like Gecko) Chrome/90.0.4430.85 Safari/537.36"
206.189.38.230 - - [16/Jan/2025:21:18:32 -0500] "GET /wp-includes/Text/ HTTP/1.1" 200 863 "binance.com" "Mozilla/5.0 (Windows NT 10.0; Win64; x64) AppleWebKit/537.36 (KHTML, like Gecko) Chrome/90.0.4430.85 Safari/537.36"
66.249.65.98 - - [16/Jan/2025:21:18:32 -0500] "GET /index.php?goods/4166025 HTTP/1.1" 200 68366 "-" "Mozilla/5.0 (Linux; Android 6.0.1; Nexus 5X Build/MMB29P) AppleWebKit/537.36 (KHTML, like Gecko) Chrome/132.0.6834.83 Mobile Safari/537.36 (compatible; Googlebot/2.1; +http://www.google.com/bot.html)"
206.189.38.230 - - [16/Jan/2025:21:18:36 -0500] "GET /wp-includes/Text/Diff/ HTTP/1.1" 200 861 "binance.com" "Mozilla/5.0 (Windows NT 10.0; Win64; x64) AppleWebKit/537.36 (KHTML, like Gecko) Chrome/90.0.4430.85 Safari/537.36"
185.191.171.8 - - [16/Jan/2025:21:18:38 -0500] "GET /goods/981088 HTTP/1.1" 404 18013 "-" "Mozilla/5.0 (compatible; SemrushBot/7~bl; +http://www.semrush.com/bot.html)"
206.189.38.230 - - [16/Jan/2025:21:18:40 -0500] "GET /wp-includes/Text/Diff/ HTTP/1.1" 200 861 "binance.com" "Mozilla/5.0 (Windows NT 10.0; Win64; x64) AppleWebKit/537.36 (KHTML, like Gecko) Chrome/90.0.4430.85 Safari/537.36"
206.189.38.230 - - [16/Jan/2025:21:18:44 -0500] "GET /wp-includes/Text/Diff/Engine/ HTTP/1.1" 200 874 "binance.com" "Mozilla/5.0 (Windows NT 10.0; Win64; x64) AppleWebKit/537.36 (KHTML, like Gecko) Chrome/90.0.4430.85 Safari/537.36"
206.189.38.230 - - [16/Jan/2025:21:18:47 -0500] "GET /wp-includes/Text/Diff/Engine/ HTTP/1.1" 200 874 "binance.com" "Mozilla/5.0 (Windows NT 10.0; Win64; x64) AppleWebKit/537.36 (KHTML, like Gecko) Chrome/90.0.4430.85 Safari/537.36"
