85.208.96.197 - - [16/Jan/2025:22:07:32 -0500] "GET /goods/1327599 HTTP/1.1" 404 18013 "-" "Mozilla/5.0 (compatible; SemrushBot/7~bl; +http://www.semrush.com/bot.html)"
85.208.96.209 - - [16/Jan/2025:22:07:35 -0500] "GET /goods/1179108 HTTP/1.1" 404 18013 "-" "Mozilla/5.0 (compatible; SemrushBot/7~bl; +http://www.semrush.com/bot.html)"
66.249.65.98 - - [16/Jan/2025:22:07:42 -0500] "GET /goods/567265 HTTP/1.1" 200 69795 "-" "Mozilla/5.0 (Linux; Android 6.0.1; Nexus 5X Build/MMB29P) AppleWebKit/537.36 (KHTML, like Gecko) Chrome/132.0.6834.83 Mobile Safari/537.36 (compatible; Googlebot/2.1; +http://www.google.com/bot.html)"
85.208.96.208 - - [16/Jan/2025:22:07:49 -0500] "GET /goods/3850805 HTTP/1.1" 404 18012 "-" "Mozilla/5.0 (compatible; SemrushBot/7~bl; +http://www.semrush.com/bot.html)"
66.249.65.98 - - [16/Jan/2025:22:07:49 -0500] "GET /goods/4495878 HTTP/1.1" 200 70006 "-" "Mozilla/5.0 (Linux; Android 6.0.1; Nexus 5X Build/MMB29P) AppleWebKit/537.36 (KHTML, like Gecko) Chrome/132.0.6834.83 Mobile Safari/537.36 (compatible; Googlebot/2.1; +http://www.google.com/bot.html)"
66.249.65.98 - - [16/Jan/2025:22:07:54 -0500] "GET /static/3078626?keyword=%E3%82%B7%E3%82%B9%E3%83%86%E3%83%A0%E6%89%8B%E5%B8%B3 HTTP/1.1" 200 67576 "-" "Mozilla/5.0 (Linux; Android 6.0.1; Nexus 5X Build/MMB29P) AppleWebKit/537.36 (KHTML, like Gecko) Chrome/132.0.6834.83 Mobile Safari/537.36 (compatible; Googlebot/2.1; +http://www.google.com/bot.html)"
66.249.65.98 - - [16/Jan/2025:22:07:56 -0500] "GET /goods/1600389 HTTP/1.1" 200 68646 "-" "Mozilla/5.0 (Linux; Android 6.0.1; Nexus 5X Build/MMB29P) AppleWebKit/537.36 (KHTML, like Gecko) Chrome/132.0.6834.83 Mobile Safari/537.36 (compatible; Googlebot/2.1; +http://www.google.com/bot.html)"
185.191.171.11 - - [16/Jan/2025:22:08:00 -0500] "GET /goods/2048105 HTTP/1.1" 404 18012 "-" "Mozilla/5.0 (compatible; SemrushBot/7~bl; +http://www.semrush.com/bot.html)"
47.128.125.220 - - [16/Jan/2025:22:08:02 -0500] "GET /wp-includes/version.php HTTP/1.1" 200 0 "-" "Mozilla/5.0 (Linux; Android 5.0) AppleWebKit/537.36 (KHTML, like Gecko) Mobile Safari/537.36 (compatible; Bytespider; spider-feedback@bytedance.com)"
66.249.65.100 - - [16/Jan/2025:22:08:13 -0500] "GET /goods/2181074 HTTP/1.1" 200 70148 "-" "Mozilla/5.0 (Linux; Android 6.0.1; Nexus 5X Build/MMB29P) AppleWebKit/537.36 (KHTML, like Gecko) Chrome/132.0.6834.83 Mobile Safari/537.36 (compatible; Googlebot/2.1; +http://www.google.com/bot.html)"
66.249.65.98 - - [16/Jan/2025:22:08:47 -0500] "GET /goods/2616316 HTTP/1.1" 200 70290 "-" "Mozilla/5.0 (Linux; Android 6.0.1; Nexus 5X Build/MMB29P) AppleWebKit/537.36 (KHTML, like Gecko) Chrome/132.0.6834.83 Mobile Safari/537.36 (compatible; Googlebot/2.1; +http://www.google.com/bot.html)"
66.249.65.98 - - [16/Jan/2025:22:08:48 -0500] "GET /goods/4302133 HTTP/1.1" 200 67547 "-" "Mozilla/5.0 (compatible; Googlebot/2.1; +http://www.google.com/bot.html)"
66.249.65.98 - - [16/Jan/2025:22:08:50 -0500] "GET /goods/3864725 HTTP/1.1" 200 69391 "-" "Mozilla/5.0 (Linux; Android 6.0.1; Nexus 5X Build/MMB29P) AppleWebKit/537.36 (KHTML, like Gecko) Chrome/132.0.6834.83 Mobile Safari/537.36 (compatible; Googlebot/2.1; +http://www.google.com/bot.html)"
66.249.65.98 - - [16/Jan/2025:22:09:07 -0500] "GET /goods/463502 HTTP/1.1" 200 68475 "-" "Mozilla/5.0 (Linux; Android 6.0.1; Nexus 5X Build/MMB29P) AppleWebKit/537.36 (KHTML, like Gecko) Chrome/132.0.6834.83 Mobile Safari/537.36 (compatible; Googlebot/2.1; +http://www.google.com/bot.html)"
66.249.65.99 - - [16/Jan/2025:22:09:24 -0500] "GET /goods/2645353 HTTP/1.1" 200 69949 "-" "Mozilla/5.0 (Linux; Android 6.0.1; Nexus 5X Build/MMB29P) AppleWebKit/537.36 (KHTML, like Gecko) Chrome/132.0.6834.83 Mobile Safari/537.36 (compatible; Googlebot/2.1; +http://www.google.com/bot.html)"
66.29.132.124 - - [16/Jan/2025:22:09:34 -0500] "POST /wp-cron.php?doing_wp_cron=1737083374.6891748905181884765625 HTTP/1.1" 200 0 "-" "WordPress/6.7.1; https://misswavenigeria.com"
138.199.18.147 - - [16/Jan/2025:22:09:34 -0500] "GET / HTTP/1.0" 200 109067 "https://misswavenigeria.com/" "Mozilla/5.0 (Windows NT 6.3; Win64; x64) AppleWebKit/537.36 (KHTML, like Gecko) Chrome/103.0.5060.114 Safari/537.36"
66.29.132.124 - - [16/Jan/2025:22:09:34 -0500] "POST /wp-admin/admin-ajax.php?action=async_litespeed&nonce=H7OM21iuFR6dIViIKIFKBAarWQoqfSOv&litespeed_type=imgoptm HTTP/1.1" 200 21 "-" "WordPress/6.7.1; https://misswavenigeria.com"
66.249.65.98 - - [16/Jan/2025:22:09:34 -0500] "GET /goods/90247 HTTP/1.1" 200 69540 "-" "Mozilla/5.0 (Linux; Android 6.0.1; Nexus 5X Build/MMB29P) AppleWebKit/537.36 (KHTML, like Gecko) Chrome/132.0.6834.83 Mobile Safari/537.36 (compatible; Googlebot/2.1; +http://www.google.com/bot.html)"
138.199.18.147 - - [16/Jan/2025:22:09:37 -0500] "GET /register/ HTTP/1.0" 200 75934 "https://misswavenigeria.com/register/" "Mozilla/5.0 (Windows NT 6.3; Win64; x64) AppleWebKit/537.36 (KHTML, like Gecko) Chrome/103.0.5060.114 Safari/537.36"
185.191.171.14 - - [16/Jan/2025:22:09:40 -0500] "GET /o_models/oluwatoyin-miss-kogi/ HTTP/1.1" 200 18055 "-" "Mozilla/5.0 (compatible; SemrushBot/7~bl; +http://www.semrush.com/bot.html)"
85.208.96.211 - - [16/Jan/2025:22:09:42 -0500] "GET /goods/130594 HTTP/1.1" 404 18012 "-" "Mozilla/5.0 (compatible; SemrushBot/7~bl; +http://www.semrush.com/bot.html)"
66.249.65.98 - - [16/Jan/2025:22:09:56 -0500] "GET /goods/1856041 HTTP/1.1" 200 68074 "-" "Mozilla/5.0 (Linux; Android 6.0.1; Nexus 5X Build/MMB29P) AppleWebKit/537.36 (KHTML, like Gecko) Chrome/132.0.6834.83 Mobile Safari/537.36 (compatible; Googlebot/2.1; +http://www.google.com/bot.html)"
85.208.96.195 - - [16/Jan/2025:22:09:57 -0500] "GET /goods/659382 HTTP/1.1" 404 18012 "-" "Mozilla/5.0 (compatible; SemrushBot/7~bl; +http://www.semrush.com/bot.html)"
85.208.96.200 - - [16/Jan/2025:22:09:59 -0500] "GET /goods/215758 HTTP/1.1" 404 18012 "-" "Mozilla/5.0 (compatible; SemrushBot/7~bl; +http://www.semrush.com/bot.html)"
66.249.65.98 - - [16/Jan/2025:22:09:59 -0500] "GET /goods/1618956 HTTP/1.1" 200 70636 "-" "Mozilla/5.0 (Linux; Android 6.0.1; Nexus 5X Build/MMB29P) AppleWebKit/537.36 (KHTML, like Gecko) Chrome/132.0.6834.83 Mobile Safari/537.36 (compatible; Googlebot/2.1; +http://www.google.com/bot.html)"
85.208.96.200 - - [16/Jan/2025:22:10:03 -0500] "GET /goods/1958239 HTTP/1.1" 404 18011 "-" "Mozilla/5.0 (compatible; SemrushBot/7~bl; +http://www.semrush.com/bot.html)"
66.249.65.98 - - [16/Jan/2025:22:08:14 -0500] "GET /goods/1241864 HTTP/1.1" 200 73229 "-" "Mozilla/5.0 (Linux; Android 6.0.1; Nexus 5X Build/MMB29P) AppleWebKit/537.36 (KHTML, like Gecko) Chrome/132.0.6834.83 Mobile Safari/537.36 (compatible; Googlebot/2.1; +http://www.google.com/bot.html)"
85.208.96.193 - - [16/Jan/2025:22:08:15 -0500] "GET /goods/2837509 HTTP/1.1" 404 18013 "-" "Mozilla/5.0 (compatible; SemrushBot/7~bl; +http://www.semrush.com/bot.html)"
66.249.65.98 - - [16/Jan/2025:22:08:25 -0500] "GET /index.php?goods/1862835 HTTP/1.1" 200 67646 "-" "Mozilla/5.0 (Linux; Android 6.0.1; Nexus 5X Build/MMB29P) AppleWebKit/537.36 (KHTML, like Gecko) Chrome/132.0.6834.83 Mobile Safari/537.36 (compatible; Googlebot/2.1; +http://www.google.com/bot.html)"
66.249.65.99 - - [16/Jan/2025:22:08:28 -0500] "GET /static/338548 HTTP/1.1" 200 69384 "-" "Mozilla/5.0 (Linux; Android 6.0.1; Nexus 5X Build/MMB29P) AppleWebKit/537.36 (KHTML, like Gecko) Chrome/132.0.6834.83 Mobile Safari/537.36 (compatible; Googlebot/2.1; +http://www.google.com/bot.html)"
138.199.18.147 - - [16/Jan/2025:22:06:19 -0500] "POST /register/ HTTP/1.0" 200 76060 "https://misswavenigeria.com/register/" "Mozilla/5.0 (Windows NT 10.0; Win64; x64) AppleWebKit/537.36 (KHTML, like Gecko) Chrome/103.0.0.0 Safari/537.36 OpenWave/97.4.2043.44"
66.29.132.124 - - [16/Jan/2025:22:08:38 -0500] "POST /wp-cron.php?doing_wp_cron=1737083318.5752630233764648437500 HTTP/1.1" 200 0 "-" "WordPress/6.7.1; https://misswavenigeria.com"
138.199.18.147 - - [16/Jan/2025:22:08:38 -0500] "GET /register/ HTTP/1.0" 200 75934 "https://misswavenigeria.com/" "Mozilla/5.0 (Windows NT 10.0; Win64; x64) AppleWebKit/537.36 (KHTML, like Gecko) Chrome/103.0.0.0 Safari/537.36 OpenWave/97.4.2043.44"
66.29.132.124 - - [16/Jan/2025:22:08:39 -0500] "POST /wp-admin/admin-ajax.php?action=async_litespeed&nonce=aiYHLZ0sW8oG0B4G0bO8Tb4WFOzKQ6Te&litespeed_type=imgoptm HTTP/1.1" 200 21 "-" "WordPress/6.7.1; https://misswavenigeria.com"
85.208.96.197 - - [16/Jan/2025:22:10:08 -0500] "GET /goods/4784627 HTTP/1.1" 404 18013 "-" "Mozilla/5.0 (compatible; SemrushBot/7~bl; +http://www.semrush.com/bot.html)"
85.208.96.200 - - [16/Jan/2025:22:10:10 -0500] "GET /goods/1194277 HTTP/1.1" 404 18012 "-" "Mozilla/5.0 (compatible; SemrushBot/7~bl; +http://www.semrush.com/bot.html)"
66.249.65.98 - - [16/Jan/2025:22:10:17 -0500] "GET /goods/2053769 HTTP/1.1" 200 68796 "-" "Mozilla/5.0 (Linux; Android 6.0.1; Nexus 5X Build/MMB29P) AppleWebKit/537.36 (KHTML, like Gecko) Chrome/132.0.6834.83 Mobile Safari/537.36 (compatible; Googlebot/2.1; +http://www.google.com/bot.html)"
66.29.132.124 - - [16/Jan/2025:22:10:23 -0500] "POST /wp-cron.php?doing_wp_cron=1737083423.2559549808502197265625 HTTP/1.1" 200 0 "-" "WordPress/6.7.1; https://misswavenigeria.com"
185.191.171.3 - - [16/Jan/2025:22:10:23 -0500] "GET /goods/2621943 HTTP/1.1" 404 18012 "-" "Mozilla/5.0 (compatible; SemrushBot/7~bl; +http://www.semrush.com/bot.html)"
66.29.132.124 - - [16/Jan/2025:22:10:23 -0500] "POST /wp-admin/admin-ajax.php?action=async_litespeed&nonce=8fOvFSqlfHWOllWudYIS1LMLdCRkc94Y&litespeed_type=imgoptm HTTP/1.1" 200 21 "-" "WordPress/6.7.1; https://misswavenigeria.com"
66.29.132.124 - - [16/Jan/2025:22:10:25 -0500] "POST /wp-cron.php?doing_wp_cron=1737083425.5065989494323730468750 HTTP/1.1" 200 0 "-" "WordPress/6.7.1; https://misswavenigeria.com"
185.191.171.19 - - [16/Jan/2025:22:10:25 -0500] "GET /goods/13653 HTTP/1.1" 404 18012 "-" "Mozilla/5.0 (compatible; SemrushBot/7~bl; +http://www.semrush.com/bot.html)"
66.249.65.98 - - [16/Jan/2025:22:10:28 -0500] "GET /index.php?goods/1071899 HTTP/1.1" 200 68557 "-" "Mozilla/5.0 (Linux; Android 6.0.1; Nexus 5X Build/MMB29P) AppleWebKit/537.36 (KHTML, like Gecko) Chrome/132.0.6834.83 Mobile Safari/537.36 (compatible; Googlebot/2.1; +http://www.google.com/bot.html)"
66.249.65.98 - - [16/Jan/2025:22:10:35 -0500] "GET /goods/1233615 HTTP/1.1" 200 68747 "-" "Mozilla/5.0 (Linux; Android 6.0.1; Nexus 5X Build/MMB29P) AppleWebKit/537.36 (KHTML, like Gecko) Chrome/132.0.6834.83 Mobile Safari/537.36 (compatible; Googlebot/2.1; +http://www.google.com/bot.html)"
85.208.96.205 - - [16/Jan/2025:22:10:37 -0500] "GET /goods/3170443 HTTP/1.1" 404 18012 "-" "Mozilla/5.0 (compatible; SemrushBot/7~bl; +http://www.semrush.com/bot.html)"
185.191.171.15 - - [16/Jan/2025:22:10:42 -0500] "GET /goods/1137261 HTTP/1.1" 404 18012 "-" "Mozilla/5.0 (compatible; SemrushBot/7~bl; +http://www.semrush.com/bot.html)"
85.208.96.199 - - [16/Jan/2025:22:10:45 -0500] "GET /goods/2331813 HTTP/1.1" 404 18012 "-" "Mozilla/5.0 (compatible; SemrushBot/7~bl; +http://www.semrush.com/bot.html)"
66.249.65.98 - - [16/Jan/2025:22:10:52 -0500] "GET /goods/539199 HTTP/1.1" 200 68850 "-" "Mozilla/5.0 (Linux; Android 6.0.1; Nexus 5X Build/MMB29P) AppleWebKit/537.36 (KHTML, like Gecko) Chrome/132.0.6834.83 Mobile Safari/537.36 (compatible; Googlebot/2.1; +http://www.google.com/bot.html)"
66.249.65.100 - - [16/Jan/2025:22:11:00 -0500] "GET /static/3003243 HTTP/1.1" 200 69720 "-" "Mozilla/5.0 (Linux; Android 6.0.1; Nexus 5X Build/MMB29P) AppleWebKit/537.36 (KHTML, like Gecko) Chrome/132.0.6834.83 Mobile Safari/537.36 (compatible; Googlebot/2.1; +http://www.google.com/bot.html)"
185.191.171.19 - - [16/Jan/2025:22:11:05 -0500] "GET /goods/4400604 HTTP/1.1" 404 18013 "-" "Mozilla/5.0 (compatible; SemrushBot/7~bl; +http://www.semrush.com/bot.html)"
66.29.132.124 - - [16/Jan/2025:22:11:18 -0500] "POST /wp-cron.php?doing_wp_cron=1737083478.6881608963012695312500 HTTP/1.1" 200 0 "-" "WordPress/6.7.1; https://misswavenigeria.com"
85.208.96.196 - - [16/Jan/2025:22:11:18 -0500] "GET /goods/1478008 HTTP/1.1" 404 18013 "-" "Mozilla/5.0 (compatible; SemrushBot/7~bl; +http://www.semrush.com/bot.html)"
66.29.132.124 - - [16/Jan/2025:22:11:19 -0500] "POST /wp-admin/admin-ajax.php?action=async_litespeed&nonce=AJy2cxz3TMi823jPVhZMrAQD6RKJiTX6&litespeed_type=imgoptm HTTP/1.1" 200 21 "-" "WordPress/6.7.1; https://misswavenigeria.com"
66.249.65.98 - - [16/Jan/2025:22:11:19 -0500] "GET /index.php?static/503574 HTTP/1.1" 200 69324 "-" "Mozilla/5.0 (Linux; Android 6.0.1; Nexus 5X Build/MMB29P) AppleWebKit/537.36 (KHTML, like Gecko) Chrome/132.0.6834.83 Mobile Safari/537.36 (compatible; Googlebot/2.1; +http://www.google.com/bot.html)"
66.249.65.98 - - [16/Jan/2025:22:11:21 -0500] "GET /index.php?goods/2757362 HTTP/1.1" 200 69078 "-" "Mozilla/5.0 (Linux; Android 6.0.1; Nexus 5X Build/MMB29P) AppleWebKit/537.36 (KHTML, like Gecko) Chrome/132.0.6834.83 Mobile Safari/537.36 (compatible; Googlebot/2.1; +http://www.google.com/bot.html)"
66.249.65.98 - - [16/Jan/2025:22:11:25 -0500] "GET /static/4782628 HTTP/1.1" 200 69532 "-" "Mozilla/5.0 (Linux; Android 6.0.1; Nexus 5X Build/MMB29P) AppleWebKit/537.36 (KHTML, like Gecko) Chrome/132.0.6834.83 Mobile Safari/537.36 (compatible; Googlebot/2.1; +http://www.google.com/bot.html)"
138.199.18.147 - - [16/Jan/2025:22:09:39 -0500] "POST /register/ HTTP/1.0" 200 76060 "https://misswavenigeria.com/register/" "Mozilla/5.0 (Windows NT 6.3; Win64; x64) AppleWebKit/537.36 (KHTML, like Gecko) Chrome/103.0.5060.114 Safari/537.36"
66.249.65.98 - - [16/Jan/2025:22:11:27 -0500] "GET /goods/702902 HTTP/1.1" 200 70103 "-" "Mozilla/5.0 (Linux; Android 6.0.1; Nexus 5X Build/MMB29P) AppleWebKit/537.36 (KHTML, like Gecko) Chrome/132.0.6834.83 Mobile Safari/537.36 (compatible; Googlebot/2.1; +http://www.google.com/bot.html)"
66.29.132.124 - - [16/Jan/2025:22:11:29 -0500] "POST /wp-cron.php?doing_wp_cron=1737083489.5376019477844238281250 HTTP/1.1" 200 0 "-" "WordPress/6.7.1; https://misswavenigeria.com"
138.199.18.147 - - [16/Jan/2025:22:11:29 -0500] "GET /register/ HTTP/1.0" 200 75934 "https://misswavenigeria.com/" "Mozilla/5.0 (Windows NT 6.3; Win64; x64) AppleWebKit/537.36 (KHTML, like Gecko) Chrome/103.0.5060.114 Safari/537.36"
185.191.171.13 - - [16/Jan/2025:22:11:38 -0500] "GET /goods/1117006 HTTP/1.1" 404 18013 "-" "Mozilla/5.0 (compatible; SemrushBot/7~bl; +http://www.semrush.com/bot.html)"
185.191.171.10 - - [16/Jan/2025:22:11:42 -0500] "GET /goods/2804202 HTTP/1.1" 404 18012 "-" "Mozilla/5.0 (compatible; SemrushBot/7~bl; +http://www.semrush.com/bot.html)"
66.249.65.99 - - [16/Jan/2025:22:11:45 -0500] "GET /goods/4648114 HTTP/1.1" 200 67561 "-" "Mozilla/5.0 (Linux; Android 6.0.1; Nexus 5X Build/MMB29P) AppleWebKit/537.36 (KHTML, like Gecko) Chrome/132.0.6834.83 Mobile Safari/537.36 (compatible; Googlebot/2.1; +http://www.google.com/bot.html)"
85.208.96.202 - - [16/Jan/2025:22:11:48 -0500] "GET /goods/4825782 HTTP/1.1" 404 18012 "-" "Mozilla/5.0 (compatible; SemrushBot/7~bl; +http://www.semrush.com/bot.html)"
185.191.171.12 - - [16/Jan/2025:22:11:51 -0500] "GET /goods/41864 HTTP/1.1" 404 18013 "-" "Mozilla/5.0 (compatible; SemrushBot/7~bl; +http://www.semrush.com/bot.html)"
47.128.23.129 - - [16/Jan/2025:22:12:03 -0500] "GET /wp-signup.php HTTP/1.1" 302 0 "-" "Mozilla/5.0 (Linux; Android 5.0) AppleWebKit/537.36 (KHTML, like Gecko) Mobile Safari/537.36 (compatible; Bytespider; spider-feedback@bytedance.com)"
47.128.23.129 - - [16/Jan/2025:22:12:03 -0500] "GET /wp-login.php?action=register HTTP/1.1" 302 0 "-" "Mozilla/5.0 (Linux; Android 5.0) AppleWebKit/537.36 (KHTML, like Gecko) Mobile Safari/537.36 (compatible; Bytespider; spider-feedback@bytedance.com)"
47.128.23.129 - - [16/Jan/2025:22:12:04 -0500] "GET /wp-login.php?registration=disabled HTTP/1.1" 200 2039 "-" "Mozilla/5.0 (Linux; Android 5.0) AppleWebKit/537.36 (KHTML, like Gecko) Mobile Safari/537.36 (compatible; Bytespider; spider-feedback@bytedance.com)"
66.249.65.99 - - [16/Jan/2025:22:12:03 -0500] "GET /goods/2721478 HTTP/1.1" 200 76015 "-" "Mozilla/5.0 (Linux; Android 6.0.1; Nexus 5X Build/MMB29P) AppleWebKit/537.36 (KHTML, like Gecko) Chrome/132.0.6834.83 Mobile Safari/537.36 (compatible; Googlebot/2.1; +http://www.google.com/bot.html)"
47.128.23.129 - - [16/Jan/2025:22:12:04 -0500] "GET /wp-includes/css/buttons.min.css?ver=6.7.1 HTTP/1.1" 200 1275 "https://misswavenigeria.com/wp-login.php?registration=disabled" "Mozilla/5.0 (Linux; Android 5.0) AppleWebKit/537.36 (KHTML, like Gecko) Mobile Safari/537.36 (compatible; Bytespider; spider-feedback@bytedance.com)"
47.128.23.129 - - [16/Jan/2025:22:12:04 -0500] "GET /wp-admin/css/forms.min.css?ver=6.7.1 HTTP/1.1" 200 6387 "https://misswavenigeria.com/wp-login.php?registration=disabled" "Mozilla/5.0 (Linux; Android 5.0) AppleWebKit/537.36 (KHTML, like Gecko) Mobile Safari/537.36 (compatible; Bytespider; spider-feedback@bytedance.com)"
47.128.23.129 - - [16/Jan/2025:22:12:04 -0500] "GET /wp-includes/css/dashicons.min.css?ver=6.7.1 HTTP/1.1" 200 35110 "https://misswavenigeria.com/wp-login.php?registration=disabled" "Mozilla/5.0 (Linux; Android 5.0) AppleWebKit/537.36 (KHTML, like Gecko) Mobile Safari/537.36 (compatible; Bytespider; spider-feedback@bytedance.com)"
47.128.23.129 - - [16/Jan/2025:22:12:04 -0500] "GET /wp-admin/css/l10n.min.css?ver=6.7.1 HTTP/1.1" 200 675 "https://misswavenigeria.com/wp-login.php?registration=disabled" "Mozilla/5.0 (Linux; Android 5.0) AppleWebKit/537.36 (KHTML, like Gecko) Mobile Safari/537.36 (compatible; Bytespider; spider-feedback@bytedance.com)"
47.128.23.129 - - [16/Jan/2025:22:12:04 -0500] "GET /wp-admin/css/login.min.css?ver=6.7.1 HTTP/1.1" 200 1981 "https://misswavenigeria.com/wp-login.php?registration=disabled" "Mozilla/5.0 (Linux; Android 5.0) AppleWebKit/537.36 (KHTML, like Gecko) Mobile Safari/537.36 (compatible; Bytespider; spider-feedback@bytedance.com)"
47.128.23.129 - - [16/Jan/2025:22:12:05 -0500] "GET /wp-admin/images/wordpress-logo.svg?ver=20131107 HTTP/1.1" 206 500 "https://misswavenigeria.com/wp-admin/css/login.min.css?ver=6.7.1" "Mozilla/5.0 (Linux; Android 5.0) AppleWebKit/537.36 (KHTML, like Gecko) Mobile Safari/537.36 (compatible; Bytespider; spider-feedback@bytedance.com)"
185.191.171.6 - - [16/Jan/2025:22:12:06 -0500] "GET /goods/2417340 HTTP/1.1" 404 18012 "-" "Mozilla/5.0 (compatible; SemrushBot/7~bl; +http://www.semrush.com/bot.html)"
185.191.171.2 - - [16/Jan/2025:22:12:17 -0500] "GET /goods/3241992 HTTP/1.1" 404 18011 "-" "Mozilla/5.0 (compatible; SemrushBot/7~bl; +http://www.semrush.com/bot.html)"
66.249.65.98 - - [16/Jan/2025:22:12:39 -0500] "GET /goods/1438034 HTTP/1.1" 200 67612 "-" "Mozilla/5.0 (Linux; Android 6.0.1; Nexus 5X Build/MMB29P) AppleWebKit/537.36 (KHTML, like Gecko) Chrome/132.0.6834.83 Mobile Safari/537.36 (compatible; Googlebot/2.1; +http://www.google.com/bot.html)"
66.29.132.124 - - [16/Jan/2025:22:12:41 -0500] "POST /wp-cron.php?doing_wp_cron=1737083561.6740710735321044921875 HTTP/1.1" 200 0 "-" "WordPress/6.7.1; https://misswavenigeria.com"
138.199.18.147 - - [16/Jan/2025:22:12:41 -0500] "GET / HTTP/1.0" 200 109063 "https://misswavenigeria.com/" "Mozilla/5.0 (Windows NT 6.1; Win64; x64) AppleWebKit/537.36 (KHTML, like Gecko) Chrome/103.0.0.0 Safari/537.36"
66.29.132.124 - - [16/Jan/2025:22:12:41 -0500] "POST /wp-admin/admin-ajax.php?action=async_litespeed&nonce=Z8kp9N0dFAUZtI89AarihRCSaE523g9Q&litespeed_type=imgoptm HTTP/1.1" 200 21 "-" "WordPress/6.7.1; https://misswavenigeria.com"
138.199.18.147 - - [16/Jan/2025:22:12:43 -0500] "GET /register/ HTTP/1.0" 200 75934 "https://misswavenigeria.com/register/" "Mozilla/5.0 (Windows NT 6.1; Win64; x64) AppleWebKit/537.36 (KHTML, like Gecko) Chrome/103.0.0.0 Safari/537.36"
66.249.65.98 - - [16/Jan/2025:22:12:51 -0500] "GET /goods/1110720 HTTP/1.1" 200 69834 "-" "Mozilla/5.0 (Linux; Android 6.0.1; Nexus 5X Build/MMB29P) AppleWebKit/537.36 (KHTML, like Gecko) Chrome/132.0.6834.83 Mobile Safari/537.36 (compatible; Googlebot/2.1; +http://www.google.com/bot.html)"
66.249.65.98 - - [16/Jan/2025:22:12:55 -0500] "GET /goods/502805 HTTP/1.1" 200 70413 "-" "Mozilla/5.0 (Linux; Android 6.0.1; Nexus 5X Build/MMB29P) AppleWebKit/537.36 (KHTML, like Gecko) Chrome/132.0.6834.83 Mobile Safari/537.36 (compatible; Googlebot/2.1; +http://www.google.com/bot.html)"
51.222.253.15 - - [16/Jan/2025:22:13:11 -0500] "GET /robots.txt HTTP/1.1" 200 103 "-" "Mozilla/5.0 (compatible; AhrefsBot/7.0; +http://ahrefs.com/robot/)"
66.249.65.98 - - [16/Jan/2025:22:13:15 -0500] "GET /goods/3685522 HTTP/1.1" 200 68401 "-" "Mozilla/5.0 (Linux; Android 6.0.1; Nexus 5X Build/MMB29P) AppleWebKit/537.36 (KHTML, like Gecko) Chrome/132.0.6834.83 Mobile Safari/537.36 (compatible; Googlebot/2.1; +http://www.google.com/bot.html)"
66.29.132.124 - - [16/Jan/2025:22:13:47 -0500] "POST /wp-cron.php?doing_wp_cron=1737083627.2146470546722412109375 HTTP/1.1" 200 0 "-" "WordPress/6.7.1; https://misswavenigeria.com"
85.208.96.205 - - [16/Jan/2025:22:13:46 -0500] "GET /goods/3386301 HTTP/1.1" 404 18013 "-" "Mozilla/5.0 (compatible; SemrushBot/7~bl; +http://www.semrush.com/bot.html)"
66.29.132.124 - - [16/Jan/2025:22:13:47 -0500] "POST /wp-admin/admin-ajax.php?action=async_litespeed&nonce=fFfH1KjJb7lYInFRIllXRx3GxMtdXp0G&litespeed_type=imgoptm HTTP/1.1" 200 21 "-" "WordPress/6.7.1; https://misswavenigeria.com"
66.249.65.99 - - [16/Jan/2025:22:13:46 -0500] "GET /goods/4022134?keyword=Cream%22?keyword=%E3%82%B7%E3%83%AB%E3%83%90%E3%83%BC925 HTTP/1.1" 200 68076 "-" "Mozilla/5.0 (Linux; Android 6.0.1; Nexus 5X Build/MMB29P) AppleWebKit/537.36 (KHTML, like Gecko) Chrome/132.0.6834.83 Mobile Safari/537.36 (compatible; Googlebot/2.1; +http://www.google.com/bot.html)"
66.249.65.98 - - [16/Jan/2025:22:13:48 -0500] "GET /goods/1990715 HTTP/1.1" 200 67990 "-" "Mozilla/5.0 (Linux; Android 6.0.1; Nexus 5X Build/MMB29P) AppleWebKit/537.36 (KHTML, like Gecko) Chrome/132.0.6834.83 Mobile Safari/537.36 (compatible; Googlebot/2.1; +http://www.google.com/bot.html)"
66.249.65.100 - - [16/Jan/2025:22:14:00 -0500] "GET /show/4425274?keyword=%E7%9C%9F%E4%BD%9C HTTP/1.1" 200 74637 "-" "Mozilla/5.0 (Linux; Android 6.0.1; Nexus 5X Build/MMB29P) AppleWebKit/537.36 (KHTML, like Gecko) Chrome/132.0.6834.83 Mobile Safari/537.36 (compatible; Googlebot/2.1; +http://www.google.com/bot.html)"
66.249.65.98 - - [16/Jan/2025:22:14:06 -0500] "GET /goods/752941 HTTP/1.1" 200 70471 "-" "Mozilla/5.0 (Linux; Android 6.0.1; Nexus 5X Build/MMB29P) AppleWebKit/537.36 (KHTML, like Gecko) Chrome/132.0.6834.83 Mobile Safari/537.36 (compatible; Googlebot/2.1; +http://www.google.com/bot.html)"
85.208.96.209 - - [16/Jan/2025:22:14:08 -0500] "GET /goods/1649696 HTTP/1.1" 404 18013 "-" "Mozilla/5.0 (compatible; SemrushBot/7~bl; +http://www.semrush.com/bot.html)"
85.208.96.209 - - [16/Jan/2025:22:14:10 -0500] "GET /goods/1569810 HTTP/1.1" 404 18012 "-" "Mozilla/5.0 (compatible; SemrushBot/7~bl; +http://www.semrush.com/bot.html)"
138.199.18.147 - - [16/Jan/2025:22:12:45 -0500] "POST /register/ HTTP/1.0" 200 76060 "https://misswavenigeria.com/register/" "Mozilla/5.0 (Windows NT 6.1; Win64; x64) AppleWebKit/537.36 (KHTML, like Gecko) Chrome/103.0.0.0 Safari/537.36"
185.191.171.11 - - [16/Jan/2025:22:14:12 -0500] "GET /goods/4032763 HTTP/1.1" 404 18012 "-" "Mozilla/5.0 (compatible; SemrushBot/7~bl; +http://www.semrush.com/bot.html)"
138.199.18.147 - - [16/Jan/2025:22:14:13 -0500] "GET /register/ HTTP/1.0" 200 75934 "https://misswavenigeria.com/" "Mozilla/5.0 (Windows NT 6.1; Win64; x64) AppleWebKit/537.36 (KHTML, like Gecko) Chrome/103.0.0.0 Safari/537.36"
66.29.132.124 - - [16/Jan/2025:22:14:18 -0500] "POST /wp-cron.php?doing_wp_cron=1737083658.2257730960845947265625 HTTP/1.1" 200 0 "-" "WordPress/6.7.1; https://misswavenigeria.com"
185.191.171.19 - - [16/Jan/2025:22:14:18 -0500] "GET /goods/2185912 HTTP/1.1" 404 18013 "-" "Mozilla/5.0 (compatible; SemrushBot/7~bl; +http://www.semrush.com/bot.html)"
66.29.132.124 - - [16/Jan/2025:22:14:18 -0500] "POST /wp-admin/admin-ajax.php?action=async_litespeed&nonce=iIgcS9FEf0sD6Lq670WldzwIhYUAHtVy&litespeed_type=imgoptm HTTP/1.1" 200 21 "-" "WordPress/6.7.1; https://misswavenigeria.com"
66.249.65.98 - - [16/Jan/2025:22:14:23 -0500] "GET /goods/1911281 HTTP/1.1" 200 68728 "-" "Mozilla/5.0 (Linux; Android 6.0.1; Nexus 5X Build/MMB29P) AppleWebKit/537.36 (KHTML, like Gecko) Chrome/132.0.6834.83 Mobile Safari/537.36 (compatible; Googlebot/2.1; +http://www.google.com/bot.html)"
66.29.132.124 - - [16/Jan/2025:22:14:28 -0500] "POST /wp-cron.php?doing_wp_cron=1737083668.3084430694580078125000 HTTP/1.1" 200 0 "-" "WordPress/6.7.1; https://misswavenigeria.com"
185.191.171.6 - - [16/Jan/2025:22:14:28 -0500] "GET /goods/1723040 HTTP/1.1" 404 18013 "-" "Mozilla/5.0 (compatible; SemrushBot/7~bl; +http://www.semrush.com/bot.html)"
85.208.96.211 - - [16/Jan/2025:22:14:30 -0500] "GET /goods/808199 HTTP/1.1" 404 18012 "-" "Mozilla/5.0 (compatible; SemrushBot/7~bl; +http://www.semrush.com/bot.html)"
185.191.171.12 - - [16/Jan/2025:22:14:32 -0500] "GET /goods/1539974 HTTP/1.1" 404 18013 "-" "Mozilla/5.0 (compatible; SemrushBot/7~bl; +http://www.semrush.com/bot.html)"
85.208.96.197 - - [16/Jan/2025:22:14:34 -0500] "GET /goods/2205172 HTTP/1.1" 404 18013 "-" "Mozilla/5.0 (compatible; SemrushBot/7~bl; +http://www.semrush.com/bot.html)"
66.249.65.98 - - [16/Jan/2025:22:14:34 -0500] "GET /show/3705105 HTTP/1.1" 200 70100 "-" "Mozilla/5.0 (Linux; Android 6.0.1; Nexus 5X Build/MMB29P) AppleWebKit/537.36 (KHTML, like Gecko) Chrome/132.0.6834.83 Mobile Safari/537.36 (compatible; Googlebot/2.1; +http://www.google.com/bot.html)"
185.191.171.6 - - [16/Jan/2025:22:14:39 -0500] "GET /goods/274674 HTTP/1.1" 404 18012 "-" "Mozilla/5.0 (compatible; SemrushBot/7~bl; +http://www.semrush.com/bot.html)"
185.191.171.6 - - [16/Jan/2025:22:14:45 -0500] "GET /goods/4617833 HTTP/1.1" 404 18013 "-" "Mozilla/5.0 (compatible; SemrushBot/7~bl; +http://www.semrush.com/bot.html)"
66.249.65.98 - - [16/Jan/2025:22:14:45 -0500] "GET /goods/1455061 HTTP/1.1" 200 70562 "-" "Mozilla/5.0 (Linux; Android 6.0.1; Nexus 5X Build/MMB29P) AppleWebKit/537.36 (KHTML, like Gecko) Chrome/132.0.6834.83 Mobile Safari/537.36 (compatible; Googlebot/2.1; +http://www.google.com/bot.html)"
66.249.65.99 - - [16/Jan/2025:22:14:57 -0500] "GET /static/2529967 HTTP/1.1" 200 68291 "-" "Mozilla/5.0 (Linux; Android 6.0.1; Nexus 5X Build/MMB29P) AppleWebKit/537.36 (KHTML, like Gecko) Chrome/132.0.6834.83 Mobile Safari/537.36 (compatible; Googlebot/2.1; +http://www.google.com/bot.html)"
185.191.171.1 - - [16/Jan/2025:22:15:08 -0500] "GET /goods/507480 HTTP/1.1" 404 18013 "-" "Mozilla/5.0 (compatible; SemrushBot/7~bl; +http://www.semrush.com/bot.html)"
66.249.65.99 - - [16/Jan/2025:22:15:10 -0500] "GET /show/2411167 HTTP/1.1" 200 69134 "-" "Mozilla/5.0 (Linux; Android 6.0.1; Nexus 5X Build/MMB29P) AppleWebKit/537.36 (KHTML, like Gecko) Chrome/132.0.6834.83 Mobile Safari/537.36 (compatible; Googlebot/2.1; +http://www.google.com/bot.html)"
185.191.171.15 - - [16/Jan/2025:22:15:14 -0500] "GET /goods/865161 HTTP/1.1" 404 18012 "-" "Mozilla/5.0 (compatible; SemrushBot/7~bl; +http://www.semrush.com/bot.html)"
66.29.132.124 - - [16/Jan/2025:22:15:18 -0500] "POST /wp-cron.php?doing_wp_cron=1737083718.8232018947601318359375 HTTP/1.1" 200 0 "-" "WordPress/6.7.1; https://misswavenigeria.com"
85.208.96.205 - - [16/Jan/2025:22:15:18 -0500] "GET /goods/1523085 HTTP/1.1" 404 18013 "-" "Mozilla/5.0 (compatible; SemrushBot/7~bl; +http://www.semrush.com/bot.html)"
66.29.132.124 - - [16/Jan/2025:22:15:18 -0500] "POST /wp-admin/admin-ajax.php?action=async_litespeed&nonce=041DBcijForDL7LmTMfLqdz58iBEzW1H&litespeed_type=imgoptm HTTP/1.1" 200 21 "-" "WordPress/6.7.1; https://misswavenigeria.com"
66.249.65.98 - - [16/Jan/2025:22:15:23 -0500] "GET /goods/3199722 HTTP/1.1" 200 68564 "-" "Mozilla/5.0 (Linux; Android 6.0.1; Nexus 5X Build/MMB29P) AppleWebKit/537.36 (KHTML, like Gecko) Chrome/132.0.6834.83 Mobile Safari/537.36 (compatible; Googlebot/2.1; +http://www.google.com/bot.html)"
66.249.65.98 - - [16/Jan/2025:22:15:26 -0500] "GET /index.php?goods/2215934 HTTP/1.1" 200 69541 "-" "Mozilla/5.0 (Linux; Android 6.0.1; Nexus 5X Build/MMB29P) AppleWebKit/537.36 (KHTML, like Gecko) Chrome/132.0.6834.83 Mobile Safari/537.36 (compatible; Googlebot/2.1; +http://www.google.com/bot.html)"
66.249.65.98 - - [16/Jan/2025:22:15:35 -0500] "GET /goods/3483636 HTTP/1.1" 200 68512 "-" "Mozilla/5.0 (Linux; Android 6.0.1; Nexus 5X Build/MMB29P) AppleWebKit/537.36 (KHTML, like Gecko) Chrome/132.0.6834.83 Mobile Safari/537.36 (compatible; Googlebot/2.1; +http://www.google.com/bot.html)"
66.29.132.124 - - [16/Jan/2025:22:15:36 -0500] "POST /wp-cron.php?doing_wp_cron=1737083736.8945488929748535156250 HTTP/1.1" 200 0 "-" "WordPress/6.7.1; https://misswavenigeria.com"
185.191.171.16 - - [16/Jan/2025:22:15:36 -0500] "GET /goods/4345405 HTTP/1.1" 404 18012 "-" "Mozilla/5.0 (compatible; SemrushBot/7~bl; +http://www.semrush.com/bot.html)"
138.199.18.147 - - [16/Jan/2025:22:15:44 -0500] "GET / HTTP/1.0" 200 109065 "https://misswavenigeria.com/" "Mozilla/5.0 (Windows NT 10.0; Win64; x64) AppleWebKit/537.36 (KHTML, like Gecko) Chrome/103.0.5060.66 Safari/537.36"
138.199.18.147 - - [16/Jan/2025:22:15:47 -0500] "GET /register/ HTTP/1.0" 200 75934 "https://misswavenigeria.com/register/" "Mozilla/5.0 (Windows NT 10.0; Win64; x64) AppleWebKit/537.36 (KHTML, like Gecko) Chrome/103.0.5060.66 Safari/537.36"
85.208.96.198 - - [16/Jan/2025:22:15:50 -0500] "GET /goods/3917125 HTTP/1.1" 404 18012 "-" "Mozilla/5.0 (compatible; SemrushBot/7~bl; +http://www.semrush.com/bot.html)"
66.249.65.98 - - [16/Jan/2025:22:15:51 -0500] "GET /goods/1202505 HTTP/1.1" 200 68239 "-" "Mozilla/5.0 (Linux; Android 6.0.1; Nexus 5X Build/MMB29P) AppleWebKit/537.36 (KHTML, like Gecko) Chrome/132.0.6834.83 Mobile Safari/537.36 (compatible; Googlebot/2.1; +http://www.google.com/bot.html)"
47.128.122.213 - - [16/Jan/2025:22:16:03 -0500] "GET /wp-includes/sodium_compat/src/Core/Curve25519/Ge/Precomp.php HTTP/1.1" 200 0 "-" "Mozilla/5.0 (Linux; Android 5.0) AppleWebKit/537.36 (KHTML, like Gecko) Mobile Safari/537.36 (compatible; Bytespider; spider-feedback@bytedance.com)"
66.249.65.98 - - [16/Jan/2025:22:16:03 -0500] "GET /show/190156 HTTP/1.1" 200 76730 "-" "Mozilla/5.0 (Linux; Android 6.0.1; Nexus 5X Build/MMB29P) AppleWebKit/537.36 (KHTML, like Gecko) Chrome/132.0.6834.83 Mobile Safari/537.36 (compatible; Googlebot/2.1; +http://www.google.com/bot.html)"
185.191.171.3 - - [16/Jan/2025:22:16:05 -0500] "GET /goods/4851490 HTTP/1.1" 404 18013 "-" "Mozilla/5.0 (compatible; SemrushBot/7~bl; +http://www.semrush.com/bot.html)"
185.191.171.4 - - [16/Jan/2025:22:16:07 -0500] "GET /goods/2690674 HTTP/1.1" 404 18013 "-" "Mozilla/5.0 (compatible; SemrushBot/7~bl; +http://www.semrush.com/bot.html)"
66.249.65.99 - - [16/Jan/2025:22:16:09 -0500] "GET /goods/1990419 HTTP/1.1" 200 68419 "-" "Mozilla/5.0 (Linux; Android 6.0.1; Nexus 5X Build/MMB29P) AppleWebKit/537.36 (KHTML, like Gecko) Chrome/132.0.6834.83 Mobile Safari/537.36 (compatible; Googlebot/2.1; +http://www.google.com/bot.html)"
185.191.171.6 - - [16/Jan/2025:22:16:10 -0500] "GET /goods/2201172 HTTP/1.1" 404 18012 "-" "Mozilla/5.0 (compatible; SemrushBot/7~bl; +http://www.semrush.com/bot.html)"
66.29.132.124 - - [16/Jan/2025:22:16:18 -0500] "POST /wp-cron.php?doing_wp_cron=1737083778.4414761066436767578125 HTTP/1.1" 200 0 "-" "WordPress/6.7.1; https://misswavenigeria.com"
185.191.171.5 - - [16/Jan/2025:22:16:18 -0500] "GET /goods/4632392 HTTP/1.1" 404 18013 "-" "Mozilla/5.0 (compatible; SemrushBot/7~bl; +http://www.semrush.com/bot.html)"
66.29.132.124 - - [16/Jan/2025:22:16:18 -0500] "POST /wp-admin/admin-ajax.php?action=async_litespeed&nonce=GLFDjPZ4WjNmatqAVW6ut50r97uZpvnh&litespeed_type=imgoptm HTTP/1.1" 200 21 "-" "WordPress/6.7.1; https://misswavenigeria.com"
66.249.65.98 - - [16/Jan/2025:22:16:25 -0500] "GET /index.php?static/3095089 HTTP/1.1" 200 68453 "-" "Mozilla/5.0 (Linux; Android 6.0.1; Nexus 5X Build/MMB29P) AppleWebKit/537.36 (KHTML, like Gecko) Chrome/132.0.6834.83 Mobile Safari/537.36 (compatible; Googlebot/2.1; +http://www.google.com/bot.html)"
66.249.65.98 - - [16/Jan/2025:22:16:44 -0500] "GET /goods/2589059 HTTP/1.1" 200 68994 "-" "Mozilla/5.0 (Linux; Android 6.0.1; Nexus 5X Build/MMB29P) AppleWebKit/537.36 (KHTML, like Gecko) Chrome/132.0.6834.83 Mobile Safari/537.36 (compatible; Googlebot/2.1; +http://www.google.com/bot.html)"
66.249.65.99 - - [16/Jan/2025:22:17:00 -0500] "GET /goods/286721 HTTP/1.1" 200 68995 "-" "Mozilla/5.0 (Linux; Android 6.0.1; Nexus 5X Build/MMB29P) AppleWebKit/537.36 (KHTML, like Gecko) Chrome/132.0.6834.83 Mobile Safari/537.36 (compatible; Googlebot/2.1; +http://www.google.com/bot.html)"
66.249.65.99 - - [16/Jan/2025:22:17:01 -0500] "GET /goods/123855 HTTP/1.1" 200 69348 "-" "Mozilla/5.0 (Linux; Android 6.0.1; Nexus 5X Build/MMB29P) AppleWebKit/537.36 (KHTML, like Gecko) Chrome/132.0.6834.83 Mobile Safari/537.36 (compatible; Googlebot/2.1; +http://www.google.com/bot.html)"
66.249.65.99 - - [16/Jan/2025:22:17:13 -0500] "GET /goods/4259420 HTTP/1.1" 200 68978 "-" "Mozilla/5.0 (Linux; Android 6.0.1; Nexus 5X Build/MMB29P) AppleWebKit/537.36 (KHTML, like Gecko) Chrome/132.0.6834.83 Mobile Safari/537.36 (compatible; Googlebot/2.1; +http://www.google.com/bot.html)"
138.199.18.147 - - [16/Jan/2025:22:15:48 -0500] "POST /register/ HTTP/1.0" 200 76060 "https://misswavenigeria.com/register/" "Mozilla/5.0 (Windows NT 10.0; Win64; x64) AppleWebKit/537.36 (KHTML, like Gecko) Chrome/103.0.5060.66 Safari/537.36"
66.249.65.98 - - [16/Jan/2025:22:17:19 -0500] "GET /goods/240947 HTTP/1.1" 200 68218 "-" "Mozilla/5.0 (Linux; Android 6.0.1; Nexus 5X Build/MMB29P) AppleWebKit/537.36 (KHTML, like Gecko) Chrome/132.0.6834.83 Mobile Safari/537.36 (compatible; Googlebot/2.1; +http://www.google.com/bot.html)"
66.29.132.124 - - [16/Jan/2025:22:17:20 -0500] "POST /wp-cron.php?doing_wp_cron=1737083840.9095849990844726562500 HTTP/1.1" 200 0 "-" "WordPress/6.7.1; https://misswavenigeria.com"
138.199.18.147 - - [16/Jan/2025:22:17:20 -0500] "GET /register/ HTTP/1.0" 200 75934 "https://misswavenigeria.com/" "Mozilla/5.0 (Windows NT 10.0; Win64; x64) AppleWebKit/537.36 (KHTML, like Gecko) Chrome/103.0.5060.66 Safari/537.36"
66.29.132.124 - - [16/Jan/2025:22:17:21 -0500] "POST /wp-admin/admin-ajax.php?action=async_litespeed&nonce=4GRWyK5gHu78JSy2Ll7hFJWFN21TJD17&litespeed_type=imgoptm HTTP/1.1" 200 21 "-" "WordPress/6.7.1; https://misswavenigeria.com"
66.249.65.98 - - [16/Jan/2025:22:17:28 -0500] "GET /index.php?goods/4101681 HTTP/1.1" 200 70069 "-" "Mozilla/5.0 (Linux; Android 6.0.1; Nexus 5X Build/MMB29P) AppleWebKit/537.36 (KHTML, like Gecko) Chrome/132.0.6834.83 Mobile Safari/537.36 (compatible; Googlebot/2.1; +http://www.google.com/bot.html)"
20.42.10.180 - - [16/Jan/2025:22:17:32 -0500] "GET /robots.txt HTTP/1.1" 304 0 "-" "Mozilla/5.0 AppleWebKit/537.36 (KHTML, like Gecko); compatible; OAI-SearchBot/1.0; +https://openai.com/searchbot"
66.249.65.99 - - [16/Jan/2025:22:17:50 -0500] "GET /index.php?static/846314 HTTP/1.1" 200 66680 "-" "Mozilla/5.0 (Linux; Android 6.0.1; Nexus 5X Build/MMB29P) AppleWebKit/537.36 (KHTML, like Gecko) Chrome/132.0.6834.83 Mobile Safari/537.36 (compatible; Googlebot/2.1; +http://www.google.com/bot.html)"
66.249.65.98 - - [16/Jan/2025:22:17:54 -0500] "GET /goods/4390566 HTTP/1.1" 200 70738 "-" "Mozilla/5.0 (Linux; Android 6.0.1; Nexus 5X Build/MMB29P) AppleWebKit/537.36 (KHTML, like Gecko) Chrome/132.0.6834.83 Mobile Safari/537.36 (compatible; Googlebot/2.1; +http://www.google.com/bot.html)"
66.29.132.124 - - [16/Jan/2025:22:18:02 -0500] "POST /wp-cron.php?doing_wp_cron=1737083882.6558260917663574218750 HTTP/1.1" 200 0 "-" "WordPress/6.7.1; https://misswavenigeria.com"
85.208.96.195 - - [16/Jan/2025:22:18:02 -0500] "GET /goods/835413 HTTP/1.1" 404 18013 "-" "Mozilla/5.0 (compatible; SemrushBot/7~bl; +http://www.semrush.com/bot.html)"
185.191.171.5 - - [16/Jan/2025:22:18:05 -0500] "GET /goods/183346 HTTP/1.1" 404 18013 "-" "Mozilla/5.0 (compatible; SemrushBot/7~bl; +http://www.semrush.com/bot.html)"
66.249.65.99 - - [16/Jan/2025:22:18:12 -0500] "GET /goods/540240 HTTP/1.1" 200 71551 "-" "Mozilla/5.0 (Linux; Android 6.0.1; Nexus 5X Build/MMB29P) AppleWebKit/537.36 (KHTML, like Gecko) Chrome/132.0.6834.83 Mobile Safari/537.36 (compatible; Googlebot/2.1; +http://www.google.com/bot.html)"
185.191.171.2 - - [16/Jan/2025:22:18:16 -0500] "GET /goods/2828286 HTTP/1.1" 404 18013 "-" "Mozilla/5.0 (compatible; SemrushBot/7~bl; +http://www.semrush.com/bot.html)"
66.29.132.124 - - [16/Jan/2025:22:18:19 -0500] "POST /wp-cron.php?doing_wp_cron=1737083899.2549819946289062500000 HTTP/1.1" 200 0 "-" "WordPress/6.7.1; https://misswavenigeria.com"
185.191.171.6 - - [16/Jan/2025:22:18:19 -0500] "GET /goods/1843663 HTTP/1.1" 404 18013 "-" "Mozilla/5.0 (compatible; SemrushBot/7~bl; +http://www.semrush.com/bot.html)"
66.29.132.124 - - [16/Jan/2025:22:18:19 -0500] "POST /wp-admin/admin-ajax.php?action=async_litespeed&nonce=tLBMezFwhYgV5fxsDejzS4MHji3bE6cL&litespeed_type=imgoptm HTTP/1.1" 200 21 "-" "WordPress/6.7.1; https://misswavenigeria.com"
66.249.65.98 - - [16/Jan/2025:22:18:24 -0500] "GET /index.php?goods/4458367 HTTP/1.1" 200 68209 "-" "Mozilla/5.0 (Linux; Android 6.0.1; Nexus 5X Build/MMB29P) AppleWebKit/537.36 (KHTML, like Gecko) Chrome/132.0.6834.83 Mobile Safari/537.36 (compatible; Googlebot/2.1; +http://www.google.com/bot.html)"
66.249.65.98 - - [16/Jan/2025:22:18:29 -0500] "GET /goods/1564052 HTTP/1.1" 200 71496 "-" "Mozilla/5.0 (Linux; Android 6.0.1; Nexus 5X Build/MMB29P) AppleWebKit/537.36 (KHTML, like Gecko) Chrome/132.0.6834.83 Mobile Safari/537.36 (compatible; Googlebot/2.1; +http://www.google.com/bot.html)"
66.29.132.124 - - [16/Jan/2025:22:18:32 -0500] "POST /wp-cron.php?doing_wp_cron=1737083912.5539100170135498046875 HTTP/1.1" 200 0 "-" "WordPress/6.7.1; https://misswavenigeria.com"
185.191.171.9 - - [16/Jan/2025:22:18:32 -0500] "GET /goods/1546658 HTTP/1.1" 404 18013 "-" "Mozilla/5.0 (compatible; SemrushBot/7~bl; +http://www.semrush.com/bot.html)"
185.191.171.9 - - [16/Jan/2025:22:18:35 -0500] "GET /goods/1903 HTTP/1.1" 404 18013 "-" "Mozilla/5.0 (compatible; SemrushBot/7~bl; +http://www.semrush.com/bot.html)"
85.208.96.212 - - [16/Jan/2025:22:18:39 -0500] "GET /robots.txt HTTP/1.1" 200 142 "-" "Mozilla/5.0 (compatible; SemrushBot/7~bl; +http://www.semrush.com/bot.html)"
185.191.171.17 - - [16/Jan/2025:22:18:40 -0500] "GET /goods/994995 HTTP/1.1" 404 18012 "-" "Mozilla/5.0 (compatible; SemrushBot/7~bl; +http://www.semrush.com/bot.html)"
185.191.171.16 - - [16/Jan/2025:22:18:43 -0500] "GET /goods/130997 HTTP/1.1" 404 18013 "-" "Mozilla/5.0 (compatible; SemrushBot/7~bl; +http://www.semrush.com/bot.html)"
85.208.96.207 - - [16/Jan/2025:22:18:47 -0500] "GET /goods/4074713 HTTP/1.1" 404 18013 "-" "Mozilla/5.0 (compatible; SemrushBot/7~bl; +http://www.semrush.com/bot.html)"
185.191.171.1 - - [16/Jan/2025:22:18:50 -0500] "GET /goods/4808190 HTTP/1.1" 404 18012 "-" "Mozilla/5.0 (compatible; SemrushBot/7~bl; +http://www.semrush.com/bot.html)"
185.191.171.14 - - [16/Jan/2025:22:18:53 -0500] "GET /goods/2434532 HTTP/1.1" 404 18012 "-" "Mozilla/5.0 (compatible; SemrushBot/7~bl; +http://www.semrush.com/bot.html)"
138.199.18.147 - - [16/Jan/2025:22:19:05 -0500] "GET / HTTP/1.0" 200 109067 "https://misswavenigeria.com/" "Mozilla/5.0 (Windows NT 6.1; Win64; x64) AppleWebKit/537.36 (KHTML, like Gecko) Chrome/103.0.0.0 Safari/537.36"
138.199.18.147 - - [16/Jan/2025:22:19:09 -0500] "GET /register/ HTTP/1.0" 200 75934 "https://misswavenigeria.com/register/" "Mozilla/5.0 (Windows NT 6.1; Win64; x64) AppleWebKit/537.36 (KHTML, like Gecko) Chrome/103.0.0.0 Safari/537.36"
66.249.65.98 - - [16/Jan/2025:22:19:12 -0500] "GET /goods/2632077 HTTP/1.1" 200 74059 "-" "Mozilla/5.0 (Linux; Android 6.0.1; Nexus 5X Build/MMB29P) AppleWebKit/537.36 (KHTML, like Gecko) Chrome/132.0.6834.83 Mobile Safari/537.36 (compatible; Googlebot/2.1; +http://www.google.com/bot.html)"
66.29.132.124 - - [16/Jan/2025:22:19:21 -0500] "POST /wp-cron.php?doing_wp_cron=1737083961.2221479415893554687500 HTTP/1.1" 200 0 "-" "WordPress/6.7.1; https://misswavenigeria.com"
85.208.96.207 - - [16/Jan/2025:22:19:21 -0500] "GET /goods/2527895 HTTP/1.1" 404 18013 "-" "Mozilla/5.0 (compatible; SemrushBot/7~bl; +http://www.semrush.com/bot.html)"
66.29.132.124 - - [16/Jan/2025:22:19:21 -0500] "POST /wp-admin/admin-ajax.php?action=async_litespeed&nonce=Mfj5KfClM61czBJH6MW57y1Bzsapjyif&litespeed_type=imgoptm HTTP/1.1" 200 21 "-" "WordPress/6.7.1; https://misswavenigeria.com"
66.249.65.98 - - [16/Jan/2025:22:19:20 -0500] "GET /goods/881220 HTTP/1.1" 200 70675 "-" "Mozilla/5.0 (Linux; Android 6.0.1; Nexus 5X Build/MMB29P) AppleWebKit/537.36 (KHTML, like Gecko) Chrome/132.0.6834.83 Mobile Safari/537.36 (compatible; Googlebot/2.1; +http://www.google.com/bot.html)"
185.191.171.18 - - [16/Jan/2025:22:19:23 -0500] "GET /goods/3505098 HTTP/1.1" 404 18013 "-" "Mozilla/5.0 (compatible; SemrushBot/7~bl; +http://www.semrush.com/bot.html)"
66.249.65.98 - - [16/Jan/2025:22:19:25 -0500] "GET /goods/113136 HTTP/1.1" 200 68588 "-" "Mozilla/5.0 (Linux; Android 6.0.1; Nexus 5X Build/MMB29P) AppleWebKit/537.36 (KHTML, like Gecko) Chrome/132.0.6834.83 Mobile Safari/537.36 (compatible; Googlebot/2.1; +http://www.google.com/bot.html)"
206.189.61.2 - - [16/Jan/2025:22:19:27 -0500] "GET / HTTP/1.1" 200 24482 "-" "Mozilla/5.0 (Windows NT 10.0; Win64; x64) AppleWebKit/537.36 (KHTML, like Gecko) Chrome/116.0.0.0 Safari/537.36"
66.29.132.124 - - [16/Jan/2025:22:19:28 -0500] "POST /wp-cron.php?doing_wp_cron=1737083968.2491331100463867187500 HTTP/1.1" 200 0 "-" "WordPress/6.7.1; https://misswavenigeria.com"
206.189.61.2 - - [16/Jan/2025:22:19:27 -0500] "GET /wp-json HTTP/1.1" 200 248797 "-" "Mozilla/5.0 (X11; Ubuntu; Linux x86_64; rv:109.0) Gecko/20100101 Firefox/117.0"
206.189.61.2 - - [16/Jan/2025:22:19:29 -0500] "GET / HTTP/1.1" 200 24482 "-" "Mozilla/5.0 (X11; Ubuntu; Linux x86_64; rv:109.0) Gecko/20100101 Firefox/117.0"
206.189.61.2 - - [16/Jan/2025:22:19:30 -0500] "GET /wp-json HTTP/1.1" 200 248797 "-" "Mozilla/5.0 (Macintosh; Intel Mac OS X 10_15_7) AppleWebKit/537.36 (KHTML, like Gecko) Chrome/117.0.0.0 Safari/537.36"
206.189.61.2 - - [16/Jan/2025:22:19:31 -0500] "GET / HTTP/1.1" 200 24482 "-" "Mozilla/5.0 (Macintosh; Intel Mac OS X 10_15_7) AppleWebKit/537.36 (KHTML, like Gecko) Chrome/116.0.0.0 Safari/537.36"
206.189.61.2 - - [16/Jan/2025:22:19:32 -0500] "GET /wp-content/plugins/wp-time-capsule/wp-tcapsule-bridge/upload/php/ HTTP/1.1" 404 18013 "-" "Mozilla/5.0 (Macintosh; Intel Mac OS X 10_15_7) AppleWebKit/537.36 (KHTML, like Gecko) Chrome/116.0.0.0 Safari/537.36"
206.189.61.2 - - [16/Jan/2025:22:19:32 -0500] "GET /wp-json HTTP/1.1" 200 248797 "-" "Mozilla/5.0 (X11; Linux x86_64) AppleWebKit/537.36 (KHTML, like Gecko) Chrome/116.0.0.0 Safari/537.36"
206.189.61.2 - - [16/Jan/2025:22:19:34 -0500] "GET /wp-content/plugins/wp-hide-security-enhancer/assets/js/devtools-detect.js HTTP/1.1" 404 18013 "-" "Mozilla/5.0 (Windows NT 10.0; Win64; x64; rv:109.0) Gecko/20100101 Firefox/117.0"
206.189.61.2 - - [16/Jan/2025:22:19:34 -0500] "GET /wp-content/plugins/wp-file-upload/css/wordpress_file_upload_style.css HTTP/1.1" 404 18013 "-" "Mozilla/5.0 (Windows NT 10.0; Win64; x64; rv:109.0) Gecko/20100101 Firefox/118.0"
206.189.61.2 - - [16/Jan/2025:22:19:35 -0500] "GET /wp-content/plugins/wp-database-backup/assets/css/wpdb_admin.css HTTP/1.1" 404 18012 "-" "Mozilla/5.0 (Windows NT 10.0; Win64; x64; rv:109.0) Gecko/20100101 Firefox/117.0"
206.189.61.2 - - [16/Jan/2025:22:19:36 -0500] "GET /wp-admin/admin-ajax.php?action=sb_fav_ad HTTP/1.1" 400 21 "-" "Mozilla/5.0 (X11; Linux x86_64) AppleWebKit/537.36 (KHTML, like Gecko) Chrome/117.0.0.0 Safari/537.36"
185.191.171.11 - - [16/Jan/2025:22:19:38 -0500] "GET /goods/2443857 HTTP/1.1" 404 18013 "-" "Mozilla/5.0 (compatible; SemrushBot/7~bl; +http://www.semrush.com/bot.html)"
66.249.65.98 - - [16/Jan/2025:22:19:47 -0500] "GET /goods/133623 HTTP/1.1" 200 70771 "-" "Mozilla/5.0 (Linux; Android 6.0.1; Nexus 5X Build/MMB29P) AppleWebKit/537.36 (KHTML, like Gecko) Chrome/132.0.6834.83 Mobile Safari/537.36 (compatible; Googlebot/2.1; +http://www.google.com/bot.html)"
185.191.171.14 - - [16/Jan/2025:22:19:55 -0500] "GET /goods/788963 HTTP/1.1" 404 18012 "-" "Mozilla/5.0 (compatible; SemrushBot/7~bl; +http://www.semrush.com/bot.html)"
66.249.65.98 - - [16/Jan/2025:22:19:56 -0500] "GET /index.php?goods/3563105 HTTP/1.1" 200 69827 "-" "Mozilla/5.0 (Linux; Android 6.0.1; Nexus 5X Build/MMB29P) AppleWebKit/537.36 (KHTML, like Gecko) Chrome/132.0.6834.83 Mobile Safari/537.36 (compatible; Googlebot/2.1; +http://www.google.com/bot.html)"
66.249.65.98 - - [16/Jan/2025:22:19:56 -0500] "GET /index.php?category/1297282?keyword=%E3%81%8A%E3%82%82%E3%81%A1%E3%82%83 HTTP/1.1" 200 74405 "-" "Mozilla/5.0 (Linux; Android 6.0.1; Nexus 5X Build/MMB29P) AppleWebKit/537.36 (KHTML, like Gecko) Chrome/132.0.6834.83 Mobile Safari/537.36 (compatible; Googlebot/2.1; +http://www.google.com/bot.html)"
66.249.65.98 - - [16/Jan/2025:22:19:59 -0500] "GET /goods/1462976 HTTP/1.1" 200 70455 "-" "Mozilla/5.0 (Linux; Android 6.0.1; Nexus 5X Build/MMB29P) AppleWebKit/537.36 (KHTML, like Gecko) Chrome/132.0.6834.83 Mobile Safari/537.36 (compatible; Googlebot/2.1; +http://www.google.com/bot.html)"
185.191.171.12 - - [16/Jan/2025:22:20:03 -0500] "GET /goods/3144021 HTTP/1.1" 404 18012 "-" "Mozilla/5.0 (compatible; SemrushBot/7~bl; +http://www.semrush.com/bot.html)"
185.191.171.11 - - [16/Jan/2025:22:20:07 -0500] "GET /goods/1928011 HTTP/1.1" 404 18013 "-" "Mozilla/5.0 (compatible; SemrushBot/7~bl; +http://www.semrush.com/bot.html)"
85.208.96.203 - - [16/Jan/2025:22:20:12 -0500] "GET /goods/1772337 HTTP/1.1" 404 18012 "-" "Mozilla/5.0 (compatible; SemrushBot/7~bl; +http://www.semrush.com/bot.html)"
66.29.132.124 - - [16/Jan/2025:22:20:22 -0500] "POST /wp-cron.php?doing_wp_cron=1737084022.0541050434112548828125 HTTP/1.1" 200 0 "-" "WordPress/6.7.1; https://misswavenigeria.com"
185.191.171.6 - - [16/Jan/2025:22:20:21 -0500] "GET /goods/3053370 HTTP/1.1" 404 18012 "-" "Mozilla/5.0 (compatible; SemrushBot/7~bl; +http://www.semrush.com/bot.html)"
66.29.132.124 - - [16/Jan/2025:22:20:22 -0500] "POST /wp-admin/admin-ajax.php?action=async_litespeed&nonce=kQtMo2JXW0yE555K69LNm1P9aLnanVx3&litespeed_type=imgoptm HTTP/1.1" 200 21 "-" "WordPress/6.7.1; https://misswavenigeria.com"
66.29.132.124 - - [16/Jan/2025:22:20:25 -0500] "POST /wp-cron.php?doing_wp_cron=1737084025.9855499267578125000000 HTTP/1.1" 200 0 "-" "WordPress/6.7.1; https://misswavenigeria.com"
185.191.171.7 - - [16/Jan/2025:22:20:25 -0500] "GET /goods/1555677 HTTP/1.1" 404 18012 "-" "Mozilla/5.0 (compatible; SemrushBot/7~bl; +http://www.semrush.com/bot.html)"
66.249.65.98 - - [16/Jan/2025:22:20:31 -0500] "GET /index.php?static/4378594 HTTP/1.1" 200 69149 "-" "Mozilla/5.0 (Linux; Android 6.0.1; Nexus 5X Build/MMB29P) AppleWebKit/537.36 (KHTML, like Gecko) Chrome/132.0.6834.83 Mobile Safari/537.36 (compatible; Googlebot/2.1; +http://www.google.com/bot.html)"
66.249.65.98 - - [16/Jan/2025:22:20:34 -0500] "GET /goods/3145641 HTTP/1.1" 200 68629 "-" "Mozilla/5.0 (Linux; Android 6.0.1; Nexus 5X Build/MMB29P) AppleWebKit/537.36 (KHTML, like Gecko) Chrome/132.0.6834.83 Mobile Safari/537.36 (compatible; Googlebot/2.1; +http://www.google.com/bot.html)"
138.199.18.147 - - [16/Jan/2025:22:19:10 -0500] "POST /register/ HTTP/1.0" 200 76060 "https://misswavenigeria.com/register/" "Mozilla/5.0 (Windows NT 6.1; Win64; x64) AppleWebKit/537.36 (KHTML, like Gecko) Chrome/103.0.0.0 Safari/537.36"
138.199.18.147 - - [16/Jan/2025:22:20:44 -0500] "GET /register/ HTTP/1.0" 200 75934 "https://misswavenigeria.com/" "Mozilla/5.0 (Windows NT 6.1; Win64; x64) AppleWebKit/537.36 (KHTML, like Gecko) Chrome/103.0.0.0 Safari/537.36"
66.249.65.98 - - [16/Jan/2025:22:20:50 -0500] "GET /goods/3975073 HTTP/1.1" 200 69875 "-" "Mozilla/5.0 (Linux; Android 6.0.1; Nexus 5X Build/MMB29P) AppleWebKit/537.36 (KHTML, like Gecko) Chrome/132.0.6834.83 Mobile Safari/537.36 (compatible; Googlebot/2.1; +http://www.google.com/bot.html)"
66.249.65.98 - - [16/Jan/2025:22:21:07 -0500] "GET /goods/2521557 HTTP/1.1" 200 68587 "-" "Mozilla/5.0 (Linux; Android 6.0.1; Nexus 5X Build/MMB29P) AppleWebKit/537.36 (KHTML, like Gecko) Chrome/132.0.6834.83 Mobile Safari/537.36 (compatible; Googlebot/2.1; +http://www.google.com/bot.html)"
66.249.65.98 - - [16/Jan/2025:22:21:16 -0500] "GET /index.php?static/1355579 HTTP/1.1" 200 68546 "-" "Mozilla/5.0 (Linux; Android 6.0.1; Nexus 5X Build/MMB29P) AppleWebKit/537.36 (KHTML, like Gecko) Chrome/132.0.6834.83 Mobile Safari/537.36 (compatible; Googlebot/2.1; +http://www.google.com/bot.html)"
66.29.132.124 - - [16/Jan/2025:22:21:23 -0500] "POST /wp-cron.php?doing_wp_cron=1737084083.7099061012268066406250 HTTP/1.1" 200 0 "-" "WordPress/6.7.1; https://misswavenigeria.com"
185.191.171.17 - - [16/Jan/2025:22:21:23 -0500] "GET /goods/3830265 HTTP/1.1" 404 18012 "-" "Mozilla/5.0 (compatible; SemrushBot/7~bl; +http://www.semrush.com/bot.html)"
66.29.132.124 - - [16/Jan/2025:22:21:24 -0500] "POST /wp-admin/admin-ajax.php?action=async_litespeed&nonce=gA8IhHanLAhUhWgA8nrjD6TIzTyCHuns&litespeed_type=imgoptm HTTP/1.1" 200 21 "-" "WordPress/6.7.1; https://misswavenigeria.com"
66.249.65.98 - - [16/Jan/2025:22:21:43 -0500] "GET /goods/1895953 HTTP/1.1" 200 68330 "-" "Mozilla/5.0 (Linux; Android 6.0.1; Nexus 5X Build/MMB29P) AppleWebKit/537.36 (KHTML, like Gecko) Chrome/132.0.6834.83 Mobile Safari/537.36 (compatible; Googlebot/2.1; +http://www.google.com/bot.html)"
66.249.65.98 - - [16/Jan/2025:22:21:53 -0500] "GET /index.php?static/79527 HTTP/1.1" 200 74289 "-" "Mozilla/5.0 (Linux; Android 6.0.1; Nexus 5X Build/MMB29P) AppleWebKit/537.36 (KHTML, like Gecko) Chrome/132.0.6834.83 Mobile Safari/537.36 (compatible; Googlebot/2.1; +http://www.google.com/bot.html)"
