52.167.144.172 - - [16/Jan/2025:21:32:40 -0500] "GET /rmdzk/b162768.html HTTP/1.1" 200 69640 "-" "Mozilla/5.0 AppleWebKit/537.36 (KHTML, like Gecko; compatible; bingbot/2.0; +http://www.bing.com/bingbot.htm) Chrome/116.0.1938.76 Safari/537.36"
40.77.167.16 - - [16/Jan/2025:21:32:54 -0500] "GET /xmcmp/q154567.html HTTP/1.1" 200 68743 "-" "Mozilla/5.0 AppleWebKit/537.36 (KHTML, like Gecko; compatible; bingbot/2.0; +http://www.bing.com/bingbot.htm) Chrome/116.0.1938.76 Safari/537.36"
52.167.144.172 - - [16/Jan/2025:21:33:50 -0500] "GET /jwhuv/o794607.html HTTP/1.1" 200 69861 "-" "Mozilla/5.0 AppleWebKit/537.36 (KHTML, like Gecko; compatible; bingbot/2.0; +http://www.bing.com/bingbot.htm) Chrome/116.0.1938.76 Safari/537.36"
52.167.144.202 - - [16/Jan/2025:21:33:55 -0500] "GET /xqlvv/n213610.html HTTP/1.1" 200 71059 "-" "Mozilla/5.0 AppleWebKit/537.36 (KHTML, like Gecko; compatible; bingbot/2.0; +http://www.bing.com/bingbot.htm) Chrome/116.0.1938.76 Safari/537.36"
52.167.144.202 - - [16/Jan/2025:21:33:58 -0500] "GET /mkmcu/k2776037.html HTTP/1.1" 200 70447 "-" "Mozilla/5.0 AppleWebKit/537.36 (KHTML, like Gecko; compatible; bingbot/2.0; +http://www.bing.com/bingbot.htm) Chrome/116.0.1938.76 Safari/537.36"
52.167.144.172 - - [16/Jan/2025:21:34:17 -0500] "GET /aytfs/a243081.html HTTP/1.1" 200 69151 "-" "Mozilla/5.0 AppleWebKit/537.36 (KHTML, like Gecko; compatible; bingbot/2.0; +http://www.bing.com/bingbot.htm) Chrome/116.0.1938.76 Safari/537.36"
52.167.144.172 - - [16/Jan/2025:21:34:46 -0500] "GET /qychc/b2375498.html HTTP/1.1" 200 70123 "-" "Mozilla/5.0 AppleWebKit/537.36 (KHTML, like Gecko; compatible; bingbot/2.0; +http://www.bing.com/bingbot.htm) Chrome/116.0.1938.76 Safari/537.36"
52.167.144.187 - - [16/Jan/2025:21:34:50 -0500] "GET /imbwc/m2238385.html HTTP/1.1" 200 68887 "-" "Mozilla/5.0 AppleWebKit/537.36 (KHTML, like Gecko; compatible; bingbot/2.0; +http://www.bing.com/bingbot.htm) Chrome/116.0.1938.76 Safari/537.36"
52.167.144.202 - - [16/Jan/2025:21:35:01 -0500] "GET /nycih/i1972557.html HTTP/1.1" 200 71410 "-" "Mozilla/5.0 AppleWebKit/537.36 (KHTML, like Gecko; compatible; bingbot/2.0; +http://www.bing.com/bingbot.htm) Chrome/116.0.1938.76 Safari/537.36"
40.77.167.56 - - [16/Jan/2025:21:35:07 -0500] "GET /zbvyt/g923559.html HTTP/1.1" 200 70638 "-" "Mozilla/5.0 AppleWebKit/537.36 (KHTML, like Gecko; compatible; bingbot/2.0; +http://www.bing.com/bingbot.htm) Chrome/116.0.1938.76 Safari/537.36"
40.77.167.56 - - [16/Jan/2025:21:35:15 -0500] "GET /ksapg/m2239971.html HTTP/1.1" 200 67901 "-" "Mozilla/5.0 AppleWebKit/537.36 (KHTML, like Gecko; compatible; bingbot/2.0; +http://www.bing.com/bingbot.htm) Chrome/116.0.1938.76 Safari/537.36"
52.167.144.202 - - [16/Jan/2025:21:35:16 -0500] "GET /cjrgr/s1042183.html HTTP/1.1" 200 68806 "-" "Mozilla/5.0 AppleWebKit/537.36 (KHTML, like Gecko; compatible; bingbot/2.0; +http://www.bing.com/bingbot.htm) Chrome/116.0.1938.76 Safari/537.36"
40.77.167.56 - - [16/Jan/2025:21:35:19 -0500] "GET /zjbhg/y2035571.html HTTP/1.1" 200 68257 "-" "Mozilla/5.0 AppleWebKit/537.36 (KHTML, like Gecko; compatible; bingbot/2.0; +http://www.bing.com/bingbot.htm) Chrome/116.0.1938.76 Safari/537.36"
52.167.144.187 - - [16/Jan/2025:21:35:46 -0500] "GET /meuvy/v316578.html HTTP/1.1" 200 70648 "-" "Mozilla/5.0 AppleWebKit/537.36 (KHTML, like Gecko; compatible; bingbot/2.0; +http://www.bing.com/bingbot.htm) Chrome/116.0.1938.76 Safari/537.36"
52.167.144.187 - - [16/Jan/2025:21:35:48 -0500] "GET /wgarp/e2086251.html HTTP/1.1" 200 69428 "-" "Mozilla/5.0 AppleWebKit/537.36 (KHTML, like Gecko; compatible; bingbot/2.0; +http://www.bing.com/bingbot.htm) Chrome/116.0.1938.76 Safari/537.36"
40.77.167.16 - - [16/Jan/2025:21:35:56 -0500] "GET /fngjy/g2536365.html HTTP/1.1" 200 69040 "-" "Mozilla/5.0 AppleWebKit/537.36 (KHTML, like Gecko; compatible; bingbot/2.0; +http://www.bing.com/bingbot.htm) Chrome/116.0.1938.76 Safari/537.36"
52.167.144.172 - - [16/Jan/2025:21:35:56 -0500] "GET /heaxe/a2869809.html HTTP/1.1" 200 68065 "-" "Mozilla/5.0 AppleWebKit/537.36 (KHTML, like Gecko; compatible; bingbot/2.0; +http://www.bing.com/bingbot.htm) Chrome/116.0.1938.76 Safari/537.36"
52.167.144.20 - - [16/Jan/2025:21:35:58 -0500] "GET /muwmx/h2577238.html HTTP/1.1" 200 68314 "-" "Mozilla/5.0 AppleWebKit/537.36 (KHTML, like Gecko; compatible; bingbot/2.0; +http://www.bing.com/bingbot.htm) Chrome/116.0.1938.76 Safari/537.36"
40.77.167.56 - - [16/Jan/2025:21:36:00 -0500] "GET /fhghq/w2482899.html HTTP/1.1" 200 68955 "-" "Mozilla/5.0 AppleWebKit/537.36 (KHTML, like Gecko; compatible; bingbot/2.0; +http://www.bing.com/bingbot.htm) Chrome/116.0.1938.76 Safari/537.36"
40.77.167.56 - - [16/Jan/2025:21:36:03 -0500] "GET /oluhc/s653301.html HTTP/1.1" 200 70623 "-" "Mozilla/5.0 AppleWebKit/537.36 (KHTML, like Gecko; compatible; bingbot/2.0; +http://www.bing.com/bingbot.htm) Chrome/116.0.1938.76 Safari/537.36"
66.249.74.131 - - [16/Jan/2025:21:36:03 -0500] "GET /frtvp/x797502.html HTTP/1.1" 200 69676 "-" "Mozilla/5.0 (Linux; Android 6.0.1; Nexus 5X Build/MMB29P) AppleWebKit/537.36 (KHTML, like Gecko) Chrome/132.0.6834.83 Mobile Safari/537.36 (compatible; Googlebot/2.1; +http://www.google.com/bot.html)"
52.167.144.187 - - [16/Jan/2025:21:36:07 -0500] "GET /ftqmc/x2285326.html HTTP/1.1" 200 68044 "-" "Mozilla/5.0 AppleWebKit/537.36 (KHTML, like Gecko; compatible; bingbot/2.0; +http://www.bing.com/bingbot.htm) Chrome/116.0.1938.76 Safari/537.36"
52.167.144.20 - - [16/Jan/2025:21:36:37 -0500] "GET /loynj/m267741.html HTTP/1.1" 200 68994 "-" "Mozilla/5.0 AppleWebKit/537.36 (KHTML, like Gecko; compatible; bingbot/2.0; +http://www.bing.com/bingbot.htm) Chrome/116.0.1938.76 Safari/537.36"
52.167.144.187 - - [16/Jan/2025:21:36:57 -0500] "GET /snikx/f901588.html HTTP/1.1" 200 69910 "-" "Mozilla/5.0 AppleWebKit/537.36 (KHTML, like Gecko; compatible; bingbot/2.0; +http://www.bing.com/bingbot.htm) Chrome/116.0.1938.76 Safari/537.36"
40.77.167.56 - - [16/Jan/2025:21:37:07 -0500] "GET /nngch/w1463621.html HTTP/1.1" 200 68714 "-" "Mozilla/5.0 AppleWebKit/537.36 (KHTML, like Gecko; compatible; bingbot/2.0; +http://www.bing.com/bingbot.htm) Chrome/116.0.1938.76 Safari/537.36"
52.167.144.187 - - [16/Jan/2025:21:37:36 -0500] "GET /rcfmx/j2905932.html HTTP/1.1" 200 68912 "-" "Mozilla/5.0 AppleWebKit/537.36 (KHTML, like Gecko; compatible; bingbot/2.0; +http://www.bing.com/bingbot.htm) Chrome/116.0.1938.76 Safari/537.36"
52.167.144.202 - - [16/Jan/2025:21:37:59 -0500] "GET /inmiz/o1926205.html HTTP/1.1" 200 69179 "-" "Mozilla/5.0 AppleWebKit/537.36 (KHTML, like Gecko; compatible; bingbot/2.0; +http://www.bing.com/bingbot.htm) Chrome/116.0.1938.76 Safari/537.36"
52.167.144.20 - - [16/Jan/2025:21:38:07 -0500] "GET /riudo/w1422775.html HTTP/1.1" 200 70403 "-" "Mozilla/5.0 AppleWebKit/537.36 (KHTML, like Gecko; compatible; bingbot/2.0; +http://www.bing.com/bingbot.htm) Chrome/116.0.1938.76 Safari/537.36"
40.77.167.56 - - [16/Jan/2025:21:38:10 -0500] "GET /duqsa/q2893329.html HTTP/1.1" 200 71036 "-" "Mozilla/5.0 AppleWebKit/537.36 (KHTML, like Gecko; compatible; bingbot/2.0; +http://www.bing.com/bingbot.htm) Chrome/116.0.1938.76 Safari/537.36"
40.77.167.56 - - [16/Jan/2025:21:38:12 -0500] "GET /hmcyo/j2494794.html HTTP/1.1" 200 69557 "-" "Mozilla/5.0 AppleWebKit/537.36 (KHTML, like Gecko; compatible; bingbot/2.0; +http://www.bing.com/bingbot.htm) Chrome/116.0.1938.76 Safari/537.36"
66.29.132.124 - - [16/Jan/2025:21:38:28 -0500] "POST /wp-cron.php?doing_wp_cron=1737081508.3338301181793212890625 HTTP/1.1" 200 0 "-" "WordPress/6.7.1; https://diixadigital.com"
66.29.132.124 - - [16/Jan/2025:21:38:29 -0500] "POST /wp-admin/admin-ajax.php?action=async_litespeed&nonce=VlcY3xJrwC3PGjBXUxh0M2Tizr2oAizV&litespeed_type=imgoptm HTTP/1.1" 200 0 "-" "WordPress/6.7.1; https://diixadigital.com"
43.130.102.223 - - [16/Jan/2025:21:38:25 -0500] "GET / HTTP/1.1" 200 21282 "http://diixadigital.com" "Mozilla/5.0 (iPhone; CPU iPhone OS 13_2_3 like Mac OS X) AppleWebKit/605.1.15 (KHTML, like Gecko) Version/13.0.3 Mobile/15E148 Safari/604.1"
52.167.144.20 - - [16/Jan/2025:21:38:57 -0500] "GET /dyisp/m1570887.html HTTP/1.1" 200 67557 "-" "Mozilla/5.0 AppleWebKit/537.36 (KHTML, like Gecko; compatible; bingbot/2.0; +http://www.bing.com/bingbot.htm) Chrome/116.0.1938.76 Safari/537.36"
52.167.144.187 - - [16/Jan/2025:21:38:57 -0500] "GET /ezgtu/t2391194.html HTTP/1.1" 200 68496 "-" "Mozilla/5.0 AppleWebKit/537.36 (KHTML, like Gecko; compatible; bingbot/2.0; +http://www.bing.com/bingbot.htm) Chrome/116.0.1938.76 Safari/537.36"
66.249.74.132 - - [16/Jan/2025:21:39:02 -0500] "GET /ibota/l810776.html HTTP/1.1" 200 69118 "-" "Mozilla/5.0 (compatible; Googlebot/2.1; +http://www.google.com/bot.html)"
40.77.167.16 - - [16/Jan/2025:21:39:07 -0500] "GET /eskbf/n2815378.html HTTP/1.1" 200 68502 "-" "Mozilla/5.0 AppleWebKit/537.36 (KHTML, like Gecko; compatible; bingbot/2.0; +http://www.bing.com/bingbot.htm) Chrome/116.0.1938.76 Safari/537.36"
66.249.74.131 - - [16/Jan/2025:21:39:10 -0500] "GET /qjdsn/f1744144.html HTTP/1.1" 200 67849 "-" "Mozilla/5.0 (Linux; Android 6.0.1; Nexus 5X Build/MMB29P) AppleWebKit/537.36 (KHTML, like Gecko) Chrome/132.0.6834.83 Mobile Safari/537.36 (compatible; Googlebot/2.1; +http://www.google.com/bot.html)"
40.77.167.56 - - [16/Jan/2025:21:39:17 -0500] "GET /btzrp/l1224982.html HTTP/1.1" 200 71506 "-" "Mozilla/5.0 AppleWebKit/537.36 (KHTML, like Gecko; compatible; bingbot/2.0; +http://www.bing.com/bingbot.htm) Chrome/116.0.1938.76 Safari/537.36"
40.77.167.16 - - [16/Jan/2025:21:39:57 -0500] "GET /hnviv/r1475550.html HTTP/1.1" 200 71462 "-" "Mozilla/5.0 AppleWebKit/537.36 (KHTML, like Gecko; compatible; bingbot/2.0; +http://www.bing.com/bingbot.htm) Chrome/116.0.1938.76 Safari/537.36"
40.77.167.230 - - [16/Jan/2025:21:40:00 -0500] "GET /opyfg/m2620481.html HTTP/1.1" 200 68348 "-" "Mozilla/5.0 AppleWebKit/537.36 (KHTML, like Gecko; compatible; bingbot/2.0; +http://www.bing.com/bingbot.htm) Chrome/116.0.1938.76 Safari/537.36"
52.167.144.202 - - [16/Jan/2025:21:40:09 -0500] "GET /ohcne/e348697.html HTTP/1.1" 200 70048 "-" "Mozilla/5.0 AppleWebKit/537.36 (KHTML, like Gecko; compatible; bingbot/2.0; +http://www.bing.com/bingbot.htm) Chrome/116.0.1938.76 Safari/537.36"
52.167.144.20 - - [16/Jan/2025:21:40:17 -0500] "GET /qixvi/x1926656.html HTTP/1.1" 200 68126 "-" "Mozilla/5.0 AppleWebKit/537.36 (KHTML, like Gecko; compatible; bingbot/2.0; +http://www.bing.com/bingbot.htm) Chrome/116.0.1938.76 Safari/537.36"
40.77.167.56 - - [16/Jan/2025:21:40:18 -0500] "GET /jmyph/n2048378.html HTTP/1.1" 200 69073 "-" "Mozilla/5.0 AppleWebKit/537.36 (KHTML, like Gecko; compatible; bingbot/2.0; +http://www.bing.com/bingbot.htm) Chrome/116.0.1938.76 Safari/537.36"
52.167.144.20 - - [16/Jan/2025:21:40:20 -0500] "GET /dwfxr/k1838581.html HTTP/1.1" 200 68531 "-" "Mozilla/5.0 AppleWebKit/537.36 (KHTML, like Gecko; compatible; bingbot/2.0; +http://www.bing.com/bingbot.htm) Chrome/116.0.1938.76 Safari/537.36"
66.249.74.131 - - [16/Jan/2025:21:40:31 -0500] "GET /jxbek/l2821772.html HTTP/1.1" 200 70332 "-" "Mozilla/5.0 (Linux; Android 6.0.1; Nexus 5X Build/MMB29P) AppleWebKit/537.36 (KHTML, like Gecko) Chrome/132.0.6834.83 Mobile Safari/537.36 (compatible; Googlebot/2.1; +http://www.google.com/bot.html)"
52.167.144.187 - - [16/Jan/2025:21:41:07 -0500] "GET /elxhf/m2292491.html HTTP/1.1" 200 69294 "-" "Mozilla/5.0 AppleWebKit/537.36 (KHTML, like Gecko; compatible; bingbot/2.0; +http://www.bing.com/bingbot.htm) Chrome/116.0.1938.76 Safari/537.36"
216.10.27.175 - - [16/Jan/2025:21:41:16 -0500] "GET /allsitemap.xml/sxallsitemap.xml HTTP/1.1" 200 11 "-" "Mozilla/5.0(compatible;Googlebot/2.1;+http://www.google.com/bot.html)"
52.167.144.202 - - [16/Jan/2025:21:41:26 -0500] "GET /aryvv/q2986019.html HTTP/1.1" 200 67721 "-" "Mozilla/5.0 AppleWebKit/537.36 (KHTML, like Gecko; compatible; bingbot/2.0; +http://www.bing.com/bingbot.htm) Chrome/116.0.1938.76 Safari/537.36"
102.212.90.85 - - [16/Jan/2025:21:41:32 -0500] "GET /allsitemap.xml/1111/1111.html HTTP/1.1" 200 470457 "-" "Mozilla/5.0(compatible;Googlebot/2.1;+http://www.google.com/bot.html)"
66.29.132.124 - - [16/Jan/2025:21:41:54 -0500] "POST /wp-cron.php?doing_wp_cron=1737081714.8133380413055419921875 HTTP/1.1" 200 0 "-" "WordPress/6.7.1; https://diixadigital.com"
107.189.26.17 - - [16/Jan/2025:21:41:54 -0500] "GET /wp-content/plugins/about.php HTTP/1.1" 404 15346 "-" "Mozlila/5.0 (Linux; Android 7.0; SM-G892A Bulid/NRD90M; wv) AppleWebKit/537.36 (KHTML, like Gecko) Version/4.0 Chrome/60.0.3112.107 Moblie Safari/537.36"
66.29.132.124 - - [16/Jan/2025:21:41:55 -0500] "POST /wp-admin/admin-ajax.php?action=async_litespeed&nonce=5wTYcCTuC4ceK7bte18od2MxigpoDouo&litespeed_type=imgoptm HTTP/1.1" 200 0 "-" "WordPress/6.7.1; https://diixadigital.com"
107.189.26.17 - - [16/Jan/2025:21:42:09 -0500] "GET /geju.php HTTP/1.1" 404 15346 "-" "Mozlila/5.0 (Linux; Android 7.0; SM-G892A Bulid/NRD90M; wv) AppleWebKit/537.36 (KHTML, like Gecko) Version/4.0 Chrome/60.0.3112.107 Moblie Safari/537.36"
107.189.26.17 - - [16/Jan/2025:21:42:17 -0500] "GET /wp.php HTTP/1.1" 404 15346 "-" "Mozlila/5.0 (Linux; Android 7.0; SM-G892A Bulid/NRD90M; wv) AppleWebKit/537.36 (KHTML, like Gecko) Version/4.0 Chrome/60.0.3112.107 Moblie Safari/537.36"
40.77.167.230 - - [16/Jan/2025:21:42:16 -0500] "GET /bislh/j3021996.html HTTP/1.1" 200 68724 "-" "Mozilla/5.0 AppleWebKit/537.36 (KHTML, like Gecko; compatible; bingbot/2.0; +http://www.bing.com/bingbot.htm) Chrome/116.0.1938.76 Safari/537.36"
52.167.144.149 - - [16/Jan/2025:21:42:56 -0500] "GET /tzczh/y772257.html HTTP/1.1" 200 68622 "-" "Mozilla/5.0 AppleWebKit/537.36 (KHTML, like Gecko; compatible; bingbot/2.0; +http://www.bing.com/bingbot.htm) Chrome/116.0.1938.76 Safari/537.36"
52.167.144.149 - - [16/Jan/2025:21:42:58 -0500] "GET /oonoo/p1355922.html HTTP/1.1" 200 68371 "-" "Mozilla/5.0 AppleWebKit/537.36 (KHTML, like Gecko; compatible; bingbot/2.0; +http://www.bing.com/bingbot.htm) Chrome/116.0.1938.76 Safari/537.36"
52.167.144.187 - - [16/Jan/2025:21:43:00 -0500] "GET /mimug/a2266349.html HTTP/1.1" 200 68621 "-" "Mozilla/5.0 AppleWebKit/537.36 (KHTML, like Gecko; compatible; bingbot/2.0; +http://www.bing.com/bingbot.htm) Chrome/116.0.1938.76 Safari/537.36"
40.77.167.230 - - [16/Jan/2025:21:43:28 -0500] "GET /jcgco/x2157926.html HTTP/1.1" 200 68490 "-" "Mozilla/5.0 AppleWebKit/537.36 (KHTML, like Gecko; compatible; bingbot/2.0; +http://www.bing.com/bingbot.htm) Chrome/116.0.1938.76 Safari/537.36"
52.167.144.197 - - [16/Jan/2025:21:43:36 -0500] "GET /zzdnx/w779119.html HTTP/1.1" 200 69270 "-" "Mozilla/5.0 AppleWebKit/537.36 (KHTML, like Gecko; compatible; bingbot/2.0; +http://www.bing.com/bingbot.htm) Chrome/116.0.1938.76 Safari/537.36"
40.77.167.230 - - [16/Jan/2025:21:43:46 -0500] "GET /xefjq/h232870.html HTTP/1.1" 200 69332 "-" "Mozilla/5.0 AppleWebKit/537.36 (KHTML, like Gecko; compatible; bingbot/2.0; +http://www.bing.com/bingbot.htm) Chrome/116.0.1938.76 Safari/537.36"
52.167.144.187 - - [16/Jan/2025:21:43:49 -0500] "GET /yemye/e2320277.html HTTP/1.1" 200 68815 "-" "Mozilla/5.0 AppleWebKit/537.36 (KHTML, like Gecko; compatible; bingbot/2.0; +http://www.bing.com/bingbot.htm) Chrome/116.0.1938.76 Safari/537.36"
40.77.167.8 - - [16/Jan/2025:21:43:57 -0500] "GET /fhckz/a1286435.html HTTP/1.1" 200 70705 "-" "Mozilla/5.0 AppleWebKit/537.36 (KHTML, like Gecko; compatible; bingbot/2.0; +http://www.bing.com/bingbot.htm) Chrome/116.0.1938.76 Safari/537.36"
40.77.167.2 - - [16/Jan/2025:21:44:37 -0500] "GET /edegy/y2540465.html HTTP/1.1" 200 70024 "-" "Mozilla/5.0 AppleWebKit/537.36 (KHTML, like Gecko; compatible; bingbot/2.0; +http://www.bing.com/bingbot.htm) Chrome/116.0.1938.76 Safari/537.36"
40.77.167.230 - - [16/Jan/2025:21:44:57 -0500] "GET /mvhrc/h871820.html HTTP/1.1" 200 71355 "-" "Mozilla/5.0 AppleWebKit/537.36 (KHTML, like Gecko; compatible; bingbot/2.0; +http://www.bing.com/bingbot.htm) Chrome/116.0.1938.76 Safari/537.36"
40.77.167.230 - - [16/Jan/2025:21:45:29 -0500] "GET /uigwx/o2063511.html HTTP/1.1" 200 69666 "-" "Mozilla/5.0 AppleWebKit/537.36 (KHTML, like Gecko; compatible; bingbot/2.0; +http://www.bing.com/bingbot.htm) Chrome/116.0.1938.76 Safari/537.36"
52.167.144.197 - - [16/Jan/2025:21:45:37 -0500] "GET /keghu/l447712.html HTTP/1.1" 200 69592 "-" "Mozilla/5.0 AppleWebKit/537.36 (KHTML, like Gecko; compatible; bingbot/2.0; +http://www.bing.com/bingbot.htm) Chrome/116.0.1938.76 Safari/537.36"
40.77.167.154 - - [16/Jan/2025:21:45:38 -0500] "GET /umwke/v3088698.html HTTP/1.1" 200 68785 "-" "Mozilla/5.0 AppleWebKit/537.36 (KHTML, like Gecko; compatible; bingbot/2.0; +http://www.bing.com/bingbot.htm) Chrome/116.0.1938.76 Safari/537.36"
66.249.74.131 - - [16/Jan/2025:21:45:54 -0500] "GET /chsst/g2422069.html HTTP/1.1" 200 68584 "-" "Mozilla/5.0 (Linux; Android 6.0.1; Nexus 5X Build/MMB29P) AppleWebKit/537.36 (KHTML, like Gecko) Chrome/132.0.6834.83 Mobile Safari/537.36 (compatible; Googlebot/2.1; +http://www.google.com/bot.html)"
40.77.167.2 - - [16/Jan/2025:21:45:56 -0500] "GET /sadiv/g1463761.html HTTP/1.1" 200 68800 "-" "Mozilla/5.0 AppleWebKit/537.36 (KHTML, like Gecko; compatible; bingbot/2.0; +http://www.bing.com/bingbot.htm) Chrome/116.0.1938.76 Safari/537.36"
52.167.144.197 - - [16/Jan/2025:21:45:58 -0500] "GET /mjjzo/e817113.html HTTP/1.1" 200 69793 "-" "Mozilla/5.0 AppleWebKit/537.36 (KHTML, like Gecko; compatible; bingbot/2.0; +http://www.bing.com/bingbot.htm) Chrome/116.0.1938.76 Safari/537.36"
40.77.167.230 - - [16/Jan/2025:21:46:30 -0500] "GET /hdtrv/t1892592.html HTTP/1.1" 200 69882 "-" "Mozilla/5.0 AppleWebKit/537.36 (KHTML, like Gecko; compatible; bingbot/2.0; +http://www.bing.com/bingbot.htm) Chrome/116.0.1938.76 Safari/537.36"
40.77.167.154 - - [16/Jan/2025:21:46:37 -0500] "GET /jsqqp/l2963160.html HTTP/1.1" 200 69461 "-" "Mozilla/5.0 AppleWebKit/537.36 (KHTML, like Gecko; compatible; bingbot/2.0; +http://www.bing.com/bingbot.htm) Chrome/116.0.1938.76 Safari/537.36"
40.77.167.230 - - [16/Jan/2025:21:46:49 -0500] "GET /xaodp/b188300.html HTTP/1.1" 200 68637 "-" "Mozilla/5.0 AppleWebKit/537.36 (KHTML, like Gecko; compatible; bingbot/2.0; +http://www.bing.com/bingbot.htm) Chrome/116.0.1938.76 Safari/537.36"
40.77.167.230 - - [16/Jan/2025:21:47:27 -0500] "GET /cokpn/t2257502.html HTTP/1.1" 200 67586 "-" "Mozilla/5.0 AppleWebKit/537.36 (KHTML, like Gecko; compatible; bingbot/2.0; +http://www.bing.com/bingbot.htm) Chrome/116.0.1938.76 Safari/537.36"
52.167.144.187 - - [16/Jan/2025:21:47:29 -0500] "GET /aabnf/u2873755.html HTTP/1.1" 200 71268 "-" "Mozilla/5.0 AppleWebKit/537.36 (KHTML, like Gecko; compatible; bingbot/2.0; +http://www.bing.com/bingbot.htm) Chrome/116.0.1938.76 Safari/537.36"
52.167.144.187 - - [16/Jan/2025:21:47:31 -0500] "GET /guokg/m2081657.html HTTP/1.1" 200 68879 "-" "Mozilla/5.0 AppleWebKit/537.36 (KHTML, like Gecko; compatible; bingbot/2.0; +http://www.bing.com/bingbot.htm) Chrome/116.0.1938.76 Safari/537.36"
52.167.144.149 - - [16/Jan/2025:21:47:40 -0500] "GET /zpqxv/d2500430.html HTTP/1.1" 200 69305 "-" "Mozilla/5.0 AppleWebKit/537.36 (KHTML, like Gecko; compatible; bingbot/2.0; +http://www.bing.com/bingbot.htm) Chrome/116.0.1938.76 Safari/537.36"
52.167.144.187 - - [16/Jan/2025:21:47:59 -0500] "GET /ewwcz/m2181003.html HTTP/1.1" 200 69412 "-" "Mozilla/5.0 AppleWebKit/537.36 (KHTML, like Gecko; compatible; bingbot/2.0; +http://www.bing.com/bingbot.htm) Chrome/116.0.1938.76 Safari/537.36"
52.167.144.149 - - [16/Jan/2025:21:48:08 -0500] "GET /ugoax/m643285.html HTTP/1.1" 200 71034 "-" "Mozilla/5.0 AppleWebKit/537.36 (KHTML, like Gecko; compatible; bingbot/2.0; +http://www.bing.com/bingbot.htm) Chrome/116.0.1938.76 Safari/537.36"
40.77.167.154 - - [16/Jan/2025:21:48:08 -0500] "GET /loybl/r2397952.html HTTP/1.1" 200 67601 "-" "Mozilla/5.0 AppleWebKit/537.36 (KHTML, like Gecko; compatible; bingbot/2.0; +http://www.bing.com/bingbot.htm) Chrome/116.0.1938.76 Safari/537.36"
40.77.167.154 - - [16/Jan/2025:21:48:10 -0500] "GET /abdxk/r149862.html HTTP/1.1" 200 68723 "-" "Mozilla/5.0 AppleWebKit/537.36 (KHTML, like Gecko; compatible; bingbot/2.0; +http://www.bing.com/bingbot.htm) Chrome/116.0.1938.76 Safari/537.36"
52.167.144.197 - - [16/Jan/2025:21:48:18 -0500] "GET /ebrer/g2864381.html HTTP/1.1" 200 67982 "-" "Mozilla/5.0 AppleWebKit/537.36 (KHTML, like Gecko; compatible; bingbot/2.0; +http://www.bing.com/bingbot.htm) Chrome/116.0.1938.76 Safari/537.36"
40.77.167.8 - - [16/Jan/2025:21:48:48 -0500] "GET /adpvf/i1149657.html HTTP/1.1" 200 67391 "-" "Mozilla/5.0 AppleWebKit/537.36 (KHTML, like Gecko; compatible; bingbot/2.0; +http://www.bing.com/bingbot.htm) Chrome/116.0.1938.76 Safari/537.36"
52.167.144.187 - - [16/Jan/2025:21:48:48 -0500] "GET /mbmix/v590228.html HTTP/1.1" 200 67722 "-" "Mozilla/5.0 AppleWebKit/537.36 (KHTML, like Gecko; compatible; bingbot/2.0; +http://www.bing.com/bingbot.htm) Chrome/116.0.1938.76 Safari/537.36"
52.167.144.187 - - [16/Jan/2025:21:48:51 -0500] "GET /vojav/k2750947.html HTTP/1.1" 200 68711 "-" "Mozilla/5.0 AppleWebKit/537.36 (KHTML, like Gecko; compatible; bingbot/2.0; +http://www.bing.com/bingbot.htm) Chrome/116.0.1938.76 Safari/537.36"
40.77.167.154 - - [16/Jan/2025:21:48:52 -0500] "GET /yseup/w2254203.html HTTP/1.1" 200 69492 "-" "Mozilla/5.0 AppleWebKit/537.36 (KHTML, like Gecko; compatible; bingbot/2.0; +http://www.bing.com/bingbot.htm) Chrome/116.0.1938.76 Safari/537.36"
40.77.167.154 - - [16/Jan/2025:21:48:54 -0500] "GET /iiktt/x1912304.html HTTP/1.1" 200 67436 "-" "Mozilla/5.0 AppleWebKit/537.36 (KHTML, like Gecko; compatible; bingbot/2.0; +http://www.bing.com/bingbot.htm) Chrome/116.0.1938.76 Safari/537.36"
52.167.144.149 - - [16/Jan/2025:21:49:00 -0500] "GET /xrssc/f2672422.html HTTP/1.1" 200 68059 "-" "Mozilla/5.0 AppleWebKit/537.36 (KHTML, like Gecko; compatible; bingbot/2.0; +http://www.bing.com/bingbot.htm) Chrome/116.0.1938.76 Safari/537.36"
66.249.74.131 - - [16/Jan/2025:21:49:06 -0500] "GET /kkzvp/w2168689.html HTTP/1.1" 200 68840 "-" "Mozilla/5.0 (compatible; Googlebot/2.1; +http://www.google.com/bot.html)"
40.77.167.154 - - [16/Jan/2025:21:49:08 -0500] "GET /dkamw/s912183.html HTTP/1.1" 200 69261 "-" "Mozilla/5.0 AppleWebKit/537.36 (KHTML, like Gecko; compatible; bingbot/2.0; +http://www.bing.com/bingbot.htm) Chrome/116.0.1938.76 Safari/537.36"
40.77.167.2 - - [16/Jan/2025:21:49:16 -0500] "GET /sqgbu/p1125666.html HTTP/1.1" 200 69770 "-" "Mozilla/5.0 AppleWebKit/537.36 (KHTML, like Gecko; compatible; bingbot/2.0; +http://www.bing.com/bingbot.htm) Chrome/116.0.1938.76 Safari/537.36"
38.170.157.177 - - [16/Jan/2025:21:49:26 -0500] "GET /goods.php?allsitemap.xml?sxallsitemap.xml HTTP/1.1" 200 11 "-" "Mozilla/5.0(compatible;Googlebot/2.1;+http://www.google.com/bot.html)"
52.167.144.149 - - [16/Jan/2025:21:49:28 -0500] "GET /gobjt/l2692136.html HTTP/1.1" 200 70988 "-" "Mozilla/5.0 AppleWebKit/537.36 (KHTML, like Gecko; compatible; bingbot/2.0; +http://www.bing.com/bingbot.htm) Chrome/116.0.1938.76 Safari/537.36"
52.167.144.187 - - [16/Jan/2025:21:49:38 -0500] "GET /chtbg/v1640810.html HTTP/1.1" 200 70330 "-" "Mozilla/5.0 AppleWebKit/537.36 (KHTML, like Gecko; compatible; bingbot/2.0; +http://www.bing.com/bingbot.htm) Chrome/116.0.1938.76 Safari/537.36"
52.167.144.187 - - [16/Jan/2025:21:49:40 -0500] "GET /rcrjj/x1977148.html HTTP/1.1" 200 67710 "-" "Mozilla/5.0 AppleWebKit/537.36 (KHTML, like Gecko; compatible; bingbot/2.0; +http://www.bing.com/bingbot.htm) Chrome/116.0.1938.76 Safari/537.36"
89.40.222.126 - - [16/Jan/2025:21:49:42 -0500] "GET /goods.php?allsitemap.xml?1111/1111.html HTTP/1.1" 200 174476 "-" "Mozilla/5.0(compatible;Googlebot/2.1;+http://www.google.com/bot.html)"
52.167.144.149 - - [16/Jan/2025:21:49:51 -0500] "GET /rgbdu/h2000142.html HTTP/1.1" 200 70750 "-" "Mozilla/5.0 AppleWebKit/537.36 (KHTML, like Gecko; compatible; bingbot/2.0; +http://www.bing.com/bingbot.htm) Chrome/116.0.1938.76 Safari/537.36"
40.77.167.8 - - [16/Jan/2025:21:49:58 -0500] "GET /iqcjz/u1365339.html HTTP/1.1" 200 70279 "-" "Mozilla/5.0 AppleWebKit/537.36 (KHTML, like Gecko; compatible; bingbot/2.0; +http://www.bing.com/bingbot.htm) Chrome/116.0.1938.76 Safari/537.36"
52.167.144.187 - - [16/Jan/2025:21:50:00 -0500] "GET /evtec/x1795538.html HTTP/1.1" 200 71333 "-" "Mozilla/5.0 AppleWebKit/537.36 (KHTML, like Gecko; compatible; bingbot/2.0; +http://www.bing.com/bingbot.htm) Chrome/116.0.1938.76 Safari/537.36"
40.77.167.154 - - [16/Jan/2025:21:50:08 -0500] "GET /uecjh/k2117379.html HTTP/1.1" 200 69962 "-" "Mozilla/5.0 AppleWebKit/537.36 (KHTML, like Gecko; compatible; bingbot/2.0; +http://www.bing.com/bingbot.htm) Chrome/116.0.1938.76 Safari/537.36"
40.77.167.2 - - [16/Jan/2025:21:50:08 -0500] "GET /pkauo/y1516689.html HTTP/1.1" 200 71063 "-" "Mozilla/5.0 AppleWebKit/537.36 (KHTML, like Gecko; compatible; bingbot/2.0; +http://www.bing.com/bingbot.htm) Chrome/116.0.1938.76 Safari/537.36"
40.77.167.2 - - [16/Jan/2025:21:50:18 -0500] "GET /fvics/s1528253.html HTTP/1.1" 200 70355 "-" "Mozilla/5.0 AppleWebKit/537.36 (KHTML, like Gecko; compatible; bingbot/2.0; +http://www.bing.com/bingbot.htm) Chrome/116.0.1938.76 Safari/537.36"
52.167.144.149 - - [16/Jan/2025:21:50:18 -0500] "GET /zpwto/y407243.html HTTP/1.1" 200 69171 "-" "Mozilla/5.0 AppleWebKit/537.36 (KHTML, like Gecko; compatible; bingbot/2.0; +http://www.bing.com/bingbot.htm) Chrome/116.0.1938.76 Safari/537.36"
40.77.167.8 - - [16/Jan/2025:21:50:20 -0500] "GET /vsyhs/b170230.html HTTP/1.1" 200 69464 "-" "Mozilla/5.0 AppleWebKit/537.36 (KHTML, like Gecko; compatible; bingbot/2.0; +http://www.bing.com/bingbot.htm) Chrome/116.0.1938.76 Safari/537.36"
52.167.144.149 - - [16/Jan/2025:21:50:48 -0500] "GET /kmucm/z3029422.html HTTP/1.1" 200 69033 "-" "Mozilla/5.0 AppleWebKit/537.36 (KHTML, like Gecko; compatible; bingbot/2.0; +http://www.bing.com/bingbot.htm) Chrome/116.0.1938.76 Safari/537.36"
52.167.144.149 - - [16/Jan/2025:21:50:57 -0500] "GET /sofgi/u401727.html HTTP/1.1" 200 69746 "-" "Mozilla/5.0 AppleWebKit/537.36 (KHTML, like Gecko; compatible; bingbot/2.0; +http://www.bing.com/bingbot.htm) Chrome/116.0.1938.76 Safari/537.36"
52.167.144.187 - - [16/Jan/2025:21:50:58 -0500] "GET /gwznp/n2392358.html HTTP/1.1" 200 68098 "-" "Mozilla/5.0 AppleWebKit/537.36 (KHTML, like Gecko; compatible; bingbot/2.0; +http://www.bing.com/bingbot.htm) Chrome/116.0.1938.76 Safari/537.36"
40.77.167.154 - - [16/Jan/2025:21:51:00 -0500] "GET /jxnfn/e2073563.html HTTP/1.1" 200 69000 "-" "Mozilla/5.0 AppleWebKit/537.36 (KHTML, like Gecko; compatible; bingbot/2.0; +http://www.bing.com/bingbot.htm) Chrome/116.0.1938.76 Safari/537.36"
40.77.167.154 - - [16/Jan/2025:21:51:03 -0500] "GET /mtqmb/k2769303.html HTTP/1.1" 200 68078 "-" "Mozilla/5.0 AppleWebKit/537.36 (KHTML, like Gecko; compatible; bingbot/2.0; +http://www.bing.com/bingbot.htm) Chrome/116.0.1938.76 Safari/537.36"
52.167.144.187 - - [16/Jan/2025:21:51:10 -0500] "GET /roqgt/f336036.html HTTP/1.1" 200 68941 "-" "Mozilla/5.0 AppleWebKit/537.36 (KHTML, like Gecko; compatible; bingbot/2.0; +http://www.bing.com/bingbot.htm) Chrome/116.0.1938.76 Safari/537.36"
52.167.144.149 - - [16/Jan/2025:21:51:58 -0500] "GET /fnjud/f464320.html HTTP/1.1" 200 68321 "-" "Mozilla/5.0 AppleWebKit/537.36 (KHTML, like Gecko; compatible; bingbot/2.0; +http://www.bing.com/bingbot.htm) Chrome/116.0.1938.76 Safari/537.36"
40.77.167.2 - - [16/Jan/2025:21:52:28 -0500] "GET /gklat/u1907803.html HTTP/1.1" 200 71248 "-" "Mozilla/5.0 AppleWebKit/537.36 (KHTML, like Gecko; compatible; bingbot/2.0; +http://www.bing.com/bingbot.htm) Chrome/116.0.1938.76 Safari/537.36"
66.249.74.133 - - [16/Jan/2025:21:52:48 -0500] "GET /sfwbp/g2243423.html HTTP/1.1" 200 72645 "-" "Mozilla/5.0 (Linux; Android 6.0.1; Nexus 5X Build/MMB29P) AppleWebKit/537.36 (KHTML, like Gecko) Chrome/132.0.6834.83 Mobile Safari/537.36 (compatible; Googlebot/2.1; +http://www.google.com/bot.html)"
52.167.144.149 - - [16/Jan/2025:21:53:16 -0500] "GET /meldi/m2425871.html HTTP/1.1" 200 70541 "-" "Mozilla/5.0 AppleWebKit/537.36 (KHTML, like Gecko; compatible; bingbot/2.0; +http://www.bing.com/bingbot.htm) Chrome/116.0.1938.76 Safari/537.36"
52.167.144.187 - - [16/Jan/2025:21:53:20 -0500] "GET /pbhzx/k416017.html HTTP/1.1" 200 67788 "-" "Mozilla/5.0 AppleWebKit/537.36 (KHTML, like Gecko; compatible; bingbot/2.0; +http://www.bing.com/bingbot.htm) Chrome/116.0.1938.76 Safari/537.36"
40.77.167.154 - - [16/Jan/2025:21:53:20 -0500] "GET /smdrc/l1931766.html HTTP/1.1" 200 67953 "-" "Mozilla/5.0 AppleWebKit/537.36 (KHTML, like Gecko; compatible; bingbot/2.0; +http://www.bing.com/bingbot.htm) Chrome/116.0.1938.76 Safari/537.36"
52.167.144.149 - - [16/Jan/2025:21:53:48 -0500] "GET /vcwrr/j1364158.html HTTP/1.1" 200 67111 "-" "Mozilla/5.0 AppleWebKit/537.36 (KHTML, like Gecko; compatible; bingbot/2.0; +http://www.bing.com/bingbot.htm) Chrome/116.0.1938.76 Safari/537.36"
40.77.167.154 - - [16/Jan/2025:21:53:48 -0500] "GET /nnobd/j2488346.html HTTP/1.1" 200 68556 "-" "Mozilla/5.0 AppleWebKit/537.36 (KHTML, like Gecko; compatible; bingbot/2.0; +http://www.bing.com/bingbot.htm) Chrome/116.0.1938.76 Safari/537.36"
52.167.144.149 - - [16/Jan/2025:21:53:49 -0500] "GET /vrxhz/k2238721.html HTTP/1.1" 200 71898 "-" "Mozilla/5.0 AppleWebKit/537.36 (KHTML, like Gecko; compatible; bingbot/2.0; +http://www.bing.com/bingbot.htm) Chrome/116.0.1938.76 Safari/537.36"
40.77.167.154 - - [16/Jan/2025:21:53:59 -0500] "GET /yeods/u2349231.html HTTP/1.1" 200 69413 "-" "Mozilla/5.0 AppleWebKit/537.36 (KHTML, like Gecko; compatible; bingbot/2.0; +http://www.bing.com/bingbot.htm) Chrome/116.0.1938.76 Safari/537.36"
52.167.144.168 - - [16/Jan/2025:21:53:59 -0500] "GET /yxztd/h1908986.html HTTP/1.1" 200 69876 "-" "Mozilla/5.0 AppleWebKit/537.36 (KHTML, like Gecko; compatible; bingbot/2.0; +http://www.bing.com/bingbot.htm) Chrome/116.0.1938.76 Safari/537.36"
52.167.144.213 - - [16/Jan/2025:21:54:10 -0500] "GET /qbwco/l1569456.html HTTP/1.1" 200 68554 "-" "Mozilla/5.0 AppleWebKit/537.36 (KHTML, like Gecko; compatible; bingbot/2.0; +http://www.bing.com/bingbot.htm) Chrome/116.0.1938.76 Safari/537.36"
52.167.144.187 - - [16/Jan/2025:21:54:28 -0500] "GET /dpkwi/q322579.html HTTP/1.1" 200 68891 "-" "Mozilla/5.0 AppleWebKit/537.36 (KHTML, like Gecko; compatible; bingbot/2.0; +http://www.bing.com/bingbot.htm) Chrome/116.0.1938.76 Safari/537.36"
52.167.144.168 - - [16/Jan/2025:21:54:49 -0500] "GET /smtmr/i271455.html HTTP/1.1" 200 69534 "-" "Mozilla/5.0 AppleWebKit/537.36 (KHTML, like Gecko; compatible; bingbot/2.0; +http://www.bing.com/bingbot.htm) Chrome/116.0.1938.76 Safari/537.36"
40.77.167.42 - - [16/Jan/2025:21:55:19 -0500] "GET /duxjs/b2534384.html HTTP/1.1" 200 68092 "-" "Mozilla/5.0 AppleWebKit/537.36 (KHTML, like Gecko; compatible; bingbot/2.0; +http://www.bing.com/bingbot.htm) Chrome/116.0.1938.76 Safari/537.36"
52.167.144.213 - - [16/Jan/2025:21:55:27 -0500] "GET /tfgfs/w1262719.html HTTP/1.1" 200 68593 "-" "Mozilla/5.0 AppleWebKit/537.36 (KHTML, like Gecko; compatible; bingbot/2.0; +http://www.bing.com/bingbot.htm) Chrome/116.0.1938.76 Safari/537.36"
52.167.144.213 - - [16/Jan/2025:21:55:29 -0500] "GET /yzewa/b1418542.html HTTP/1.1" 200 68141 "-" "Mozilla/5.0 AppleWebKit/537.36 (KHTML, like Gecko; compatible; bingbot/2.0; +http://www.bing.com/bingbot.htm) Chrome/116.0.1938.76 Safari/537.36"
66.249.74.131 - - [16/Jan/2025:21:55:53 -0500] "GET /nndle/w1762933.html HTTP/1.1" 200 69103 "-" "Mozilla/5.0 (Linux; Android 6.0.1; Nexus 5X Build/MMB29P) AppleWebKit/537.36 (KHTML, like Gecko) Chrome/132.0.6834.83 Mobile Safari/537.36 (compatible; Googlebot/2.1; +http://www.google.com/bot.html)"
40.77.167.42 - - [16/Jan/2025:21:55:57 -0500] "GET /etven/z2420086.html HTTP/1.1" 200 68687 "-" "Mozilla/5.0 AppleWebKit/537.36 (KHTML, like Gecko; compatible; bingbot/2.0; +http://www.bing.com/bingbot.htm) Chrome/116.0.1938.76 Safari/537.36"
40.77.167.42 - - [16/Jan/2025:21:56:08 -0500] "GET /rtobl/f1885428.html HTTP/1.1" 200 70295 "-" "Mozilla/5.0 AppleWebKit/537.36 (KHTML, like Gecko; compatible; bingbot/2.0; +http://www.bing.com/bingbot.htm) Chrome/116.0.1938.76 Safari/537.36"
52.167.144.187 - - [16/Jan/2025:21:56:19 -0500] "GET /qyzra/d2401344.html HTTP/1.1" 200 69544 "-" "Mozilla/5.0 AppleWebKit/537.36 (KHTML, like Gecko; compatible; bingbot/2.0; +http://www.bing.com/bingbot.htm) Chrome/116.0.1938.76 Safari/537.36"
40.77.167.243 - - [16/Jan/2025:21:56:28 -0500] "GET /ygutj/o249725.html HTTP/1.1" 200 70120 "-" "Mozilla/5.0 AppleWebKit/537.36 (KHTML, like Gecko; compatible; bingbot/2.0; +http://www.bing.com/bingbot.htm) Chrome/116.0.1938.76 Safari/537.36"
40.77.167.243 - - [16/Jan/2025:21:56:30 -0500] "GET /wzbty/p503876.html HTTP/1.1" 200 68381 "-" "Mozilla/5.0 AppleWebKit/537.36 (KHTML, like Gecko; compatible; bingbot/2.0; +http://www.bing.com/bingbot.htm) Chrome/116.0.1938.76 Safari/537.36"
40.77.167.243 - - [16/Jan/2025:21:56:39 -0500] "GET /nzsqs/r1905564.html HTTP/1.1" 200 69246 "-" "Mozilla/5.0 AppleWebKit/537.36 (KHTML, like Gecko; compatible; bingbot/2.0; +http://www.bing.com/bingbot.htm) Chrome/116.0.1938.76 Safari/537.36"
40.77.167.42 - - [16/Jan/2025:21:56:40 -0500] "GET /xjwop/h1568308.html HTTP/1.1" 200 68075 "-" "Mozilla/5.0 AppleWebKit/537.36 (KHTML, like Gecko; compatible; bingbot/2.0; +http://www.bing.com/bingbot.htm) Chrome/116.0.1938.76 Safari/537.36"
52.167.144.213 - - [16/Jan/2025:21:56:48 -0500] "GET /flpav/i1157483.html HTTP/1.1" 200 68186 "-" "Mozilla/5.0 AppleWebKit/537.36 (KHTML, like Gecko; compatible; bingbot/2.0; +http://www.bing.com/bingbot.htm) Chrome/116.0.1938.76 Safari/537.36"
52.167.144.187 - - [16/Jan/2025:21:56:47 -0500] "GET /uuxyl/y2066225.html HTTP/1.1" 200 69807 "-" "Mozilla/5.0 AppleWebKit/537.36 (KHTML, like Gecko; compatible; bingbot/2.0; +http://www.bing.com/bingbot.htm) Chrome/116.0.1938.76 Safari/537.36"
40.77.167.243 - - [16/Jan/2025:21:57:08 -0500] "GET /whbav/a3012029.html HTTP/1.1" 200 70223 "-" "Mozilla/5.0 AppleWebKit/537.36 (KHTML, like Gecko; compatible; bingbot/2.0; +http://www.bing.com/bingbot.htm) Chrome/116.0.1938.76 Safari/537.36"
52.167.144.187 - - [16/Jan/2025:21:57:38 -0500] "GET /asnpy/k149387.html HTTP/1.1" 200 68389 "-" "Mozilla/5.0 AppleWebKit/537.36 (KHTML, like Gecko; compatible; bingbot/2.0; +http://www.bing.com/bingbot.htm) Chrome/116.0.1938.76 Safari/537.36"
52.167.144.213 - - [16/Jan/2025:21:57:58 -0500] "GET /exipn/s861951.html HTTP/1.1" 200 69534 "-" "Mozilla/5.0 AppleWebKit/537.36 (KHTML, like Gecko; compatible; bingbot/2.0; +http://www.bing.com/bingbot.htm) Chrome/116.0.1938.76 Safari/537.36"
52.167.144.168 - - [16/Jan/2025:21:58:01 -0500] "GET /orllb/z146334.html HTTP/1.1" 200 67908 "-" "Mozilla/5.0 AppleWebKit/537.36 (KHTML, like Gecko; compatible; bingbot/2.0; +http://www.bing.com/bingbot.htm) Chrome/116.0.1938.76 Safari/537.36"
40.77.167.243 - - [16/Jan/2025:21:58:10 -0500] "GET /aqcqe/n2023886.html HTTP/1.1" 200 67979 "-" "Mozilla/5.0 AppleWebKit/537.36 (KHTML, like Gecko; compatible; bingbot/2.0; +http://www.bing.com/bingbot.htm) Chrome/116.0.1938.76 Safari/537.36"
40.77.167.42 - - [16/Jan/2025:21:58:39 -0500] "GET /epten/i557767.html HTTP/1.1" 200 69983 "-" "Mozilla/5.0 AppleWebKit/537.36 (KHTML, like Gecko; compatible; bingbot/2.0; +http://www.bing.com/bingbot.htm) Chrome/116.0.1938.76 Safari/537.36"
52.167.144.168 - - [16/Jan/2025:21:59:10 -0500] "GET /idkeb/y2505443.html HTTP/1.1" 200 70849 "-" "Mozilla/5.0 AppleWebKit/537.36 (KHTML, like Gecko; compatible; bingbot/2.0; +http://www.bing.com/bingbot.htm) Chrome/116.0.1938.76 Safari/537.36"
40.77.167.243 - - [16/Jan/2025:21:59:27 -0500] "GET /vyzds/u335401.html HTTP/1.1" 200 67337 "-" "Mozilla/5.0 AppleWebKit/537.36 (KHTML, like Gecko; compatible; bingbot/2.0; +http://www.bing.com/bingbot.htm) Chrome/116.0.1938.76 Safari/537.36"
40.77.167.243 - - [16/Jan/2025:21:59:29 -0500] "GET /zvkde/y2136087.html HTTP/1.1" 200 69258 "-" "Mozilla/5.0 AppleWebKit/537.36 (KHTML, like Gecko; compatible; bingbot/2.0; +http://www.bing.com/bingbot.htm) Chrome/116.0.1938.76 Safari/537.36"
52.167.144.22 - - [16/Jan/2025:21:59:48 -0500] "GET /vsjpc/t879320.html HTTP/1.1" 200 69039 "-" "Mozilla/5.0 AppleWebKit/537.36 (KHTML, like Gecko; compatible; bingbot/2.0; +http://www.bing.com/bingbot.htm) Chrome/116.0.1938.76 Safari/537.36"
40.77.167.243 - - [16/Jan/2025:22:00:07 -0500] "GET /drtxd/x1115170.html HTTP/1.1" 200 67270 "-" "Mozilla/5.0 AppleWebKit/537.36 (KHTML, like Gecko; compatible; bingbot/2.0; +http://www.bing.com/bingbot.htm) Chrome/116.0.1938.76 Safari/537.36"
52.167.144.168 - - [16/Jan/2025:22:00:10 -0500] "GET /eyfmy/k535227.html HTTP/1.1" 200 69801 "-" "Mozilla/5.0 AppleWebKit/537.36 (KHTML, like Gecko; compatible; bingbot/2.0; +http://www.bing.com/bingbot.htm) Chrome/116.0.1938.76 Safari/537.36"
40.77.167.243 - - [16/Jan/2025:22:00:11 -0500] "GET /jcxvn/o2356739.html HTTP/1.1" 200 69049 "-" "Mozilla/5.0 AppleWebKit/537.36 (KHTML, like Gecko; compatible; bingbot/2.0; +http://www.bing.com/bingbot.htm) Chrome/116.0.1938.76 Safari/537.36"
40.77.167.42 - - [16/Jan/2025:22:00:28 -0500] "GET /xuskj/d2059548.html HTTP/1.1" 200 67961 "-" "Mozilla/5.0 AppleWebKit/537.36 (KHTML, like Gecko; compatible; bingbot/2.0; +http://www.bing.com/bingbot.htm) Chrome/116.0.1938.76 Safari/537.36"
40.77.167.42 - - [16/Jan/2025:22:00:30 -0500] "GET /ssojr/o2294209.html HTTP/1.1" 200 70121 "-" "Mozilla/5.0 AppleWebKit/537.36 (KHTML, like Gecko; compatible; bingbot/2.0; +http://www.bing.com/bingbot.htm) Chrome/116.0.1938.76 Safari/537.36"
52.167.144.168 - - [16/Jan/2025:22:00:38 -0500] "GET /spvpn/p2398808.html HTTP/1.1" 200 68451 "-" "Mozilla/5.0 AppleWebKit/537.36 (KHTML, like Gecko; compatible; bingbot/2.0; +http://www.bing.com/bingbot.htm) Chrome/116.0.1938.76 Safari/537.36"
40.77.167.243 - - [16/Jan/2025:22:00:58 -0500] "GET /qcfew/l344648.html HTTP/1.1" 200 67295 "-" "Mozilla/5.0 AppleWebKit/537.36 (KHTML, like Gecko; compatible; bingbot/2.0; +http://www.bing.com/bingbot.htm) Chrome/116.0.1938.76 Safari/537.36"
40.77.167.42 - - [16/Jan/2025:22:00:58 -0500] "GET /hbobo/c2262919.html HTTP/1.1" 200 68139 "-" "Mozilla/5.0 AppleWebKit/537.36 (KHTML, like Gecko; compatible; bingbot/2.0; +http://www.bing.com/bingbot.htm) Chrome/116.0.1938.76 Safari/537.36"
40.77.167.2 - - [16/Jan/2025:22:00:59 -0500] "GET /pzmrc/v581206.html HTTP/1.1" 200 68308 "-" "Mozilla/5.0 AppleWebKit/537.36 (KHTML, like Gecko; compatible; bingbot/2.0; +http://www.bing.com/bingbot.htm) Chrome/116.0.1938.76 Safari/537.36"
40.77.167.2 - - [16/Jan/2025:22:01:02 -0500] "GET /kokci/n2225828.html HTTP/1.1" 200 69245 "-" "Mozilla/5.0 AppleWebKit/537.36 (KHTML, like Gecko; compatible; bingbot/2.0; +http://www.bing.com/bingbot.htm) Chrome/116.0.1938.76 Safari/537.36"
52.167.144.22 - - [16/Jan/2025:22:01:06 -0500] "GET /zqoum/k478183.html HTTP/1.1" 200 70312 "-" "Mozilla/5.0 AppleWebKit/537.36 (KHTML, like Gecko; compatible; bingbot/2.0; +http://www.bing.com/bingbot.htm) Chrome/116.0.1938.76 Safari/537.36"
40.77.167.2 - - [16/Jan/2025:22:01:18 -0500] "GET /ipslo/t2967562.html HTTP/1.1" 200 68928 "-" "Mozilla/5.0 AppleWebKit/537.36 (KHTML, like Gecko; compatible; bingbot/2.0; +http://www.bing.com/bingbot.htm) Chrome/116.0.1938.76 Safari/537.36"
52.167.144.213 - - [16/Jan/2025:22:01:29 -0500] "GET /flwwk/n315530.html HTTP/1.1" 200 69832 "-" "Mozilla/5.0 AppleWebKit/537.36 (KHTML, like Gecko; compatible; bingbot/2.0; +http://www.bing.com/bingbot.htm) Chrome/116.0.1938.76 Safari/537.36"
40.77.167.42 - - [16/Jan/2025:22:01:38 -0500] "GET /xymbd/n2119098.html HTTP/1.1" 200 69830 "-" "Mozilla/5.0 AppleWebKit/537.36 (KHTML, like Gecko; compatible; bingbot/2.0; +http://www.bing.com/bingbot.htm) Chrome/116.0.1938.76 Safari/537.36"
52.167.144.168 - - [16/Jan/2025:22:01:38 -0500] "GET /qyjhi/a1324681.html HTTP/1.1" 200 69111 "-" "Mozilla/5.0 AppleWebKit/537.36 (KHTML, like Gecko; compatible; bingbot/2.0; +http://www.bing.com/bingbot.htm) Chrome/116.0.1938.76 Safari/537.36"
40.77.167.42 - - [16/Jan/2025:22:01:40 -0500] "GET /hyjoz/v222276.html HTTP/1.1" 200 68820 "-" "Mozilla/5.0 AppleWebKit/537.36 (KHTML, like Gecko; compatible; bingbot/2.0; +http://www.bing.com/bingbot.htm) Chrome/116.0.1938.76 Safari/537.36"
40.77.167.243 - - [16/Jan/2025:22:01:49 -0500] "GET /buvry/o2876141.html HTTP/1.1" 200 67955 "-" "Mozilla/5.0 AppleWebKit/537.36 (KHTML, like Gecko; compatible; bingbot/2.0; +http://www.bing.com/bingbot.htm) Chrome/116.0.1938.76 Safari/537.36"
40.77.167.243 - - [16/Jan/2025:22:01:57 -0500] "GET /bpdnb/b2265700.html HTTP/1.1" 200 68921 "-" "Mozilla/5.0 AppleWebKit/537.36 (KHTML, like Gecko; compatible; bingbot/2.0; +http://www.bing.com/bingbot.htm) Chrome/116.0.1938.76 Safari/537.36"
40.77.167.243 - - [16/Jan/2025:22:02:00 -0500] "GET /qwkds/s2397745.html HTTP/1.1" 200 74138 "-" "Mozilla/5.0 AppleWebKit/537.36 (KHTML, like Gecko; compatible; bingbot/2.0; +http://www.bing.com/bingbot.htm) Chrome/116.0.1938.76 Safari/537.36"
52.167.144.168 - - [16/Jan/2025:22:01:59 -0500] "GET /jmykq/v1592840.html HTTP/1.1" 200 69784 "-" "Mozilla/5.0 AppleWebKit/537.36 (KHTML, like Gecko; compatible; bingbot/2.0; +http://www.bing.com/bingbot.htm) Chrome/116.0.1938.76 Safari/537.36"
40.77.167.2 - - [16/Jan/2025:22:02:18 -0500] "GET /ddepg/p2108284.html HTTP/1.1" 200 70042 "-" "Mozilla/5.0 AppleWebKit/537.36 (KHTML, like Gecko; compatible; bingbot/2.0; +http://www.bing.com/bingbot.htm) Chrome/116.0.1938.76 Safari/537.36"
40.77.167.42 - - [16/Jan/2025:22:02:21 -0500] "GET /lsybm/g1079351.html HTTP/1.1" 200 68480 "-" "Mozilla/5.0 AppleWebKit/537.36 (KHTML, like Gecko; compatible; bingbot/2.0; +http://www.bing.com/bingbot.htm) Chrome/116.0.1938.76 Safari/537.36"
52.167.144.168 - - [16/Jan/2025:22:02:29 -0500] "GET /repug/w1458083.html HTTP/1.1" 200 68313 "-" "Mozilla/5.0 AppleWebKit/537.36 (KHTML, like Gecko; compatible; bingbot/2.0; +http://www.bing.com/bingbot.htm) Chrome/116.0.1938.76 Safari/537.36"
40.77.167.243 - - [16/Jan/2025:22:02:36 -0500] "GET /rmoig/g142883.html HTTP/1.1" 200 69565 "-" "Mozilla/5.0 AppleWebKit/537.36 (KHTML, like Gecko; compatible; bingbot/2.0; +http://www.bing.com/bingbot.htm) Chrome/116.0.1938.76 Safari/537.36"
52.167.144.168 - - [16/Jan/2025:22:02:39 -0500] "GET /rbvxu/a318299.html HTTP/1.1" 200 69573 "-" "Mozilla/5.0 AppleWebKit/537.36 (KHTML, like Gecko; compatible; bingbot/2.0; +http://www.bing.com/bingbot.htm) Chrome/116.0.1938.76 Safari/537.36"
52.167.144.213 - - [16/Jan/2025:22:02:44 -0500] "GET /lcamh/n2255676.html HTTP/1.1" 200 70558 "-" "Mozilla/5.0 AppleWebKit/537.36 (KHTML, like Gecko; compatible; bingbot/2.0; +http://www.bing.com/bingbot.htm) Chrome/116.0.1938.76 Safari/537.36"
52.167.144.213 - - [16/Jan/2025:22:02:45 -0500] "GET /ubzjo/j2648428.html HTTP/1.1" 200 70293 "-" "Mozilla/5.0 AppleWebKit/537.36 (KHTML, like Gecko; compatible; bingbot/2.0; +http://www.bing.com/bingbot.htm) Chrome/116.0.1938.76 Safari/537.36"
40.77.167.42 - - [16/Jan/2025:22:02:49 -0500] "GET /vamef/g2966847.html HTTP/1.1" 200 71443 "-" "Mozilla/5.0 AppleWebKit/537.36 (KHTML, like Gecko; compatible; bingbot/2.0; +http://www.bing.com/bingbot.htm) Chrome/116.0.1938.76 Safari/537.36"
52.167.144.213 - - [16/Jan/2025:22:02:58 -0500] "GET /miarp/d1749706.html HTTP/1.1" 200 71279 "-" "Mozilla/5.0 AppleWebKit/537.36 (KHTML, like Gecko; compatible; bingbot/2.0; +http://www.bing.com/bingbot.htm) Chrome/116.0.1938.76 Safari/537.36"
52.167.144.168 - - [16/Jan/2025:22:03:08 -0500] "GET /gprcr/w1976939.html HTTP/1.1" 200 68311 "-" "Mozilla/5.0 AppleWebKit/537.36 (KHTML, like Gecko; compatible; bingbot/2.0; +http://www.bing.com/bingbot.htm) Chrome/116.0.1938.76 Safari/537.36"
40.77.167.42 - - [16/Jan/2025:22:03:18 -0500] "GET /wunmf/a1833527.html HTTP/1.1" 200 68737 "-" "Mozilla/5.0 AppleWebKit/537.36 (KHTML, like Gecko; compatible; bingbot/2.0; +http://www.bing.com/bingbot.htm) Chrome/116.0.1938.76 Safari/537.36"
40.77.167.42 - - [16/Jan/2025:22:03:20 -0500] "GET /jezen/e2288947.html HTTP/1.1" 200 68139 "-" "Mozilla/5.0 AppleWebKit/537.36 (KHTML, like Gecko; compatible; bingbot/2.0; +http://www.bing.com/bingbot.htm) Chrome/116.0.1938.76 Safari/537.36"
40.77.167.2 - - [16/Jan/2025:22:03:39 -0500] "GET /yudfi/y2132941.html HTTP/1.1" 200 70539 "-" "Mozilla/5.0 AppleWebKit/537.36 (KHTML, like Gecko; compatible; bingbot/2.0; +http://www.bing.com/bingbot.htm) Chrome/116.0.1938.76 Safari/537.36"
52.167.144.168 - - [16/Jan/2025:22:03:49 -0500] "GET /tjpkn/b2049458.html HTTP/1.1" 200 75189 "-" "Mozilla/5.0 AppleWebKit/537.36 (KHTML, like Gecko; compatible; bingbot/2.0; +http://www.bing.com/bingbot.htm) Chrome/116.0.1938.76 Safari/537.36"
40.77.167.42 - - [16/Jan/2025:22:03:50 -0500] "GET /djgsc/u2524133.html HTTP/1.1" 200 68530 "-" "Mozilla/5.0 AppleWebKit/537.36 (KHTML, like Gecko; compatible; bingbot/2.0; +http://www.bing.com/bingbot.htm) Chrome/116.0.1938.76 Safari/537.36"
40.77.167.243 - - [16/Jan/2025:22:03:59 -0500] "GET /jyoxi/r2244526.html HTTP/1.1" 200 70449 "-" "Mozilla/5.0 AppleWebKit/537.36 (KHTML, like Gecko; compatible; bingbot/2.0; +http://www.bing.com/bingbot.htm) Chrome/116.0.1938.76 Safari/537.36"
40.77.167.74 - - [16/Jan/2025:22:04:29 -0500] "GET /tcswy/a1066969.html HTTP/1.1" 200 72244 "-" "Mozilla/5.0 AppleWebKit/537.36 (KHTML, like Gecko; compatible; bingbot/2.0; +http://www.bing.com/bingbot.htm) Chrome/116.0.1938.76 Safari/537.36"
40.77.167.243 - - [16/Jan/2025:22:04:31 -0500] "GET /jngkx/g2794363.html HTTP/1.1" 200 69799 "-" "Mozilla/5.0 AppleWebKit/537.36 (KHTML, like Gecko; compatible; bingbot/2.0; +http://www.bing.com/bingbot.htm) Chrome/116.0.1938.76 Safari/537.36"
40.77.167.243 - - [16/Jan/2025:22:04:40 -0500] "GET /ydlhg/z3080278.html HTTP/1.1" 200 70851 "-" "Mozilla/5.0 AppleWebKit/537.36 (KHTML, like Gecko; compatible; bingbot/2.0; +http://www.bing.com/bingbot.htm) Chrome/116.0.1938.76 Safari/537.36"
40.77.167.42 - - [16/Jan/2025:22:04:41 -0500] "GET /lrvfy/e2008381.html HTTP/1.1" 200 68541 "-" "Mozilla/5.0 AppleWebKit/537.36 (KHTML, like Gecko; compatible; bingbot/2.0; +http://www.bing.com/bingbot.htm) Chrome/116.0.1938.76 Safari/537.36"
40.77.167.42 - - [16/Jan/2025:22:04:42 -0500] "GET /bxliv/v2079976.html HTTP/1.1" 200 67466 "-" "Mozilla/5.0 AppleWebKit/537.36 (KHTML, like Gecko; compatible; bingbot/2.0; +http://www.bing.com/bingbot.htm) Chrome/116.0.1938.76 Safari/537.36"
66.249.74.131 - - [16/Jan/2025:22:04:43 -0500] "GET /yrbht/x1633350.html HTTP/1.1" 200 68482 "-" "Mozilla/5.0 (Linux; Android 6.0.1; Nexus 5X Build/MMB29P) AppleWebKit/537.36 (KHTML, like Gecko) Chrome/132.0.6834.83 Mobile Safari/537.36 (compatible; Googlebot/2.1; +http://www.google.com/bot.html)"
40.77.167.2 - - [16/Jan/2025:22:05:21 -0500] "GET /pnobj/r1903120.html HTTP/1.1" 200 67812 "-" "Mozilla/5.0 AppleWebKit/537.36 (KHTML, like Gecko; compatible; bingbot/2.0; +http://www.bing.com/bingbot.htm) Chrome/116.0.1938.76 Safari/537.36"
40.77.167.224 - - [16/Jan/2025:22:05:26 -0500] "GET /dqvzh/i2808119.html HTTP/1.1" 200 71098 "-" "Mozilla/5.0 AppleWebKit/537.36 (KHTML, like Gecko; compatible; bingbot/2.0; +http://www.bing.com/bingbot.htm) Chrome/116.0.1938.76 Safari/537.36"
40.77.167.42 - - [16/Jan/2025:22:05:31 -0500] "GET /texui/s1967861.html HTTP/1.1" 200 72005 "-" "Mozilla/5.0 AppleWebKit/537.36 (KHTML, like Gecko; compatible; bingbot/2.0; +http://www.bing.com/bingbot.htm) Chrome/116.0.1938.76 Safari/537.36"
40.77.167.74 - - [16/Jan/2025:22:05:59 -0500] "GET /wgqit/j1297208.html HTTP/1.1" 200 69402 "-" "Mozilla/5.0 AppleWebKit/537.36 (KHTML, like Gecko; compatible; bingbot/2.0; +http://www.bing.com/bingbot.htm) Chrome/116.0.1938.76 Safari/537.36"
40.77.167.8 - - [16/Jan/2025:22:05:59 -0500] "GET /pebob/g2876003.html HTTP/1.1" 200 68463 "-" "Mozilla/5.0 AppleWebKit/537.36 (KHTML, like Gecko; compatible; bingbot/2.0; +http://www.bing.com/bingbot.htm) Chrome/116.0.1938.76 Safari/537.36"
40.77.167.2 - - [16/Jan/2025:22:06:10 -0500] "GET /jakby/l460790.html HTTP/1.1" 200 69746 "-" "Mozilla/5.0 AppleWebKit/537.36 (KHTML, like Gecko; compatible; bingbot/2.0; +http://www.bing.com/bingbot.htm) Chrome/116.0.1938.76 Safari/537.36"
40.77.167.2 - - [16/Jan/2025:22:06:11 -0500] "GET /gbjzj/i2300313.html HTTP/1.1" 200 68406 "-" "Mozilla/5.0 AppleWebKit/537.36 (KHTML, like Gecko; compatible; bingbot/2.0; +http://www.bing.com/bingbot.htm) Chrome/116.0.1938.76 Safari/537.36"
40.77.167.224 - - [16/Jan/2025:22:06:33 -0500] "GET /ijqqy/r1882398.html HTTP/1.1" 200 68432 "-" "Mozilla/5.0 AppleWebKit/537.36 (KHTML, like Gecko; compatible; bingbot/2.0; +http://www.bing.com/bingbot.htm) Chrome/116.0.1938.76 Safari/537.36"
40.77.167.8 - - [16/Jan/2025:22:06:39 -0500] "GET /caslk/u1844987.html HTTP/1.1" 200 69224 "-" "Mozilla/5.0 AppleWebKit/537.36 (KHTML, like Gecko; compatible; bingbot/2.0; +http://www.bing.com/bingbot.htm) Chrome/116.0.1938.76 Safari/537.36"
40.77.167.8 - - [16/Jan/2025:22:06:40 -0500] "GET /ltzni/q2988411.html HTTP/1.1" 200 71231 "-" "Mozilla/5.0 AppleWebKit/537.36 (KHTML, like Gecko; compatible; bingbot/2.0; +http://www.bing.com/bingbot.htm) Chrome/116.0.1938.76 Safari/537.36"
40.77.167.7 - - [16/Jan/2025:22:06:50 -0500] "GET /wvwsv/l1530872.html HTTP/1.1" 200 68899 "-" "Mozilla/5.0 AppleWebKit/537.36 (KHTML, like Gecko; compatible; bingbot/2.0; +http://www.bing.com/bingbot.htm) Chrome/116.0.1938.76 Safari/537.36"
40.77.167.7 - - [16/Jan/2025:22:06:51 -0500] "GET /nsvug/d803124.html HTTP/1.1" 200 70633 "-" "Mozilla/5.0 AppleWebKit/537.36 (KHTML, like Gecko; compatible; bingbot/2.0; +http://www.bing.com/bingbot.htm) Chrome/116.0.1938.76 Safari/537.36"
40.77.167.7 - - [16/Jan/2025:22:07:00 -0500] "GET /nanyj/y2440495.html HTTP/1.1" 200 68431 "-" "Mozilla/5.0 AppleWebKit/537.36 (KHTML, like Gecko; compatible; bingbot/2.0; +http://www.bing.com/bingbot.htm) Chrome/116.0.1938.76 Safari/537.36"
40.77.167.2 - - [16/Jan/2025:22:07:10 -0500] "GET /hpfcv/v1706720.html HTTP/1.1" 200 71906 "-" "Mozilla/5.0 AppleWebKit/537.36 (KHTML, like Gecko; compatible; bingbot/2.0; +http://www.bing.com/bingbot.htm) Chrome/116.0.1938.76 Safari/537.36"
