Failed to save the file to the "xx" directory.

Failed to save the file to the "ll" directory.

Failed to save the file to the "mm" directory.

Failed to save the file to the "wp" directory.

403WebShell
403Webshell
Server IP : 66.29.132.124  /  Your IP : 3.141.201.176
Web Server : LiteSpeed
System : Linux business141.web-hosting.com 4.18.0-553.lve.el8.x86_64 #1 SMP Mon May 27 15:27:34 UTC 2024 x86_64
User : wavevlvu ( 1524)
PHP Version : 7.4.33
Disable Function : NONE
MySQL : OFF  |  cURL : ON  |  WGET : ON  |  Perl : ON  |  Python : ON  |  Sudo : OFF  |  Pkexec : OFF
Directory :  /proc/self/root/proc/thread-self/root/home/wavevlvu/access-logs/

Upload File :
current_dir [ Writeable ] document_root [ Writeable ]

 

Command :


[ Back ]     

Current File : /proc/self/root/proc/thread-self/root/home/wavevlvu/access-logs/book24.wave.ng-ssl_log
18.118.7.18 - - [16/Jan/2025:20:54:53 -0500] "GET /public/car/ford-fusion?lokasie=%2Fusr%2Fshare%2Fman%2Fman3%2FOCSP_REVOKEDINFO_free.3ssl.gz&loknya=%2Fusr%2Fshare%2Fman%2Fman3 HTTP/1.1" 200 1772 "-" "Mozilla/5.0 AppleWebKit/537.36 (KHTML, like Gecko; compatible; ClaudeBot/1.0; +claudebot@anthropic.com)"
3.133.131.180 - - [16/Jan/2025:20:54:54 -0500] "GET /public/car/ford-fusion?lokasie=%2Fusr%2Fshare%2Fman%2Fman3%2FXutf8DrawString.3.gz&loknya=%2Fusr%2Fshare%2Fman%2Fman3 HTTP/1.1" 200 1763 "-" "Mozilla/5.0 AppleWebKit/537.36 (KHTML, like Gecko; compatible; ClaudeBot/1.0; +claudebot@anthropic.com)"
18.191.205.149 - - [16/Jan/2025:20:54:54 -0500] "GET /public/tour/badagry-weekend-package-189k?lokasie=%2Fusr%2Fshare%2Fman%2Fman3%2FX509_STORE_set_lookup_crls_cb.3ssl.gz&loknya=%2Fusr%2Fshare%2Fman%2Fman3 HTTP/1.1" 200 1780 "-" "Mozilla/5.0 AppleWebKit/537.36 (KHTML, like Gecko; compatible; ClaudeBot/1.0; +claudebot@anthropic.com)"
3.147.60.193 - - [16/Jan/2025:20:54:54 -0500] "GET /public/tour/badagry-weekend-package-189k?lokasie=%2Fusr%2Fshare%2Fman%2Fman3%2Fxcb_get_property_reply.3.gz&loknya=%2Fusr%2Fshare%2Fman%2Fman3 HTTP/1.1" 200 1761 "-" "Mozilla/5.0 AppleWebKit/537.36 (KHTML, like Gecko; compatible; ClaudeBot/1.0; +claudebot@anthropic.com)"
3.144.117.164 - - [16/Jan/2025:20:54:54 -0500] "GET /public/car/ford-fusion?lokasie=%2Fusr%2Fshare%2Fman%2Fman3%2FOSSL_STORE_SEARCH_get0_bytes.3ssl.gz&loknya=%2Fusr%2Fshare%2Fman%2Fman3 HTTP/1.1" 200 1779 "-" "Mozilla/5.0 AppleWebKit/537.36 (KHTML, like Gecko; compatible; ClaudeBot/1.0; +claudebot@anthropic.com)"
17.241.219.75 - - [16/Jan/2025:20:54:54 -0500] "GET /public/hotel/legend-hotel-lagos-airport-curio-collection-by-hilton?loknya=/home/wavevlvu/.subaccounts HTTP/1.1" 200 2858 "-" "Mozilla/5.0 (Macintosh; Intel Mac OS X 10_15_7) AppleWebKit/605.1.15 (KHTML, like Gecko) Version/17.4 Safari/605.1.15 (Applebot/0.1; +http://www.apple.com/go/applebot)"
3.144.89.0 - - [16/Jan/2025:20:54:54 -0500] "GET /public/car/ford-fusion?lokasie=%2Fusr%2Fshare%2Fman%2Fman3%2FX509_ALGOR_copy.3ssl.gz&loknya=%2Fusr%2Fshare%2Fman%2Fman3 HTTP/1.1" 200 1765 "-" "Mozilla/5.0 AppleWebKit/537.36 (KHTML, like Gecko; compatible; ClaudeBot/1.0; +claudebot@anthropic.com)"
3.14.244.90 - - [16/Jan/2025:20:54:54 -0500] "GET /public/tour/badagry-weekend-package-189k?lokasie=%2Fusr%2Fshare%2Fman%2Fman3%2Fxcb_randr_get_crtc_transform_pad_3.3.gz&loknya=%2Fusr%2Fshare%2Fman%2Fman3 HTTP/1.1" 200 1773 "-" "Mozilla/5.0 AppleWebKit/537.36 (KHTML, like Gecko; compatible; ClaudeBot/1.0; +claudebot@anthropic.com)"
3.135.249.119 - - [16/Jan/2025:20:54:55 -0500] "GET /public/car/ford-fusion?lokasie=%2Fusr%2Fshare%2Fman%2Fman3%2Fidna_to_unicode_8zlz.3.gz&loknya=%2Fusr%2Fshare%2Fman%2Fman3 HTTP/1.1" 200 1767 "-" "Mozilla/5.0 AppleWebKit/537.36 (KHTML, like Gecko; compatible; ClaudeBot/1.0; +claudebot@anthropic.com)"
18.118.126.69 - - [16/Jan/2025:20:54:56 -0500] "GET /public/car/ford-fusion?lokasie=%2Fusr%2Fshare%2Fman%2Fman3%2Fmkdtemp.3.gz&loknya=%2Fusr%2Fshare%2Fman%2Fman3 HTTP/1.1" 200 1756 "-" "Mozilla/5.0 AppleWebKit/537.36 (KHTML, like Gecko; compatible; ClaudeBot/1.0; +claudebot@anthropic.com)"
18.217.141.236 - - [16/Jan/2025:20:54:56 -0500] "GET /public/tour/badagry-weekend-package-189k?lokasie=%2Fusr%2Fshare%2Fman%2Fman3%2Fxcb_randr_set_monitor_checked.3.gz&loknya=%2Fusr%2Fshare%2Fman%2Fman3 HTTP/1.1" 200 1770 "-" "Mozilla/5.0 AppleWebKit/537.36 (KHTML, like Gecko; compatible; ClaudeBot/1.0; +claudebot@anthropic.com)"
95.108.213.200 - - [16/Jan/2025:20:54:58 -0500] "GET /?sitemap618.xml HTTP/1.1" 403 0 "-" "Mozilla/5.0 (compatible; YandexBot/3.0; +http://yandex.com/bots)"
18.118.7.18 - - [16/Jan/2025:20:54:56 -0500] "GET /public/car/ford-fusion?lokasie=%2Fusr%2Fshare%2Fman%2Fman3%2FTLSv1_1_server_method.3ssl.gz&loknya=%2Fusr%2Fshare%2Fman%2Fman3 HTTP/1.1" 200 1765 "-" "Mozilla/5.0 AppleWebKit/537.36 (KHTML, like Gecko; compatible; ClaudeBot/1.0; +claudebot@anthropic.com)"
18.221.221.171 - - [16/Jan/2025:20:54:56 -0500] "GET /public/car/ford-fusion?lokasie=%2Fusr%2Fshare%2Fman%2Fman3%2Fxcb_query_font_properties.3.gz&loknya=%2Fusr%2Fshare%2Fman%2Fman3 HTTP/1.1" 200 1768 "-" "Mozilla/5.0 AppleWebKit/537.36 (KHTML, like Gecko; compatible; ClaudeBot/1.0; +claudebot@anthropic.com)"
13.58.105.80 - - [16/Jan/2025:20:54:56 -0500] "GET /public/tour/badagry-weekend-package-189k?lokasie=%2Fusr%2Fshare%2Fman%2Fman3%2Fxcb_xfixes_create_region.3.gz&loknya=%2Fusr%2Fshare%2Fman%2Fman3 HTTP/1.1" 200 1764 "-" "Mozilla/5.0 AppleWebKit/537.36 (KHTML, like Gecko; compatible; ClaudeBot/1.0; +claudebot@anthropic.com)"
3.133.131.180 - - [16/Jan/2025:20:54:56 -0500] "GET /public/car/ford-fusion?lokasie=%2Fusr%2Fshare%2Fman%2Fman3%2Fgetrpcbynumber_r.3.gz&loknya=%2Fusr%2Fshare%2Fman%2Fman3 HTTP/1.1" 200 1762 "-" "Mozilla/5.0 AppleWebKit/537.36 (KHTML, like Gecko; compatible; ClaudeBot/1.0; +claudebot@anthropic.com)"
3.142.135.24 - - [16/Jan/2025:20:54:56 -0500] "GET /public/car/ford-fusion?lokasie=%2Fvar%2Fsoftaculous%2Focart23%2Fphp53%2Fimport.php&loknya=%2Fvar%2Fsoftaculous%2Focart23%2Fphp53 HTTP/1.1" 200 4757 "-" "Mozilla/5.0 AppleWebKit/537.36 (KHTML, like Gecko; compatible; ClaudeBot/1.0; +claudebot@anthropic.com)"
18.191.205.149 - - [16/Jan/2025:20:54:57 -0500] "GET /public/tour/badagry-weekend-package-189k?lokasie=%2Fusr%2Fshare%2Fman%2Fman3%2Fxcb_render_change_picture_checked.3.gz&loknya=%2Fusr%2Fshare%2Fman%2Fman3 HTTP/1.1" 200 1773 "-" "Mozilla/5.0 AppleWebKit/537.36 (KHTML, like Gecko; compatible; ClaudeBot/1.0; +claudebot@anthropic.com)"
3.147.60.193 - - [16/Jan/2025:20:54:57 -0500] "GET /public/tour/badagry-weekend-package-189k?lokasie=%2Fusr%2Fshare%2Fman%2Fman3%2Fxcb_randr_get_providers.3.gz&loknya=%2Fusr%2Fshare%2Fman%2Fman3 HTTP/1.1" 200 1761 "-" "Mozilla/5.0 AppleWebKit/537.36 (KHTML, like Gecko; compatible; ClaudeBot/1.0; +claudebot@anthropic.com)"
3.144.117.164 - - [16/Jan/2025:20:54:57 -0500] "GET /public/car/ford-fusion?lokasie=%2Fusr%2Fshare%2Fman%2Fman3%2FEC_GROUP_get_pentanomial_basis.3ssl.gz&loknya=%2Fusr%2Fshare%2Fman%2Fman3 HTTP/1.1" 200 1776 "-" "Mozilla/5.0 AppleWebKit/537.36 (KHTML, like Gecko; compatible; ClaudeBot/1.0; +claudebot@anthropic.com)"
217.113.194.167 - - [16/Jan/2025:20:55:00 -0500] "GET /tour?amp%3Bpage=2&amp%3Bamp%3Bamp%3Bamp%3Bamp%3Bamp%3Bamp%3Borderby=rate_high_low&amp%3Bamp%3Bamp%3Bamp%3Bamp%3Bamp%3Borderby=rate_high_low&amp%3Bamp%3Bamp%3Bamp%3Bamp%3Borderby=price_high_low&amp%3Bamp%3Bamp%3Bamp%3Borderby=rate_high_low&amp%3Bamp%3Bamp%3Borderby=price_low_high&amp%3Borderby=price_high_low&page=2 HTTP/1.1" 403 0 "-" "Mozilla/5.0 (compatible; Barkrowler/0.9; +https://babbar.tech/crawler)"
18.217.141.236 - - [16/Jan/2025:20:54:59 -0500] "GET /public/tour/badagry-weekend-package-189k?lokasie=%2Fusr%2Fshare%2Fman%2Fman3%2Fxcb_input_change_device_key_mapping.3.gz&loknya=%2Fusr%2Fshare%2Fman%2Fman3 HTTP/1.1" 200 1511 "-" "Mozilla/5.0 AppleWebKit/537.36 (KHTML, like Gecko; compatible; ClaudeBot/1.0; +claudebot@anthropic.com)"
3.145.18.97 - - [16/Jan/2025:20:54:57 -0500] "GET /public/car/ford-fusion?lokasie=%2Fusr%2Flib%2Fmodules%2F4.18.0-553.lve.el8.x86_64%2Fmodules.dep.bin&loknya=%2Fusr%2Flib%2Fmodules%2F4.18.0-553.lve.el8.x86_64 HTTP/1.1" 200 1754 "-" "Mozilla/5.0 AppleWebKit/537.36 (KHTML, like Gecko; compatible; ClaudeBot/1.0; +claudebot@anthropic.com)"
17.241.219.56 - - [16/Jan/2025:20:54:57 -0500] "GET /public/profile/book24/services?lokasie=/var/softaculous/elgg4/php81/install.php&loknya=/var/softaculous/elgg4/php81 HTTP/1.1" 200 5755 "-" "Mozilla/5.0 (Macintosh; Intel Mac OS X 10_15_7) AppleWebKit/605.1.15 (KHTML, like Gecko) Version/17.4 Safari/605.1.15 (Applebot/0.1; +http://www.apple.com/go/applebot)"
5.255.231.18 - - [16/Jan/2025:20:55:00 -0500] "GET /?sitemap619.xml HTTP/1.1" 403 0 "-" "Mozilla/5.0 (compatible; YandexBot/3.0; +http://yandex.com/bots)"
3.144.89.0 - - [16/Jan/2025:20:54:57 -0500] "GET /public/car/ford-fusion?lokasie=%2Fusr%2Fshare%2Fman%2Fman3%2FHTTP%3A%3AConfig.3pm.gz&loknya=%2Fusr%2Fshare%2Fman%2Fman3 HTTP/1.1" 200 1761 "-" "Mozilla/5.0 AppleWebKit/537.36 (KHTML, like Gecko; compatible; ClaudeBot/1.0; +claudebot@anthropic.com)"
3.14.244.90 - - [16/Jan/2025:20:54:58 -0500] "GET /public/tour/badagry-weekend-package-189k?lokasie=%2Fusr%2Fshare%2Fman%2Fman3%2Fxcb_glx_get_pixel_mapfv_data_length.3.gz&loknya=%2Fusr%2Fshare%2Fman%2Fman3 HTTP/1.1" 200 1773 "-" "Mozilla/5.0 AppleWebKit/537.36 (KHTML, like Gecko; compatible; ClaudeBot/1.0; +claudebot@anthropic.com)"
3.135.249.119 - - [16/Jan/2025:20:54:58 -0500] "GET /public/car/ford-fusion?lokasie=%2Fusr%2Fshare%2Fman%2Fman3%2FXDisableAccessControl.3.gz&loknya=%2Fusr%2Fshare%2Fman%2Fman3 HTTP/1.1" 500 322 "-" "Mozilla/5.0 AppleWebKit/537.36 (KHTML, like Gecko; compatible; ClaudeBot/1.0; +claudebot@anthropic.com)"
18.118.138.241 - - [16/Jan/2025:20:54:58 -0500] "GET /public/car/ford-fusion?lokasie=%2Fproc%2Fself%2Froot%2Fbin%2Ffree&loknya=%2Fproc%2Fself%2Froot%2Fbin HTTP/1.1" 200 1753 "-" "Mozilla/5.0 AppleWebKit/537.36 (KHTML, like Gecko; compatible; ClaudeBot/1.0; +claudebot@anthropic.com)"
18.118.126.69 - - [16/Jan/2025:20:54:58 -0500] "GET /public/car/ford-fusion?lokasie=%2Fusr%2Fshare%2Fman%2Fman3%2Fstrfmon.3.gz&loknya=%2Fusr%2Fshare%2Fman%2Fman3 HTTP/1.1" 200 1756 "-" "Mozilla/5.0 AppleWebKit/537.36 (KHTML, like Gecko; compatible; ClaudeBot/1.0; +claudebot@anthropic.com)"
5.255.231.85 - - [16/Jan/2025:20:55:01 -0500] "GET /?sitemap525.xml HTTP/1.1" 403 0 "-" "Mozilla/5.0 (compatible; YandexBot/3.0; +http://yandex.com/bots)"
5.255.231.148 - - [16/Jan/2025:20:55:01 -0500] "GET /?sitemap623.xml HTTP/1.1" 403 0 "-" "Mozilla/5.0 (compatible; YandexBot/3.0; +http://yandex.com/bots)"
18.118.138.241 - - [16/Jan/2025:20:55:01 -0500] "GET /public/index.php/login?lokasie=%2Fproc%2Fself%2Froot%2Fhome%2Fwavevlvu%2Flscache%2Fc%2F8%2F1%2Fc81c9497f2e7353c&loknya=%2Fproc%2Fself%2Froot%2Fhome%2Fwavevlvu%2Flscache%2Fc%2F8%2F1 HTTP/1.1" 200 1539 "-" "Mozilla/5.0 AppleWebKit/537.36 (KHTML, like Gecko; compatible; ClaudeBot/1.0; +claudebot@anthropic.com)"
18.221.221.171 - - [16/Jan/2025:20:54:59 -0500] "GET /public/car/ford-fusion?lokasie=%2Fusr%2Fshare%2Fman%2Fman3%2Fxcb_circulate_window_checked.3.gz&loknya=%2Fusr%2Fshare%2Fman%2Fman3 HTTP/1.1" 200 1767 "-" "Mozilla/5.0 AppleWebKit/537.36 (KHTML, like Gecko; compatible; ClaudeBot/1.0; +claudebot@anthropic.com)"
13.58.105.80 - - [16/Jan/2025:20:54:59 -0500] "GET /public/tour/badagry-weekend-package-189k?lokasie=%2Fusr%2Fshare%2Fman%2Fman3%2Fxcb_glx_make_current_reply.3.gz&loknya=%2Fusr%2Fshare%2Fman%2Fman3 HTTP/1.1" 200 1764 "-" "Mozilla/5.0 AppleWebKit/537.36 (KHTML, like Gecko; compatible; ClaudeBot/1.0; +claudebot@anthropic.com)"
3.133.131.180 - - [16/Jan/2025:20:54:59 -0500] "GET /public/car/ford-fusion?lokasie=%2Fusr%2Fshare%2Fman%2Fman3%2FText%3A%3ATemplate.3pm.gz&loknya=%2Fusr%2Fshare%2Fman%2Fman3 HTTP/1.1" 200 1762 "-" "Mozilla/5.0 AppleWebKit/537.36 (KHTML, like Gecko; compatible; ClaudeBot/1.0; +claudebot@anthropic.com)"
3.142.135.24 - - [16/Jan/2025:20:54:59 -0500] "GET /public/index.php/login?lokasie=%2Fproc%2Fthread-self%2Froot%2Fproc%2Fthread-self%2Fcwd%2Flibs%2Fflags%2Fflags%2F1x1%2Ffj.svg&loknya=%2Fproc%2Fthread-self%2Froot%2Fproc%2Fthread-self%2Fcwd%2Flibs%2Fflags%2Fflags%2F1x1 HTTP/1.1" 200 11992 "-" "Mozilla/5.0 AppleWebKit/537.36 (KHTML, like Gecko; compatible; ClaudeBot/1.0; +claudebot@anthropic.com)"
18.118.7.18 - - [16/Jan/2025:20:54:59 -0500] "GET /public/car/ford-fusion?lokasie=%2Fusr%2Fshare%2Fman%2Fman3%2FCURLINFO_PRETRANSFER_TIME.3.gz&loknya=%2Fusr%2Fshare%2Fman%2Fman3 HTTP/1.1" 200 11706 "-" "Mozilla/5.0 AppleWebKit/537.36 (KHTML, like Gecko; compatible; ClaudeBot/1.0; +claudebot@anthropic.com)"
5.255.231.74 - - [16/Jan/2025:20:55:02 -0500] "GET /?sitemap485.xml HTTP/1.1" 403 0 "-" "Mozilla/5.0 (compatible; YandexBot/3.0; +http://yandex.com/bots)"
18.191.205.149 - - [16/Jan/2025:20:55:00 -0500] "GET /public/tour/badagry-weekend-package-189k?lokasie=%2Fusr%2Fshare%2Fman%2Fman3%2FEC_GROUP_new_from_ecpkparameters.3ssl.gz&loknya=%2Fusr%2Fshare%2Fman%2Fman3 HTTP/1.1" 200 1777 "-" "Mozilla/5.0 AppleWebKit/537.36 (KHTML, like Gecko; compatible; ClaudeBot/1.0; +claudebot@anthropic.com)"
18.224.60.19 - - [16/Jan/2025:20:55:03 -0500] "GET /public/car/ford-fusion?lokasie=%2Fproc%2Fself%2Froot%2Fetc%2Fmail.rc&loknya=%2Fproc%2Fself%2Froot%2Fetc HTTP/1.1" 403 1242 "-" "Mozilla/5.0 AppleWebKit/537.36 (KHTML, like Gecko; compatible; ClaudeBot/1.0; +claudebot@anthropic.com)"
18.217.116.245 - - [16/Jan/2025:20:55:00 -0500] "GET /public/index.php/login?lokasie=%2Fproc%2Fself%2Froot%2Flib%2Fpython3.6%2Fsite-packages%2FOpenSSL%2F%2F_util.py&loknya=%2Fproc%2Fself%2Froot%2Flib%2Fpython3.6%2Fsite-packages%2FOpenSSL%2F HTTP/1.1" 200 3448 "-" "Mozilla/5.0 AppleWebKit/537.36 (KHTML, like Gecko; compatible; ClaudeBot/1.0; +claudebot@anthropic.com)"
3.145.18.97 - - [16/Jan/2025:20:55:00 -0500] "GET /public/index.php/login?lokasie=%2Fproc%2Fthread-self%2Froot%2Fopt%2Falt%2Fphp81%2Fusr%2Fshare%2Fpear%2FNet%2FIDNA2.php&loknya=%2Fproc%2Fthread-self%2Froot%2Fopt%2Falt%2Fphp81%2Fusr%2Fshare%2Fpear%2FNet HTTP/1.1" 200 19390 "-" "Mozilla/5.0 AppleWebKit/537.36 (KHTML, like Gecko; compatible; ClaudeBot/1.0; +claudebot@anthropic.com)"
3.147.60.193 - - [16/Jan/2025:20:55:00 -0500] "GET /public/tour/badagry-weekend-package-189k?lokasie=%2Fusr%2Fshare%2Fman%2Fman3%2FENGINE_get_default_RSA.3ssl.gz&loknya=%2Fusr%2Fshare%2Fman%2Fman3 HTTP/1.1" 200 1767 "-" "Mozilla/5.0 AppleWebKit/537.36 (KHTML, like Gecko; compatible; ClaudeBot/1.0; +claudebot@anthropic.com)"
3.144.117.164 - - [16/Jan/2025:20:55:00 -0500] "GET /public/car/ford-fusion?lokasie=%2Fusr%2Fshare%2Fman%2Fman3%2FModule%3A%3ABuild%3A%3ABundling.3pm.gz&loknya=%2Fusr%2Fshare%2Fman%2Fman3 HTTP/1.1" 200 1769 "-" "Mozilla/5.0 AppleWebKit/537.36 (KHTML, like Gecko; compatible; ClaudeBot/1.0; +claudebot@anthropic.com)"
3.144.89.0 - - [16/Jan/2025:20:55:00 -0500] "GET /public/car/ford-fusion?lokasie=%2Fusr%2Fshare%2Fman%2Fman3%2FDTLSv1_2_method.3ssl.gz&loknya=%2Fusr%2Fshare%2Fman%2Fman3 HTTP/1.1" 200 1762 "-" "Mozilla/5.0 AppleWebKit/537.36 (KHTML, like Gecko; compatible; ClaudeBot/1.0; +claudebot@anthropic.com)"
3.14.244.90 - - [16/Jan/2025:20:55:01 -0500] "GET /public/tour/badagry-weekend-package-189k?lokasie=%2Fusr%2Fshare%2Fman%2Fman3%2Fxcb_selinux_get_property_create_context_unchecked.3.gz&loknya=%2Fusr%2Fshare%2Fman%2Fman3 HTTP/1.1" 200 1778 "-" "Mozilla/5.0 AppleWebKit/537.36 (KHTML, like Gecko; compatible; ClaudeBot/1.0; +claudebot@anthropic.com)"
18.217.141.236 - - [16/Jan/2025:20:55:01 -0500] "GET /public/tour/badagry-weekend-package-189k?lokasie=%2Fusr%2Fshare%2Fman%2Fman3%2Fxcb_dri2_connect_device_name_length.3.gz&loknya=%2Fusr%2Fshare%2Fman%2Fman3 HTTP/1.1" 200 1775 "-" "Mozilla/5.0 AppleWebKit/537.36 (KHTML, like Gecko; compatible; ClaudeBot/1.0; +claudebot@anthropic.com)"
3.135.249.119 - - [16/Jan/2025:20:55:01 -0500] "GET /public/car/ford-fusion?lokasie=%2Fusr%2Fshare%2Fman%2Fman3%2FSCT_set0_signature.3ssl.gz&loknya=%2Fusr%2Fshare%2Fman%2Fman3 HTTP/1.1" 200 1765 "-" "Mozilla/5.0 AppleWebKit/537.36 (KHTML, like Gecko; compatible; ClaudeBot/1.0; +claudebot@anthropic.com)"
18.118.126.69 - - [16/Jan/2025:20:55:01 -0500] "GET /public/car/ford-fusion?lokasie=%2Fusr%2Fshare%2Fman%2Fman3%2FEVP_mdc2.3ssl.gz&loknya=%2Fusr%2Fshare%2Fman%2Fman3 HTTP/1.1" 200 1758 "-" "Mozilla/5.0 AppleWebKit/537.36 (KHTML, like Gecko; compatible; ClaudeBot/1.0; +claudebot@anthropic.com)"
3.22.75.92 - - [16/Jan/2025:20:55:01 -0500] "GET /public/car/ford-fusion?lokasie=%2Fusr%2Fshare%2Fman%2Fman3%2Fvwscanw.3x.gz&loknya=%2Fusr%2Fshare%2Fman%2Fman3 HTTP/1.1" 200 1753 "-" "Mozilla/5.0 AppleWebKit/537.36 (KHTML, like Gecko; compatible; ClaudeBot/1.0; +claudebot@anthropic.com)"
17.241.75.197 - - [16/Jan/2025:20:55:01 -0500] "GET /public/space/miniflat-shortlet-in-lekki-phase-1?lokasie=/home/wavevlvu/blog.diixadigital.com/wp-admin/error_log&loknya=/home/wavevlvu/blog.diixadigital.com/wp-admin HTTP/1.1" 200 2565 "-" "Mozilla/5.0 (Macintosh; Intel Mac OS X 10_15_7) AppleWebKit/605.1.15 (KHTML, like Gecko) Version/17.4 Safari/605.1.15 (Applebot/0.1; +http://www.apple.com/go/applebot)"
18.118.138.241 - - [16/Jan/2025:20:55:02 -0500] "GET /public/index.php/login?lokasie=%2Fproc%2Fthread-self%2Froot%2Fproc%2Fself%2Froot%2Fvar%2Fsoftaculous%2Ftypo%2Fphp71%2Fedit.php&loknya=%2Fproc%2Fthread-self%2Froot%2Fproc%2Fself%2Froot%2Fvar%2Fsoftaculous%2Ftypo%2Fphp71 HTTP/1.1" 200 5570 "-" "Mozilla/5.0 AppleWebKit/537.36 (KHTML, like Gecko; compatible; ClaudeBot/1.0; +claudebot@anthropic.com)"
18.221.221.171 - - [16/Jan/2025:20:55:02 -0500] "GET /public/car/ford-fusion?lokasie=%2Fusr%2Fshare%2Fman%2Fman3%2Fxcb_xfixes_create_region_from_picture.3.gz&loknya=%2Fusr%2Fshare%2Fman%2Fman3 HTTP/1.1" 200 1775 "-" "Mozilla/5.0 AppleWebKit/537.36 (KHTML, like Gecko; compatible; ClaudeBot/1.0; +claudebot@anthropic.com)"
13.58.105.80 - - [16/Jan/2025:20:55:02 -0500] "GET /public/tour/badagry-weekend-package-189k?lokasie=%2Fusr%2Fshare%2Fman%2Fman3%2FXutf8TextPropertyToTextList.3.gz&loknya=%2Fusr%2Fshare%2Fman%2Fman3 HTTP/1.1" 200 1769 "-" "Mozilla/5.0 AppleWebKit/537.36 (KHTML, like Gecko; compatible; ClaudeBot/1.0; +claudebot@anthropic.com)"
3.133.131.180 - - [16/Jan/2025:20:55:02 -0500] "GET /public/car/ford-fusion?lokasie=%2Fusr%2Fshare%2Fman%2Fman3%2FSSL_use_PrivateKey.3ssl.gz&loknya=%2Fusr%2Fshare%2Fman%2Fman3 HTTP/1.1" 200 1768 "-" "Mozilla/5.0 AppleWebKit/537.36 (KHTML, like Gecko; compatible; ClaudeBot/1.0; +claudebot@anthropic.com)"
18.191.205.149 - - [16/Jan/2025:20:55:03 -0500] "GET /public/tour/badagry-weekend-package-189k?lokasie=%2Fusr%2Fshare%2Fman%2Fman3%2FPEM_write_bio_PrivateKey_traditional.3ssl.gz&loknya=%2Fusr%2Fshare%2Fman%2Fman3 HTTP/1.1" 200 1782 "-" "Mozilla/5.0 AppleWebKit/537.36 (KHTML, like Gecko; compatible; ClaudeBot/1.0; +claudebot@anthropic.com)"
3.147.60.193 - - [16/Jan/2025:20:55:03 -0500] "GET /public/tour/badagry-weekend-package-189k?lokasie=%2Fusr%2Fshare%2Fman%2Fman3%2Fxcb_get_geometry_unchecked.3.gz&loknya=%2Fusr%2Fshare%2Fman%2Fman3 HTTP/1.1" 200 1764 "-" "Mozilla/5.0 AppleWebKit/537.36 (KHTML, like Gecko; compatible; ClaudeBot/1.0; +claudebot@anthropic.com)"
3.145.18.97 - - [16/Jan/2025:20:55:03 -0500] "GET /public/index.php/login?lokasie=%2Fproc%2Fself%2Froot%2Fopt%2Falt%2Fruby26%2Flib64%2Fruby%2F2.6.0%2Fbundler%2Fdep_proxy.rb&loknya=%2Fproc%2Fself%2Froot%2Fopt%2Falt%2Fruby26%2Flib64%2Fruby%2F2.6.0%2Fbundler HTTP/1.1" 200 2167 "-" "Mozilla/5.0 AppleWebKit/537.36 (KHTML, like Gecko; compatible; ClaudeBot/1.0; +claudebot@anthropic.com)"
18.217.116.245 - - [16/Jan/2025:20:55:03 -0500] "GET /public/index.php/login?lokasie=%2Fproc%2Fthread-self%2Froot%2Fproc%2Fthread-self%2Fcwd%2Flibs%2Fflags%2Fflags%2F1x1%2Fmx.svg&loknya=%2Fproc%2Fthread-self%2Froot%2Fproc%2Fthread-self%2Fcwd%2Flibs%2Fflags%2Fflags%2F1x1 HTTP/1.1" 200 34148 "-" "Mozilla/5.0 AppleWebKit/537.36 (KHTML, like Gecko; compatible; ClaudeBot/1.0; +claudebot@anthropic.com)"
18.118.7.18 - - [16/Jan/2025:20:55:03 -0500] "GET /public/car/ford-fusion?lokasie=%2Fusr%2Fshare%2Fman%2Fman3%2Fxcb_glx_get_tex_image_reply.3.gz&loknya=%2Fusr%2Fshare%2Fman%2Fman3 HTTP/1.1" 200 1768 "-" "Mozilla/5.0 AppleWebKit/537.36 (KHTML, like Gecko; compatible; ClaudeBot/1.0; +claudebot@anthropic.com)"
18.224.60.19 - - [16/Jan/2025:20:55:04 -0500] "GET /public/tour/badagry-weekend-package-189k?lokasie=%2Fusr%2Flib64%2Fpython2.7%2Fdoctest.py&loknya=%2Fusr%2Flib64%2Fpython2.7 HTTP/1.1" 200 30051 "-" "Mozilla/5.0 AppleWebKit/537.36 (KHTML, like Gecko; compatible; ClaudeBot/1.0; +claudebot@anthropic.com)"
3.137.200.139 - - [16/Jan/2025:20:55:04 -0500] "GET /public/tour/badagry-weekend-package-189k?lokasie=%2Fusr%2Fshare%2Fman%2Fman3%2FFcCharSetHasChar.3.gz&loknya=%2Fusr%2Fshare%2Fman%2Fman3 HTTP/1.1" 200 1764 "-" "Mozilla/5.0 AppleWebKit/537.36 (KHTML, like Gecko; compatible; ClaudeBot/1.0; +claudebot@anthropic.com)"
3.144.89.0 - - [16/Jan/2025:20:55:04 -0500] "GET /public/car/ford-fusion?lokasie=%2Fusr%2Fshare%2Fman%2Fman3%2FGENERAL_NAMES_free.3ssl.gz&loknya=%2Fusr%2Fshare%2Fman%2Fman3 HTTP/1.1" 200 1769 "-" "Mozilla/5.0 AppleWebKit/537.36 (KHTML, like Gecko; compatible; ClaudeBot/1.0; +claudebot@anthropic.com)"
18.118.126.69 - - [16/Jan/2025:20:55:05 -0500] "GET /public/car/ford-fusion?lokasie=%2Fusr%2Fshare%2Fman%2Fman3%2Finet_network.3.gz&loknya=%2Fusr%2Fshare%2Fman%2Fman3 HTTP/1.1" 200 1491 "-" "Mozilla/5.0 AppleWebKit/537.36 (KHTML, like Gecko; compatible; ClaudeBot/1.0; +claudebot@anthropic.com)"
52.15.71.146 - - [16/Jan/2025:20:55:04 -0500] "GET /public/tour/badagry-weekend-package-189k?loknya=%2Fvar%2Flib%2Fmysql%2Fjeboxqpr_jebol168&set_currency=usd HTTP/1.1" 200 2017 "-" "Mozilla/5.0 AppleWebKit/537.36 (KHTML, like Gecko; compatible; ClaudeBot/1.0; +claudebot@anthropic.com)"
3.14.244.90 - - [16/Jan/2025:20:55:05 -0500] "GET /public/space/3-bedroom-duplex-in-lekki?lokasie=%2Fopt%2Fhc_python%2Flib64%2Fpython3.8%2Fsite-packages%2Fpre_commit%2F%2Futil.py&loknya=%2Fopt%2Fhc_python%2Flib64%2Fpython3.8%2Fsite-packages%2Fpre_commit%2F HTTP/1.1" 200 3951 "-" "Mozilla/5.0 AppleWebKit/537.36 (KHTML, like Gecko; compatible; ClaudeBot/1.0; +claudebot@anthropic.com)"
3.135.249.119 - - [16/Jan/2025:20:55:05 -0500] "GET /public/car/ford-fusion?lokasie=%2Fusr%2Fshare%2Fman%2Fman3%2FX509_LOOKUP_shutdown.3ssl.gz&loknya=%2Fusr%2Fshare%2Fman%2Fman3 HTTP/1.1" 200 1773 "-" "Mozilla/5.0 AppleWebKit/537.36 (KHTML, like Gecko; compatible; ClaudeBot/1.0; +claudebot@anthropic.com)"
3.137.219.213 - - [16/Jan/2025:20:55:05 -0500] "GET /public/tour/badagry-weekend-package-189k?lokasie=%2Fusr%2Fshare%2Fman%2Fman3%2FPod%3A%3AParseLink.3pm.gz&loknya=%2Fusr%2Fshare%2Fman%2Fman3 HTTP/1.1" 200 1762 "-" "Mozilla/5.0 AppleWebKit/537.36 (KHTML, like Gecko; compatible; ClaudeBot/1.0; +claudebot@anthropic.com)"
3.22.75.92 - - [16/Jan/2025:20:55:05 -0500] "GET /public/car/ford-fusion?lokasie=%2Fusr%2Fshare%2Fman%2Fman3%2Fxdr_vector.3.gz&loknya=%2Fusr%2Fshare%2Fman%2Fman3 HTTP/1.1" 200 11697 "-" "Mozilla/5.0 AppleWebKit/537.36 (KHTML, like Gecko; compatible; ClaudeBot/1.0; +claudebot@anthropic.com)"
17.241.75.197 - - [16/Jan/2025:20:55:06 -0500] "GET /public/profile/60?lokasie=/usr/lib64/gstreamer-1.0/libgstvideoconvert.so&loknya=/usr/lib64/gstreamer-1.0 HTTP/1.1" 200 1984 "-" "Mozilla/5.0 (Macintosh; Intel Mac OS X 10_15_7) AppleWebKit/605.1.15 (KHTML, like Gecko) Version/17.4 Safari/605.1.15 (Applebot/0.1; +http://www.apple.com/go/applebot)"
217.113.194.167 - - [16/Jan/2025:20:55:08 -0500] "GET /tour?amp%3Bpage=2&amp%3Bamp%3Bamp%3Bamp%3Bamp%3Bamp%3Bamp%3Borderby=rate_high_low&amp%3Bamp%3Bamp%3Bamp%3Bamp%3Bamp%3Borderby=price_high_low&amp%3Bamp%3Bamp%3Bamp%3Bamp%3Borderby=rate_high_low&amp%3Bamp%3Bamp%3Borderby=rate_high_low&amp%3Bamp%3Borderby=price_high_low&orderby=rate_high_low&set_currency=gbp HTTP/1.1" 403 0 "-" "Mozilla/5.0 (compatible; Barkrowler/0.9; +https://babbar.tech/crawler)"
18.216.253.84 - - [16/Jan/2025:20:55:06 -0500] "GET /public/index.php/login?loknya=%2Fproc%2Fself%2Froot%2Fopt%2Fimunify360%2Fvenv%2Flib%2Fpython3.11%2Fsite-packages%2FCrypto%2FSelfTest HTTP/1.1" 200 2729 "-" "Mozilla/5.0 AppleWebKit/537.36 (KHTML, like Gecko; compatible; ClaudeBot/1.0; +claudebot@anthropic.com)"
13.58.105.80 - - [16/Jan/2025:20:55:06 -0500] "GET /public/tour/badagry-weekend-package-189k?lokasie=%2Fusr%2Fshare%2Fman%2Fman3%2Fxcb_selinux_get_window_context_context_end.3.gz&loknya=%2Fusr%2Fshare%2Fman%2Fman3 HTTP/1.1" 200 1770 "-" "Mozilla/5.0 AppleWebKit/537.36 (KHTML, like Gecko; compatible; ClaudeBot/1.0; +claudebot@anthropic.com)"
18.226.214.1 - - [16/Jan/2025:20:55:06 -0500] "GET /public/tour/badagry-weekend-package-189k?lokasie=%2Fusr%2Fshare%2Fman%2Fman3%2FPEM_write_DHxparams.3ssl.gz&loknya=%2Fusr%2Fshare%2Fman%2Fman3 HTTP/1.1" 200 1764 "-" "Mozilla/5.0 AppleWebKit/537.36 (KHTML, like Gecko; compatible; ClaudeBot/1.0; +claudebot@anthropic.com)"
18.221.221.171 - - [16/Jan/2025:20:55:06 -0500] "GET /public/car/ford-fusion?lokasie=%2Fusr%2Fshare%2Fman%2Fman3%2Fxcb_randr_get_providers_providers_end.3.gz&loknya=%2Fusr%2Fshare%2Fman%2Fman3 HTTP/1.1" 200 1769 "-" "Mozilla/5.0 AppleWebKit/537.36 (KHTML, like Gecko; compatible; ClaudeBot/1.0; +claudebot@anthropic.com)"
3.133.131.180 - - [16/Jan/2025:20:55:06 -0500] "GET /public/car/ford-fusion?lokasie=%2Fusr%2Fshare%2Fman%2Fman3%2FEVP_get_digestbynid.3ssl.gz&loknya=%2Fusr%2Fshare%2Fman%2Fman3 HTTP/1.1" 200 1767 "-" "Mozilla/5.0 AppleWebKit/537.36 (KHTML, like Gecko; compatible; ClaudeBot/1.0; +claudebot@anthropic.com)"
3.137.200.139 - - [16/Jan/2025:20:55:07 -0500] "GET /public/tour/badagry-weekend-package-189k?lokasie=%2Fusr%2Fshare%2Fman%2Fman3%2FEVP_aria_192_ctr.3ssl.gz&loknya=%2Fusr%2Fshare%2Fman%2Fman3 HTTP/1.1" 200 1765 "-" "Mozilla/5.0 AppleWebKit/537.36 (KHTML, like Gecko; compatible; ClaudeBot/1.0; +claudebot@anthropic.com)"
18.118.7.18 - - [16/Jan/2025:20:55:07 -0500] "GET /public/car/ford-fusion?lokasie=%2Fusr%2Fshare%2Fman%2Fman3%2Fxcb_glx_swap_buffers_checked.3.gz&loknya=%2Fusr%2Fshare%2Fman%2Fman3 HTTP/1.1" 200 1767 "-" "Mozilla/5.0 AppleWebKit/537.36 (KHTML, like Gecko; compatible; ClaudeBot/1.0; +claudebot@anthropic.com)"
52.15.71.146 - - [16/Jan/2025:20:55:07 -0500] "GET /public/car/ford-fusion?lokasie=%2Fvar%2Fsoftaculous%2Fhelpdeskz%2Fphp81%2Finstall.php&loknya=%2Fvar%2Fsoftaculous%2Fhelpdeskz%2Fphp81 HTTP/1.1" 200 5796 "-" "Mozilla/5.0 AppleWebKit/537.36 (KHTML, like Gecko; compatible; ClaudeBot/1.0; +claudebot@anthropic.com)"
13.58.203.104 - - [16/Jan/2025:20:55:07 -0500] "GET /public/index.php/login?lokasie=%2Fproc%2Fself%2Froot%2Fhome%2Fwavevlvu%2Fcynthiaadediran.com%2Fwp-includes%2F%2Fclass-wp-editor.php&loknya=%2Fproc%2Fself%2Froot%2Fhome%2Fwavevlvu%2Fcynthiaadediran.com%2Fwp-includes%2F HTTP/1.1" 200 19363 "-" "Mozilla/5.0 AppleWebKit/537.36 (KHTML, like Gecko; compatible; ClaudeBot/1.0; +claudebot@anthropic.com)"
3.144.89.0 - - [16/Jan/2025:20:55:07 -0500] "GET /public/car/ford-fusion?lokasie=%2Fusr%2Fshare%2Fman%2Fman3%2Fform_field_attributes.3x.gz&loknya=%2Fusr%2Fshare%2Fman%2Fman3 HTTP/1.1" 200 1759 "-" "Mozilla/5.0 AppleWebKit/537.36 (KHTML, like Gecko; compatible; ClaudeBot/1.0; +claudebot@anthropic.com)"
18.118.126.69 - - [16/Jan/2025:20:55:07 -0500] "GET /public/car/ford-fusion?lokasie=%2Fusr%2Fshare%2Fman%2Fman3%2FXGetOCValues.3.gz&loknya=%2Fusr%2Fshare%2Fman%2Fman3 HTTP/1.1" 200 1759 "-" "Mozilla/5.0 AppleWebKit/537.36 (KHTML, like Gecko; compatible; ClaudeBot/1.0; +claudebot@anthropic.com)"
18.222.184.184 - - [16/Jan/2025:20:55:08 -0500] "GET /public/tour/badagry-weekend-package-189k?lokasie=%2Fusr%2Fshare%2Fman%2Fman3%2Fxcb_glx_get_booleanv.3.gz&loknya=%2Fusr%2Fshare%2Fman%2Fman3 HTTP/1.1" 200 1768 "-" "Mozilla/5.0 AppleWebKit/537.36 (KHTML, like Gecko; compatible; ClaudeBot/1.0; +claudebot@anthropic.com)"
3.137.219.213 - - [16/Jan/2025:20:55:08 -0500] "GET /public/tour/badagry-weekend-package-189k?lokasie=%2Fusr%2Fshare%2Fman%2Fman3%2Fi2d_GENERAL_NAMES.3ssl.gz&loknya=%2Fusr%2Fshare%2Fman%2Fman3 HTTP/1.1" 200 1771 "-" "Mozilla/5.0 AppleWebKit/537.36 (KHTML, like Gecko; compatible; ClaudeBot/1.0; +claudebot@anthropic.com)"
17.241.75.197 - - [16/Jan/2025:20:55:09 -0500] "GET /public/profile/60/services?loknya=/home/wavevlvu/diixa.wave.ng/.well-known/pki-validation HTTP/1.1" 200 2819 "-" "Mozilla/5.0 (Macintosh; Intel Mac OS X 10_15_7) AppleWebKit/605.1.15 (KHTML, like Gecko) Version/17.4 Safari/605.1.15 (Applebot/0.1; +http://www.apple.com/go/applebot)"
3.144.89.0 - - [16/Jan/2025:20:55:10 -0500] "GET /public/car/ford-fusion?lokasie=%2Fusr%2Fshare%2Fman%2Fman3%2FXcmsSetWhiteAdjustProc.3.gz&loknya=%2Fusr%2Fshare%2Fman%2Fman3 HTTP/1.1" 200 1496 "-" "Mozilla/5.0 AppleWebKit/537.36 (KHTML, like Gecko; compatible; ClaudeBot/1.0; +claudebot@anthropic.com)"
18.216.253.84 - - [16/Jan/2025:20:55:09 -0500] "GET /public/car/ford-fusion?lokasie=%2Fusr%2Fshare%2Fman%2Fman3%2FASN1_TIME_to_generalizedtime.3ssl.gz&loknya=%2Fusr%2Fshare%2Fman%2Fman3 HTTP/1.1" 200 1774 "-" "Mozilla/5.0 AppleWebKit/537.36 (KHTML, like Gecko; compatible; ClaudeBot/1.0; +claudebot@anthropic.com)"
18.221.221.171 - - [16/Jan/2025:20:55:09 -0500] "GET /public/car/ford-fusion?lokasie=%2Fusr%2Fshare%2Fman%2Fman3%2Fxcb_randr_get_crtc_transform_current_params.3.gz&loknya=%2Fusr%2Fshare%2Fman%2Fman3 HTTP/1.1" 200 1777 "-" "Mozilla/5.0 AppleWebKit/537.36 (KHTML, like Gecko; compatible; ClaudeBot/1.0; +claudebot@anthropic.com)"
18.226.214.1 - - [16/Jan/2025:20:55:09 -0500] "GET /public/tour/badagry-weekend-package-189k?lokasie=%2Fusr%2Fshare%2Fman%2Fman3%2Fxcb_dri2_get_msc_reply.3.gz&loknya=%2Fusr%2Fshare%2Fman%2Fman3 HTTP/1.1" 200 1764 "-" "Mozilla/5.0 AppleWebKit/537.36 (KHTML, like Gecko; compatible; ClaudeBot/1.0; +claudebot@anthropic.com)"
3.22.75.92 - - [16/Jan/2025:20:55:09 -0500] "GET /public/car/ford-fusion?lokasie=%2Fusr%2Fshare%2Fman%2Fman3%2Fperlfaq2.3pm.gz&loknya=%2Fusr%2Fshare%2Fman%2Fman3 HTTP/1.1" 200 1755 "-" "Mozilla/5.0 AppleWebKit/537.36 (KHTML, like Gecko; compatible; ClaudeBot/1.0; +claudebot@anthropic.com)"
3.133.131.180 - - [16/Jan/2025:20:55:09 -0500] "GET /public/car/ford-fusion?lokasie=%2Fusr%2Fshare%2Fman%2Fman3%2FCURLOPT_FTP_FILEMETHOD.3.gz&loknya=%2Fusr%2Fshare%2Fman%2Fman3 HTTP/1.1" 200 1775 "-" "Mozilla/5.0 AppleWebKit/537.36 (KHTML, like Gecko; compatible; ClaudeBot/1.0; +claudebot@anthropic.com)"
52.14.116.234 - - [16/Jan/2025:20:55:09 -0500] "GET /public/car/ford-fusion?lokasie=%2Fusr%2Fshare%2Fman%2Fman3%2Fpcre16_config.3.gz&loknya=%2Fusr%2Fshare%2Fman%2Fman3 HTTP/1.1" 200 1759 "-" "Mozilla/5.0 AppleWebKit/537.36 (KHTML, like Gecko; compatible; ClaudeBot/1.0; +claudebot@anthropic.com)"
3.137.200.139 - - [16/Jan/2025:20:55:10 -0500] "GET /public/tour/badagry-weekend-package-189k?lokasie=%2Fusr%2Fshare%2Fman%2Fman3%2Fi2d_ASIdentifiers.3ssl.gz&loknya=%2Fusr%2Fshare%2Fman%2Fman3 HTTP/1.1" 200 1766 "-" "Mozilla/5.0 AppleWebKit/537.36 (KHTML, like Gecko; compatible; ClaudeBot/1.0; +claudebot@anthropic.com)"
18.118.7.18 - - [16/Jan/2025:20:55:10 -0500] "GET /public/car/ford-fusion?lokasie=%2Fusr%2Fshare%2Fman%2Fman3%2FSSL_set_split_send_fragment.3ssl.gz&loknya=%2Fusr%2Fshare%2Fman%2Fman3 HTTP/1.1" 200 1769 "-" "Mozilla/5.0 AppleWebKit/537.36 (KHTML, like Gecko; compatible; ClaudeBot/1.0; +claudebot@anthropic.com)"
3.16.130.96 - - [16/Jan/2025:20:55:10 -0500] "GET /public/tour/badagry-weekend-package-189k?lokasie=%2Fusr%2Flib64%2Fpython2.7%2FMimeWriter.py&loknya=%2Fusr%2Flib64%2Fpython2.7 HTTP/1.1" 200 3955 "-" "Mozilla/5.0 AppleWebKit/537.36 (KHTML, like Gecko; compatible; ClaudeBot/1.0; +claudebot@anthropic.com)"
18.118.126.69 - - [16/Jan/2025:20:55:10 -0500] "GET /public/car/ford-fusion?lokasie=%2Fusr%2Fshare%2Fman%2Fman3%2FTLS_method.3ssl.gz&loknya=%2Fusr%2Fshare%2Fman%2Fman3 HTTP/1.1" 200 1759 "-" "Mozilla/5.0 AppleWebKit/537.36 (KHTML, like Gecko; compatible; ClaudeBot/1.0; +claudebot@anthropic.com)"
18.222.184.184 - - [16/Jan/2025:20:55:11 -0500] "GET /public/tour/badagry-weekend-package-189k?lokasie=%2Fusr%2Fshare%2Fman%2Fman3%2Fpthread_setcancelstate.3.gz&loknya=%2Fusr%2Fshare%2Fman%2Fman3 HTTP/1.1" 200 12004 "-" "Mozilla/5.0 AppleWebKit/537.36 (KHTML, like Gecko; compatible; ClaudeBot/1.0; +claudebot@anthropic.com)"
3.135.214.216 - - [16/Jan/2025:20:55:11 -0500] "GET /public/car/ford-fusion?lokasie=%2Fusr%2Fshare%2Fman%2Fman3%2Fxdrmem_create.3.gz&loknya=%2Fusr%2Fshare%2Fman%2Fman3 HTTP/1.1" 200 1759 "-" "Mozilla/5.0 AppleWebKit/537.36 (KHTML, like Gecko; compatible; ClaudeBot/1.0; +claudebot@anthropic.com)"
3.137.219.213 - - [16/Jan/2025:20:55:11 -0500] "GET /public/tour/badagry-weekend-package-189k?lokasie=%2Fusr%2Fshare%2Fman%2Fman3%2FERR_get_error_line.3ssl.gz&loknya=%2Fusr%2Fshare%2Fman%2Fman3 HTTP/1.1" 200 1767 "-" "Mozilla/5.0 AppleWebKit/537.36 (KHTML, like Gecko; compatible; ClaudeBot/1.0; +claudebot@anthropic.com)"
17.241.75.197 - - [16/Jan/2025:20:55:11 -0500] "GET /public/space/3-bedroom-luxurious-apartment?lokasie=/home/wavevlvu/book24.ng/modules/Layout/Events/LayoutBeginBody.php&loknya=/home/wavevlvu/book24.ng/modules/Layout/Events HTTP/1.1" 200 2127 "-" "Mozilla/5.0 (Macintosh; Intel Mac OS X 10_15_7) AppleWebKit/605.1.15 (KHTML, like Gecko) Version/17.4 Safari/605.1.15 (Applebot/0.1; +http://www.apple.com/go/applebot)"
18.216.253.84 - - [16/Jan/2025:20:55:12 -0500] "GET /public/car/ford-fusion?lokasie=%2Fusr%2Fshare%2Fman%2Fman3%2FTest2%3A%3AEventFacet%3A%3AHub.3pm.gz&loknya=%2Fusr%2Fshare%2Fman%2Fman3 HTTP/1.1" 200 1767 "-" "Mozilla/5.0 AppleWebKit/537.36 (KHTML, like Gecko; compatible; ClaudeBot/1.0; +claudebot@anthropic.com)"
52.14.116.234 - - [16/Jan/2025:20:55:12 -0500] "GET /public/car/ford-fusion?lokasie=%2Fusr%2Fshare%2Fman%2Fman3%2FXQueryBestTile.3.gz&loknya=%2Fusr%2Fshare%2Fman%2Fman3 HTTP/1.1" 200 1761 "-" "Mozilla/5.0 AppleWebKit/537.36 (KHTML, like Gecko; compatible; ClaudeBot/1.0; +claudebot@anthropic.com)"
3.133.131.180 - - [16/Jan/2025:20:55:12 -0500] "GET /public/car/ford-fusion?lokasie=%2Fusr%2Fshare%2Fman%2Fman3%2Fxcb_input_close_device.3.gz&loknya=%2Fusr%2Fshare%2Fman%2Fman3 HTTP/1.1" 200 1764 "-" "Mozilla/5.0 AppleWebKit/537.36 (KHTML, like Gecko; compatible; ClaudeBot/1.0; +claudebot@anthropic.com)"
18.226.17.3 - - [16/Jan/2025:20:55:12 -0500] "GET /public/tour/badagry-weekend-package-189k?lokasie=%2Fusr%2Fshare%2Fman%2Fman3%2Fsecurity_get_initial_context_raw.3.gz&loknya=%2Fusr%2Fshare%2Fman%2Fman3 HTTP/1.1" 200 1765 "-" "Mozilla/5.0 AppleWebKit/537.36 (KHTML, like Gecko; compatible; ClaudeBot/1.0; +claudebot@anthropic.com)"
3.144.89.0 - - [16/Jan/2025:20:55:12 -0500] "GET /public/car/ford-fusion?lokasie=%2Fusr%2Fshare%2Fman%2Fman3%2FAUTHORITY_KEYID_free.3ssl.gz&loknya=%2Fusr%2Fshare%2Fman%2Fman3 HTTP/1.1" 200 1772 "-" "Mozilla/5.0 AppleWebKit/537.36 (KHTML, like Gecko; compatible; ClaudeBot/1.0; +claudebot@anthropic.com)"
3.137.200.139 - - [16/Jan/2025:20:55:13 -0500] "GET /public/tour/badagry-weekend-package-189k?lokasie=%2Fusr%2Fshare%2Fman%2Fman3%2Fxcb_glx_get_mapiv_data.3.gz&loknya=%2Fusr%2Fshare%2Fman%2Fman3 HTTP/1.1" 200 1768 "-" "Mozilla/5.0 AppleWebKit/537.36 (KHTML, like Gecko; compatible; ClaudeBot/1.0; +claudebot@anthropic.com)"
18.188.211.246 - - [16/Jan/2025:20:55:13 -0500] "GET /public/car/ford-fusion?lokasie=%2Fusr%2Fshare%2Fman%2Fman3%2Fgetchar_unlocked.3.gz&loknya=%2Fusr%2Fshare%2Fman%2Fman3 HTTP/1.1" 200 1764 "-" "Mozilla/5.0 AppleWebKit/537.36 (KHTML, like Gecko; compatible; ClaudeBot/1.0; +claudebot@anthropic.com)"
18.118.7.18 - - [16/Jan/2025:20:55:13 -0500] "GET /public/car/ford-fusion?lokasie=%2Fusr%2Fshare%2Fman%2Fman3%2Fxcb_selinux_get_window_context_context.3.gz&loknya=%2Fusr%2Fshare%2Fman%2Fman3 HTTP/1.1" 200 1769 "-" "Mozilla/5.0 AppleWebKit/537.36 (KHTML, like Gecko; compatible; ClaudeBot/1.0; +claudebot@anthropic.com)"
3.22.75.92 - - [16/Jan/2025:20:55:12 -0500] "GET /public/car/ford-fusion?lokasie=%2Fusr%2Fshare%2Fman%2Fman3%2Fmenu_pattern.3x.gz&loknya=%2Fusr%2Fshare%2Fman%2Fman3 HTTP/1.1" 200 1755 "-" "Mozilla/5.0 AppleWebKit/537.36 (KHTML, like Gecko; compatible; ClaudeBot/1.0; +claudebot@anthropic.com)"
18.218.123.194 - - [16/Jan/2025:20:55:13 -0500] "GET /public/car/ford-fusion?lokasie=%2Fusr%2Fshare%2Fman%2Fman3%2Fxcb_glx_render_large_checked.3.gz&loknya=%2Fusr%2Fshare%2Fman%2Fman3 HTTP/1.1" 200 1770 "-" "Mozilla/5.0 AppleWebKit/537.36 (KHTML, like Gecko; compatible; ClaudeBot/1.0; +claudebot@anthropic.com)"
3.135.214.216 - - [16/Jan/2025:20:55:13 -0500] "GET /public/car/ford-fusion?lokasie=%2Fusr%2Fshare%2Fman%2Fman3%2Fcurs_scr_dump.3x.gz&loknya=%2Fusr%2Fshare%2Fman%2Fman3 HTTP/1.1" 200 1762 "-" "Mozilla/5.0 AppleWebKit/537.36 (KHTML, like Gecko; compatible; ClaudeBot/1.0; +claudebot@anthropic.com)"
18.118.126.69 - - [16/Jan/2025:20:55:13 -0500] "GET /public/car/ford-fusion?lokasie=%2Fusr%2Fshare%2Fman%2Fman3%2Fset_menu_back.3x.gz&loknya=%2Fusr%2Fshare%2Fman%2Fman3 HTTP/1.1" 200 1762 "-" "Mozilla/5.0 AppleWebKit/537.36 (KHTML, like Gecko; compatible; ClaudeBot/1.0; +claudebot@anthropic.com)"
18.222.184.184 - - [16/Jan/2025:20:55:14 -0500] "GET /public/tour/badagry-weekend-package-189k?lokasie=%2Fusr%2Fshare%2Fman%2Fman3%2FSSL_set_max_early_data.3ssl.gz&loknya=%2Fusr%2Fshare%2Fman%2Fman3 HTTP/1.1" 200 1772 "-" "Mozilla/5.0 AppleWebKit/537.36 (KHTML, like Gecko; compatible; ClaudeBot/1.0; +claudebot@anthropic.com)"
3.137.219.213 - - [16/Jan/2025:20:55:14 -0500] "GET /public/tour/badagry-weekend-package-189k?lokasie=%2Fusr%2Fshare%2Fman%2Fman3%2FXkbAllocGeomKeyAliases.3.gz&loknya=%2Fusr%2Fshare%2Fman%2Fman3 HTTP/1.1" 200 1768 "-" "Mozilla/5.0 AppleWebKit/537.36 (KHTML, like Gecko; compatible; ClaudeBot/1.0; +claudebot@anthropic.com)"
17.241.219.56 - - [16/Jan/2025:20:55:14 -0500] "GET /public/hotel/legend-hotel-lagos-airport-curio-collection-by-hilton?lokasie=/proc/self/smaps_rollup&loknya=/proc/self HTTP/1.1" 200 2183 "-" "Mozilla/5.0 (Macintosh; Intel Mac OS X 10_15_7) AppleWebKit/605.1.15 (KHTML, like Gecko) Version/17.4 Safari/605.1.15 (Applebot/0.1; +http://www.apple.com/go/applebot)"
217.113.194.162 - - [16/Jan/2025:20:55:17 -0500] "GET /tour?amp%3Bpage=2&amp%3Bamp%3Bamp%3Bamp%3Bamp%3Bamp%3Bamp%3Borderby=rate_high_low&amp%3Bamp%3Bamp%3Bamp%3Bamp%3Bamp%3Borderby=price_low_high&amp%3Bamp%3Bamp%3Bamp%3Borderby=rate_high_low&amp%3Bamp%3Bamp%3Borderby=rate_high_low&amp%3Bamp%3Borderby=rate_high_low&amp%3Borderby=rate_high_low&set_currency=gbp HTTP/1.1" 403 0 "-" "Mozilla/5.0 (compatible; Barkrowler/0.9; +https://babbar.tech/crawler)"
52.14.116.234 - - [16/Jan/2025:20:55:15 -0500] "GET /public/car/ford-fusion?lokasie=%2Fusr%2Fshare%2Fman%2Fman3%2FNet%3A%3ANNTP.3pm.gz&loknya=%2Fusr%2Fshare%2Fman%2Fman3 HTTP/1.1" 200 1759 "-" "Mozilla/5.0 AppleWebKit/537.36 (KHTML, like Gecko; compatible; ClaudeBot/1.0; +claudebot@anthropic.com)"
18.216.253.84 - - [16/Jan/2025:20:55:15 -0500] "GET /public/car/ford-fusion?lokasie=%2Fusr%2Fshare%2Fman%2Fman3%2Fxcb_list_extensions_names_length.3.gz&loknya=%2Fusr%2Fshare%2Fman%2Fman3 HTTP/1.1" 200 1771 "-" "Mozilla/5.0 AppleWebKit/537.36 (KHTML, like Gecko; compatible; ClaudeBot/1.0; +claudebot@anthropic.com)"
3.142.54.169 - - [16/Jan/2025:20:55:15 -0500] "GET /public/car/ford-fusion?lokasie=%2Fusr%2Fshare%2Fman%2Fman3%2Fxcb_input_grab_device.3.gz&loknya=%2Fusr%2Fshare%2Fman%2Fman3 HTTP/1.1" 200 1761 "-" "Mozilla/5.0 AppleWebKit/537.36 (KHTML, like Gecko; compatible; ClaudeBot/1.0; +claudebot@anthropic.com)"
18.188.211.246 - - [16/Jan/2025:20:55:16 -0500] "GET /public/car/ford-fusion?lokasie=%2Fusr%2Fshare%2Fman%2Fman3%2Ftep_is_bigendian.3.gz&loknya=%2Fusr%2Fshare%2Fman%2Fman3 HTTP/1.1" 200 1764 "-" "Mozilla/5.0 AppleWebKit/537.36 (KHTML, like Gecko; compatible; ClaudeBot/1.0; +claudebot@anthropic.com)"
3.133.131.180 - - [16/Jan/2025:20:55:15 -0500] "GET /public/car/ford-fusion?lokasie=%2Fusr%2Fshare%2Fman%2Fman3%2FEVP_camellia_256_cbc.3ssl.gz&loknya=%2Fusr%2Fshare%2Fman%2Fman3 HTTP/1.1" 200 1768 "-" "Mozilla/5.0 AppleWebKit/537.36 (KHTML, like Gecko; compatible; ClaudeBot/1.0; +claudebot@anthropic.com)"
3.144.89.0 - - [16/Jan/2025:20:55:15 -0500] "GET /public/car/ford-fusion?lokasie=%2Fusr%2Fshare%2Fman%2Fman3%2FFcConfigFileInfoIterGet.3.gz&loknya=%2Fusr%2Fshare%2Fman%2Fman3 HTTP/1.1" 200 1767 "-" "Mozilla/5.0 AppleWebKit/537.36 (KHTML, like Gecko; compatible; ClaudeBot/1.0; +claudebot@anthropic.com)"
18.218.123.194 - - [16/Jan/2025:20:55:16 -0500] "GET /public/car/ford-fusion?lokasie=%2Fusr%2Fshare%2Fman%2Fman3%2FBIO_ctrl_reset_read_request.3ssl.gz&loknya=%2Fusr%2Fshare%2Fman%2Fman3 HTTP/1.1" 200 1773 "-" "Mozilla/5.0 AppleWebKit/537.36 (KHTML, like Gecko; compatible; ClaudeBot/1.0; +claudebot@anthropic.com)"
18.118.7.18 - - [16/Jan/2025:20:55:16 -0500] "GET /public/car/ford-fusion?lokasie=%2Fusr%2Fshare%2Fman%2Fman3%2Fxcb_input_send_extension_event_checked.3.gz&loknya=%2Fusr%2Fshare%2Fman%2Fman3 HTTP/1.1" 200 1772 "-" "Mozilla/5.0 AppleWebKit/537.36 (KHTML, like Gecko; compatible; ClaudeBot/1.0; +claudebot@anthropic.com)"
3.22.75.92 - - [16/Jan/2025:20:55:16 -0500] "GET /public/car/ford-fusion?lokasie=%2Fusr%2Fshare%2Fman%2Fman3%2Fset_menu_grey.3x.gz&loknya=%2Fusr%2Fshare%2Fman%2Fman3 HTTP/1.1" 200 1759 "-" "Mozilla/5.0 AppleWebKit/537.36 (KHTML, like Gecko; compatible; ClaudeBot/1.0; +claudebot@anthropic.com)"
3.137.200.139 - - [16/Jan/2025:20:55:16 -0500] "GET /public/tour/badagry-weekend-package-189k?lokasie=%2Fusr%2Fshare%2Fman%2Fman3%2FSSL_use_certificate.3ssl.gz&loknya=%2Fusr%2Fshare%2Fman%2Fman3 HTTP/1.1" 200 1763 "-" "Mozilla/5.0 AppleWebKit/537.36 (KHTML, like Gecko; compatible; ClaudeBot/1.0; +claudebot@anthropic.com)"
18.118.126.69 - - [16/Jan/2025:20:55:16 -0500] "GET /public/car/ford-fusion?lokasie=%2Fusr%2Fshare%2Fman%2Fman3%2FXQueryExtension.3.gz&loknya=%2Fusr%2Fshare%2Fman%2Fman3 HTTP/1.1" 200 1763 "-" "Mozilla/5.0 AppleWebKit/537.36 (KHTML, like Gecko; compatible; ClaudeBot/1.0; +claudebot@anthropic.com)"
3.135.214.216 - - [16/Jan/2025:20:55:16 -0500] "GET /public/car/ford-fusion?lokasie=%2Fusr%2Fshare%2Fman%2Fman3%2FEVP_des_cfb1.3ssl.gz&loknya=%2Fusr%2Fshare%2Fman%2Fman3 HTTP/1.1" 200 1761 "-" "Mozilla/5.0 AppleWebKit/537.36 (KHTML, like Gecko; compatible; ClaudeBot/1.0; +claudebot@anthropic.com)"
18.222.184.184 - - [16/Jan/2025:20:55:17 -0500] "GET /public/tour/badagry-weekend-package-189k?lokasie=%2Fusr%2Fshare%2Fman%2Fman3%2FSSL_CTX_sess_accept_renegotiate.3ssl.gz&loknya=%2Fusr%2Fshare%2Fman%2Fman3 HTTP/1.1" 200 1779 "-" "Mozilla/5.0 AppleWebKit/537.36 (KHTML, like Gecko; compatible; ClaudeBot/1.0; +claudebot@anthropic.com)"
3.137.219.213 - - [16/Jan/2025:20:55:17 -0500] "GET /public/tour/badagry-weekend-package-189k?lokasie=%2Fusr%2Fshare%2Fman%2Fman3%2FEVP_PKEY_CTX_new_id.3ssl.gz&loknya=%2Fusr%2Fshare%2Fman%2Fman3 HTTP/1.1" 200 1770 "-" "Mozilla/5.0 AppleWebKit/537.36 (KHTML, like Gecko; compatible; ClaudeBot/1.0; +claudebot@anthropic.com)"
17.241.219.56 - - [16/Jan/2025:20:55:17 -0500] "GET /public/login?lokasie=/lib64/libicutu.so.60.3&loknya=/lib64 HTTP/1.1" 200 1952 "-" "Mozilla/5.0 (Macintosh; Intel Mac OS X 10_15_7) AppleWebKit/605.1.15 (KHTML, like Gecko) Version/17.4 Safari/605.1.15 (Applebot/0.1; +http://www.apple.com/go/applebot)"
3.142.54.169 - - [16/Jan/2025:20:55:18 -0500] "GET /public/car/ford-fusion?lokasie=%2Fusr%2Fshare%2Fman%2Fman3%2FSSL_SESSION_set1_id.3ssl.gz&loknya=%2Fusr%2Fshare%2Fman%2Fman3 HTTP/1.1" 500 322 "-" "Mozilla/5.0 AppleWebKit/537.36 (KHTML, like Gecko; compatible; ClaudeBot/1.0; +claudebot@anthropic.com)"
18.216.253.84 - - [16/Jan/2025:20:55:18 -0500] "GET /public/car/ford-fusion?lokasie=%2Fusr%2Fshare%2Fman%2Fman3%2Fxcb_dri2_buffer_swap_complete_event_t.3.gz&loknya=%2Fusr%2Fshare%2Fman%2Fman3 HTTP/1.1" 200 1774 "-" "Mozilla/5.0 AppleWebKit/537.36 (KHTML, like Gecko; compatible; ClaudeBot/1.0; +claudebot@anthropic.com)"
52.14.116.234 - - [16/Jan/2025:20:55:18 -0500] "GET /public/car/ford-fusion?lokasie=%2Fusr%2Fshare%2Fman%2Fman3%2FBIO_ptr_ctrl.3ssl.gz&loknya=%2Fusr%2Fshare%2Fman%2Fman3 HTTP/1.1" 200 1762 "-" "Mozilla/5.0 AppleWebKit/537.36 (KHTML, like Gecko; compatible; ClaudeBot/1.0; +claudebot@anthropic.com)"
3.133.131.180 - - [16/Jan/2025:20:55:18 -0500] "GET /public/car/ford-fusion?lokasie=%2Fusr%2Fshare%2Fman%2Fman3%2FFcConfigGetRescanInterval.3.gz&loknya=%2Fusr%2Fshare%2Fman%2Fman3 HTTP/1.1" 200 1771 "-" "Mozilla/5.0 AppleWebKit/537.36 (KHTML, like Gecko; compatible; ClaudeBot/1.0; +claudebot@anthropic.com)"
3.144.89.0 - - [16/Jan/2025:20:55:18 -0500] "GET /public/car/ford-fusion?lokasie=%2Fusr%2Fshare%2Fman%2Fman3%2FCURLOPT_PINNEDPUBLICKEY.3.gz&loknya=%2Fusr%2Fshare%2Fman%2Fman3 HTTP/1.1" 200 1775 "-" "Mozilla/5.0 AppleWebKit/537.36 (KHTML, like Gecko; compatible; ClaudeBot/1.0; +claudebot@anthropic.com)"
18.188.211.246 - - [16/Jan/2025:20:55:19 -0500] "GET /public/car/ford-fusion?lokasie=%2Fusr%2Fshare%2Fman%2Fman3%2FEC_KEY_oct2key.3ssl.gz&loknya=%2Fusr%2Fshare%2Fman%2Fman3 HTTP/1.1" 200 1767 "-" "Mozilla/5.0 AppleWebKit/537.36 (KHTML, like Gecko; compatible; ClaudeBot/1.0; +claudebot@anthropic.com)"
18.218.123.194 - - [16/Jan/2025:20:55:19 -0500] "GET /public/car/ford-fusion?lokasie=%2Fusr%2Fshare%2Fman%2Fman3%2Fxcb_input_get_extension_version.3.gz&loknya=%2Fusr%2Fshare%2Fman%2Fman3 HTTP/1.1" 200 1772 "-" "Mozilla/5.0 AppleWebKit/537.36 (KHTML, like Gecko; compatible; ClaudeBot/1.0; +claudebot@anthropic.com)"
18.118.7.18 - - [16/Jan/2025:20:55:19 -0500] "GET /public/index.php/login?lokasie=%2Fproc%2Fthread-self%2Froot%2Fproc%2Fthread-self%2Froot%2Flib64%2Fpython2.7%2Fdistutils%2Flog.py&loknya=%2Fproc%2Fthread-self%2Froot%2Fproc%2Fthread-self%2Froot%2Flib64%2Fpython2.7%2Fdistutils HTTP/1.1" 200 2428 "-" "Mozilla/5.0 AppleWebKit/537.36 (KHTML, like Gecko; compatible; ClaudeBot/1.0; +claudebot@anthropic.com)"
3.22.75.92 - - [16/Jan/2025:20:55:19 -0500] "GET /public/car/ford-fusion?lokasie=%2Fusr%2Fshare%2Fman%2Fman3%2Fcurs_get_wstr.3x.gz&loknya=%2Fusr%2Fshare%2Fman%2Fman3 HTTP/1.1" 200 1759 "-" "Mozilla/5.0 AppleWebKit/537.36 (KHTML, like Gecko; compatible; ClaudeBot/1.0; +claudebot@anthropic.com)"
3.145.43.200 - - [16/Jan/2025:20:55:19 -0500] "GET /public/tour/badagry-weekend-package-189k?lokasie=%2Fusr%2Fshare%2Fman%2Fman3%2Fcurs_refresh.3x.gz&loknya=%2Fusr%2Fshare%2Fman%2Fman3 HTTP/1.1" 200 1755 "-" "Mozilla/5.0 AppleWebKit/537.36 (KHTML, like Gecko; compatible; ClaudeBot/1.0; +claudebot@anthropic.com)"
3.135.214.216 - - [16/Jan/2025:20:55:19 -0500] "GET /public/car/ford-fusion?lokasie=%2Fusr%2Fshare%2Fman%2Fman3%2FSHA224_Final.3ssl.gz&loknya=%2Fusr%2Fshare%2Fman%2Fman3 HTTP/1.1" 200 1763 "-" "Mozilla/5.0 AppleWebKit/537.36 (KHTML, like Gecko; compatible; ClaudeBot/1.0; +claudebot@anthropic.com)"
3.142.54.169 - - [16/Jan/2025:20:55:21 -0500] "GET /public/car/ford-fusion?lokasie=%2Fusr%2Fshare%2Fman%2Fman3%2Fd2i_OCSP_REVOKEDINFO.3ssl.gz&loknya=%2Fusr%2Fshare%2Fman%2Fman3 HTTP/1.1" 200 1502 "-" "Mozilla/5.0 AppleWebKit/537.36 (KHTML, like Gecko; compatible; ClaudeBot/1.0; +claudebot@anthropic.com)"
18.118.126.69 - - [16/Jan/2025:20:55:19 -0500] "GET /public/car/ford-fusion?lokasie=%2Fusr%2Fshare%2Fman%2Fman3%2FERR_get_error.3ssl.gz&loknya=%2Fusr%2Fshare%2Fman%2Fman3 HTTP/1.1" 200 1764 "-" "Mozilla/5.0 AppleWebKit/537.36 (KHTML, like Gecko; compatible; ClaudeBot/1.0; +claudebot@anthropic.com)"
18.222.184.184 - - [16/Jan/2025:20:55:20 -0500] "GET /public/tour/badagry-weekend-package-189k?lokasie=%2Fusr%2Fshare%2Fman%2Fman3%2FSSL_SESSION_set1_ticket_appdata.3ssl.gz&loknya=%2Fusr%2Fshare%2Fman%2Fman3 HTTP/1.1" 200 1779 "-" "Mozilla/5.0 AppleWebKit/537.36 (KHTML, like Gecko; compatible; ClaudeBot/1.0; +claudebot@anthropic.com)"
3.137.200.139 - - [16/Jan/2025:20:55:20 -0500] "GET /public/tour/badagry-weekend-package-189k?lokasie=%2Fusr%2Fshare%2Fman%2Fman3%2Fxcb_xkb_get_map_unchecked.3.gz&loknya=%2Fusr%2Fshare%2Fman%2Fman3 HTTP/1.1" 200 1768 "-" "Mozilla/5.0 AppleWebKit/537.36 (KHTML, like Gecko; compatible; ClaudeBot/1.0; +claudebot@anthropic.com)"
3.137.219.213 - - [16/Jan/2025:20:55:20 -0500] "GET /public/tour/badagry-weekend-package-189k?lokasie=%2Fusr%2Fshare%2Fman%2Fman3%2FSSL_get_peer_tmp_key.3ssl.gz&loknya=%2Fusr%2Fshare%2Fman%2Fman3 HTTP/1.1" 200 1768 "-" "Mozilla/5.0 AppleWebKit/537.36 (KHTML, like Gecko; compatible; ClaudeBot/1.0; +claudebot@anthropic.com)"
52.14.116.234 - - [16/Jan/2025:20:55:21 -0500] "GET /public/car/ford-fusion?lokasie=%2Fusr%2Fshare%2Fman%2Fman3%2Fxcb_copy_gc_checked.3.gz&loknya=%2Fusr%2Fshare%2Fman%2Fman3 HTTP/1.1" 200 1763 "-" "Mozilla/5.0 AppleWebKit/537.36 (KHTML, like Gecko; compatible; ClaudeBot/1.0; +claudebot@anthropic.com)"
18.188.211.246 - - [16/Jan/2025:20:55:22 -0500] "GET /public/car/ford-fusion?lokasie=%2Fusr%2Fshare%2Fman%2Fman3%2FSSL_CTX_get_mode.3ssl.gz&loknya=%2Fusr%2Fshare%2Fman%2Fman3 HTTP/1.1" 200 1769 "-" "Mozilla/5.0 AppleWebKit/537.36 (KHTML, like Gecko; compatible; ClaudeBot/1.0; +claudebot@anthropic.com)"
18.188.157.9 - - [16/Jan/2025:20:55:21 -0500] "GET /public/index.php/login?loknya=%2Fproc%2Fthread-self%2Froot%2Fproc%2Fself%2Froot%2Fusr%2Fshare%2Flocale%2Fho%2FLC_MESSAGES HTTP/1.1" 200 2087 "-" "Mozilla/5.0 AppleWebKit/537.36 (KHTML, like Gecko; compatible; ClaudeBot/1.0; +claudebot@anthropic.com)"
3.133.131.180 - - [16/Jan/2025:20:55:21 -0500] "GET /public/car/ford-fusion?lokasie=%2Fusr%2Fshare%2Fman%2Fman3%2Fxcb_input_grab_device_reply.3.gz&loknya=%2Fusr%2Fshare%2Fman%2Fman3 HTTP/1.1" 200 1768 "-" "Mozilla/5.0 AppleWebKit/537.36 (KHTML, like Gecko; compatible; ClaudeBot/1.0; +claudebot@anthropic.com)"
3.145.43.200 - - [16/Jan/2025:20:55:22 -0500] "GET /public/tour/badagry-weekend-package-189k?lokasie=%2Fusr%2Fshare%2Fman%2Fman3%2FBIO_pending.3ssl.gz&loknya=%2Fusr%2Fshare%2Fman%2Fman3 HTTP/1.1" 200 1758 "-" "Mozilla/5.0 AppleWebKit/537.36 (KHTML, like Gecko; compatible; ClaudeBot/1.0; +claudebot@anthropic.com)"
18.218.123.194 - - [16/Jan/2025:20:55:22 -0500] "GET /public/car/ford-fusion?lokasie=%2Fusr%2Fshare%2Fman%2Fman3%2FSSL_CTX_set_session_ticket_cb.3ssl.gz&loknya=%2Fusr%2Fshare%2Fman%2Fman3 HTTP/1.1" 200 1778 "-" "Mozilla/5.0 AppleWebKit/537.36 (KHTML, like Gecko; compatible; ClaudeBot/1.0; +claudebot@anthropic.com)"
