217.113.194.166 - - [16/Jan/2025:22:02:17 -0500] "GET /tour?amp%3Bamp%3Bpage=2&amp%3Bamp%3Bamp%3Bamp%3Bamp%3Bamp%3Bamp%3Borderby=rate_high_low&amp%3Bamp%3Bamp%3Bamp%3Bamp%3Bamp%3Borderby=rate_high_low&amp%3Bamp%3Bamp%3Bamp%3Bamp%3Borderby=price_high_low&amp%3Bamp%3Bamp%3Bamp%3Borderby=rate_high_low&amp%3Bamp%3Borderby=price_low_high&amp%3Borderby=price_high_low&orderby=price_low_high&page=2 HTTP/1.1" 403 0 "-" "Mozilla/5.0 (compatible; Barkrowler/0.9; +https://babbar.tech/crawler)"
17.241.219.66 - - [16/Jan/2025:22:02:20 -0500] "GET /public/event/cannabis-live-global-summit-nigeria?lokasie=/lib64/libgcc_s-8-20210514.so.1&loknya=/lib64 HTTP/1.1" 200 1958 "-" "Mozilla/5.0 (Macintosh; Intel Mac OS X 10_15_7) AppleWebKit/605.1.15 (KHTML, like Gecko) Version/17.4 Safari/605.1.15 (Applebot/0.1; +http://www.apple.com/go/applebot)"
37.60.249.237 - - [16/Jan/2025:22:02:22 -0500] "GET /public/tour/easter-in-cairo-799k?loknya=/home/wavevlvu/.cagefs/opt/alt/php54 HTTP/1.1" 200 2203 "-" "Mozilla/5.0 (compatible; MJ12bot/v1.4.8; http://mj12bot.com/)"
217.113.194.169 - - [16/Jan/2025:22:02:26 -0500] "GET /tour?amp%3Bamp%3Bpage=2&amp%3Bamp%3Bamp%3Bamp%3Bamp%3Bamp%3Bamp%3Borderby=rate_high_low&amp%3Bamp%3Bamp%3Bamp%3Bamp%3Bamp%3Borderby=rate_high_low&amp%3Bamp%3Bamp%3Bamp%3Bamp%3Borderby=price_high_low&amp%3Bamp%3Bamp%3Bamp%3Borderby=rate_high_low&amp%3Bamp%3Borderby=price_low_high&amp%3Borderby=price_high_low&orderby=price_high_low&page=2 HTTP/1.1" 403 0 "-" "Mozilla/5.0 (compatible; Barkrowler/0.9; +https://babbar.tech/crawler)"
37.60.249.237 - - [16/Jan/2025:22:02:26 -0500] "GET /public/tour/easter-in-cairo-799k?loknya=/home/wavevlvu/.cagefs/opt/alt/php55 HTTP/1.1" 200 2202 "-" "Mozilla/5.0 (compatible; MJ12bot/v1.4.8; http://mj12bot.com/)"
37.60.249.237 - - [16/Jan/2025:22:02:30 -0500] "GET /public/tour/easter-in-cairo-799k?loknya=/home/wavevlvu/.cagefs/opt/alt/php56 HTTP/1.1" 200 2203 "-" "Mozilla/5.0 (compatible; MJ12bot/v1.4.8; http://mj12bot.com/)"
217.113.194.171 - - [16/Jan/2025:22:02:35 -0500] "GET /tour?amp%3Bamp%3Bpage=2&amp%3Bamp%3Bamp%3Bamp%3Bamp%3Bamp%3Bamp%3Borderby=rate_high_low&amp%3Bamp%3Bamp%3Bamp%3Bamp%3Bamp%3Borderby=rate_high_low&amp%3Bamp%3Bamp%3Bamp%3Bamp%3Borderby=price_high_low&amp%3Bamp%3Bamp%3Bamp%3Borderby=rate_high_low&amp%3Bamp%3Borderby=price_low_high&amp%3Borderby=price_low_high&orderby=price_high_low&page=2 HTTP/1.1" 403 0 "-" "Mozilla/5.0 (compatible; Barkrowler/0.9; +https://babbar.tech/crawler)"
37.60.249.237 - - [16/Jan/2025:22:02:35 -0500] "GET /public/tour/easter-in-cairo-799k?loknya=/home/wavevlvu/.cagefs/opt/alt/php70 HTTP/1.1" 200 2203 "-" "Mozilla/5.0 (compatible; MJ12bot/v1.4.8; http://mj12bot.com/)"
37.60.249.237 - - [16/Jan/2025:22:02:40 -0500] "GET /public/tour/easter-in-cairo-799k?loknya=/home/wavevlvu/.cagefs/opt/alt/php71 HTTP/1.1" 200 2203 "-" "Mozilla/5.0 (compatible; MJ12bot/v1.4.8; http://mj12bot.com/)"
217.113.194.168 - - [16/Jan/2025:22:02:44 -0500] "GET /tour?amp%3Bamp%3Bpage=1&amp%3Bamp%3Bamp%3Bamp%3Bamp%3Bamp%3Borderby=rate_high_low&amp%3Bamp%3Bamp%3Bamp%3Bamp%3Borderby=price_low_high&amp%3Bamp%3Bamp%3Bamp%3Borderby=price_high_low&amp%3Bamp%3Bamp%3Borderby=price_low_high&amp%3Bamp%3Borderby=price_high_low&amp%3Bpage=2&amp%3Borderby=rate_high_low&orderby=rate_high_low&page=2 HTTP/1.1" 403 0 "-" "Mozilla/5.0 (compatible; Barkrowler/0.9; +https://babbar.tech/crawler)"
37.60.249.237 - - [16/Jan/2025:22:02:44 -0500] "GET /public/tour/easter-in-cairo-799k?loknya=/home/wavevlvu/.cagefs/opt/alt/php72 HTTP/1.1" 200 2203 "-" "Mozilla/5.0 (compatible; MJ12bot/v1.4.8; http://mj12bot.com/)"
37.60.249.237 - - [16/Jan/2025:22:02:49 -0500] "GET /public/tour/easter-in-cairo-799k?loknya=/home/wavevlvu/.cagefs/opt/alt/php73 HTTP/1.1" 200 2203 "-" "Mozilla/5.0 (compatible; MJ12bot/v1.4.8; http://mj12bot.com/)"
154.54.249.211 - - [16/Jan/2025:22:02:53 -0500] "GET /tour?amp%3Bamp%3Bpage=1&amp%3Bamp%3Bamp%3Bamp%3Bamp%3Bamp%3Borderby=rate_high_low&amp%3Bamp%3Bamp%3Bamp%3Bamp%3Borderby=rate_high_low&amp%3Bamp%3Bamp%3Bamp%3Borderby=price_low_high&amp%3Bamp%3Bamp%3Borderby=rate_high_low&amp%3Bamp%3Borderby=rate_high_low&amp%3Borderby=price_high_low&page=2&orderby=rate_high_low&set_currency=gbp HTTP/1.1" 403 0 "-" "Mozilla/5.0 (compatible; Barkrowler/0.9; +https://babbar.tech/crawler)"
37.60.249.237 - - [16/Jan/2025:22:02:53 -0500] "GET /public/tour/easter-in-cairo-799k?loknya=/home/wavevlvu/.cagefs/opt/alt/php74 HTTP/1.1" 200 2203 "-" "Mozilla/5.0 (compatible; MJ12bot/v1.4.8; http://mj12bot.com/)"
37.60.249.237 - - [16/Jan/2025:22:02:59 -0500] "GET /public/tour/easter-in-cairo-799k?loknya=/home/wavevlvu/.cagefs/opt/alt/php80 HTTP/1.1" 200 2203 "-" "Mozilla/5.0 (compatible; MJ12bot/v1.4.8; http://mj12bot.com/)"
217.113.194.166 - - [16/Jan/2025:22:03:02 -0500] "GET /tour?amp%3Bamp%3Bpage=1&amp%3Bamp%3Bamp%3Bamp%3Bamp%3Bamp%3Borderby=rate_high_low&amp%3Bamp%3Bamp%3Bamp%3Bamp%3Borderby=rate_high_low&amp%3Bamp%3Bamp%3Bamp%3Borderby=price_high_low&amp%3Bamp%3Bamp%3Borderby=price_low_high&amp%3Bamp%3Borderby=price_low_high&amp%3Borderby=rate_high_low&orderby=rate_high_low&set_currency=gbp HTTP/1.1" 403 0 "-" "Mozilla/5.0 (compatible; Barkrowler/0.9; +https://babbar.tech/crawler)"
37.60.249.237 - - [16/Jan/2025:22:03:04 -0500] "GET /public/tour/easter-in-cairo-799k?loknya=/home/wavevlvu/.cagefs/opt/alt/php81 HTTP/1.1" 200 2203 "-" "Mozilla/5.0 (compatible; MJ12bot/v1.4.8; http://mj12bot.com/)"
217.113.194.170 - - [16/Jan/2025:22:03:10 -0500] "GET /tour?amp%3Bamp%3Bpage=1&amp%3Bamp%3Bamp%3Bamp%3Bamp%3Bamp%3Borderby=rate_high_low&amp%3Bamp%3Bamp%3Bamp%3Bamp%3Borderby=rate_high_low&amp%3Bamp%3Bamp%3Bamp%3Borderby=price_low_high&amp%3Bamp%3Bamp%3Borderby=rate_high_low&amp%3Bamp%3Borderby=rate_high_low&amp%3Borderby=price_high_low&orderby=rate_high_low&page=1&set_currency=usd HTTP/1.1" 403 0 "-" "Mozilla/5.0 (compatible; Barkrowler/0.9; +https://babbar.tech/crawler)"
37.60.249.237 - - [16/Jan/2025:22:03:08 -0500] "GET /public/tour/easter-in-cairo-799k?loknya=/home/wavevlvu/.cagefs/opt/alt/php82 HTTP/1.1" 200 2204 "-" "Mozilla/5.0 (compatible; MJ12bot/v1.4.8; http://mj12bot.com/)"
37.60.249.237 - - [16/Jan/2025:22:03:13 -0500] "GET /public/tour/easter-in-cairo-799k?loknya=/home/wavevlvu/.cagefs/opt/alt/php83 HTTP/1.1" 200 2197 "-" "Mozilla/5.0 (compatible; MJ12bot/v1.4.8; http://mj12bot.com/)"
217.113.194.170 - - [16/Jan/2025:22:03:19 -0500] "GET /tour?amp%3Bamp%3Bpage=1&amp%3Bamp%3Bamp%3Bamp%3Bamp%3Bamp%3Borderby=rate_high_low&amp%3Bamp%3Bamp%3Bamp%3Bamp%3Borderby=rate_high_low&amp%3Bamp%3Bamp%3Bamp%3Borderby=price_low_high&amp%3Bamp%3Bamp%3Borderby=rate_high_low&amp%3Bamp%3Borderby=rate_high_low&amp%3Borderby=price_low_high&page=2&orderby=rate_high_low&set_currency=usd HTTP/1.1" 403 0 "-" "Mozilla/5.0 (compatible; Barkrowler/0.9; +https://babbar.tech/crawler)"
37.60.249.237 - - [16/Jan/2025:22:03:17 -0500] "GET /public/tour/easter-in-cairo-799k?loknya=/home/wavevlvu/.cagefs/opt/alt/php84 HTTP/1.1" 200 2192 "-" "Mozilla/5.0 (compatible; MJ12bot/v1.4.8; http://mj12bot.com/)"
37.60.249.237 - - [16/Jan/2025:22:03:23 -0500] "GET /public/tour/easter-in-cairo-799k?loknya=/home/wavevlvu/.cagefs/rex/ HTTP/1.1" 200 2327 "-" "Mozilla/5.0 (compatible; MJ12bot/v1.4.8; http://mj12bot.com/)"
217.113.194.163 - - [16/Jan/2025:22:03:28 -0500] "GET /tour?amp%3Bamp%3Bpage=1&amp%3Bamp%3Bamp%3Bamp%3Bamp%3Bamp%3Borderby=rate_high_low&amp%3Bamp%3Bamp%3Bamp%3Bamp%3Borderby=rate_high_low&amp%3Bamp%3Bamp%3Bamp%3Borderby=price_low_high&amp%3Bamp%3Bamp%3Borderby=rate_high_low&amp%3Bamp%3Borderby=rate_high_low&amp%3Borderby=price_low_high&page=2&orderby=price_low_high&set_currency=gbp HTTP/1.1" 403 0 "-" "Mozilla/5.0 (compatible; Barkrowler/0.9; +https://babbar.tech/crawler)"
37.60.249.237 - - [16/Jan/2025:22:03:27 -0500] "GET /public/tour/easter-in-cairo-799k?loknya=/home/wavevlvu/.cagefs/tmp/ HTTP/1.1" 200 2663 "-" "Mozilla/5.0 (compatible; MJ12bot/v1.4.8; http://mj12bot.com/)"
47.128.49.221 - - [16/Jan/2025:22:03:35 -0500] "GET /storage/framework/cache/data/73/ad/73adcbf3ff09e44b0e0fa975725a871d54038af7 HTTP/1.1" 200 17 "-" "Mozilla/5.0 (Linux; Android 5.0) AppleWebKit/537.36 (KHTML, like Gecko) Mobile Safari/537.36 (compatible; Bytespider; spider-feedback@bytedance.com)"
37.60.249.237 - - [16/Jan/2025:22:03:32 -0500] "GET /public/tour/easter-in-cairo-799k?loknya=/home/wavevlvu/.cagefs/tmp/diixadigital.com. HTTP/1.1" 200 2033 "-" "Mozilla/5.0 (compatible; MJ12bot/v1.4.8; http://mj12bot.com/)"
217.113.194.170 - - [16/Jan/2025:22:03:36 -0500] "GET /tour?amp%3Bamp%3Bpage=1&amp%3Bamp%3Bamp%3Bamp%3Bamp%3Bamp%3Borderby=price_low_high&amp%3Bamp%3Bamp%3Bamp%3Bamp%3Borderby=rate_high_low&amp%3Bamp%3Bamp%3Bamp%3Borderby=price_low_high&amp%3Bamp%3Bamp%3Borderby=rate_high_low&amp%3Bamp%3Borderby=price_high_low&amp%3Bpage=2&amp%3Borderby=rate_high_low&orderby=rate_high_low&page=2 HTTP/1.1" 403 0 "-" "Mozilla/5.0 (compatible; Barkrowler/0.9; +https://babbar.tech/crawler)"
37.60.249.237 - - [16/Jan/2025:22:03:37 -0500] "GET /public/tour/easter-in-cairo-799k?loknya=/home/wavevlvu/.cagefs/tmp/diixadigital.com.wave.ng&set_currency=gbp HTTP/1.1" 200 2037 "-" "Mozilla/5.0 (compatible; MJ12bot/v1.4.8; http://mj12bot.com/)"
37.60.249.237 - - [16/Jan/2025:22:03:41 -0500] "GET /public/tour/easter-in-cairo-799k?loknya=/home/wavevlvu/.cagefs/tmp/diixadigital.com.wave.ng&set_currency=usd HTTP/1.1" 200 2037 "-" "Mozilla/5.0 (compatible; MJ12bot/v1.4.8; http://mj12bot.com/)"
114.119.167.129 - - [16/Jan/2025:22:03:42 -0500] "GET /www/rex/index.php?loknya=/opt/alt/libgeos HTTP/1.1" 200 2149 "https://www.book24.ng/www/rex/index.php?loknya=/opt/alt/" "Mozilla/5.0 (Linux; Android 7.0;) AppleWebKit/537.36 (KHTML, like Gecko) Mobile Safari/537.36 (compatible; PetalBot;+https://webmaster.petalsearch.com/site/petalbot)"
217.113.194.162 - - [16/Jan/2025:22:03:45 -0500] "GET /tour?amp%3Bamp%3Bpage=1&amp%3Bamp%3Bamp%3Bamp%3Bamp%3Bamp%3Borderby=price_low_high&amp%3Bamp%3Bamp%3Bamp%3Bamp%3Borderby=rate_high_low&amp%3Bamp%3Bamp%3Bamp%3Borderby=price_low_high&amp%3Bamp%3Bamp%3Borderby=rate_high_low&amp%3Bamp%3Borderby=price_high_low&amp%3Bpage=2&amp%3Borderby=price_low_high&orderby=rate_high_low&page=2 HTTP/1.1" 403 0 "-" "Mozilla/5.0 (compatible; Barkrowler/0.9; +https://babbar.tech/crawler)"
52.167.144.17 - - [16/Jan/2025:22:03:47 -0500] "GET /?sozel/t1004973.html HTTP/1.1" 200 76872 "-" "Mozilla/5.0 AppleWebKit/537.36 (KHTML, like Gecko; compatible; bingbot/2.0; +http://www.bing.com/bingbot.htm) Chrome/116.0.1938.76 Safari/537.36"
37.60.249.237 - - [16/Jan/2025:22:03:46 -0500] "GET /public/tour/easter-in-cairo-799k?loknya=/home/wavevlvu/.cagefs/tmp/images HTTP/1.1" 200 2162 "-" "Mozilla/5.0 (compatible; MJ12bot/v1.4.8; http://mj12bot.com/)"
217.113.194.162 - - [16/Jan/2025:22:03:54 -0500] "GET /tour?amp%3Bamp%3Bpage=1&amp%3Bamp%3Bamp%3Bamp%3Bamp%3Bamp%3Borderby=price_low_high&amp%3Bamp%3Bamp%3Bamp%3Bamp%3Borderby=rate_high_low&amp%3Bamp%3Bamp%3Bamp%3Borderby=price_low_high&amp%3Bamp%3Bamp%3Borderby=rate_high_low&amp%3Bamp%3Borderby=price_high_low&amp%3Bpage=1&amp%3Borderby=rate_high_low&orderby=rate_high_low&page=2 HTTP/1.1" 403 0 "-" "Mozilla/5.0 (compatible; Barkrowler/0.9; +https://babbar.tech/crawler)"
37.60.249.237 - - [16/Jan/2025:22:03:51 -0500] "GET /public/tour/easter-in-cairo-799k?loknya=/home/wavevlvu/.cagefs/tmp/wavevlvu&set_currency=gbp HTTP/1.1" 200 2020 "-" "Mozilla/5.0 (compatible; MJ12bot/v1.4.8; http://mj12bot.com/)"
37.60.249.237 - - [16/Jan/2025:22:03:56 -0500] "GET /public/tour/easter-in-cairo-799k?loknya=/home/wavevlvu/.cagefs/tmp/wavevlvu&set_currency=usd HTTP/1.1" 200 2020 "-" "Mozilla/5.0 (compatible; MJ12bot/v1.4.8; http://mj12bot.com/)"
54.36.148.223 - - [16/Jan/2025:22:04:03 -0500] "GET /modules/Car/Routes/ HTTP/1.1" 200 738 "-" "Mozilla/5.0 (compatible; AhrefsBot/7.0; +http://ahrefs.com/robot/)"
217.113.194.167 - - [16/Jan/2025:22:04:03 -0500] "GET /tour?amp%3Bamp%3Bpage=1&amp%3Bamp%3Bamp%3Bamp%3Bamp%3Bamp%3Borderby=price_low_high&amp%3Bamp%3Bamp%3Bamp%3Bamp%3Borderby=rate_high_low&amp%3Bamp%3Bamp%3Bamp%3Borderby=price_high_low&amp%3Bamp%3Bamp%3Borderby=price_high_low&amp%3Bamp%3Borderby=rate_high_low&amp%3Borderby=price_high_low&page=2&orderby=rate_high_low&set_currency=usd HTTP/1.1" 403 0 "-" "Mozilla/5.0 (compatible; Barkrowler/0.9; +https://babbar.tech/crawler)"
37.60.249.237 - - [16/Jan/2025:22:04:00 -0500] "GET /public/tour/easter-in-cairo-799k?loknya=/home/wavevlvu/.cagefs/var/ HTTP/1.1" 200 2370 "-" "Mozilla/5.0 (compatible; MJ12bot/v1.4.8; http://mj12bot.com/)"
52.167.144.182 - - [16/Jan/2025:22:04:03 -0500] "GET /?ixtjo/f2140431.html HTTP/1.1" 200 76872 "-" "Mozilla/5.0 AppleWebKit/537.36 (KHTML, like Gecko; compatible; bingbot/2.0; +http://www.bing.com/bingbot.htm) Chrome/116.0.1938.76 Safari/537.36"
37.60.249.237 - - [16/Jan/2025:22:04:06 -0500] "GET /public/tour/easter-in-cairo-799k?loknya=/home/wavevlvu/.cagefs/var/cache/php-eaccelerator HTTP/1.1" 200 2039 "-" "Mozilla/5.0 (compatible; MJ12bot/v1.4.8; http://mj12bot.com/)"
217.113.194.168 - - [16/Jan/2025:22:04:11 -0500] "GET /tour?amp%3Bamp%3Bpage=1&amp%3Bamp%3Bamp%3Bamp%3Bamp%3Bamp%3Borderby=price_low_high&amp%3Bamp%3Bamp%3Bamp%3Bamp%3Borderby=rate_high_low&amp%3Bamp%3Bamp%3Bamp%3Borderby=price_high_low&amp%3Bamp%3Bamp%3Borderby=price_high_low&amp%3Bamp%3Borderby=rate_high_low&amp%3Borderby=price_low_high&page=2&orderby=rate_high_low&set_currency=usd HTTP/1.1" 403 0 "-" "Mozilla/5.0 (compatible; Barkrowler/0.9; +https://babbar.tech/crawler)"
37.60.249.237 - - [16/Jan/2025:22:04:10 -0500] "GET /public/tour/easter-in-cairo-799k?loknya=/home/wavevlvu/.cagefs/var/cpanel&set_currency=gbp HTTP/1.1" 200 2160 "-" "Mozilla/5.0 (compatible; MJ12bot/v1.4.8; http://mj12bot.com/)"
37.60.249.237 - - [16/Jan/2025:22:04:15 -0500] "GET /public/tour/easter-in-cairo-799k?loknya=/home/wavevlvu/.cagefs/var/cpanel&set_currency=usd HTTP/1.1" 200 2160 "-" "Mozilla/5.0 (compatible; MJ12bot/v1.4.8; http://mj12bot.com/)"
217.113.194.170 - - [16/Jan/2025:22:04:20 -0500] "GET /tour?amp%3Bamp%3Bpage=1&amp%3Bamp%3Bamp%3Bamp%3Bamp%3Bamp%3Borderby=price_low_high&amp%3Bamp%3Bamp%3Bamp%3Bamp%3Borderby=price_high_low&amp%3Bamp%3Bamp%3Bamp%3Borderby=rate_high_low&amp%3Bamp%3Bamp%3Borderby=price_low_high&amp%3Bamp%3Borderby=rate_high_low&amp%3Borderby=price_low_high&amp%3Bpage=2&orderby=rate_high_low&page=2 HTTP/1.1" 403 0 "-" "Mozilla/5.0 (compatible; Barkrowler/0.9; +https://babbar.tech/crawler)"
37.60.249.237 - - [16/Jan/2025:22:04:19 -0500] "GET /public/tour/easter-in-cairo-799k?loknya=/home/wavevlvu/.cagefs/var/log/alt-php52-newrelic HTTP/1.1" 200 2040 "-" "Mozilla/5.0 (compatible; MJ12bot/v1.4.8; http://mj12bot.com/)"
114.119.150.101 - - [16/Jan/2025:22:04:22 -0500] "GET /www/rex/?loknya=/var/softaculous/prado/php82 HTTP/1.1" 200 2169 "https://www.book24.ng/www/rex/?loknya=/var/softaculous/prado/" "Mozilla/5.0 (Linux; Android 7.0;) AppleWebKit/537.36 (KHTML, like Gecko) Mobile Safari/537.36 (compatible; PetalBot;+https://webmaster.petalsearch.com/site/petalbot)"
37.60.249.237 - - [16/Jan/2025:22:04:24 -0500] "GET /public/tour/easter-in-cairo-799k?loknya=/home/wavevlvu/.cagefs/var/log/alt-php53-newrelic HTTP/1.1" 200 2041 "-" "Mozilla/5.0 (compatible; MJ12bot/v1.4.8; http://mj12bot.com/)"
154.54.249.211 - - [16/Jan/2025:22:04:29 -0500] "GET /tour?amp%3Bamp%3Bpage=1&amp%3Bamp%3Bamp%3Bamp%3Bamp%3Bamp%3Borderby=price_low_high&amp%3Bamp%3Bamp%3Bamp%3Bamp%3Borderby=price_high_low&amp%3Bamp%3Bamp%3Bamp%3Borderby=rate_high_low&amp%3Bamp%3Bamp%3Borderby=price_low_high&amp%3Bamp%3Borderby=rate_high_low&amp%3Borderby=price_high_low&amp%3Bpage=2&orderby=rate_high_low&page=2 HTTP/1.1" 403 0 "-" "Mozilla/5.0 (compatible; Barkrowler/0.9; +https://babbar.tech/crawler)"
17.241.219.192 - - [16/Jan/2025:22:04:27 -0500] "GET /public/space/3-bedroom-duplex-in-lekki?lokasie=/home/wavevlvu/book24.ng/public/images/ico_email_login_form.svg&loknya=/home/wavevlvu/book24.ng/public/images HTTP/1.1" 200 2545 "-" "Mozilla/5.0 (Macintosh; Intel Mac OS X 10_15_7) AppleWebKit/605.1.15 (KHTML, like Gecko) Version/17.4 Safari/605.1.15 (Applebot/0.1; +http://www.apple.com/go/applebot)"
37.60.249.237 - - [16/Jan/2025:22:04:29 -0500] "GET /public/tour/easter-in-cairo-799k?loknya=/home/wavevlvu/.cagefs/var/log/alt-php54-newrelic HTTP/1.1" 200 2042 "-" "Mozilla/5.0 (compatible; MJ12bot/v1.4.8; http://mj12bot.com/)"
17.241.219.192 - - [16/Jan/2025:22:04:30 -0500] "GET /public/space/3-bedroom-luxurious-apartment?lokasie=/lib64/.libcrypt.so.1.hmac&loknya=/lib64 HTTP/1.1" 200 2009 "-" "Mozilla/5.0 (Macintosh; Intel Mac OS X 10_15_7) AppleWebKit/605.1.15 (KHTML, like Gecko) Version/17.4 Safari/605.1.15 (Applebot/0.1; +http://www.apple.com/go/applebot)"
17.241.219.149 - - [16/Jan/2025:22:04:33 -0500] "GET /public/tour/lekki-city-tour?loknya=/home/wavevlvu/book24.ng/public/landing/bs HTTP/1.1" 200 2550 "-" "Mozilla/5.0 (Macintosh; Intel Mac OS X 10_15_7) AppleWebKit/605.1.15 (KHTML, like Gecko) Version/17.4 Safari/605.1.15 (Applebot/0.1; +http://www.apple.com/go/applebot)"
37.60.249.237 - - [16/Jan/2025:22:04:33 -0500] "GET /public/tour/easter-in-cairo-799k?loknya=/home/wavevlvu/.cagefs/var/log/alt-php55-newrelic HTTP/1.1" 200 2041 "-" "Mozilla/5.0 (compatible; MJ12bot/v1.4.8; http://mj12bot.com/)"
217.113.194.163 - - [16/Jan/2025:22:04:38 -0500] "GET /tour?amp%3Bamp%3Bpage=1&amp%3Bamp%3Bamp%3Bamp%3Bamp%3Bamp%3Borderby=price_low_high&amp%3Bamp%3Bamp%3Bamp%3Bamp%3Borderby=price_high_low&amp%3Bamp%3Bamp%3Bamp%3Borderby=rate_high_low&amp%3Bamp%3Bamp%3Borderby=price_low_high&amp%3Bamp%3Borderby=rate_high_low&amp%3Bpage=2&amp%3Borderby=price_low_high&orderby=rate_high_low&page=2 HTTP/1.1" 403 0 "-" "Mozilla/5.0 (compatible; Barkrowler/0.9; +https://babbar.tech/crawler)"
17.241.219.149 - - [16/Jan/2025:22:04:36 -0500] "GET /public/boat/25-seater-boat-120khr?loknya=/lib/rpm/platform/ppc32dy4-linux HTTP/1.1" 200 2472 "-" "Mozilla/5.0 (Macintosh; Intel Mac OS X 10_15_7) AppleWebKit/605.1.15 (KHTML, like Gecko) Version/17.4 Safari/605.1.15 (Applebot/0.1; +http://www.apple.com/go/applebot)"
37.60.249.237 - - [16/Jan/2025:22:04:38 -0500] "GET /public/tour/easter-in-cairo-799k?loknya=/home/wavevlvu/.cagefs/var/log/alt-php56-newrelic HTTP/1.1" 200 2041 "-" "Mozilla/5.0 (compatible; MJ12bot/v1.4.8; http://mj12bot.com/)"
17.241.75.252 - - [16/Jan/2025:22:04:39 -0500] "GET /public/boat/yacht-cruise-summer-bash?lokasie=/home/wavevlvu/cynthiaadediran.com/wp-includes/functions.wp-styles.php&loknya=/home/wavevlvu/cynthiaadediran.com/wp-includes HTTP/1.1" 200 4669 "-" "Mozilla/5.0 (Macintosh; Intel Mac OS X 10_15_7) AppleWebKit/605.1.15 (KHTML, like Gecko) Version/17.4 Safari/605.1.15 (Applebot/0.1; +http://www.apple.com/go/applebot)"
17.241.227.18 - - [16/Jan/2025:22:04:41 -0500] "GET /public/space/xx/index.php?lokasie=/lib/.build-id/96/6346c080db7a49e9caad8b0df2204e542723bd&loknya=/lib/.build-id/96 HTTP/1.1" 200 1999 "-" "Mozilla/5.0 (Macintosh; Intel Mac OS X 10_15_7) AppleWebKit/605.1.15 (KHTML, like Gecko) Version/17.4 Safari/605.1.15 (Applebot/0.1; +http://www.apple.com/go/applebot)"
37.60.249.237 - - [16/Jan/2025:22:04:42 -0500] "GET /public/tour/easter-in-cairo-799k?loknya=/home/wavevlvu/.cagefs/var/log/alt-php70-newrelic HTTP/1.1" 200 2040 "-" "Mozilla/5.0 (compatible; MJ12bot/v1.4.8; http://mj12bot.com/)"
17.241.227.139 - - [16/Jan/2025:22:04:42 -0500] "GET /public/profile/book24admin/services?lokasie=/bin/split&loknya=/bin HTTP/1.1" 200 1941 "-" "Mozilla/5.0 (Macintosh; Intel Mac OS X 10_15_7) AppleWebKit/605.1.15 (KHTML, like Gecko) Version/17.4 Safari/605.1.15 (Applebot/0.1; +http://www.apple.com/go/applebot)"
217.113.194.168 - - [16/Jan/2025:22:04:46 -0500] "GET /tour?amp%3Bamp%3Bpage=1&amp%3Bamp%3Bamp%3Bamp%3Bamp%3Bamp%3Bamp%3Borderby=rate_high_low&amp%3Bamp%3Bamp%3Bamp%3Bamp%3Bamp%3Borderby=rate_high_low&amp%3Bamp%3Bamp%3Bamp%3Bamp%3Borderby=price_low_high&amp%3Bamp%3Bamp%3Bamp%3Borderby=price_high_low&amp%3Bamp%3Borderby=price_high_low&amp%3Borderby=price_high_low&orderby=price_high_low&page=2 HTTP/1.1" 403 0 "-" "Mozilla/5.0 (compatible; Barkrowler/0.9; +https://babbar.tech/crawler)"
17.241.227.18 - - [16/Jan/2025:22:04:44 -0500] "GET /public/space/xx/index.php?loknya=/var/cpanel HTTP/1.1" 200 2525 "-" "Mozilla/5.0 (Macintosh; Intel Mac OS X 10_15_7) AppleWebKit/605.1.15 (KHTML, like Gecko) Version/17.4 Safari/605.1.15 (Applebot/0.1; +http://www.apple.com/go/applebot)"
17.241.75.11 - - [16/Jan/2025:22:04:46 -0500] "GET /public/boat/25-seater-boat-120khr?lokasie=/lib64/libGLX_mesa.so.0.0.0&loknya=/lib64 HTTP/1.1" 200 1952 "-" "Mozilla/5.0 (Macintosh; Intel Mac OS X 10_15_7) AppleWebKit/605.1.15 (KHTML, like Gecko) Version/17.4 Safari/605.1.15 (Applebot/0.1; +http://www.apple.com/go/applebot)"
37.60.249.237 - - [16/Jan/2025:22:04:46 -0500] "GET /public/tour/easter-in-cairo-799k?loknya=/home/wavevlvu/.cagefs/var/log/alt-php71-newrelic HTTP/1.1" 200 2040 "-" "Mozilla/5.0 (compatible; MJ12bot/v1.4.8; http://mj12bot.com/)"
17.241.227.18 - - [16/Jan/2025:22:04:47 -0500] "GET /public/profile/60?lokasie=/var/softaculous/ampache/install.php&loknya=/var/softaculous/ampache HTTP/1.1" 200 10324 "-" "Mozilla/5.0 (Macintosh; Intel Mac OS X 10_15_7) AppleWebKit/605.1.15 (KHTML, like Gecko) Version/17.4 Safari/605.1.15 (Applebot/0.1; +http://www.apple.com/go/applebot)"
17.241.75.11 - - [16/Jan/2025:22:04:49 -0500] "GET /public/boat/yacht-cruise-summer-bash?loknya=/home/wavevlvu/.system-php/ini/5.5 HTTP/1.1" 200 2815 "-" "Mozilla/5.0 (Macintosh; Intel Mac OS X 10_15_7) AppleWebKit/605.1.15 (KHTML, like Gecko) Version/17.4 Safari/605.1.15 (Applebot/0.1; +http://www.apple.com/go/applebot)"
17.241.227.18 - - [16/Jan/2025:22:04:50 -0500] "GET /public/boat/25-seater-luxury-yacht-250khr?lokasie=/home/wavevlvu/book24.ng/public/storage/framework/sessions/PejXGeRVcSR28Bn3KKQiZYBj0Lbnkjf8Tm0r25Ga&loknya=/home/wavevlvu/book24.ng/public/storage/framework/sessions HTTP/1.1" 200 2061 "-" "Mozilla/5.0 (Macintosh; Intel Mac OS X 10_15_7) AppleWebKit/605.1.15 (KHTML, like Gecko) Version/17.4 Safari/605.1.15 (Applebot/0.1; +http://www.apple.com/go/applebot)"
37.60.249.237 - - [16/Jan/2025:22:04:51 -0500] "GET /public/tour/easter-in-cairo-799k?loknya=/home/wavevlvu/.cagefs/var/log/alt-php72-newrelic HTTP/1.1" 200 2040 "-" "Mozilla/5.0 (compatible; MJ12bot/v1.4.8; http://mj12bot.com/)"
40.77.167.158 - - [16/Jan/2025:22:04:54 -0500] "GET /?lnwbv/c2870716.html HTTP/1.1" 200 76958 "-" "Mozilla/5.0 AppleWebKit/537.36 (KHTML, like Gecko; compatible; bingbot/2.0; +http://www.bing.com/bingbot.htm) Chrome/116.0.1938.76 Safari/537.36"
17.241.227.18 - - [16/Jan/2025:22:04:53 -0500] "GET /public/profile/book24/reviews?lokasie=/home/wavevlvu/tacafoundation.org/wp-includes/class-wp-image-editor.php&loknya=/home/wavevlvu/tacafoundation.org/wp-includes HTTP/1.1" 200 7205 "-" "Mozilla/5.0 (Macintosh; Intel Mac OS X 10_15_7) AppleWebKit/605.1.15 (KHTML, like Gecko) Version/17.4 Safari/605.1.15 (Applebot/0.1; +http://www.apple.com/go/applebot)"
17.241.219.105 - - [16/Jan/2025:22:04:52 -0500] "GET /public/profile/60?lokasie=/var/softaculous/osclassified/config.php&loknya=/var/softaculous/osclassified HTTP/1.1" 200 3424 "-" "Mozilla/5.0 (Macintosh; Intel Mac OS X 10_15_7) AppleWebKit/605.1.15 (KHTML, like Gecko) Version/17.4 Safari/605.1.15 (Applebot/0.1; +http://www.apple.com/go/applebot)"
217.113.194.167 - - [16/Jan/2025:22:04:56 -0500] "GET /tour?amp%3Bamp%3Bpage=1&amp%3Bamp%3Bamp%3Bamp%3Bamp%3Bamp%3Bamp%3Borderby=rate_high_low&amp%3Bamp%3Bamp%3Bamp%3Bamp%3Bamp%3Borderby=rate_high_low&amp%3Bamp%3Bamp%3Bamp%3Bamp%3Borderby=price_low_high&amp%3Bamp%3Bamp%3Bamp%3Borderby=price_high_low&amp%3Bamp%3Borderby=price_high_low&amp%3Borderby=price_low_high&orderby=price_high_low&page=2 HTTP/1.1" 403 0 "-" "Mozilla/5.0 (compatible; Barkrowler/0.9; +https://babbar.tech/crawler)"
17.241.227.18 - - [16/Jan/2025:22:04:55 -0500] "GET /public/event/cannabis-live-global-summit-nigeria?lokasie=/lib64/libdvdread.so.4.2.0&loknya=/lib64 HTTP/1.1" 200 1952 "-" "Mozilla/5.0 (Macintosh; Intel Mac OS X 10_15_7) AppleWebKit/605.1.15 (KHTML, like Gecko) Version/17.4 Safari/605.1.15 (Applebot/0.1; +http://www.apple.com/go/applebot)"
17.241.219.105 - - [16/Jan/2025:22:04:55 -0500] "GET /public/profile/book24/services?loknya=/var/softaculous/ajaxchat HTTP/1.1" 200 3418 "-" "Mozilla/5.0 (Macintosh; Intel Mac OS X 10_15_7) AppleWebKit/605.1.15 (KHTML, like Gecko) Version/17.4 Safari/605.1.15 (Applebot/0.1; +http://www.apple.com/go/applebot)"
37.60.249.237 - - [16/Jan/2025:22:04:56 -0500] "GET /public/tour/easter-in-cairo-799k?loknya=/home/wavevlvu/.cagefs/var/log/alt-php73-newrelic HTTP/1.1" 200 2041 "-" "Mozilla/5.0 (compatible; MJ12bot/v1.4.8; http://mj12bot.com/)"
17.241.227.18 - - [16/Jan/2025:22:04:57 -0500] "GET /public/profile/book24/services?lokasie=/home/wavevlvu/lscache/8/e/1/8e10fe574f9681f2&loknya=/home/wavevlvu/lscache/8/e/1 HTTP/1.1" 200 2003 "-" "Mozilla/5.0 (Macintosh; Intel Mac OS X 10_15_7) AppleWebKit/605.1.15 (KHTML, like Gecko) Version/17.4 Safari/605.1.15 (Applebot/0.1; +http://www.apple.com/go/applebot)"
17.241.219.105 - - [16/Jan/2025:22:04:59 -0500] "GET /public/hotel/legend-hotel-lagos-airport-curio-collection-by-hilton?lokasie=/lib64/libXau.so&loknya=/lib64 HTTP/1.1" 200 1945 "-" "Mozilla/5.0 (Macintosh; Intel Mac OS X 10_15_7) AppleWebKit/605.1.15 (KHTML, like Gecko) Version/17.4 Safari/605.1.15 (Applebot/0.1; +http://www.apple.com/go/applebot)"
37.60.249.237 - - [16/Jan/2025:22:05:00 -0500] "GET /public/tour/easter-in-cairo-799k?loknya=/home/wavevlvu/.cagefs/var/log/alt-php74-newrelic HTTP/1.1" 200 2040 "-" "Mozilla/5.0 (compatible; MJ12bot/v1.4.8; http://mj12bot.com/)"
17.241.75.249 - - [16/Jan/2025:22:05:01 -0500] "GET /public/hotel/legend-hotel-lagos-airport-curio-collection-by-hilton?lokasie=/lib64/pkgconfig/libsepol.pc&loknya=/lib64/pkgconfig HTTP/1.1" 200 2107 "-" "Mozilla/5.0 (Macintosh; Intel Mac OS X 10_15_7) AppleWebKit/605.1.15 (KHTML, like Gecko) Version/17.4 Safari/605.1.15 (Applebot/0.1; +http://www.apple.com/go/applebot)"
217.113.194.171 - - [16/Jan/2025:22:05:04 -0500] "GET /tour?amp%3Bamp%3Bpage=1&amp%3Bamp%3Bamp%3Bamp%3Bamp%3Bamp%3Bamp%3Borderby=rate_high_low&amp%3Bamp%3Bamp%3Bamp%3Bamp%3Bamp%3Borderby=rate_high_low&amp%3Bamp%3Bamp%3Bamp%3Bamp%3Borderby=price_low_high&amp%3Bamp%3Bamp%3Bamp%3Borderby=price_high_low&amp%3Bamp%3Borderby=price_high_low&amp%3Borderby=price_low_high&page=2&set_currency=usd HTTP/1.1" 403 0 "-" "Mozilla/5.0 (compatible; Barkrowler/0.9; +https://babbar.tech/crawler)"
17.241.219.178 - - [16/Jan/2025:22:05:03 -0500] "GET /public/tour/lekki-city-tour?lokasie=/lib64/python2.7/_MozillaCookieJar.pyc&loknya=/lib64/python2.7 HTTP/1.1" 200 1975 "-" "Mozilla/5.0 (Macintosh; Intel Mac OS X 10_15_7) AppleWebKit/605.1.15 (KHTML, like Gecko) Version/17.4 Safari/605.1.15 (Applebot/0.1; +http://www.apple.com/go/applebot)"
17.241.75.34 - - [16/Jan/2025:22:05:05 -0500] "GET /public/profile/book24/services?lokasie=/lib64/libXcursor.so.1.0.2&loknya=/lib64 HTTP/1.1" 200 1951 "-" "Mozilla/5.0 (Macintosh; Intel Mac OS X 10_15_7) AppleWebKit/605.1.15 (KHTML, like Gecko) Version/17.4 Safari/605.1.15 (Applebot/0.1; +http://www.apple.com/go/applebot)"
37.60.249.237 - - [16/Jan/2025:22:05:05 -0500] "GET /public/tour/easter-in-cairo-799k?loknya=/home/wavevlvu/.cagefs/var/log/alt-php80-newrelic HTTP/1.1" 200 2040 "-" "Mozilla/5.0 (compatible; MJ12bot/v1.4.8; http://mj12bot.com/)"
17.241.227.38 - - [16/Jan/2025:22:05:07 -0500] "GET /public/space/wp/index.php?lokasie=/lib64//libguestStoreClient.so.0.0.0&loknya=/lib64/ HTTP/1.1" 200 1959 "-" "Mozilla/5.0 (Macintosh; Intel Mac OS X 10_15_7) AppleWebKit/605.1.15 (KHTML, like Gecko) Version/17.4 Safari/605.1.15 (Applebot/0.1; +http://www.apple.com/go/applebot)"
17.241.75.34 - - [16/Jan/2025:22:05:08 -0500] "GET /public/login?loknya=/lib64/fipscheck HTTP/1.1" 200 2635 "-" "Mozilla/5.0 (Macintosh; Intel Mac OS X 10_15_7) AppleWebKit/605.1.15 (KHTML, like Gecko) Version/17.4 Safari/605.1.15 (Applebot/0.1; +http://www.apple.com/go/applebot)"
37.60.249.237 - - [16/Jan/2025:22:05:09 -0500] "GET /public/tour/easter-in-cairo-799k?loknya=/home/wavevlvu/.cagefs/var/log/alt-php81-newrelic HTTP/1.1" 200 2040 "-" "Mozilla/5.0 (compatible; MJ12bot/v1.4.8; http://mj12bot.com/)"
17.241.227.101 - - [16/Jan/2025:22:05:10 -0500] "GET /public/?loknya=/home/wavevlvu/etc HTTP/1.1" 200 3407 "-" "Mozilla/5.0 (Macintosh; Intel Mac OS X 10_15_7) AppleWebKit/605.1.15 (KHTML, like Gecko) Version/17.4 Safari/605.1.15 (Applebot/0.1; +http://www.apple.com/go/applebot)"
217.113.194.163 - - [16/Jan/2025:22:05:13 -0500] "GET /tour?amp%3Bamp%3Bpage=1&amp%3Bamp%3Bamp%3Bamp%3Bamp%3Bamp%3Bamp%3Borderby=price_low_high&amp%3Bamp%3Bamp%3Bamp%3Bamp%3Bamp%3Borderby=rate_high_low&amp%3Bamp%3Bamp%3Bamp%3Bamp%3Borderby=rate_high_low&amp%3Bamp%3Bamp%3Borderby=price_low_high&amp%3Bpage=2&amp%3Borderby=price_low_high&orderby=rate_high_low&page=2&set_currency=gbp HTTP/1.1" 403 0 "-" "Mozilla/5.0 (compatible; Barkrowler/0.9; +https://babbar.tech/crawler)"
17.241.75.34 - - [16/Jan/2025:22:05:11 -0500] "GET /public/profile/book24admin/services?lokasie=/usr/lib64/libfastjson.so.4&loknya=/usr/lib64 HTTP/1.1" 200 1963 "-" "Mozilla/5.0 (Macintosh; Intel Mac OS X 10_15_7) AppleWebKit/605.1.15 (KHTML, like Gecko) Version/17.4 Safari/605.1.15 (Applebot/0.1; +http://www.apple.com/go/applebot)"
17.241.75.34 - - [16/Jan/2025:22:05:15 -0500] "GET /public/boat/25-seater-boat-120khr?lokasie=/lib64/libdhash.so.1&loknya=/lib64 HTTP/1.1" 200 1947 "-" "Mozilla/5.0 (Macintosh; Intel Mac OS X 10_15_7) AppleWebKit/605.1.15 (KHTML, like Gecko) Version/17.4 Safari/605.1.15 (Applebot/0.1; +http://www.apple.com/go/applebot)"
37.60.249.237 - - [16/Jan/2025:22:05:15 -0500] "GET /public/tour/easter-in-cairo-799k?loknya=/home/wavevlvu/.cagefs/var/log/alt-php82-newrelic HTTP/1.1" 200 2040 "-" "Mozilla/5.0 (compatible; MJ12bot/v1.4.8; http://mj12bot.com/)"
17.241.219.238 - - [16/Jan/2025:22:05:15 -0500] "GET /public/space/wp/index.php?lokasie=/lib64//libXrender.so.1&loknya=/lib64/ HTTP/1.1" 200 1951 "-" "Mozilla/5.0 (Macintosh; Intel Mac OS X 10_15_7) AppleWebKit/605.1.15 (KHTML, like Gecko) Version/17.4 Safari/605.1.15 (Applebot/0.1; +http://www.apple.com/go/applebot)"
17.241.219.117 - - [16/Jan/2025:22:05:18 -0500] "GET /public/profile/60?lokasie=/lib64/python3.6/encodings/__pycache__/tis_620.cpython-36.pyc&loknya=/lib64/python3.6/encodings/__pycache__ HTTP/1.1" 200 2006 "-" "Mozilla/5.0 (Macintosh; Intel Mac OS X 10_15_7) AppleWebKit/605.1.15 (KHTML, like Gecko) Version/17.4 Safari/605.1.15 (Applebot/0.1; +http://www.apple.com/go/applebot)"
154.54.249.211 - - [16/Jan/2025:22:05:22 -0500] "GET /tour?amp%3Bamp%3Bpage=1&amp%3Bamp%3Bamp%3Bamp%3Bamp%3Bamp%3Bamp%3Borderby=price_low_high&amp%3Bamp%3Bamp%3Bamp%3Bamp%3Bamp%3Borderby=rate_high_low&amp%3Bamp%3Bamp%3Bamp%3Bamp%3Borderby=rate_high_low&amp%3Bamp%3Bamp%3Borderby=price_low_high&amp%3Bamp%3Borderby=rate_high_low&amp%3Borderby=rate_high_low&amp%3Bpage=2&set_currency=usd HTTP/1.1" 403 0 "-" "Mozilla/5.0 (compatible; Barkrowler/0.9; +https://babbar.tech/crawler)"
37.60.249.237 - - [16/Jan/2025:22:05:20 -0500] "GET /public/tour/easter-in-cairo-799k?loknya=/home/wavevlvu/.cagefs/var/log/alt-php83-newrelic HTTP/1.1" 200 2041 "-" "Mozilla/5.0 (compatible; MJ12bot/v1.4.8; http://mj12bot.com/)"
17.241.219.82 - - [16/Jan/2025:22:05:21 -0500] "GET /public/profile/book24admin/services?lokasie=/usr/lib64//libaio.so.1&loknya=/usr/lib64/ HTTP/1.1" 200 1959 "-" "Mozilla/5.0 (Macintosh; Intel Mac OS X 10_15_7) AppleWebKit/605.1.15 (KHTML, like Gecko) Version/17.4 Safari/605.1.15 (Applebot/0.1; +http://www.apple.com/go/applebot)"
37.60.249.237 - - [16/Jan/2025:22:05:24 -0500] "GET /public/tour/easter-in-cairo-799k?loknya=/home/wavevlvu/.cagefs/var/log/alt-php84-newrelic HTTP/1.1" 200 2041 "-" "Mozilla/5.0 (compatible; MJ12bot/v1.4.8; http://mj12bot.com/)"
17.241.219.82 - - [16/Jan/2025:22:05:24 -0500] "GET /public/event/cannabis-live-global-summit-nigeria?lokasie=/lib64/aspell-0.60/nroff.amf&loknya=/lib64/aspell-0.60 HTTP/1.1" 200 2089 "-" "Mozilla/5.0 (Macintosh; Intel Mac OS X 10_15_7) AppleWebKit/605.1.15 (KHTML, like Gecko) Version/17.4 Safari/605.1.15 (Applebot/0.1; +http://www.apple.com/go/applebot)"
17.241.219.82 - - [16/Jan/2025:22:05:27 -0500] "GET /public/profile/60?lokasie=/usr/lib64/python2.7/smtplib.py&loknya=/usr/lib64/python2.7 HTTP/1.1" 200 13376 "-" "Mozilla/5.0 (Macintosh; Intel Mac OS X 10_15_7) AppleWebKit/605.1.15 (KHTML, like Gecko) Version/17.4 Safari/605.1.15 (Applebot/0.1; +http://www.apple.com/go/applebot)"
217.113.194.171 - - [16/Jan/2025:22:05:30 -0500] "GET /tour?amp%3Bamp%3Bpage=1&amp%3Bamp%3Bamp%3Bamp%3Bamp%3Bamp%3Bamp%3Borderby=price_low_high&amp%3Bamp%3Bamp%3Bamp%3Bamp%3Bamp%3Borderby=price_high_low&amp%3Bamp%3Bamp%3Bamp%3Bamp%3Borderby=rate_high_low&amp%3Bamp%3Bamp%3Borderby=price_high_low&amp%3Bamp%3Borderby=rate_high_low&amp%3Borderby=price_low_high&orderby=rate_high_low&page=2 HTTP/1.1" 403 0 "-" "Mozilla/5.0 (compatible; Barkrowler/0.9; +https://babbar.tech/crawler)"
37.60.249.237 - - [16/Jan/2025:22:05:28 -0500] "GET /public/tour/easter-in-cairo-799k?loknya=/home/wavevlvu/.cagefs/var/php/apm HTTP/1.1" 200 2153 "-" "Mozilla/5.0 (compatible; MJ12bot/v1.4.8; http://mj12bot.com/)"
37.60.249.237 - - [16/Jan/2025:22:05:32 -0500] "GET /public/tour/easter-in-cairo-799k?loknya=/home/wavevlvu/.cagefs/var/run/cagefs HTTP/1.1" 200 2229 "-" "Mozilla/5.0 (compatible; MJ12bot/v1.4.8; http://mj12bot.com/)"
40.77.167.158 - - [16/Jan/2025:22:05:36 -0500] "GET /?agmcd/x1101047.html HTTP/1.1" 200 76896 "-" "Mozilla/5.0 AppleWebKit/537.36 (KHTML, like Gecko; compatible; bingbot/2.0; +http://www.bing.com/bingbot.htm) Chrome/116.0.1938.76 Safari/537.36"
217.113.194.167 - - [16/Jan/2025:22:05:39 -0500] "GET /tour?amp%3Bamp%3Bpage=1&amp%3Bamp%3Bamp%3Bamp%3Bamp%3Bamp%3Bamp%3Borderby=price_high_low&amp%3Bamp%3Bamp%3Bamp%3Bamp%3Bamp%3Borderby=price_low_high&amp%3Bamp%3Bamp%3Bamp%3Bamp%3Borderby=rate_high_low&amp%3Bamp%3Bamp%3Bamp%3Borderby=rate_high_low&amp%3Bamp%3Borderby=price_low_high&amp%3Borderby=rate_high_low&page=2&set_currency=usd HTTP/1.1" 403 0 "-" "Mozilla/5.0 (compatible; Barkrowler/0.9; +https://babbar.tech/crawler)"
37.60.249.237 - - [16/Jan/2025:22:05:37 -0500] "GET /public/tour/easter-in-cairo-799k?loknya=/home/wavevlvu/.cagefs/var/run/screen HTTP/1.1" 200 2040 "-" "Mozilla/5.0 (compatible; MJ12bot/v1.4.8; http://mj12bot.com/)"
37.60.249.237 - - [16/Jan/2025:22:05:41 -0500] "GET /public/tour/easter-in-cairo-799k?loknya=/home/wavevlvu/.cagefs/var/spool&set_currency=gbp HTTP/1.1" 200 2149 "-" "Mozilla/5.0 (compatible; MJ12bot/v1.4.8; http://mj12bot.com/)"
217.113.194.167 - - [16/Jan/2025:22:05:48 -0500] "GET /tour?amp%3Bamp%3Bpage=1&amp%3Bamp%3Bamp%3Bamp%3Bamp%3Bamp%3Bamp%3Borderby=price_high_low&amp%3Bamp%3Bamp%3Bamp%3Bamp%3Bamp%3Borderby=price_low_high&amp%3Bamp%3Bamp%3Bamp%3Bamp%3Borderby=rate_high_low&amp%3Bamp%3Bamp%3Bamp%3Borderby=rate_high_low&amp%3Bamp%3Borderby=price_low_high&amp%3Borderby=price_low_high&orderby=price_high_low&page=2 HTTP/1.1" 403 0 "-" "Mozilla/5.0 (compatible; Barkrowler/0.9; +https://babbar.tech/crawler)"
37.60.249.237 - - [16/Jan/2025:22:05:45 -0500] "GET /public/tour/easter-in-cairo-799k?loknya=/home/wavevlvu/.cagefs/var/spool&set_currency=usd HTTP/1.1" 200 2149 "-" "Mozilla/5.0 (compatible; MJ12bot/v1.4.8; http://mj12bot.com/)"
37.60.249.237 - - [16/Jan/2025:22:05:50 -0500] "GET /public/tour/easter-in-cairo-799k?loknya=/home/wavevlvu/.cl.selector/rex/ HTTP/1.1" 200 2327 "-" "Mozilla/5.0 (compatible; MJ12bot/v1.4.8; http://mj12bot.com/)"
154.54.249.211 - - [16/Jan/2025:22:05:57 -0500] "GET /tour?amp%3Bamp%3Bpage=1&amp%3Bamp%3Bamp%3Bamp%3Bamp%3Bamp%3Bamp%3Borderby=price_high_low&amp%3Bamp%3Bamp%3Bamp%3Bamp%3Bamp%3Borderby=price_low_high&amp%3Bamp%3Bamp%3Bamp%3Bamp%3Borderby=rate_high_low&amp%3Bamp%3Bamp%3Bamp%3Borderby=rate_high_low&amp%3Bamp%3Borderby=price_low_high&amp%3Borderby=price_high_low&orderby=price_high_low&page=2 HTTP/1.1" 403 0 "-" "Mozilla/5.0 (compatible; Barkrowler/0.9; +https://babbar.tech/crawler)"
37.60.249.237 - - [16/Jan/2025:22:05:54 -0500] "GET /public/tour/easter-in-cairo-799k?loknya=/home/wavevlvu/.clwpos/rex/ HTTP/1.1" 200 2326 "-" "Mozilla/5.0 (compatible; MJ12bot/v1.4.8; http://mj12bot.com/)"
37.60.249.237 - - [16/Jan/2025:22:05:59 -0500] "GET /public/tour/easter-in-cairo-799k?loknya=/home/wavevlvu/.cpanel/caches/ HTTP/1.1" 200 2428 "-" "Mozilla/5.0 (compatible; MJ12bot/v1.4.8; http://mj12bot.com/)"
217.113.194.169 - - [16/Jan/2025:22:06:05 -0500] "GET /tour?amp%3Bamp%3Bpage=1&amp%3Bamp%3Bamp%3Bamp%3Bamp%3Bamp%3Bamp%3Borderby=price_high_low&amp%3Bamp%3Bamp%3Bamp%3Bamp%3Bamp%3Borderby=price_low_high&amp%3Bamp%3Bamp%3Bamp%3Bamp%3Borderby=rate_high_low&amp%3Bamp%3Bamp%3Bamp%3Borderby=rate_high_low&amp%3Bamp%3Borderby=price_low_high&amp%3Bpage=2&amp%3Borderby=rate_high_low&page=2&orderby= HTTP/1.1" 403 0 "-" "Mozilla/5.0 (compatible; Barkrowler/0.9; +https://babbar.tech/crawler)"
37.60.249.237 - - [16/Jan/2025:22:06:03 -0500] "GET /public/tour/easter-in-cairo-799k?loknya=/home/wavevlvu/.cpanel/datastore/ HTTP/1.1" 200 3058 "-" "Mozilla/5.0 (compatible; MJ12bot/v1.4.8; http://mj12bot.com/)"
217.113.194.166 - - [16/Jan/2025:22:06:14 -0500] "GET /tour?amp%3Bamp%3Bpage=1&amp%3Bamp%3Bamp%3Bamp%3Bamp%3Bamp%3Bamp%3Borderby=price_high_low&amp%3Bamp%3Bamp%3Bamp%3Bamp%3Bamp%3Borderby=price_low_high&amp%3Bamp%3Bamp%3Bamp%3Bamp%3Borderby=rate_high_low&amp%3Bamp%3Bamp%3Bamp%3Borderby=rate_high_low&amp%3Bamp%3Borderby=price_low_high&amp%3Bpage=2&amp%3Borderby=price_high_low&orderby=&page=2 HTTP/1.1" 403 0 "-" "Mozilla/5.0 (compatible; Barkrowler/0.9; +https://babbar.tech/crawler)"
217.113.194.162 - - [16/Jan/2025:22:06:23 -0500] "GET /tour?amp%3Bamp%3Bpage=1&amp%3Bamp%3Bamp%3Bamp%3Bamp%3Bamp%3Bamp%3Bamp%3Borderby=price_high_low&amp%3Bamp%3Bamp%3Bamp%3Bamp%3Bamp%3Bamp%3Borderby=price_low_high&amp%3Bamp%3Bamp%3Bamp%3Borderby=price_high_low&amp%3Bamp%3Bamp%3Borderby=price_high_low&amp%3Bamp%3Borderby=price_high_low&amp%3Borderby=rate_high_low&orderby=price_high_low&page=2 HTTP/1.1" 403 0 "-" "Mozilla/5.0 (compatible; Barkrowler/0.9; +https://babbar.tech/crawler)"
217.113.194.166 - - [16/Jan/2025:22:06:31 -0500] "GET /tour?amp%3Bamp%3Bpage=1&amp%3Bamp%3Bamp%3Bamp%3Bamp%3Bamp%3Bamp%3Bamp%3Borderby=price_high_low&amp%3Bamp%3Bamp%3Bamp%3Bamp%3Bamp%3Bamp%3Borderby=price_low_high&amp%3Bamp%3Bamp%3Bamp%3Borderby=price_high_low&amp%3Bamp%3Bamp%3Borderby=price_high_low&amp%3Bamp%3Borderby=price_high_low&amp%3Borderby=price_high_low&orderby=price_high_low&page=2 HTTP/1.1" 403 0 "-" "Mozilla/5.0 (compatible; Barkrowler/0.9; +https://babbar.tech/crawler)"
217.113.194.163 - - [16/Jan/2025:22:06:40 -0500] "GET /tour?amp%3Bamp%3Bpage=1&amp%3Bamp%3Bamp%3Bamp%3Bamp%3Bamp%3Bamp%3Bamp%3Borderby=price_low_high&amp%3Bamp%3Bamp%3Bamp%3Bamp%3Bamp%3Bamp%3Borderby=rate_high_low&amp%3Bamp%3Bamp%3Bamp%3Bamp%3Bamp%3Borderby=price_low_high&amp%3Bamp%3Borderby=price_low_high&amp%3Borderby=price_low_high&amp%3Bpage=2&page=2&orderby=price_low_high&set_currency=usd HTTP/1.1" 403 0 "-" "Mozilla/5.0 (compatible; Barkrowler/0.9; +https://babbar.tech/crawler)"
217.113.194.162 - - [16/Jan/2025:22:06:49 -0500] "GET /tour?amp%3Bamp%3Bpage=1&amp%3Bamp%3Bamp%3Bamp%3Bamp%3Bamp%3Bamp%3Bamp%3Borderby=price_low_high&amp%3Bamp%3Bamp%3Bamp%3Bamp%3Bamp%3Bamp%3Borderby=rate_high_low&amp%3Bamp%3Bamp%3Bamp%3Bamp%3Bamp%3Borderby=price_low_high&amp%3Bamp%3Borderby=price_low_high&amp%3Borderby=price_low_high&amp%3Bpage=2&orderby=price_low_high&page=1&set_currency=gbp HTTP/1.1" 403 0 "-" "Mozilla/5.0 (compatible; Barkrowler/0.9; +https://babbar.tech/crawler)"
217.113.194.250 - - [16/Jan/2025:22:06:57 -0500] "GET /tour?amp%3Bamp%3Bpage=1&amp%3Bamp%3Bamp%3Bamp%3Bamp%3Bamp%3Bamp%3Bamp%3Borderby=price_low_high&amp%3Bamp%3Bamp%3Bamp%3Bamp%3Bamp%3Bamp%3Borderby=rate_high_low&amp%3Bamp%3Bamp%3Bamp%3Bamp%3Bamp%3Borderby=price_low_high&amp%3Bamp%3Borderby=price_low_high&amp%3Borderby=price_high_low&amp%3Bpage=2&orderby=price_high_low&page=1&set_currency=gbp HTTP/1.1" 403 0 "-" "Mozilla/5.0 (compatible; Barkrowler/0.9; +https://babbar.tech/crawler)"
216.244.66.237 - - [16/Jan/2025:22:07:03 -0500] "GET /robots.txt HTTP/1.1" 200 944 "-" "Mozilla/5.0 (compatible; DotBot/1.2; +https://opensiteexplorer.org/dotbot; help@moz.com)"
216.244.66.237 - - [16/Jan/2025:22:07:04 -0500] "GET /robots.txt HTTP/1.1" 200 944 "-" "Mozilla/5.0 (compatible; DotBot/1.2; +https://opensiteexplorer.org/dotbot; help@moz.com)"
52.167.144.182 - - [16/Jan/2025:22:07:03 -0500] "GET /public/news/list-of-government-approved-driving-schools-in-lagos-state?set_currency=gbp HTTP/1.1" 200 3333 "-" "Mozilla/5.0 AppleWebKit/537.36 (KHTML, like Gecko; compatible; bingbot/2.0; +http://www.bing.com/bingbot.htm) Chrome/116.0.1938.76 Safari/537.36"
217.113.194.250 - - [16/Jan/2025:22:07:06 -0500] "GET /tour?amp%3Bamp%3Bpage=1&amp%3Bamp%3Bamp%3Bamp%3Bamp%3Bamp%3Bamp%3Bamp%3Borderby=price_low_high&amp%3Bamp%3Bamp%3Bamp%3Bamp%3Bamp%3Bamp%3Borderby=price_high_low&amp%3Bamp%3Bamp%3Bamp%3Bamp%3Bamp%3Borderby=price_high_low&amp%3Bamp%3Bamp%3Borderby=price_high_low&amp%3Bamp%3Borderby=price_low_high&amp%3Borderby=rate_high_low&set_currency=usd HTTP/1.1" 403 0 "-" "Mozilla/5.0 (compatible; Barkrowler/0.9; +https://babbar.tech/crawler)"
52.167.144.182 - - [16/Jan/2025:22:07:13 -0500] "GET /?estnj/b2909949.html HTTP/1.1" 200 76872 "-" "Mozilla/5.0 AppleWebKit/537.36 (KHTML, like Gecko; compatible; bingbot/2.0; +http://www.bing.com/bingbot.htm) Chrome/116.0.1938.76 Safari/537.36"
217.113.194.169 - - [16/Jan/2025:22:07:15 -0500] "GET /tour?amp%3Bamp%3Bpage=1&amp%3Bamp%3Bamp%3Bamp%3Bamp%3Bamp%3Bamp%3Bamp%3Bamp%3Borderby=price_low_high&amp%3Bamp%3Bamp%3Bamp%3Bamp%3Bamp%3Bamp%3Bamp%3Borderby=price_high_low&amp%3Bamp%3Bamp%3Bamp%3Bamp%3Bamp%3Bamp%3Borderby=price_high_low&amp%3Bamp%3Bamp%3Bamp%3Borderby=price_high_low&amp%3Bamp%3Bamp%3Borderby=price_low_high&amp%3Bamp%3Borderby=rate_high_low HTTP/1.1" 403 0 "-" "Mozilla/5.0 (compatible; Barkrowler/0.9; +https://babbar.tech/crawler)"
217.113.194.250 - - [16/Jan/2025:22:07:23 -0500] "GET /tour?amp%3Bamp%3Borderby=rate_high_low&amp%3Bamp%3Bamp%3Bamp%3Bamp%3Bamp%3Bamp%3Bamp%3Bamp%3Bpage=2&amp%3Bamp%3Bamp%3Bamp%3Bamp%3Bamp%3Bamp%3Bamp%3Bpage=2&amp%3Bamp%3Bamp%3Bamp%3Bamp%3Bamp%3Bpage=2&amp%3Bamp%3Bamp%3Bamp%3Bamp%3Bpage=2&amp%3Bamp%3Bamp%3Bpage=2&amp%3Bamp%3Bpage=2&amp%3Bpage=2&amp%3Borderby=price_low_high&page=1&set_currency=usd HTTP/1.1" 403 0 "-" "Mozilla/5.0 (compatible; Barkrowler/0.9; +https://babbar.tech/crawler)"
17.241.75.83 - - [16/Jan/2025:22:07:25 -0500] "GET /public/profile/book24admin/services?lokasie=/bin/seq&loknya=/bin HTTP/1.1" 200 1937 "-" "Mozilla/5.0 (Macintosh; Intel Mac OS X 10_15_7) AppleWebKit/605.1.15 (KHTML, like Gecko) Version/17.4 Safari/605.1.15 (Applebot/0.1; +http://www.apple.com/go/applebot)"
17.241.75.120 - - [16/Jan/2025:22:07:26 -0500] "GET /public/profile/55/services?lokasie=/home/wavevlvu/book24.ng/public/images/logo.svg&loknya=/home/wavevlvu/book24.ng/public/images HTTP/1.1" 200 10422 "-" "Mozilla/5.0 (Macintosh; Intel Mac OS X 10_15_7) AppleWebKit/605.1.15 (KHTML, like Gecko) Version/17.4 Safari/605.1.15 (Applebot/0.1; +http://www.apple.com/go/applebot)"
17.241.75.83 - - [16/Jan/2025:22:07:28 -0500] "GET /public/profile/book24admin/services?lokasie=/usr/lib64/aspell-0.60/koi8-r.cset&loknya=/usr/lib64/aspell-0.60 HTTP/1.1" 200 5960 "-" "Mozilla/5.0 (Macintosh; Intel Mac OS X 10_15_7) AppleWebKit/605.1.15 (KHTML, like Gecko) Version/17.4 Safari/605.1.15 (Applebot/0.1; +http://www.apple.com/go/applebot)"
17.241.75.120 - - [16/Jan/2025:22:07:29 -0500] "GET /public/tour/experience-badagry-tour?lokasie=/home/wavevlvu/book24.ng/public/storage/framework/sessions/BTJVLQqMSxf4Ca13XRLtzqcTJ2XnZCCDEKqEMdhM&loknya=/home/wavevlvu/book24.ng/public/storage/framework/sessions HTTP/1.1" 200 2064 "-" "Mozilla/5.0 (Macintosh; Intel Mac OS X 10_15_7) AppleWebKit/605.1.15 (KHTML, like Gecko) Version/17.4 Safari/605.1.15 (Applebot/0.1; +http://www.apple.com/go/applebot)"
217.113.194.171 - - [16/Jan/2025:22:07:32 -0500] "GET /tour?amp%3Bamp%3Borderby=rate_high_low&amp%3Bamp%3Bamp%3Bamp%3Bamp%3Bamp%3Bamp%3Bamp%3Bamp%3Bpage=2&amp%3Bamp%3Bamp%3Bamp%3Bamp%3Bamp%3Bamp%3Bamp%3Bpage=2&amp%3Bamp%3Bamp%3Bamp%3Bamp%3Bamp%3Bpage=2&amp%3Bamp%3Bamp%3Bamp%3Bamp%3Bpage=2&amp%3Bamp%3Bamp%3Bpage=2&amp%3Bamp%3Bpage=2&amp%3Bpage=2&amp%3Borderby=price_low_high&orderby=price_low_high HTTP/1.1" 403 0 "-" "Mozilla/5.0 (compatible; Barkrowler/0.9; +https://babbar.tech/crawler)"
17.241.75.83 - - [16/Jan/2025:22:07:32 -0500] "GET /public/tour/experience-badagry-tour?lokasie=/home/wavevlvu/book24.ng/public/uploads/templates/home_tour_template.json&loknya=/home/wavevlvu/book24.ng/public/uploads/templates HTTP/1.1" 200 4562 "-" "Mozilla/5.0 (Macintosh; Intel Mac OS X 10_15_7) AppleWebKit/605.1.15 (KHTML, like Gecko) Version/17.4 Safari/605.1.15 (Applebot/0.1; +http://www.apple.com/go/applebot)"
47.128.51.61 - - [16/Jan/2025:22:07:35 -0500] "GET /storage/framework/views/cb734779a7684c9ff169b116102ee4e409c790ff.php HTTP/1.1" 500 0 "-" "Mozilla/5.0 (Linux; Android 5.0) AppleWebKit/537.36 (KHTML, like Gecko) Mobile Safari/537.36 (compatible; Bytespider; spider-feedback@bytedance.com)"
17.241.75.120 - - [16/Jan/2025:22:07:33 -0500] "GET /public/?lokasie=/bin/autoheader&loknya=/bin HTTP/1.1" 200 5742 "-" "Mozilla/5.0 (Macintosh; Intel Mac OS X 10_15_7) AppleWebKit/605.1.15 (KHTML, like Gecko) Version/17.4 Safari/605.1.15 (Applebot/0.1; +http://www.apple.com/go/applebot)"
17.241.227.170 - - [16/Jan/2025:22:07:35 -0500] "GET /public/hotel/legend-hotel-lagos-airport-curio-collection-by-hilton?loknya=/home/wavevlvu/book24.ng/public/uploads/demo/ HTTP/1.1" 200 2810 "-" "Mozilla/5.0 (Macintosh; Intel Mac OS X 10_15_7) AppleWebKit/605.1.15 (KHTML, like Gecko) Version/17.4 Safari/605.1.15 (Applebot/0.1; +http://www.apple.com/go/applebot)"
17.241.75.149 - - [16/Jan/2025:22:07:36 -0500] "GET /public/profile/book24admin/services?loknya=/var/softaculous/shopware HTTP/1.1" 200 4138 "-" "Mozilla/5.0 (Macintosh; Intel Mac OS X 10_15_7) AppleWebKit/605.1.15 (KHTML, like Gecko) Version/17.4 Safari/605.1.15 (Applebot/0.1; +http://www.apple.com/go/applebot)"
17.241.227.33 - - [16/Jan/2025:22:07:38 -0500] "GET /public/profile/60?lokasie=/lib64/python3.8/__pycache__/sched.cpython-38.pyc&loknya=/lib64/python3.8/__pycache__ HTTP/1.1" 200 1987 "-" "Mozilla/5.0 (Macintosh; Intel Mac OS X 10_15_7) AppleWebKit/605.1.15 (KHTML, like Gecko) Version/17.4 Safari/605.1.15 (Applebot/0.1; +http://www.apple.com/go/applebot)"
217.113.194.168 - - [16/Jan/2025:22:07:41 -0500] "GET /tour?amp%3Bamp%3Borderby=rate_high_low&amp%3Bamp%3Bamp%3Bamp%3Bamp%3Bamp%3Bamp%3Bamp%3Bamp%3Bpage=2&amp%3Bamp%3Bamp%3Bamp%3Bamp%3Bamp%3Bamp%3Bamp%3Bpage=2&amp%3Bamp%3Bamp%3Bamp%3Bamp%3Bamp%3Bpage=2&amp%3Bamp%3Bamp%3Bamp%3Bamp%3Bpage=2&amp%3Bamp%3Bamp%3Bpage=2&amp%3Bamp%3Bpage=2&amp%3Bpage=1&amp%3Borderby=price_high_low&page=1&set_currency=gbp HTTP/1.1" 403 0 "-" "Mozilla/5.0 (compatible; Barkrowler/0.9; +https://babbar.tech/crawler)"
17.241.75.204 - - [16/Jan/2025:22:07:39 -0500] "GET /public/profile/60?lokasie=/usr/lib64/sssd/libifp_iface.so&loknya=/usr/lib64/sssd HTTP/1.1" 200 1974 "-" "Mozilla/5.0 (Macintosh; Intel Mac OS X 10_15_7) AppleWebKit/605.1.15 (KHTML, like Gecko) Version/17.4 Safari/605.1.15 (Applebot/0.1; +http://www.apple.com/go/applebot)"
17.241.227.33 - - [16/Jan/2025:22:07:41 -0500] "GET /public/space/3-bedroom-duplex-in-lekki?lokasie=/home/wavevlvu/book24.ng/public/libs/lazy-load/intersection-observer.js&loknya=/home/wavevlvu/book24.ng/public/libs/lazy-load HTTP/1.1" 200 9614 "-" "Mozilla/5.0 (Macintosh; Intel Mac OS X 10_15_7) AppleWebKit/605.1.15 (KHTML, like Gecko) Version/17.4 Safari/605.1.15 (Applebot/0.1; +http://www.apple.com/go/applebot)"
17.241.75.135 - - [16/Jan/2025:22:07:43 -0500] "GET /public/boat/yacht-cruise-summer-bash?loknya=/home/wavevlvu/tmp/pma_template_compiles_wavevlvu/twig/fe HTTP/1.1" 200 2576 "-" "Mozilla/5.0 (Macintosh; Intel Mac OS X 10_15_7) AppleWebKit/605.1.15 (KHTML, like Gecko) Version/17.4 Safari/605.1.15 (Applebot/0.1; +http://www.apple.com/go/applebot)"
64.124.8.112 - - [16/Jan/2025:22:07:46 -0500] "GET /profile/book24 HTTP/1.1" 200 76983 "-" "Mozilla/5.0 (compatible; ImagesiftBot; +imagesift.com)"
17.241.227.33 - - [16/Jan/2025:22:07:44 -0500] "GET /public/tour/lekki-city-tour?loknya=/home/wavevlvu/book24.ng/modules/Booking/Listeners HTTP/1.1" 200 2930 "-" "Mozilla/5.0 (Macintosh; Intel Mac OS X 10_15_7) AppleWebKit/605.1.15 (KHTML, like Gecko) Version/17.4 Safari/605.1.15 (Applebot/0.1; +http://www.apple.com/go/applebot)"
17.241.75.135 - - [16/Jan/2025:22:07:46 -0500] "GET /public/tour/lekki-city-tour?lokasie=/bin/automake&loknya=/bin HTTP/1.1" 200 94349 "-" "Mozilla/5.0 (Macintosh; Intel Mac OS X 10_15_7) AppleWebKit/605.1.15 (KHTML, like Gecko) Version/17.4 Safari/605.1.15 (Applebot/0.1; +http://www.apple.com/go/applebot)"
217.113.194.166 - - [16/Jan/2025:22:07:50 -0500] "GET /tour?amp%3Bamp%3Borderby=rate_high_low&amp%3Bamp%3Bamp%3Bamp%3Bamp%3Bamp%3Bamp%3Bamp%3Bamp%3Bamp%3Bpage=2&amp%3Bamp%3Bamp%3Bamp%3Bamp%3Bamp%3Bamp%3Bamp%3Bamp%3Bpage=2&amp%3Bamp%3Bamp%3Bamp%3Bamp%3Bamp%3Bamp%3Bpage=2&amp%3Bamp%3Bamp%3Bamp%3Bamp%3Bamp%3Bpage=2&amp%3Bamp%3Bamp%3Bamp%3Bpage=2&amp%3Bpage=2&amp%3Borderby=price_high_low&set_currency=usd HTTP/1.1" 403 0 "-" "Mozilla/5.0 (compatible; Barkrowler/0.9; +https://babbar.tech/crawler)"
17.241.219.49 - - [16/Jan/2025:22:07:48 -0500] "GET /public/?lokasie=/lib64/aspell-0.60/sgml-filter.info&loknya=/lib64/aspell-0.60 HTTP/1.1" 200 2215 "-" "Mozilla/5.0 (Macintosh; Intel Mac OS X 10_15_7) AppleWebKit/605.1.15 (KHTML, like Gecko) Version/17.4 Safari/605.1.15 (Applebot/0.1; +http://www.apple.com/go/applebot)"
17.241.227.132 - - [16/Jan/2025:22:07:50 -0500] "GET /public/profile/book24/services?lokasie=/lib64/libcpupower.so.0.0.1&loknya=/lib64 HTTP/1.1" 200 1952 "-" "Mozilla/5.0 (Macintosh; Intel Mac OS X 10_15_7) AppleWebKit/605.1.15 (KHTML, like Gecko) Version/17.4 Safari/605.1.15 (Applebot/0.1; +http://www.apple.com/go/applebot)"
