3.12.34.211 - - [16/Jan/2025:20:59:11 -0500] "GET /public/car/ford-fusion?lokasie=%2Fusr%2Fshare%2Fman%2Fman3%2Fmariadb_dyncol_create_many_num.3.gz&loknya=%2Fusr%2Fshare%2Fman%2Fman3 HTTP/1.1" 200 1769 "-" "Mozilla/5.0 AppleWebKit/537.36 (KHTML, like Gecko; compatible; ClaudeBot/1.0; +claudebot@anthropic.com)"
18.117.156.153 - - [16/Jan/2025:20:59:11 -0500] "GET /public/tour/badagry-weekend-package-189k?lokasie=%2Fusr%2Fshare%2Fman%2Fman3%2Fpcre2_general_context_copy.3.gz&loknya=%2Fusr%2Fshare%2Fman%2Fman3 HTTP/1.1" 200 1770 "-" "Mozilla/5.0 AppleWebKit/537.36 (KHTML, like Gecko; compatible; ClaudeBot/1.0; +claudebot@anthropic.com)"
18.191.174.4 - - [16/Jan/2025:20:59:11 -0500] "GET /public/car/ford-fusion?lokasie=%2Fusr%2Fshare%2Fman%2Fman3%2FRAND_DRBG_get_ex_data.3ssl.gz&loknya=%2Fusr%2Fshare%2Fman%2Fman3 HTTP/1.1" 200 1768 "-" "Mozilla/5.0 AppleWebKit/537.36 (KHTML, like Gecko; compatible; ClaudeBot/1.0; +claudebot@anthropic.com)"
3.23.101.241 - - [16/Jan/2025:20:59:12 -0500] "GET /public/car/ford-fusion?lokasie=%2Fusr%2Fshare%2Fman%2Fman3%2FPKCS7_ENVELOPE_free.3ssl.gz&loknya=%2Fusr%2Fshare%2Fman%2Fman3 HTTP/1.1" 200 1768 "-" "Mozilla/5.0 AppleWebKit/537.36 (KHTML, like Gecko; compatible; ClaudeBot/1.0; +claudebot@anthropic.com)"
18.217.141.236 - - [16/Jan/2025:20:59:12 -0500] "GET /public/tour/badagry-weekend-package-189k?lokasie=%2Fusr%2Fshare%2Fman%2Fman3%2FCURLINFO_SIZE_UPLOAD_T.3.gz&loknya=%2Fusr%2Fshare%2Fman%2Fman3 HTTP/1.1" 200 1778 "-" "Mozilla/5.0 AppleWebKit/537.36 (KHTML, like Gecko; compatible; ClaudeBot/1.0; +claudebot@anthropic.com)"
18.191.234.61 - - [16/Jan/2025:20:59:11 -0500] "GET /public/index.php/login?lokasie=%2Fproc%2Fthread-self%2Froot%2Fproc%2Fself%2Froot%2Fvar%2Fsoftaculous%2Fwp65%2Fphp81%2Fextend.php&loknya=%2Fproc%2Fthread-self%2Froot%2Fproc%2Fself%2Froot%2Fvar%2Fsoftaculous%2Fwp65%2Fphp81 HTTP/1.1" 200 65732 "-" "Mozilla/5.0 AppleWebKit/537.36 (KHTML, like Gecko; compatible; ClaudeBot/1.0; +claudebot@anthropic.com)"
18.226.94.64 - - [16/Jan/2025:20:59:12 -0500] "GET /public/car/ford-fusion?lokasie=%2Fusr%2Fshare%2Fman%2Fman3%2Fxcb_xfixes_change_cursor.3.gz&loknya=%2Fusr%2Fshare%2Fman%2Fman3 HTTP/1.1" 200 1763 "-" "Mozilla/5.0 AppleWebKit/537.36 (KHTML, like Gecko; compatible; ClaudeBot/1.0; +claudebot@anthropic.com)"
52.15.244.11 - - [16/Jan/2025:20:59:12 -0500] "GET /public/tour/badagry-weekend-package-189k?lokasie=%2Fusr%2Fshare%2Fman%2Fman3%2Fxcb_shape_query_extents_reply.3.gz&loknya=%2Fusr%2Fshare%2Fman%2Fman3 HTTP/1.1" 200 1769 "-" "Mozilla/5.0 AppleWebKit/537.36 (KHTML, like Gecko; compatible; ClaudeBot/1.0; +claudebot@anthropic.com)"
18.118.32.6 - - [16/Jan/2025:20:59:13 -0500] "GET /public/tour/badagry-weekend-package-189k?lokasie=%2Fusr%2Fshare%2Fman%2Fman3%2Ftep_record_print_fields.3.gz&loknya=%2Fusr%2Fshare%2Fman%2Fman3 HTTP/1.1" 200 1764 "-" "Mozilla/5.0 AppleWebKit/537.36 (KHTML, like Gecko; compatible; ClaudeBot/1.0; +claudebot@anthropic.com)"
3.138.178.162 - - [16/Jan/2025:20:59:13 -0500] "GET /public/tour/badagry-weekend-package-189k?lokasie=%2Fusr%2Fshare%2Fman%2Fman1%2Fzmore.1.gz&loknya=%2Fusr%2Fshare%2Fman%2Fman1 HTTP/1.1" 200 1755 "-" "Mozilla/5.0 AppleWebKit/537.36 (KHTML, like Gecko; compatible; ClaudeBot/1.0; +claudebot@anthropic.com)"
3.133.152.151 - - [16/Jan/2025:20:59:13 -0500] "GET /public/tour/badagry-weekend-package-189k?lokasie=%2Fusr%2Fshare%2Fman%2Fman3%2Fxcb_test_compare_cursor.3.gz&loknya=%2Fusr%2Fshare%2Fman%2Fman3 HTTP/1.1" 200 1766 "-" "Mozilla/5.0 AppleWebKit/537.36 (KHTML, like Gecko; compatible; ClaudeBot/1.0; +claudebot@anthropic.com)"
3.131.37.82 - - [16/Jan/2025:20:59:13 -0500] "GET /public/car/ford-fusion?lokasie=%2Fusr%2Fshare%2Fman%2Fman3%2FENGINE_set_default_digests.3ssl.gz&loknya=%2Fusr%2Fshare%2Fman%2Fman3 HTTP/1.1" 200 1769 "-" "Mozilla/5.0 AppleWebKit/537.36 (KHTML, like Gecko; compatible; ClaudeBot/1.0; +claudebot@anthropic.com)"
18.227.134.165 - - [16/Jan/2025:20:59:14 -0500] "GET /public/tour/badagry-weekend-package-189k?lokasie=%2Fusr%2Fshare%2Fman%2Fman3%2FASN1_ITEM_get.3ssl.gz&loknya=%2Fusr%2Fshare%2Fman%2Fman3 HTTP/1.1" 200 1767 "-" "Mozilla/5.0 AppleWebKit/537.36 (KHTML, like Gecko; compatible; ClaudeBot/1.0; +claudebot@anthropic.com)"
3.12.34.211 - - [16/Jan/2025:20:59:14 -0500] "GET /public/car/ford-fusion?lokasie=%2Fusr%2Fshare%2Fman%2Fman3%2FSSL_SESSION_set_max_early_data.3ssl.gz&loknya=%2Fusr%2Fshare%2Fman%2Fman3 HTTP/1.1" 200 1775 "-" "Mozilla/5.0 AppleWebKit/537.36 (KHTML, like Gecko; compatible; ClaudeBot/1.0; +claudebot@anthropic.com)"
3.15.218.44 - - [16/Jan/2025:20:59:14 -0500] "GET /public/car/ford-fusion?lokasie=%2Fusr%2Fshare%2Fman%2Fman3%2Fpthread_mutexattr_setpshared.3.gz&loknya=%2Fusr%2Fshare%2Fman%2Fman3 HTTP/1.1" 200 1766 "-" "Mozilla/5.0 AppleWebKit/537.36 (KHTML, like Gecko; compatible; ClaudeBot/1.0; +claudebot@anthropic.com)"
18.117.156.153 - - [16/Jan/2025:20:59:14 -0500] "GET /public/tour/badagry-weekend-package-189k?lokasie=%2Fusr%2Fshare%2Fman%2Fman3%2FSSL_get_max_proto_version.3ssl.gz&loknya=%2Fusr%2Fshare%2Fman%2Fman3 HTTP/1.1" 200 1771 "-" "Mozilla/5.0 AppleWebKit/537.36 (KHTML, like Gecko; compatible; ClaudeBot/1.0; +claudebot@anthropic.com)"
18.191.174.4 - - [16/Jan/2025:20:59:14 -0500] "GET /public/car/ford-fusion?lokasie=%2Fusr%2Fshare%2Fman%2Fman3%2Fxcb_xv_select_port_notify.3.gz&loknya=%2Fusr%2Fshare%2Fman%2Fman3 HTTP/1.1" 200 1764 "-" "Mozilla/5.0 AppleWebKit/537.36 (KHTML, like Gecko; compatible; ClaudeBot/1.0; +claudebot@anthropic.com)"
3.23.101.241 - - [16/Jan/2025:20:59:15 -0500] "GET /public/car/ford-fusion?lokasie=%2Fusr%2Fshare%2Fman%2Fman3%2FSSL_CTX_set_read_ahead.3ssl.gz&loknya=%2Fusr%2Fshare%2Fman%2Fman3 HTTP/1.1" 200 1768 "-" "Mozilla/5.0 AppleWebKit/537.36 (KHTML, like Gecko; compatible; ClaudeBot/1.0; +claudebot@anthropic.com)"
18.217.141.236 - - [16/Jan/2025:20:59:15 -0500] "GET /public/tour/badagry-weekend-package-189k?lokasie=%2Fusr%2Fshare%2Fman%2Fman3%2Fxcb_get_keyboard_control.3.gz&loknya=%2Fusr%2Fshare%2Fman%2Fman3 HTTP/1.1" 200 1769 "-" "Mozilla/5.0 AppleWebKit/537.36 (KHTML, like Gecko; compatible; ClaudeBot/1.0; +claudebot@anthropic.com)"
3.138.178.162 - - [16/Jan/2025:20:59:15 -0500] "GET /public/tour/badagry-weekend-package-189k?lokasie=%2Fusr%2Fshare%2Fman%2Fman1%2Fperldebtut.1.gz&loknya=%2Fusr%2Fshare%2Fman%2Fman1 HTTP/1.1" 200 1757 "-" "Mozilla/5.0 AppleWebKit/537.36 (KHTML, like Gecko; compatible; ClaudeBot/1.0; +claudebot@anthropic.com)"
18.226.94.64 - - [16/Jan/2025:20:59:15 -0500] "GET /public/car/ford-fusion?lokasie=%2Fusr%2Fshare%2Fman%2Fman3%2FNAME_CONSTRAINTS_free.3ssl.gz&loknya=%2Fusr%2Fshare%2Fman%2Fman3 HTTP/1.1" 200 1771 "-" "Mozilla/5.0 AppleWebKit/537.36 (KHTML, like Gecko; compatible; ClaudeBot/1.0; +claudebot@anthropic.com)"
3.129.67.218 - - [16/Jan/2025:20:59:15 -0500] "GET /public/index.php/login?loknya=%2Fproc%2Fthread-self%2Froot%2Fproc%2Fself%2Froot%2Fvar%2Fsoftaculous%2Feasyapmt%2F HTTP/1.1" 200 2828 "-" "Mozilla/5.0 AppleWebKit/537.36 (KHTML, like Gecko; compatible; ClaudeBot/1.0; +claudebot@anthropic.com)"
52.15.244.11 - - [16/Jan/2025:20:59:15 -0500] "GET /public/tour/badagry-weekend-package-189k?lokasie=%2Fusr%2Fshare%2Fman%2Fman3%2Fxcb_dri3_fence_from_fd_checked.3.gz&loknya=%2Fusr%2Fshare%2Fman%2Fman3 HTTP/1.1" 200 1766 "-" "Mozilla/5.0 AppleWebKit/537.36 (KHTML, like Gecko; compatible; ClaudeBot/1.0; +claudebot@anthropic.com)"
18.118.32.6 - - [16/Jan/2025:20:59:16 -0500] "GET /public/tour/badagry-weekend-package-189k?lokasie=%2Fusr%2Fshare%2Fman%2Fman3%2FCURLINFO_RTSP_SERVER_CSEQ.3.gz&loknya=%2Fusr%2Fshare%2Fman%2Fman3 HTTP/1.1" 200 1777 "-" "Mozilla/5.0 AppleWebKit/537.36 (KHTML, like Gecko; compatible; ClaudeBot/1.0; +claudebot@anthropic.com)"
3.142.131.103 - - [16/Jan/2025:20:59:16 -0500] "GET /public/tour/badagry-weekend-package-189k?lokasie=%2Fusr%2Fshare%2Fman%2Fman3%2Fd2i_PROFESSION_INFO.3ssl.gz&loknya=%2Fusr%2Fshare%2Fman%2Fman3 HTTP/1.1" 200 1772 "-" "Mozilla/5.0 AppleWebKit/537.36 (KHTML, like Gecko; compatible; ClaudeBot/1.0; +claudebot@anthropic.com)"
3.133.152.151 - - [16/Jan/2025:20:59:16 -0500] "GET /public/tour/badagry-weekend-package-189k?lokasie=%2Fusr%2Fshare%2Fman%2Fman3%2FSSL_get_srtp_profiles.3ssl.gz&loknya=%2Fusr%2Fshare%2Fman%2Fman3 HTTP/1.1" 200 1769 "-" "Mozilla/5.0 AppleWebKit/537.36 (KHTML, like Gecko; compatible; ClaudeBot/1.0; +claudebot@anthropic.com)"
3.131.37.82 - - [16/Jan/2025:20:59:16 -0500] "GET /public/car/ford-fusion?lokasie=%2Fusr%2Fshare%2Fman%2Fman3%2Fxcb_res_query_clients_clients.3.gz&loknya=%2Fusr%2Fshare%2Fman%2Fman3 HTTP/1.1" 200 1764 "-" "Mozilla/5.0 AppleWebKit/537.36 (KHTML, like Gecko; compatible; ClaudeBot/1.0; +claudebot@anthropic.com)"
18.227.134.165 - - [16/Jan/2025:20:59:17 -0500] "GET /public/tour/badagry-weekend-package-189k?lokasie=%2Fusr%2Fshare%2Fman%2Fman3%2FEC_GROUP_free.3ssl.gz&loknya=%2Fusr%2Fshare%2Fman%2Fman3 HTTP/1.1" 200 1767 "-" "Mozilla/5.0 AppleWebKit/537.36 (KHTML, like Gecko; compatible; ClaudeBot/1.0; +claudebot@anthropic.com)"
3.15.218.44 - - [16/Jan/2025:20:59:17 -0500] "GET /public/car/ford-fusion?lokasie=%2Fusr%2Fshare%2Fman%2Fman3%2FPEM_write_bio_RSAPublicKey.3ssl.gz&loknya=%2Fusr%2Fshare%2Fman%2Fman3 HTTP/1.1" 200 1769 "-" "Mozilla/5.0 AppleWebKit/537.36 (KHTML, like Gecko; compatible; ClaudeBot/1.0; +claudebot@anthropic.com)"
18.117.156.153 - - [16/Jan/2025:20:59:17 -0500] "GET /public/tour/badagry-weekend-package-189k?lokasie=%2Fusr%2Fshare%2Fman%2Fman3%2Fxcb_randr_select_input_checked.3.gz&loknya=%2Fusr%2Fshare%2Fman%2Fman3 HTTP/1.1" 200 1769 "-" "Mozilla/5.0 AppleWebKit/537.36 (KHTML, like Gecko; compatible; ClaudeBot/1.0; +claudebot@anthropic.com)"
3.138.134.149 - - [16/Jan/2025:20:59:17 -0500] "GET /public/tour/badagry-weekend-package-189k?lokasie=%2Fusr%2Fshare%2Fman%2Fman3%2Fxcb_recolor_cursor_checked.3.gz&loknya=%2Fusr%2Fshare%2Fman%2Fman3 HTTP/1.1" 200 1765 "-" "Mozilla/5.0 AppleWebKit/537.36 (KHTML, like Gecko; compatible; ClaudeBot/1.0; +claudebot@anthropic.com)"
18.191.174.4 - - [16/Jan/2025:20:59:17 -0500] "GET /public/car/ford-fusion?lokasie=%2Fusr%2Fshare%2Fman%2Fman3%2FXkbSetDetectableAutoRepeat.3.gz&loknya=%2Fusr%2Fshare%2Fman%2Fman3 HTTP/1.1" 200 1765 "-" "Mozilla/5.0 AppleWebKit/537.36 (KHTML, like Gecko; compatible; ClaudeBot/1.0; +claudebot@anthropic.com)"
18.217.141.236 - - [16/Jan/2025:20:59:18 -0500] "GET /public/tour/badagry-weekend-package-189k?lokasie=%2Fusr%2Fshare%2Fman%2Fman3%2FCURLOPT_PROGRESSFUNCTION.3.gz&loknya=%2Fusr%2Fshare%2Fman%2Fman3 HTTP/1.1" 200 1779 "-" "Mozilla/5.0 AppleWebKit/537.36 (KHTML, like Gecko; compatible; ClaudeBot/1.0; +claudebot@anthropic.com)"
3.23.101.241 - - [16/Jan/2025:20:59:18 -0500] "GET /public/car/ford-fusion?lokasie=%2Fusr%2Fshare%2Fman%2Fman3%2FX509_REVOKED_get_ext_by_NID.3ssl.gz&loknya=%2Fusr%2Fshare%2Fman%2Fman3 HTTP/1.1" 200 1774 "-" "Mozilla/5.0 AppleWebKit/537.36 (KHTML, like Gecko; compatible; ClaudeBot/1.0; +claudebot@anthropic.com)"
18.226.94.64 - - [16/Jan/2025:20:59:18 -0500] "GET /public/car/ford-fusion?lokasie=%2Fusr%2Fshare%2Fman%2Fman3%2FCURLOPT_OPENSOCKETFUNCTION.3.gz&loknya=%2Fusr%2Fshare%2Fman%2Fman3 HTTP/1.1" 200 1776 "-" "Mozilla/5.0 AppleWebKit/537.36 (KHTML, like Gecko; compatible; ClaudeBot/1.0; +claudebot@anthropic.com)"
3.138.178.162 - - [16/Jan/2025:20:59:18 -0500] "GET /public/tour/badagry-weekend-package-189k?lokasie=%2Fusr%2Fshare%2Fman%2Fman1%2Fperl5182delta.1.gz&loknya=%2Fusr%2Fshare%2Fman%2Fman1 HTTP/1.1" 200 1759 "-" "Mozilla/5.0 AppleWebKit/537.36 (KHTML, like Gecko; compatible; ClaudeBot/1.0; +claudebot@anthropic.com)"
3.145.99.240 - - [16/Jan/2025:20:59:18 -0500] "GET /public/car/ford-fusion?lokasie=%2Fusr%2Fshare%2Fman%2Fman3%2Fd2i_AUTHORITY_INFO_ACCESS.3ssl.gz&loknya=%2Fusr%2Fshare%2Fman%2Fman3 HTTP/1.1" 200 1777 "-" "Mozilla/5.0 AppleWebKit/537.36 (KHTML, like Gecko; compatible; ClaudeBot/1.0; +claudebot@anthropic.com)"
217.113.194.166 - - [16/Jan/2025:20:59:21 -0500] "GET /tour?amp%3Bpage=2&amp%3Bamp%3Bamp%3Bamp%3Bamp%3Bamp%3Bamp%3Borderby=price_low_high&amp%3Bamp%3Bamp%3Bamp%3Bamp%3Bamp%3Borderby=rate_high_low&amp%3Bamp%3Bamp%3Bamp%3Borderby=rate_high_low&amp%3Bamp%3Bamp%3Borderby=price_low_high&amp%3Bamp%3Borderby=price_low_high&amp%3Borderby=price_low_high&set_currency=usd HTTP/1.1" 403 0 "-" "Mozilla/5.0 (compatible; Barkrowler/0.9; +https://babbar.tech/crawler)"
52.15.244.11 - - [16/Jan/2025:20:59:18 -0500] "GET /public/tour/badagry-weekend-package-189k?lokasie=%2Fusr%2Fshare%2Fman%2Fman3%2Fxcb_input_delete_device_property.3.gz&loknya=%2Fusr%2Fshare%2Fman%2Fman3 HTTP/1.1" 200 1766 "-" "Mozilla/5.0 AppleWebKit/537.36 (KHTML, like Gecko; compatible; ClaudeBot/1.0; +claudebot@anthropic.com)"
18.118.32.6 - - [16/Jan/2025:20:59:19 -0500] "GET /public/tour/badagry-weekend-package-189k?lokasie=%2Fusr%2Fshare%2Fman%2Fman3%2FBN_get_rfc2409_prime_768.3ssl.gz&loknya=%2Fusr%2Fshare%2Fman%2Fman3 HTTP/1.1" 200 1770 "-" "Mozilla/5.0 AppleWebKit/537.36 (KHTML, like Gecko; compatible; ClaudeBot/1.0; +claudebot@anthropic.com)"
3.142.131.103 - - [16/Jan/2025:20:59:19 -0500] "GET /public/tour/badagry-weekend-package-189k?lokasie=%2Fusr%2Fshare%2Fman%2Fman3%2Flwres_gnbaresponse_free.3.gz&loknya=%2Fusr%2Fshare%2Fman%2Fman3 HTTP/1.1" 200 1764 "-" "Mozilla/5.0 AppleWebKit/537.36 (KHTML, like Gecko; compatible; ClaudeBot/1.0; +claudebot@anthropic.com)"
3.133.152.151 - - [16/Jan/2025:20:59:19 -0500] "GET /public/tour/badagry-weekend-package-189k?lokasie=%2Fusr%2Fshare%2Fman%2Fman3%2FPEM_write_SSL_SESSION.3ssl.gz&loknya=%2Fusr%2Fshare%2Fman%2Fman3 HTTP/1.1" 200 12012 "-" "Mozilla/5.0 AppleWebKit/537.36 (KHTML, like Gecko; compatible; ClaudeBot/1.0; +claudebot@anthropic.com)"
3.131.37.82 - - [16/Jan/2025:20:59:19 -0500] "GET /public/car/ford-fusion?lokasie=%2Fusr%2Fshare%2Fman%2Fman3%2FSSL_CTX_set_psk_server_callback.3ssl.gz&loknya=%2Fusr%2Fshare%2Fman%2Fman3 HTTP/1.1" 200 1772 "-" "Mozilla/5.0 AppleWebKit/537.36 (KHTML, like Gecko; compatible; ClaudeBot/1.0; +claudebot@anthropic.com)"
114.119.156.17 - - [16/Jan/2025:20:59:21 -0500] "GET /www/rex/?loknya=/var/softaculous/fcms HTTP/1.1" 200 3210 "https://www.book24.ng/www/rex/?loknya=/var/softaculous/fcms" "Mozilla/5.0 (Linux; Android 7.0;) AppleWebKit/537.36 (KHTML, like Gecko) Mobile Safari/537.36 (compatible; PetalBot;+https://webmaster.petalsearch.com/site/petalbot)"
18.227.134.165 - - [16/Jan/2025:20:59:20 -0500] "GET /public/tour/badagry-weekend-package-189k?lokasie=%2Fusr%2Fshare%2Fman%2Fman3%2Fi2d_TS_REQ_bio.3ssl.gz&loknya=%2Fusr%2Fshare%2Fman%2Fman3 HTTP/1.1" 200 1767 "-" "Mozilla/5.0 AppleWebKit/537.36 (KHTML, like Gecko; compatible; ClaudeBot/1.0; +claudebot@anthropic.com)"
3.138.134.149 - - [16/Jan/2025:20:59:20 -0500] "GET /public/tour/badagry-weekend-package-189k?lokasie=%2Fusr%2Fshare%2Fman%2Fman3%2FNETSCAPE_CERT_SEQUENCE_new.3ssl.gz&loknya=%2Fusr%2Fshare%2Fman%2Fman3 HTTP/1.1" 200 1782 "-" "Mozilla/5.0 AppleWebKit/537.36 (KHTML, like Gecko; compatible; ClaudeBot/1.0; +claudebot@anthropic.com)"
3.15.218.44 - - [16/Jan/2025:20:59:20 -0500] "GET /public/car/ford-fusion?lokasie=%2Fusr%2Fshare%2Fman%2Fman3%2FPod%3A%3ASimple%3A%3ATextContent.3pm.gz&loknya=%2Fusr%2Fshare%2Fman%2Fman3 HTTP/1.1" 200 1766 "-" "Mozilla/5.0 AppleWebKit/537.36 (KHTML, like Gecko; compatible; ClaudeBot/1.0; +claudebot@anthropic.com)"
18.117.156.153 - - [16/Jan/2025:20:59:20 -0500] "GET /public/tour/badagry-weekend-package-189k?lokasie=%2Fusr%2Fshare%2Fman%2Fman3%2FCMS_RecipientInfo_ktri_cert_cmp.3ssl.gz&loknya=%2Fusr%2Fshare%2Fman%2Fman3 HTTP/1.1" 200 1778 "-" "Mozilla/5.0 AppleWebKit/537.36 (KHTML, like Gecko; compatible; ClaudeBot/1.0; +claudebot@anthropic.com)"
18.191.174.4 - - [16/Jan/2025:20:59:20 -0500] "GET /public/car/ford-fusion?lokasie=%2Fusr%2Fshare%2Fman%2Fman3%2FOCSP_request_onereq_count.3ssl.gz&loknya=%2Fusr%2Fshare%2Fman%2Fman3 HTTP/1.1" 200 1768 "-" "Mozilla/5.0 AppleWebKit/537.36 (KHTML, like Gecko; compatible; ClaudeBot/1.0; +claudebot@anthropic.com)"
3.23.101.241 - - [16/Jan/2025:20:59:21 -0500] "GET /public/car/ford-fusion?lokasie=%2Fusr%2Fshare%2Fman%2Fman3%2Fxcb_xkb_compat_map_notify_event_t.3.gz&loknya=%2Fusr%2Fshare%2Fman%2Fman3 HTTP/1.1" 200 1770 "-" "Mozilla/5.0 AppleWebKit/537.36 (KHTML, like Gecko; compatible; ClaudeBot/1.0; +claudebot@anthropic.com)"
3.145.105.199 - - [16/Jan/2025:20:59:21 -0500] "GET /public/car/ford-fusion?lokasie=%2Fusr%2Fshare%2Fman%2Fman3%2FASN1_STRING_data.3ssl.gz&loknya=%2Fusr%2Fshare%2Fman%2Fman3 HTTP/1.1" 200 1768 "-" "Mozilla/5.0 AppleWebKit/537.36 (KHTML, like Gecko; compatible; ClaudeBot/1.0; +claudebot@anthropic.com)"
3.145.99.240 - - [16/Jan/2025:20:59:21 -0500] "GET /public/car/ford-fusion?lokasie=%2Fusr%2Fshare%2Fman%2Fman3%2FCRYPTO_secure_malloc_initialized.3ssl.gz&loknya=%2Fusr%2Fshare%2Fman%2Fman3 HTTP/1.1" 200 1773 "-" "Mozilla/5.0 AppleWebKit/537.36 (KHTML, like Gecko; compatible; ClaudeBot/1.0; +claudebot@anthropic.com)"
3.138.178.162 - - [16/Jan/2025:20:59:21 -0500] "GET /public/car/ford-fusion?lokasie=%2Fusr%2Flib%2F.build-id%2Ff7%2F47cb1771a0c5f0a699289af87f59d9a9b73c78&loknya=%2Fusr%2Flib%2F.build-id%2Ff7 HTTP/1.1" 200 1783 "-" "Mozilla/5.0 AppleWebKit/537.36 (KHTML, like Gecko; compatible; ClaudeBot/1.0; +claudebot@anthropic.com)"
3.131.37.82 - - [16/Jan/2025:20:59:22 -0500] "GET /public/tour/badagry-weekend-package-189k?lokasie=%2Fusr%2Flib64%2Ftraceevent%2Fplugins%2Fplugin_tlb.so&loknya=%2Fusr%2Flib64%2Ftraceevent%2Fplugins HTTP/1.1" 200 1758 "-" "Mozilla/5.0 AppleWebKit/537.36 (KHTML, like Gecko; compatible; ClaudeBot/1.0; +claudebot@anthropic.com)"
3.142.131.103 - - [16/Jan/2025:20:59:22 -0500] "GET /public/tour/badagry-weekend-package-189k?lokasie=%2Fusr%2Fshare%2Fman%2Fman3%2FRSA_OAEP_PARAMS_free.3ssl.gz&loknya=%2Fusr%2Fshare%2Fman%2Fman3 HTTP/1.1" 200 1772 "-" "Mozilla/5.0 AppleWebKit/537.36 (KHTML, like Gecko; compatible; ClaudeBot/1.0; +claudebot@anthropic.com)"
18.118.32.6 - - [16/Jan/2025:20:59:22 -0500] "GET /public/tour/badagry-weekend-package-189k?lokasie=%2Fusr%2Fshare%2Fman%2Fman3%2FX509_REQ_get_X509_PUBKEY.3ssl.gz&loknya=%2Fusr%2Fshare%2Fman%2Fman3 HTTP/1.1" 200 1772 "-" "Mozilla/5.0 AppleWebKit/537.36 (KHTML, like Gecko; compatible; ClaudeBot/1.0; +claudebot@anthropic.com)"
3.145.99.240 - - [16/Jan/2025:20:59:24 -0500] "GET /public/car/ford-fusion?lokasie=%2Fusr%2Fshare%2Fman%2Fman3%2Fxcb_randr_get_provider_property_data.3.gz&loknya=%2Fusr%2Fshare%2Fman%2Fman3 HTTP/1.1" 200 1504 "-" "Mozilla/5.0 AppleWebKit/537.36 (KHTML, like Gecko; compatible; ClaudeBot/1.0; +claudebot@anthropic.com)"
3.133.152.151 - - [16/Jan/2025:20:59:22 -0500] "GET /public/tour/badagry-weekend-package-189k?lokasie=%2Fusr%2Fshare%2Fman%2Fman3%2FCURLOPT_SSL_VERIFYSTATUS.3.gz&loknya=%2Fusr%2Fshare%2Fman%2Fman3 HTTP/1.1" 200 1777 "-" "Mozilla/5.0 AppleWebKit/537.36 (KHTML, like Gecko; compatible; ClaudeBot/1.0; +claudebot@anthropic.com)"
18.227.134.165 - - [16/Jan/2025:20:59:23 -0500] "GET /public/tour/badagry-weekend-package-189k?lokasie=%2Fusr%2Fshare%2Fman%2Fman3%2FOSSL_STORE_eof_fn.3ssl.gz&loknya=%2Fusr%2Fshare%2Fman%2Fman3 HTTP/1.1" 200 1771 "-" "Mozilla/5.0 AppleWebKit/537.36 (KHTML, like Gecko; compatible; ClaudeBot/1.0; +claudebot@anthropic.com)"
3.138.134.149 - - [16/Jan/2025:20:59:23 -0500] "GET /public/tour/badagry-weekend-package-189k?lokasie=%2Fusr%2Fshare%2Fman%2Fman3%2Fxcb_glx_get_pixel_mapuiv_data.3.gz&loknya=%2Fusr%2Fshare%2Fman%2Fman3 HTTP/1.1" 200 1774 "-" "Mozilla/5.0 AppleWebKit/537.36 (KHTML, like Gecko; compatible; ClaudeBot/1.0; +claudebot@anthropic.com)"
3.15.218.44 - - [16/Jan/2025:20:59:23 -0500] "GET /public/car/ford-fusion?lokasie=%2Fusr%2Fshare%2Fman%2Fman3%2FArchive%3A%3AZip%3A%3AMemberRead.3pm.gz&loknya=%2Fusr%2Fshare%2Fman%2Fman3 HTTP/1.1" 200 1767 "-" "Mozilla/5.0 AppleWebKit/537.36 (KHTML, like Gecko; compatible; ClaudeBot/1.0; +claudebot@anthropic.com)"
3.145.105.199 - - [16/Jan/2025:20:59:23 -0500] "GET /public/car/ford-fusion?lokasie=%2Fusr%2Fshare%2Fman%2Fman3%2FOCSP_cert_id_new.3ssl.gz&loknya=%2Fusr%2Fshare%2Fman%2Fman3 HTTP/1.1" 200 1767 "-" "Mozilla/5.0 AppleWebKit/537.36 (KHTML, like Gecko; compatible; ClaudeBot/1.0; +claudebot@anthropic.com)"
18.191.174.4 - - [16/Jan/2025:20:59:23 -0500] "GET /public/car/ford-fusion?lokasie=%2Fusr%2Fshare%2Fman%2Fman3%2Fxcb_glx_get_tex_image_unchecked.3.gz&loknya=%2Fusr%2Fshare%2Fman%2Fman3 HTTP/1.1" 200 1768 "-" "Mozilla/5.0 AppleWebKit/537.36 (KHTML, like Gecko; compatible; ClaudeBot/1.0; +claudebot@anthropic.com)"
3.23.101.241 - - [16/Jan/2025:20:59:24 -0500] "GET /public/car/ford-fusion?lokasie=%2Fusr%2Flib%2F.build-id%2Fb9%2F32cfc4fa3e51774b92fbe7128ddf0326d34561&loknya=%2Fusr%2Flib%2F.build-id%2Fb9 HTTP/1.1" 200 1779 "-" "Mozilla/5.0 AppleWebKit/537.36 (KHTML, like Gecko; compatible; ClaudeBot/1.0; +claudebot@anthropic.com)"
18.188.245.104 - - [16/Jan/2025:20:59:24 -0500] "GET /public/tour/badagry-weekend-package-189k?lokasie=%2Fusr%2Fshare%2Fman%2Fman3%2FCURLINFO_TLS_SSL_PTR.3.gz&loknya=%2Fusr%2Fshare%2Fman%2Fman3 HTTP/1.1" 200 1775 "-" "Mozilla/5.0 AppleWebKit/537.36 (KHTML, like Gecko; compatible; ClaudeBot/1.0; +claudebot@anthropic.com)"
3.142.131.103 - - [16/Jan/2025:20:59:25 -0500] "GET /public/tour/badagry-weekend-package-189k?lokasie=%2Fusr%2Fshare%2Fman%2Fman3%2FBIO_meth_get_destroy.3ssl.gz&loknya=%2Fusr%2Fshare%2Fman%2Fman3 HTTP/1.1" 200 1769 "-" "Mozilla/5.0 AppleWebKit/537.36 (KHTML, like Gecko; compatible; ClaudeBot/1.0; +claudebot@anthropic.com)"
18.224.64.51 - - [16/Jan/2025:20:59:25 -0500] "GET /public/car/ford-fusion?lokasie=%2Fusr%2Fshare%2Fman%2Fman3%2Fntp_gettimex.3.gz&loknya=%2Fusr%2Fshare%2Fman%2Fman3 HTTP/1.1" 200 1755 "-" "Mozilla/5.0 AppleWebKit/537.36 (KHTML, like Gecko; compatible; ClaudeBot/1.0; +claudebot@anthropic.com)"
3.145.99.240 - - [16/Jan/2025:20:59:25 -0500] "GET /public/car/ford-fusion?lokasie=%2Fusr%2Fshare%2Fman%2Fman3%2FSoftware%3A%3ALicense%3A%3AFreeBSD.3pm.gz&loknya=%2Fusr%2Fshare%2Fman%2Fman3 HTTP/1.1" 200 1766 "-" "Mozilla/5.0 AppleWebKit/537.36 (KHTML, like Gecko; compatible; ClaudeBot/1.0; +claudebot@anthropic.com)"
40.77.167.152 - - [16/Jan/2025:20:59:28 -0500] "GET /?okadq/p1877659.html HTTP/1.1" 200 76849 "-" "Mozilla/5.0 AppleWebKit/537.36 (KHTML, like Gecko; compatible; bingbot/2.0; +http://www.bing.com/bingbot.htm) Chrome/116.0.1938.76 Safari/537.36"
18.118.32.6 - - [16/Jan/2025:20:59:26 -0500] "GET /public/tour/badagry-weekend-package-189k?lokasie=%2Fusr%2Fshare%2Fman%2Fman3%2FCRYPTO_secure_malloc_init.3ssl.gz&loknya=%2Fusr%2Fshare%2Fman%2Fman3 HTTP/1.1" 200 1770 "-" "Mozilla/5.0 AppleWebKit/537.36 (KHTML, like Gecko; compatible; ClaudeBot/1.0; +claudebot@anthropic.com)"
3.133.152.151 - - [16/Jan/2025:20:59:26 -0500] "GET /public/tour/badagry-weekend-package-189k?lokasie=%2Fusr%2Fshare%2Fman%2Fman3%2FBN_is_prime_fasttest_ex.3ssl.gz&loknya=%2Fusr%2Fshare%2Fman%2Fman3 HTTP/1.1" 200 1771 "-" "Mozilla/5.0 AppleWebKit/537.36 (KHTML, like Gecko; compatible; ClaudeBot/1.0; +claudebot@anthropic.com)"
3.138.134.149 - - [16/Jan/2025:20:59:26 -0500] "GET /public/tour/badagry-weekend-package-189k?lokasie=%2Fusr%2Fshare%2Fman%2Fman3%2FSSL_CTX_set_client_cert_cb.3ssl.gz&loknya=%2Fusr%2Fshare%2Fman%2Fman3 HTTP/1.1" 200 1774 "-" "Mozilla/5.0 AppleWebKit/537.36 (KHTML, like Gecko; compatible; ClaudeBot/1.0; +claudebot@anthropic.com)"
3.145.105.199 - - [16/Jan/2025:20:59:26 -0500] "GET /public/car/ford-fusion?lokasie=%2Fusr%2Fshare%2Fman%2Fman3%2Fxcb_dpms_info_reply.3.gz&loknya=%2Fusr%2Fshare%2Fman%2Fman3 HTTP/1.1" 200 1766 "-" "Mozilla/5.0 AppleWebKit/537.36 (KHTML, like Gecko; compatible; ClaudeBot/1.0; +claudebot@anthropic.com)"
3.15.218.44 - - [16/Jan/2025:20:59:26 -0500] "GET /public/car/ford-fusion?lokasie=%2Fusr%2Fshare%2Fman%2Fman3%2FIO%3A%3ASocket%3A%3ASSL%3A%3AUtils.3pm.gz&loknya=%2Fusr%2Fshare%2Fman%2Fman3 HTTP/1.1" 200 1768 "-" "Mozilla/5.0 AppleWebKit/537.36 (KHTML, like Gecko; compatible; ClaudeBot/1.0; +claudebot@anthropic.com)"
18.191.174.4 - - [16/Jan/2025:20:59:26 -0500] "GET /public/car/ford-fusion?lokasie=%2Fusr%2Fshare%2Fman%2Fman3%2Fxcb_xc_misc_get_xid_range_reply.3.gz&loknya=%2Fusr%2Fshare%2Fman%2Fman3 HTTP/1.1" 200 1770 "-" "Mozilla/5.0 AppleWebKit/537.36 (KHTML, like Gecko; compatible; ClaudeBot/1.0; +claudebot@anthropic.com)"
3.23.101.241 - - [16/Jan/2025:20:59:27 -0500] "GET /public/index.php/login?lokasie=%2Fproc%2Fself%2Froot%2Fopt%2Falt%2Fruby31%2Finclude%2Fruby%2F%2Fregex.h&loknya=%2Fproc%2Fself%2Froot%2Fopt%2Falt%2Fruby31%2Finclude%2Fruby%2F HTTP/1.1" 200 2303 "-" "Mozilla/5.0 AppleWebKit/537.36 (KHTML, like Gecko; compatible; ClaudeBot/1.0; +claudebot@anthropic.com)"
217.113.194.167 - - [16/Jan/2025:20:59:29 -0500] "GET /tour?amp%3Bpage=2&amp%3Bamp%3Bamp%3Bamp%3Bamp%3Bamp%3Bamp%3Borderby=price_low_high&amp%3Bamp%3Bamp%3Bamp%3Bamp%3Bamp%3Borderby=rate_high_low&amp%3Bamp%3Bamp%3Bamp%3Borderby=rate_high_low&amp%3Bamp%3Bamp%3Borderby=price_low_high&amp%3Bamp%3Borderby=price_low_high&amp%3Borderby=price_high_low&orderby=price_high_low HTTP/1.1" 403 0 "-" "Mozilla/5.0 (compatible; Barkrowler/0.9; +https://babbar.tech/crawler)"
3.149.214.28 - - [16/Jan/2025:20:59:27 -0500] "GET /public/car/ford-fusion?loknya=%2Fproc%2Fsys%2Fkernel%2Fsched_domain%2Fcpu22 HTTP/1.1" 200 2143 "-" "Mozilla/5.0 AppleWebKit/537.36 (KHTML, like Gecko; compatible; ClaudeBot/1.0; +claudebot@anthropic.com)"
18.188.245.104 - - [16/Jan/2025:20:59:27 -0500] "GET /public/tour/badagry-weekend-package-189k?lokasie=%2Fusr%2Fshare%2Fman%2Fman3%2Fxcb_glx_create_window.3.gz&loknya=%2Fusr%2Fshare%2Fman%2Fman3 HTTP/1.1" 200 1765 "-" "Mozilla/5.0 AppleWebKit/537.36 (KHTML, like Gecko; compatible; ClaudeBot/1.0; +claudebot@anthropic.com)"
18.226.98.244 - - [16/Jan/2025:20:59:28 -0500] "GET /public/tour/badagry-weekend-package-189k?lokasie=%2Fusr%2Fshare%2Fman%2Fman3%2Fmysql_server_init.3.gz&loknya=%2Fusr%2Fshare%2Fman%2Fman3 HTTP/1.1" 200 1763 "-" "Mozilla/5.0 AppleWebKit/537.36 (KHTML, like Gecko; compatible; ClaudeBot/1.0; +claudebot@anthropic.com)"
18.224.64.51 - - [16/Jan/2025:20:59:28 -0500] "GET /public/car/ford-fusion?lokasie=%2Fusr%2Fshare%2Fman%2Fman3%2Fcurs_ins_wstr.3x.gz&loknya=%2Fusr%2Fshare%2Fman%2Fman3 HTTP/1.1" 200 1758 "-" "Mozilla/5.0 AppleWebKit/537.36 (KHTML, like Gecko; compatible; ClaudeBot/1.0; +claudebot@anthropic.com)"
3.142.131.103 - - [16/Jan/2025:20:59:28 -0500] "GET /public/tour/badagry-weekend-package-189k?lokasie=%2Fusr%2Fshare%2Fman%2Fman3%2Fxcb_glx_render_mode_data.3.gz&loknya=%2Fusr%2Fshare%2Fman%2Fman3 HTTP/1.1" 200 1768 "-" "Mozilla/5.0 AppleWebKit/537.36 (KHTML, like Gecko; compatible; ClaudeBot/1.0; +claudebot@anthropic.com)"
3.145.99.240 - - [16/Jan/2025:20:59:28 -0500] "GET /public/car/ford-fusion?lokasie=%2Fusr%2Fshare%2Fman%2Fman3%2FTest%3A%3ATester%3A%3ACaptureRunner.3pm.gz&loknya=%2Fusr%2Fshare%2Fman%2Fman3 HTTP/1.1" 200 1770 "-" "Mozilla/5.0 AppleWebKit/537.36 (KHTML, like Gecko; compatible; ClaudeBot/1.0; +claudebot@anthropic.com)"
18.118.32.6 - - [16/Jan/2025:20:59:29 -0500] "GET /public/tour/badagry-weekend-package-189k?lokasie=%2Fusr%2Fshare%2Fman%2Fman3%2FRAND_DRBG_set_reseed_interval.3ssl.gz&loknya=%2Fusr%2Fshare%2Fman%2Fman3 HTTP/1.1" 200 1772 "-" "Mozilla/5.0 AppleWebKit/537.36 (KHTML, like Gecko; compatible; ClaudeBot/1.0; +claudebot@anthropic.com)"
3.138.134.149 - - [16/Jan/2025:20:59:29 -0500] "GET /public/tour/badagry-weekend-package-189k?lokasie=%2Fusr%2Fshare%2Fman%2Fman3%2FSSL_CTX_sess_set_cache_size.3ssl.gz&loknya=%2Fusr%2Fshare%2Fman%2Fman3 HTTP/1.1" 200 1776 "-" "Mozilla/5.0 AppleWebKit/537.36 (KHTML, like Gecko; compatible; ClaudeBot/1.0; +claudebot@anthropic.com)"
3.15.218.44 - - [16/Jan/2025:20:59:29 -0500] "GET /public/index.php/images/ico_close.svg?lokasie=%2Fhome%2Fwavevlvu%2Fwavestudioz.com%2Fwp-content%2Fplugins%2Fwordfence%2F%2Freadme.txt&loknya=%2Fhome%2Fwavevlvu%2Fwavestudioz.com%2Fwp-content%2Fplugins%2Fwordfence%2F HTTP/1.1" 200 2116 "-" "Mozilla/5.0 AppleWebKit/537.36 (KHTML, like Gecko; compatible; ClaudeBot/1.0; +claudebot@anthropic.com)"
3.145.105.199 - - [16/Jan/2025:20:59:29 -0500] "GET /public/car/ford-fusion?lokasie=%2Fusr%2Fshare%2Fman%2Fman3%2FCURLOPT_TRANSFERTEXT.3.gz&loknya=%2Fusr%2Fshare%2Fman%2Fman3 HTTP/1.1" 200 1774 "-" "Mozilla/5.0 AppleWebKit/537.36 (KHTML, like Gecko; compatible; ClaudeBot/1.0; +claudebot@anthropic.com)"
18.191.174.4 - - [16/Jan/2025:20:59:29 -0500] "GET /public/car/ford-fusion?lokasie=%2Fusr%2Fshare%2Fman%2Fman3%2Fxcb_dri2_connect_driver_name_end.3.gz&loknya=%2Fusr%2Fshare%2Fman%2Fman3 HTTP/1.1" 200 1768 "-" "Mozilla/5.0 AppleWebKit/537.36 (KHTML, like Gecko; compatible; ClaudeBot/1.0; +claudebot@anthropic.com)"
18.222.182.195 - - [16/Jan/2025:20:59:30 -0500] "GET /public/tour/badagry-weekend-package-189k?lokasie=%2Fusr%2Fshare%2Fman%2Fman3%2Fxcb_glx_get_minmax_parameterfv.3.gz&loknya=%2Fusr%2Fshare%2Fman%2Fman3 HTTP/1.1" 200 1772 "-" "Mozilla/5.0 AppleWebKit/537.36 (KHTML, like Gecko; compatible; ClaudeBot/1.0; +claudebot@anthropic.com)"
18.188.245.104 - - [16/Jan/2025:20:59:30 -0500] "GET /public/tour/badagry-weekend-package-189k?lokasie=%2Fusr%2Fshare%2Fman%2Fman3%2FXScreenNumberOfScreen.3.gz&loknya=%2Fusr%2Fshare%2Fman%2Fman3 HTTP/1.1" 200 1766 "-" "Mozilla/5.0 AppleWebKit/537.36 (KHTML, like Gecko; compatible; ClaudeBot/1.0; +claudebot@anthropic.com)"
3.145.62.46 - - [16/Jan/2025:20:59:30 -0500] "GET /public/tour/badagry-weekend-package-189k?lokasie=%2Fusr%2Fshare%2Fman%2Fman3%2FUI_get0_result.3ssl.gz&loknya=%2Fusr%2Fshare%2Fman%2Fman3 HTTP/1.1" 200 1762 "-" "Mozilla/5.0 AppleWebKit/537.36 (KHTML, like Gecko; compatible; ClaudeBot/1.0; +claudebot@anthropic.com)"
18.226.98.244 - - [16/Jan/2025:20:59:30 -0500] "GET /public/tour/badagry-weekend-package-189k?lokasie=%2Fusr%2Fshare%2Fman%2Fman3%2FLIST_INSERT_AFTER.3.gz&loknya=%2Fusr%2Fshare%2Fman%2Fman3 HTTP/1.1" 200 1769 "-" "Mozilla/5.0 AppleWebKit/537.36 (KHTML, like Gecko; compatible; ClaudeBot/1.0; +claudebot@anthropic.com)"
18.224.64.51 - - [16/Jan/2025:20:59:31 -0500] "GET /public/car/ford-fusion?lokasie=%2Fusr%2Fshare%2Fman%2Fman3%2Fauthunix_create.3.gz&loknya=%2Fusr%2Fshare%2Fman%2Fman3 HTTP/1.1" 200 1757 "-" "Mozilla/5.0 AppleWebKit/537.36 (KHTML, like Gecko; compatible; ClaudeBot/1.0; +claudebot@anthropic.com)"
3.142.131.103 - - [16/Jan/2025:20:59:31 -0500] "GET /public/tour/badagry-weekend-package-189k?lokasie=%2Fusr%2Fshare%2Fman%2Fman3%2FSSL_psk_server_cb_func.3ssl.gz&loknya=%2Fusr%2Fshare%2Fman%2Fman3 HTTP/1.1" 200 1769 "-" "Mozilla/5.0 AppleWebKit/537.36 (KHTML, like Gecko; compatible; ClaudeBot/1.0; +claudebot@anthropic.com)"
3.140.198.3 - - [16/Jan/2025:20:59:31 -0500] "GET /public/index.php/login?lokasie=%2Fproc%2Fself%2Froot%2Fhome%2Fwavevlvu%2Flscache%2F9%2Fb%2Ff%2F9bfb0854e0c3d6ce&loknya=%2Fproc%2Fself%2Froot%2Fhome%2Fwavevlvu%2Flscache%2F9%2Fb%2Ff HTTP/1.1" 200 1800 "-" "Mozilla/5.0 AppleWebKit/537.36 (KHTML, like Gecko; compatible; ClaudeBot/1.0; +claudebot@anthropic.com)"
18.118.32.6 - - [16/Jan/2025:20:59:32 -0500] "GET /public/tour/badagry-weekend-package-189k?lokasie=%2Fusr%2Fshare%2Fman%2Fman3%2Fmariadb_dyncol_update_many_named.3.gz&loknya=%2Fusr%2Fshare%2Fman%2Fman3 HTTP/1.1" 200 1772 "-" "Mozilla/5.0 AppleWebKit/537.36 (KHTML, like Gecko; compatible; ClaudeBot/1.0; +claudebot@anthropic.com)"
3.138.134.149 - - [16/Jan/2025:20:59:32 -0500] "GET /public/tour/badagry-weekend-package-189k?lokasie=%2Fusr%2Fshare%2Fman%2Fman3%2Fxcb_render_create_radial_gradient_checked.3.gz&loknya=%2Fusr%2Fshare%2Fman%2Fman3 HTTP/1.1" 200 1777 "-" "Mozilla/5.0 AppleWebKit/537.36 (KHTML, like Gecko; compatible; ClaudeBot/1.0; +claudebot@anthropic.com)"
3.145.105.199 - - [16/Jan/2025:20:59:32 -0500] "GET /public/car/ford-fusion?lokasie=%2Fusr%2Fshare%2Fman%2Fman3%2FPackage%3A%3AReaper.3pm.gz&loknya=%2Fusr%2Fshare%2Fman%2Fman3 HTTP/1.1" 200 1764 "-" "Mozilla/5.0 AppleWebKit/537.36 (KHTML, like Gecko; compatible; ClaudeBot/1.0; +claudebot@anthropic.com)"
216.244.66.237 - - [16/Jan/2025:20:59:32 -0500] "GET /public/index.php?loknya=/proc/irq/5 HTTP/1.1" 200 15179 "-" "Mozilla/5.0 (compatible; DotBot/1.2; +https://opensiteexplorer.org/dotbot; help@moz.com)"
3.137.186.186 - - [16/Jan/2025:20:59:32 -0500] "GET /public/tour/badagry-weekend-package-189k?lokasie=%2Fusr%2Fshare%2Fman%2Fman3%2FFcConfigGetConfigDirs.3.gz&loknya=%2Fusr%2Fshare%2Fman%2Fman3 HTTP/1.1" 200 1765 "-" "Mozilla/5.0 AppleWebKit/537.36 (KHTML, like Gecko; compatible; ClaudeBot/1.0; +claudebot@anthropic.com)"
18.191.174.4 - - [16/Jan/2025:20:59:32 -0500] "GET /public/car/ford-fusion?lokasie=%2Fusr%2Fshare%2Fman%2Fman3%2FSoftware%3A%3ALicense%3A%3AQPL_1_0.3pm.gz&loknya=%2Fusr%2Fshare%2Fman%2Fman3 HTTP/1.1" 200 1766 "-" "Mozilla/5.0 AppleWebKit/537.36 (KHTML, like Gecko; compatible; ClaudeBot/1.0; +claudebot@anthropic.com)"
18.222.182.195 - - [16/Jan/2025:20:59:33 -0500] "GET /public/tour/badagry-weekend-package-189k?lokasie=%2Fusr%2Fshare%2Fman%2Fman8%2Fsystemd-hibernate-resume-generator.8.gz&loknya=%2Fusr%2Fshare%2Fman%2Fman8 HTTP/1.1" 200 1774 "-" "Mozilla/5.0 AppleWebKit/537.36 (KHTML, like Gecko; compatible; ClaudeBot/1.0; +claudebot@anthropic.com)"
3.145.62.46 - - [16/Jan/2025:20:59:33 -0500] "GET /public/tour/badagry-weekend-package-189k?lokasie=%2Fusr%2Fshare%2Fman%2Fman3%2Ftep_find_function.3.gz&loknya=%2Fusr%2Fshare%2Fman%2Fman3 HTTP/1.1" 200 1759 "-" "Mozilla/5.0 AppleWebKit/537.36 (KHTML, like Gecko; compatible; ClaudeBot/1.0; +claudebot@anthropic.com)"
18.188.245.104 - - [16/Jan/2025:20:59:33 -0500] "GET /public/tour/badagry-weekend-package-189k?lokasie=%2Fusr%2Fshare%2Fman%2Fman3%2Fxcb_xfixes_hide_cursor.3.gz&loknya=%2Fusr%2Fshare%2Fman%2Fman3 HTTP/1.1" 200 1767 "-" "Mozilla/5.0 AppleWebKit/537.36 (KHTML, like Gecko; compatible; ClaudeBot/1.0; +claudebot@anthropic.com)"
18.226.98.244 - - [16/Jan/2025:20:59:33 -0500] "GET /public/tour/badagry-weekend-package-189k?lokasie=%2Fusr%2Fshare%2Fman%2Fman3%2Fcurl_mime_filename.3.gz&loknya=%2Fusr%2Fshare%2Fman%2Fman3 HTTP/1.1" 200 1763 "-" "Mozilla/5.0 AppleWebKit/537.36 (KHTML, like Gecko; compatible; ClaudeBot/1.0; +claudebot@anthropic.com)"
18.224.64.51 - - [16/Jan/2025:20:59:34 -0500] "GET /public/car/ford-fusion?lokasie=%2Fusr%2Fshare%2Fman%2Fman3%2Fd2i_PBEPARAM.3ssl.gz&loknya=%2Fusr%2Fshare%2Fman%2Fman3 HTTP/1.1" 200 1761 "-" "Mozilla/5.0 AppleWebKit/537.36 (KHTML, like Gecko; compatible; ClaudeBot/1.0; +claudebot@anthropic.com)"
3.142.131.103 - - [16/Jan/2025:20:59:34 -0500] "GET /public/tour/badagry-weekend-package-189k?lokasie=%2Fusr%2Fshare%2Fman%2Fman3%2FIMPLEMENT_LHASH_COMP_FN.3ssl.gz&loknya=%2Fusr%2Fshare%2Fman%2Fman3 HTTP/1.1" 200 1778 "-" "Mozilla/5.0 AppleWebKit/537.36 (KHTML, like Gecko; compatible; ClaudeBot/1.0; +claudebot@anthropic.com)"
3.135.247.237 - - [16/Jan/2025:20:59:34 -0500] "GET /public/car/ford-fusion?lokasie=%2Fusr%2Fshare%2Fman%2Fman3%2FEC_GROUP_method_of.3ssl.gz&loknya=%2Fusr%2Fshare%2Fman%2Fman3 HTTP/1.1" 200 1768 "-" "Mozilla/5.0 AppleWebKit/537.36 (KHTML, like Gecko; compatible; ClaudeBot/1.0; +claudebot@anthropic.com)"
18.118.32.6 - - [16/Jan/2025:20:59:35 -0500] "GET /public/tour/badagry-weekend-package-189k?lokasie=%2Fusr%2Fshare%2Fman%2Fman3%2Fxcb_randr_get_screen_info_unchecked.3.gz&loknya=%2Fusr%2Fshare%2Fman%2Fman3 HTTP/1.1" 200 1770 "-" "Mozilla/5.0 AppleWebKit/537.36 (KHTML, like Gecko; compatible; ClaudeBot/1.0; +claudebot@anthropic.com)"
3.137.186.186 - - [16/Jan/2025:20:59:35 -0500] "GET /public/tour/badagry-weekend-package-189k?lokasie=%2Fusr%2Fshare%2Fman%2Fman3%2FCRYPTO_secure_used.3ssl.gz&loknya=%2Fusr%2Fshare%2Fman%2Fman3 HTTP/1.1" 200 1768 "-" "Mozilla/5.0 AppleWebKit/537.36 (KHTML, like Gecko; compatible; ClaudeBot/1.0; +claudebot@anthropic.com)"
3.138.134.149 - - [16/Jan/2025:20:59:35 -0500] "GET /public/tour/badagry-weekend-package-189k?lokasie=%2Fusr%2Fshare%2Fman%2Fman3%2Fxcb_xvmc_create_subpicture_priv_data_length.3.gz&loknya=%2Fusr%2Fshare%2Fman%2Fman3 HTTP/1.1" 200 1780 "-" "Mozilla/5.0 AppleWebKit/537.36 (KHTML, like Gecko; compatible; ClaudeBot/1.0; +claudebot@anthropic.com)"
3.145.105.199 - - [16/Jan/2025:20:59:35 -0500] "GET /public/car/ford-fusion?lokasie=%2Fusr%2Fshare%2Fman%2Fman3%2Ftep_find_event_by_name.3.gz&loknya=%2Fusr%2Fshare%2Fman%2Fman3 HTTP/1.1" 200 1768 "-" "Mozilla/5.0 AppleWebKit/537.36 (KHTML, like Gecko; compatible; ClaudeBot/1.0; +claudebot@anthropic.com)"
18.222.182.195 - - [16/Jan/2025:20:59:36 -0500] "GET /public/tour/badagry-weekend-package-189k?lokasie=%2Fusr%2Fshare%2Fman%2Fman3%2FSSL_CTX_set_default_read_buffer_len.3ssl.gz&loknya=%2Fusr%2Fshare%2Fman%2Fman3 HTTP/1.1" 200 1780 "-" "Mozilla/5.0 AppleWebKit/537.36 (KHTML, like Gecko; compatible; ClaudeBot/1.0; +claudebot@anthropic.com)"
40.77.167.126 - - [16/Jan/2025:20:59:38 -0500] "GET /?kpggn/k2543618.html HTTP/1.1" 200 76912 "-" "Mozilla/5.0 AppleWebKit/537.36 (KHTML, like Gecko; compatible; bingbot/2.0; +http://www.bing.com/bingbot.htm) Chrome/116.0.1938.76 Safari/537.36"
18.188.245.104 - - [16/Jan/2025:20:59:36 -0500] "GET /public/tour/badagry-weekend-package-189k?lokasie=%2Fusr%2Fshare%2Fman%2Fman3%2Fpcre2_get_error_message.3.gz&loknya=%2Fusr%2Fshare%2Fman%2Fman3 HTTP/1.1" 200 1767 "-" "Mozilla/5.0 AppleWebKit/537.36 (KHTML, like Gecko; compatible; ClaudeBot/1.0; +claudebot@anthropic.com)"
18.226.98.244 - - [16/Jan/2025:20:59:36 -0500] "GET /public/tour/badagry-weekend-package-189k?lokasie=%2Fusr%2Fshare%2Fman%2Fman3%2Freset_prog_mode_sp.3x.gz&loknya=%2Fusr%2Fshare%2Fman%2Fman3 HTTP/1.1" 200 12002 "-" "Mozilla/5.0 AppleWebKit/537.36 (KHTML, like Gecko; compatible; ClaudeBot/1.0; +claudebot@anthropic.com)"
3.145.55.25 - - [16/Jan/2025:20:59:36 -0500] "GET /public/car/ford-fusion?lokasie=%2Fusr%2Fshare%2Fman%2Fman3%2FDBI%3A%3AProfileDumper.3pm.gz&loknya=%2Fusr%2Fshare%2Fman%2Fman3 HTTP/1.1" 200 1764 "-" "Mozilla/5.0 AppleWebKit/537.36 (KHTML, like Gecko; compatible; ClaudeBot/1.0; +claudebot@anthropic.com)"
18.224.64.51 - - [16/Jan/2025:20:59:37 -0500] "GET /public/car/ford-fusion?lokasie=%2Fusr%2Fshare%2Fman%2Fman3%2FText%3A%3ADiff.3pm.gz&loknya=%2Fusr%2Fshare%2Fman%2Fman3 HTTP/1.1" 200 1756 "-" "Mozilla/5.0 AppleWebKit/537.36 (KHTML, like Gecko; compatible; ClaudeBot/1.0; +claudebot@anthropic.com)"
3.142.131.103 - - [16/Jan/2025:20:59:37 -0500] "GET /public/tour/badagry-weekend-package-189k?lokasie=%2Fusr%2Fshare%2Fman%2Fman3%2FCURLOPT_FTP_RESPONSE_TIMEOUT.3.gz&loknya=%2Fusr%2Fshare%2Fman%2Fman3 HTTP/1.1" 200 1780 "-" "Mozilla/5.0 AppleWebKit/537.36 (KHTML, like Gecko; compatible; ClaudeBot/1.0; +claudebot@anthropic.com)"
217.113.194.165 - - [16/Jan/2025:20:59:39 -0500] "GET /tour?amp%3Bpage=2&amp%3Bamp%3Bamp%3Bamp%3Bamp%3Bamp%3Bamp%3Borderby=price_low_high&amp%3Bamp%3Bamp%3Bamp%3Bamp%3Bamp%3Borderby=rate_high_low&amp%3Bamp%3Bamp%3Bamp%3Borderby=rate_high_low&amp%3Bamp%3Bamp%3Borderby=price_low_high&amp%3Bamp%3Borderby=price_high_low&amp%3Borderby=price_high_low&set_currency=gbp HTTP/1.1" 403 0 "-" "Mozilla/5.0 (compatible; Barkrowler/0.9; +https://babbar.tech/crawler)"
3.135.247.237 - - [16/Jan/2025:20:59:37 -0500] "GET /public/car/ford-fusion?lokasie=%2Fusr%2Fshare%2Fman%2Fman3%2FRSA_meth_get_flags.3ssl.gz&loknya=%2Fusr%2Fshare%2Fman%2Fman3 HTTP/1.1" 200 1768 "-" "Mozilla/5.0 AppleWebKit/537.36 (KHTML, like Gecko; compatible; ClaudeBot/1.0; +claudebot@anthropic.com)"
3.145.59.167 - - [16/Jan/2025:20:59:38 -0500] "GET /public/tour/badagry-weekend-package-189k?lokasie=%2Fusr%2Flib64%2Fpython2.7%2Fsre_constants.pyc&loknya=%2Fusr%2Flib64%2Fpython2.7 HTTP/1.1" 200 1749 "-" "Mozilla/5.0 AppleWebKit/537.36 (KHTML, like Gecko; compatible; ClaudeBot/1.0; +claudebot@anthropic.com)"
3.137.186.186 - - [16/Jan/2025:20:59:38 -0500] "GET /public/tour/badagry-weekend-package-189k?lokasie=%2Fusr%2Fshare%2Fman%2Fman3%2FBN_mod_mul_montgomery.3ssl.gz&loknya=%2Fusr%2Fshare%2Fman%2Fman3 HTTP/1.1" 200 1770 "-" "Mozilla/5.0 AppleWebKit/537.36 (KHTML, like Gecko; compatible; ClaudeBot/1.0; +claudebot@anthropic.com)"
13.58.221.124 - - [16/Jan/2025:20:59:38 -0500] "GET /public/car/ford-fusion?lokasie=%2Fusr%2Fshare%2Fman%2Fman3%2FFile%3A%3AFind.3pm.gz&loknya=%2Fusr%2Fshare%2Fman%2Fman3 HTTP/1.1" 200 1755 "-" "Mozilla/5.0 AppleWebKit/537.36 (KHTML, like Gecko; compatible; ClaudeBot/1.0; +claudebot@anthropic.com)"
3.145.105.199 - - [16/Jan/2025:20:59:38 -0500] "GET /public/car/ford-fusion?lokasie=%2Fusr%2Fshare%2Fman%2Fman3%2Fxcb_xvmc_create_context.3.gz&loknya=%2Fusr%2Fshare%2Fman%2Fman3 HTTP/1.1" 200 1768 "-" "Mozilla/5.0 AppleWebKit/537.36 (KHTML, like Gecko; compatible; ClaudeBot/1.0; +claudebot@anthropic.com)"
18.222.182.195 - - [16/Jan/2025:20:59:39 -0500] "GET /public/tour/badagry-weekend-package-189k?lokasie=%2Fusr%2Fshare%2Ffonts%2Furw-base35%2FNimbusMonoPS-BoldItalic.afm&loknya=%2Fusr%2Fshare%2Ffonts%2Furw-base35 HTTP/1.1" 200 10778 "-" "Mozilla/5.0 AppleWebKit/537.36 (KHTML, like Gecko; compatible; ClaudeBot/1.0; +claudebot@anthropic.com)"
3.145.55.25 - - [16/Jan/2025:20:59:39 -0500] "GET /public/car/ford-fusion?lokasie=%2Fusr%2Fshare%2Fman%2Fman3%2Fxcb_x_print_print_get_context.3.gz&loknya=%2Fusr%2Fshare%2Fman%2Fman3 HTTP/1.1" 200 1766 "-" "Mozilla/5.0 AppleWebKit/537.36 (KHTML, like Gecko; compatible; ClaudeBot/1.0; +claudebot@anthropic.com)"
18.188.245.104 - - [16/Jan/2025:20:59:39 -0500] "GET /public/tour/badagry-weekend-package-189k?lokasie=%2Fusr%2Fshare%2Fman%2Fman3%2FBIO_should_io_special.3ssl.gz&loknya=%2Fusr%2Fshare%2Fman%2Fman3 HTTP/1.1" 200 1770 "-" "Mozilla/5.0 AppleWebKit/537.36 (KHTML, like Gecko; compatible; ClaudeBot/1.0; +claudebot@anthropic.com)"
18.226.98.244 - - [16/Jan/2025:20:59:39 -0500] "GET /public/tour/badagry-weekend-package-189k?lokasie=%2Fusr%2Fshare%2Fman%2Fman3%2FBN_security_bits.3ssl.gz&loknya=%2Fusr%2Fshare%2Fman%2Fman3 HTTP/1.1" 200 1762 "-" "Mozilla/5.0 AppleWebKit/537.36 (KHTML, like Gecko; compatible; ClaudeBot/1.0; +claudebot@anthropic.com)"
18.224.64.51 - - [16/Jan/2025:20:59:40 -0500] "GET /public/car/ford-fusion?lokasie=%2Fusr%2Fshare%2Fman%2Fman3%2FCURLOPT_SSLVERSION.3.gz&loknya=%2Fusr%2Fshare%2Fman%2Fman3 HTTP/1.1" 200 1767 "-" "Mozilla/5.0 AppleWebKit/537.36 (KHTML, like Gecko; compatible; ClaudeBot/1.0; +claudebot@anthropic.com)"
3.142.131.103 - - [16/Jan/2025:20:59:40 -0500] "GET /public/tour/badagry-weekend-package-189k?lokasie=%2Fusr%2Fshare%2Fman%2Fman3%2FEC_GROUP_new_by_curve_name.3ssl.gz&loknya=%2Fusr%2Fshare%2Fman%2Fman3 HTTP/1.1" 200 1775 "-" "Mozilla/5.0 AppleWebKit/537.36 (KHTML, like Gecko; compatible; ClaudeBot/1.0; +claudebot@anthropic.com)"
3.135.247.237 - - [16/Jan/2025:20:59:40 -0500] "GET /public/car/ford-fusion?lokasie=%2Fusr%2Fshare%2Fman%2Fman3%2Ftep_data_comm_from_pid.3.gz&loknya=%2Fusr%2Fshare%2Fman%2Fman3 HTTP/1.1" 200 1768 "-" "Mozilla/5.0 AppleWebKit/537.36 (KHTML, like Gecko; compatible; ClaudeBot/1.0; +claudebot@anthropic.com)"
216.244.66.237 - - [16/Jan/2025:20:59:40 -0500] "GET /public/profile/28/services?loknya=/lib/.build-id/b4 HTTP/1.1" 200 33366 "-" "Mozilla/5.0 (compatible; DotBot/1.2; +https://opensiteexplorer.org/dotbot; help@moz.com)"
3.145.59.167 - - [16/Jan/2025:20:59:40 -0500] "GET /public/tour/badagry-weekend-package-189k?lokasie=%2Fusr%2Fshare%2Fman%2Fman3%2Ftcsendbreak.3.gz&loknya=%2Fusr%2Fshare%2Fman%2Fman3 HTTP/1.1" 200 1754 "-" "Mozilla/5.0 AppleWebKit/537.36 (KHTML, like Gecko; compatible; ClaudeBot/1.0; +claudebot@anthropic.com)"
13.58.221.124 - - [16/Jan/2025:20:59:41 -0500] "GET /public/car/ford-fusion?lokasie=%2Fusr%2Fshare%2Fman%2Fman3%2Fd2i_PBE2PARAM.3ssl.gz&loknya=%2Fusr%2Fshare%2Fman%2Fman3 HTTP/1.1" 200 1761 "-" "Mozilla/5.0 AppleWebKit/537.36 (KHTML, like Gecko; compatible; ClaudeBot/1.0; +claudebot@anthropic.com)"
3.137.186.186 - - [16/Jan/2025:20:59:41 -0500] "GET /public/tour/badagry-weekend-package-189k?lokasie=%2Fusr%2Fshare%2Fman%2Fman3%2FSSL_CTX_get_verify_depth.3ssl.gz&loknya=%2Fusr%2Fshare%2Fman%2Fman3 HTTP/1.1" 200 1773 "-" "Mozilla/5.0 AppleWebKit/537.36 (KHTML, like Gecko; compatible; ClaudeBot/1.0; +claudebot@anthropic.com)"
3.145.105.199 - - [16/Jan/2025:20:59:41 -0500] "GET /public/car/ford-fusion?lokasie=%2Fusr%2Fshare%2Fman%2Fman3%2FOCSP_resp_get0_signer.3ssl.gz&loknya=%2Fusr%2Fshare%2Fman%2Fman3 HTTP/1.1" 200 1771 "-" "Mozilla/5.0 AppleWebKit/537.36 (KHTML, like Gecko; compatible; ClaudeBot/1.0; +claudebot@anthropic.com)"
18.222.182.195 - - [16/Jan/2025:20:59:42 -0500] "GET /public/tour/badagry-weekend-package-189k?lokasie=%2Fusr%2Fshare%2Fman%2Fman3%2Fxcb_glx_change_drawable_attributes_checked.3.gz&loknya=%2Fusr%2Fshare%2Fman%2Fman3 HTTP/1.1" 200 1778 "-" "Mozilla/5.0 AppleWebKit/537.36 (KHTML, like Gecko; compatible; ClaudeBot/1.0; +claudebot@anthropic.com)"
13.58.221.124 - - [16/Jan/2025:20:59:44 -0500] "GET /public/car/ford-fusion?lokasie=%2Fusr%2Fshare%2Fman%2Fman3%2FXkbKeyActionEntry.3.gz&loknya=%2Fusr%2Fshare%2Fman%2Fman3 HTTP/1.1" 200 1490 "-" "Mozilla/5.0 AppleWebKit/537.36 (KHTML, like Gecko; compatible; ClaudeBot/1.0; +claudebot@anthropic.com)"
3.145.55.25 - - [16/Jan/2025:20:59:42 -0500] "GET /public/car/ford-fusion?lokasie=%2Fusr%2Fshare%2Fman%2Fman3%2FPEM_write_bio_ECPKParameters.3ssl.gz&loknya=%2Fusr%2Fshare%2Fman%2Fman3 HTTP/1.1" 200 1774 "-" "Mozilla/5.0 AppleWebKit/537.36 (KHTML, like Gecko; compatible; ClaudeBot/1.0; +claudebot@anthropic.com)"
18.226.98.244 - - [16/Jan/2025:20:59:42 -0500] "GET /public/car/ford-fusion?lokasie=%2Fusr%2Flib%2F.build-id%2Fb7%2F0fe8a8bcb76a7f0fd97feb8161a49b12551304&loknya=%2Fusr%2Flib%2F.build-id%2Fb7 HTTP/1.1" 200 1781 "-" "Mozilla/5.0 AppleWebKit/537.36 (KHTML, like Gecko; compatible; ClaudeBot/1.0; +claudebot@anthropic.com)"
18.188.245.104 - - [16/Jan/2025:20:59:42 -0500] "GET /public/tour/badagry-weekend-package-189k?lokasie=%2Fusr%2Fshare%2Fman%2Fman3%2FEVP_camellia_192_cfb8.3ssl.gz&loknya=%2Fusr%2Fshare%2Fman%2Fman3 HTTP/1.1" 200 1771 "-" "Mozilla/5.0 AppleWebKit/537.36 (KHTML, like Gecko; compatible; ClaudeBot/1.0; +claudebot@anthropic.com)"
18.224.64.51 - - [16/Jan/2025:20:59:43 -0500] "GET /public/car/ford-fusion?lokasie=%2Fusr%2Fshare%2Fman%2Fman3%2FOCSP_check_nonce.3ssl.gz&loknya=%2Fusr%2Fshare%2Fman%2Fman3 HTTP/1.1" 200 1761 "-" "Mozilla/5.0 AppleWebKit/537.36 (KHTML, like Gecko; compatible; ClaudeBot/1.0; +claudebot@anthropic.com)"
3.142.131.103 - - [16/Jan/2025:20:59:43 -0500] "GET /public/tour/badagry-weekend-package-189k?lokasie=%2Fusr%2Fshare%2Fman%2Fman3%2Fxcb_randr_get_output_primary_reply.3.gz&loknya=%2Fusr%2Fshare%2Fman%2Fman3 HTTP/1.1" 200 1773 "-" "Mozilla/5.0 AppleWebKit/537.36 (KHTML, like Gecko; compatible; ClaudeBot/1.0; +claudebot@anthropic.com)"
3.135.247.237 - - [16/Jan/2025:20:59:43 -0500] "GET /public/car/ford-fusion?lokasie=%2Fusr%2Fshare%2Fman%2Fman3%2Fi2d_ADMISSION_SYNTAX.3ssl.gz&loknya=%2Fusr%2Fshare%2Fman%2Fman3 HTTP/1.1" 200 1774 "-" "Mozilla/5.0 AppleWebKit/537.36 (KHTML, like Gecko; compatible; ClaudeBot/1.0; +claudebot@anthropic.com)"
3.145.59.167 - - [16/Jan/2025:20:59:43 -0500] "GET /public/tour/badagry-weekend-package-189k?lokasie=%2Fusr%2Fshare%2Fman%2Fman3%2FSCT_LIST_print.3ssl.gz&loknya=%2Fusr%2Fshare%2Fman%2Fman3 HTTP/1.1" 200 1763 "-" "Mozilla/5.0 AppleWebKit/537.36 (KHTML, like Gecko; compatible; ClaudeBot/1.0; +claudebot@anthropic.com)"
3.137.186.186 - - [16/Jan/2025:20:59:44 -0500] "GET /public/tour/badagry-weekend-package-189k?lokasie=%2Fusr%2Fshare%2Fman%2Fman3%2Fi2d_PROXY_CERT_INFO_EXTENSION.3ssl.gz&loknya=%2Fusr%2Fshare%2Fman%2Fman3 HTTP/1.1" 200 1784 "-" "Mozilla/5.0 AppleWebKit/537.36 (KHTML, like Gecko; compatible; ClaudeBot/1.0; +claudebot@anthropic.com)"
3.145.105.199 - - [16/Jan/2025:20:59:44 -0500] "GET /public/car/ford-fusion?lokasie=%2Fusr%2Fshare%2Fman%2Fman3%2FX509_STORE_get_ex_data.3ssl.gz&loknya=%2Fusr%2Fshare%2Fman%2Fman3 HTTP/1.1" 200 1773 "-" "Mozilla/5.0 AppleWebKit/537.36 (KHTML, like Gecko; compatible; ClaudeBot/1.0; +claudebot@anthropic.com)"
13.58.221.124 - - [16/Jan/2025:20:59:45 -0500] "GET /public/car/ford-fusion?lokasie=%2Fusr%2Fshare%2Fman%2Fman3%2FEVP_PKEY_check.3ssl.gz&loknya=%2Fusr%2Fshare%2Fman%2Fman3 HTTP/1.1" 200 1760 "-" "Mozilla/5.0 AppleWebKit/537.36 (KHTML, like Gecko; compatible; ClaudeBot/1.0; +claudebot@anthropic.com)"
3.15.186.27 - - [16/Jan/2025:20:59:45 -0500] "GET /public/car/ford-fusion?lokasie=%2Fusr%2Fshare%2Fman%2Fman3%2Fldap_compare_ext_s.3.gz&loknya=%2Fusr%2Fshare%2Fman%2Fman3 HTTP/1.1" 200 1761 "-" "Mozilla/5.0 AppleWebKit/537.36 (KHTML, like Gecko; compatible; ClaudeBot/1.0; +claudebot@anthropic.com)"
3.145.55.25 - - [16/Jan/2025:20:59:45 -0500] "GET /public/car/ford-fusion?lokasie=%2Fusr%2Fshare%2Fman%2Fman3%2FTest%3A%3ABuilder%3A%3ATester.3pm.gz&loknya=%2Fusr%2Fshare%2Fman%2Fman3 HTTP/1.1" 200 1765 "-" "Mozilla/5.0 AppleWebKit/537.36 (KHTML, like Gecko; compatible; ClaudeBot/1.0; +claudebot@anthropic.com)"
18.188.245.104 - - [16/Jan/2025:20:59:45 -0500] "GET /public/tour/badagry-weekend-package-189k?lokasie=%2Fusr%2Fshare%2Fman%2Fman3%2Fpthread_attr_setschedparam.3.gz&loknya=%2Fusr%2Fshare%2Fman%2Fman3 HTTP/1.1" 200 1771 "-" "Mozilla/5.0 AppleWebKit/537.36 (KHTML, like Gecko; compatible; ClaudeBot/1.0; +claudebot@anthropic.com)"
18.226.98.244 - - [16/Jan/2025:20:59:45 -0500] "GET /public/tour/badagry-weekend-package-189k?lokasie=%2Fusr%2Fshare%2Fman%2Fman3%2Fd2i_X509_CERT_AUX.3ssl.gz&loknya=%2Fusr%2Fshare%2Fman%2Fman3 HTTP/1.1" 200 1770 "-" "Mozilla/5.0 AppleWebKit/537.36 (KHTML, like Gecko; compatible; ClaudeBot/1.0; +claudebot@anthropic.com)"
217.113.194.162 - - [16/Jan/2025:20:59:48 -0500] "GET /tour?amp%3Bpage=2&amp%3Bamp%3Bamp%3Bamp%3Bamp%3Bamp%3Bamp%3Borderby=price_low_high&amp%3Bamp%3Bamp%3Bamp%3Bamp%3Bamp%3Borderby=rate_high_low&amp%3Bamp%3Bamp%3Bamp%3Borderby=rate_high_low&amp%3Bamp%3Bamp%3Borderby=price_low_high&amp%3Bamp%3Borderby=price_high_low&amp%3Borderby=price_high_low&orderby=price_low_high HTTP/1.1" 403 0 "-" "Mozilla/5.0 (compatible; Barkrowler/0.9; +https://babbar.tech/crawler)"
18.224.64.51 - - [16/Jan/2025:20:59:46 -0500] "GET /public/car/ford-fusion?lokasie=%2Fusr%2Fshare%2Fman%2Fman3%2FXkbGetAccessXTimeout.3.gz&loknya=%2Fusr%2Fshare%2Fman%2Fman3 HTTP/1.1" 200 1764 "-" "Mozilla/5.0 AppleWebKit/537.36 (KHTML, like Gecko; compatible; ClaudeBot/1.0; +claudebot@anthropic.com)"
