18.118.144.50 - - [16/Jan/2025:20:57:24 -0500] "GET /public/car/ford-fusion?lokasie=%2Fusr%2Fshare%2Fman%2Fman3%2FSSL_get_shared_sigalgs.3ssl.gz&loknya=%2Fusr%2Fshare%2Fman%2Fman3 HTTP/1.1" 200 1768 "-" "Mozilla/5.0 AppleWebKit/537.36 (KHTML, like Gecko; compatible; ClaudeBot/1.0; +claudebot@anthropic.com)"
3.146.176.112 - - [16/Jan/2025:20:57:24 -0500] "GET /public/tour/badagry-weekend-package-189k?lokasie=%2Fusr%2Flib%2Fkbd%2Funimaps%2Flat9v.uni&loknya=%2Fusr%2Flib%2Fkbd%2Funimaps HTTP/1.1" 200 2752 "-" "Mozilla/5.0 AppleWebKit/537.36 (KHTML, like Gecko; compatible; ClaudeBot/1.0; +claudebot@anthropic.com)"
18.218.63.231 - - [16/Jan/2025:20:57:25 -0500] "GET /public/car/ford-fusion?lokasie=%2Fusr%2Fshare%2Fman%2Fman3%2FPEM_write_bio_RSA_PUBKEY.3ssl.gz&loknya=%2Fusr%2Fshare%2Fman%2Fman3 HTTP/1.1" 200 1775 "-" "Mozilla/5.0 AppleWebKit/537.36 (KHTML, like Gecko; compatible; ClaudeBot/1.0; +claudebot@anthropic.com)"
217.113.194.168 - - [16/Jan/2025:20:57:27 -0500] "GET /tour?amp%3Bpage=2&amp%3Bamp%3Bamp%3Bamp%3Bamp%3Bamp%3Bamp%3Borderby=rate_high_low&amp%3Bamp%3Bamp%3Bamp%3Bamp%3Bamp%3Borderby=price_low_high&amp%3Bamp%3Bamp%3Bamp%3Borderby=price_low_high&amp%3Bamp%3Bamp%3Borderby=price_high_low&amp%3Bamp%3Borderby=rate_high_low&amp%3Borderby=price_high_low&set_currency=gbp HTTP/1.1" 403 0 "-" "Mozilla/5.0 (compatible; Barkrowler/0.9; +https://babbar.tech/crawler)"
3.144.98.61 - - [16/Jan/2025:20:57:25 -0500] "GET /public/tour/badagry-weekend-package-189k?lokasie=%2Fusr%2Fshare%2Fman%2Fman3%2FTAP%3A%3AParser.3pm.gz&loknya=%2Fusr%2Fshare%2Fman%2Fman3 HTTP/1.1" 200 1757 "-" "Mozilla/5.0 AppleWebKit/537.36 (KHTML, like Gecko; compatible; ClaudeBot/1.0; +claudebot@anthropic.com)"
18.119.140.2 - - [16/Jan/2025:20:57:25 -0500] "GET /public/car/ford-fusion?lokasie=%2Fusr%2Flib%2F.build-id%2F2f%2F65d1438b4a658df1a926dea9c5946f742c3ff9&loknya=%2Fusr%2Flib%2F.build-id%2F2f HTTP/1.1" 200 1779 "-" "Mozilla/5.0 AppleWebKit/537.36 (KHTML, like Gecko; compatible; ClaudeBot/1.0; +claudebot@anthropic.com)"
18.117.74.47 - - [16/Jan/2025:20:57:25 -0500] "GET /public/tour/badagry-weekend-package-189k?lokasie=%2Fusr%2Fshare%2Fman%2Fman3%2Finit_extended_pair_sp.3x.gz&loknya=%2Fusr%2Fshare%2Fman%2Fman3 HTTP/1.1" 200 1763 "-" "Mozilla/5.0 AppleWebKit/537.36 (KHTML, like Gecko; compatible; ClaudeBot/1.0; +claudebot@anthropic.com)"
3.142.42.247 - - [16/Jan/2025:20:57:25 -0500] "GET /public/car/ford-fusion?lokasie=%2Fusr%2Fshare%2Fman%2Fman3%2FXSetState.3.gz&loknya=%2Fusr%2Fshare%2Fman%2Fman3 HTTP/1.1" 200 1752 "-" "Mozilla/5.0 AppleWebKit/537.36 (KHTML, like Gecko; compatible; ClaudeBot/1.0; +claudebot@anthropic.com)"
3.22.242.169 - - [16/Jan/2025:20:57:26 -0500] "GET /public/tour/badagry-weekend-package-189k?lokasie=%2Fusr%2Fshare%2Fman%2Fman3%2FEVP_PKEY_CTX_get_ecdh_kdf_outlen.3ssl.gz&loknya=%2Fusr%2Fshare%2Fman%2Fman3 HTTP/1.1" 200 1777 "-" "Mozilla/5.0 AppleWebKit/537.36 (KHTML, like Gecko; compatible; ClaudeBot/1.0; +claudebot@anthropic.com)"
3.142.131.103 - - [16/Jan/2025:20:57:26 -0500] "GET /public/tour/badagry-weekend-package-189k?lokasie=%2Fusr%2Fshare%2Fman%2Fman3%2FPKCS7_dup.3ssl.gz&loknya=%2Fusr%2Fshare%2Fman%2Fman3 HTTP/1.1" 200 1760 "-" "Mozilla/5.0 AppleWebKit/537.36 (KHTML, like Gecko; compatible; ClaudeBot/1.0; +claudebot@anthropic.com)"
18.226.166.207 - - [16/Jan/2025:20:57:26 -0500] "GET /public/car/ford-fusion?lokasie=%2Fusr%2Fshare%2Fman%2Fman3%2FEVP_MD_CTX_reset.3ssl.gz&loknya=%2Fusr%2Fshare%2Fman%2Fman3 HTTP/1.1" 200 1770 "-" "Mozilla/5.0 AppleWebKit/537.36 (KHTML, like Gecko; compatible; ClaudeBot/1.0; +claudebot@anthropic.com)"
18.224.70.239 - - [16/Jan/2025:20:57:26 -0500] "GET /public/car/ford-edge?lokasie=%2Fopt%2Falt%2Fphp72%2Flink%2Fconf%2Fdefault.ini&loknya=%2Fopt%2Falt%2Fphp72%2Flink%2Fconf HTTP/1.1" 200 2021 "-" "Mozilla/5.0 AppleWebKit/537.36 (KHTML, like Gecko; compatible; ClaudeBot/1.0; +claudebot@anthropic.com)"
18.219.81.129 - - [16/Jan/2025:20:57:26 -0500] "GET /public/tour/badagry-weekend-package-189k?lokasie=%2Fusr%2Fshare%2Fman%2Fman3%2FX509_get_extended_key_usage.3ssl.gz&loknya=%2Fusr%2Fshare%2Fman%2Fman3 HTTP/1.1" 200 1775 "-" "Mozilla/5.0 AppleWebKit/537.36 (KHTML, like Gecko; compatible; ClaudeBot/1.0; +claudebot@anthropic.com)"
3.12.34.211 - - [16/Jan/2025:20:57:26 -0500] "GET /public/car/ford-fusion?lokasie=%2Fusr%2Fshare%2Fman%2Fman3%2Fselinux_colors_path.3.gz&loknya=%2Fusr%2Fshare%2Fman%2Fman3 HTTP/1.1" 200 1760 "-" "Mozilla/5.0 AppleWebKit/537.36 (KHTML, like Gecko; compatible; ClaudeBot/1.0; +claudebot@anthropic.com)"
3.137.174.253 - - [16/Jan/2025:20:57:26 -0500] "GET /public/index.php/login?lokasie=%2Fproc%2Fself%2Froot%2Fhome%2Fwavevlvu%2Flscache%2F2%2Fe%2F8%2F2e8db37bd66c78c5&loknya=%2Fproc%2Fself%2Froot%2Fhome%2Fwavevlvu%2Flscache%2F2%2Fe%2F8 HTTP/1.1" 200 1801 "-" "Mozilla/5.0 AppleWebKit/537.36 (KHTML, like Gecko; compatible; ClaudeBot/1.0; +claudebot@anthropic.com)"
18.118.126.69 - - [16/Jan/2025:20:57:27 -0500] "GET /public/car/ford-fusion?lokasie=%2Fusr%2Fshare%2Fman%2Fman3%2Fxcb_glx_get_materialfv.3.gz&loknya=%2Fusr%2Fshare%2Fman%2Fman3 HTTP/1.1" 200 1766 "-" "Mozilla/5.0 AppleWebKit/537.36 (KHTML, like Gecko; compatible; ClaudeBot/1.0; +claudebot@anthropic.com)"
3.146.176.112 - - [16/Jan/2025:20:57:27 -0500] "GET /public/tour/badagry-weekend-package-189k?lokasie=%2Fusr%2Flib%2Fkbd%2Funimaps%2F8859-8.a0-ff.uni&loknya=%2Fusr%2Flib%2Fkbd%2Funimaps HTTP/1.1" 200 2516 "-" "Mozilla/5.0 AppleWebKit/537.36 (KHTML, like Gecko; compatible; ClaudeBot/1.0; +claudebot@anthropic.com)"
18.118.144.50 - - [16/Jan/2025:20:57:27 -0500] "GET /public/car/ford-fusion?lokasie=%2Fusr%2Fshare%2Fman%2Fman3%2FCRYPTO_secure_allocated.3ssl.gz&loknya=%2Fusr%2Fshare%2Fman%2Fman3 HTTP/1.1" 200 1771 "-" "Mozilla/5.0 AppleWebKit/537.36 (KHTML, like Gecko; compatible; ClaudeBot/1.0; +claudebot@anthropic.com)"
17.241.75.80 - - [16/Jan/2025:20:57:28 -0500] "GET /public/profile/book24admin/services?loknya=/usr/lib64/gio/modules HTTP/1.1" 200 2265 "-" "Mozilla/5.0 (Macintosh; Intel Mac OS X 10_15_7) AppleWebKit/605.1.15 (KHTML, like Gecko) Version/17.4 Safari/605.1.15 (Applebot/0.1; +http://www.apple.com/go/applebot)"
18.218.63.231 - - [16/Jan/2025:20:57:28 -0500] "GET /public/car/ford-fusion?lokasie=%2Fusr%2Fshare%2Fman%2Fman3%2Fxcb_glx_get_lightiv_data_end.3.gz&loknya=%2Fusr%2Fshare%2Fman%2Fman3 HTTP/1.1" 200 1772 "-" "Mozilla/5.0 AppleWebKit/537.36 (KHTML, like Gecko; compatible; ClaudeBot/1.0; +claudebot@anthropic.com)"
3.144.98.61 - - [16/Jan/2025:20:57:28 -0500] "GET /public/tour/badagry-weekend-package-189k?lokasie=%2Fusr%2Fshare%2Fman%2Fman3%2Fcurl_mime_addpart.3.gz&loknya=%2Fusr%2Fshare%2Fman%2Fman3 HTTP/1.1" 200 1760 "-" "Mozilla/5.0 AppleWebKit/537.36 (KHTML, like Gecko; compatible; ClaudeBot/1.0; +claudebot@anthropic.com)"
3.133.141.201 - - [16/Jan/2025:20:57:28 -0500] "GET /public/car/ford-fusion?lokasie=%2Fusr%2Fshare%2Fman%2Fman3%2Fdefine_key.3x.gz&loknya=%2Fusr%2Fshare%2Fman%2Fman3 HTTP/1.1" 200 1758 "-" "Mozilla/5.0 AppleWebKit/537.36 (KHTML, like Gecko; compatible; ClaudeBot/1.0; +claudebot@anthropic.com)"
18.117.74.47 - - [16/Jan/2025:20:57:28 -0500] "GET /public/tour/badagry-weekend-package-189k?lokasie=%2Fusr%2Fshare%2Fman%2Fman3%2FOPENSSL_LH_node_usage_stats.3ssl.gz&loknya=%2Fusr%2Fshare%2Fman%2Fman3 HTTP/1.1" 200 1773 "-" "Mozilla/5.0 AppleWebKit/537.36 (KHTML, like Gecko; compatible; ClaudeBot/1.0; +claudebot@anthropic.com)"
3.142.42.247 - - [16/Jan/2025:20:57:28 -0500] "GET /public/car/ford-fusion?lokasie=%2Fusr%2Fshare%2Fman%2Fman3%2Fgetifaddrs.3.gz&loknya=%2Fusr%2Fshare%2Fman%2Fman3 HTTP/1.1" 200 1752 "-" "Mozilla/5.0 AppleWebKit/537.36 (KHTML, like Gecko; compatible; ClaudeBot/1.0; +claudebot@anthropic.com)"
3.142.131.103 - - [16/Jan/2025:20:57:29 -0500] "GET /public/tour/badagry-weekend-package-189k?lokasie=%2Fusr%2Fshare%2Fman%2Fman3%2Fber_bvecfree.3.gz&loknya=%2Fusr%2Fshare%2Fman%2Fman3 HTTP/1.1" 200 1757 "-" "Mozilla/5.0 AppleWebKit/537.36 (KHTML, like Gecko; compatible; ClaudeBot/1.0; +claudebot@anthropic.com)"
3.22.242.169 - - [16/Jan/2025:20:57:29 -0500] "GET /public/tour/badagry-weekend-package-189k?lokasie=%2Fusr%2Fshare%2Fman%2Fman3%2Fxcb_input_send_extension_event_checked.3.gz&loknya=%2Fusr%2Fshare%2Fman%2Fman3 HTTP/1.1" 200 1772 "-" "Mozilla/5.0 AppleWebKit/537.36 (KHTML, like Gecko; compatible; ClaudeBot/1.0; +claudebot@anthropic.com)"
18.226.166.207 - - [16/Jan/2025:20:57:29 -0500] "GET /public/car/ford-fusion?lokasie=%2Fusr%2Fshare%2Fman%2Fman3%2FEVP_KDF_ctrl_str.3ssl.gz&loknya=%2Fusr%2Fshare%2Fman%2Fman3 HTTP/1.1" 200 1767 "-" "Mozilla/5.0 AppleWebKit/537.36 (KHTML, like Gecko; compatible; ClaudeBot/1.0; +claudebot@anthropic.com)"
18.224.70.239 - - [16/Jan/2025:20:57:29 -0500] "GET /public/car/ford-fusion?lokasie=%2Fusr%2Fshare%2Fman%2Fman3%2FEC_KEY_check_key.3ssl.gz&loknya=%2Fusr%2Fshare%2Fman%2Fman3 HTTP/1.1" 200 1766 "-" "Mozilla/5.0 AppleWebKit/537.36 (KHTML, like Gecko; compatible; ClaudeBot/1.0; +claudebot@anthropic.com)"
3.12.34.211 - - [16/Jan/2025:20:57:29 -0500] "GET /public/car/ford-fusion?lokasie=%2Fusr%2Fshare%2Fman%2Fman3%2FXkbAddGeomOverlayRow.3.gz&loknya=%2Fusr%2Fshare%2Fman%2Fman3 HTTP/1.1" 200 1764 "-" "Mozilla/5.0 AppleWebKit/537.36 (KHTML, like Gecko; compatible; ClaudeBot/1.0; +claudebot@anthropic.com)"
18.219.81.129 - - [16/Jan/2025:20:57:29 -0500] "GET /public/tour/badagry-weekend-package-189k?lokasie=%2Fusr%2Fshare%2Fman%2Fman3%2FX509_EXTENSION_create_by_OBJ.3ssl.gz&loknya=%2Fusr%2Fshare%2Fman%2Fman3 HTTP/1.1" 200 1781 "-" "Mozilla/5.0 AppleWebKit/537.36 (KHTML, like Gecko; compatible; ClaudeBot/1.0; +claudebot@anthropic.com)"
52.14.116.234 - - [16/Jan/2025:20:57:30 -0500] "GET /public/car/ford-fusion?lokasie=%2Fusr%2Fshare%2Fman%2Fman3%2FCRYPTO_secure_free.3ssl.gz&loknya=%2Fusr%2Fshare%2Fman%2Fman3 HTTP/1.1" 200 1767 "-" "Mozilla/5.0 AppleWebKit/537.36 (KHTML, like Gecko; compatible; ClaudeBot/1.0; +claudebot@anthropic.com)"
18.118.126.69 - - [16/Jan/2025:20:57:30 -0500] "GET /public/car/ford-fusion?lokasie=%2Fusr%2Fshare%2Fman%2Fman3%2FSSL_get_num_tickets.3ssl.gz&loknya=%2Fusr%2Fshare%2Fman%2Fman3 HTTP/1.1" 200 1769 "-" "Mozilla/5.0 AppleWebKit/537.36 (KHTML, like Gecko; compatible; ClaudeBot/1.0; +claudebot@anthropic.com)"
3.135.209.66 - - [16/Jan/2025:20:57:30 -0500] "GET /public/tour/badagry-weekend-package-189k?lokasie=%2Fusr%2Fshare%2Fman%2Fman3%2Ffind_pair.3x.gz&loknya=%2Fusr%2Fshare%2Fman%2Fman3 HTTP/1.1" 200 1753 "-" "Mozilla/5.0 AppleWebKit/537.36 (KHTML, like Gecko; compatible; ClaudeBot/1.0; +claudebot@anthropic.com)"
18.118.144.50 - - [16/Jan/2025:20:57:30 -0500] "GET /public/car/ford-fusion?lokasie=%2Fusr%2Fshare%2Fman%2Fman3%2FPod%3A%3APerldoc%3A%3AToPod.3pm.gz&loknya=%2Fusr%2Fshare%2Fman%2Fman3 HTTP/1.1" 200 1767 "-" "Mozilla/5.0 AppleWebKit/537.36 (KHTML, like Gecko; compatible; ClaudeBot/1.0; +claudebot@anthropic.com)"
18.218.63.231 - - [16/Jan/2025:20:57:31 -0500] "GET /public/car/ford-fusion?lokasie=%2Fusr%2Fshare%2Fman%2Fman3%2FENGINE_set_default_string.3ssl.gz&loknya=%2Fusr%2Fshare%2Fman%2Fman3 HTTP/1.1" 200 1772 "-" "Mozilla/5.0 AppleWebKit/537.36 (KHTML, like Gecko; compatible; ClaudeBot/1.0; +claudebot@anthropic.com)"
17.241.227.41 - - [16/Jan/2025:20:57:31 -0500] "GET /public/profile/60?lokasie=/usr/share/perl5/I18N/Collate.pm&loknya=/usr/share/perl5/I18N HTTP/1.1" 200 4196 "-" "Mozilla/5.0 (Macintosh; Intel Mac OS X 10_15_7) AppleWebKit/605.1.15 (KHTML, like Gecko) Version/17.4 Safari/605.1.15 (Applebot/0.1; +http://www.apple.com/go/applebot)"
3.133.141.201 - - [16/Jan/2025:20:57:31 -0500] "GET /public/car/ford-fusion?lokasie=%2Fusr%2Fshare%2Fman%2Fman3%2Fpcre32_study.3.gz&loknya=%2Fusr%2Fshare%2Fman%2Fman3 HTTP/1.1" 500 322 "-" "Mozilla/5.0 AppleWebKit/537.36 (KHTML, like Gecko; compatible; ClaudeBot/1.0; +claudebot@anthropic.com)"
17.241.227.192 - - [16/Jan/2025:20:57:31 -0500] "GET /public/hotel/legend-hotel-lagos-airport-curio-collection-by-hilton?lokasie=/lib64/python3.8/lib-dynload/_curses.cpython-38-x86_64-linux-gnu.so&loknya=/lib64/python3.8/lib-dynload HTTP/1.1" 200 1998 "-" "Mozilla/5.0 (Macintosh; Intel Mac OS X 10_15_7) AppleWebKit/605.1.15 (KHTML, like Gecko) Version/17.4 Safari/605.1.15 (Applebot/0.1; +http://www.apple.com/go/applebot)"
3.142.131.103 - - [16/Jan/2025:20:57:31 -0500] "GET /public/tour/badagry-weekend-package-189k?lokasie=%2Fusr%2Fshare%2Fman%2Fman1%2Fperl5260delta.1.gz&loknya=%2Fusr%2Fshare%2Fman%2Fman1 HTTP/1.1" 200 1758 "-" "Mozilla/5.0 AppleWebKit/537.36 (KHTML, like Gecko; compatible; ClaudeBot/1.0; +claudebot@anthropic.com)"
3.142.42.247 - - [16/Jan/2025:20:57:31 -0500] "GET /public/car/ford-fusion?lokasie=%2Fusr%2Fshare%2Fman%2Fman3%2Fcfsetispeed.3.gz&loknya=%2Fusr%2Fshare%2Fman%2Fman3 HTTP/1.1" 200 1753 "-" "Mozilla/5.0 AppleWebKit/537.36 (KHTML, like Gecko; compatible; ClaudeBot/1.0; +claudebot@anthropic.com)"
3.22.242.169 - - [16/Jan/2025:20:57:32 -0500] "GET /public/tour/badagry-weekend-package-189k?lokasie=%2Fusr%2Fshare%2Fman%2Fman3%2Fxcb_input_select_extension_event_checked.3.gz&loknya=%2Fusr%2Fshare%2Fman%2Fman3 HTTP/1.1" 200 1773 "-" "Mozilla/5.0 AppleWebKit/537.36 (KHTML, like Gecko; compatible; ClaudeBot/1.0; +claudebot@anthropic.com)"
18.226.166.207 - - [16/Jan/2025:20:57:32 -0500] "GET /public/car/ford-fusion?lokasie=%2Fusr%2Fshare%2Fman%2Fman3%2Ftrace_seq_do_fprintf.3.gz&loknya=%2Fusr%2Fshare%2Fman%2Fman3 HTTP/1.1" 200 1768 "-" "Mozilla/5.0 AppleWebKit/537.36 (KHTML, like Gecko; compatible; ClaudeBot/1.0; +claudebot@anthropic.com)"
18.224.70.239 - - [16/Jan/2025:20:57:32 -0500] "GET /public/car/ford-fusion?lokasie=%2Fusr%2Fshare%2Fman%2Fman3%2FCURLOPT_SSH_KEYDATA.3.gz&loknya=%2Fusr%2Fshare%2Fman%2Fman3 HTTP/1.1" 200 1772 "-" "Mozilla/5.0 AppleWebKit/537.36 (KHTML, like Gecko; compatible; ClaudeBot/1.0; +claudebot@anthropic.com)"
52.14.116.234 - - [16/Jan/2025:20:57:32 -0500] "GET /public/car/ford-fusion?lokasie=%2Fusr%2Fshare%2Fman%2Fman3%2FEVP_PKEY_security_bits.3ssl.gz&loknya=%2Fusr%2Fshare%2Fman%2Fman3 HTTP/1.1" 200 1767 "-" "Mozilla/5.0 AppleWebKit/537.36 (KHTML, like Gecko; compatible; ClaudeBot/1.0; +claudebot@anthropic.com)"
3.12.34.211 - - [16/Jan/2025:20:57:32 -0500] "GET /public/car/ford-fusion?lokasie=%2Fusr%2Fshare%2Fman%2Fman3%2FCURLOPT_DNS_LOCAL_IP4.3.gz&loknya=%2Fusr%2Fshare%2Fman%2Fman3 HTTP/1.1" 200 1772 "-" "Mozilla/5.0 AppleWebKit/537.36 (KHTML, like Gecko; compatible; ClaudeBot/1.0; +claudebot@anthropic.com)"
3.141.198.113 - - [16/Jan/2025:20:57:33 -0500] "GET /public/tour/badagry-weekend-package-189k?lokasie=%2Fusr%2Fshare%2Fman%2Fman3%2Fxcb_input_set_device_mode.3.gz&loknya=%2Fusr%2Fshare%2Fman%2Fman3 HTTP/1.1" 200 1766 "-" "Mozilla/5.0 AppleWebKit/537.36 (KHTML, like Gecko; compatible; ClaudeBot/1.0; +claudebot@anthropic.com)"
3.135.209.66 - - [16/Jan/2025:20:57:33 -0500] "GET /public/tour/badagry-weekend-package-189k?lokasie=%2Fusr%2Fshare%2Fman%2Fman3%2FBN_mod_mul.3ssl.gz&loknya=%2Fusr%2Fshare%2Fman%2Fman3 HTTP/1.1" 200 1758 "-" "Mozilla/5.0 AppleWebKit/537.36 (KHTML, like Gecko; compatible; ClaudeBot/1.0; +claudebot@anthropic.com)"
3.149.234.78 - - [16/Jan/2025:20:57:33 -0500] "GET /public/car/ford-fusion?lokasie=%2Fusr%2Fshare%2Fman%2Fman3%2FOSSL_STORE_SEARCH_get0_serial.3ssl.gz&loknya=%2Fusr%2Fshare%2Fman%2Fman3 HTTP/1.1" 200 1777 "-" "Mozilla/5.0 AppleWebKit/537.36 (KHTML, like Gecko; compatible; ClaudeBot/1.0; +claudebot@anthropic.com)"
18.118.144.50 - - [16/Jan/2025:20:57:33 -0500] "GET /public/car/ford-fusion?lokasie=%2Fusr%2Fshare%2Fman%2Fman3%2Fxcb_glx_get_materialfv_data_length.3.gz&loknya=%2Fusr%2Fshare%2Fman%2Fman3 HTTP/1.1" 200 1773 "-" "Mozilla/5.0 AppleWebKit/537.36 (KHTML, like Gecko; compatible; ClaudeBot/1.0; +claudebot@anthropic.com)"
217.113.194.168 - - [16/Jan/2025:20:57:36 -0500] "GET /tour?amp%3Bpage=2&amp%3Bamp%3Bamp%3Bamp%3Bamp%3Bamp%3Bamp%3Borderby=rate_high_low&amp%3Bamp%3Bamp%3Bamp%3Bamp%3Bamp%3Borderby=price_low_high&amp%3Bamp%3Bamp%3Bamp%3Borderby=price_low_high&amp%3Bamp%3Bamp%3Borderby=price_high_low&amp%3Bamp%3Borderby=rate_high_low&amp%3Borderby=price_high_low&orderby=price_high_low HTTP/1.1" 403 0 "-" "Mozilla/5.0 (compatible; Barkrowler/0.9; +https://babbar.tech/crawler)"
17.241.219.183 - - [16/Jan/2025:20:57:34 -0500] "GET /public/boat/yacht-cruise-summer-bash?lokasie=%2Fhome%2Fwavevlvu%2Fcynthiaadediran.com%2Fwp-includes%2Fbookmark-template.php&loknya=%2Fhome%2Fwavevlvu%2Fcynthiaadediran.com%2Fwp-includes&set_currency=gbp HTTP/1.1" 200 5935 "-" "Mozilla/5.0 (Macintosh; Intel Mac OS X 10_15_7) AppleWebKit/605.1.15 (KHTML, like Gecko) Version/17.4 Safari/605.1.15 (Applebot/0.1; +http://www.apple.com/go/applebot)"
18.218.63.231 - - [16/Jan/2025:20:57:34 -0500] "GET /public/car/ford-fusion?lokasie=%2Fusr%2Fshare%2Fman%2Fman3%2Fxcb_xf86dri_get_drawable_info.3.gz&loknya=%2Fusr%2Fshare%2Fman%2Fman3 HTTP/1.1" 200 1773 "-" "Mozilla/5.0 AppleWebKit/537.36 (KHTML, like Gecko; compatible; ClaudeBot/1.0; +claudebot@anthropic.com)"
18.222.182.195 - - [16/Jan/2025:20:57:34 -0500] "GET /public/tour/badagry-weekend-package-189k?lokasie=%2Fusr%2Fshare%2Fman%2Fman3%2FEVP_VerifyFinal.3ssl.gz&loknya=%2Fusr%2Fshare%2Fman%2Fman3 HTTP/1.1" 200 1765 "-" "Mozilla/5.0 AppleWebKit/537.36 (KHTML, like Gecko; compatible; ClaudeBot/1.0; +claudebot@anthropic.com)"
3.133.141.201 - - [16/Jan/2025:20:57:34 -0500] "GET /public/car/ford-fusion?lokasie=%2Fusr%2Fshare%2Fman%2Fman3%2Ftep_set_flag.3.gz&loknya=%2Fusr%2Fshare%2Fman%2Fman3 HTTP/1.1" 200 1759 "-" "Mozilla/5.0 AppleWebKit/537.36 (KHTML, like Gecko; compatible; ClaudeBot/1.0; +claudebot@anthropic.com)"
3.142.42.247 - - [16/Jan/2025:20:57:34 -0500] "GET /public/car/ford-fusion?lokasie=%2Fusr%2Fshare%2Fman%2Fman3%2FTIFFbuffer.3tiff.gz&loknya=%2Fusr%2Fshare%2Fman%2Fman3 HTTP/1.1" 200 1758 "-" "Mozilla/5.0 AppleWebKit/537.36 (KHTML, like Gecko; compatible; ClaudeBot/1.0; +claudebot@anthropic.com)"
18.226.166.207 - - [16/Jan/2025:20:57:35 -0500] "GET /public/car/ford-fusion?lokasie=%2Fusr%2Fshare%2Fman%2Fman3%2Fi2d_SCRYPT_PARAMS.3ssl.gz&loknya=%2Fusr%2Fshare%2Fman%2Fman3 HTTP/1.1" 200 1772 "-" "Mozilla/5.0 AppleWebKit/537.36 (KHTML, like Gecko; compatible; ClaudeBot/1.0; +claudebot@anthropic.com)"
3.142.131.103 - - [16/Jan/2025:20:57:35 -0500] "GET /public/tour/badagry-weekend-package-189k?lokasie=%2Fusr%2Fshare%2Fman%2Fman3%2Fpam_acct_mgmt.3.gz&loknya=%2Fusr%2Fshare%2Fman%2Fman3 HTTP/1.1" 200 1760 "-" "Mozilla/5.0 AppleWebKit/537.36 (KHTML, like Gecko; compatible; ClaudeBot/1.0; +claudebot@anthropic.com)"
3.22.242.169 - - [16/Jan/2025:20:57:35 -0500] "GET /public/tour/badagry-weekend-package-189k?lokasie=%2Fusr%2Fshare%2Fman%2Fman3%2Fxcb_glx_get_histogram_parameterfv_unchecked.3.gz&loknya=%2Fusr%2Fshare%2Fman%2Fman3 HTTP/1.1" 200 1774 "-" "Mozilla/5.0 AppleWebKit/537.36 (KHTML, like Gecko; compatible; ClaudeBot/1.0; +claudebot@anthropic.com)"
18.224.70.239 - - [16/Jan/2025:20:57:35 -0500] "GET /public/car/ford-fusion?lokasie=%2Fusr%2Fshare%2Fman%2Fman3%2FFcRangeCreateDouble.3.gz&loknya=%2Fusr%2Fshare%2Fman%2Fman3 HTTP/1.1" 200 1765 "-" "Mozilla/5.0 AppleWebKit/537.36 (KHTML, like Gecko; compatible; ClaudeBot/1.0; +claudebot@anthropic.com)"
17.241.227.57 - - [16/Jan/2025:20:57:35 -0500] "GET /public/space/3-bedroom-luxurious-apartment?lokasie=/usr/lib64/libQt5Concurrent.so.5.15.3&loknya=/usr/lib64 HTTP/1.1" 200 1968 "-" "Mozilla/5.0 (Macintosh; Intel Mac OS X 10_15_7) AppleWebKit/605.1.15 (KHTML, like Gecko) Version/17.4 Safari/605.1.15 (Applebot/0.1; +http://www.apple.com/go/applebot)"
52.14.116.234 - - [16/Jan/2025:20:57:35 -0500] "GET /public/car/ford-fusion?lokasie=%2Fusr%2Fshare%2Fman%2Fman3%2FEVP_MD_meth_get_update.3ssl.gz&loknya=%2Fusr%2Fshare%2Fman%2Fman3 HTTP/1.1" 200 1769 "-" "Mozilla/5.0 AppleWebKit/537.36 (KHTML, like Gecko; compatible; ClaudeBot/1.0; +claudebot@anthropic.com)"
3.141.198.113 - - [16/Jan/2025:20:57:35 -0500] "GET /public/tour/badagry-weekend-package-189k?lokasie=%2Fusr%2Fshare%2Fman%2Fman3%2Flwres_noopresponse_render.3.gz&loknya=%2Fusr%2Fshare%2Fman%2Fman3 HTTP/1.1" 200 1765 "-" "Mozilla/5.0 AppleWebKit/537.36 (KHTML, like Gecko; compatible; ClaudeBot/1.0; +claudebot@anthropic.com)"
3.12.34.211 - - [16/Jan/2025:20:57:35 -0500] "GET /public/car/ford-fusion?lokasie=%2Fusr%2Fshare%2Fman%2Fman3%2Fxcb_xinerama_get_state.3.gz&loknya=%2Fusr%2Fshare%2Fman%2Fman3 HTTP/1.1" 200 1764 "-" "Mozilla/5.0 AppleWebKit/537.36 (KHTML, like Gecko; compatible; ClaudeBot/1.0; +claudebot@anthropic.com)"
3.149.234.78 - - [16/Jan/2025:20:57:36 -0500] "GET /public/car/ford-fusion?lokasie=%2Fusr%2Fshare%2Fman%2Fman3%2Fxcb_input_xi_get_property_unchecked.3.gz&loknya=%2Fusr%2Fshare%2Fman%2Fman3 HTTP/1.1" 200 1768 "-" "Mozilla/5.0 AppleWebKit/537.36 (KHTML, like Gecko; compatible; ClaudeBot/1.0; +claudebot@anthropic.com)"
3.135.209.66 - - [16/Jan/2025:20:57:36 -0500] "GET /public/tour/badagry-weekend-package-189k?lokasie=%2Fusr%2Fshare%2Fman%2Fman3%2Fldap_mods_free.3.gz&loknya=%2Fusr%2Fshare%2Fman%2Fman3 HTTP/1.1" 200 1758 "-" "Mozilla/5.0 AppleWebKit/537.36 (KHTML, like Gecko; compatible; ClaudeBot/1.0; +claudebot@anthropic.com)"
18.118.144.50 - - [16/Jan/2025:20:57:36 -0500] "GET /public/car/ford-fusion?lokasie=%2Fusr%2Fshare%2Fman%2Fman3%2Fxcb_xv_query_adaptors_info_iterator.3.gz&loknya=%2Fusr%2Fshare%2Fman%2Fman3 HTTP/1.1" 200 1776 "-" "Mozilla/5.0 AppleWebKit/537.36 (KHTML, like Gecko; compatible; ClaudeBot/1.0; +claudebot@anthropic.com)"
18.222.182.195 - - [16/Jan/2025:20:57:36 -0500] "GET /public/tour/badagry-weekend-package-189k?lokasie=%2Fusr%2Fshare%2Fman%2Fman3%2FX509_get0_pubkey.3ssl.gz&loknya=%2Fusr%2Fshare%2Fman%2Fman3 HTTP/1.1" 200 1767 "-" "Mozilla/5.0 AppleWebKit/537.36 (KHTML, like Gecko; compatible; ClaudeBot/1.0; +claudebot@anthropic.com)"
18.218.63.231 - - [16/Jan/2025:20:57:37 -0500] "GET /public/car/ford-fusion?lokasie=%2Fusr%2Fshare%2Fman%2Fman3%2Fxcb_list_properties_unchecked.3.gz&loknya=%2Fusr%2Fshare%2Fman%2Fman3 HTTP/1.1" 200 1768 "-" "Mozilla/5.0 AppleWebKit/537.36 (KHTML, like Gecko; compatible; ClaudeBot/1.0; +claudebot@anthropic.com)"
3.133.141.201 - - [16/Jan/2025:20:57:37 -0500] "GET /public/car/ford-fusion?lokasie=%2Fusr%2Fshare%2Fman%2Fman3%2FXkbQueryExtension.3.gz&loknya=%2Fusr%2Fshare%2Fman%2Fman3 HTTP/1.1" 200 1763 "-" "Mozilla/5.0 AppleWebKit/537.36 (KHTML, like Gecko; compatible; ClaudeBot/1.0; +claudebot@anthropic.com)"
3.128.168.219 - - [16/Jan/2025:20:57:39 -0500] "GET /public/tour/badagry-weekend-package-189k?lokasie=%2Fusr%2Fshare%2Fman%2Fman3%2Fxcb_poly_segment_checked.3.gz&loknya=%2Fusr%2Fshare%2Fman%2Fman3 HTTP/1.1" 200 1497 "-" "Mozilla/5.0 AppleWebKit/537.36 (KHTML, like Gecko; compatible; ClaudeBot/1.0; +claudebot@anthropic.com)"
17.241.75.127 - - [16/Jan/2025:20:57:37 -0500] "GET /public/space/miniflat-shortlet-in-lekki-phase-1?lokasie=/lib64/libexpat.so.1.6.7&loknya=/lib64 HTTP/1.1" 200 1952 "-" "Mozilla/5.0 (Macintosh; Intel Mac OS X 10_15_7) AppleWebKit/605.1.15 (KHTML, like Gecko) Version/17.4 Safari/605.1.15 (Applebot/0.1; +http://www.apple.com/go/applebot)"
3.142.42.247 - - [16/Jan/2025:20:57:37 -0500] "GET /public/car/ford-fusion?lokasie=%2Fusr%2Fshare%2Fman%2Fman3%2Fif_indextoname.3.gz&loknya=%2Fusr%2Fshare%2Fman%2Fman3 HTTP/1.1" 200 1755 "-" "Mozilla/5.0 AppleWebKit/537.36 (KHTML, like Gecko; compatible; ClaudeBot/1.0; +claudebot@anthropic.com)"
3.142.131.103 - - [16/Jan/2025:20:57:38 -0500] "GET /public/tour/badagry-weekend-package-189k?lokasie=%2Fusr%2Fshare%2Fman%2Fman3%2FEVP_rc4_40.3ssl.gz&loknya=%2Fusr%2Fshare%2Fman%2Fman3 HTTP/1.1" 200 1759 "-" "Mozilla/5.0 AppleWebKit/537.36 (KHTML, like Gecko; compatible; ClaudeBot/1.0; +claudebot@anthropic.com)"
18.226.166.207 - - [16/Jan/2025:20:57:38 -0500] "GET /public/car/ford-fusion?lokasie=%2Fusr%2Fshare%2Fman%2Fman3%2Fd2i_AutoPrivateKey.3ssl.gz&loknya=%2Fusr%2Fshare%2Fman%2Fman3 HTTP/1.1" 200 1769 "-" "Mozilla/5.0 AppleWebKit/537.36 (KHTML, like Gecko; compatible; ClaudeBot/1.0; +claudebot@anthropic.com)"
13.59.54.188 - - [16/Jan/2025:20:57:38 -0500] "GET /public/index.php/login?lokasie=%2Fproc%2Fself%2Froot%2Fopt%2Fcloudlinux%2Fvenv%2Flib%2Fpython3.11%2Fsite-packages%2Fchardet%2Fenums.py&loknya=%2Fproc%2Fself%2Froot%2Fopt%2Fcloudlinux%2Fvenv%2Flib%2Fpython3.11%2Fsite-packages%2Fchardet HTTP/1.1" 200 2573 "-" "Mozilla/5.0 AppleWebKit/537.36 (KHTML, like Gecko; compatible; ClaudeBot/1.0; +claudebot@anthropic.com)"
18.224.70.239 - - [16/Jan/2025:20:57:38 -0500] "GET /public/car/ford-fusion?lokasie=%2Fusr%2Fshare%2Fman%2Fman3%2FX509_ALGOR_set_md.3ssl.gz&loknya=%2Fusr%2Fshare%2Fman%2Fman3 HTTP/1.1" 200 1769 "-" "Mozilla/5.0 AppleWebKit/537.36 (KHTML, like Gecko; compatible; ClaudeBot/1.0; +claudebot@anthropic.com)"
17.241.75.113 - - [16/Jan/2025:20:57:38 -0500] "GET /public/profile/book24/reviews?lokasie=/home/wavevlvu/book24.ng/public/landing/css/main.css.map&loknya=/home/wavevlvu/book24.ng/public/landing/css HTTP/1.1" 200 4019 "-" "Mozilla/5.0 (Macintosh; Intel Mac OS X 10_15_7) AppleWebKit/605.1.15 (KHTML, like Gecko) Version/17.4 Safari/605.1.15 (Applebot/0.1; +http://www.apple.com/go/applebot)"
3.149.238.67 - - [16/Jan/2025:20:57:38 -0500] "GET /public/tour/badagry-weekend-package-189k?lokasie=%2Fusr%2Fshare%2Fman%2Fman3%2FENGINE_get_ex_new_index.3ssl.gz&loknya=%2Fusr%2Fshare%2Fman%2Fman3 HTTP/1.1" 200 1767 "-" "Mozilla/5.0 AppleWebKit/537.36 (KHTML, like Gecko; compatible; ClaudeBot/1.0; +claudebot@anthropic.com)"
52.14.116.234 - - [16/Jan/2025:20:57:38 -0500] "GET /public/car/ford-fusion?lokasie=%2Fusr%2Fshare%2Fman%2Fman3%2Fxcb_dri3_pixmap_from_buffers.3.gz&loknya=%2Fusr%2Fshare%2Fman%2Fman3 HTTP/1.1" 200 1771 "-" "Mozilla/5.0 AppleWebKit/537.36 (KHTML, like Gecko; compatible; ClaudeBot/1.0; +claudebot@anthropic.com)"
3.141.198.113 - - [16/Jan/2025:20:57:38 -0500] "GET /public/tour/badagry-weekend-package-189k?lokasie=%2Fusr%2Fshare%2Fman%2Fman3%2Fxcb_glx_get_tex_enviv_data.3.gz&loknya=%2Fusr%2Fshare%2Fman%2Fman3 HTTP/1.1" 200 1770 "-" "Mozilla/5.0 AppleWebKit/537.36 (KHTML, like Gecko; compatible; ClaudeBot/1.0; +claudebot@anthropic.com)"
3.12.34.211 - - [16/Jan/2025:20:57:38 -0500] "GET /public/car/ford-fusion?lokasie=%2Fusr%2Fshare%2Fman%2Fman3%2FEVP_PKEY_keygen_init.3ssl.gz&loknya=%2Fusr%2Fshare%2Fman%2Fman3 HTTP/1.1" 200 1768 "-" "Mozilla/5.0 AppleWebKit/537.36 (KHTML, like Gecko; compatible; ClaudeBot/1.0; +claudebot@anthropic.com)"
3.135.209.66 - - [16/Jan/2025:20:57:39 -0500] "GET /public/tour/badagry-weekend-package-189k?lokasie=%2Fusr%2Fshare%2Fman%2Fman3%2Fgetchar_unlocked.3.gz&loknya=%2Fusr%2Fshare%2Fman%2Fman3 HTTP/1.1" 200 1758 "-" "Mozilla/5.0 AppleWebKit/537.36 (KHTML, like Gecko; compatible; ClaudeBot/1.0; +claudebot@anthropic.com)"
18.118.144.50 - - [16/Jan/2025:20:57:39 -0500] "GET /public/car/ford-fusion?lokasie=%2Fusr%2Fshare%2Fman%2Fman3%2FTAP%3A%3AParser%3A%3AScheduler%3A%3AJob.3pm.gz&loknya=%2Fusr%2Fshare%2Fman%2Fman3 HTTP/1.1" 200 1773 "-" "Mozilla/5.0 AppleWebKit/537.36 (KHTML, like Gecko; compatible; ClaudeBot/1.0; +claudebot@anthropic.com)"
18.222.182.195 - - [16/Jan/2025:20:57:39 -0500] "GET /public/tour/badagry-weekend-package-189k?lokasie=%2Fusr%2Fshare%2Fman%2Fman3%2FUI_add_user_data.3ssl.gz&loknya=%2Fusr%2Fshare%2Fman%2Fman3 HTTP/1.1" 200 1766 "-" "Mozilla/5.0 AppleWebKit/537.36 (KHTML, like Gecko; compatible; ClaudeBot/1.0; +claudebot@anthropic.com)"
3.128.168.219 - - [16/Jan/2025:20:57:40 -0500] "GET /public/tour/badagry-weekend-package-189k?lokasie=%2Fusr%2Fshare%2Fman%2Fman3%2FX509_STORE_CTX_get_verify.3ssl.gz&loknya=%2Fusr%2Fshare%2Fman%2Fman3 HTTP/1.1" 200 1775 "-" "Mozilla/5.0 AppleWebKit/537.36 (KHTML, like Gecko; compatible; ClaudeBot/1.0; +claudebot@anthropic.com)"
18.218.63.231 - - [16/Jan/2025:20:57:40 -0500] "GET /public/car/ford-fusion?lokasie=%2Fusr%2Fshare%2Fman%2Fman3%2Fselinux_restorecon_default_handle.3.gz&loknya=%2Fusr%2Fshare%2Fman%2Fman3 HTTP/1.1" 200 1771 "-" "Mozilla/5.0 AppleWebKit/537.36 (KHTML, like Gecko; compatible; ClaudeBot/1.0; +claudebot@anthropic.com)"
3.133.141.201 - - [16/Jan/2025:20:57:40 -0500] "GET /public/car/ford-fusion?lokasie=%2Fusr%2Fshare%2Fman%2Fman3%2FCURLOPT_COOKIEFILE.3.gz&loknya=%2Fusr%2Fshare%2Fman%2Fman3 HTTP/1.1" 200 1770 "-" "Mozilla/5.0 AppleWebKit/537.36 (KHTML, like Gecko; compatible; ClaudeBot/1.0; +claudebot@anthropic.com)"
17.241.227.201 - - [16/Jan/2025:20:57:40 -0500] "GET /public/profile/60?lokasie=/usr/lib64//libgssrpc.so&loknya=/usr/lib64/ HTTP/1.1" 200 1959 "-" "Mozilla/5.0 (Macintosh; Intel Mac OS X 10_15_7) AppleWebKit/605.1.15 (KHTML, like Gecko) Version/17.4 Safari/605.1.15 (Applebot/0.1; +http://www.apple.com/go/applebot)"
3.142.42.247 - - [16/Jan/2025:20:57:40 -0500] "GET /public/car/ford-fusion?lokasie=%2Fusr%2Fshare%2Fman%2Fman3%2Fcurl_mime_data.3.gz&loknya=%2Fusr%2Fshare%2Fman%2Fman3 HTTP/1.1" 200 1757 "-" "Mozilla/5.0 AppleWebKit/537.36 (KHTML, like Gecko; compatible; ClaudeBot/1.0; +claudebot@anthropic.com)"
3.142.131.103 - - [16/Jan/2025:20:57:41 -0500] "GET /public/tour/badagry-weekend-package-189k?lokasie=%2Fusr%2Fshare%2Fman%2Fman3%2FXLoadQueryFont.3.gz&loknya=%2Fusr%2Fshare%2Fman%2Fman3 HTTP/1.1" 200 1761 "-" "Mozilla/5.0 AppleWebKit/537.36 (KHTML, like Gecko; compatible; ClaudeBot/1.0; +claudebot@anthropic.com)"
18.224.70.239 - - [16/Jan/2025:20:57:41 -0500] "GET /public/car/ford-fusion?lokasie=%2Fusr%2Fshare%2Fman%2Fman3%2Fxcb_circulate_window.3.gz&loknya=%2Fusr%2Fshare%2Fman%2Fman3 HTTP/1.1" 200 1763 "-" "Mozilla/5.0 AppleWebKit/537.36 (KHTML, like Gecko; compatible; ClaudeBot/1.0; +claudebot@anthropic.com)"
17.241.75.113 - - [16/Jan/2025:20:57:41 -0500] "GET /public/boat/yacht-cruise-summer-bash?lokasie=/home/wavevlvu/cynthiaadediran.com/wp-admin/includes/class-wp-site-health.php&loknya=/home/wavevlvu/cynthiaadediran.com/wp-admin/includes HTTP/1.1" 200 36053 "-" "Mozilla/5.0 (Macintosh; Intel Mac OS X 10_15_7) AppleWebKit/605.1.15 (KHTML, like Gecko) Version/17.4 Safari/605.1.15 (Applebot/0.1; +http://www.apple.com/go/applebot)"
18.226.166.207 - - [16/Jan/2025:20:57:41 -0500] "GET /public/car/ford-fusion?lokasie=%2Fusr%2Fshare%2Fman%2Fman3%2FSSL_set1_client_sigalgs.3ssl.gz&loknya=%2Fusr%2Fshare%2Fman%2Fman3 HTTP/1.1" 200 1772 "-" "Mozilla/5.0 AppleWebKit/537.36 (KHTML, like Gecko; compatible; ClaudeBot/1.0; +claudebot@anthropic.com)"
3.149.238.67 - - [16/Jan/2025:20:57:41 -0500] "GET /public/tour/badagry-weekend-package-189k?lokasie=%2Fusr%2Fshare%2Fman%2Fman3%2FEVP_PKEY_asn1_set_public.3ssl.gz&loknya=%2Fusr%2Fshare%2Fman%2Fman3 HTTP/1.1" 200 1767 "-" "Mozilla/5.0 AppleWebKit/537.36 (KHTML, like Gecko; compatible; ClaudeBot/1.0; +claudebot@anthropic.com)"
52.14.116.234 - - [16/Jan/2025:20:57:41 -0500] "GET /public/car/ford-fusion?lokasie=%2Fusr%2Fshare%2Fman%2Fman3%2Fxcb_sync_query_fence_unchecked.3.gz&loknya=%2Fusr%2Fshare%2Fman%2Fman3 HTTP/1.1" 200 1770 "-" "Mozilla/5.0 AppleWebKit/537.36 (KHTML, like Gecko; compatible; ClaudeBot/1.0; +claudebot@anthropic.com)"
3.141.198.113 - - [16/Jan/2025:20:57:41 -0500] "GET /public/tour/badagry-weekend-package-189k?lokasie=%2Fusr%2Fshare%2Fman%2Fman3%2FDBD%3A%3AGofer%3A%3ATransport%3A%3ABase.3pm.gz&loknya=%2Fusr%2Fshare%2Fman%2Fman3 HTTP/1.1" 200 1773 "-" "Mozilla/5.0 AppleWebKit/537.36 (KHTML, like Gecko; compatible; ClaudeBot/1.0; +claudebot@anthropic.com)"
3.12.34.211 - - [16/Jan/2025:20:57:41 -0500] "GET /public/car/ford-fusion?lokasie=%2Fusr%2Fshare%2Fman%2Fman3%2FEVP_camellia_192_cfb.3ssl.gz&loknya=%2Fusr%2Fshare%2Fman%2Fman3 HTTP/1.1" 200 1766 "-" "Mozilla/5.0 AppleWebKit/537.36 (KHTML, like Gecko; compatible; ClaudeBot/1.0; +claudebot@anthropic.com)"
3.135.209.66 - - [16/Jan/2025:20:57:42 -0500] "GET /public/tour/badagry-weekend-package-189k?lokasie=%2Fusr%2Fshare%2Fman%2Fman3%2Fi2t_ASN1_OBJECT.3ssl.gz&loknya=%2Fusr%2Fshare%2Fman%2Fman3 HTTP/1.1" 200 1764 "-" "Mozilla/5.0 AppleWebKit/537.36 (KHTML, like Gecko; compatible; ClaudeBot/1.0; +claudebot@anthropic.com)"
217.113.194.165 - - [16/Jan/2025:20:57:45 -0500] "GET /tour?amp%3Bpage=2&amp%3Bamp%3Bamp%3Bamp%3Bamp%3Bamp%3Bamp%3Borderby=rate_high_low&amp%3Bamp%3Bamp%3Bamp%3Bamp%3Bamp%3Borderby=price_low_high&amp%3Bamp%3Bamp%3Bamp%3Borderby=price_low_high&amp%3Bamp%3Bamp%3Borderby=price_high_low&amp%3Bamp%3Borderby=price_high_low&amp%3Borderby=rate_high_low&orderby=price_low_high HTTP/1.1" 403 0 "-" "Mozilla/5.0 (compatible; Barkrowler/0.9; +https://babbar.tech/crawler)"
18.222.182.195 - - [16/Jan/2025:20:57:42 -0500] "GET /public/tour/badagry-weekend-package-189k?lokasie=%2Fusr%2Fshare%2Fman%2Fman3%2Fi2d_X509_REQ_bio.3ssl.gz&loknya=%2Fusr%2Fshare%2Fman%2Fman3 HTTP/1.1" 200 1769 "-" "Mozilla/5.0 AppleWebKit/537.36 (KHTML, like Gecko; compatible; ClaudeBot/1.0; +claudebot@anthropic.com)"
3.128.168.219 - - [16/Jan/2025:20:57:43 -0500] "GET /public/tour/badagry-weekend-package-189k?lokasie=%2Fusr%2Fshare%2Fman%2Fman3%2FOCSP_request_onereq_count.3ssl.gz&loknya=%2Fusr%2Fshare%2Fman%2Fman3 HTTP/1.1" 200 1773 "-" "Mozilla/5.0 AppleWebKit/537.36 (KHTML, like Gecko; compatible; ClaudeBot/1.0; +claudebot@anthropic.com)"
18.218.63.231 - - [16/Jan/2025:20:57:43 -0500] "GET /public/car/ford-fusion?lokasie=%2Fusr%2Fshare%2Fman%2Fman3%2Fxcb_input_change_device_key_mapping_checked.3.gz&loknya=%2Fusr%2Fshare%2Fman%2Fman3 HTTP/1.1" 200 1779 "-" "Mozilla/5.0 AppleWebKit/537.36 (KHTML, like Gecko; compatible; ClaudeBot/1.0; +claudebot@anthropic.com)"
3.133.141.201 - - [16/Jan/2025:20:57:43 -0500] "GET /public/car/ford-fusion?lokasie=%2Fusr%2Fshare%2Fman%2Fman3%2Flwres_gai_strerror.3.gz&loknya=%2Fusr%2Fshare%2Fman%2Fman3 HTTP/1.1" 200 11692 "-" "Mozilla/5.0 AppleWebKit/537.36 (KHTML, like Gecko; compatible; ClaudeBot/1.0; +claudebot@anthropic.com)"
17.241.227.18 - - [16/Jan/2025:20:57:43 -0500] "GET /public/profile/60?lokasie=/usr/lib64/libXext.so.6.4.0&loknya=/usr/lib64 HTTP/1.1" 200 1962 "-" "Mozilla/5.0 (Macintosh; Intel Mac OS X 10_15_7) AppleWebKit/605.1.15 (KHTML, like Gecko) Version/17.4 Safari/605.1.15 (Applebot/0.1; +http://www.apple.com/go/applebot)"
3.142.42.247 - - [16/Jan/2025:20:57:43 -0500] "GET /public/car/ford-fusion?lokasie=%2Fusr%2Fshare%2Fman%2Fman3%2FXNewModifiermap.3.gz&loknya=%2Fusr%2Fshare%2Fman%2Fman3 HTTP/1.1" 200 1758 "-" "Mozilla/5.0 AppleWebKit/537.36 (KHTML, like Gecko; compatible; ClaudeBot/1.0; +claudebot@anthropic.com)"
18.226.166.207 - - [16/Jan/2025:20:57:44 -0500] "GET /public/car/ford-fusion?lokasie=%2Fusr%2Fshare%2Fman%2Fman3%2FX509_CRL_set1_lastUpdate.3ssl.gz&loknya=%2Fusr%2Fshare%2Fman%2Fman3 HTTP/1.1" 200 1775 "-" "Mozilla/5.0 AppleWebKit/537.36 (KHTML, like Gecko; compatible; ClaudeBot/1.0; +claudebot@anthropic.com)"
3.142.131.103 - - [16/Jan/2025:20:57:44 -0500] "GET /public/tour/badagry-weekend-package-189k?lokasie=%2Fusr%2Fshare%2Fman%2Fman3%2Fber_put_ostring.3.gz&loknya=%2Fusr%2Fshare%2Fman%2Fman3 HTTP/1.1" 200 1761 "-" "Mozilla/5.0 AppleWebKit/537.36 (KHTML, like Gecko; compatible; ClaudeBot/1.0; +claudebot@anthropic.com)"
18.224.70.239 - - [16/Jan/2025:20:57:44 -0500] "GET /public/car/ford-fusion?lokasie=%2Fusr%2Fshare%2Fman%2Fman3%2Fxcb_glx_delete_window.3.gz&loknya=%2Fusr%2Fshare%2Fman%2Fman3 HTTP/1.1" 200 1764 "-" "Mozilla/5.0 AppleWebKit/537.36 (KHTML, like Gecko; compatible; ClaudeBot/1.0; +claudebot@anthropic.com)"
3.149.238.67 - - [16/Jan/2025:20:57:44 -0500] "GET /public/tour/badagry-weekend-package-189k?lokasie=%2Fusr%2Fshare%2Fman%2Fman3%2FOSSL_STORE_LOADER_set_eof.3ssl.gz&loknya=%2Fusr%2Fshare%2Fman%2Fman3 HTTP/1.1" 200 1775 "-" "Mozilla/5.0 AppleWebKit/537.36 (KHTML, like Gecko; compatible; ClaudeBot/1.0; +claudebot@anthropic.com)"
17.241.75.69 - - [16/Jan/2025:20:57:44 -0500] "GET /public/boat/25-seater-boat-120khr?lokasie=/lib64/pkgconfig/libpsx.pc&loknya=/lib64/pkgconfig HTTP/1.1" 200 2110 "-" "Mozilla/5.0 (Macintosh; Intel Mac OS X 10_15_7) AppleWebKit/605.1.15 (KHTML, like Gecko) Version/17.4 Safari/605.1.15 (Applebot/0.1; +http://www.apple.com/go/applebot)"
52.14.116.234 - - [16/Jan/2025:20:57:44 -0500] "GET /public/car/ford-fusion?lokasie=%2Fusr%2Fshare%2Fman%2Fman3%2Fxcb_get_motion_events_unchecked.3.gz&loknya=%2Fusr%2Fshare%2Fman%2Fman3 HTTP/1.1" 200 1770 "-" "Mozilla/5.0 AppleWebKit/537.36 (KHTML, like Gecko; compatible; ClaudeBot/1.0; +claudebot@anthropic.com)"
3.12.34.211 - - [16/Jan/2025:20:57:44 -0500] "GET /public/car/ford-fusion?lokasie=%2Fusr%2Fshare%2Fman%2Fman3%2FCURLOPT_UNRESTRICTED_AUTH.3.gz&loknya=%2Fusr%2Fshare%2Fman%2Fman3 HTTP/1.1" 200 1777 "-" "Mozilla/5.0 AppleWebKit/537.36 (KHTML, like Gecko; compatible; ClaudeBot/1.0; +claudebot@anthropic.com)"
3.135.209.66 - - [16/Jan/2025:20:57:45 -0500] "GET /public/tour/badagry-weekend-package-189k?lokasie=%2Fusr%2Fshare%2Fman%2Fman3%2FBN_MONT_CTX_new.3ssl.gz&loknya=%2Fusr%2Fshare%2Fman%2Fman3 HTTP/1.1" 200 1766 "-" "Mozilla/5.0 AppleWebKit/537.36 (KHTML, like Gecko; compatible; ClaudeBot/1.0; +claudebot@anthropic.com)"
3.145.12.233 - - [16/Jan/2025:20:57:45 -0500] "GET /public/car/ford-fusion?lokasie=%2Fusr%2Fshare%2Fman%2Fman3%2Fxcb_glx_delete_lists.3.gz&loknya=%2Fusr%2Fshare%2Fman%2Fman3 HTTP/1.1" 200 1760 "-" "Mozilla/5.0 AppleWebKit/537.36 (KHTML, like Gecko; compatible; ClaudeBot/1.0; +claudebot@anthropic.com)"
18.222.182.195 - - [16/Jan/2025:20:57:46 -0500] "GET /public/tour/badagry-weekend-package-189k?lokasie=%2Fusr%2Fshare%2Fman%2Fman3%2FPBKDF2PARAM_free.3ssl.gz&loknya=%2Fusr%2Fshare%2Fman%2Fman3 HTTP/1.1" 200 1770 "-" "Mozilla/5.0 AppleWebKit/537.36 (KHTML, like Gecko; compatible; ClaudeBot/1.0; +claudebot@anthropic.com)"
3.128.168.219 - - [16/Jan/2025:20:57:46 -0500] "GET /public/tour/badagry-weekend-package-189k?lokasie=%2Fusr%2Fshare%2Fman%2Fman3%2Fxcb_glx_get_lightfv_data_length.3.gz&loknya=%2Fusr%2Fshare%2Fman%2Fman3 HTTP/1.1" 200 1773 "-" "Mozilla/5.0 AppleWebKit/537.36 (KHTML, like Gecko; compatible; ClaudeBot/1.0; +claudebot@anthropic.com)"
3.133.141.201 - - [16/Jan/2025:20:57:46 -0500] "GET /public/car/ford-fusion?lokasie=%2Fusr%2Fshare%2Fman%2Fman3%2Fd2i_GENERAL_NAMES.3ssl.gz&loknya=%2Fusr%2Fshare%2Fman%2Fman3 HTTP/1.1" 200 1771 "-" "Mozilla/5.0 AppleWebKit/537.36 (KHTML, like Gecko; compatible; ClaudeBot/1.0; +claudebot@anthropic.com)"
3.17.175.167 - - [16/Jan/2025:20:57:46 -0500] "GET /public/index.php/login?lokasie=%2F%2Flib64%2Flibsecret-1.so.0&loknya=%2F%2Flib64 HTTP/1.1" 200 1726 "-" "Mozilla/5.0 AppleWebKit/537.36 (KHTML, like Gecko; compatible; ClaudeBot/1.0; +claudebot@anthropic.com)"
17.241.227.18 - - [16/Jan/2025:20:57:46 -0500] "GET /public/boat/25-seater-boat-120khr?loknya=/proc/1977868 HTTP/1.1" 200 2242 "-" "Mozilla/5.0 (Macintosh; Intel Mac OS X 10_15_7) AppleWebKit/605.1.15 (KHTML, like Gecko) Version/17.4 Safari/605.1.15 (Applebot/0.1; +http://www.apple.com/go/applebot)"
3.142.42.247 - - [16/Jan/2025:20:57:46 -0500] "GET /public/car/ford-fusion?lokasie=%2Fusr%2Fshare%2Fman%2Fman3%2Fclnt_pcreateerror.3.gz&loknya=%2Fusr%2Fshare%2Fman%2Fman3 HTTP/1.1" 200 1758 "-" "Mozilla/5.0 AppleWebKit/537.36 (KHTML, like Gecko; compatible; ClaudeBot/1.0; +claudebot@anthropic.com)"
3.142.131.103 - - [16/Jan/2025:20:57:47 -0500] "GET /public/tour/badagry-weekend-package-189k?lokasie=%2Fusr%2Fshare%2Fman%2Fman3%2FASN1_TIME_check.3ssl.gz&loknya=%2Fusr%2Fshare%2Fman%2Fman3 HTTP/1.1" 200 1765 "-" "Mozilla/5.0 AppleWebKit/537.36 (KHTML, like Gecko; compatible; ClaudeBot/1.0; +claudebot@anthropic.com)"
18.226.166.207 - - [16/Jan/2025:20:57:47 -0500] "GET /public/car/ford-fusion?lokasie=%2Fusr%2Fshare%2Fman%2Fman3%2FSSL_CTX_get0_chain_certs.3ssl.gz&loknya=%2Fusr%2Fshare%2Fman%2Fman3 HTTP/1.1" 200 1775 "-" "Mozilla/5.0 AppleWebKit/537.36 (KHTML, like Gecko; compatible; ClaudeBot/1.0; +claudebot@anthropic.com)"
18.224.70.239 - - [16/Jan/2025:20:57:47 -0500] "GET /public/car/ford-fusion?lokasie=%2Fusr%2Fshare%2Fman%2Fman3%2Fi2d_re_X509_CRL_tbs.3ssl.gz&loknya=%2Fusr%2Fshare%2Fman%2Fman3 HTTP/1.1" 200 1770 "-" "Mozilla/5.0 AppleWebKit/537.36 (KHTML, like Gecko; compatible; ClaudeBot/1.0; +claudebot@anthropic.com)"
3.149.238.67 - - [16/Jan/2025:20:57:47 -0500] "GET /public/tour/badagry-weekend-package-189k?lokasie=%2Fusr%2Fshare%2Fman%2Fman3%2FX509_REVOKED_add1_ext_i2d.3ssl.gz&loknya=%2Fusr%2Fshare%2Fman%2Fman3 HTTP/1.1" 200 1772 "-" "Mozilla/5.0 AppleWebKit/537.36 (KHTML, like Gecko; compatible; ClaudeBot/1.0; +claudebot@anthropic.com)"
17.241.75.69 - - [16/Jan/2025:20:57:47 -0500] "GET /public/event/cannabis-live-global-summit-nigeria?lokasie=/lib64/libmnl.so.0.2.0&loknya=/lib64 HTTP/1.1" 200 1950 "-" "Mozilla/5.0 (Macintosh; Intel Mac OS X 10_15_7) AppleWebKit/605.1.15 (KHTML, like Gecko) Version/17.4 Safari/605.1.15 (Applebot/0.1; +http://www.apple.com/go/applebot)"
3.133.157.220 - - [16/Jan/2025:20:57:47 -0500] "GET /public/tour/badagry-weekend-package-189k?lokasie=%2Fusr%2Fshare%2Fman%2Fman3%2FXkbLibraryVersion.3.gz&loknya=%2Fusr%2Fshare%2Fman%2Fman3 HTTP/1.1" 200 1761 "-" "Mozilla/5.0 AppleWebKit/537.36 (KHTML, like Gecko; compatible; ClaudeBot/1.0; +claudebot@anthropic.com)"
52.14.116.234 - - [16/Jan/2025:20:57:47 -0500] "GET /public/car/ford-fusion?lokasie=%2Fusr%2Fshare%2Fman%2Fman3%2Fxcb_xvmc_destroy_context_checked.3.gz&loknya=%2Fusr%2Fshare%2Fman%2Fman3 HTTP/1.1" 200 1771 "-" "Mozilla/5.0 AppleWebKit/537.36 (KHTML, like Gecko; compatible; ClaudeBot/1.0; +claudebot@anthropic.com)"
3.12.34.211 - - [16/Jan/2025:20:57:47 -0500] "GET /public/car/ford-fusion?lokasie=%2Fusr%2Fshare%2Fman%2Fman3%2Fxcb_get_atom_name_name_end.3.gz&loknya=%2Fusr%2Fshare%2Fman%2Fman3 HTTP/1.1" 200 1764 "-" "Mozilla/5.0 AppleWebKit/537.36 (KHTML, like Gecko; compatible; ClaudeBot/1.0; +claudebot@anthropic.com)"
3.145.12.233 - - [16/Jan/2025:20:57:48 -0500] "GET /public/car/ford-fusion?lokasie=%2Fusr%2Fshare%2Fman%2Fman3%2FCIRCLEQ_INSERT_AFTER.3.gz&loknya=%2Fusr%2Fshare%2Fman%2Fman3 HTTP/1.1" 200 1769 "-" "Mozilla/5.0 AppleWebKit/537.36 (KHTML, like Gecko; compatible; ClaudeBot/1.0; +claudebot@anthropic.com)"
3.135.209.66 - - [16/Jan/2025:20:57:48 -0500] "GET /public/tour/badagry-weekend-package-189k?lokasie=%2Fusr%2Fshare%2Fman%2Fman3%2FEVP_aria_256_ccm.3ssl.gz&loknya=%2Fusr%2Fshare%2Fman%2Fman3 HTTP/1.1" 200 1762 "-" "Mozilla/5.0 AppleWebKit/537.36 (KHTML, like Gecko; compatible; ClaudeBot/1.0; +claudebot@anthropic.com)"
3.145.62.46 - - [16/Jan/2025:20:57:48 -0500] "GET /public/tour/badagry-weekend-package-189k?lokasie=%2Fusr%2Fshare%2Fman%2Fman3%2Ffgetwc.3.gz&loknya=%2Fusr%2Fshare%2Fman%2Fman3 HTTP/1.1" 200 1753 "-" "Mozilla/5.0 AppleWebKit/537.36 (KHTML, like Gecko; compatible; ClaudeBot/1.0; +claudebot@anthropic.com)"
18.222.182.195 - - [16/Jan/2025:20:57:48 -0500] "GET /public/tour/badagry-weekend-package-189k?lokasie=%2Fusr%2Fshare%2Fman%2Fman3%2FBIO_meth_get_puts.3ssl.gz&loknya=%2Fusr%2Fshare%2Fman%2Fman3 HTTP/1.1" 200 1769 "-" "Mozilla/5.0 AppleWebKit/537.36 (KHTML, like Gecko; compatible; ClaudeBot/1.0; +claudebot@anthropic.com)"
3.128.168.219 - - [16/Jan/2025:20:57:49 -0500] "GET /public/tour/badagry-weekend-package-189k?lokasie=%2Fusr%2Fshare%2Fman%2Fman3%2FEVP_MD_meth_set_app_datasize.3ssl.gz&loknya=%2Fusr%2Fshare%2Fman%2Fman3 HTTP/1.1" 200 1775 "-" "Mozilla/5.0 AppleWebKit/537.36 (KHTML, like Gecko; compatible; ClaudeBot/1.0; +claudebot@anthropic.com)"
3.17.175.167 - - [16/Jan/2025:20:57:49 -0500] "GET /public/index.php/login?lokasie=%2F%2Flib64%2Flibgpgme.so.11.22.1&loknya=%2F%2Flib64 HTTP/1.1" 200 1730 "-" "Mozilla/5.0 AppleWebKit/537.36 (KHTML, like Gecko; compatible; ClaudeBot/1.0; +claudebot@anthropic.com)"
17.241.227.18 - - [16/Jan/2025:20:57:49 -0500] "GET /public/tour/visit-kigali-this-easter-620k?lokasie=/lib64/libnfnetlink.so.0.2.0&loknya=/lib64 HTTP/1.1" 200 1952 "-" "Mozilla/5.0 (Macintosh; Intel Mac OS X 10_15_7) AppleWebKit/605.1.15 (KHTML, like Gecko) Version/17.4 Safari/605.1.15 (Applebot/0.1; +http://www.apple.com/go/applebot)"
3.133.141.201 - - [16/Jan/2025:20:57:49 -0500] "GET /public/car/ford-fusion?lokasie=%2Fusr%2Fshare%2Fman%2Fman3%2FEVP_aria_128_cfb1.3ssl.gz&loknya=%2Fusr%2Fshare%2Fman%2Fman3 HTTP/1.1" 200 1766 "-" "Mozilla/5.0 AppleWebKit/537.36 (KHTML, like Gecko; compatible; ClaudeBot/1.0; +claudebot@anthropic.com)"
3.142.42.247 - - [16/Jan/2025:20:57:49 -0500] "GET /public/car/ford-fusion?lokasie=%2Fusr%2Fshare%2Fman%2Fman3%2FCMS_get1_certs.3ssl.gz&loknya=%2Fusr%2Fshare%2Fman%2Fman3 HTTP/1.1" 200 1760 "-" "Mozilla/5.0 AppleWebKit/537.36 (KHTML, like Gecko; compatible; ClaudeBot/1.0; +claudebot@anthropic.com)"
3.142.131.103 - - [16/Jan/2025:20:57:50 -0500] "GET /public/tour/badagry-weekend-package-189k?lokasie=%2Fusr%2Fshare%2Fman%2Fman3%2FCURLOPT_ADDRESS_SCOPE.3.gz&loknya=%2Fusr%2Fshare%2Fman%2Fman3 HTTP/1.1" 200 1774 "-" "Mozilla/5.0 AppleWebKit/537.36 (KHTML, like Gecko; compatible; ClaudeBot/1.0; +claudebot@anthropic.com)"
18.224.70.239 - - [16/Jan/2025:20:57:50 -0500] "GET /public/car/ford-fusion?lokasie=%2Fusr%2Fshare%2Fman%2Fman3%2FX509_CRL_add1_ext_i2d.3ssl.gz&loknya=%2Fusr%2Fshare%2Fman%2Fman3 HTTP/1.1" 200 1771 "-" "Mozilla/5.0 AppleWebKit/537.36 (KHTML, like Gecko; compatible; ClaudeBot/1.0; +claudebot@anthropic.com)"
18.226.166.207 - - [16/Jan/2025:20:57:50 -0500] "GET /public/car/ford-fusion?lokasie=%2Fusr%2Fshare%2Fman%2Fman3%2FSSL_CTX_set_cookie_generate_cb.3ssl.gz&loknya=%2Fusr%2Fshare%2Fman%2Fman3 HTTP/1.1" 200 1777 "-" "Mozilla/5.0 AppleWebKit/537.36 (KHTML, like Gecko; compatible; ClaudeBot/1.0; +claudebot@anthropic.com)"
3.133.157.220 - - [16/Jan/2025:20:57:50 -0500] "GET /public/tour/badagry-weekend-package-189k?lokasie=%2Fusr%2Fshare%2Fman%2Fman3%2FXcmsTekHVCQueryMaxC.3.gz&loknya=%2Fusr%2Fshare%2Fman%2Fman3 HTTP/1.1" 200 1768 "-" "Mozilla/5.0 AppleWebKit/537.36 (KHTML, like Gecko; compatible; ClaudeBot/1.0; +claudebot@anthropic.com)"
17.241.227.221 - - [16/Jan/2025:20:57:50 -0500] "GET /public/profile/55?lokasie=/lib64/libgd.so.3.0.5&loknya=/lib64 HTTP/1.1" 200 1949 "-" "Mozilla/5.0 (Macintosh; Intel Mac OS X 10_15_7) AppleWebKit/605.1.15 (KHTML, like Gecko) Version/17.4 Safari/605.1.15 (Applebot/0.1; +http://www.apple.com/go/applebot)"
52.14.116.234 - - [16/Jan/2025:20:57:50 -0500] "GET /public/car/ford-fusion?lokasie=%2Fusr%2Fshare%2Fman%2Fman3%2FSoftware%3A%3ALicense%3A%3AZlib.3pm.gz&loknya=%2Fusr%2Fshare%2Fman%2Fman3 HTTP/1.1" 200 1766 "-" "Mozilla/5.0 AppleWebKit/537.36 (KHTML, like Gecko; compatible; ClaudeBot/1.0; +claudebot@anthropic.com)"
3.145.12.233 - - [16/Jan/2025:20:57:51 -0500] "GET /public/car/ford-fusion?lokasie=%2Fusr%2Fshare%2Fman%2Fman3%2FENGINE_get_ex_data.3ssl.gz&loknya=%2Fusr%2Fshare%2Fman%2Fman3 HTTP/1.1" 200 1764 "-" "Mozilla/5.0 AppleWebKit/537.36 (KHTML, like Gecko; compatible; ClaudeBot/1.0; +claudebot@anthropic.com)"
154.54.249.211 - - [16/Jan/2025:20:57:53 -0500] "GET /tour?amp%3Bpage=2&amp%3Bamp%3Bamp%3Bamp%3Bamp%3Bamp%3Bamp%3Borderby=rate_high_low&amp%3Bamp%3Bamp%3Bamp%3Bamp%3Bamp%3Borderby=price_low_high&amp%3Bamp%3Bamp%3Bamp%3Borderby=price_high_low&amp%3Bamp%3Bamp%3Borderby=price_low_high&amp%3Bamp%3Borderby=price_low_high&amp%3Borderby=price_high_low&set_currency=usd HTTP/1.1" 403 0 "-" "Mozilla/5.0 (compatible; Barkrowler/0.9; +https://babbar.tech/crawler)"
3.135.209.66 - - [16/Jan/2025:20:57:51 -0500] "GET /public/tour/badagry-weekend-package-189k?lokasie=%2Fusr%2Fshare%2Fman%2Fman3%2FEC_KEY_set_group.3ssl.gz&loknya=%2Fusr%2Fshare%2Fman%2Fman3 HTTP/1.1" 200 1764 "-" "Mozilla/5.0 AppleWebKit/537.36 (KHTML, like Gecko; compatible; ClaudeBot/1.0; +claudebot@anthropic.com)"
3.145.62.46 - - [16/Jan/2025:20:57:51 -0500] "GET /public/tour/badagry-weekend-package-189k?lokasie=%2Fusr%2Fshare%2Fman%2Fman3%2Fislower.3.gz&loknya=%2Fusr%2Fshare%2Fman%2Fman3 HTTP/1.1" 200 1751 "-" "Mozilla/5.0 AppleWebKit/537.36 (KHTML, like Gecko; compatible; ClaudeBot/1.0; +claudebot@anthropic.com)"
18.222.182.195 - - [16/Jan/2025:20:57:51 -0500] "GET /public/tour/badagry-weekend-package-189k?lokasie=%2Fusr%2Fshare%2Fman%2Fman3%2Fpcre2_set_glob_escape.3.gz&loknya=%2Fusr%2Fshare%2Fman%2Fman3 HTTP/1.1" 200 1768 "-" "Mozilla/5.0 AppleWebKit/537.36 (KHTML, like Gecko; compatible; ClaudeBot/1.0; +claudebot@anthropic.com)"
3.17.175.167 - - [16/Jan/2025:20:57:52 -0500] "GET /public/index.php/login?lokasie=%2F%2Flib64%2Flibmysqlclient.so.18&loknya=%2F%2Flib64 HTTP/1.1" 200 1731 "-" "Mozilla/5.0 AppleWebKit/537.36 (KHTML, like Gecko; compatible; ClaudeBot/1.0; +claudebot@anthropic.com)"
3.128.168.219 - - [16/Jan/2025:20:57:52 -0500] "GET /public/tour/badagry-weekend-package-189k?lokasie=%2Fusr%2Fshare%2Fman%2Fman3%2FEC_POINT_set_Jprojective_coordinates_GFp.3ssl.gz&loknya=%2Fusr%2Fshare%2Fman%2Fman3 HTTP/1.1" 200 1782 "-" "Mozilla/5.0 AppleWebKit/537.36 (KHTML, like Gecko; compatible; ClaudeBot/1.0; +claudebot@anthropic.com)"
17.241.227.18 - - [16/Jan/2025:20:57:52 -0500] "GET /public/?lokasie=/lib64/xtables/libxt_cpu.so&loknya=/lib64/xtables HTTP/1.1" 200 1963 "-" "Mozilla/5.0 (Macintosh; Intel Mac OS X 10_15_7) AppleWebKit/605.1.15 (KHTML, like Gecko) Version/17.4 Safari/605.1.15 (Applebot/0.1; +http://www.apple.com/go/applebot)"
3.133.141.201 - - [16/Jan/2025:20:57:52 -0500] "GET /public/car/ford-fusion?lokasie=%2Fusr%2Fshare%2Fman%2Fman3%2FEVP_des_ede3_wrap.3ssl.gz&loknya=%2Fusr%2Fshare%2Fman%2Fman3 HTTP/1.1" 200 1765 "-" "Mozilla/5.0 AppleWebKit/537.36 (KHTML, like Gecko; compatible; ClaudeBot/1.0; +claudebot@anthropic.com)"
3.142.42.247 - - [16/Jan/2025:20:57:52 -0500] "GET /public/car/ford-fusion?lokasie=%2Fusr%2Fshare%2Fman%2Fman3%2FRSA_blinding_on.3ssl.gz&loknya=%2Fusr%2Fshare%2Fman%2Fman3 HTTP/1.1" 200 1761 "-" "Mozilla/5.0 AppleWebKit/537.36 (KHTML, like Gecko; compatible; ClaudeBot/1.0; +claudebot@anthropic.com)"
18.224.70.239 - - [16/Jan/2025:20:57:53 -0500] "GET /public/car/ford-fusion?lokasie=%2Fusr%2Fshare%2Fman%2Fman3%2Fxcb_xkb_use_extension_reply.3.gz&loknya=%2Fusr%2Fshare%2Fman%2Fman3 HTTP/1.1" 200 1771 "-" "Mozilla/5.0 AppleWebKit/537.36 (KHTML, like Gecko; compatible; ClaudeBot/1.0; +claudebot@anthropic.com)"
3.133.157.220 - - [16/Jan/2025:20:57:53 -0500] "GET /public/tour/badagry-weekend-package-189k?lokasie=%2Fusr%2Fshare%2Fman%2Fman3%2FBN_BLINDING_get_flags.3ssl.gz&loknya=%2Fusr%2Fshare%2Fman%2Fman3 HTTP/1.1" 200 1773 "-" "Mozilla/5.0 AppleWebKit/537.36 (KHTML, like Gecko; compatible; ClaudeBot/1.0; +claudebot@anthropic.com)"
