3.135.247.237 - - [16/Jan/2025:20:59:46 -0500] "GET /public/car/ford-fusion?lokasie=%2Fusr%2Fshare%2Fman%2Fman3%2Fxcb_glx_render_mode_reply.3.gz&loknya=%2Fusr%2Fshare%2Fman%2Fman3 HTTP/1.1" 200 1770 "-" "Mozilla/5.0 AppleWebKit/537.36 (KHTML, like Gecko; compatible; ClaudeBot/1.0; +claudebot@anthropic.com)"
3.145.59.167 - - [16/Jan/2025:20:59:46 -0500] "GET /public/tour/badagry-weekend-package-189k?lokasie=%2Fusr%2Fshare%2Fman%2Fman3%2FDigest%3A%3AHMAC.3pm.gz&loknya=%2Fusr%2Fshare%2Fman%2Fman3 HTTP/1.1" 200 1759 "-" "Mozilla/5.0 AppleWebKit/537.36 (KHTML, like Gecko; compatible; ClaudeBot/1.0; +claudebot@anthropic.com)"
3.137.186.186 - - [16/Jan/2025:20:59:47 -0500] "GET /public/tour/badagry-weekend-package-189k?lokasie=%2Fusr%2Fshare%2Fman%2Fman3%2FSoftware%3A%3ALicense%3A%3ASSLeay.3pm.gz&loknya=%2Fusr%2Fshare%2Fman%2Fman3 HTTP/1.1" 200 1769 "-" "Mozilla/5.0 AppleWebKit/537.36 (KHTML, like Gecko; compatible; ClaudeBot/1.0; +claudebot@anthropic.com)"
3.145.105.199 - - [16/Jan/2025:20:59:47 -0500] "GET /public/car/ford-fusion?lokasie=%2Fusr%2Fshare%2Fman%2Fman3%2FSSL_SESSION_get0_ticket.3ssl.gz&loknya=%2Fusr%2Fshare%2Fman%2Fman3 HTTP/1.1" 200 1773 "-" "Mozilla/5.0 AppleWebKit/537.36 (KHTML, like Gecko; compatible; ClaudeBot/1.0; +claudebot@anthropic.com)"
3.15.186.27 - - [16/Jan/2025:20:59:48 -0500] "GET /public/car/ford-fusion?lokasie=%2Fusr%2Fshare%2Fman%2Fman3%2FCURLOPT_POSTFIELDSIZE.3.gz&loknya=%2Fusr%2Fshare%2Fman%2Fman3 HTTP/1.1" 200 1773 "-" "Mozilla/5.0 AppleWebKit/537.36 (KHTML, like Gecko; compatible; ClaudeBot/1.0; +claudebot@anthropic.com)"
13.58.221.124 - - [16/Jan/2025:20:59:48 -0500] "GET /public/car/ford-fusion?lokasie=%2Fusr%2Fshare%2Fman%2Fman3%2Fldap_control_find.3.gz&loknya=%2Fusr%2Fshare%2Fman%2Fman3 HTTP/1.1" 200 1758 "-" "Mozilla/5.0 AppleWebKit/537.36 (KHTML, like Gecko; compatible; ClaudeBot/1.0; +claudebot@anthropic.com)"
3.145.55.25 - - [16/Jan/2025:20:59:48 -0500] "GET /public/car/ford-fusion?lokasie=%2Fusr%2Fshare%2Fman%2Fman3%2Fxcb_x_print_print_get_attributes.3.gz&loknya=%2Fusr%2Fshare%2Fman%2Fman3 HTTP/1.1" 200 1766 "-" "Mozilla/5.0 AppleWebKit/537.36 (KHTML, like Gecko; compatible; ClaudeBot/1.0; +claudebot@anthropic.com)"
18.188.245.104 - - [16/Jan/2025:20:59:48 -0500] "GET /public/tour/badagry-weekend-package-189k?lokasie=%2Fusr%2Fshare%2Fman%2Fman3%2FEVP_PKEY_asn1_set_siginf.3ssl.gz&loknya=%2Fusr%2Fshare%2Fman%2Fman3 HTTP/1.1" 200 1774 "-" "Mozilla/5.0 AppleWebKit/537.36 (KHTML, like Gecko; compatible; ClaudeBot/1.0; +claudebot@anthropic.com)"
18.226.98.244 - - [16/Jan/2025:20:59:48 -0500] "GET /public/tour/badagry-weekend-package-189k?lokasie=%2Fusr%2Fshare%2Fman%2Fman3%2FPKCS12_SAFEBAG_new.3ssl.gz&loknya=%2Fusr%2Fshare%2Fman%2Fman3 HTTP/1.1" 200 1772 "-" "Mozilla/5.0 AppleWebKit/537.36 (KHTML, like Gecko; compatible; ClaudeBot/1.0; +claudebot@anthropic.com)"
18.224.64.51 - - [16/Jan/2025:20:59:49 -0500] "GET /public/car/ford-fusion?lokasie=%2Fusr%2Fshare%2Fman%2Fman3%2FHTTP%3A%3ANegotiate.3pm.gz&loknya=%2Fusr%2Fshare%2Fman%2Fman3 HTTP/1.1" 200 1761 "-" "Mozilla/5.0 AppleWebKit/537.36 (KHTML, like Gecko; compatible; ClaudeBot/1.0; +claudebot@anthropic.com)"
216.244.66.237 - - [16/Jan/2025:20:59:49 -0500] "GET /public/profile/28/services?loknya=/lib/.build-id/fb HTTP/1.1" 200 39129 "-" "Mozilla/5.0 (compatible; DotBot/1.2; +https://opensiteexplorer.org/dotbot; help@moz.com)"
3.135.247.237 - - [16/Jan/2025:20:59:49 -0500] "GET /public/index.php/login?loknya=%2Fproc%2Fself%2Froot%2Fopt%2Fimunify360%2Fvenv%2Flib%2Fpython3.11%2Fsite-packages%2FCrypto%2FUtil HTTP/1.1" 200 2972 "-" "Mozilla/5.0 AppleWebKit/537.36 (KHTML, like Gecko; compatible; ClaudeBot/1.0; +claudebot@anthropic.com)"
3.145.59.167 - - [16/Jan/2025:20:59:49 -0500] "GET /public/tour/badagry-weekend-package-189k?lokasie=%2Fusr%2Fshare%2Fman%2Fman3%2FFcPatternIterEqual.3.gz&loknya=%2Fusr%2Fshare%2Fman%2Fman3 HTTP/1.1" 200 1761 "-" "Mozilla/5.0 AppleWebKit/537.36 (KHTML, like Gecko; compatible; ClaudeBot/1.0; +claudebot@anthropic.com)"
3.137.186.186 - - [16/Jan/2025:20:59:50 -0500] "GET /public/tour/badagry-weekend-package-189k?lokasie=%2Fusr%2Flib64%2Fpython3.6%2Fsite-packages%2FREADME.txt&loknya=%2Fusr%2Flib64%2Fpython3.6%2Fsite-packages HTTP/1.1" 200 1839 "-" "Mozilla/5.0 AppleWebKit/537.36 (KHTML, like Gecko; compatible; ClaudeBot/1.0; +claudebot@anthropic.com)"
3.15.188.75 - - [16/Jan/2025:20:59:50 -0500] "GET /public/car/ford-fusion?lokasie=%2Fusr%2Fshare%2Fman%2Fman3%2Fd2i_ECParameters.3ssl.gz&loknya=%2Fusr%2Fshare%2Fman%2Fman3 HTTP/1.1" 200 1762 "-" "Mozilla/5.0 AppleWebKit/537.36 (KHTML, like Gecko; compatible; ClaudeBot/1.0; +claudebot@anthropic.com)"
3.15.186.27 - - [16/Jan/2025:20:59:51 -0500] "GET /public/car/ford-fusion?lokasie=%2Fusr%2Fshare%2Fman%2Fman3%2FBN_BLINDING_update.3ssl.gz&loknya=%2Fusr%2Fshare%2Fman%2Fman3 HTTP/1.1" 500 322 "-" "Mozilla/5.0 AppleWebKit/537.36 (KHTML, like Gecko; compatible; ClaudeBot/1.0; +claudebot@anthropic.com)"
13.58.221.124 - - [16/Jan/2025:20:59:51 -0500] "GET /public/car/ford-fusion?lokasie=%2Fusr%2Fshare%2Fman%2Fman3%2FCURLOPT_SOCKS5_AUTH.3.gz&loknya=%2Fusr%2Fshare%2Fman%2Fman3 HTTP/1.1" 200 1766 "-" "Mozilla/5.0 AppleWebKit/537.36 (KHTML, like Gecko; compatible; ClaudeBot/1.0; +claudebot@anthropic.com)"
3.145.55.25 - - [16/Jan/2025:20:59:51 -0500] "GET /public/car/ford-fusion?lokasie=%2Fusr%2Fshare%2Fman%2Fman3%2FX509_LOOKUP_meth_set_new_item.3ssl.gz&loknya=%2Fusr%2Fshare%2Fman%2Fman3 HTTP/1.1" 200 1777 "-" "Mozilla/5.0 AppleWebKit/537.36 (KHTML, like Gecko; compatible; ClaudeBot/1.0; +claudebot@anthropic.com)"
18.188.245.104 - - [16/Jan/2025:20:59:51 -0500] "GET /public/tour/badagry-weekend-package-189k?lokasie=%2Fusr%2Fshare%2Fman%2Fman3%2FASN1_GENERALIZEDTIME_print.3ssl.gz&loknya=%2Fusr%2Fshare%2Fman%2Fman3 HTTP/1.1" 200 1782 "-" "Mozilla/5.0 AppleWebKit/537.36 (KHTML, like Gecko; compatible; ClaudeBot/1.0; +claudebot@anthropic.com)"
18.226.98.244 - - [16/Jan/2025:20:59:51 -0500] "GET /public/tour/badagry-weekend-package-189k?lokasie=%2Fusr%2Fshare%2Fman%2Fman3%2FEVP_camellia_128_cfb8.3ssl.gz&loknya=%2Fusr%2Fshare%2Fman%2Fman3 HTTP/1.1" 200 1769 "-" "Mozilla/5.0 AppleWebKit/537.36 (KHTML, like Gecko; compatible; ClaudeBot/1.0; +claudebot@anthropic.com)"
18.224.64.51 - - [16/Jan/2025:20:59:52 -0500] "GET /public/car/ford-fusion?lokasie=%2Fusr%2Fshare%2Fman%2Fman3%2FEVP_aes_192_cfb128.3ssl.gz&loknya=%2Fusr%2Fshare%2Fman%2Fman3 HTTP/1.1" 200 1764 "-" "Mozilla/5.0 AppleWebKit/537.36 (KHTML, like Gecko; compatible; ClaudeBot/1.0; +claudebot@anthropic.com)"
3.135.247.237 - - [16/Jan/2025:20:59:52 -0500] "GET /public/car/ford-fusion?lokasie=%2Fusr%2Fshare%2Fman%2Fman3%2FEVP_PKEY_CTX_set_rsa_mgf1_md.3ssl.gz&loknya=%2Fusr%2Fshare%2Fman%2Fman3 HTTP/1.1" 200 1778 "-" "Mozilla/5.0 AppleWebKit/537.36 (KHTML, like Gecko; compatible; ClaudeBot/1.0; +claudebot@anthropic.com)"
3.145.59.167 - - [16/Jan/2025:20:59:52 -0500] "GET /public/tour/badagry-weekend-package-189k?lokasie=%2Fusr%2Fshare%2Fman%2Fman3%2FEVP_aria_256_ctr.3ssl.gz&loknya=%2Fusr%2Fshare%2Fman%2Fman3 HTTP/1.1" 200 1762 "-" "Mozilla/5.0 AppleWebKit/537.36 (KHTML, like Gecko; compatible; ClaudeBot/1.0; +claudebot@anthropic.com)"
3.15.188.75 - - [16/Jan/2025:20:59:53 -0500] "GET /public/car/ford-fusion?lokasie=%2Fusr%2Fshare%2Fman%2Fman3%2FEVP_aes_256_wrap.3ssl.gz&loknya=%2Fusr%2Fshare%2Fman%2Fman3 HTTP/1.1" 200 1763 "-" "Mozilla/5.0 AppleWebKit/537.36 (KHTML, like Gecko; compatible; ClaudeBot/1.0; +claudebot@anthropic.com)"
3.137.186.186 - - [16/Jan/2025:20:59:53 -0500] "GET /public/tour/badagry-weekend-package-189k?lokasie=%2Fusr%2Fshare%2Fman%2Fman3%2Fxcb_input_list_device_properties_reply.3.gz&loknya=%2Fusr%2Fshare%2Fman%2Fman3 HTTP/1.1" 200 1775 "-" "Mozilla/5.0 AppleWebKit/537.36 (KHTML, like Gecko; compatible; ClaudeBot/1.0; +claudebot@anthropic.com)"
3.15.186.27 - - [16/Jan/2025:20:59:54 -0500] "GET /public/car/ford-fusion?lokasie=%2Fusr%2Fshare%2Fman%2Fman3%2FOPENSSL_LH_stats_bio.3ssl.gz&loknya=%2Fusr%2Fshare%2Fman%2Fman3 HTTP/1.1" 200 1768 "-" "Mozilla/5.0 AppleWebKit/537.36 (KHTML, like Gecko; compatible; ClaudeBot/1.0; +claudebot@anthropic.com)"
13.58.221.124 - - [16/Jan/2025:20:59:54 -0500] "GET /public/car/ford-fusion?lokasie=%2Fusr%2Fshare%2Fman%2Fman3%2FCURLOPT_CUSTOMREQUEST.3.gz&loknya=%2Fusr%2Fshare%2Fman%2Fman3 HTTP/1.1" 200 1772 "-" "Mozilla/5.0 AppleWebKit/537.36 (KHTML, like Gecko; compatible; ClaudeBot/1.0; +claudebot@anthropic.com)"
217.113.194.165 - - [16/Jan/2025:20:59:56 -0500] "GET /tour?amp%3Bpage=2&amp%3Bamp%3Bamp%3Bamp%3Bamp%3Bamp%3Bamp%3Borderby=price_low_high&amp%3Bamp%3Bamp%3Bamp%3Bamp%3Bamp%3Borderby=rate_high_low&amp%3Bamp%3Bamp%3Bamp%3Borderby=rate_high_low&amp%3Bamp%3Bamp%3Borderby=price_low_high&amp%3Bamp%3Borderby=price_high_low&amp%3Borderby=price_high_low&orderby=price_high_low HTTP/1.1" 403 0 "-" "Mozilla/5.0 (compatible; Barkrowler/0.9; +https://babbar.tech/crawler)"
3.145.55.25 - - [16/Jan/2025:20:59:54 -0500] "GET /public/car/ford-fusion?lokasie=%2Fusr%2Fshare%2Fman%2Fman3%2FSSL_CTX_set_session_cache_mode.3ssl.gz&loknya=%2Fusr%2Fshare%2Fman%2Fman3 HTTP/1.1" 200 1775 "-" "Mozilla/5.0 AppleWebKit/537.36 (KHTML, like Gecko; compatible; ClaudeBot/1.0; +claudebot@anthropic.com)"
216.244.66.237 - - [16/Jan/2025:20:59:54 -0500] "GET /public/forgot-password?loknya=/var/softaculous/popoji/php81 HTTP/1.1" 200 11626 "-" "Mozilla/5.0 (compatible; DotBot/1.2; +https://opensiteexplorer.org/dotbot; help@moz.com)"
18.226.98.244 - - [16/Jan/2025:20:59:54 -0500] "GET /public/tour/badagry-weekend-package-189k?lokasie=%2Fusr%2Fshare%2Fman%2Fman3%2Fxcb_set_modifier_mapping.3.gz&loknya=%2Fusr%2Fshare%2Fman%2Fman3 HTTP/1.1" 200 1766 "-" "Mozilla/5.0 AppleWebKit/537.36 (KHTML, like Gecko; compatible; ClaudeBot/1.0; +claudebot@anthropic.com)"
3.135.247.237 - - [16/Jan/2025:20:59:55 -0500] "GET /public/car/ford-fusion?lokasie=%2Fusr%2Fshare%2Fman%2Fman3%2Fxcb_randr_set_output_primary_checked.3.gz&loknya=%2Fusr%2Fshare%2Fman%2Fman3 HTTP/1.1" 200 1773 "-" "Mozilla/5.0 AppleWebKit/537.36 (KHTML, like Gecko; compatible; ClaudeBot/1.0; +claudebot@anthropic.com)"
3.145.59.167 - - [16/Jan/2025:20:59:55 -0500] "GET /public/tour/badagry-weekend-package-189k?lokasie=%2Fusr%2Fshare%2Fman%2Fman3%2FEC_KEY_generate_key.3ssl.gz&loknya=%2Fusr%2Fshare%2Fman%2Fman3 HTTP/1.1" 200 1764 "-" "Mozilla/5.0 AppleWebKit/537.36 (KHTML, like Gecko; compatible; ClaudeBot/1.0; +claudebot@anthropic.com)"
3.15.188.75 - - [16/Jan/2025:20:59:56 -0500] "GET /public/car/ford-fusion?lokasie=%2Fusr%2Fshare%2Fman%2Fman3%2FOPENSSL_clear_free.3ssl.gz&loknya=%2Fusr%2Fshare%2Fman%2Fman3 HTTP/1.1" 200 1765 "-" "Mozilla/5.0 AppleWebKit/537.36 (KHTML, like Gecko; compatible; ClaudeBot/1.0; +claudebot@anthropic.com)"
3.137.186.186 - - [16/Jan/2025:20:59:56 -0500] "GET /public/tour/badagry-weekend-package-189k?lokasie=%2Fusr%2Fshare%2Fman%2Fman3%2Fxcb_x_print_print_input_selected_unchecked.3.gz&loknya=%2Fusr%2Fshare%2Fman%2Fman3 HTTP/1.1" 200 1774 "-" "Mozilla/5.0 AppleWebKit/537.36 (KHTML, like Gecko; compatible; ClaudeBot/1.0; +claudebot@anthropic.com)"
18.224.45.82 - - [16/Jan/2025:20:59:56 -0500] "GET /public/tour/badagry-weekend-package-189k?lokasie=%2Fusr%2Fshare%2Fman%2Fman3%2FCURLMOPT_PUSHDATA.3.gz&loknya=%2Fusr%2Fshare%2Fman%2Fman3 HTTP/1.1" 200 1767 "-" "Mozilla/5.0 AppleWebKit/537.36 (KHTML, like Gecko; compatible; ClaudeBot/1.0; +claudebot@anthropic.com)"
3.15.186.27 - - [16/Jan/2025:20:59:57 -0500] "GET /public/car/ford-fusion?lokasie=%2Fusr%2Fshare%2Fman%2Fman3%2FCT_POLICY_EVAL_CTX_new.3ssl.gz&loknya=%2Fusr%2Fshare%2Fman%2Fman3 HTTP/1.1" 200 1774 "-" "Mozilla/5.0 AppleWebKit/537.36 (KHTML, like Gecko; compatible; ClaudeBot/1.0; +claudebot@anthropic.com)"
13.58.221.124 - - [16/Jan/2025:20:59:57 -0500] "GET /public/car/ford-fusion?lokasie=%2Fusr%2Fshare%2Fman%2Fman3%2FXkbAllocIndicatorMaps.3.gz&loknya=%2Fusr%2Fshare%2Fman%2Fman3 HTTP/1.1" 200 1762 "-" "Mozilla/5.0 AppleWebKit/537.36 (KHTML, like Gecko; compatible; ClaudeBot/1.0; +claudebot@anthropic.com)"
3.145.55.25 - - [16/Jan/2025:20:59:57 -0500] "GET /public/car/ford-fusion?lokasie=%2Fusr%2Fshare%2Fman%2Fman3%2Fxcb_xkb_get_device_info_name_length.3.gz&loknya=%2Fusr%2Fshare%2Fman%2Fman3 HTTP/1.1" 200 1773 "-" "Mozilla/5.0 AppleWebKit/537.36 (KHTML, like Gecko; compatible; ClaudeBot/1.0; +claudebot@anthropic.com)"
3.135.247.237 - - [16/Jan/2025:20:59:58 -0500] "GET /public/car/ford-fusion?lokasie=%2Fusr%2Fshare%2Fman%2Fman3%2FTest2%3A%3AEventFacet%3A%3AAmnesty.3pm.gz&loknya=%2Fusr%2Fshare%2Fman%2Fman3 HTTP/1.1" 200 1772 "-" "Mozilla/5.0 AppleWebKit/537.36 (KHTML, like Gecko; compatible; ClaudeBot/1.0; +claudebot@anthropic.com)"
3.145.59.167 - - [16/Jan/2025:20:59:58 -0500] "GET /public/tour/badagry-weekend-package-189k?lokasie=%2Fusr%2Fshare%2Fman%2Fman3%2FOPENSSL_hexchar2int.3ssl.gz&loknya=%2Fusr%2Fshare%2Fman%2Fman3 HTTP/1.1" 200 1765 "-" "Mozilla/5.0 AppleWebKit/537.36 (KHTML, like Gecko; compatible; ClaudeBot/1.0; +claudebot@anthropic.com)"
3.15.188.75 - - [16/Jan/2025:20:59:59 -0500] "GET /public/car/ford-fusion?lokasie=%2Fusr%2Fshare%2Fman%2Fman3%2FEC_GROUP_get_degree.3ssl.gz&loknya=%2Fusr%2Fshare%2Fman%2Fman3 HTTP/1.1" 200 1767 "-" "Mozilla/5.0 AppleWebKit/537.36 (KHTML, like Gecko; compatible; ClaudeBot/1.0; +claudebot@anthropic.com)"
18.224.45.82 - - [16/Jan/2025:20:59:59 -0500] "GET /public/tour/badagry-weekend-package-189k?lokasie=%2Fusr%2Fshare%2Fman%2Fman3%2Fgetfscreatecon_raw.3.gz&loknya=%2Fusr%2Fshare%2Fman%2Fman3 HTTP/1.1" 200 1759 "-" "Mozilla/5.0 AppleWebKit/537.36 (KHTML, like Gecko; compatible; ClaudeBot/1.0; +claudebot@anthropic.com)"
3.15.186.27 - - [16/Jan/2025:21:00:00 -0500] "GET /public/car/ford-fusion?lokasie=%2Fusr%2Fshare%2Fman%2Fman3%2FSSL_set_msg_callback_arg.3ssl.gz&loknya=%2Fusr%2Fshare%2Fman%2Fman3 HTTP/1.1" 200 1766 "-" "Mozilla/5.0 AppleWebKit/537.36 (KHTML, like Gecko; compatible; ClaudeBot/1.0; +claudebot@anthropic.com)"
3.147.86.30 - - [16/Jan/2025:21:00:00 -0500] "GET /public/car/ford-fusion?lokasie=%2Fusr%2Fshare%2Fman%2Fman3%2FASN1_UTCTIME_set.3ssl.gz&loknya=%2Fusr%2Fshare%2Fman%2Fman3 HTTP/1.1" 200 1766 "-" "Mozilla/5.0 AppleWebKit/537.36 (KHTML, like Gecko; compatible; ClaudeBot/1.0; +claudebot@anthropic.com)"
18.221.25.133 - - [16/Jan/2025:21:00:00 -0500] "GET /public/car/ford-fusion?lokasie=%2Fusr%2Fshare%2Fman%2Fman3%2FEVP_PKEY_CTX_free.3ssl.gz&loknya=%2Fusr%2Fshare%2Fman%2Fman3 HTTP/1.1" 200 1766 "-" "Mozilla/5.0 AppleWebKit/537.36 (KHTML, like Gecko; compatible; ClaudeBot/1.0; +claudebot@anthropic.com)"
13.58.221.124 - - [16/Jan/2025:21:00:00 -0500] "GET /public/car/ford-fusion?lokasie=%2Fusr%2Fshare%2Fman%2Fman3%2Fpthread_setconcurrency.3.gz&loknya=%2Fusr%2Fshare%2Fman%2Fman3 HTTP/1.1" 200 1762 "-" "Mozilla/5.0 AppleWebKit/537.36 (KHTML, like Gecko; compatible; ClaudeBot/1.0; +claudebot@anthropic.com)"
3.135.247.237 - - [16/Jan/2025:21:00:01 -0500] "GET /public/car/ford-fusion?lokasie=%2Fusr%2Fshare%2Fman%2Fman3%2FEC_POINT_set_compressed_coordinates.3ssl.gz&loknya=%2Fusr%2Fshare%2Fman%2Fman3 HTTP/1.1" 200 1777 "-" "Mozilla/5.0 AppleWebKit/537.36 (KHTML, like Gecko; compatible; ClaudeBot/1.0; +claudebot@anthropic.com)"
216.244.66.237 - - [16/Jan/2025:21:00:02 -0500] "GET /public/index.php?loknya=/home/wavevlvu/lscache/0/7/ HTTP/1.1" 200 23660 "-" "Mozilla/5.0 (compatible; DotBot/1.2; +https://opensiteexplorer.org/dotbot; help@moz.com)"
3.145.59.167 - - [16/Jan/2025:21:00:02 -0500] "GET /public/tour/badagry-weekend-package-189k?lokasie=%2Fusr%2Fshare%2Fman%2Fman3%2FSSL_set_max_pipelines.3ssl.gz&loknya=%2Fusr%2Fshare%2Fman%2Fman3 HTTP/1.1" 200 1766 "-" "Mozilla/5.0 AppleWebKit/537.36 (KHTML, like Gecko; compatible; ClaudeBot/1.0; +claudebot@anthropic.com)"
18.224.45.82 - - [16/Jan/2025:21:00:02 -0500] "GET /public/tour/badagry-weekend-package-189k?lokasie=%2Fusr%2Fshare%2Fman%2Fman3%2FOCSP_BASICRESP_free.3ssl.gz&loknya=%2Fusr%2Fshare%2Fman%2Fman3 HTTP/1.1" 200 1770 "-" "Mozilla/5.0 AppleWebKit/537.36 (KHTML, like Gecko; compatible; ClaudeBot/1.0; +claudebot@anthropic.com)"
3.15.188.75 - - [16/Jan/2025:21:00:02 -0500] "GET /public/car/ford-fusion?lokasie=%2Fusr%2Fshare%2Fman%2Fman3%2FEVP_rc5_32_12_16_cfb64.3ssl.gz&loknya=%2Fusr%2Fshare%2Fman%2Fman3 HTTP/1.1" 200 1768 "-" "Mozilla/5.0 AppleWebKit/537.36 (KHTML, like Gecko; compatible; ClaudeBot/1.0; +claudebot@anthropic.com)"
217.113.194.167 - - [16/Jan/2025:21:00:05 -0500] "GET /tour?amp%3Bpage=2&amp%3Bamp%3Bamp%3Bamp%3Bamp%3Bamp%3Bamp%3Borderby=price_low_high&amp%3Bamp%3Bamp%3Bamp%3Bamp%3Bamp%3Borderby=rate_high_low&amp%3Bamp%3Bamp%3Bamp%3Borderby=rate_high_low&amp%3Bamp%3Bamp%3Borderby=price_low_high&amp%3Bamp%3Borderby=price_high_low&amp%3Borderby=price_low_high&orderby=price_high_low HTTP/1.1" 403 0 "-" "Mozilla/5.0 (compatible; Barkrowler/0.9; +https://babbar.tech/crawler)"
3.15.186.27 - - [16/Jan/2025:21:00:03 -0500] "GET /public/car/ford-fusion?lokasie=%2Fusr%2Fshare%2Fman%2Fman3%2FCRYPTO_secure_clear_free.3ssl.gz&loknya=%2Fusr%2Fshare%2Fman%2Fman3 HTTP/1.1" 200 1769 "-" "Mozilla/5.0 AppleWebKit/537.36 (KHTML, like Gecko; compatible; ClaudeBot/1.0; +claudebot@anthropic.com)"
3.147.86.30 - - [16/Jan/2025:21:00:03 -0500] "GET /public/car/ford-fusion?lokasie=%2Fusr%2Fshare%2Fman%2Fman3%2FPROFESSION_INFOS.3ssl.gz&loknya=%2Fusr%2Fshare%2Fman%2Fman3 HTTP/1.1" 200 1767 "-" "Mozilla/5.0 AppleWebKit/537.36 (KHTML, like Gecko; compatible; ClaudeBot/1.0; +claudebot@anthropic.com)"
18.221.25.133 - - [16/Jan/2025:21:00:04 -0500] "GET /public/car/ford-fusion?lokasie=%2Fusr%2Fshare%2Fman%2Fman3%2FCURLOPT_LOW_SPEED_TIME.3.gz&loknya=%2Fusr%2Fshare%2Fman%2Fman3 HTTP/1.1" 200 1773 "-" "Mozilla/5.0 AppleWebKit/537.36 (KHTML, like Gecko; compatible; ClaudeBot/1.0; +claudebot@anthropic.com)"
13.58.221.124 - - [16/Jan/2025:21:00:05 -0500] "GET /public/car/ford-fusion?lokasie=%2Fusr%2Fshare%2Fman%2Fman3%2Fxcb_glx_destroy_pbuffer.3.gz&loknya=%2Fusr%2Fshare%2Fman%2Fman3 HTTP/1.1" 200 1766 "-" "Mozilla/5.0 AppleWebKit/537.36 (KHTML, like Gecko; compatible; ClaudeBot/1.0; +claudebot@anthropic.com)"
3.145.59.167 - - [16/Jan/2025:21:00:06 -0500] "GET /public/tour/badagry-weekend-package-189k?lokasie=%2Fusr%2Fshare%2Fman%2Fman3%2FDH_compute_key_padded.3ssl.gz&loknya=%2Fusr%2Fshare%2Fman%2Fman3 HTTP/1.1" 200 1766 "-" "Mozilla/5.0 AppleWebKit/537.36 (KHTML, like Gecko; compatible; ClaudeBot/1.0; +claudebot@anthropic.com)"
3.15.188.75 - - [16/Jan/2025:21:00:06 -0500] "GET /public/car/ford-fusion?lokasie=%2Fusr%2Fshare%2Fman%2Fman3%2Fxcb_query_font_char_infos.3.gz&loknya=%2Fusr%2Fshare%2Fman%2Fman3 HTTP/1.1" 200 1768 "-" "Mozilla/5.0 AppleWebKit/537.36 (KHTML, like Gecko; compatible; ClaudeBot/1.0; +claudebot@anthropic.com)"
18.224.45.82 - - [16/Jan/2025:21:00:06 -0500] "GET /public/tour/badagry-weekend-package-189k?lokasie=%2Fusr%2Fshare%2Fman%2Fman3%2Fi2d_CMS_ContentInfo.3ssl.gz&loknya=%2Fusr%2Fshare%2Fman%2Fman3 HTTP/1.1" 200 1762 "-" "Mozilla/5.0 AppleWebKit/537.36 (KHTML, like Gecko; compatible; ClaudeBot/1.0; +claudebot@anthropic.com)"
3.147.86.30 - - [16/Jan/2025:21:00:06 -0500] "GET /public/car/ford-fusion?lokasie=%2Fusr%2Fshare%2Fman%2Fman3%2FBN_num_bits_word.3ssl.gz&loknya=%2Fusr%2Fshare%2Fman%2Fman3 HTTP/1.1" 200 1763 "-" "Mozilla/5.0 AppleWebKit/537.36 (KHTML, like Gecko; compatible; ClaudeBot/1.0; +claudebot@anthropic.com)"
3.15.186.27 - - [16/Jan/2025:21:00:07 -0500] "GET /public/car/ford-fusion?lokasie=%2Fusr%2Fshare%2Fman%2Fman3%2FENGINE_get_destroy_function.3ssl.gz&loknya=%2Fusr%2Fshare%2Fman%2Fman3 HTTP/1.1" 200 1771 "-" "Mozilla/5.0 AppleWebKit/537.36 (KHTML, like Gecko; compatible; ClaudeBot/1.0; +claudebot@anthropic.com)"
18.221.25.133 - - [16/Jan/2025:21:00:07 -0500] "GET /public/car/ford-fusion?lokasie=%2Fusr%2Fshare%2Fman%2Fman3%2Fget_ordered_context_list.3.gz&loknya=%2Fusr%2Fshare%2Fman%2Fman3 HTTP/1.1" 200 1766 "-" "Mozilla/5.0 AppleWebKit/537.36 (KHTML, like Gecko; compatible; ClaudeBot/1.0; +claudebot@anthropic.com)"
3.15.188.75 - - [16/Jan/2025:21:00:09 -0500] "GET /public/car/ford-fusion?lokasie=%2Fusr%2Fshare%2Fman%2Fman3%2Fxcb_selection_clear_event_t.3.gz&loknya=%2Fusr%2Fshare%2Fman%2Fman3 HTTP/1.1" 200 1765 "-" "Mozilla/5.0 AppleWebKit/537.36 (KHTML, like Gecko; compatible; ClaudeBot/1.0; +claudebot@anthropic.com)"
18.224.45.82 - - [16/Jan/2025:21:00:09 -0500] "GET /public/tour/badagry-weekend-package-189k?lokasie=%2Fusr%2Fshare%2Fman%2Fman3%2FCRYPTO_secure_malloc.3ssl.gz&loknya=%2Fusr%2Fshare%2Fman%2Fman3 HTTP/1.1" 200 1765 "-" "Mozilla/5.0 AppleWebKit/537.36 (KHTML, like Gecko; compatible; ClaudeBot/1.0; +claudebot@anthropic.com)"
3.147.86.30 - - [16/Jan/2025:21:00:09 -0500] "GET /public/car/ford-fusion?lokasie=%2Fusr%2Fshare%2Fman%2Fman3%2FXScreenNumberOfScreen.3.gz&loknya=%2Fusr%2Fshare%2Fman%2Fman3 HTTP/1.1" 200 1761 "-" "Mozilla/5.0 AppleWebKit/537.36 (KHTML, like Gecko; compatible; ClaudeBot/1.0; +claudebot@anthropic.com)"
3.15.186.27 - - [16/Jan/2025:21:00:10 -0500] "GET /public/car/ford-fusion?lokasie=%2Fusr%2Fshare%2Fman%2Fman3%2Fxcb_xv_set_port_attribute_checked.3.gz&loknya=%2Fusr%2Fshare%2Fman%2Fman3 HTTP/1.1" 200 1767 "-" "Mozilla/5.0 AppleWebKit/537.36 (KHTML, like Gecko; compatible; ClaudeBot/1.0; +claudebot@anthropic.com)"
18.221.25.133 - - [16/Jan/2025:21:00:10 -0500] "GET /public/car/ford-fusion?lokasie=%2Fusr%2Fshare%2Fman%2Fman3%2FSSL_get_client_random.3ssl.gz&loknya=%2Fusr%2Fshare%2Fman%2Fman3 HTTP/1.1" 200 1766 "-" "Mozilla/5.0 AppleWebKit/537.36 (KHTML, like Gecko; compatible; ClaudeBot/1.0; +claudebot@anthropic.com)"
217.113.194.170 - - [16/Jan/2025:21:00:14 -0500] "GET /tour?amp%3Bpage=2&amp%3Bamp%3Bamp%3Bamp%3Bamp%3Bamp%3Bamp%3Borderby=price_low_high&amp%3Bamp%3Bamp%3Bamp%3Bamp%3Bamp%3Borderby=price_low_high&amp%3Bamp%3Bamp%3Bamp%3Bamp%3Borderby=rate_high_low&amp%3Bamp%3Bamp%3Bamp%3Borderby=price_low_high&amp%3Borderby=rate_high_low&orderby=rate_high_low&set_currency=gbp HTTP/1.1" 403 0 "-" "Mozilla/5.0 (compatible; Barkrowler/0.9; +https://babbar.tech/crawler)"
3.15.188.75 - - [16/Jan/2025:21:00:12 -0500] "GET /public/car/ford-fusion?lokasie=%2Fusr%2Fshare%2Fman%2Fman3%2Fxcb_xkb_get_indicator_state.3.gz&loknya=%2Fusr%2Fshare%2Fman%2Fman3 HTTP/1.1" 200 1766 "-" "Mozilla/5.0 AppleWebKit/537.36 (KHTML, like Gecko; compatible; ClaudeBot/1.0; +claudebot@anthropic.com)"
18.224.45.82 - - [16/Jan/2025:21:00:12 -0500] "GET /public/tour/badagry-weekend-package-189k?lokasie=%2Fusr%2Fshare%2Fman%2Fman3%2Fxcb_xfixes_expand_region.3.gz&loknya=%2Fusr%2Fshare%2Fman%2Fman3 HTTP/1.1" 200 1764 "-" "Mozilla/5.0 AppleWebKit/537.36 (KHTML, like Gecko; compatible; ClaudeBot/1.0; +claudebot@anthropic.com)"
216.244.66.237 - - [16/Jan/2025:21:00:12 -0500] "GET /public/index.php?loknya=/home/wavevlvu/lscache/0/e/2 HTTP/1.1" 200 93320 "-" "Mozilla/5.0 (compatible; DotBot/1.2; +https://opensiteexplorer.org/dotbot; help@moz.com)"
3.147.86.30 - - [16/Jan/2025:21:00:12 -0500] "GET /public/car/ford-fusion?lokasie=%2Fusr%2Fshare%2Fman%2Fman3%2Fmysql_stmt_free_result.3.gz&loknya=%2Fusr%2Fshare%2Fman%2Fman3 HTTP/1.1" 200 1764 "-" "Mozilla/5.0 AppleWebKit/537.36 (KHTML, like Gecko; compatible; ClaudeBot/1.0; +claudebot@anthropic.com)"
3.15.186.27 - - [16/Jan/2025:21:00:13 -0500] "GET /public/car/ford-fusion?lokasie=%2Fusr%2Fshare%2Fman%2Fman3%2FOPENSSL_INIT_set_config_file_flags.3ssl.gz&loknya=%2Fusr%2Fshare%2Fman%2Fman3 HTTP/1.1" 200 1780 "-" "Mozilla/5.0 AppleWebKit/537.36 (KHTML, like Gecko; compatible; ClaudeBot/1.0; +claudebot@anthropic.com)"
18.221.25.133 - - [16/Jan/2025:21:00:13 -0500] "GET /public/car/ford-fusion?lokasie=%2Fusr%2Fshare%2Fman%2Fman3%2FCURLINFO_SIZE_DOWNLOAD_T.3.gz&loknya=%2Fusr%2Fshare%2Fman%2Fman3 HTTP/1.1" 200 1776 "-" "Mozilla/5.0 AppleWebKit/537.36 (KHTML, like Gecko; compatible; ClaudeBot/1.0; +claudebot@anthropic.com)"
3.15.188.75 - - [16/Jan/2025:21:00:15 -0500] "GET /public/car/ford-fusion?lokasie=%2Fusr%2Fshare%2Fman%2Fman3%2FPEM_write_bio_ECPrivateKey.3ssl.gz&loknya=%2Fusr%2Fshare%2Fman%2Fman3 HTTP/1.1" 200 1771 "-" "Mozilla/5.0 AppleWebKit/537.36 (KHTML, like Gecko; compatible; ClaudeBot/1.0; +claudebot@anthropic.com)"
18.224.45.82 - - [16/Jan/2025:21:00:15 -0500] "GET /public/tour/badagry-weekend-package-189k?lokasie=%2Fusr%2Fshare%2Fman%2Fman3%2FEC_GFp_nistp521_method.3ssl.gz&loknya=%2Fusr%2Fshare%2Fman%2Fman3 HTTP/1.1" 200 1765 "-" "Mozilla/5.0 AppleWebKit/537.36 (KHTML, like Gecko; compatible; ClaudeBot/1.0; +claudebot@anthropic.com)"
3.147.86.30 - - [16/Jan/2025:21:00:15 -0500] "GET /public/car/ford-fusion?lokasie=%2Fusr%2Fshare%2Fman%2Fman3%2FEVP_PKEY_assign_EC_KEY.3ssl.gz&loknya=%2Fusr%2Fshare%2Fman%2Fman3 HTTP/1.1" 200 1771 "-" "Mozilla/5.0 AppleWebKit/537.36 (KHTML, like Gecko; compatible; ClaudeBot/1.0; +claudebot@anthropic.com)"
18.221.25.133 - - [16/Jan/2025:21:00:16 -0500] "GET /public/car/ford-fusion?lokasie=%2Fvar%2Fsoftaculous%2Felgg33%2Fphp56%2Fupgrade.php&loknya=%2Fvar%2Fsoftaculous%2Felgg33%2Fphp56 HTTP/1.1" 200 4497 "-" "Mozilla/5.0 AppleWebKit/537.36 (KHTML, like Gecko; compatible; ClaudeBot/1.0; +claudebot@anthropic.com)"
3.15.188.75 - - [16/Jan/2025:21:00:18 -0500] "GET /public/car/ford-fusion?lokasie=%2Fusr%2Fshare%2Fman%2Fman3%2FPod%3A%3APerldoc%3A%3AToNroff.3pm.gz&loknya=%2Fusr%2Fshare%2Fman%2Fman3 HTTP/1.1" 200 1766 "-" "Mozilla/5.0 AppleWebKit/537.36 (KHTML, like Gecko; compatible; ClaudeBot/1.0; +claudebot@anthropic.com)"
18.224.45.82 - - [16/Jan/2025:21:00:18 -0500] "GET /public/tour/badagry-weekend-package-189k?lokasie=%2Fusr%2Fshare%2Fman%2Fman3%2FCRYPTO_THREAD_lock_new.3ssl.gz&loknya=%2Fusr%2Fshare%2Fman%2Fman3 HTTP/1.1" 200 1771 "-" "Mozilla/5.0 AppleWebKit/537.36 (KHTML, like Gecko; compatible; ClaudeBot/1.0; +claudebot@anthropic.com)"
3.147.86.30 - - [16/Jan/2025:21:00:18 -0500] "GET /public/car/ford-fusion?lokasie=%2Fusr%2Fshare%2Fman%2Fman3%2FMemoize%3A%3AAnyDBM_File.3pm.gz&loknya=%2Fusr%2Fshare%2Fman%2Fman3 HTTP/1.1" 200 1767 "-" "Mozilla/5.0 AppleWebKit/537.36 (KHTML, like Gecko; compatible; ClaudeBot/1.0; +claudebot@anthropic.com)"
217.113.194.162 - - [16/Jan/2025:21:00:22 -0500] "GET /tour?amp%3Bpage=2&amp%3Bamp%3Bamp%3Bamp%3Bamp%3Bamp%3Bamp%3Borderby=price_low_high&amp%3Bamp%3Bamp%3Bamp%3Bamp%3Bamp%3Borderby=price_low_high&amp%3Bamp%3Bamp%3Bamp%3Bamp%3Borderby=rate_high_low&amp%3Bamp%3Bamp%3Bamp%3Borderby=price_low_high&amp%3Bamp%3Borderby=rate_high_low&amp%3Borderby=price_low_high&orderby= HTTP/1.1" 403 0 "-" "Mozilla/5.0 (compatible; Barkrowler/0.9; +https://babbar.tech/crawler)"
18.221.25.133 - - [16/Jan/2025:21:00:20 -0500] "GET /public/car/ford-fusion?lokasie=%2Fusr%2Fshare%2Fman%2Fman3%2Fxcb_glx_use_x_font_checked.3.gz&loknya=%2Fusr%2Fshare%2Fman%2Fman3 HTTP/1.1" 200 1766 "-" "Mozilla/5.0 AppleWebKit/537.36 (KHTML, like Gecko; compatible; ClaudeBot/1.0; +claudebot@anthropic.com)"
17.241.75.144 - - [16/Jan/2025:21:00:21 -0500] "GET /public/space/3-bedroom-luxurious-apartment?lokasie=/lib64/libcairo-script-interpreter.so.2&loknya=/lib64 HTTP/1.1" 200 1960 "-" "Mozilla/5.0 (Macintosh; Intel Mac OS X 10_15_7) AppleWebKit/605.1.15 (KHTML, like Gecko) Version/17.4 Safari/605.1.15 (Applebot/0.1; +http://www.apple.com/go/applebot)"
18.224.45.82 - - [16/Jan/2025:21:00:21 -0500] "GET /public/tour/badagry-weekend-package-189k?lokasie=%2Fusr%2Fshare%2Fman%2Fman3%2FDSA_meth_get_bn_mod_exp.3ssl.gz&loknya=%2Fusr%2Fshare%2Fman%2Fman3 HTTP/1.1" 200 1768 "-" "Mozilla/5.0 AppleWebKit/537.36 (KHTML, like Gecko; compatible; ClaudeBot/1.0; +claudebot@anthropic.com)"
216.244.66.237 - - [16/Jan/2025:21:00:21 -0500] "GET /public/index.php?loknya=/home/wavevlvu/lscache/5/b/3 HTTP/1.1" 200 66207 "-" "Mozilla/5.0 (compatible; DotBot/1.2; +https://opensiteexplorer.org/dotbot; help@moz.com)"
3.147.86.30 - - [16/Jan/2025:21:00:21 -0500] "GET /public/car/ford-fusion?lokasie=%2Fusr%2Fshare%2Fman%2Fman3%2Fxcb_render_fill_rectangles.3.gz&loknya=%2Fusr%2Fshare%2Fman%2Fman3 HTTP/1.1" 200 1766 "-" "Mozilla/5.0 AppleWebKit/537.36 (KHTML, like Gecko; compatible; ClaudeBot/1.0; +claudebot@anthropic.com)"
18.221.25.133 - - [16/Jan/2025:21:00:23 -0500] "GET /public/car/ford-fusion?lokasie=%2Fusr%2Fshare%2Fman%2Fman3%2FEC_POINT_is_at_infinity.3ssl.gz&loknya=%2Fusr%2Fshare%2Fman%2Fman3 HTTP/1.1" 200 1771 "-" "Mozilla/5.0 AppleWebKit/537.36 (KHTML, like Gecko; compatible; ClaudeBot/1.0; +claudebot@anthropic.com)"
17.241.75.144 - - [16/Jan/2025:21:00:23 -0500] "GET /public/profile/55/services?lokasie=/proc/cpuinfo&loknya=/proc HTTP/1.1" 200 2846 "-" "Mozilla/5.0 (Macintosh; Intel Mac OS X 10_15_7) AppleWebKit/605.1.15 (KHTML, like Gecko) Version/17.4 Safari/605.1.15 (Applebot/0.1; +http://www.apple.com/go/applebot)"
17.241.219.160 - - [16/Jan/2025:21:00:26 -0500] "GET /public/hotel/amber-residence-ikeja?lokasie=/home/wavevlvu/etc/wp-dveI6Z.php&loknya=/home/wavevlvu/etc HTTP/1.1" 403 1242 "-" "Mozilla/5.0 (Macintosh; Intel Mac OS X 10_15_7) AppleWebKit/605.1.15 (KHTML, like Gecko) Version/17.4 Safari/605.1.15 (Applebot/0.1; +http://www.apple.com/go/applebot)"
18.224.45.82 - - [16/Jan/2025:21:00:24 -0500] "GET /public/tour/badagry-weekend-package-189k?lokasie=%2Fusr%2Fshare%2Fman%2Fman3%2FEVP_PKEY_asn1_set_param_check.3ssl.gz&loknya=%2Fusr%2Fshare%2Fman%2Fman3 HTTP/1.1" 200 1771 "-" "Mozilla/5.0 AppleWebKit/537.36 (KHTML, like Gecko; compatible; ClaudeBot/1.0; +claudebot@anthropic.com)"
3.147.86.30 - - [16/Jan/2025:21:00:24 -0500] "GET /public/car/ford-fusion?lokasie=%2Fusr%2Fshare%2Fman%2Fman3%2FEVP_PKEY_copy_parameters.3ssl.gz&loknya=%2Fusr%2Fshare%2Fman%2Fman3 HTTP/1.1" 200 1766 "-" "Mozilla/5.0 AppleWebKit/537.36 (KHTML, like Gecko; compatible; ClaudeBot/1.0; +claudebot@anthropic.com)"
18.221.25.133 - - [16/Jan/2025:21:00:26 -0500] "GET /public/car/ford-fusion?lokasie=%2Fusr%2Fshare%2Fman%2Fman3%2Fxcb_glx_get_floatv_data_end.3.gz&loknya=%2Fusr%2Fshare%2Fman%2Fman3 HTTP/1.1" 200 1504 "-" "Mozilla/5.0 AppleWebKit/537.36 (KHTML, like Gecko; compatible; ClaudeBot/1.0; +claudebot@anthropic.com)"
18.220.42.22 - - [16/Jan/2025:21:00:26 -0500] "GET /public/car/ford-fusion?lokasie=%2Fusr%2Fshare%2Fman%2Fman3%2Fcurs_initscr.3x.gz&loknya=%2Fusr%2Fshare%2Fman%2Fman3 HTTP/1.1" 200 1756 "-" "Mozilla/5.0 AppleWebKit/537.36 (KHTML, like Gecko; compatible; ClaudeBot/1.0; +claudebot@anthropic.com)"
17.241.75.144 - - [16/Jan/2025:21:00:26 -0500] "GET /public/tour/visit-kigali-this-easter-620k?lokasie=/bin/unlink&loknya=/bin HTTP/1.1" 200 1941 "-" "Mozilla/5.0 (Macintosh; Intel Mac OS X 10_15_7) AppleWebKit/605.1.15 (KHTML, like Gecko) Version/17.4 Safari/605.1.15 (Applebot/0.1; +http://www.apple.com/go/applebot)"
17.241.219.160 - - [16/Jan/2025:21:00:27 -0500] "GET /public/space/xx/index.php?lokasie=/usr/share/ghostscript/lib/ht_ccsto.ps&loknya=/usr/share/ghostscript/lib HTTP/1.1" 200 133066 "-" "Mozilla/5.0 (Macintosh; Intel Mac OS X 10_15_7) AppleWebKit/605.1.15 (KHTML, like Gecko) Version/17.4 Safari/605.1.15 (Applebot/0.1; +http://www.apple.com/go/applebot)"
18.221.25.133 - - [16/Jan/2025:21:00:28 -0500] "GET /public/car/ford-fusion?lokasie=%2Fusr%2Fshare%2Fman%2Fman3%2Fxcb_destroy_subwindows_checked.3.gz&loknya=%2Fusr%2Fshare%2Fman%2Fman3 HTTP/1.1" 200 1767 "-" "Mozilla/5.0 AppleWebKit/537.36 (KHTML, like Gecko; compatible; ClaudeBot/1.0; +claudebot@anthropic.com)"
217.113.194.167 - - [16/Jan/2025:21:00:31 -0500] "GET /tour?amp%3Bpage=2&amp%3Bamp%3Bamp%3Bamp%3Bamp%3Bamp%3Bamp%3Borderby=price_low_high&amp%3Bamp%3Bamp%3Bamp%3Bamp%3Bamp%3Borderby=price_low_high&amp%3Bamp%3Bamp%3Bamp%3Bamp%3Borderby=price_low_high&amp%3Bamp%3Bamp%3Bamp%3Borderby=price_low_high&amp%3Bamp%3Borderby=price_high_low&amp%3Borderby=rate_high_low&orderby= HTTP/1.1" 403 0 "-" "Mozilla/5.0 (compatible; Barkrowler/0.9; +https://babbar.tech/crawler)"
18.220.42.22 - - [16/Jan/2025:21:00:29 -0500] "GET /public/car/ford-fusion?lokasie=%2Fusr%2Fshare%2Fman%2Fman3%2FEVP_rc2_ofb.3ssl.gz&loknya=%2Fusr%2Fshare%2Fman%2Fman3 HTTP/1.1" 200 1758 "-" "Mozilla/5.0 AppleWebKit/537.36 (KHTML, like Gecko; compatible; ClaudeBot/1.0; +claudebot@anthropic.com)"
17.241.227.47 - - [16/Jan/2025:21:00:30 -0500] "GET /public/profile/60?loknya=/var/softaculous/laravel/ HTTP/1.1" 200 3670 "-" "Mozilla/5.0 (Macintosh; Intel Mac OS X 10_15_7) AppleWebKit/605.1.15 (KHTML, like Gecko) Version/17.4 Safari/605.1.15 (Applebot/0.1; +http://www.apple.com/go/applebot)"
216.244.66.237 - - [16/Jan/2025:21:00:30 -0500] "GET /public/index.php?loknya=/home/wavevlvu/lscache/8/9/c HTTP/1.1" 200 81894 "-" "Mozilla/5.0 (compatible; DotBot/1.2; +https://opensiteexplorer.org/dotbot; help@moz.com)"
17.241.219.156 - - [16/Jan/2025:21:00:30 -0500] "GET /public/profile/book24/services?lokasie=/var/softaculous/moodle39/install.xml&loknya=/var/softaculous/moodle39 HTTP/1.1" 200 2848 "-" "Mozilla/5.0 (Macintosh; Intel Mac OS X 10_15_7) AppleWebKit/605.1.15 (KHTML, like Gecko) Version/17.4 Safari/605.1.15 (Applebot/0.1; +http://www.apple.com/go/applebot)"
18.220.42.22 - - [16/Jan/2025:21:00:32 -0500] "GET /public/car/ford-fusion?lokasie=%2Fusr%2Fshare%2Fman%2Fman3%2FXListExtensions.3.gz&loknya=%2Fusr%2Fshare%2Fman%2Fman3 HTTP/1.1" 200 1759 "-" "Mozilla/5.0 AppleWebKit/537.36 (KHTML, like Gecko; compatible; ClaudeBot/1.0; +claudebot@anthropic.com)"
17.241.227.47 - - [16/Jan/2025:21:00:32 -0500] "GET /public/space/xx/index.php?lokasie=/lib/firmware/sun/cassini.bin&loknya=/lib/firmware/sun HTTP/1.1" 200 1974 "-" "Mozilla/5.0 (Macintosh; Intel Mac OS X 10_15_7) AppleWebKit/605.1.15 (KHTML, like Gecko) Version/17.4 Safari/605.1.15 (Applebot/0.1; +http://www.apple.com/go/applebot)"
18.188.41.251 - - [16/Jan/2025:21:00:33 -0500] "GET /public/index.php/login?lokasie=%2Fproc%2Fself%2Froot%2Fhome%2Fwavevlvu%2Flscache%2F0%2F4%2F6%2F046caf69dce4adeb&loknya=%2Fproc%2Fself%2Froot%2Fhome%2Fwavevlvu%2Flscache%2F0%2F4%2F6&set_currency=usd HTTP/1.1" 200 1800 "-" "Mozilla/5.0 AppleWebKit/537.36 (KHTML, like Gecko; compatible; ClaudeBot/1.0; +claudebot@anthropic.com)"
18.224.70.239 - - [16/Jan/2025:21:00:33 -0500] "GET /public/tour/badagry-weekend-package-189k?lokasie=%2Fusr%2Fshare%2Fman%2Fman3%2Fxcb_configure_window.3.gz&loknya=%2Fusr%2Fshare%2Fman%2Fman3 HTTP/1.1" 200 1764 "-" "Mozilla/5.0 AppleWebKit/537.36 (KHTML, like Gecko; compatible; ClaudeBot/1.0; +claudebot@anthropic.com)"
18.220.42.22 - - [16/Jan/2025:21:00:35 -0500] "GET /public/car/ford-fusion?lokasie=%2Fusr%2Fshare%2Fman%2Fman3%2FBN_secure_new.3ssl.gz&loknya=%2Fusr%2Fshare%2Fman%2Fman3 HTTP/1.1" 200 1759 "-" "Mozilla/5.0 AppleWebKit/537.36 (KHTML, like Gecko; compatible; ClaudeBot/1.0; +claudebot@anthropic.com)"
17.241.227.47 - - [16/Jan/2025:21:00:35 -0500] "GET /public/space/xx/index.php?lokasie=/bin/rsync&loknya=/bin HTTP/1.1" 200 1940 "-" "Mozilla/5.0 (Macintosh; Intel Mac OS X 10_15_7) AppleWebKit/605.1.15 (KHTML, like Gecko) Version/17.4 Safari/605.1.15 (Applebot/0.1; +http://www.apple.com/go/applebot)"
18.219.182.130 - - [16/Jan/2025:21:00:36 -0500] "GET /public/car/ford-fusion?lokasie=%2Fusr%2Fshare%2Fman%2Fman3%2Fxcb_glx_get_string_string.3.gz&loknya=%2Fusr%2Fshare%2Fman%2Fman3 HTTP/1.1" 200 1768 "-" "Mozilla/5.0 AppleWebKit/537.36 (KHTML, like Gecko; compatible; ClaudeBot/1.0; +claudebot@anthropic.com)"
18.224.70.239 - - [16/Jan/2025:21:00:36 -0500] "GET /public/tour/badagry-weekend-package-189k?lokasie=%2Fusr%2Fshare%2Fman%2Fman3%2Fi2d_X509_CRL_INFO.3ssl.gz&loknya=%2Fusr%2Fshare%2Fman%2Fman3 HTTP/1.1" 200 1770 "-" "Mozilla/5.0 AppleWebKit/537.36 (KHTML, like Gecko; compatible; ClaudeBot/1.0; +claudebot@anthropic.com)"
217.113.194.166 - - [16/Jan/2025:21:00:40 -0500] "GET /tour?amp%3Bpage=2&amp%3Bamp%3Bamp%3Bamp%3Bamp%3Bamp%3Bamp%3Borderby=price_low_high&amp%3Bamp%3Bamp%3Bamp%3Bamp%3Bamp%3Borderby=price_low_high&amp%3Bamp%3Bamp%3Bamp%3Bamp%3Borderby=price_low_high&amp%3Bamp%3Bamp%3Bamp%3Borderby=price_low_high&amp%3Bamp%3Borderby=price_high_low&amp%3Borderby=price_low_high&page=2 HTTP/1.1" 403 0 "-" "Mozilla/5.0 (compatible; Barkrowler/0.9; +https://babbar.tech/crawler)"
17.241.227.111 - - [16/Jan/2025:21:00:38 -0500] "GET /public/car/ford-edge?lokasie=/home/wavevlvu/cynthiaadediran.com/wp-includes/class.wp-styles.php&loknya=/home/wavevlvu/cynthiaadediran.com/wp-includes HTTP/1.1" 200 2181 "-" "Mozilla/5.0 (Macintosh; Intel Mac OS X 10_15_7) AppleWebKit/605.1.15 (KHTML, like Gecko) Version/17.4 Safari/605.1.15 (Applebot/0.1; +http://www.apple.com/go/applebot)"
18.220.42.22 - - [16/Jan/2025:21:00:38 -0500] "GET /public/car/ford-fusion?lokasie=%2Fusr%2Fshare%2Fman%2Fman3%2Fmysql_stmt_errno.3.gz&loknya=%2Fusr%2Fshare%2Fman%2Fman3 HTTP/1.1" 200 1758 "-" "Mozilla/5.0 AppleWebKit/537.36 (KHTML, like Gecko; compatible; ClaudeBot/1.0; +claudebot@anthropic.com)"
17.241.227.47 - - [16/Jan/2025:21:00:38 -0500] "GET /public/boat/yacht-cruise-summer-bash?loknya=/home/wavevlvu/cynthiaadediran.com/wp-admin/images HTTP/1.1" 200 6291 "-" "Mozilla/5.0 (Macintosh; Intel Mac OS X 10_15_7) AppleWebKit/605.1.15 (KHTML, like Gecko) Version/17.4 Safari/605.1.15 (Applebot/0.1; +http://www.apple.com/go/applebot)"
18.219.182.130 - - [16/Jan/2025:21:00:38 -0500] "GET /public/car/ford-fusion?lokasie=%2Fusr%2Fshare%2Fman%2Fman3%2FDH_meth_get_bn_mod_exp.3ssl.gz&loknya=%2Fusr%2Fshare%2Fman%2Fman3 HTTP/1.1" 200 1772 "-" "Mozilla/5.0 AppleWebKit/537.36 (KHTML, like Gecko; compatible; ClaudeBot/1.0; +claudebot@anthropic.com)"
18.224.70.239 - - [16/Jan/2025:21:00:39 -0500] "GET /public/tour/badagry-weekend-package-189k?lokasie=%2Fusr%2Fshare%2Fman%2Fman3%2FPEM_write_X509_AUX.3ssl.gz&loknya=%2Fusr%2Fshare%2Fman%2Fman3 HTTP/1.1" 200 1771 "-" "Mozilla/5.0 AppleWebKit/537.36 (KHTML, like Gecko; compatible; ClaudeBot/1.0; +claudebot@anthropic.com)"
3.133.110.37 - - [16/Jan/2025:21:00:39 -0500] "GET /public/car/ford-fusion?lokasie=%2Fusr%2Fshare%2Fman%2Fman3%2Fxcb_damage_destroy.3.gz&loknya=%2Fusr%2Fshare%2Fman%2Fman3 HTTP/1.1" 200 1761 "-" "Mozilla/5.0 AppleWebKit/537.36 (KHTML, like Gecko; compatible; ClaudeBot/1.0; +claudebot@anthropic.com)"
216.244.66.237 - - [16/Jan/2025:21:00:40 -0500] "GET /public/index.php?loknya=/home/wavevlvu/lscache/b/6/5 HTTP/1.1" 200 63356 "-" "Mozilla/5.0 (compatible; DotBot/1.2; +https://opensiteexplorer.org/dotbot; help@moz.com)"
17.241.227.111 - - [16/Jan/2025:21:00:40 -0500] "GET /public/space/wp/index.php?lokasie=/lib64//libkadm5clnt_mit.so&loknya=/lib64/ HTTP/1.1" 200 1955 "-" "Mozilla/5.0 (Macintosh; Intel Mac OS X 10_15_7) AppleWebKit/605.1.15 (KHTML, like Gecko) Version/17.4 Safari/605.1.15 (Applebot/0.1; +http://www.apple.com/go/applebot)"
18.220.42.22 - - [16/Jan/2025:21:00:41 -0500] "GET /public/car/ford-fusion?lokasie=%2Fusr%2Fshare%2Fman%2Fman3%2Fcurl_mime_encoder.3.gz&loknya=%2Fusr%2Fshare%2Fman%2Fman3 HTTP/1.1" 200 1757 "-" "Mozilla/5.0 AppleWebKit/537.36 (KHTML, like Gecko; compatible; ClaudeBot/1.0; +claudebot@anthropic.com)"
18.219.182.130 - - [16/Jan/2025:21:00:41 -0500] "GET /public/car/ford-fusion?lokasie=%2Fusr%2Fshare%2Fman%2Fman3%2Flwres_gnbaresponse_render.3.gz&loknya=%2Fusr%2Fshare%2Fman%2Fman3 HTTP/1.1" 200 1768 "-" "Mozilla/5.0 AppleWebKit/537.36 (KHTML, like Gecko; compatible; ClaudeBot/1.0; +claudebot@anthropic.com)"
18.224.70.239 - - [16/Jan/2025:21:00:42 -0500] "GET /public/tour/badagry-weekend-package-189k?lokasie=%2Fusr%2Fshare%2Fman%2Fman3%2FDBI%3A%3AProfileSubs.3pm.gz&loknya=%2Fusr%2Fshare%2Fman%2Fman3 HTTP/1.1" 200 1765 "-" "Mozilla/5.0 AppleWebKit/537.36 (KHTML, like Gecko; compatible; ClaudeBot/1.0; +claudebot@anthropic.com)"
3.133.110.37 - - [16/Jan/2025:21:00:42 -0500] "GET /public/car/ford-fusion?lokasie=%2Fusr%2Fshare%2Fman%2Fman3%2Fi2d_X509_CRL_bio.3ssl.gz&loknya=%2Fusr%2Fshare%2Fman%2Fman3 HTTP/1.1" 200 1763 "-" "Mozilla/5.0 AppleWebKit/537.36 (KHTML, like Gecko; compatible; ClaudeBot/1.0; +claudebot@anthropic.com)"
17.241.227.198 - - [16/Jan/2025:21:00:43 -0500] "GET /public/login?loknya=/home/wavevlvu/book24.ng/vendor/filp HTTP/1.1" 200 2460 "-" "Mozilla/5.0 (Macintosh; Intel Mac OS X 10_15_7) AppleWebKit/605.1.15 (KHTML, like Gecko) Version/17.4 Safari/605.1.15 (Applebot/0.1; +http://www.apple.com/go/applebot)"
3.149.254.229 - - [16/Jan/2025:21:00:43 -0500] "GET /public/car/ford-fusion?loknya=%2Fhome%2Fwavevlvu%2Fdiixadigital.com%2Fwp-content%2Fplugins%2Fwordpress-seo%2Fsrc%2Fexceptions%2Fimporting HTTP/1.1" 200 2360 "-" "Mozilla/5.0 AppleWebKit/537.36 (KHTML, like Gecko; compatible; ClaudeBot/1.0; +claudebot@anthropic.com)"
18.220.42.22 - - [16/Jan/2025:21:00:44 -0500] "GET /public/car/ford-fusion?lokasie=%2Fusr%2Fshare%2Fman%2Fman3%2Fldap_set_urllist_proc.3.gz&loknya=%2Fusr%2Fshare%2Fman%2Fman3 HTTP/1.1" 200 1762 "-" "Mozilla/5.0 AppleWebKit/537.36 (KHTML, like Gecko; compatible; ClaudeBot/1.0; +claudebot@anthropic.com)"
13.58.221.124 - - [16/Jan/2025:21:00:44 -0500] "GET /public/car/ford-fusion?lokasie=%2Fusr%2Fshare%2Fman%2Fman3%2FEVP_PKEY_meth_get_init.3ssl.gz&loknya=%2Fusr%2Fshare%2Fman%2Fman3 HTTP/1.1" 200 1768 "-" "Mozilla/5.0 AppleWebKit/537.36 (KHTML, like Gecko; compatible; ClaudeBot/1.0; +claudebot@anthropic.com)"
18.219.182.130 - - [16/Jan/2025:21:00:44 -0500] "GET /public/car/ford-fusion?lokasie=%2Fusr%2Fshare%2Fman%2Fman3%2FX509_REVOKED_add1_ext_i2d.3ssl.gz&loknya=%2Fusr%2Fshare%2Fman%2Fman3 HTTP/1.1" 200 1777 "-" "Mozilla/5.0 AppleWebKit/537.36 (KHTML, like Gecko; compatible; ClaudeBot/1.0; +claudebot@anthropic.com)"
3.133.110.37 - - [16/Jan/2025:21:00:45 -0500] "GET /public/car/ford-fusion?lokasie=%2Fusr%2Fshare%2Fman%2Fman3%2FASN1_generate_nconf.3ssl.gz&loknya=%2Fusr%2Fshare%2Fman%2Fman3 HTTP/1.1" 200 1763 "-" "Mozilla/5.0 AppleWebKit/537.36 (KHTML, like Gecko; compatible; ClaudeBot/1.0; +claudebot@anthropic.com)"
18.224.70.239 - - [16/Jan/2025:21:00:45 -0500] "GET /public/tour/badagry-weekend-package-189k?lokasie=%2Fusr%2Fshare%2Fman%2Fman3%2FAUTHORITY_KEYID_free.3ssl.gz&loknya=%2Fusr%2Fshare%2Fman%2Fman3 HTTP/1.1" 200 1774 "-" "Mozilla/5.0 AppleWebKit/537.36 (KHTML, like Gecko; compatible; ClaudeBot/1.0; +claudebot@anthropic.com)"
17.241.227.134 - - [16/Jan/2025:21:00:45 -0500] "GET /public/profile/60?lokasie=/var/softaculous/epesi/install.xml&loknya=/var/softaculous/epesi HTTP/1.1" 200 2355 "-" "Mozilla/5.0 (Macintosh; Intel Mac OS X 10_15_7) AppleWebKit/605.1.15 (KHTML, like Gecko) Version/17.4 Safari/605.1.15 (Applebot/0.1; +http://www.apple.com/go/applebot)"
154.54.249.211 - - [16/Jan/2025:21:00:48 -0500] "GET /tour?amp%3Bpage=2&amp%3Bamp%3Bamp%3Bamp%3Bamp%3Bamp%3Bamp%3Borderby=price_low_high&amp%3Bamp%3Bamp%3Bamp%3Bamp%3Bamp%3Borderby=price_low_high&amp%3Bamp%3Bamp%3Bamp%3Bamp%3Borderby=price_low_high&amp%3Bamp%3Bamp%3Bamp%3Borderby=price_low_high&amp%3Bamp%3Borderby=price_high_low&amp%3Borderby=price_low_high&orderby= HTTP/1.1" 403 0 "-" "Mozilla/5.0 (compatible; Barkrowler/0.9; +https://babbar.tech/crawler)"
18.221.25.133 - - [16/Jan/2025:21:00:46 -0500] "GET /public/car/ford-fusion?lokasie=%2Fusr%2Fshare%2Fman%2Fman3%2Fxcb_glx_render_mode_data_length.3.gz&loknya=%2Fusr%2Fshare%2Fman%2Fman3 HTTP/1.1" 200 1770 "-" "Mozilla/5.0 AppleWebKit/537.36 (KHTML, like Gecko; compatible; ClaudeBot/1.0; +claudebot@anthropic.com)"
18.220.42.22 - - [16/Jan/2025:21:00:47 -0500] "GET /public/car/ford-fusion?lokasie=%2Fusr%2Fshare%2Fman%2Fman3%2FX509_STORE_add_lookup.3ssl.gz&loknya=%2Fusr%2Fshare%2Fman%2Fman3 HTTP/1.1" 200 1768 "-" "Mozilla/5.0 AppleWebKit/537.36 (KHTML, like Gecko; compatible; ClaudeBot/1.0; +claudebot@anthropic.com)"
13.58.221.124 - - [16/Jan/2025:21:00:47 -0500] "GET /public/car/ford-fusion?lokasie=%2Fusr%2Fshare%2Fman%2Fman3%2Fd2i_ASN1_PRINTABLESTRING.3ssl.gz&loknya=%2Fusr%2Fshare%2Fman%2Fman3 HTTP/1.1" 200 1776 "-" "Mozilla/5.0 AppleWebKit/537.36 (KHTML, like Gecko; compatible; ClaudeBot/1.0; +claudebot@anthropic.com)"
18.219.182.130 - - [16/Jan/2025:21:00:47 -0500] "GET /public/car/ford-fusion?lokasie=%2Fusr%2Fshare%2Fman%2Fman3%2FSSL_get_early_data_status.3ssl.gz&loknya=%2Fusr%2Fshare%2Fman%2Fman3 HTTP/1.1" 200 1774 "-" "Mozilla/5.0 AppleWebKit/537.36 (KHTML, like Gecko; compatible; ClaudeBot/1.0; +claudebot@anthropic.com)"
3.133.110.37 - - [16/Jan/2025:21:00:48 -0500] "GET /public/car/ford-fusion?lokasie=%2Fusr%2Fshare%2Fman%2Fman3%2FSSL_use_cert_and_key.3ssl.gz&loknya=%2Fusr%2Fshare%2Fman%2Fman3 HTTP/1.1" 200 1766 "-" "Mozilla/5.0 AppleWebKit/537.36 (KHTML, like Gecko; compatible; ClaudeBot/1.0; +claudebot@anthropic.com)"
18.224.70.239 - - [16/Jan/2025:21:00:48 -0500] "GET /public/tour/badagry-weekend-package-189k?lokasie=%2Fusr%2Fshare%2Fman%2Fman3%2FOPENSSL_VERSION_NUMBER.3ssl.gz&loknya=%2Fusr%2Fshare%2Fman%2Fman3 HTTP/1.1" 200 1777 "-" "Mozilla/5.0 AppleWebKit/537.36 (KHTML, like Gecko; compatible; ClaudeBot/1.0; +claudebot@anthropic.com)"
17.241.227.134 - - [16/Jan/2025:21:00:48 -0500] "GET /public/boat/yacht-cruise-summer-bash?lokasie=/home/wavevlvu/.system-php/rex//index.php&loknya=/home/wavevlvu/.system-php/rex/ HTTP/1.1" 200 2492 "-" "Mozilla/5.0 (Macintosh; Intel Mac OS X 10_15_7) AppleWebKit/605.1.15 (KHTML, like Gecko) Version/17.4 Safari/605.1.15 (Applebot/0.1; +http://www.apple.com/go/applebot)"
216.244.66.237 - - [16/Jan/2025:21:00:49 -0500] "GET /public/index.php?loknya=/home/wavevlvu/lscache/b/b/b HTTP/1.1" 200 83329 "-" "Mozilla/5.0 (compatible; DotBot/1.2; +https://opensiteexplorer.org/dotbot; help@moz.com)"
17.241.75.97 - - [16/Jan/2025:21:00:49 -0500] "GET /public/space/miniflat-shortlet-in-lekki-phase-1?lokasie=/lib64/python2.7/cgi.pyc&loknya=/lib64/python2.7 HTTP/1.1" 200 1962 "-" "Mozilla/5.0 (Macintosh; Intel Mac OS X 10_15_7) AppleWebKit/605.1.15 (KHTML, like Gecko) Version/17.4 Safari/605.1.15 (Applebot/0.1; +http://www.apple.com/go/applebot)"
18.221.25.133 - - [16/Jan/2025:21:00:49 -0500] "GET /public/car/ford-fusion?lokasie=%2Fusr%2Fshare%2Fman%2Fman3%2Fselinux_restorecon_set_alt_rootpath.3.gz&loknya=%2Fusr%2Fshare%2Fman%2Fman3 HTTP/1.1" 200 1771 "-" "Mozilla/5.0 AppleWebKit/537.36 (KHTML, like Gecko; compatible; ClaudeBot/1.0; +claudebot@anthropic.com)"
18.220.42.22 - - [16/Jan/2025:21:00:50 -0500] "GET /public/car/ford-fusion?lokasie=%2Fusr%2Fshare%2Fman%2Fman3%2Fxcb_get_image_data_length.3.gz&loknya=%2Fusr%2Fshare%2Fman%2Fman3 HTTP/1.1" 200 1763 "-" "Mozilla/5.0 AppleWebKit/537.36 (KHTML, like Gecko; compatible; ClaudeBot/1.0; +claudebot@anthropic.com)"
13.58.221.124 - - [16/Jan/2025:21:00:50 -0500] "GET /public/car/ford-fusion?lokasie=%2Fusr%2Fshare%2Fman%2Fman3%2FX509_STORE_CTX_get_get_crl.3ssl.gz&loknya=%2Fusr%2Fshare%2Fman%2Fman3 HTTP/1.1" 200 1770 "-" "Mozilla/5.0 AppleWebKit/537.36 (KHTML, like Gecko; compatible; ClaudeBot/1.0; +claudebot@anthropic.com)"
18.219.182.130 - - [16/Jan/2025:21:00:50 -0500] "GET /public/car/ford-fusion?lokasie=%2Fusr%2Fshare%2Fman%2Fman3%2Fxcb_glx_gen_queries_arb_data_end.3.gz&loknya=%2Fusr%2Fshare%2Fman%2Fman3 HTTP/1.1" 200 1778 "-" "Mozilla/5.0 AppleWebKit/537.36 (KHTML, like Gecko; compatible; ClaudeBot/1.0; +claudebot@anthropic.com)"
3.133.110.37 - - [16/Jan/2025:21:00:51 -0500] "GET /public/car/ford-fusion?lokasie=%2Fusr%2Fshare%2Fman%2Fman3%2FEVP_CIPHER_CTX_cipher.3ssl.gz&loknya=%2Fusr%2Fshare%2Fman%2Fman3 HTTP/1.1" 200 1771 "-" "Mozilla/5.0 AppleWebKit/537.36 (KHTML, like Gecko; compatible; ClaudeBot/1.0; +claudebot@anthropic.com)"
18.224.70.239 - - [16/Jan/2025:21:00:51 -0500] "GET /public/tour/badagry-weekend-package-189k?lokasie=%2Fusr%2Fshare%2Fman%2Fman3%2FCURLOPT_SSH_PUBLIC_KEYFILE.3.gz&loknya=%2Fusr%2Fshare%2Fman%2Fman3 HTTP/1.1" 200 1780 "-" "Mozilla/5.0 AppleWebKit/537.36 (KHTML, like Gecko; compatible; ClaudeBot/1.0; +claudebot@anthropic.com)"
3.15.214.238 - - [16/Jan/2025:21:00:51 -0500] "GET /public/index.php/login?loknya=%2Fproc%2Fthread-self%2Froot%2Fproc%2Fself%2Froot%2Fvar%2Fsoftaculous%2Fpostfix%2Fphp81&set_currency=gbp HTTP/1.1" 200 2343 "-" "Mozilla/5.0 AppleWebKit/537.36 (KHTML, like Gecko; compatible; ClaudeBot/1.0; +claudebot@anthropic.com)"
17.241.219.56 - - [16/Jan/2025:21:00:51 -0500] "GET /public/tour/easter-in-la-campagne-tropicana-205k?loknya=/opt/cpanel-ccs HTTP/1.1" 200 2242 "-" "Mozilla/5.0 (Macintosh; Intel Mac OS X 10_15_7) AppleWebKit/605.1.15 (KHTML, like Gecko) Version/17.4 Safari/605.1.15 (Applebot/0.1; +http://www.apple.com/go/applebot)"
17.241.227.108 - - [16/Jan/2025:21:00:52 -0500] "GET /public/profile/55/services?lokasie=/bin/mcedit&loknya=/bin HTTP/1.1" 200 1942 "-" "Mozilla/5.0 (Macintosh; Intel Mac OS X 10_15_7) AppleWebKit/605.1.15 (KHTML, like Gecko) Version/17.4 Safari/605.1.15 (Applebot/0.1; +http://www.apple.com/go/applebot)"
18.221.25.133 - - [16/Jan/2025:21:00:52 -0500] "GET /public/car/ford-fusion?lokasie=%2Fusr%2Fshare%2Fman%2Fman3%2Fxcb_get_keyboard_mapping_keysyms_end.3.gz&loknya=%2Fusr%2Fshare%2Fman%2Fman3 HTTP/1.1" 200 1776 "-" "Mozilla/5.0 AppleWebKit/537.36 (KHTML, like Gecko; compatible; ClaudeBot/1.0; +claudebot@anthropic.com)"
18.220.42.22 - - [16/Jan/2025:21:00:53 -0500] "GET /public/car/ford-fusion?lokasie=%2Fusr%2Fshare%2Fman%2Fman3%2FX509_get0_serialNumber.3ssl.gz&loknya=%2Fusr%2Fshare%2Fman%2Fman3 HTTP/1.1" 200 1766 "-" "Mozilla/5.0 AppleWebKit/537.36 (KHTML, like Gecko; compatible; ClaudeBot/1.0; +claudebot@anthropic.com)"
3.149.238.67 - - [16/Jan/2025:21:00:53 -0500] "GET /public/tour/badagry-weekend-package-189k?lokasie=%2Fusr%2Fshare%2Fman%2Fman1%2Fgpg2.1.gz&loknya=%2Fusr%2Fshare%2Fman%2Fman1 HTTP/1.1" 200 1751 "-" "Mozilla/5.0 AppleWebKit/537.36 (KHTML, like Gecko; compatible; ClaudeBot/1.0; +claudebot@anthropic.com)"
18.219.182.130 - - [16/Jan/2025:21:00:53 -0500] "GET /public/car/ford-fusion?lokasie=%2Fusr%2Fshare%2Fman%2Fman3%2FTest2%3A%3AEventFacet%3A%3AAbout.3pm.gz&loknya=%2Fusr%2Fshare%2Fman%2Fman3 HTTP/1.1" 200 1771 "-" "Mozilla/5.0 AppleWebKit/537.36 (KHTML, like Gecko; compatible; ClaudeBot/1.0; +claudebot@anthropic.com)"
52.15.118.202 - - [16/Jan/2025:21:00:53 -0500] "GET /public/car/ford-fusion?lokasie=%2Fusr%2Fshare%2Fman%2Fman1p%2Fpr.1p.gz&loknya=%2Fusr%2Fshare%2Fman%2Fman1p HTTP/1.1" 200 1756 "-" "Mozilla/5.0 AppleWebKit/537.36 (KHTML, like Gecko; compatible; ClaudeBot/1.0; +claudebot@anthropic.com)"
3.133.110.37 - - [16/Jan/2025:21:00:54 -0500] "GET /public/car/ford-fusion?lokasie=%2Fusr%2Fshare%2Fman%2Fman3%2FSSL_CTX_set_ssl_version.3ssl.gz&loknya=%2Fusr%2Fshare%2Fman%2Fman3 HTTP/1.1" 200 1767 "-" "Mozilla/5.0 AppleWebKit/537.36 (KHTML, like Gecko; compatible; ClaudeBot/1.0; +claudebot@anthropic.com)"
