17.241.219.56 - - [16/Jan/2025:20:57:53 -0500] "GET /public/profile/60?loknya=/usr/share/perl5/I18N/LangTags HTTP/1.1" 200 2552 "-" "Mozilla/5.0 (Macintosh; Intel Mac OS X 10_15_7) AppleWebKit/605.1.15 (KHTML, like Gecko) Version/17.4 Safari/605.1.15 (Applebot/0.1; +http://www.apple.com/go/applebot)"
52.14.116.234 - - [16/Jan/2025:20:57:53 -0500] "GET /public/car/ford-fusion?lokasie=%2Fusr%2Fshare%2Fman%2Fman3%2Fxcb_damage_query_version_unchecked.3.gz&loknya=%2Fusr%2Fshare%2Fman%2Fman3 HTTP/1.1" 200 1774 "-" "Mozilla/5.0 AppleWebKit/537.36 (KHTML, like Gecko; compatible; ClaudeBot/1.0; +claudebot@anthropic.com)"
3.145.12.233 - - [16/Jan/2025:20:57:54 -0500] "GET /public/car/ford-fusion?lokasie=%2Fusr%2Fshare%2Fman%2Fman3%2Flwres_buffer_putuint16.3.gz&loknya=%2Fusr%2Fshare%2Fman%2Fman3 HTTP/1.1" 200 1762 "-" "Mozilla/5.0 AppleWebKit/537.36 (KHTML, like Gecko; compatible; ClaudeBot/1.0; +claudebot@anthropic.com)"
3.145.62.46 - - [16/Jan/2025:20:57:54 -0500] "GET /public/car/ford-fusion?lokasie=%2Fusr%2Fshare%2Fman%2Fman3%2FBIO_get_num_renegotiates.3ssl.gz&loknya=%2Fusr%2Fshare%2Fman%2Fman3 HTTP/1.1" 200 1769 "-" "Mozilla/5.0 AppleWebKit/537.36 (KHTML, like Gecko; compatible; ClaudeBot/1.0; +claudebot@anthropic.com)"
3.135.209.66 - - [16/Jan/2025:20:57:54 -0500] "GET /public/tour/badagry-weekend-package-189k?lokasie=%2Fusr%2Fshare%2Fman%2Fman3%2FCURLOPT_SSL_CTX_DATA.3.gz&loknya=%2Fusr%2Fshare%2Fman%2Fman3 HTTP/1.1" 200 1770 "-" "Mozilla/5.0 AppleWebKit/537.36 (KHTML, like Gecko; compatible; ClaudeBot/1.0; +claudebot@anthropic.com)"
18.222.182.195 - - [16/Jan/2025:20:57:54 -0500] "GET /public/tour/badagry-weekend-package-189k?lokasie=%2Fusr%2Fshare%2Fman%2Fman3%2FX509_get_ext_count.3ssl.gz&loknya=%2Fusr%2Fshare%2Fman%2Fman3 HTTP/1.1" 200 1768 "-" "Mozilla/5.0 AppleWebKit/537.36 (KHTML, like Gecko; compatible; ClaudeBot/1.0; +claudebot@anthropic.com)"
3.128.168.219 - - [16/Jan/2025:20:57:55 -0500] "GET /public/tour/badagry-weekend-package-189k?lokasie=%2Fusr%2Fshare%2Fman%2Fman3%2Fxcb_x_print_print_get_document_data_unchecked.3.gz&loknya=%2Fusr%2Fshare%2Fman%2Fman3 HTTP/1.1" 200 1775 "-" "Mozilla/5.0 AppleWebKit/537.36 (KHTML, like Gecko; compatible; ClaudeBot/1.0; +claudebot@anthropic.com)"
3.141.32.16 - - [16/Jan/2025:20:57:55 -0500] "GET /public/car/ford-fusion?lokasie=%2Fhome%2Fwavevlvu%2Fwavestudioz.com%2Fwp-content%2Fplugins%2Felementor%2Fcore%2Fexperiments%2Fwp-cli.php&loknya=%2Fhome%2Fwavevlvu%2Fwavestudioz.com%2Fwp-content%2Fplugins%2Felementor%2Fcore%2Fexperiments HTTP/1.1" 200 3178 "-" "Mozilla/5.0 AppleWebKit/537.36 (KHTML, like Gecko; compatible; ClaudeBot/1.0; +claudebot@anthropic.com)"
17.241.227.55 - - [16/Jan/2025:20:57:55 -0500] "GET /public/profile/book24/services?lokasie=/var/softaculous/fluxbb/clone.php&loknya=/var/softaculous/fluxbb HTTP/1.1" 200 6739 "-" "Mozilla/5.0 (Macintosh; Intel Mac OS X 10_15_7) AppleWebKit/605.1.15 (KHTML, like Gecko) Version/17.4 Safari/605.1.15 (Applebot/0.1; +http://www.apple.com/go/applebot)"
3.133.141.201 - - [16/Jan/2025:20:57:55 -0500] "GET /public/car/ford-fusion?lokasie=%2Fusr%2Fshare%2Fman%2Fman3%2FDSA_meth_set_sign.3ssl.gz&loknya=%2Fusr%2Fshare%2Fman%2Fman3 HTTP/1.1" 200 1767 "-" "Mozilla/5.0 AppleWebKit/537.36 (KHTML, like Gecko; compatible; ClaudeBot/1.0; +claudebot@anthropic.com)"
18.221.25.133 - - [16/Jan/2025:20:57:55 -0500] "GET /public/car/ford-fusion?lokasie=%2Fusr%2Fshare%2Fman%2Fman3%2FDefaultVisual.3.gz&loknya=%2Fusr%2Fshare%2Fman%2Fman3 HTTP/1.1" 200 1756 "-" "Mozilla/5.0 AppleWebKit/537.36 (KHTML, like Gecko; compatible; ClaudeBot/1.0; +claudebot@anthropic.com)"
3.142.42.247 - - [16/Jan/2025:20:57:55 -0500] "GET /public/car/ford-fusion?lokasie=%2Fusr%2Fshare%2Fman%2Fman3%2FX509_REVOKED_dup.3ssl.gz&loknya=%2Fusr%2Fshare%2Fman%2Fman3 HTTP/1.1" 200 1764 "-" "Mozilla/5.0 AppleWebKit/537.36 (KHTML, like Gecko; compatible; ClaudeBot/1.0; +claudebot@anthropic.com)"
3.133.157.220 - - [16/Jan/2025:20:57:56 -0500] "GET /public/tour/badagry-weekend-package-189k?lokasie=%2Fusr%2Fshare%2Fman%2Fman3%2FLWP%3A%3AAuthen%3A%3ANtlm.3pm.gz&loknya=%2Fusr%2Fshare%2Fman%2Fman3 HTTP/1.1" 200 1766 "-" "Mozilla/5.0 AppleWebKit/537.36 (KHTML, like Gecko; compatible; ClaudeBot/1.0; +claudebot@anthropic.com)"
52.14.116.234 - - [16/Jan/2025:20:57:56 -0500] "GET /public/car/ford-fusion?lokasie=%2Fusr%2Fshare%2Fman%2Fman3%2Fxcb_xf86dri_get_drawable_info_unchecked.3.gz&loknya=%2Fusr%2Fshare%2Fman%2Fman3 HTTP/1.1" 200 1777 "-" "Mozilla/5.0 AppleWebKit/537.36 (KHTML, like Gecko; compatible; ClaudeBot/1.0; +claudebot@anthropic.com)"
3.145.12.233 - - [16/Jan/2025:20:57:57 -0500] "GET /public/car/ford-fusion?lokasie=%2Fusr%2Fshare%2Fman%2Fman3%2FSSL_set_num_tickets.3ssl.gz&loknya=%2Fusr%2Fshare%2Fman%2Fman3 HTTP/1.1" 200 1763 "-" "Mozilla/5.0 AppleWebKit/537.36 (KHTML, like Gecko; compatible; ClaudeBot/1.0; +claudebot@anthropic.com)"
17.241.219.180 - - [16/Jan/2025:20:57:56 -0500] "GET /public/hotel/legend-hotel-lagos-airport-curio-collection-by-hilton?loknya=/proc/thread-self/cwd/images HTTP/1.1" 200 4103 "-" "Mozilla/5.0 (Macintosh; Intel Mac OS X 10_15_7) AppleWebKit/605.1.15 (KHTML, like Gecko) Version/17.4 Safari/605.1.15 (Applebot/0.1; +http://www.apple.com/go/applebot)"
18.224.70.239 - - [16/Jan/2025:20:57:56 -0500] "GET /public/car/ford-fusion?lokasie=%2Fusr%2Fshare%2Fman%2Fman3%2Fxcb_glx_get_polygon_stipple.3.gz&loknya=%2Fusr%2Fshare%2Fman%2Fman3 HTTP/1.1" 200 1772 "-" "Mozilla/5.0 AppleWebKit/537.36 (KHTML, like Gecko; compatible; ClaudeBot/1.0; +claudebot@anthropic.com)"
3.145.62.46 - - [16/Jan/2025:20:57:57 -0500] "GET /public/car/ford-fusion?lokasie=%2Fusr%2Fshare%2Fman%2Fman3%2Fxcb_grab_keyboard_unchecked.3.gz&loknya=%2Fusr%2Fshare%2Fman%2Fman3 HTTP/1.1" 200 1767 "-" "Mozilla/5.0 AppleWebKit/537.36 (KHTML, like Gecko; compatible; ClaudeBot/1.0; +claudebot@anthropic.com)"
3.135.209.66 - - [16/Jan/2025:20:57:57 -0500] "GET /public/tour/badagry-weekend-package-189k?lokasie=%2Fusr%2Fshare%2Fman%2Fman3%2FEC_KEY_set_asn1_flag.3ssl.gz&loknya=%2Fusr%2Fshare%2Fman%2Fman3 HTTP/1.1" 200 1767 "-" "Mozilla/5.0 AppleWebKit/537.36 (KHTML, like Gecko; compatible; ClaudeBot/1.0; +claudebot@anthropic.com)"
18.222.182.195 - - [16/Jan/2025:20:57:57 -0500] "GET /public/tour/badagry-weekend-package-189k?lokasie=%2Fusr%2Fshare%2Fman%2Fman3%2FEVP_MD_CTX_set_update_fn.3ssl.gz&loknya=%2Fusr%2Fshare%2Fman%2Fman3 HTTP/1.1" 200 1776 "-" "Mozilla/5.0 AppleWebKit/537.36 (KHTML, like Gecko; compatible; ClaudeBot/1.0; +claudebot@anthropic.com)"
3.145.174.57 - - [16/Jan/2025:20:57:58 -0500] "GET /public/tour/badagry-weekend-package-189k?lokasie=%2Fusr%2Fshare%2Fman%2Fman3%2FOCSP_request_add1_cert.3ssl.gz&loknya=%2Fusr%2Fshare%2Fman%2Fman3 HTTP/1.1" 200 1766 "-" "Mozilla/5.0 AppleWebKit/537.36 (KHTML, like Gecko; compatible; ClaudeBot/1.0; +claudebot@anthropic.com)"
18.221.25.133 - - [16/Jan/2025:20:57:58 -0500] "GET /public/car/ford-fusion?lokasie=%2Fusr%2Fshare%2Fman%2Fman3%2FXwcDrawString.3.gz&loknya=%2Fusr%2Fshare%2Fman%2Fman3 HTTP/1.1" 200 1759 "-" "Mozilla/5.0 AppleWebKit/537.36 (KHTML, like Gecko; compatible; ClaudeBot/1.0; +claudebot@anthropic.com)"
17.241.227.55 - - [16/Jan/2025:20:57:58 -0500] "GET /public/hotel/legend-hotel-lagos-airport-curio-collection-by-hilton?lokasie=/bin/cp&loknya=/bin HTTP/1.1" 200 1938 "-" "Mozilla/5.0 (Macintosh; Intel Mac OS X 10_15_7) AppleWebKit/605.1.15 (KHTML, like Gecko) Version/17.4 Safari/605.1.15 (Applebot/0.1; +http://www.apple.com/go/applebot)"
3.142.42.247 - - [16/Jan/2025:20:57:58 -0500] "GET /public/car/ford-fusion?lokasie=%2Fusr%2Fshare%2Fman%2Fman3%2FSSL_read_early_data.3ssl.gz&loknya=%2Fusr%2Fshare%2Fman%2Fman3 HTTP/1.1" 200 1764 "-" "Mozilla/5.0 AppleWebKit/537.36 (KHTML, like Gecko; compatible; ClaudeBot/1.0; +claudebot@anthropic.com)"
3.133.157.220 - - [16/Jan/2025:20:57:59 -0500] "GET /public/tour/badagry-weekend-package-189k?lokasie=%2Fusr%2Fshare%2Fman%2Fman3%2Fxcb_glx_get_tex_geniv_reply.3.gz&loknya=%2Fusr%2Fshare%2Fman%2Fman3 HTTP/1.1" 200 1771 "-" "Mozilla/5.0 AppleWebKit/537.36 (KHTML, like Gecko; compatible; ClaudeBot/1.0; +claudebot@anthropic.com)"
3.145.12.233 - - [16/Jan/2025:20:58:00 -0500] "GET /public/car/ford-fusion?lokasie=%2Fusr%2Fshare%2Fman%2Fman3%2Fxcb_query_pointer_reply.3.gz&loknya=%2Fusr%2Fshare%2Fman%2Fman3 HTTP/1.1" 200 1761 "-" "Mozilla/5.0 AppleWebKit/537.36 (KHTML, like Gecko; compatible; ClaudeBot/1.0; +claudebot@anthropic.com)"
3.145.62.46 - - [16/Jan/2025:20:58:00 -0500] "GET /public/tour/badagry-weekend-package-189k?lokasie=%2Fusr%2Fshare%2Fman%2Fman3%2FCPU_SET_S.3.gz&loknya=%2Fusr%2Fshare%2Fman%2Fman3 HTTP/1.1" 200 1757 "-" "Mozilla/5.0 AppleWebKit/537.36 (KHTML, like Gecko; compatible; ClaudeBot/1.0; +claudebot@anthropic.com)"
17.241.219.180 - - [16/Jan/2025:20:58:00 -0500] "GET /public/space/xx/index.php?loknya=/usr/libexec/openldap HTTP/1.1" 200 2256 "-" "Mozilla/5.0 (Macintosh; Intel Mac OS X 10_15_7) AppleWebKit/605.1.15 (KHTML, like Gecko) Version/17.4 Safari/605.1.15 (Applebot/0.1; +http://www.apple.com/go/applebot)"
18.221.97.20 - - [16/Jan/2025:20:58:00 -0500] "GET /public/car/ford-fusion?lokasie=%2Fusr%2Fshare%2Fman%2Fman3%2FXkbDeviceBellEvent.3.gz&loknya=%2Fusr%2Fshare%2Fman%2Fman3 HTTP/1.1" 200 1760 "-" "Mozilla/5.0 AppleWebKit/537.36 (KHTML, like Gecko; compatible; ClaudeBot/1.0; +claudebot@anthropic.com)"
18.222.182.195 - - [16/Jan/2025:20:58:01 -0500] "GET /public/tour/badagry-weekend-package-189k?lokasie=%2Fusr%2Fshare%2Fman%2Fman3%2FCURLOPT_ABSTRACT_UNIX_SOCKET.3.gz&loknya=%2Fusr%2Fshare%2Fman%2Fman3 HTTP/1.1" 200 1783 "-" "Mozilla/5.0 AppleWebKit/537.36 (KHTML, like Gecko; compatible; ClaudeBot/1.0; +claudebot@anthropic.com)"
3.145.174.57 - - [16/Jan/2025:20:58:01 -0500] "GET /public/tour/badagry-weekend-package-189k?lokasie=%2Fusr%2Fshare%2Fman%2Fman3%2Fxcb_dri2_copy_region_reply.3.gz&loknya=%2Fusr%2Fshare%2Fman%2Fman3 HTTP/1.1" 200 1767 "-" "Mozilla/5.0 AppleWebKit/537.36 (KHTML, like Gecko; compatible; ClaudeBot/1.0; +claudebot@anthropic.com)"
217.113.194.162 - - [16/Jan/2025:20:58:03 -0500] "GET /tour?amp%3Bpage=2&amp%3Bamp%3Bamp%3Bamp%3Bamp%3Bamp%3Bamp%3Borderby=rate_high_low&amp%3Bamp%3Bamp%3Bamp%3Bamp%3Bamp%3Borderby=price_low_high&amp%3Bamp%3Bamp%3Bamp%3Borderby=price_high_low&amp%3Bamp%3Bamp%3Borderby=price_high_low&amp%3Bamp%3Borderby=price_high_low&amp%3Borderby=price_high_low&orderby=price_high_low HTTP/1.1" 403 0 "-" "Mozilla/5.0 (compatible; Barkrowler/0.9; +https://babbar.tech/crawler)"
18.221.25.133 - - [16/Jan/2025:20:58:01 -0500] "GET /public/car/ford-fusion?lokasie=%2Fusr%2Fshare%2Fman%2Fman3%2FTLSv1_method.3ssl.gz&loknya=%2Fusr%2Fshare%2Fman%2Fman3 HTTP/1.1" 200 1759 "-" "Mozilla/5.0 AppleWebKit/537.36 (KHTML, like Gecko; compatible; ClaudeBot/1.0; +claudebot@anthropic.com)"
17.241.227.55 - - [16/Jan/2025:20:58:01 -0500] "GET /public/hotel/maison-fahrenheit?lokasie=/bin/hunspell&loknya=/bin HTTP/1.1" 200 1942 "-" "Mozilla/5.0 (Macintosh; Intel Mac OS X 10_15_7) AppleWebKit/605.1.15 (KHTML, like Gecko) Version/17.4 Safari/605.1.15 (Applebot/0.1; +http://www.apple.com/go/applebot)"
3.142.42.247 - - [16/Jan/2025:20:58:01 -0500] "GET /public/car/ford-fusion?lokasie=%2Fusr%2Fshare%2Fman%2Fman3%2Fxcb_dri3_fd_from_fence.3.gz&loknya=%2Fusr%2Fshare%2Fman%2Fman3 HTTP/1.1" 200 1764 "-" "Mozilla/5.0 AppleWebKit/537.36 (KHTML, like Gecko; compatible; ClaudeBot/1.0; +claudebot@anthropic.com)"
3.133.157.220 - - [16/Jan/2025:20:58:02 -0500] "GET /public/tour/badagry-weekend-package-189k?lokasie=%2Fusr%2Fshare%2Fman%2Fman3%2Fxcb_selinux_get_property_use_context.3.gz&loknya=%2Fusr%2Fshare%2Fman%2Fman3 HTTP/1.1" 200 1773 "-" "Mozilla/5.0 AppleWebKit/537.36 (KHTML, like Gecko; compatible; ClaudeBot/1.0; +claudebot@anthropic.com)"
17.241.219.180 - - [16/Jan/2025:20:58:02 -0500] "GET /public/profile/book24admin/services?lokasie=/home/wavevlvu/mail/.support@diixadigital_com/dovecot.index.cache&loknya=/home/wavevlvu/mail/.support@diixadigital_com HTTP/1.1" 200 1999 "-" "Mozilla/5.0 (Macintosh; Intel Mac OS X 10_15_7) AppleWebKit/605.1.15 (KHTML, like Gecko) Version/17.4 Safari/605.1.15 (Applebot/0.1; +http://www.apple.com/go/applebot)"
3.145.12.233 - - [16/Jan/2025:20:58:03 -0500] "GET /public/car/ford-fusion?lokasie=%2Fusr%2Fshare%2Fman%2Fman3%2FEVP_PKEY_get0_engine.3ssl.gz&loknya=%2Fusr%2Fshare%2Fman%2Fman3 HTTP/1.1" 200 1764 "-" "Mozilla/5.0 AppleWebKit/537.36 (KHTML, like Gecko; compatible; ClaudeBot/1.0; +claudebot@anthropic.com)"
3.145.62.46 - - [16/Jan/2025:20:58:03 -0500] "GET /public/car/ford-fusion?lokasie=%2Fusr%2Fshare%2Fman%2Fman3%2FX509_LOOKUP_meth_get_free.3ssl.gz&loknya=%2Fusr%2Fshare%2Fman%2Fman3 HTTP/1.1" 200 1773 "-" "Mozilla/5.0 AppleWebKit/537.36 (KHTML, like Gecko; compatible; ClaudeBot/1.0; +claudebot@anthropic.com)"
18.221.97.20 - - [16/Jan/2025:20:58:03 -0500] "GET /public/car/ford-fusion?lokasie=%2Fusr%2Fshare%2Fman%2Fman3%2FDES_cfb_encrypt.3ssl.gz&loknya=%2Fusr%2Fshare%2Fman%2Fman3 HTTP/1.1" 500 322 "-" "Mozilla/5.0 AppleWebKit/537.36 (KHTML, like Gecko; compatible; ClaudeBot/1.0; +claudebot@anthropic.com)"
3.145.174.57 - - [16/Jan/2025:20:58:04 -0500] "GET /public/tour/badagry-weekend-package-189k?lokasie=%2Fusr%2Fshare%2Fman%2Fman3%2FCURLOPT_PROXY_SSL_VERIFYHOST.3.gz&loknya=%2Fusr%2Fshare%2Fman%2Fman3 HTTP/1.1" 200 1779 "-" "Mozilla/5.0 AppleWebKit/537.36 (KHTML, like Gecko; compatible; ClaudeBot/1.0; +claudebot@anthropic.com)"
17.241.227.55 - - [16/Jan/2025:20:58:04 -0500] "GET /public/tour/visit-kigali-this-easter-620k?loknya=/lib64/ruby/cgi HTTP/1.1" 200 2465 "-" "Mozilla/5.0 (Macintosh; Intel Mac OS X 10_15_7) AppleWebKit/605.1.15 (KHTML, like Gecko) Version/17.4 Safari/605.1.15 (Applebot/0.1; +http://www.apple.com/go/applebot)"
18.221.25.133 - - [16/Jan/2025:20:58:04 -0500] "GET /public/car/ford-fusion?lokasie=%2Fusr%2Fshare%2Fman%2Fman3%2FXConfigureEvent.3.gz&loknya=%2Fusr%2Fshare%2Fman%2Fman3 HTTP/1.1" 200 11693 "-" "Mozilla/5.0 AppleWebKit/537.36 (KHTML, like Gecko; compatible; ClaudeBot/1.0; +claudebot@anthropic.com)"
3.142.42.247 - - [16/Jan/2025:20:58:04 -0500] "GET /public/car/ford-fusion?lokasie=%2Fusr%2Fshare%2Fman%2Fman3%2FEC_GROUP_get0_generator.3ssl.gz&loknya=%2Fusr%2Fshare%2Fman%2Fman3 HTTP/1.1" 200 1768 "-" "Mozilla/5.0 AppleWebKit/537.36 (KHTML, like Gecko; compatible; ClaudeBot/1.0; +claudebot@anthropic.com)"
17.241.227.78 - - [16/Jan/2025:20:58:07 -0500] "GET /public/hotel/legend-hotel-lagos-airport-curio-collection-by-hilton?lokasie=/etc/ld.so.conf&loknya=/etc HTTP/1.1" 403 1242 "-" "Mozilla/5.0 (Macintosh; Intel Mac OS X 10_15_7) AppleWebKit/605.1.15 (KHTML, like Gecko) Version/17.4 Safari/605.1.15 (Applebot/0.1; +http://www.apple.com/go/applebot)"
52.15.191.241 - - [16/Jan/2025:20:58:05 -0500] "GET /public/car/ford-fusion?lokasie=%2Fusr%2Fshare%2Fman%2Fman3%2Fxcb_create_cursor.3.gz&loknya=%2Fusr%2Fshare%2Fman%2Fman3 HTTP/1.1" 200 1762 "-" "Mozilla/5.0 AppleWebKit/537.36 (KHTML, like Gecko; compatible; ClaudeBot/1.0; +claudebot@anthropic.com)"
3.133.157.220 - - [16/Jan/2025:20:58:05 -0500] "GET /public/tour/badagry-weekend-package-189k?lokasie=%2Fusr%2Fshare%2Fman%2Fman3%2FFile%3A%3AHomeDir%3A%3AFreeDesktop.3pm.gz&loknya=%2Fusr%2Fshare%2Fman%2Fman3 HTTP/1.1" 200 1772 "-" "Mozilla/5.0 AppleWebKit/537.36 (KHTML, like Gecko; compatible; ClaudeBot/1.0; +claudebot@anthropic.com)"
3.145.12.233 - - [16/Jan/2025:20:58:06 -0500] "GET /public/car/ford-fusion?lokasie=%2Fusr%2Fshare%2Fman%2Fman3%2Fxcb_glx_get_string_reply.3.gz&loknya=%2Fusr%2Fshare%2Fman%2Fman3 HTTP/1.1" 200 11706 "-" "Mozilla/5.0 AppleWebKit/537.36 (KHTML, like Gecko; compatible; ClaudeBot/1.0; +claudebot@anthropic.com)"
17.241.219.215 - - [16/Jan/2025:20:58:06 -0500] "GET /public/profile/55?lokasie=/home/wavevlvu/book24.ng/storage/framework/sessions/SqxOG3XamRnqSwn6lLjdKDmJ56MwsHVggcokm3aD&loknya=/home/wavevlvu/book24.ng/storage/framework/sessions HTTP/1.1" 200 2051 "-" "Mozilla/5.0 (Macintosh; Intel Mac OS X 10_15_7) AppleWebKit/605.1.15 (KHTML, like Gecko) Version/17.4 Safari/605.1.15 (Applebot/0.1; +http://www.apple.com/go/applebot)"
3.145.62.46 - - [16/Jan/2025:20:58:06 -0500] "GET /public/tour/badagry-weekend-package-189k?lokasie=%2Fusr%2Fshare%2Fman%2Fman3%2Fpcre32_compile.3.gz&loknya=%2Fusr%2Fshare%2Fman%2Fman3 HTTP/1.1" 200 1758 "-" "Mozilla/5.0 AppleWebKit/537.36 (KHTML, like Gecko; compatible; ClaudeBot/1.0; +claudebot@anthropic.com)"
18.221.97.20 - - [16/Jan/2025:20:58:06 -0500] "GET /public/car/ford-fusion?lokasie=%2Fusr%2Fshare%2Fman%2Fman3%2FModule%3A%3ALoaded.3pm.gz&loknya=%2Fusr%2Fshare%2Fman%2Fman3 HTTP/1.1" 200 1759 "-" "Mozilla/5.0 AppleWebKit/537.36 (KHTML, like Gecko; compatible; ClaudeBot/1.0; +claudebot@anthropic.com)"
3.145.174.57 - - [16/Jan/2025:20:58:07 -0500] "GET /public/tour/badagry-weekend-package-189k?lokasie=%2Fusr%2Fshare%2Fman%2Fman3%2FEVP_PKEY_CTX_set_rsa_mgf1_md.3ssl.gz&loknya=%2Fusr%2Fshare%2Fman%2Fman3 HTTP/1.1" 200 1775 "-" "Mozilla/5.0 AppleWebKit/537.36 (KHTML, like Gecko; compatible; ClaudeBot/1.0; +claudebot@anthropic.com)"
18.221.25.133 - - [16/Jan/2025:20:58:07 -0500] "GET /public/car/ford-fusion?lokasie=%2Fusr%2Fshare%2Fman%2Fman3%2FDoesBackingStore.3.gz&loknya=%2Fusr%2Fshare%2Fman%2Fman3 HTTP/1.1" 200 1761 "-" "Mozilla/5.0 AppleWebKit/537.36 (KHTML, like Gecko; compatible; ClaudeBot/1.0; +claudebot@anthropic.com)"
52.15.191.241 - - [16/Jan/2025:20:58:07 -0500] "GET /public/car/ford-fusion?lokasie=%2Fusr%2Fshare%2Fman%2Fman3%2Fis_term_resized_sp.3x.gz&loknya=%2Fusr%2Fshare%2Fman%2Fman3 HTTP/1.1" 200 1765 "-" "Mozilla/5.0 AppleWebKit/537.36 (KHTML, like Gecko; compatible; ClaudeBot/1.0; +claudebot@anthropic.com)"
3.142.42.247 - - [16/Jan/2025:20:58:07 -0500] "GET /public/car/ford-fusion?lokasie=%2Fusr%2Fshare%2Fman%2Fman3%2Fxcb_dri2_authenticate_reply.3.gz&loknya=%2Fusr%2Fshare%2Fman%2Fman3 HTTP/1.1" 200 1767 "-" "Mozilla/5.0 AppleWebKit/537.36 (KHTML, like Gecko; compatible; ClaudeBot/1.0; +claudebot@anthropic.com)"
3.133.157.220 - - [16/Jan/2025:20:58:08 -0500] "GET /public/tour/badagry-weekend-package-189k?lokasie=%2Fusr%2Fshare%2Fman%2Fman3%2FX509_LOOKUP_meth_set_get_by_subject.3ssl.gz&loknya=%2Fusr%2Fshare%2Fman%2Fman3 HTTP/1.1" 200 1780 "-" "Mozilla/5.0 AppleWebKit/537.36 (KHTML, like Gecko; compatible; ClaudeBot/1.0; +claudebot@anthropic.com)"
17.241.227.39 - - [16/Jan/2025:20:58:08 -0500] "GET /public/space/xx/index.php?lokasie=/lib64/python3.8/LICENSE.txt&loknya=/lib64/python3.8 HTTP/1.1" 200 6912 "-" "Mozilla/5.0 (Macintosh; Intel Mac OS X 10_15_7) AppleWebKit/605.1.15 (KHTML, like Gecko) Version/17.4 Safari/605.1.15 (Applebot/0.1; +http://www.apple.com/go/applebot)"
3.22.75.92 - - [16/Jan/2025:20:58:08 -0500] "GET /public/car/ford-fusion?lokasie=%2Fusr%2Fshare%2Fman%2Fman3%2FCompress%3A%3ARaw%3A%3AZlib.3pm.gz&loknya=%2Fusr%2Fshare%2Fman%2Fman3 HTTP/1.1" 200 1765 "-" "Mozilla/5.0 AppleWebKit/537.36 (KHTML, like Gecko; compatible; ClaudeBot/1.0; +claudebot@anthropic.com)"
3.145.12.233 - - [16/Jan/2025:20:58:09 -0500] "GET /public/car/ford-fusion?lokasie=%2Fusr%2Fshare%2Fman%2Fman3%2FEVP_MD_meth_set_final.3ssl.gz&loknya=%2Fusr%2Fshare%2Fman%2Fman3 HTTP/1.1" 200 1765 "-" "Mozilla/5.0 AppleWebKit/537.36 (KHTML, like Gecko; compatible; ClaudeBot/1.0; +claudebot@anthropic.com)"
3.145.62.46 - - [16/Jan/2025:20:58:09 -0500] "GET /public/tour/badagry-weekend-package-189k?lokasie=%2Fusr%2Fshare%2Fman%2Fman3%2Fxcb_query_font.3.gz&loknya=%2Fusr%2Fshare%2Fman%2Fman3 HTTP/1.1" 200 1760 "-" "Mozilla/5.0 AppleWebKit/537.36 (KHTML, like Gecko; compatible; ClaudeBot/1.0; +claudebot@anthropic.com)"
18.221.97.20 - - [16/Jan/2025:20:58:09 -0500] "GET /public/car/ford-fusion?lokasie=%2Fusr%2Fshare%2Fman%2Fman3%2Fd2i_RSA_PSS_PARAMS.3ssl.gz&loknya=%2Fusr%2Fshare%2Fman%2Fman3 HTTP/1.1" 200 1768 "-" "Mozilla/5.0 AppleWebKit/537.36 (KHTML, like Gecko; compatible; ClaudeBot/1.0; +claudebot@anthropic.com)"
3.145.174.57 - - [16/Jan/2025:20:58:10 -0500] "GET /public/tour/badagry-weekend-package-189k?lokasie=%2Fusr%2Fshare%2Fman%2Fman3%2FEVP_PKEY_CTX_set_signature_md.3ssl.gz&loknya=%2Fusr%2Fshare%2Fman%2Fman3 HTTP/1.1" 200 1775 "-" "Mozilla/5.0 AppleWebKit/537.36 (KHTML, like Gecko; compatible; ClaudeBot/1.0; +claudebot@anthropic.com)"
217.113.194.170 - - [16/Jan/2025:20:58:12 -0500] "GET /tour?amp%3Bpage=2&amp%3Bamp%3Bamp%3Bamp%3Bamp%3Bamp%3Bamp%3Borderby=price_low_high&amp%3Bamp%3Bamp%3Bamp%3Bamp%3Bamp%3Borderby=rate_high_low&amp%3Bamp%3Bamp%3Bamp%3Borderby=rate_high_low&amp%3Bamp%3Bamp%3Borderby=rate_high_low&amp%3Bamp%3Borderby=price_high_low&amp%3Borderby=rate_high_low&set_currency=gbp HTTP/1.1" 403 0 "-" "Mozilla/5.0 (compatible; Barkrowler/0.9; +https://babbar.tech/crawler)"
18.221.25.133 - - [16/Jan/2025:20:58:10 -0500] "GET /public/car/ford-fusion?lokasie=%2Fusr%2Fshare%2Fman%2Fman3%2Fxcb_allow_events.3.gz&loknya=%2Fusr%2Fshare%2Fman%2Fman3 HTTP/1.1" 200 1760 "-" "Mozilla/5.0 AppleWebKit/537.36 (KHTML, like Gecko; compatible; ClaudeBot/1.0; +claudebot@anthropic.com)"
52.15.191.241 - - [16/Jan/2025:20:58:10 -0500] "GET /public/car/ford-fusion?lokasie=%2Fusr%2Fshare%2Fman%2Fman3%2FUI_get0_user_data.3ssl.gz&loknya=%2Fusr%2Fshare%2Fman%2Fman3 HTTP/1.1" 200 1767 "-" "Mozilla/5.0 AppleWebKit/537.36 (KHTML, like Gecko; compatible; ClaudeBot/1.0; +claudebot@anthropic.com)"
17.241.227.39 - - [16/Jan/2025:20:58:11 -0500] "GET /public/tour/experience-badagry-tour?lokasie=/home/wavevlvu/book24.ng/public/libs/ace/src-min-noconflict/mode-nginx.js&loknya=/home/wavevlvu/book24.ng/public/libs/ace/src-min-noconflict HTTP/1.1" 200 7557 "-" "Mozilla/5.0 (Macintosh; Intel Mac OS X 10_15_7) AppleWebKit/605.1.15 (KHTML, like Gecko) Version/17.4 Safari/605.1.15 (Applebot/0.1; +http://www.apple.com/go/applebot)"
3.133.157.220 - - [16/Jan/2025:20:58:11 -0500] "GET /public/space/3-bedroom-duplex-in-lekki?lokasie=%2Fopt%2Fhc_python%2Flib64%2Fpython3.8%2Fsite-packages%2Fidna%2F%2Fidnadata.py&loknya=%2Fopt%2Fhc_python%2Flib64%2Fpython3.8%2Fsite-packages%2Fidna%2F HTTP/1.1" 200 8871 "-" "Mozilla/5.0 AppleWebKit/537.36 (KHTML, like Gecko; compatible; ClaudeBot/1.0; +claudebot@anthropic.com)"
3.22.75.92 - - [16/Jan/2025:20:58:11 -0500] "GET /public/car/ford-fusion?lokasie=%2Fusr%2Fshare%2Fman%2Fman3%2FPod%3A%3ASimple%3A%3ADumpAsXML.3pm.gz&loknya=%2Fusr%2Fshare%2Fman%2Fman3 HTTP/1.1" 200 1768 "-" "Mozilla/5.0 AppleWebKit/537.36 (KHTML, like Gecko; compatible; ClaudeBot/1.0; +claudebot@anthropic.com)"
3.145.12.233 - - [16/Jan/2025:20:58:12 -0500] "GET /public/car/ford-fusion?lokasie=%2Fusr%2Fshare%2Fman%2Fman3%2FSSL_CTX_clear_options.3ssl.gz&loknya=%2Fusr%2Fshare%2Fman%2Fman3 HTTP/1.1" 200 1765 "-" "Mozilla/5.0 AppleWebKit/537.36 (KHTML, like Gecko; compatible; ClaudeBot/1.0; +claudebot@anthropic.com)"
3.145.62.46 - - [16/Jan/2025:20:58:12 -0500] "GET /public/tour/badagry-weekend-package-189k?lokasie=%2Fusr%2Fshare%2Fman%2Fman3%2FXDeleteProperty.3.gz&loknya=%2Fusr%2Fshare%2Fman%2Fman3 HTTP/1.1" 200 1759 "-" "Mozilla/5.0 AppleWebKit/537.36 (KHTML, like Gecko; compatible; ClaudeBot/1.0; +claudebot@anthropic.com)"
18.221.97.20 - - [16/Jan/2025:20:58:12 -0500] "GET /public/car/ford-fusion?lokasie=%2Fusr%2Fshare%2Fman%2Fman3%2Fpcre2_match_data_free.3.gz&loknya=%2Fusr%2Fshare%2Fman%2Fman3 HTTP/1.1" 200 1763 "-" "Mozilla/5.0 AppleWebKit/537.36 (KHTML, like Gecko; compatible; ClaudeBot/1.0; +claudebot@anthropic.com)"
3.147.60.193 - - [16/Jan/2025:20:58:12 -0500] "GET /public/car/ford-fusion?lokasie=%2Fusr%2Fshare%2Fman%2Fman3%2Flwres_context_initserial.3.gz&loknya=%2Fusr%2Fshare%2Fman%2Fman3 HTTP/1.1" 200 1762 "-" "Mozilla/5.0 AppleWebKit/537.36 (KHTML, like Gecko; compatible; ClaudeBot/1.0; +claudebot@anthropic.com)"
3.145.174.57 - - [16/Jan/2025:20:58:13 -0500] "GET /public/tour/badagry-weekend-package-189k?lokasie=%2Fusr%2Fshare%2Fman%2Fman3%2FEVP_PKEY_CTX_set1_scrypt_salt.3ssl.gz&loknya=%2Fusr%2Fshare%2Fman%2Fman3 HTTP/1.1" 200 1775 "-" "Mozilla/5.0 AppleWebKit/537.36 (KHTML, like Gecko; compatible; ClaudeBot/1.0; +claudebot@anthropic.com)"
18.221.25.133 - - [16/Jan/2025:20:58:13 -0500] "GET /public/car/ford-fusion?lokasie=%2Fusr%2Fshare%2Fman%2Fman3%2FENGINE_set_RSA.3ssl.gz&loknya=%2Fusr%2Fshare%2Fman%2Fman3 HTTP/1.1" 200 1765 "-" "Mozilla/5.0 AppleWebKit/537.36 (KHTML, like Gecko; compatible; ClaudeBot/1.0; +claudebot@anthropic.com)"
52.15.191.241 - - [16/Jan/2025:20:58:13 -0500] "GET /public/car/ford-fusion?lokasie=%2Fusr%2Fshare%2Fman%2Fman3%2FCRYPTO_free_ex_index.3ssl.gz&loknya=%2Fusr%2Fshare%2Fman%2Fman3 HTTP/1.1" 200 1768 "-" "Mozilla/5.0 AppleWebKit/537.36 (KHTML, like Gecko; compatible; ClaudeBot/1.0; +claudebot@anthropic.com)"
17.241.227.39 - - [16/Jan/2025:20:58:14 -0500] "GET /public/space/3-bedroom-luxurious-apartment?lokasie=/home/wavevlvu/book24.ng/public/libs/bootstrap-datepicker/locales/bootstrap-datepicker.oc.min.js&loknya=/home/wavevlvu/book24.ng/public/libs/bootstrap-datepicker/locales HTTP/1.1" 200 2372 "-" "Mozilla/5.0 (Macintosh; Intel Mac OS X 10_15_7) AppleWebKit/605.1.15 (KHTML, like Gecko) Version/17.4 Safari/605.1.15 (Applebot/0.1; +http://www.apple.com/go/applebot)"
3.22.75.92 - - [16/Jan/2025:20:58:14 -0500] "GET /public/car/ford-fusion?lokasie=%2Fusr%2Fshare%2Fman%2Fman3%2Fxcb_query_font_char_infos_iterator.3.gz&loknya=%2Fusr%2Fshare%2Fman%2Fman3 HTTP/1.1" 200 1775 "-" "Mozilla/5.0 AppleWebKit/537.36 (KHTML, like Gecko; compatible; ClaudeBot/1.0; +claudebot@anthropic.com)"
3.147.60.193 - - [16/Jan/2025:20:58:15 -0500] "GET /public/car/ford-fusion?lokasie=%2Fusr%2Fshare%2Fman%2Fman3%2Fpcre_free_substring_list.3.gz&loknya=%2Fusr%2Fshare%2Fman%2Fman3 HTTP/1.1" 200 1764 "-" "Mozilla/5.0 AppleWebKit/537.36 (KHTML, like Gecko; compatible; ClaudeBot/1.0; +claudebot@anthropic.com)"
3.145.62.46 - - [16/Jan/2025:20:58:15 -0500] "GET /public/tour/badagry-weekend-package-189k?lokasie=%2Fusr%2Fshare%2Fman%2Fman3%2FPEM_write_CMS.3ssl.gz&loknya=%2Fusr%2Fshare%2Fman%2Fman3 HTTP/1.1" 200 12027 "-" "Mozilla/5.0 AppleWebKit/537.36 (KHTML, like Gecko; compatible; ClaudeBot/1.0; +claudebot@anthropic.com)"
18.221.97.20 - - [16/Jan/2025:20:58:15 -0500] "GET /public/car/ford-fusion?lokasie=%2Fusr%2Fshare%2Fman%2Fman3%2FXExtendedMaxRequestSize.3.gz&loknya=%2Fusr%2Fshare%2Fman%2Fman3 HTTP/1.1" 200 1765 "-" "Mozilla/5.0 AppleWebKit/537.36 (KHTML, like Gecko; compatible; ClaudeBot/1.0; +claudebot@anthropic.com)"
18.117.73.72 - - [16/Jan/2025:20:58:15 -0500] "GET /public/index.php/images/ico_close.svg?lokasie=%2Fhome%2Fwavevlvu%2Fcynthiaadediran.com%2Fwp-content%2Fthemes%2Fgerold%2F%2Ffooter.php&loknya=%2Fhome%2Fwavevlvu%2Fcynthiaadediran.com%2Fwp-content%2Fthemes%2Fgerold%2F HTTP/1.1" 200 2028 "-" "Mozilla/5.0 AppleWebKit/537.36 (KHTML, like Gecko; compatible; ClaudeBot/1.0; +claudebot@anthropic.com)"
3.144.6.9 - - [16/Jan/2025:20:58:16 -0500] "GET /public/index.php/login?lokasie=%2Fproc%2Fthread-self%2Froot%2Fproc%2Fself%2Fcwd%2Fjs%2F%2Fapp.js&loknya=%2Fproc%2Fthread-self%2Froot%2Fproc%2Fself%2Fcwd%2Fjs%2F HTTP/1.1" 200 355603 "-" "Mozilla/5.0 AppleWebKit/537.36 (KHTML, like Gecko; compatible; ClaudeBot/1.0; +claudebot@anthropic.com)"
18.221.25.133 - - [16/Jan/2025:20:58:16 -0500] "GET /public/car/ford-fusion?lokasie=%2Fusr%2Fshare%2Fman%2Fman3%2Fmysql_next_result.3.gz&loknya=%2Fusr%2Fshare%2Fman%2Fman3 HTTP/1.1" 200 1762 "-" "Mozilla/5.0 AppleWebKit/537.36 (KHTML, like Gecko; compatible; ClaudeBot/1.0; +claudebot@anthropic.com)"
3.145.55.25 - - [16/Jan/2025:20:58:16 -0500] "GET /public/car/ford-fusion?lokasie=%2Fusr%2Fshare%2Fman%2Fman3%2FXkbOpenDisplay.3.gz&loknya=%2Fusr%2Fshare%2Fman%2Fman3 HTTP/1.1" 200 1757 "-" "Mozilla/5.0 AppleWebKit/537.36 (KHTML, like Gecko; compatible; ClaudeBot/1.0; +claudebot@anthropic.com)"
52.15.191.241 - - [16/Jan/2025:20:58:16 -0500] "GET /public/car/ford-fusion?lokasie=%2Fusr%2Fshare%2Fman%2Fman3%2FX509_LOOKUP_meth_set_ctrl.3ssl.gz&loknya=%2Fusr%2Fshare%2Fman%2Fman3 HTTP/1.1" 200 1776 "-" "Mozilla/5.0 AppleWebKit/537.36 (KHTML, like Gecko; compatible; ClaudeBot/1.0; +claudebot@anthropic.com)"
3.22.75.92 - - [16/Jan/2025:20:58:17 -0500] "GET /public/car/ford-fusion?lokasie=%2Fusr%2Fshare%2Fman%2Fman3%2FModule%3A%3ABuild%3A%3AConfigData.3pm.gz&loknya=%2Fusr%2Fshare%2Fman%2Fman3 HTTP/1.1" 200 1770 "-" "Mozilla/5.0 AppleWebKit/537.36 (KHTML, like Gecko; compatible; ClaudeBot/1.0; +claudebot@anthropic.com)"
3.147.60.193 - - [16/Jan/2025:20:58:18 -0500] "GET /public/car/ford-fusion?lokasie=%2Fusr%2Fshare%2Fman%2Fman3%2FDSA_meth_set_paramgen.3ssl.gz&loknya=%2Fusr%2Fshare%2Fman%2Fman3 HTTP/1.1" 200 1764 "-" "Mozilla/5.0 AppleWebKit/537.36 (KHTML, like Gecko; compatible; ClaudeBot/1.0; +claudebot@anthropic.com)"
17.241.75.117 - - [16/Jan/2025:20:58:18 -0500] "GET /public/profile/book24admin/services?lokasie=/proc/softirqs&loknya=/proc HTTP/1.1" 200 1944 "-" "Mozilla/5.0 (Macintosh; Intel Mac OS X 10_15_7) AppleWebKit/605.1.15 (KHTML, like Gecko) Version/17.4 Safari/605.1.15 (Applebot/0.1; +http://www.apple.com/go/applebot)"
18.221.97.20 - - [16/Jan/2025:20:58:18 -0500] "GET /public/car/ford-fusion?lokasie=%2Fusr%2Fshare%2Fman%2Fman3%2Fxcb_glx_is_texture_reply.3.gz&loknya=%2Fusr%2Fshare%2Fman%2Fman3 HTTP/1.1" 200 1765 "-" "Mozilla/5.0 AppleWebKit/537.36 (KHTML, like Gecko; compatible; ClaudeBot/1.0; +claudebot@anthropic.com)"
217.113.194.168 - - [16/Jan/2025:20:58:21 -0500] "GET /tour?amp%3Bpage=2&amp%3Bamp%3Bamp%3Bamp%3Bamp%3Bamp%3Bamp%3Borderby=price_low_high&amp%3Bamp%3Bamp%3Bamp%3Bamp%3Bamp%3Borderby=rate_high_low&amp%3Bamp%3Bamp%3Bamp%3Borderby=rate_high_low&amp%3Bamp%3Bamp%3Borderby=rate_high_low&amp%3Bamp%3Borderby=price_high_low&amp%3Borderby=rate_high_low&orderby=price_high_low HTTP/1.1" 403 0 "-" "Mozilla/5.0 (compatible; Barkrowler/0.9; +https://babbar.tech/crawler)"
3.144.3.235 - - [16/Jan/2025:20:58:18 -0500] "GET /public/tour/badagry-weekend-package-189k?lokasie=%2Fusr%2Fshare%2Fman%2Fman3%2Fxcb_glx_make_context_current_reply.3.gz&loknya=%2Fusr%2Fshare%2Fman%2Fman3 HTTP/1.1" 200 1770 "-" "Mozilla/5.0 AppleWebKit/537.36 (KHTML, like Gecko; compatible; ClaudeBot/1.0; +claudebot@anthropic.com)"
3.145.55.25 - - [16/Jan/2025:20:58:19 -0500] "GET /public/car/ford-fusion?lokasie=%2Fusr%2Fshare%2Fman%2Fman3%2Fpcre2_code_free.3.gz&loknya=%2Fusr%2Fshare%2Fman%2Fman3 HTTP/1.1" 200 1759 "-" "Mozilla/5.0 AppleWebKit/537.36 (KHTML, like Gecko; compatible; ClaudeBot/1.0; +claudebot@anthropic.com)"
18.221.25.133 - - [16/Jan/2025:20:58:19 -0500] "GET /public/car/ford-fusion?lokasie=%2Fusr%2Fshare%2Fman%2Fman3%2Flwres_endhostent_r.3.gz&loknya=%2Fusr%2Fshare%2Fman%2Fman3 HTTP/1.1" 200 1761 "-" "Mozilla/5.0 AppleWebKit/537.36 (KHTML, like Gecko; compatible; ClaudeBot/1.0; +claudebot@anthropic.com)"
18.227.134.115 - - [16/Jan/2025:20:58:19 -0500] "GET /public/tour/badagry-weekend-package-189k?lokasie=%2Fusr%2Flib64%2Fpython3.6%2F__pycache__%2Fsre_constants.cpython-36.pyc&loknya=%2Fusr%2Flib64%2Fpython3.6%2F__pycache__ HTTP/1.1" 200 1778 "-" "Mozilla/5.0 AppleWebKit/537.36 (KHTML, like Gecko; compatible; ClaudeBot/1.0; +claudebot@anthropic.com)"
52.15.191.241 - - [16/Jan/2025:20:58:19 -0500] "GET /public/car/ford-fusion?lokasie=%2Fusr%2Fshare%2Fman%2Fman3%2Fxcb_glx_get_tex_gendv_data_end.3.gz&loknya=%2Fusr%2Fshare%2Fman%2Fman3 HTTP/1.1" 200 1774 "-" "Mozilla/5.0 AppleWebKit/537.36 (KHTML, like Gecko; compatible; ClaudeBot/1.0; +claudebot@anthropic.com)"
18.117.74.47 - - [16/Jan/2025:20:58:20 -0500] "GET /public/tour/badagry-weekend-package-189k?lokasie=%2Fusr%2Fshare%2Fman%2Fman3%2Fxcb_glx_get_tex_parameterfv_unchecked.3.gz&loknya=%2Fusr%2Fshare%2Fman%2Fman3 HTTP/1.1" 200 1769 "-" "Mozilla/5.0 AppleWebKit/537.36 (KHTML, like Gecko; compatible; ClaudeBot/1.0; +claudebot@anthropic.com)"
3.22.75.92 - - [16/Jan/2025:20:58:20 -0500] "GET /public/car/ford-fusion?lokasie=%2Fusr%2Fshare%2Fman%2Fman3%2Fxcb_glx_get_polygon_stipple_data_end.3.gz&loknya=%2Fusr%2Fshare%2Fman%2Fman3 HTTP/1.1" 200 1775 "-" "Mozilla/5.0 AppleWebKit/537.36 (KHTML, like Gecko; compatible; ClaudeBot/1.0; +claudebot@anthropic.com)"
3.147.60.193 - - [16/Jan/2025:20:58:21 -0500] "GET /public/car/ford-fusion?lokasie=%2Fusr%2Fshare%2Fman%2Fman3%2Fd2i_TS_MSG_IMPRINT_fp.3ssl.gz&loknya=%2Fusr%2Fshare%2Fman%2Fman3 HTTP/1.1" 200 1770 "-" "Mozilla/5.0 AppleWebKit/537.36 (KHTML, like Gecko; compatible; ClaudeBot/1.0; +claudebot@anthropic.com)"
3.144.3.235 - - [16/Jan/2025:20:58:21 -0500] "GET /public/index.php/login?lokasie=%2Fproc%2Fself%2Froot%2Fopt%2Falt%2Fphp72%2Fusr%2Flib64%2Fphp-zts%2Fmodules%2Fphar.so&loknya=%2Fproc%2Fself%2Froot%2Fopt%2Falt%2Fphp72%2Fusr%2Flib64%2Fphp-zts%2Fmodules HTTP/1.1" 200 1819 "-" "Mozilla/5.0 AppleWebKit/537.36 (KHTML, like Gecko; compatible; ClaudeBot/1.0; +claudebot@anthropic.com)"
18.117.151.127 - - [16/Jan/2025:20:58:22 -0500] "GET /public/car/ford-fusion?lokasie=%2Fusr%2Fshare%2Fman%2Fman3%2FSSL_set_ssl_method.3ssl.gz&loknya=%2Fusr%2Fshare%2Fman%2Fman3 HTTP/1.1" 500 322 "-" "Mozilla/5.0 AppleWebKit/537.36 (KHTML, like Gecko; compatible; ClaudeBot/1.0; +claudebot@anthropic.com)"
3.145.55.25 - - [16/Jan/2025:20:58:22 -0500] "GET /public/car/ford-fusion?lokasie=%2Fusr%2Fshare%2Fman%2Fman3%2FBIO_s_connect.3ssl.gz&loknya=%2Fusr%2Fshare%2Fman%2Fman3 HTTP/1.1" 200 1759 "-" "Mozilla/5.0 AppleWebKit/537.36 (KHTML, like Gecko; compatible; ClaudeBot/1.0; +claudebot@anthropic.com)"
18.221.25.133 - - [16/Jan/2025:20:58:22 -0500] "GET /public/car/ford-fusion?lokasie=%2Fusr%2Fshare%2Fman%2Fman3%2FBN_to_montgomery.3ssl.gz&loknya=%2Fusr%2Fshare%2Fman%2Fman3 HTTP/1.1" 200 1763 "-" "Mozilla/5.0 AppleWebKit/537.36 (KHTML, like Gecko; compatible; ClaudeBot/1.0; +claudebot@anthropic.com)"
18.221.97.20 - - [16/Jan/2025:20:58:21 -0500] "GET /public/car/ford-fusion?lokasie=%2Fusr%2Fshare%2Fman%2Fman3%2FEVP_PKEY_CTX_set_hkdf_md.3ssl.gz&loknya=%2Fusr%2Fshare%2Fman%2Fman3 HTTP/1.1" 200 1771 "-" "Mozilla/5.0 AppleWebKit/537.36 (KHTML, like Gecko; compatible; ClaudeBot/1.0; +claudebot@anthropic.com)"
52.15.191.241 - - [16/Jan/2025:20:58:22 -0500] "GET /public/car/ford-fusion?lokasie=%2Fusr%2Fshare%2Fman%2Fman3%2Fxcb_input_set_device_modifier_mapping.3.gz&loknya=%2Fusr%2Fshare%2Fman%2Fman3 HTTP/1.1" 200 1775 "-" "Mozilla/5.0 AppleWebKit/537.36 (KHTML, like Gecko; compatible; ClaudeBot/1.0; +claudebot@anthropic.com)"
18.117.74.47 - - [16/Jan/2025:20:58:23 -0500] "GET /public/tour/badagry-weekend-package-189k?lokasie=%2Fusr%2Fshare%2Fman%2Fman3%2Fxcb_input_get_extension_version_unchecked.3.gz&loknya=%2Fusr%2Fshare%2Fman%2Fman3 HTTP/1.1" 200 1772 "-" "Mozilla/5.0 AppleWebKit/537.36 (KHTML, like Gecko; compatible; ClaudeBot/1.0; +claudebot@anthropic.com)"
3.22.75.92 - - [16/Jan/2025:20:58:23 -0500] "GET /public/car/ford-fusion?lokasie=%2Fusr%2Fshare%2Fman%2Fman3%2Fxcb_randr_get_monitors_monitors_length.3.gz&loknya=%2Fusr%2Fshare%2Fman%2Fman3 HTTP/1.1" 200 1769 "-" "Mozilla/5.0 AppleWebKit/537.36 (KHTML, like Gecko; compatible; ClaudeBot/1.0; +claudebot@anthropic.com)"
3.147.60.193 - - [16/Jan/2025:20:58:24 -0500] "GET /public/car/ford-fusion?lokasie=%2Fusr%2Fshare%2Fman%2Fman3%2Fpcre2_compile_context_create.3.gz&loknya=%2Fusr%2Fshare%2Fman%2Fman3 HTTP/1.1" 200 1765 "-" "Mozilla/5.0 AppleWebKit/537.36 (KHTML, like Gecko; compatible; ClaudeBot/1.0; +claudebot@anthropic.com)"
18.117.151.127 - - [16/Jan/2025:20:58:24 -0500] "GET /public/car/ford-fusion?lokasie=%2Fvar%2Fsoftaculous%2Fwp49%2Fphp81%2Fupgrade.php&loknya=%2Fvar%2Fsoftaculous%2Fwp49%2Fphp81 HTTP/1.1" 200 11976 "-" "Mozilla/5.0 AppleWebKit/537.36 (KHTML, like Gecko; compatible; ClaudeBot/1.0; +claudebot@anthropic.com)"
3.145.55.25 - - [16/Jan/2025:20:58:25 -0500] "GET /public/car/ford-fusion?lokasie=%2Fusr%2Fshare%2Fman%2Fman3%2FDES_ofb_encrypt.3ssl.gz&loknya=%2Fusr%2Fshare%2Fman%2Fman3 HTTP/1.1" 200 1763 "-" "Mozilla/5.0 AppleWebKit/537.36 (KHTML, like Gecko; compatible; ClaudeBot/1.0; +claudebot@anthropic.com)"
18.221.97.20 - - [16/Jan/2025:20:58:25 -0500] "GET /public/car/ford-fusion?lokasie=%2Fusr%2Fshare%2Fman%2Fman3%2FX509_STORE_set_lookup_crls.3ssl.gz&loknya=%2Fusr%2Fshare%2Fman%2Fman3 HTTP/1.1" 200 1772 "-" "Mozilla/5.0 AppleWebKit/537.36 (KHTML, like Gecko; compatible; ClaudeBot/1.0; +claudebot@anthropic.com)"
18.219.119.163 - - [16/Jan/2025:20:58:25 -0500] "GET /public/tour/badagry-weekend-package-189k?lokasie=%2Fusr%2Fshare%2Fman%2Fman3%2Fxcb_randr_get_crtc_gamma_red_end.3.gz&loknya=%2Fusr%2Fshare%2Fman%2Fman3 HTTP/1.1" 200 1777 "-" "Mozilla/5.0 AppleWebKit/537.36 (KHTML, like Gecko; compatible; ClaudeBot/1.0; +claudebot@anthropic.com)"
52.15.191.241 - - [16/Jan/2025:20:58:25 -0500] "GET /public/car/ford-fusion?lokasie=%2Fusr%2Fshare%2Fman%2Fman3%2Fxcb_randr_get_output_info_modes_length.3.gz&loknya=%2Fusr%2Fshare%2Fman%2Fman3 HTTP/1.1" 200 1777 "-" "Mozilla/5.0 AppleWebKit/537.36 (KHTML, like Gecko; compatible; ClaudeBot/1.0; +claudebot@anthropic.com)"
18.117.74.47 - - [16/Jan/2025:20:58:26 -0500] "GET /public/tour/badagry-weekend-package-189k?lokasie=%2Fusr%2Fshare%2Fman%2Fman3%2Fxcb_composite_release_overlay_window_checked.3.gz&loknya=%2Fusr%2Fshare%2Fman%2Fman3 HTTP/1.1" 200 1774 "-" "Mozilla/5.0 AppleWebKit/537.36 (KHTML, like Gecko; compatible; ClaudeBot/1.0; +claudebot@anthropic.com)"
3.136.22.12 - - [16/Jan/2025:20:58:26 -0500] "GET /public/tour/badagry-weekend-package-189k?loknya=%2Fusr%2Flib64%2Fpython3.6%2Fsite-packages%2Fgpg HTTP/1.1" 200 2699 "-" "Mozilla/5.0 AppleWebKit/537.36 (KHTML, like Gecko; compatible; ClaudeBot/1.0; +claudebot@anthropic.com)"
3.22.75.92 - - [16/Jan/2025:20:58:26 -0500] "GET /public/index.php/login?lokasie=%2Fproc%2Fself%2Froot%2Fhome%2Fwavevlvu%2Flscache%2F2%2F9%2F2%2F2929e666f1a80b7a&loknya=%2Fproc%2Fself%2Froot%2Fhome%2Fwavevlvu%2Flscache%2F2%2F9%2F2 HTTP/1.1" 200 1800 "-" "Mozilla/5.0 AppleWebKit/537.36 (KHTML, like Gecko; compatible; ClaudeBot/1.0; +claudebot@anthropic.com)"
217.113.194.166 - - [16/Jan/2025:20:58:29 -0500] "GET /tour?amp%3Bpage=2&amp%3Bamp%3Bamp%3Bamp%3Bamp%3Bamp%3Bamp%3Borderby=price_low_high&amp%3Bamp%3Bamp%3Bamp%3Bamp%3Bamp%3Borderby=rate_high_low&amp%3Bamp%3Bamp%3Bamp%3Borderby=rate_high_low&amp%3Bamp%3Bamp%3Borderby=rate_high_low&amp%3Bamp%3Borderby=price_high_low&amp%3Borderby=price_low_high&orderby=price_low_high HTTP/1.1" 403 0 "-" "Mozilla/5.0 (compatible; Barkrowler/0.9; +https://babbar.tech/crawler)"
3.147.60.193 - - [16/Jan/2025:20:58:27 -0500] "GET /public/car/ford-fusion?lokasie=%2Fusr%2Fshare%2Fman%2Fman3%2FTest2%3A%3AAPI%3A%3ABreakage.3pm.gz&loknya=%2Fusr%2Fshare%2Fman%2Fman3 HTTP/1.1" 200 1765 "-" "Mozilla/5.0 AppleWebKit/537.36 (KHTML, like Gecko; compatible; ClaudeBot/1.0; +claudebot@anthropic.com)"
18.117.151.127 - - [16/Jan/2025:20:58:27 -0500] "GET /public/car/ford-fusion?lokasie=%2Fusr%2Fshare%2Fman%2Fman3%2Fxcb_randr_delete_monitor.3.gz&loknya=%2Fusr%2Fshare%2Fman%2Fman3 HTTP/1.1" 200 1768 "-" "Mozilla/5.0 AppleWebKit/537.36 (KHTML, like Gecko; compatible; ClaudeBot/1.0; +claudebot@anthropic.com)"
3.144.98.61 - - [16/Jan/2025:20:58:27 -0500] "GET /public/tour/badagry-weekend-package-189k?lokasie=%2Fusr%2Fshare%2Fman%2Fman3%2FFcCharSetIntersect.3.gz&loknya=%2Fusr%2Fshare%2Fman%2Fman3 HTTP/1.1" 200 1762 "-" "Mozilla/5.0 AppleWebKit/537.36 (KHTML, like Gecko; compatible; ClaudeBot/1.0; +claudebot@anthropic.com)"
3.145.55.25 - - [16/Jan/2025:20:58:28 -0500] "GET /public/car/ford-fusion?lokasie=%2Fusr%2Fshare%2Fman%2Fman3%2FPEM_write_PUBKEY.3ssl.gz&loknya=%2Fusr%2Fshare%2Fman%2Fman3 HTTP/1.1" 200 1764 "-" "Mozilla/5.0 AppleWebKit/537.36 (KHTML, like Gecko; compatible; ClaudeBot/1.0; +claudebot@anthropic.com)"
18.219.119.163 - - [16/Jan/2025:20:58:28 -0500] "GET /public/tour/badagry-weekend-package-189k?lokasie=%2Fusr%2Fshare%2Fman%2Fman3%2FX509_NAME_ENTRY_create_by_NID.3ssl.gz&loknya=%2Fusr%2Fshare%2Fman%2Fman3 HTTP/1.1" 200 1783 "-" "Mozilla/5.0 AppleWebKit/537.36 (KHTML, like Gecko; compatible; ClaudeBot/1.0; +claudebot@anthropic.com)"
18.221.97.20 - - [16/Jan/2025:20:58:28 -0500] "GET /public/car/ford-fusion?lokasie=%2Fusr%2Fshare%2Fman%2Fman3%2Fxcb_input_change_device_control_reply.3.gz&loknya=%2Fusr%2Fshare%2Fman%2Fman3 HTTP/1.1" 200 1771 "-" "Mozilla/5.0 AppleWebKit/537.36 (KHTML, like Gecko; compatible; ClaudeBot/1.0; +claudebot@anthropic.com)"
52.15.191.241 - - [16/Jan/2025:20:58:28 -0500] "GET /public/car/ford-fusion?lokasie=%2Fusr%2Fshare%2Fman%2Fman3%2Fxcb_xv_query_image_attributes_pitches_end.3.gz&loknya=%2Fusr%2Fshare%2Fman%2Fman3 HTTP/1.1" 200 1779 "-" "Mozilla/5.0 AppleWebKit/537.36 (KHTML, like Gecko; compatible; ClaudeBot/1.0; +claudebot@anthropic.com)"
18.117.74.47 - - [16/Jan/2025:20:58:29 -0500] "GET /public/index.php/login?lokasie=%2Fproc%2Fthread-self%2Froot%2Fproc%2Fthread-self%2Froot%2Fproc%2Fsys%2Fnet%2Fipv4%2Fip_forward_use_pmtu&loknya=%2Fproc%2Fthread-self%2Froot%2Fproc%2Fthread-self%2Froot%2Fproc%2Fsys%2Fnet%2Fipv4 HTTP/1.1" 200 1811 "-" "Mozilla/5.0 AppleWebKit/537.36 (KHTML, like Gecko; compatible; ClaudeBot/1.0; +claudebot@anthropic.com)"
3.136.22.12 - - [16/Jan/2025:20:58:29 -0500] "GET /public/tour/badagry-weekend-package-189k?lokasie=%2Fusr%2Flib64%2Fpython2.7%2Faifc.pyc&loknya=%2Fusr%2Flib64%2Fpython2.7 HTTP/1.1" 200 1743 "-" "Mozilla/5.0 AppleWebKit/537.36 (KHTML, like Gecko; compatible; ClaudeBot/1.0; +claudebot@anthropic.com)"
18.222.161.119 - - [16/Jan/2025:20:58:30 -0500] "GET /public/tour/badagry-weekend-package-189k?lokasie=%2Fusr%2Flib64%2Fpython2.7%2Furllib2.pyo&loknya=%2Fusr%2Flib64%2Fpython2.7 HTTP/1.1" 200 1749 "-" "Mozilla/5.0 AppleWebKit/537.36 (KHTML, like Gecko; compatible; ClaudeBot/1.0; +claudebot@anthropic.com)"
3.144.98.61 - - [16/Jan/2025:20:58:30 -0500] "GET /public/tour/badagry-weekend-package-189k?lokasie=%2Fusr%2Fshare%2Fman%2Fman3%2Fidna_to_unicode_lzlz.3.gz&loknya=%2Fusr%2Fshare%2Fman%2Fman3 HTTP/1.1" 200 1764 "-" "Mozilla/5.0 AppleWebKit/537.36 (KHTML, like Gecko; compatible; ClaudeBot/1.0; +claudebot@anthropic.com)"
18.117.151.127 - - [16/Jan/2025:20:58:30 -0500] "GET /public/car/ford-fusion?lokasie=%2Fusr%2Fshare%2Fman%2Fman3%2Fxcb_glx_end_list_checked.3.gz&loknya=%2Fusr%2Fshare%2Fman%2Fman3 HTTP/1.1" 200 1768 "-" "Mozilla/5.0 AppleWebKit/537.36 (KHTML, like Gecko; compatible; ClaudeBot/1.0; +claudebot@anthropic.com)"
3.144.255.198 - - [16/Jan/2025:20:58:30 -0500] "GET /public/tour/badagry-weekend-package-189k?lokasie=%2Fusr%2Fshare%2Fman%2Fman3%2Fxcb_list_hosts_unchecked.3.gz&loknya=%2Fusr%2Fshare%2Fman%2Fman3 HTTP/1.1" 200 1766 "-" "Mozilla/5.0 AppleWebKit/537.36 (KHTML, like Gecko; compatible; ClaudeBot/1.0; +claudebot@anthropic.com)"
3.147.60.193 - - [16/Jan/2025:20:58:31 -0500] "GET /public/car/ford-fusion?lokasie=%2Fusr%2Fshare%2Fman%2Fman3%2Fxcb_randr_set_screen_config_reply.3.gz&loknya=%2Fusr%2Fshare%2Fman%2Fman3 HTTP/1.1" 200 1770 "-" "Mozilla/5.0 AppleWebKit/537.36 (KHTML, like Gecko; compatible; ClaudeBot/1.0; +claudebot@anthropic.com)"
3.145.55.25 - - [16/Jan/2025:20:58:31 -0500] "GET /public/car/ford-fusion?lokasie=%2Fusr%2Fshare%2Fman%2Fman3%2FDSA_meth_get_init.3ssl.gz&loknya=%2Fusr%2Fshare%2Fman%2Fman3 HTTP/1.1" 200 1765 "-" "Mozilla/5.0 AppleWebKit/537.36 (KHTML, like Gecko; compatible; ClaudeBot/1.0; +claudebot@anthropic.com)"
18.221.97.20 - - [16/Jan/2025:20:58:31 -0500] "GET /public/index.php/login?lokasie=%2Fproc%2Fthread-self%2Froot%2Fproc%2Fself%2Froot%2Fvar%2Fsoftaculous%2Fwp63%2Flanguages%2Fnb_NO.zip&loknya=%2Fproc%2Fthread-self%2Froot%2Fproc%2Fself%2Froot%2Fvar%2Fsoftaculous%2Fwp63%2Flanguages HTTP/1.1" 200 1821 "-" "Mozilla/5.0 AppleWebKit/537.36 (KHTML, like Gecko; compatible; ClaudeBot/1.0; +claudebot@anthropic.com)"
3.15.202.169 - - [16/Jan/2025:20:58:32 -0500] "GET /public/index.php/login?lokasie=%2Fproc%2Fthread-self%2Froot%2Fproc%2Fself%2Froot%2Fvar%2Fsoftaculous%2Felgg3%2Fphp82%2Finstall.php&loknya=%2Fproc%2Fthread-self%2Froot%2Fproc%2Fself%2Froot%2Fvar%2Fsoftaculous%2Felgg3%2Fphp82 HTTP/1.1" 200 5336 "-" "Mozilla/5.0 AppleWebKit/537.36 (KHTML, like Gecko; compatible; ClaudeBot/1.0; +claudebot@anthropic.com)"
3.136.22.12 - - [16/Jan/2025:20:58:32 -0500] "GET /public/car/ford-fusion?lokasie=%2Fhome%2Fwavevlvu%2Fdiixadigital.com%2Fwp-content%2Fplugins%2Fjetpack%2Fmodules%2Fshortcodes%2Fmailchimp.php&loknya=%2Fhome%2Fwavevlvu%2Fdiixadigital.com%2Fwp-content%2Fplugins%2Fjetpack%2Fmodules%2Fshortcodes HTTP/1.1" 200 4358 "-" "Mozilla/5.0 AppleWebKit/537.36 (KHTML, like Gecko; compatible; ClaudeBot/1.0; +claudebot@anthropic.com)"
18.220.227.250 - - [16/Jan/2025:20:58:32 -0500] "GET /public/index.php/login?lokasie=%2Fproc%2Fself%2Froot%2Fhome%2Fwavevlvu%2Flscache%2F5%2F1%2Fd%2F51dae618785136e3&loknya=%2Fproc%2Fself%2Froot%2Fhome%2Fwavevlvu%2Flscache%2F5%2F1%2Fd HTTP/1.1" 200 1802 "-" "Mozilla/5.0 AppleWebKit/537.36 (KHTML, like Gecko; compatible; ClaudeBot/1.0; +claudebot@anthropic.com)"
18.222.161.119 - - [16/Jan/2025:20:58:32 -0500] "GET /public/index.php/login?lokasie=%2Fproc%2Fself%2Froot%2Fopt%2Falt%2Fphp72%2Fusr%2Flib64%2Fphp-zts%2Fmodules%2Fsysvshm.so&loknya=%2Fproc%2Fself%2Froot%2Fopt%2Falt%2Fphp72%2Fusr%2Flib64%2Fphp-zts%2Fmodules HTTP/1.1" 200 1824 "-" "Mozilla/5.0 AppleWebKit/537.36 (KHTML, like Gecko; compatible; ClaudeBot/1.0; +claudebot@anthropic.com)"
18.117.11.13 - - [16/Jan/2025:20:58:32 -0500] "GET /public/car/ford-fusion?lokasie=%2Fusr%2Flib%2F.build-id%2F6e%2Fee9b19033f37372417b69b74bdb6ea9dbf13cb&loknya=%2Fusr%2Flib%2F.build-id%2F6e HTTP/1.1" 200 1777 "-" "Mozilla/5.0 AppleWebKit/537.36 (KHTML, like Gecko; compatible; ClaudeBot/1.0; +claudebot@anthropic.com)"
3.144.255.198 - - [16/Jan/2025:20:58:33 -0500] "GET /public/tour/badagry-weekend-package-189k?lokasie=%2Fusr%2Fshare%2Fman%2Fman3%2Fxcb_glx_get_mapiv_unchecked.3.gz&loknya=%2Fusr%2Fshare%2Fman%2Fman3 HTTP/1.1" 200 1769 "-" "Mozilla/5.0 AppleWebKit/537.36 (KHTML, like Gecko; compatible; ClaudeBot/1.0; +claudebot@anthropic.com)"
3.144.98.61 - - [16/Jan/2025:20:58:33 -0500] "GET /public/tour/badagry-weekend-package-189k?lokasie=%2Fusr%2Fshare%2Fman%2Fman3%2FCURLOPT_READFUNCTION.3.gz&loknya=%2Fusr%2Fshare%2Fman%2Fman3 HTTP/1.1" 200 1771 "-" "Mozilla/5.0 AppleWebKit/537.36 (KHTML, like Gecko; compatible; ClaudeBot/1.0; +claudebot@anthropic.com)"
18.117.151.127 - - [16/Jan/2025:20:58:33 -0500] "GET /public/car/ford-fusion?lokasie=%2Fusr%2Fshare%2Fman%2Fman3%2Fxcb_xfixes_region_extents.3.gz&loknya=%2Fusr%2Fshare%2Fman%2Fman3 HTTP/1.1" 200 1771 "-" "Mozilla/5.0 AppleWebKit/537.36 (KHTML, like Gecko; compatible; ClaudeBot/1.0; +claudebot@anthropic.com)"
18.117.11.13 - - [16/Jan/2025:20:58:35 -0500] "GET /public/index.php/login?lokasie=%2Fproc%2Fself%2Froot%2Fhome%2Fwavevlvu%2Flscache%2F7%2Fc%2Fd%2F7cd69cbbc544fa9e&loknya=%2Fproc%2Fself%2Froot%2Fhome%2Fwavevlvu%2Flscache%2F7%2Fc%2Fd HTTP/1.1" 200 1530 "-" "Mozilla/5.0 AppleWebKit/537.36 (KHTML, like Gecko; compatible; ClaudeBot/1.0; +claudebot@anthropic.com)"
3.22.68.29 - - [16/Jan/2025:20:58:34 -0500] "GET /public/tour/badagry-weekend-package-189k?lokasie=%2Fusr%2Flib64%2Fpython3.6%2Fcollections%2Fabc.py&loknya=%2Fusr%2Flib64%2Fpython3.6%2Fcollections HTTP/1.1" 200 1788 "-" "Mozilla/5.0 AppleWebKit/537.36 (KHTML, like Gecko; compatible; ClaudeBot/1.0; +claudebot@anthropic.com)"
3.147.60.193 - - [16/Jan/2025:20:58:34 -0500] "GET /public/car/ford-fusion?lokasie=%2Fusr%2Fshare%2Fman%2Fman3%2Fxcb_selinux_get_device_context_context.3.gz&loknya=%2Fusr%2Fshare%2Fman%2Fman3 HTTP/1.1" 200 1767 "-" "Mozilla/5.0 AppleWebKit/537.36 (KHTML, like Gecko; compatible; ClaudeBot/1.0; +claudebot@anthropic.com)"
3.145.55.25 - - [16/Jan/2025:20:58:34 -0500] "GET /public/car/ford-fusion?lokasie=%2Fusr%2Fshare%2Fman%2Fman3%2Fmysql_get_ssl_cipher.3.gz&loknya=%2Fusr%2Fshare%2Fman%2Fman3 HTTP/1.1" 200 1764 "-" "Mozilla/5.0 AppleWebKit/537.36 (KHTML, like Gecko; compatible; ClaudeBot/1.0; +claudebot@anthropic.com)"
3.135.209.66 - - [16/Jan/2025:20:58:34 -0500] "GET /public/tour/badagry-weekend-package-189k?lokasie=%2Fusr%2Fshare%2Fman%2Fman3%2FSSL_CTX_clear_options.3ssl.gz&loknya=%2Fusr%2Fshare%2Fman%2Fman3 HTTP/1.1" 200 1767 "-" "Mozilla/5.0 AppleWebKit/537.36 (KHTML, like Gecko; compatible; ClaudeBot/1.0; +claudebot@anthropic.com)"
3.146.206.87 - - [16/Jan/2025:20:58:34 -0500] "GET /public/tour/badagry-weekend-package-189k?lokasie=%2Fusr%2Fshare%2Fman%2Fman3%2Finitstate.3.gz&loknya=%2Fusr%2Fshare%2Fman%2Fman3 HTTP/1.1" 200 1753 "-" "Mozilla/5.0 AppleWebKit/537.36 (KHTML, like Gecko; compatible; ClaudeBot/1.0; +claudebot@anthropic.com)"
3.131.38.184 - - [16/Jan/2025:20:58:35 -0500] "GET /public/tour/badagry-weekend-package-189k?lokasie=%2Fusr%2Fshare%2Fman%2Fman3%2Fpcre32_get_stringnumber.3.gz&loknya=%2Fusr%2Fshare%2Fman%2Fman3 HTTP/1.1" 200 1762 "-" "Mozilla/5.0 AppleWebKit/537.36 (KHTML, like Gecko; compatible; ClaudeBot/1.0; +claudebot@anthropic.com)"
217.113.194.162 - - [16/Jan/2025:20:58:38 -0500] "GET /tour?amp%3Bpage=2&amp%3Bamp%3Bamp%3Bamp%3Bamp%3Bamp%3Bamp%3Borderby=price_low_high&amp%3Bamp%3Bamp%3Bamp%3Bamp%3Bamp%3Borderby=rate_high_low&amp%3Bamp%3Bamp%3Bamp%3Borderby=rate_high_low&amp%3Bamp%3Bamp%3Borderby=rate_high_low&amp%3Bamp%3Borderby=price_high_low&amp%3Borderby=price_high_low&orderby=price_high_low HTTP/1.1" 403 0 "-" "Mozilla/5.0 (compatible; Barkrowler/0.9; +https://babbar.tech/crawler)"
52.14.116.234 - - [16/Jan/2025:20:58:36 -0500] "GET /public/space/3-bedroom-duplex-in-lekki?lokasie=%2Fopt%2Fhc_python%2Flib64%2Fpython3.8%2Fsite-packages%2Fpre_commit%2F%2Fconstants.py&loknya=%2Fopt%2Fhc_python%2Flib64%2Fpython3.8%2Fsite-packages%2Fpre_commit%2F HTTP/1.1" 200 1966 "-" "Mozilla/5.0 AppleWebKit/537.36 (KHTML, like Gecko; compatible; ClaudeBot/1.0; +claudebot@anthropic.com)"
3.144.255.198 - - [16/Jan/2025:20:58:36 -0500] "GET /public/tour/badagry-weekend-package-189k?lokasie=%2Fusr%2Fshare%2Fman%2Fman3%2FX509_STORE_get_get_issuer.3ssl.gz&loknya=%2Fusr%2Fshare%2Fman%2Fman3 HTTP/1.1" 200 1773 "-" "Mozilla/5.0 AppleWebKit/537.36 (KHTML, like Gecko; compatible; ClaudeBot/1.0; +claudebot@anthropic.com)"
3.22.68.29 - - [16/Jan/2025:20:58:36 -0500] "GET /public/index.php/login?lokasie=%2Fproc%2Fthread-self%2Froot%2Fproc%2Fthread-self%2Fcwd%2Flibs%2Fflags%2Fflags%2F4x3%2Fmm.svg&loknya=%2Fproc%2Fthread-self%2Froot%2Fproc%2Fthread-self%2Fcwd%2Flibs%2Fflags%2Fflags%2F4x3 HTTP/1.1" 200 6631 "-" "Mozilla/5.0 AppleWebKit/537.36 (KHTML, like Gecko; compatible; ClaudeBot/1.0; +claudebot@anthropic.com)"
