185.191.171.16 - - [17/Jan/2025:22:45:58 -0500] "GET /disjunctively/bitterness1717078.html HTTP/1.1" 200 0 "-" "Mozilla/5.0 (compatible; SemrushBot/7~bl; +http://www.semrush.com/bot.html)"
136.243.228.179 - - [17/Jan/2025:22:46:12 -0500] "GET /goods/4302363 HTTP/1.1" 200 0 "-" "Mozilla/5.0 (compatible; DataForSeoBot/1.0; +https://dataforseo.com/dataforseo-bot)"
136.243.228.179 - - [17/Jan/2025:22:47:05 -0500] "GET /goods/99516 HTTP/1.1" 200 0 "-" "Mozilla/5.0 (compatible; DataForSeoBot/1.0; +https://dataforseo.com/dataforseo-bot)"
185.191.171.12 - - [17/Jan/2025:22:47:49 -0500] "GET /haberdash/Majagga84730.html HTTP/1.1" 200 0 "-" "Mozilla/5.0 (compatible; SemrushBot/7~bl; +http://www.semrush.com/bot.html)"
136.243.228.179 - - [17/Jan/2025:22:47:56 -0500] "GET /goods/575651 HTTP/1.1" 200 0 "-" "Mozilla/5.0 (compatible; DataForSeoBot/1.0; +https://dataforseo.com/dataforseo-bot)"
185.191.171.12 - - [17/Jan/2025:22:48:41 -0500] "GET /haberdash/Majagga84730.html HTTP/1.1" 200 0 "-" "Mozilla/5.0 (compatible; SemrushBot/7~bl; +http://www.semrush.com/bot.html)"
136.243.228.179 - - [17/Jan/2025:22:48:50 -0500] "GET /goods/2567321 HTTP/1.1" 200 0 "-" "Mozilla/5.0 (compatible; DataForSeoBot/1.0; +https://dataforseo.com/dataforseo-bot)"
77.75.79.62 - - [17/Jan/2025:22:49:53 -0500] "GET /sitemap-1.xml HTTP/1.1" 200 19173 "-" "Mozilla/5.0 (compatible; SeznamBot/4.0; +http://napoveda.seznam.cz/seznambot-intro/)"
136.243.228.179 - - [17/Jan/2025:22:49:42 -0500] "GET /goods/2097966 HTTP/1.1" 200 0 "-" "Mozilla/5.0 (compatible; DataForSeoBot/1.0; +https://dataforseo.com/dataforseo-bot)"
47.128.114.172 - - [17/Jan/2025:22:50:01 -0500] "GET / HTTP/1.1" 200 0 "-" "Mozilla/5.0 (Linux; Android 5.0) AppleWebKit/537.36 (KHTML, like Gecko) Mobile Safari/537.36 (compatible; Bytespider; spider-feedback@bytedance.com)"
185.191.171.1 - - [17/Jan/2025:22:50:32 -0500] "GET /goods/4581938 HTTP/1.1" 200 0 "-" "Mozilla/5.0 (compatible; SemrushBot/7~bl; +http://www.semrush.com/bot.html)"
136.243.228.179 - - [17/Jan/2025:22:50:36 -0500] "GET /goods/1766469 HTTP/1.1" 200 0 "-" "Mozilla/5.0 (compatible; DataForSeoBot/1.0; +https://dataforseo.com/dataforseo-bot)"
51.222.253.9 - - [17/Jan/2025:22:51:49 -0500] "GET /wp-content/plugins/elementor/assets/?SD HTTP/1.1" 200 1008 "-" "Mozilla/5.0 (compatible; AhrefsBot/7.0; +http://ahrefs.com/robot/)"
185.191.171.1 - - [17/Jan/2025:22:51:22 -0500] "GET /goods/4581938 HTTP/1.1" 200 0 "-" "Mozilla/5.0 (compatible; SemrushBot/7~bl; +http://www.semrush.com/bot.html)"
136.243.228.179 - - [17/Jan/2025:22:51:32 -0500] "GET /goods/2207716 HTTP/1.1" 200 0 "-" "Mozilla/5.0 (compatible; DataForSeoBot/1.0; +https://dataforseo.com/dataforseo-bot)"
152.228.221.99 - - [17/Jan/2025:22:51:03 -0500] "GET / HTTP/1.1" 200 0 "-" "Mozilla/5.0 (Macintosh; Intel Mac OS X 10_15_7) AppleWebKit/537.36 (KHTML, like Gecko) Chrome/117.0.0.0 Safari/537.36"
136.243.228.179 - - [17/Jan/2025:22:52:25 -0500] "GET /goods/805071 HTTP/1.1" 200 0 "-" "Mozilla/5.0 (compatible; DataForSeoBot/1.0; +https://dataforseo.com/dataforseo-bot)"
47.128.62.40 - - [17/Jan/2025:22:54:02 -0500] "GET /wp-cron.php HTTP/1.1" 200 0 "-" "Mozilla/5.0 (Linux; Android 5.0) AppleWebKit/537.36 (KHTML, like Gecko) Mobile Safari/537.36 (compatible; Bytespider; spider-feedback@bytedance.com)"
185.191.171.14 - - [17/Jan/2025:22:53:14 -0500] "GET /goods/1444406 HTTP/1.1" 200 0 "-" "Mozilla/5.0 (compatible; SemrushBot/7~bl; +http://www.semrush.com/bot.html)"
136.243.228.179 - - [17/Jan/2025:22:53:40 -0500] "GET /goods/2989782 HTTP/1.1" 200 0 "-" "Mozilla/5.0 (compatible; DataForSeoBot/1.0; +https://dataforseo.com/dataforseo-bot)"
185.191.171.14 - - [17/Jan/2025:22:54:08 -0500] "GET /goods/1444406 HTTP/1.1" 200 0 "-" "Mozilla/5.0 (compatible; SemrushBot/7~bl; +http://www.semrush.com/bot.html)"
51.222.253.9 - - [17/Jan/2025:22:55:05 -0500] "GET /wp-content/plugins/elementor/assets/images/library-connect/?NA HTTP/1.1" 200 711 "-" "Mozilla/5.0 (compatible; AhrefsBot/7.0; +http://ahrefs.com/robot/)"
136.243.228.179 - - [17/Jan/2025:22:54:33 -0500] "GET /goods/1100824 HTTP/1.1" 200 0 "-" "Mozilla/5.0 (compatible; DataForSeoBot/1.0; +https://dataforseo.com/dataforseo-bot)"
136.243.228.179 - - [17/Jan/2025:22:55:30 -0500] "GET /goods/4123149 HTTP/1.1" 200 0 "-" "Mozilla/5.0 (compatible; DataForSeoBot/1.0; +https://dataforseo.com/dataforseo-bot)"
185.191.171.11 - - [17/Jan/2025:22:55:57 -0500] "GET /extraplanetary/disjunctively855953.html HTTP/1.1" 200 0 "-" "Mozilla/5.0 (compatible; SemrushBot/7~bl; +http://www.semrush.com/bot.html)"
136.243.228.179 - - [17/Jan/2025:22:56:23 -0500] "GET /goods/3666250 HTTP/1.1" 200 0 "-" "Mozilla/5.0 (compatible; DataForSeoBot/1.0; +https://dataforseo.com/dataforseo-bot)"
185.191.171.11 - - [17/Jan/2025:22:56:49 -0500] "GET /extraplanetary/disjunctively855953.html HTTP/1.1" 200 0 "-" "Mozilla/5.0 (compatible; SemrushBot/7~bl; +http://www.semrush.com/bot.html)"
51.222.253.9 - - [17/Jan/2025:22:57:55 -0500] "GET /wp-content/plugins/elementor/app/assets/js/ui/panel/?NA HTTP/1.1" 200 722 "-" "Mozilla/5.0 (compatible; AhrefsBot/7.0; +http://ahrefs.com/robot/)"
136.243.228.179 - - [17/Jan/2025:22:57:20 -0500] "GET /goods/1772623 HTTP/1.1" 200 0 "-" "Mozilla/5.0 (compatible; DataForSeoBot/1.0; +https://dataforseo.com/dataforseo-bot)"
216.244.66.247 - - [17/Jan/2025:22:58:19 -0500] "GET /wp-content/plugins/elementor/app/modules/import-export/assets/js/pages/import/import-complete/components/failed-plugins-notice/?MA HTTP/1.1" 200 2477 "-" "Mozilla/5.0 (compatible; DotBot/1.2; +https://opensiteexplorer.org/dotbot; help@moz.com)"
136.243.228.179 - - [17/Jan/2025:22:58:14 -0500] "GET /goods/525865 HTTP/1.1" 200 0 "-" "Mozilla/5.0 (compatible; DataForSeoBot/1.0; +https://dataforseo.com/dataforseo-bot)"
185.191.171.6 - - [17/Jan/2025:22:59:22 -0500] "GET /robots.txt HTTP/1.1" 200 136 "-" "Mozilla/5.0 (compatible; SemrushBot/7~bl; +http://www.semrush.com/bot.html)"
185.191.171.5 - - [17/Jan/2025:22:58:40 -0500] "GET /goods/2011314 HTTP/1.1" 200 0 "-" "Mozilla/5.0 (compatible; SemrushBot/7~bl; +http://www.semrush.com/bot.html)"
136.243.228.179 - - [17/Jan/2025:22:59:06 -0500] "GET /goods/3159059 HTTP/1.1" 200 0 "-" "Mozilla/5.0 (compatible; DataForSeoBot/1.0; +https://dataforseo.com/dataforseo-bot)"
185.191.171.5 - - [17/Jan/2025:22:59:30 -0500] "GET /goods/2011314 HTTP/1.1" 200 0 "-" "Mozilla/5.0 (compatible; SemrushBot/7~bl; +http://www.semrush.com/bot.html)"
51.222.253.18 - - [17/Jan/2025:23:00:41 -0500] "GET /wp-content/plugins/elementor/packages/elementor-ui/styles/_data/typography/?NA HTTP/1.1" 200 647 "-" "Mozilla/5.0 (compatible; AhrefsBot/7.0; +http://ahrefs.com/robot/)"
136.243.228.179 - - [17/Jan/2025:22:59:59 -0500] "GET /goods/776141 HTTP/1.1" 200 0 "-" "Mozilla/5.0 (compatible; DataForSeoBot/1.0; +https://dataforseo.com/dataforseo-bot)"
136.243.228.179 - - [17/Jan/2025:23:00:53 -0500] "GET /goods/3094875 HTTP/1.1" 200 0 "-" "Mozilla/5.0 (compatible; DataForSeoBot/1.0; +https://dataforseo.com/dataforseo-bot)"
85.208.96.208 - - [17/Jan/2025:23:01:21 -0500] "GET /goods/2180518 HTTP/1.1" 200 0 "-" "Mozilla/5.0 (compatible; SemrushBot/7~bl; +http://www.semrush.com/bot.html)"
136.243.228.179 - - [17/Jan/2025:23:01:46 -0500] "GET /goods/3063066 HTTP/1.1" 200 0 "-" "Mozilla/5.0 (compatible; DataForSeoBot/1.0; +https://dataforseo.com/dataforseo-bot)"
85.208.96.208 - - [17/Jan/2025:23:02:11 -0500] "GET /goods/2180518 HTTP/1.1" 200 0 "-" "Mozilla/5.0 (compatible; SemrushBot/7~bl; +http://www.semrush.com/bot.html)"
157.55.39.7 - - [17/Jan/2025:23:03:12 -0500] "GET /state/nevada HTTP/1.1" 200 69540 "-" "Mozilla/5.0 AppleWebKit/537.36 (KHTML, like Gecko; compatible; bingbot/2.0; +http://www.bing.com/bingbot.htm) Chrome/116.0.1938.76 Safari/537.36"
136.243.228.179 - - [17/Jan/2025:23:02:38 -0500] "GET /goods/2931361 HTTP/1.1" 200 0 "-" "Mozilla/5.0 (compatible; DataForSeoBot/1.0; +https://dataforseo.com/dataforseo-bot)"
51.222.253.19 - - [17/Jan/2025:23:03:35 -0500] "GET /wp-content/plugins/elementor/modules/usage/?NA HTTP/1.1" 200 709 "-" "Mozilla/5.0 (compatible; AhrefsBot/7.0; +http://ahrefs.com/robot/)"
47.128.97.40 - - [17/Jan/2025:23:02:55 -0500] "GET / HTTP/1.1" 200 0 "-" "Mozilla/5.0 (Linux; Android 5.0) AppleWebKit/537.36 (KHTML, like Gecko) Mobile Safari/537.36 (compatible; Bytespider; spider-feedback@bytedance.com)"
136.243.228.179 - - [17/Jan/2025:23:03:30 -0500] "GET /goods/3624616 HTTP/1.1" 200 0 "-" "Mozilla/5.0 (compatible; DataForSeoBot/1.0; +https://dataforseo.com/dataforseo-bot)"
185.191.171.6 - - [17/Jan/2025:23:04:02 -0500] "GET /chaplaincy/metallographical1132165.html HTTP/1.1" 200 0 "-" "Mozilla/5.0 (compatible; SemrushBot/7~bl; +http://www.semrush.com/bot.html)"
136.243.228.179 - - [17/Jan/2025:23:04:22 -0500] "GET /goods/1118841 HTTP/1.1" 200 0 "-" "Mozilla/5.0 (compatible; DataForSeoBot/1.0; +https://dataforseo.com/dataforseo-bot)"
185.191.171.6 - - [17/Jan/2025:23:04:54 -0500] "GET /chaplaincy/metallographical1132165.html HTTP/1.1" 200 0 "-" "Mozilla/5.0 (compatible; SemrushBot/7~bl; +http://www.semrush.com/bot.html)"
136.243.228.179 - - [17/Jan/2025:23:05:15 -0500] "GET /goods/4245356 HTTP/1.1" 200 0 "-" "Mozilla/5.0 (compatible; DataForSeoBot/1.0; +https://dataforseo.com/dataforseo-bot)"
51.222.253.12 - - [17/Jan/2025:23:06:14 -0500] "GET /wp-content/plugins/elementor/core/editor/config-providers/?ND HTTP/1.1" 200 1143 "-" "Mozilla/5.0 (compatible; AhrefsBot/7.0; +http://ahrefs.com/robot/)"
136.243.228.179 - - [17/Jan/2025:23:06:07 -0500] "GET /goods/4532740 HTTP/1.1" 200 0 "-" "Mozilla/5.0 (compatible; DataForSeoBot/1.0; +https://dataforseo.com/dataforseo-bot)"
216.244.66.247 - - [17/Jan/2025:23:07:21 -0500] "GET /wp-content/plugins/elementor/app/modules/import-export/assets/js/pages/import/import-plugins/components/?SD HTTP/1.1" 200 3035 "-" "Mozilla/5.0 (compatible; DotBot/1.2; +https://opensiteexplorer.org/dotbot; help@moz.com)"
85.208.96.207 - - [17/Jan/2025:23:06:44 -0500] "GET /goods/2425628 HTTP/1.1" 200 0 "-" "Mozilla/5.0 (compatible; SemrushBot/7~bl; +http://www.semrush.com/bot.html)"
136.243.228.179 - - [17/Jan/2025:23:06:59 -0500] "GET /goods/725031 HTTP/1.1" 200 0 "-" "Mozilla/5.0 (compatible; DataForSeoBot/1.0; +https://dataforseo.com/dataforseo-bot)"
85.208.96.207 - - [17/Jan/2025:23:07:34 -0500] "GET /goods/2425628 HTTP/1.1" 200 0 "-" "Mozilla/5.0 (compatible; SemrushBot/7~bl; +http://www.semrush.com/bot.html)"
136.243.228.179 - - [17/Jan/2025:23:07:53 -0500] "GET /goods/177152 HTTP/1.1" 200 0 "-" "Mozilla/5.0 (compatible; DataForSeoBot/1.0; +https://dataforseo.com/dataforseo-bot)"
51.222.253.14 - - [17/Jan/2025:23:09:11 -0500] "GET /wp-content/plugins/elementor/app/modules/kit-library/data/taxonomies/ HTTP/1.1" 200 654 "-" "Mozilla/5.0 (compatible; AhrefsBot/7.0; +http://ahrefs.com/robot/)"
136.243.228.179 - - [17/Jan/2025:23:08:45 -0500] "GET /goods/1351290 HTTP/1.1" 200 0 "-" "Mozilla/5.0 (compatible; DataForSeoBot/1.0; +https://dataforseo.com/dataforseo-bot)"
85.208.96.201 - - [17/Jan/2025:23:09:25 -0500] "GET /goods/1151357 HTTP/1.1" 200 0 "-" "Mozilla/5.0 (compatible; SemrushBot/7~bl; +http://www.semrush.com/bot.html)"
136.243.228.179 - - [17/Jan/2025:23:09:37 -0500] "GET /goods/4755897 HTTP/1.1" 200 0 "-" "Mozilla/5.0 (compatible; DataForSeoBot/1.0; +https://dataforseo.com/dataforseo-bot)"
85.208.96.201 - - [17/Jan/2025:23:10:15 -0500] "GET /goods/1151357 HTTP/1.1" 200 0 "-" "Mozilla/5.0 (compatible; SemrushBot/7~bl; +http://www.semrush.com/bot.html)"
136.243.228.179 - - [17/Jan/2025:23:10:30 -0500] "GET /goods/2428667 HTTP/1.1" 200 0 "-" "Mozilla/5.0 (compatible; DataForSeoBot/1.0; +https://dataforseo.com/dataforseo-bot)"
136.243.228.179 - - [17/Jan/2025:23:11:22 -0500] "GET /goods/36769 HTTP/1.1" 200 0 "-" "Mozilla/5.0 (compatible; DataForSeoBot/1.0; +https://dataforseo.com/dataforseo-bot)"
51.222.253.15 - - [17/Jan/2025:23:12:42 -0500] "GET /wp-content/plugins/elementor/app/modules/import-export/assets/js/context/import-context/ HTTP/1.1" 200 689 "-" "Mozilla/5.0 (compatible; AhrefsBot/7.0; +http://ahrefs.com/robot/)"
85.208.96.211 - - [17/Jan/2025:23:12:05 -0500] "GET /bitterness/knifeless383208.html HTTP/1.1" 200 0 "-" "Mozilla/5.0 (compatible; SemrushBot/7~bl; +http://www.semrush.com/bot.html)"
136.243.228.179 - - [17/Jan/2025:23:12:13 -0500] "GET /goods/1608299 HTTP/1.1" 200 0 "-" "Mozilla/5.0 (compatible; DataForSeoBot/1.0; +https://dataforseo.com/dataforseo-bot)"
85.208.96.211 - - [17/Jan/2025:23:12:55 -0500] "GET /bitterness/knifeless383208.html HTTP/1.1" 200 0 "-" "Mozilla/5.0 (compatible; SemrushBot/7~bl; +http://www.semrush.com/bot.html)"
136.243.228.179 - - [17/Jan/2025:23:13:17 -0500] "GET /goods/2082625 HTTP/1.1" 200 0 "-" "Mozilla/5.0 (compatible; DataForSeoBot/1.0; +https://dataforseo.com/dataforseo-bot)"
136.243.228.179 - - [17/Jan/2025:23:13:58 -0500] "GET /goods/2563565 HTTP/1.1" 200 0 "-" "Mozilla/5.0 (compatible; DataForSeoBot/1.0; +https://dataforseo.com/dataforseo-bot)"
85.208.96.204 - - [17/Jan/2025:23:14:46 -0500] "GET /goods/119517 HTTP/1.1" 200 0 "-" "Mozilla/5.0 (compatible; SemrushBot/7~bl; +http://www.semrush.com/bot.html)"
136.243.228.179 - - [17/Jan/2025:23:14:50 -0500] "GET /goods/3779731 HTTP/1.1" 200 0 "-" "Mozilla/5.0 (compatible; DataForSeoBot/1.0; +https://dataforseo.com/dataforseo-bot)"
51.222.253.4 - - [17/Jan/2025:23:15:56 -0500] "GET /wp-content/plugins/elementor/assets/lib/nprogress/?MA HTTP/1.1" 200 671 "-" "Mozilla/5.0 (compatible; AhrefsBot/7.0; +http://ahrefs.com/robot/)"
85.208.96.204 - - [17/Jan/2025:23:15:36 -0500] "GET /goods/119517 HTTP/1.1" 200 0 "-" "Mozilla/5.0 (compatible; SemrushBot/7~bl; +http://www.semrush.com/bot.html)"
136.243.228.179 - - [17/Jan/2025:23:15:43 -0500] "GET /goods/3411139 HTTP/1.1" 200 0 "-" "Mozilla/5.0 (compatible; DataForSeoBot/1.0; +https://dataforseo.com/dataforseo-bot)"
136.243.228.179 - - [17/Jan/2025:23:16:34 -0500] "GET /goods/3877733 HTTP/1.1" 200 0 "-" "Mozilla/5.0 (compatible; DataForSeoBot/1.0; +https://dataforseo.com/dataforseo-bot)"
47.128.99.8 - - [17/Jan/2025:23:16:35 -0500] "GET / HTTP/1.1" 200 0 "-" "Mozilla/5.0 (Linux; Android 5.0) AppleWebKit/537.36 (KHTML, like Gecko) Mobile Safari/537.36 (compatible; Bytespider; spider-feedback@bytedance.com)"
185.191.171.5 - - [17/Jan/2025:23:17:27 -0500] "GET /goods/249559 HTTP/1.1" 200 0 "-" "Mozilla/5.0 (compatible; SemrushBot/7~bl; +http://www.semrush.com/bot.html)"
136.243.228.179 - - [17/Jan/2025:23:17:26 -0500] "GET /goods/4144678 HTTP/1.1" 200 0 "-" "Mozilla/5.0 (compatible; DataForSeoBot/1.0; +https://dataforseo.com/dataforseo-bot)"
51.222.253.12 - - [17/Jan/2025:23:19:04 -0500] "GET /wp-content/plugins/elementor/app/assets/js/ui/?NA HTTP/1.1" 200 1058 "-" "Mozilla/5.0 (compatible; AhrefsBot/7.0; +http://ahrefs.com/robot/)"
185.191.171.5 - - [17/Jan/2025:23:18:18 -0500] "GET /goods/249559 HTTP/1.1" 200 0 "-" "Mozilla/5.0 (compatible; SemrushBot/7~bl; +http://www.semrush.com/bot.html)"
136.243.228.179 - - [17/Jan/2025:23:18:20 -0500] "GET /goods/906658 HTTP/1.1" 200 0 "-" "Mozilla/5.0 (compatible; DataForSeoBot/1.0; +https://dataforseo.com/dataforseo-bot)"
185.191.171.9 - - [17/Jan/2025:23:20:00 -0500] "GET /robots.txt HTTP/1.1" 200 136 "-" "Mozilla/5.0 (compatible; SemrushBot/7~bl; +http://www.semrush.com/bot.html)"
136.243.228.179 - - [17/Jan/2025:23:19:13 -0500] "GET /goods/3117185 HTTP/1.1" 200 0 "-" "Mozilla/5.0 (compatible; DataForSeoBot/1.0; +https://dataforseo.com/dataforseo-bot)"
47.128.18.53 - - [17/Jan/2025:23:20:36 -0500] "GET /wp-content/plugins/elementor/modules/system-info/templates/html.php HTTP/1.1" 403 1242 "-" "Mozilla/5.0 (Linux; Android 5.0) AppleWebKit/537.36 (KHTML, like Gecko) Mobile Safari/537.36 (compatible; Bytespider; spider-feedback@bytedance.com)"
185.191.171.11 - - [17/Jan/2025:23:20:10 -0500] "GET /goods/2326367 HTTP/1.1" 200 0 "-" "Mozilla/5.0 (compatible; SemrushBot/7~bl; +http://www.semrush.com/bot.html)"
136.243.228.179 - - [17/Jan/2025:23:20:09 -0500] "GET /goods/4488017 HTTP/1.1" 200 0 "-" "Mozilla/5.0 (compatible; DataForSeoBot/1.0; +https://dataforseo.com/dataforseo-bot)"
192.104.34.34 - - [17/Jan/2025:23:21:32 -0500] "GET / HTTP/1.1" 200 0 "-" "Mozilla/5.0 (Windows NT 10.0; Win64; x64) AppleWebKit/537.36 (KHTML, like Gecko) Chrome/129.0.0.0 Safari/537.36"
192.104.34.34 - - [17/Jan/2025:23:21:37 -0500] "GET / HTTP/1.1" 200 0 "-" "Mozilla/5.0 (Windows NT 10.0; Win64; x64) AppleWebKit/537.36 (KHTML, like Gecko) Chrome/129.0.0.0 Safari/537.36"
192.104.34.34 - - [17/Jan/2025:23:21:42 -0500] "GET / HTTP/1.1" 200 0 "-" "Mozilla/5.0 (Windows NT 10.0; Win64; x64) AppleWebKit/537.36 (KHTML, like Gecko) Chrome/129.0.0.0 Safari/537.36"
185.191.171.11 - - [17/Jan/2025:23:20:59 -0500] "GET /goods/2326367 HTTP/1.1" 200 0 "-" "Mozilla/5.0 (compatible; SemrushBot/7~bl; +http://www.semrush.com/bot.html)"
192.104.34.34 - - [17/Jan/2025:23:21:47 -0500] "GET / HTTP/1.1" 200 0 "-" "Mozilla/5.0 (Windows NT 10.0; Win64; x64) AppleWebKit/537.36 (KHTML, like Gecko) Chrome/129.0.0.0 Safari/537.36"
136.243.228.179 - - [17/Jan/2025:23:20:59 -0500] "GET /goods/2001065 HTTP/1.1" 200 0 "-" "Mozilla/5.0 (compatible; DataForSeoBot/1.0; +https://dataforseo.com/dataforseo-bot)"
51.222.253.6 - - [17/Jan/2025:23:22:16 -0500] "GET /wp-content/plugins/elementor/app/modules/import-export/runners/export/?SA HTTP/1.1" 200 1083 "-" "Mozilla/5.0 (compatible; AhrefsBot/7.0; +http://ahrefs.com/robot/)"
136.243.228.179 - - [17/Jan/2025:23:21:52 -0500] "GET /goods/1704171 HTTP/1.1" 200 0 "-" "Mozilla/5.0 (compatible; DataForSeoBot/1.0; +https://dataforseo.com/dataforseo-bot)"
136.243.228.179 - - [17/Jan/2025:23:22:45 -0500] "GET /goods/3546511 HTTP/1.1" 200 0 "-" "Mozilla/5.0 (compatible; DataForSeoBot/1.0; +https://dataforseo.com/dataforseo-bot)"
85.208.96.209 - - [17/Jan/2025:23:22:50 -0500] "GET /goods/2750402 HTTP/1.1" 200 0 "-" "Mozilla/5.0 (compatible; SemrushBot/7~bl; +http://www.semrush.com/bot.html)"
136.243.228.179 - - [17/Jan/2025:23:23:36 -0500] "GET /goods/1244416 HTTP/1.1" 200 0 "-" "Mozilla/5.0 (compatible; DataForSeoBot/1.0; +https://dataforseo.com/dataforseo-bot)"
85.208.96.209 - - [17/Jan/2025:23:23:40 -0500] "GET /goods/2750402 HTTP/1.1" 200 0 "-" "Mozilla/5.0 (compatible; SemrushBot/7~bl; +http://www.semrush.com/bot.html)"
47.128.112.57 - - [17/Jan/2025:23:24:36 -0500] "GET /wp-content/plugins/elementor/modules/system-info/reporters/plugins.php HTTP/1.1" 403 1242 "-" "Mozilla/5.0 (Linux; Android 5.0) AppleWebKit/537.36 (KHTML, like Gecko) Mobile Safari/537.36 (compatible; Bytespider; spider-feedback@bytedance.com)"
136.243.228.179 - - [17/Jan/2025:23:24:30 -0500] "GET /goods/3933009 HTTP/1.1" 200 0 "-" "Mozilla/5.0 (compatible; DataForSeoBot/1.0; +https://dataforseo.com/dataforseo-bot)"
51.222.253.16 - - [17/Jan/2025:23:25:24 -0500] "GET /wp-content/plugins/elementor/includes/template-library/sources/admin-menu-items/?NA HTTP/1.1" 200 716 "-" "Mozilla/5.0 (compatible; AhrefsBot/7.0; +http://ahrefs.com/robot/)"
136.243.228.179 - - [17/Jan/2025:23:25:21 -0500] "GET /goods/1556552 HTTP/1.1" 200 0 "-" "Mozilla/5.0 (compatible; DataForSeoBot/1.0; +https://dataforseo.com/dataforseo-bot)"
62.182.85.138 - - [17/Jan/2025:23:24:07 -0500] "GET /sites/all/libraries/elfinder/src/connectors/php/connector.php HTTP/1.1" 500 125 "-" "ALittle Client"
185.191.171.2 - - [17/Jan/2025:23:25:31 -0500] "GET /goods/3340181 HTTP/1.1" 200 0 "-" "Mozilla/5.0 (compatible; SemrushBot/7~bl; +http://www.semrush.com/bot.html)"
136.243.228.179 - - [17/Jan/2025:23:26:12 -0500] "GET /goods/815600 HTTP/1.1" 200 0 "-" "Mozilla/5.0 (compatible; DataForSeoBot/1.0; +https://dataforseo.com/dataforseo-bot)"
185.191.171.2 - - [17/Jan/2025:23:26:21 -0500] "GET /goods/3340181 HTTP/1.1" 200 0 "-" "Mozilla/5.0 (compatible; SemrushBot/7~bl; +http://www.semrush.com/bot.html)"
136.243.228.179 - - [17/Jan/2025:23:27:04 -0500] "GET /goods/1755024 HTTP/1.1" 200 0 "-" "Mozilla/5.0 (compatible; DataForSeoBot/1.0; +https://dataforseo.com/dataforseo-bot)"
51.222.253.10 - - [17/Jan/2025:23:28:38 -0500] "GET /wp-content/plugins/elementor/app/modules/import-export/assets/js/context/shared-context/ HTTP/1.1" 200 687 "-" "Mozilla/5.0 (compatible; AhrefsBot/7.0; +http://ahrefs.com/robot/)"
136.243.228.179 - - [17/Jan/2025:23:27:56 -0500] "GET /goods/3447246 HTTP/1.1" 200 0 "-" "Mozilla/5.0 (compatible; DataForSeoBot/1.0; +https://dataforseo.com/dataforseo-bot)"
185.191.171.8 - - [17/Jan/2025:23:28:12 -0500] "GET /goods/1836984 HTTP/1.1" 200 0 "-" "Mozilla/5.0 (compatible; SemrushBot/7~bl; +http://www.semrush.com/bot.html)"
47.128.26.226 - - [17/Jan/2025:23:28:36 -0500] "GET / HTTP/1.1" 200 0 "-" "Mozilla/5.0 (Linux; Android 5.0) AppleWebKit/537.36 (KHTML, like Gecko) Mobile Safari/537.36 (compatible; Bytespider; spider-feedback@bytedance.com)"
136.243.228.179 - - [17/Jan/2025:23:28:49 -0500] "GET /goods/2938734 HTTP/1.1" 200 0 "-" "Mozilla/5.0 (compatible; DataForSeoBot/1.0; +https://dataforseo.com/dataforseo-bot)"
185.191.171.8 - - [17/Jan/2025:23:29:03 -0500] "GET /goods/1836984 HTTP/1.1" 200 0 "-" "Mozilla/5.0 (compatible; SemrushBot/7~bl; +http://www.semrush.com/bot.html)"
136.243.228.179 - - [17/Jan/2025:23:29:41 -0500] "GET /goods/4703737 HTTP/1.1" 200 0 "-" "Mozilla/5.0 (compatible; DataForSeoBot/1.0; +https://dataforseo.com/dataforseo-bot)"
136.243.228.179 - - [17/Jan/2025:23:30:33 -0500] "GET /goods/1067928 HTTP/1.1" 200 0 "-" "Mozilla/5.0 (compatible; DataForSeoBot/1.0; +https://dataforseo.com/dataforseo-bot)"
51.222.253.15 - - [17/Jan/2025:23:31:29 -0500] "GET /wp-content/plugins/elementor/assets/lib/dialog/?NA HTTP/1.1" 200 662 "-" "Mozilla/5.0 (compatible; AhrefsBot/7.0; +http://ahrefs.com/robot/)"
185.191.171.1 - - [17/Jan/2025:23:30:53 -0500] "GET /gibberish/homometrically415912.html HTTP/1.1" 200 0 "-" "Mozilla/5.0 (compatible; SemrushBot/7~bl; +http://www.semrush.com/bot.html)"
136.243.228.179 - - [17/Jan/2025:23:31:26 -0500] "GET /goods/780490 HTTP/1.1" 200 0 "-" "Mozilla/5.0 (compatible; DataForSeoBot/1.0; +https://dataforseo.com/dataforseo-bot)"
216.244.66.247 - - [17/Jan/2025:23:32:31 -0500] "GET /robots.txt HTTP/1.1" 200 762 "-" "Mozilla/5.0 (compatible; DotBot/1.2; +https://opensiteexplorer.org/dotbot; help@moz.com)"
185.191.171.1 - - [17/Jan/2025:23:31:44 -0500] "GET /gibberish/homometrically415912.html HTTP/1.1" 200 0 "-" "Mozilla/5.0 (compatible; SemrushBot/7~bl; +http://www.semrush.com/bot.html)"
47.128.52.171 - - [17/Jan/2025:23:32:37 -0500] "GET /wp-content/plugins/elementor/data/v2/base/exceptions/error-404.php HTTP/1.1" 403 1242 "-" "Mozilla/5.0 (Linux; Android 5.0) AppleWebKit/537.36 (KHTML, like Gecko) Mobile Safari/537.36 (compatible; Bytespider; spider-feedback@bytedance.com)"
136.243.228.179 - - [17/Jan/2025:23:32:18 -0500] "GET /goods/293437 HTTP/1.1" 200 0 "-" "Mozilla/5.0 (compatible; DataForSeoBot/1.0; +https://dataforseo.com/dataforseo-bot)"
136.243.228.179 - - [17/Jan/2025:23:33:11 -0500] "GET /goods/4122354 HTTP/1.1" 200 0 "-" "Mozilla/5.0 (compatible; DataForSeoBot/1.0; +https://dataforseo.com/dataforseo-bot)"
185.191.171.7 - - [17/Jan/2025:23:33:35 -0500] "GET /mechanalize/distrainable1092833.html HTTP/1.1" 200 0 "-" "Mozilla/5.0 (compatible; SemrushBot/7~bl; +http://www.semrush.com/bot.html)"
51.222.253.6 - - [17/Jan/2025:23:34:52 -0500] "GET /wp-content/plugins/elementor/app/modules/import-export/runners/export/?MA HTTP/1.1" 200 1082 "-" "Mozilla/5.0 (compatible; AhrefsBot/7.0; +http://ahrefs.com/robot/)"
136.243.228.179 - - [17/Jan/2025:23:34:02 -0500] "GET /goods/4158228 HTTP/1.1" 200 0 "-" "Mozilla/5.0 (compatible; DataForSeoBot/1.0; +https://dataforseo.com/dataforseo-bot)"
185.191.171.7 - - [17/Jan/2025:23:34:25 -0500] "GET /mechanalize/distrainable1092833.html HTTP/1.1" 200 0 "-" "Mozilla/5.0 (compatible; SemrushBot/7~bl; +http://www.semrush.com/bot.html)"
136.243.228.179 - - [17/Jan/2025:23:34:53 -0500] "GET /goods/497268 HTTP/1.1" 200 0 "-" "Mozilla/5.0 (compatible; DataForSeoBot/1.0; +https://dataforseo.com/dataforseo-bot)"
136.243.228.179 - - [17/Jan/2025:23:35:45 -0500] "GET /goods/492827 HTTP/1.1" 200 0 "-" "Mozilla/5.0 (compatible; DataForSeoBot/1.0; +https://dataforseo.com/dataforseo-bot)"
47.128.33.200 - - [17/Jan/2025:23:36:37 -0500] "GET /wp-content/plugins/elementor/core/editor/editor.php HTTP/1.1" 403 1242 "-" "Mozilla/5.0 (Linux; Android 5.0) AppleWebKit/537.36 (KHTML, like Gecko) Mobile Safari/537.36 (compatible; Bytespider; spider-feedback@bytedance.com)"
185.191.171.14 - - [17/Jan/2025:23:36:16 -0500] "GET /gibberish/homometrically1098517.html HTTP/1.1" 200 0 "-" "Mozilla/5.0 (compatible; SemrushBot/7~bl; +http://www.semrush.com/bot.html)"
136.243.228.179 - - [17/Jan/2025:23:36:37 -0500] "GET /goods/1876468 HTTP/1.1" 200 0 "-" "Mozilla/5.0 (compatible; DataForSeoBot/1.0; +https://dataforseo.com/dataforseo-bot)"
185.191.171.14 - - [17/Jan/2025:23:37:07 -0500] "GET /gibberish/homometrically1098517.html HTTP/1.1" 200 0 "-" "Mozilla/5.0 (compatible; SemrushBot/7~bl; +http://www.semrush.com/bot.html)"
136.243.228.179 - - [17/Jan/2025:23:37:28 -0500] "GET /goods/3810615 HTTP/1.1" 200 0 "-" "Mozilla/5.0 (compatible; DataForSeoBot/1.0; +https://dataforseo.com/dataforseo-bot)"
136.243.228.179 - - [17/Jan/2025:23:38:20 -0500] "GET /goods/3379490 HTTP/1.1" 200 0 "-" "Mozilla/5.0 (compatible; DataForSeoBot/1.0; +https://dataforseo.com/dataforseo-bot)"
51.222.253.2 - - [17/Jan/2025:23:39:10 -0500] "GET /wp-content/plugins/elementor/includes/widgets/?MA HTTP/1.1" 200 1825 "-" "Mozilla/5.0 (compatible; AhrefsBot/7.0; +http://ahrefs.com/robot/)"
85.208.96.211 - - [17/Jan/2025:23:38:58 -0500] "GET /goods/1607146 HTTP/1.1" 200 0 "-" "Mozilla/5.0 (compatible; SemrushBot/7~bl; +http://www.semrush.com/bot.html)"
136.243.228.179 - - [17/Jan/2025:23:39:12 -0500] "GET /goods/832953 HTTP/1.1" 200 0 "-" "Mozilla/5.0 (compatible; DataForSeoBot/1.0; +https://dataforseo.com/dataforseo-bot)"
85.208.96.211 - - [17/Jan/2025:23:39:48 -0500] "GET /goods/1607146 HTTP/1.1" 200 0 "-" "Mozilla/5.0 (compatible; SemrushBot/7~bl; +http://www.semrush.com/bot.html)"
136.243.228.179 - - [17/Jan/2025:23:40:03 -0500] "GET /goods/4188548 HTTP/1.1" 200 0 "-" "Mozilla/5.0 (compatible; DataForSeoBot/1.0; +https://dataforseo.com/dataforseo-bot)"
85.208.96.209 - - [17/Jan/2025:23:41:01 -0500] "GET /robots.txt HTTP/1.1" 200 136 "-" "Mozilla/5.0 (compatible; SemrushBot/7~bl; +http://www.semrush.com/bot.html)"
47.128.48.168 - - [17/Jan/2025:23:40:37 -0500] "GET / HTTP/1.1" 200 0 "-" "Mozilla/5.0 (Linux; Android 5.0) AppleWebKit/537.36 (KHTML, like Gecko) Mobile Safari/537.36 (compatible; Bytespider; spider-feedback@bytedance.com)"
136.243.228.179 - - [17/Jan/2025:23:40:56 -0500] "GET /goods/801407 HTTP/1.1" 200 0 "-" "Mozilla/5.0 (compatible; DataForSeoBot/1.0; +https://dataforseo.com/dataforseo-bot)"
85.208.96.206 - - [17/Jan/2025:23:41:39 -0500] "GET /goods/1162141 HTTP/1.1" 200 0 "-" "Mozilla/5.0 (compatible; SemrushBot/7~bl; +http://www.semrush.com/bot.html)"
136.243.228.179 - - [17/Jan/2025:23:41:48 -0500] "GET /goods/4267489 HTTP/1.1" 200 0 "-" "Mozilla/5.0 (compatible; DataForSeoBot/1.0; +https://dataforseo.com/dataforseo-bot)"
51.222.253.10 - - [17/Jan/2025:23:43:06 -0500] "GET /wp-content/plugins/elementor/includes/widgets/?SA HTTP/1.1" 200 1846 "-" "Mozilla/5.0 (compatible; AhrefsBot/7.0; +http://ahrefs.com/robot/)"
85.208.96.206 - - [17/Jan/2025:23:42:29 -0500] "GET /goods/1162141 HTTP/1.1" 200 0 "-" "Mozilla/5.0 (compatible; SemrushBot/7~bl; +http://www.semrush.com/bot.html)"
136.243.228.179 - - [17/Jan/2025:23:42:41 -0500] "GET /goods/559086 HTTP/1.1" 200 0 "-" "Mozilla/5.0 (compatible; DataForSeoBot/1.0; +https://dataforseo.com/dataforseo-bot)"
216.244.66.247 - - [17/Jan/2025:23:43:50 -0500] "GET /wp-content/plugins/elementor/app/modules/import-export/assets/js/pages/import/import-kit/hooks/use-import-kit-library-apply-all-plugins.js HTTP/1.1" 200 736 "-" "Mozilla/5.0 (compatible; DotBot/1.2; +https://opensiteexplorer.org/dotbot; help@moz.com)"
136.243.228.179 - - [17/Jan/2025:23:43:33 -0500] "GET /goods/3015140 HTTP/1.1" 200 0 "-" "Mozilla/5.0 (compatible; DataForSeoBot/1.0; +https://dataforseo.com/dataforseo-bot)"
185.191.171.1 - - [17/Jan/2025:23:44:21 -0500] "GET /goods/4613812 HTTP/1.1" 200 0 "-" "Mozilla/5.0 (compatible; SemrushBot/7~bl; +http://www.semrush.com/bot.html)"
136.243.228.179 - - [17/Jan/2025:23:44:25 -0500] "GET /goods/1076866 HTTP/1.1" 200 0 "-" "Mozilla/5.0 (compatible; DataForSeoBot/1.0; +https://dataforseo.com/dataforseo-bot)"
185.191.171.1 - - [17/Jan/2025:23:45:11 -0500] "GET /goods/4613812 HTTP/1.1" 200 0 "-" "Mozilla/5.0 (compatible; SemrushBot/7~bl; +http://www.semrush.com/bot.html)"
136.243.228.179 - - [17/Jan/2025:23:45:17 -0500] "GET /goods/2455596 HTTP/1.1" 200 0 "-" "Mozilla/5.0 (compatible; DataForSeoBot/1.0; +https://dataforseo.com/dataforseo-bot)"
51.222.253.1 - - [17/Jan/2025:23:46:45 -0500] "GET /wp-content/plugins/elementor/app/assets/js/ui/panel/?MA HTTP/1.1" 200 733 "-" "Mozilla/5.0 (compatible; AhrefsBot/7.0; +http://ahrefs.com/robot/)"
136.243.228.179 - - [17/Jan/2025:23:46:09 -0500] "GET /goods/3616545 HTTP/1.1" 200 0 "-" "Mozilla/5.0 (compatible; DataForSeoBot/1.0; +https://dataforseo.com/dataforseo-bot)"
136.243.228.179 - - [17/Jan/2025:23:47:01 -0500] "GET /goods/3551539 HTTP/1.1" 200 0 "-" "Mozilla/5.0 (compatible; DataForSeoBot/1.0; +https://dataforseo.com/dataforseo-bot)"
185.191.171.4 - - [17/Jan/2025:23:47:02 -0500] "GET /extraplanetary/disjunctively871408.html HTTP/1.1" 200 0 "-" "Mozilla/5.0 (compatible; SemrushBot/7~bl; +http://www.semrush.com/bot.html)"
185.191.171.4 - - [17/Jan/2025:23:47:53 -0500] "GET /extraplanetary/disjunctively871408.html HTTP/1.1" 200 0 "-" "Mozilla/5.0 (compatible; SemrushBot/7~bl; +http://www.semrush.com/bot.html)"
136.243.228.179 - - [17/Jan/2025:23:47:53 -0500] "GET /goods/2350787 HTTP/1.1" 200 0 "-" "Mozilla/5.0 (compatible; DataForSeoBot/1.0; +https://dataforseo.com/dataforseo-bot)"
136.243.228.179 - - [17/Jan/2025:23:48:45 -0500] "GET /goods/25216 HTTP/1.1" 200 0 "-" "Mozilla/5.0 (compatible; DataForSeoBot/1.0; +https://dataforseo.com/dataforseo-bot)"
51.222.253.10 - - [17/Jan/2025:23:50:15 -0500] "GET /wp-content/plugins/elementor/app/assets/js/ui/panel/?SA HTTP/1.1" 200 730 "-" "Mozilla/5.0 (compatible; AhrefsBot/7.0; +http://ahrefs.com/robot/)"
47.128.41.221 - - [17/Jan/2025:23:49:33 -0500] "GET / HTTP/1.1" 200 0 "-" "Mozilla/5.0 (Linux; Android 5.0) AppleWebKit/537.36 (KHTML, like Gecko) Mobile Safari/537.36 (compatible; Bytespider; spider-feedback@bytedance.com)"
136.243.228.179 - - [17/Jan/2025:23:49:38 -0500] "GET /goods/1134030 HTTP/1.1" 200 0 "-" "Mozilla/5.0 (compatible; DataForSeoBot/1.0; +https://dataforseo.com/dataforseo-bot)"
85.208.96.209 - - [17/Jan/2025:23:49:43 -0500] "GET /goods/3477763 HTTP/1.1" 200 0 "-" "Mozilla/5.0 (compatible; SemrushBot/7~bl; +http://www.semrush.com/bot.html)"
136.243.228.179 - - [17/Jan/2025:23:50:30 -0500] "GET /goods/3055454 HTTP/1.1" 200 0 "-" "Mozilla/5.0 (compatible; DataForSeoBot/1.0; +https://dataforseo.com/dataforseo-bot)"
85.208.96.209 - - [17/Jan/2025:23:50:34 -0500] "GET /goods/3477763 HTTP/1.1" 200 0 "-" "Mozilla/5.0 (compatible; SemrushBot/7~bl; +http://www.semrush.com/bot.html)"
136.243.228.179 - - [17/Jan/2025:23:51:22 -0500] "GET /goods/625875 HTTP/1.1" 200 0 "-" "Mozilla/5.0 (compatible; DataForSeoBot/1.0; +https://dataforseo.com/dataforseo-bot)"
136.243.228.179 - - [17/Jan/2025:23:52:14 -0500] "GET /goods/760382 HTTP/1.1" 200 0 "-" "Mozilla/5.0 (compatible; DataForSeoBot/1.0; +https://dataforseo.com/dataforseo-bot)"
85.208.96.201 - - [17/Jan/2025:23:52:24 -0500] "GET /goods/2561372 HTTP/1.1" 200 0 "-" "Mozilla/5.0 (compatible; SemrushBot/7~bl; +http://www.semrush.com/bot.html)"
51.222.253.14 - - [17/Jan/2025:23:53:24 -0500] "GET /wp-content/plugins/elementor/assets/lib/font-awesome/?SD HTTP/1.1" 200 975 "-" "Mozilla/5.0 (compatible; AhrefsBot/7.0; +http://ahrefs.com/robot/)"
136.243.228.179 - - [17/Jan/2025:23:53:06 -0500] "GET /goods/3871591 HTTP/1.1" 200 0 "-" "Mozilla/5.0 (compatible; DataForSeoBot/1.0; +https://dataforseo.com/dataforseo-bot)"
85.208.96.201 - - [17/Jan/2025:23:53:14 -0500] "GET /goods/2561372 HTTP/1.1" 200 0 "-" "Mozilla/5.0 (compatible; SemrushBot/7~bl; +http://www.semrush.com/bot.html)"
136.243.228.179 - - [17/Jan/2025:23:53:57 -0500] "GET /goods/187598 HTTP/1.1" 200 0 "-" "Mozilla/5.0 (compatible; DataForSeoBot/1.0; +https://dataforseo.com/dataforseo-bot)"
51.222.253.19 - - [17/Jan/2025:23:55:10 -0500] "GET /_autoindex/assets/icons/folder-fill.svg HTTP/1.1" 200 333 "-" "Mozilla/5.0 (compatible; AhrefsBot/7.0; +http://ahrefs.com/robot/)"
136.243.228.179 - - [17/Jan/2025:23:54:50 -0500] "GET /goods/3448146 HTTP/1.1" 200 0 "-" "Mozilla/5.0 (compatible; DataForSeoBot/1.0; +https://dataforseo.com/dataforseo-bot)"
85.208.96.204 - - [17/Jan/2025:23:55:05 -0500] "GET /cutleress/cauda495869.html HTTP/1.1" 200 0 "-" "Mozilla/5.0 (compatible; SemrushBot/7~bl; +http://www.semrush.com/bot.html)"
51.222.253.15 - - [17/Jan/2025:23:56:17 -0500] "GET /wp-content/plugins/elementor/includes/settings/admin-menu-items/?NA HTTP/1.1" 200 762 "-" "Mozilla/5.0 (compatible; AhrefsBot/7.0; +http://ahrefs.com/robot/)"
136.243.228.179 - - [17/Jan/2025:23:55:41 -0500] "GET /goods/1347928 HTTP/1.1" 200 0 "-" "Mozilla/5.0 (compatible; DataForSeoBot/1.0; +https://dataforseo.com/dataforseo-bot)"
85.208.96.204 - - [17/Jan/2025:23:55:55 -0500] "GET /cutleress/cauda495869.html HTTP/1.1" 200 0 "-" "Mozilla/5.0 (compatible; SemrushBot/7~bl; +http://www.semrush.com/bot.html)"
47.128.127.179 - - [17/Jan/2025:23:56:53 -0500] "GET /wp-content/plugins/elementor/core/app/modules/import-export/directories/templates.php HTTP/1.1" 403 1242 "-" "Mozilla/5.0 (Linux; Android 5.0) AppleWebKit/537.36 (KHTML, like Gecko) Mobile Safari/537.36 (compatible; Bytespider; spider-feedback@bytedance.com)"
136.243.228.179 - - [17/Jan/2025:23:56:34 -0500] "GET /goods/2872863 HTTP/1.1" 200 0 "-" "Mozilla/5.0 (compatible; DataForSeoBot/1.0; +https://dataforseo.com/dataforseo-bot)"
136.243.228.179 - - [17/Jan/2025:23:57:26 -0500] "GET /goods/4021989 HTTP/1.1" 200 0 "-" "Mozilla/5.0 (compatible; DataForSeoBot/1.0; +https://dataforseo.com/dataforseo-bot)"
85.208.96.201 - - [17/Jan/2025:23:57:45 -0500] "GET /goods/4107613 HTTP/1.1" 200 0 "-" "Mozilla/5.0 (compatible; SemrushBot/7~bl; +http://www.semrush.com/bot.html)"
136.243.228.179 - - [17/Jan/2025:23:58:18 -0500] "GET /goods/3880310 HTTP/1.1" 200 0 "-" "Mozilla/5.0 (compatible; DataForSeoBot/1.0; +https://dataforseo.com/dataforseo-bot)"
85.208.96.201 - - [17/Jan/2025:23:58:35 -0500] "GET /goods/4107613 HTTP/1.1" 200 0 "-" "Mozilla/5.0 (compatible; SemrushBot/7~bl; +http://www.semrush.com/bot.html)"
136.243.228.179 - - [17/Jan/2025:23:59:10 -0500] "GET /goods/2519430 HTTP/1.1" 200 0 "-" "Mozilla/5.0 (compatible; DataForSeoBot/1.0; +https://dataforseo.com/dataforseo-bot)"
47.128.44.56 - - [18/Jan/2025:00:02:04 -0500] "GET /wp-content/plugins/elementor/assets/js/packages/editor-v1-adapters.asset.php HTTP/1.1" 200 0 "-" "Mozilla/5.0 (Linux; Android 5.0) AppleWebKit/537.36 (KHTML, like Gecko) Mobile Safari/537.36 (compatible; Bytespider; spider-feedback@bytedance.com)"
85.208.96.209 - - [18/Jan/2025:00:02:06 -0500] "GET /goods/675595 HTTP/1.1" 200 0 "-" "Mozilla/5.0 (compatible; SemrushBot/7~bl; +http://www.semrush.com/bot.html)"
136.243.228.179 - - [18/Jan/2025:00:02:13 -0500] "GET /goods/144023 HTTP/1.1" 200 0 "-" "Mozilla/5.0 (compatible; DataForSeoBot/1.0; +https://dataforseo.com/dataforseo-bot)"
185.191.171.16 - - [18/Jan/2025:00:02:31 -0500] "GET /robots.txt HTTP/1.1" 200 136 "-" "Mozilla/5.0 (compatible; SemrushBot/7~bl; +http://www.semrush.com/bot.html)"
136.243.228.179 - - [18/Jan/2025:00:02:48 -0500] "GET /goods/4329015 HTTP/1.1" 200 0 "-" "Mozilla/5.0 (compatible; DataForSeoBot/1.0; +https://dataforseo.com/dataforseo-bot)"
185.191.171.4 - - [18/Jan/2025:00:03:11 -0500] "GET /goods/3742276 HTTP/1.1" 200 0 "-" "Mozilla/5.0 (compatible; SemrushBot/7~bl; +http://www.semrush.com/bot.html)"
136.243.228.179 - - [18/Jan/2025:00:03:36 -0500] "GET /goods/910593 HTTP/1.1" 200 0 "-" "Mozilla/5.0 (compatible; DataForSeoBot/1.0; +https://dataforseo.com/dataforseo-bot)"
185.191.171.4 - - [18/Jan/2025:00:03:57 -0500] "GET /goods/3742276 HTTP/1.1" 200 0 "-" "Mozilla/5.0 (compatible; SemrushBot/7~bl; +http://www.semrush.com/bot.html)"
47.128.28.192 - - [18/Jan/2025:00:04:54 -0500] "GET /wp-content/plugins/elementor/includes/controls/icons.php HTTP/1.1" 403 1242 "-" "Mozilla/5.0 (Linux; Android 5.0) AppleWebKit/537.36 (KHTML, like Gecko) Mobile Safari/537.36 (compatible; Bytespider; spider-feedback@bytedance.com)"
136.243.228.179 - - [18/Jan/2025:00:04:27 -0500] "GET /goods/2224151 HTTP/1.1" 200 0 "-" "Mozilla/5.0 (compatible; DataForSeoBot/1.0; +https://dataforseo.com/dataforseo-bot)"
136.243.228.179 - - [18/Jan/2025:00:05:20 -0500] "GET /goods/2391849 HTTP/1.1" 200 0 "-" "Mozilla/5.0 (compatible; DataForSeoBot/1.0; +https://dataforseo.com/dataforseo-bot)"
185.191.171.19 - - [18/Jan/2025:00:05:48 -0500] "GET /goods/524438 HTTP/1.1" 200 0 "-" "Mozilla/5.0 (compatible; SemrushBot/7~bl; +http://www.semrush.com/bot.html)"
136.243.228.179 - - [18/Jan/2025:00:06:12 -0500] "GET /goods/3324611 HTTP/1.1" 200 0 "-" "Mozilla/5.0 (compatible; DataForSeoBot/1.0; +https://dataforseo.com/dataforseo-bot)"
185.191.171.19 - - [18/Jan/2025:00:06:39 -0500] "GET /goods/524438 HTTP/1.1" 200 0 "-" "Mozilla/5.0 (compatible; SemrushBot/7~bl; +http://www.semrush.com/bot.html)"
136.243.228.179 - - [18/Jan/2025:00:07:04 -0500] "GET /goods/2258920 HTTP/1.1" 200 0 "-" "Mozilla/5.0 (compatible; DataForSeoBot/1.0; +https://dataforseo.com/dataforseo-bot)"
136.243.228.179 - - [18/Jan/2025:00:07:56 -0500] "GET /goods/3863106 HTTP/1.1" 200 0 "-" "Mozilla/5.0 (compatible; DataForSeoBot/1.0; +https://dataforseo.com/dataforseo-bot)"
185.191.171.11 - - [18/Jan/2025:00:08:30 -0500] "GET /claquer/journalist1280735.html HTTP/1.1" 200 0 "-" "Mozilla/5.0 (compatible; SemrushBot/7~bl; +http://www.semrush.com/bot.html)"
136.243.228.179 - - [18/Jan/2025:00:08:50 -0500] "GET /goods/3030242 HTTP/1.1" 200 0 "-" "Mozilla/5.0 (compatible; DataForSeoBot/1.0; +https://dataforseo.com/dataforseo-bot)"
47.128.120.35 - - [18/Jan/2025:00:08:55 -0500] "GET / HTTP/1.1" 200 0 "-" "Mozilla/5.0 (Linux; Android 5.0) AppleWebKit/537.36 (KHTML, like Gecko) Mobile Safari/537.36 (compatible; Bytespider; spider-feedback@bytedance.com)"
185.191.171.11 - - [18/Jan/2025:00:09:22 -0500] "GET /claquer/journalist1280735.html HTTP/1.1" 200 0 "-" "Mozilla/5.0 (compatible; SemrushBot/7~bl; +http://www.semrush.com/bot.html)"
136.243.228.179 - - [18/Jan/2025:00:09:51 -0500] "GET /goods/2165640 HTTP/1.1" 200 0 "-" "Mozilla/5.0 (compatible; DataForSeoBot/1.0; +https://dataforseo.com/dataforseo-bot)"
136.243.228.179 - - [18/Jan/2025:00:10:43 -0500] "GET /goods/2227534 HTTP/1.1" 200 0 "-" "Mozilla/5.0 (compatible; DataForSeoBot/1.0; +https://dataforseo.com/dataforseo-bot)"
185.191.171.10 - - [18/Jan/2025:00:11:13 -0500] "GET /goods/4458443 HTTP/1.1" 200 0 "-" "Mozilla/5.0 (compatible; SemrushBot/7~bl; +http://www.semrush.com/bot.html)"
136.243.228.179 - - [18/Jan/2025:00:11:35 -0500] "GET /goods/1632182 HTTP/1.1" 200 0 "-" "Mozilla/5.0 (compatible; DataForSeoBot/1.0; +https://dataforseo.com/dataforseo-bot)"
185.191.171.10 - - [18/Jan/2025:00:12:04 -0500] "GET /goods/4458443 HTTP/1.1" 200 0 "-" "Mozilla/5.0 (compatible; SemrushBot/7~bl; +http://www.semrush.com/bot.html)"
47.128.47.76 - - [18/Jan/2025:00:12:55 -0500] "GET /robots.txt HTTP/1.1" 200 136 "-" "Mozilla/5.0 (Linux; Android 5.0) AppleWebKit/537.36 (KHTML, like Gecko) Mobile Safari/537.36 (compatible; Bytespider; spider-feedback@bytedance.com)"
136.243.228.179 - - [18/Jan/2025:00:12:26 -0500] "GET /goods/2087737 HTTP/1.1" 200 0 "-" "Mozilla/5.0 (compatible; DataForSeoBot/1.0; +https://dataforseo.com/dataforseo-bot)"
136.243.228.179 - - [18/Jan/2025:00:13:20 -0500] "GET /goods/596948 HTTP/1.1" 200 0 "-" "Mozilla/5.0 (compatible; DataForSeoBot/1.0; +https://dataforseo.com/dataforseo-bot)"
185.191.171.11 - - [18/Jan/2025:00:13:55 -0500] "GET /goods/1235677 HTTP/1.1" 200 0 "-" "Mozilla/5.0 (compatible; SemrushBot/7~bl; +http://www.semrush.com/bot.html)"
136.243.228.179 - - [18/Jan/2025:00:14:13 -0500] "GET /goods/4626606 HTTP/1.1" 200 0 "-" "Mozilla/5.0 (compatible; DataForSeoBot/1.0; +https://dataforseo.com/dataforseo-bot)"
185.191.171.11 - - [18/Jan/2025:00:14:46 -0500] "GET /goods/1235677 HTTP/1.1" 200 0 "-" "Mozilla/5.0 (compatible; SemrushBot/7~bl; +http://www.semrush.com/bot.html)"
136.243.228.179 - - [18/Jan/2025:00:15:17 -0500] "GET /goods/4492611 HTTP/1.1" 200 0 "-" "Mozilla/5.0 (compatible; DataForSeoBot/1.0; +https://dataforseo.com/dataforseo-bot)"
47.128.44.64 - - [18/Jan/2025:00:16:55 -0500] "GET /wp-content/plugins/elementor/includes/widgets/rating.php HTTP/1.1" 403 1242 "-" "Mozilla/5.0 (Linux; Android 5.0) AppleWebKit/537.36 (KHTML, like Gecko) Mobile Safari/537.36 (compatible; Bytespider; spider-feedback@bytedance.com)"
136.243.228.179 - - [18/Jan/2025:00:16:08 -0500] "GET /goods/2245915 HTTP/1.1" 200 0 "-" "Mozilla/5.0 (compatible; DataForSeoBot/1.0; +https://dataforseo.com/dataforseo-bot)"
185.191.171.6 - - [18/Jan/2025:00:16:36 -0500] "GET /goods/264661 HTTP/1.1" 200 0 "-" "Mozilla/5.0 (compatible; SemrushBot/7~bl; +http://www.semrush.com/bot.html)"

Youez - 2016 - github.com/yon3zu
LinuXploit