Failed to save the file to the "xx" directory.

Failed to save the file to the "ll" directory.

Failed to save the file to the "mm" directory.

Failed to save the file to the "wp" directory.

403WebShell
403Webshell
Server IP : 66.29.132.124  /  Your IP : 3.145.59.167
Web Server : LiteSpeed
System : Linux business141.web-hosting.com 4.18.0-553.lve.el8.x86_64 #1 SMP Mon May 27 15:27:34 UTC 2024 x86_64
User : wavevlvu ( 1524)
PHP Version : 7.4.33
Disable Function : NONE
MySQL : OFF  |  cURL : ON  |  WGET : ON  |  Perl : ON  |  Python : ON  |  Sudo : OFF  |  Pkexec : OFF
Directory :  /proc/self/root/proc/thread-self/root/home/wavevlvu/access-logs/

Upload File :
current_dir [ Writeable ] document_root [ Writeable ]

 

Command :


[ Back ]     

Current File : /proc/self/root/proc/thread-self/root/home/wavevlvu//access-logs/wavestudioz.wave.ng-ssl_log
136.243.228.179 - - [17/Jan/2025:21:01:01 -0500] "GET /goods/979661 HTTP/1.1" 200 0 "-" "Mozilla/5.0 (compatible; DataForSeoBot/1.0; +https://dataforseo.com/dataforseo-bot)"
185.191.171.16 - - [17/Jan/2025:21:01:06 -0500] "GET /goods/991346 HTTP/1.1" 200 0 "-" "Mozilla/5.0 (compatible; SemrushBot/7~bl; +http://www.semrush.com/bot.html)"
136.243.228.179 - - [17/Jan/2025:21:01:53 -0500] "GET /goods/720206 HTTP/1.1" 200 0 "-" "Mozilla/5.0 (compatible; DataForSeoBot/1.0; +https://dataforseo.com/dataforseo-bot)"
136.243.228.179 - - [17/Jan/2025:21:02:46 -0500] "GET /goods/4519288 HTTP/1.1" 200 0 "-" "Mozilla/5.0 (compatible; DataForSeoBot/1.0; +https://dataforseo.com/dataforseo-bot)"
185.191.171.5 - - [17/Jan/2025:21:02:57 -0500] "GET /Anobiidae/Caryophyllaceae1097264.html HTTP/1.1" 200 0 "-" "Mozilla/5.0 (compatible; SemrushBot/7~bl; +http://www.semrush.com/bot.html)"
51.222.253.13 - - [17/Jan/2025:21:04:29 -0500] "GET /wp-content/plugins/elementor/app/modules/kit-library/data/?SA HTTP/1.1" 200 786 "-" "Mozilla/5.0 (compatible; AhrefsBot/7.0; +http://ahrefs.com/robot/)"
136.243.228.179 - - [17/Jan/2025:21:03:37 -0500] "GET /goods/4470682 HTTP/1.1" 200 0 "-" "Mozilla/5.0 (compatible; DataForSeoBot/1.0; +https://dataforseo.com/dataforseo-bot)"
185.191.171.5 - - [17/Jan/2025:21:03:48 -0500] "GET /Anobiidae/Caryophyllaceae1097264.html HTTP/1.1" 200 0 "-" "Mozilla/5.0 (compatible; SemrushBot/7~bl; +http://www.semrush.com/bot.html)"
136.243.228.179 - - [17/Jan/2025:21:04:29 -0500] "GET /goods/2811157 HTTP/1.1" 200 0 "-" "Mozilla/5.0 (compatible; DataForSeoBot/1.0; +https://dataforseo.com/dataforseo-bot)"
136.243.228.179 - - [17/Jan/2025:21:05:22 -0500] "GET /goods/3813188 HTTP/1.1" 200 0 "-" "Mozilla/5.0 (compatible; DataForSeoBot/1.0; +https://dataforseo.com/dataforseo-bot)"
85.208.96.212 - - [17/Jan/2025:21:05:38 -0500] "GET /distrainable/dishonorary418358.html HTTP/1.1" 200 0 "-" "Mozilla/5.0 (compatible; SemrushBot/7~bl; +http://www.semrush.com/bot.html)"
136.243.228.179 - - [17/Jan/2025:21:06:13 -0500] "GET /goods/1625948 HTTP/1.1" 200 0 "-" "Mozilla/5.0 (compatible; DataForSeoBot/1.0; +https://dataforseo.com/dataforseo-bot)"
85.208.96.212 - - [17/Jan/2025:21:06:28 -0500] "GET /distrainable/dishonorary418358.html HTTP/1.1" 200 0 "-" "Mozilla/5.0 (compatible; SemrushBot/7~bl; +http://www.semrush.com/bot.html)"
136.243.228.179 - - [17/Jan/2025:21:07:06 -0500] "GET /goods/1703967 HTTP/1.1" 200 0 "-" "Mozilla/5.0 (compatible; DataForSeoBot/1.0; +https://dataforseo.com/dataforseo-bot)"
51.222.253.7 - - [17/Jan/2025:21:08:06 -0500] "GET /wp-content/plugins/elementor/includes/widgets/traits/?SA HTTP/1.1" 200 649 "-" "Mozilla/5.0 (compatible; AhrefsBot/7.0; +http://ahrefs.com/robot/)"
136.243.228.179 - - [17/Jan/2025:21:07:58 -0500] "GET /goods/665996 HTTP/1.1" 200 0 "-" "Mozilla/5.0 (compatible; DataForSeoBot/1.0; +https://dataforseo.com/dataforseo-bot)"
185.191.171.16 - - [17/Jan/2025:21:08:20 -0500] "GET /Caprimulgi/crea1262772.html HTTP/1.1" 200 0 "-" "Mozilla/5.0 (compatible; SemrushBot/7~bl; +http://www.semrush.com/bot.html)"
136.243.228.179 - - [17/Jan/2025:21:08:50 -0500] "GET /goods/3637272 HTTP/1.1" 200 0 "-" "Mozilla/5.0 (compatible; DataForSeoBot/1.0; +https://dataforseo.com/dataforseo-bot)"
185.191.171.16 - - [17/Jan/2025:21:09:11 -0500] "GET /Caprimulgi/crea1262772.html HTTP/1.1" 200 0 "-" "Mozilla/5.0 (compatible; SemrushBot/7~bl; +http://www.semrush.com/bot.html)"
136.243.228.179 - - [17/Jan/2025:21:09:44 -0500] "GET /goods/3848766 HTTP/1.1" 200 0 "-" "Mozilla/5.0 (compatible; DataForSeoBot/1.0; +https://dataforseo.com/dataforseo-bot)"
47.128.16.230 - - [17/Jan/2025:21:09:59 -0500] "GET / HTTP/1.1" 200 0 "-" "Mozilla/5.0 (Linux; Android 5.0) AppleWebKit/537.36 (KHTML, like Gecko) Mobile Safari/537.36 (compatible; Bytespider; spider-feedback@bytedance.com)"
51.222.253.5 - - [17/Jan/2025:21:11:01 -0500] "GET /wp-content/plugins/elementor/modules/container-converter/?MA HTTP/1.1" 200 653 "-" "Mozilla/5.0 (compatible; AhrefsBot/7.0; +http://ahrefs.com/robot/)"
136.243.228.179 - - [17/Jan/2025:21:10:37 -0500] "GET /goods/2022834 HTTP/1.1" 200 0 "-" "Mozilla/5.0 (compatible; DataForSeoBot/1.0; +https://dataforseo.com/dataforseo-bot)"
85.208.96.203 - - [17/Jan/2025:21:11:01 -0500] "GET /goods/3394950 HTTP/1.1" 200 0 "-" "Mozilla/5.0 (compatible; SemrushBot/7~bl; +http://www.semrush.com/bot.html)"
136.243.228.179 - - [17/Jan/2025:21:11:30 -0500] "GET /goods/1044177 HTTP/1.1" 200 0 "-" "Mozilla/5.0 (compatible; DataForSeoBot/1.0; +https://dataforseo.com/dataforseo-bot)"
85.208.96.203 - - [17/Jan/2025:21:11:51 -0500] "GET /goods/3394950 HTTP/1.1" 200 0 "-" "Mozilla/5.0 (compatible; SemrushBot/7~bl; +http://www.semrush.com/bot.html)"
216.244.66.247 - - [17/Jan/2025:21:13:04 -0500] "GET /robots.txt HTTP/1.1" 200 762 "-" "Mozilla/5.0 (compatible; DotBot/1.2; +https://opensiteexplorer.org/dotbot; help@moz.com)"
136.243.228.179 - - [17/Jan/2025:21:12:24 -0500] "GET /goods/3480644 HTTP/1.1" 200 0 "-" "Mozilla/5.0 (compatible; DataForSeoBot/1.0; +https://dataforseo.com/dataforseo-bot)"
136.243.228.179 - - [17/Jan/2025:21:13:24 -0500] "GET /goods/2761092 HTTP/1.1" 200 0 "-" "Mozilla/5.0 (compatible; DataForSeoBot/1.0; +https://dataforseo.com/dataforseo-bot)"
51.222.253.13 - - [17/Jan/2025:21:14:11 -0500] "GET /wp-content/plugins/elementor/app/modules/import-export/assets/js/pages/export/export-kit/components/kit-information/components/kit-name/?MA HTTP/1.1" 200 683 "-" "Mozilla/5.0 (compatible; AhrefsBot/7.0; +http://ahrefs.com/robot/)"
85.208.96.195 - - [17/Jan/2025:21:13:42 -0500] "GET /chancery/haberdash127200.html HTTP/1.1" 200 0 "-" "Mozilla/5.0 (compatible; SemrushBot/7~bl; +http://www.semrush.com/bot.html)"
185.191.171.12 - - [17/Jan/2025:21:14:44 -0500] "GET /robots.txt HTTP/1.1" 200 136 "-" "Mozilla/5.0 (compatible; SemrushBot/7~bl; +http://www.semrush.com/bot.html)"
136.243.228.179 - - [17/Jan/2025:21:14:09 -0500] "GET /goods/4202090 HTTP/1.1" 200 0 "-" "Mozilla/5.0 (compatible; DataForSeoBot/1.0; +https://dataforseo.com/dataforseo-bot)"
85.208.96.195 - - [17/Jan/2025:21:14:32 -0500] "GET /chancery/haberdash127200.html HTTP/1.1" 200 0 "-" "Mozilla/5.0 (compatible; SemrushBot/7~bl; +http://www.semrush.com/bot.html)"
136.243.228.179 - - [17/Jan/2025:21:15:02 -0500] "GET /goods/2836790 HTTP/1.1" 200 0 "-" "Mozilla/5.0 (compatible; DataForSeoBot/1.0; +https://dataforseo.com/dataforseo-bot)"
136.243.228.179 - - [17/Jan/2025:21:15:54 -0500] "GET /goods/3965140 HTTP/1.1" 200 0 "-" "Mozilla/5.0 (compatible; DataForSeoBot/1.0; +https://dataforseo.com/dataforseo-bot)"
185.191.171.16 - - [17/Jan/2025:21:16:23 -0500] "GET /extraplanetary/disjunctively864753.html HTTP/1.1" 200 0 "-" "Mozilla/5.0 (compatible; SemrushBot/7~bl; +http://www.semrush.com/bot.html)"
51.222.253.3 - - [17/Jan/2025:21:17:19 -0500] "GET /wp-content/plugins/elementor/modules/web-cli/?SA HTTP/1.1" 200 639 "-" "Mozilla/5.0 (compatible; AhrefsBot/7.0; +http://ahrefs.com/robot/)"
136.243.228.179 - - [17/Jan/2025:21:16:47 -0500] "GET /goods/2151496 HTTP/1.1" 200 0 "-" "Mozilla/5.0 (compatible; DataForSeoBot/1.0; +https://dataforseo.com/dataforseo-bot)"
185.191.171.16 - - [17/Jan/2025:21:17:14 -0500] "GET /extraplanetary/disjunctively864753.html HTTP/1.1" 200 0 "-" "Mozilla/5.0 (compatible; SemrushBot/7~bl; +http://www.semrush.com/bot.html)"
136.243.228.179 - - [17/Jan/2025:21:17:40 -0500] "GET /goods/4163583 HTTP/1.1" 200 0 "-" "Mozilla/5.0 (compatible; DataForSeoBot/1.0; +https://dataforseo.com/dataforseo-bot)"
136.243.228.179 - - [17/Jan/2025:21:18:32 -0500] "GET /goods/1599762 HTTP/1.1" 200 0 "-" "Mozilla/5.0 (compatible; DataForSeoBot/1.0; +https://dataforseo.com/dataforseo-bot)"
185.191.171.4 - - [17/Jan/2025:21:19:05 -0500] "GET /goods/3068553 HTTP/1.1" 200 0 "-" "Mozilla/5.0 (compatible; SemrushBot/7~bl; +http://www.semrush.com/bot.html)"
136.243.228.179 - - [17/Jan/2025:21:19:24 -0500] "GET /goods/1079612 HTTP/1.1" 200 0 "-" "Mozilla/5.0 (compatible; DataForSeoBot/1.0; +https://dataforseo.com/dataforseo-bot)"
51.222.253.7 - - [17/Jan/2025:21:20:27 -0500] "GET /wp-content/plugins/elementor/app/modules/onboarding/assets/?NA HTTP/1.1" 200 647 "-" "Mozilla/5.0 (compatible; AhrefsBot/7.0; +http://ahrefs.com/robot/)"
185.191.171.4 - - [17/Jan/2025:21:19:56 -0500] "GET /goods/3068553 HTTP/1.1" 200 0 "-" "Mozilla/5.0 (compatible; SemrushBot/7~bl; +http://www.semrush.com/bot.html)"
136.243.228.179 - - [17/Jan/2025:21:20:15 -0500] "GET /goods/944991 HTTP/1.1" 200 0 "-" "Mozilla/5.0 (compatible; DataForSeoBot/1.0; +https://dataforseo.com/dataforseo-bot)"
185.191.171.9 - - [17/Jan/2025:21:21:47 -0500] "GET /mechanalize/distrainable1524473.html HTTP/1.1" 200 0 "-" "Mozilla/5.0 (compatible; SemrushBot/7~bl; +http://www.semrush.com/bot.html)"
47.128.60.244 - - [17/Jan/2025:21:21:55 -0500] "GET / HTTP/1.1" 200 0 "-" "Mozilla/5.0 (Linux; Android 5.0) AppleWebKit/537.36 (KHTML, like Gecko) Mobile Safari/537.36 (compatible; Bytespider; spider-feedback@bytedance.com)"
136.243.228.179 - - [17/Jan/2025:21:22:01 -0500] "GET /goods/314937 HTTP/1.1" 200 0 "-" "Mozilla/5.0 (compatible; DataForSeoBot/1.0; +https://dataforseo.com/dataforseo-bot)"
51.222.253.15 - - [17/Jan/2025:21:23:05 -0500] "GET /wp-content/plugins/elementor/assets/css/modules/?SA HTTP/1.1" 200 1016 "-" "Mozilla/5.0 (compatible; AhrefsBot/7.0; +http://ahrefs.com/robot/)"
136.243.228.179 - - [17/Jan/2025:21:21:08 -0500] "GET /goods/3687642 HTTP/1.1" 500 905 "-" "Mozilla/5.0 (compatible; DataForSeoBot/1.0; +https://dataforseo.com/dataforseo-bot)"
185.191.171.9 - - [17/Jan/2025:21:22:37 -0500] "GET /mechanalize/distrainable1524473.html HTTP/1.1" 200 0 "-" "Mozilla/5.0 (compatible; SemrushBot/7~bl; +http://www.semrush.com/bot.html)"
136.243.228.179 - - [17/Jan/2025:21:22:53 -0500] "GET /goods/3469494 HTTP/1.1" 200 0 "-" "Mozilla/5.0 (compatible; DataForSeoBot/1.0; +https://dataforseo.com/dataforseo-bot)"
136.243.228.179 - - [17/Jan/2025:21:23:44 -0500] "GET /goods/641051 HTTP/1.1" 200 0 "-" "Mozilla/5.0 (compatible; DataForSeoBot/1.0; +https://dataforseo.com/dataforseo-bot)"
185.191.171.16 - - [17/Jan/2025:21:24:28 -0500] "GET /goods/1612598 HTTP/1.1" 200 0 "-" "Mozilla/5.0 (compatible; SemrushBot/7~bl; +http://www.semrush.com/bot.html)"
136.243.228.179 - - [17/Jan/2025:21:24:36 -0500] "GET /goods/1173075 HTTP/1.1" 200 0 "-" "Mozilla/5.0 (compatible; DataForSeoBot/1.0; +https://dataforseo.com/dataforseo-bot)"
185.191.171.16 - - [17/Jan/2025:21:25:19 -0500] "GET /goods/1612598 HTTP/1.1" 200 0 "-" "Mozilla/5.0 (compatible; SemrushBot/7~bl; +http://www.semrush.com/bot.html)"
51.222.253.20 - - [17/Jan/2025:21:26:11 -0500] "GET /wp-content/plugins/elementor/core/common/modules/event-tracker/ HTTP/1.1" 200 756 "-" "Mozilla/5.0 (compatible; AhrefsBot/7.0; +http://ahrefs.com/robot/)"
136.243.228.179 - - [17/Jan/2025:21:25:28 -0500] "GET /goods/3593492 HTTP/1.1" 200 0 "-" "Mozilla/5.0 (compatible; DataForSeoBot/1.0; +https://dataforseo.com/dataforseo-bot)"
136.243.228.179 - - [17/Jan/2025:21:26:20 -0500] "GET /goods/85973 HTTP/1.1" 200 0 "-" "Mozilla/5.0 (compatible; DataForSeoBot/1.0; +https://dataforseo.com/dataforseo-bot)"
85.208.96.212 - - [17/Jan/2025:21:27:10 -0500] "GET /goods/597369 HTTP/1.1" 200 0 "-" "Mozilla/5.0 (compatible; SemrushBot/7~bl; +http://www.semrush.com/bot.html)"
136.243.228.179 - - [17/Jan/2025:21:27:12 -0500] "GET /goods/4136543 HTTP/1.1" 200 0 "-" "Mozilla/5.0 (compatible; DataForSeoBot/1.0; +https://dataforseo.com/dataforseo-bot)"
85.208.96.212 - - [17/Jan/2025:21:28:00 -0500] "GET /goods/597369 HTTP/1.1" 200 0 "-" "Mozilla/5.0 (compatible; SemrushBot/7~bl; +http://www.semrush.com/bot.html)"
51.222.253.17 - - [17/Jan/2025:21:29:12 -0500] "GET /wp-content/plugins/elementor/core/settings/?NA HTTP/1.1" 200 743 "-" "Mozilla/5.0 (compatible; AhrefsBot/7.0; +http://ahrefs.com/robot/)"
136.243.228.179 - - [17/Jan/2025:21:28:04 -0500] "GET /goods/3469152 HTTP/1.1" 500 905 "-" "Mozilla/5.0 (compatible; DataForSeoBot/1.0; +https://dataforseo.com/dataforseo-bot)"
85.208.96.196 - - [17/Jan/2025:21:29:51 -0500] "GET /knifeless/affreightment1166618.html HTTP/1.1" 200 0 "-" "Mozilla/5.0 (compatible; SemrushBot/7~bl; +http://www.semrush.com/bot.html)"
136.243.228.179 - - [17/Jan/2025:21:29:50 -0500] "GET /goods/956128 HTTP/1.1" 200 0 "-" "Mozilla/5.0 (compatible; DataForSeoBot/1.0; +https://dataforseo.com/dataforseo-bot)"
85.208.96.196 - - [17/Jan/2025:21:30:41 -0500] "GET /knifeless/affreightment1166618.html HTTP/1.1" 200 0 "-" "Mozilla/5.0 (compatible; SemrushBot/7~bl; +http://www.semrush.com/bot.html)"
136.243.228.179 - - [17/Jan/2025:21:30:43 -0500] "GET /goods/4060737 HTTP/1.1" 200 0 "-" "Mozilla/5.0 (compatible; DataForSeoBot/1.0; +https://dataforseo.com/dataforseo-bot)"
136.243.228.179 - - [17/Jan/2025:21:31:35 -0500] "GET /goods/3823218 HTTP/1.1" 200 0 "-" "Mozilla/5.0 (compatible; DataForSeoBot/1.0; +https://dataforseo.com/dataforseo-bot)"
51.222.253.20 - - [17/Jan/2025:21:32:51 -0500] "GET /wp-content/plugins/elementor/assets/lib/nouislider/?MA HTTP/1.1" 200 671 "-" "Mozilla/5.0 (compatible; AhrefsBot/7.0; +http://ahrefs.com/robot/)"
136.243.228.179 - - [17/Jan/2025:21:32:28 -0500] "GET /goods/2367949 HTTP/1.1" 200 0 "-" "Mozilla/5.0 (compatible; DataForSeoBot/1.0; +https://dataforseo.com/dataforseo-bot)"
85.208.96.208 - - [17/Jan/2025:21:32:31 -0500] "GET /goods/3050003 HTTP/1.1" 200 0 "-" "Mozilla/5.0 (compatible; SemrushBot/7~bl; +http://www.semrush.com/bot.html)"
47.128.18.124 - - [17/Jan/2025:21:33:55 -0500] "GET /wp-content/plugins/elementor/core/app/modules/import-export/compatibility/base-adapter.php HTTP/1.1" 403 1242 "-" "Mozilla/5.0 (Linux; Android 5.0) AppleWebKit/537.36 (KHTML, like Gecko) Mobile Safari/537.36 (compatible; Bytespider; spider-feedback@bytedance.com)"
85.208.96.208 - - [17/Jan/2025:21:33:21 -0500] "GET /goods/3050003 HTTP/1.1" 200 0 "-" "Mozilla/5.0 (compatible; SemrushBot/7~bl; +http://www.semrush.com/bot.html)"
136.243.228.179 - - [17/Jan/2025:21:33:20 -0500] "GET /goods/781384 HTTP/1.1" 200 0 "-" "Mozilla/5.0 (compatible; DataForSeoBot/1.0; +https://dataforseo.com/dataforseo-bot)"
185.191.171.14 - - [17/Jan/2025:21:35:55 -0500] "GET /robots.txt HTTP/1.1" 200 136 "-" "Mozilla/5.0 (compatible; SemrushBot/7~bl; +http://www.semrush.com/bot.html)"
136.243.228.179 - - [17/Jan/2025:21:35:08 -0500] "GET /goods/1717767 HTTP/1.1" 200 0 "-" "Mozilla/5.0 (compatible; DataForSeoBot/1.0; +https://dataforseo.com/dataforseo-bot)"
185.191.171.4 - - [17/Jan/2025:21:35:12 -0500] "GET /goods/1521178 HTTP/1.1" 200 0 "-" "Mozilla/5.0 (compatible; SemrushBot/7~bl; +http://www.semrush.com/bot.html)"
136.243.228.179 - - [17/Jan/2025:21:34:13 -0500] "GET /goods/4250726 HTTP/1.1" 500 905 "-" "Mozilla/5.0 (compatible; DataForSeoBot/1.0; +https://dataforseo.com/dataforseo-bot)"
136.243.228.179 - - [17/Jan/2025:21:36:00 -0500] "GET /goods/790319 HTTP/1.1" 200 0 "-" "Mozilla/5.0 (compatible; DataForSeoBot/1.0; +https://dataforseo.com/dataforseo-bot)"
185.191.171.4 - - [17/Jan/2025:21:36:04 -0500] "GET /goods/1521178 HTTP/1.1" 200 0 "-" "Mozilla/5.0 (compatible; SemrushBot/7~bl; +http://www.semrush.com/bot.html)"
136.243.228.179 - - [17/Jan/2025:21:36:53 -0500] "GET /goods/1255351 HTTP/1.1" 200 0 "-" "Mozilla/5.0 (compatible; DataForSeoBot/1.0; +https://dataforseo.com/dataforseo-bot)"
136.243.228.179 - - [17/Jan/2025:21:37:52 -0500] "GET /goods/1537208 HTTP/1.1" 200 0 "-" "Mozilla/5.0 (compatible; DataForSeoBot/1.0; +https://dataforseo.com/dataforseo-bot)"
185.191.171.7 - - [17/Jan/2025:21:37:55 -0500] "GET /goods/3581752 HTTP/1.1" 200 0 "-" "Mozilla/5.0 (compatible; SemrushBot/7~bl; +http://www.semrush.com/bot.html)"
47.128.120.35 - - [17/Jan/2025:21:37:55 -0500] "GET / HTTP/1.1" 200 0 "-" "Mozilla/5.0 (Linux; Android 5.0) AppleWebKit/537.36 (KHTML, like Gecko) Mobile Safari/537.36 (compatible; Bytespider; spider-feedback@bytedance.com)"
136.243.228.179 - - [17/Jan/2025:21:38:43 -0500] "GET /goods/2371540 HTTP/1.1" 200 0 "-" "Mozilla/5.0 (compatible; DataForSeoBot/1.0; +https://dataforseo.com/dataforseo-bot)"
185.191.171.7 - - [17/Jan/2025:21:38:45 -0500] "GET /goods/3581752 HTTP/1.1" 200 0 "-" "Mozilla/5.0 (compatible; SemrushBot/7~bl; +http://www.semrush.com/bot.html)"
51.222.253.2 - - [17/Jan/2025:21:39:50 -0500] "GET /wp-content/plugins/elementor/app/modules/onboarding/?SA HTTP/1.1" 200 702 "-" "Mozilla/5.0 (compatible; AhrefsBot/7.0; +http://ahrefs.com/robot/)"
136.243.228.179 - - [17/Jan/2025:21:39:35 -0500] "GET /goods/4838900 HTTP/1.1" 200 0 "-" "Mozilla/5.0 (compatible; DataForSeoBot/1.0; +https://dataforseo.com/dataforseo-bot)"
216.244.66.247 - - [17/Jan/2025:21:41:13 -0500] "GET /wp-content/plugins/elementor/app/modules/import-export/assets/js/pages/export/export-plugins/components/?SD HTTP/1.1" 200 2364 "-" "Mozilla/5.0 (compatible; DotBot/1.2; +https://opensiteexplorer.org/dotbot; help@moz.com)"
216.244.66.247 - - [17/Jan/2025:21:41:18 -0500] "GET /wp-content/plugins/elementor/app/modules/import-export/assets/js/pages/export/export-process/hooks/?SD HTTP/1.1" 200 1986 "-" "Mozilla/5.0 (compatible; DotBot/1.2; +https://opensiteexplorer.org/dotbot; help@moz.com)"
136.243.228.179 - - [17/Jan/2025:21:40:28 -0500] "GET /goods/3245675 HTTP/1.1" 200 0 "-" "Mozilla/5.0 (compatible; DataForSeoBot/1.0; +https://dataforseo.com/dataforseo-bot)"
85.208.96.198 - - [17/Jan/2025:21:40:36 -0500] "GET /goods/4841776 HTTP/1.1" 200 0 "-" "Mozilla/5.0 (compatible; SemrushBot/7~bl; +http://www.semrush.com/bot.html)"
47.128.25.132 - - [17/Jan/2025:21:41:56 -0500] "GET /wp-content/plugins/elementor/core/common/modules/connect/apps/common-app.php HTTP/1.1" 403 1242 "-" "Mozilla/5.0 (Linux; Android 5.0) AppleWebKit/537.36 (KHTML, like Gecko) Mobile Safari/537.36 (compatible; Bytespider; spider-feedback@bytedance.com)"
136.243.228.179 - - [17/Jan/2025:21:41:21 -0500] "GET /goods/4035965 HTTP/1.1" 200 0 "-" "Mozilla/5.0 (compatible; DataForSeoBot/1.0; +https://dataforseo.com/dataforseo-bot)"
85.208.96.198 - - [17/Jan/2025:21:41:26 -0500] "GET /goods/4841776 HTTP/1.1" 200 0 "-" "Mozilla/5.0 (compatible; SemrushBot/7~bl; +http://www.semrush.com/bot.html)"
136.243.228.179 - - [17/Jan/2025:21:42:13 -0500] "GET /goods/4462568 HTTP/1.1" 200 0 "-" "Mozilla/5.0 (compatible; DataForSeoBot/1.0; +https://dataforseo.com/dataforseo-bot)"
136.243.228.179 - - [17/Jan/2025:21:43:09 -0500] "GET /goods/3233903 HTTP/1.1" 200 0 "-" "Mozilla/5.0 (compatible; DataForSeoBot/1.0; +https://dataforseo.com/dataforseo-bot)"
85.208.96.201 - - [17/Jan/2025:21:43:16 -0500] "GET /goods/3934184 HTTP/1.1" 200 0 "-" "Mozilla/5.0 (compatible; SemrushBot/7~bl; +http://www.semrush.com/bot.html)"
136.243.228.179 - - [17/Jan/2025:21:44:02 -0500] "GET /goods/4079145 HTTP/1.1" 200 0 "-" "Mozilla/5.0 (compatible; DataForSeoBot/1.0; +https://dataforseo.com/dataforseo-bot)"
85.208.96.201 - - [17/Jan/2025:21:44:06 -0500] "GET /goods/3934184 HTTP/1.1" 200 0 "-" "Mozilla/5.0 (compatible; SemrushBot/7~bl; +http://www.semrush.com/bot.html)"
136.243.228.179 - - [17/Jan/2025:21:44:54 -0500] "GET /goods/3031933 HTTP/1.1" 200 0 "-" "Mozilla/5.0 (compatible; DataForSeoBot/1.0; +https://dataforseo.com/dataforseo-bot)"
47.128.44.11 - - [17/Jan/2025:21:45:56 -0500] "GET /wp-content/plugins/elementor/data/v2/manager.php HTTP/1.1" 403 1242 "-" "Mozilla/5.0 (Linux; Android 5.0) AppleWebKit/537.36 (KHTML, like Gecko) Mobile Safari/537.36 (compatible; Bytespider; spider-feedback@bytedance.com)"
136.243.228.179 - - [17/Jan/2025:21:45:47 -0500] "GET /goods/3190502 HTTP/1.1" 200 0 "-" "Mozilla/5.0 (compatible; DataForSeoBot/1.0; +https://dataforseo.com/dataforseo-bot)"
185.191.171.8 - - [17/Jan/2025:21:45:57 -0500] "GET /equidurable/aeronautical1043111.html HTTP/1.1" 200 0 "-" "Mozilla/5.0 (compatible; SemrushBot/7~bl; +http://www.semrush.com/bot.html)"
185.191.171.8 - - [17/Jan/2025:21:46:48 -0500] "GET /equidurable/aeronautical1043111.html HTTP/1.1" 200 0 "-" "Mozilla/5.0 (compatible; SemrushBot/7~bl; +http://www.semrush.com/bot.html)"
136.243.228.179 - - [17/Jan/2025:21:46:41 -0500] "GET /goods/1499260 HTTP/1.1" 200 0 "-" "Mozilla/5.0 (compatible; DataForSeoBot/1.0; +https://dataforseo.com/dataforseo-bot)"
136.243.228.179 - - [17/Jan/2025:21:48:01 -0500] "GET /goods/3286827 HTTP/1.1" 200 0 "-" "Mozilla/5.0 (compatible; DataForSeoBot/1.0; +https://dataforseo.com/dataforseo-bot)"
85.208.96.199 - - [17/Jan/2025:21:48:38 -0500] "GET /goods/2969629 HTTP/1.1" 200 0 "-" "Mozilla/5.0 (compatible; SemrushBot/7~bl; +http://www.semrush.com/bot.html)"
136.243.228.179 - - [17/Jan/2025:21:48:53 -0500] "GET /goods/145704 HTTP/1.1" 200 0 "-" "Mozilla/5.0 (compatible; DataForSeoBot/1.0; +https://dataforseo.com/dataforseo-bot)"
51.222.253.19 - - [17/Jan/2025:21:49:53 -0500] "GET /wp-content/plugins/elementor/modules/safe-mode/?SA HTTP/1.1" 200 695 "-" "Mozilla/5.0 (compatible; AhrefsBot/7.0; +http://ahrefs.com/robot/)"
85.208.96.199 - - [17/Jan/2025:21:49:28 -0500] "GET /goods/2969629 HTTP/1.1" 200 0 "-" "Mozilla/5.0 (compatible; SemrushBot/7~bl; +http://www.semrush.com/bot.html)"
136.243.228.179 - - [17/Jan/2025:21:49:45 -0500] "GET /goods/462653 HTTP/1.1" 200 0 "-" "Mozilla/5.0 (compatible; DataForSeoBot/1.0; +https://dataforseo.com/dataforseo-bot)"
47.128.113.84 - - [17/Jan/2025:21:49:57 -0500] "GET / HTTP/1.1" 200 0 "-" "Mozilla/5.0 (Linux; Android 5.0) AppleWebKit/537.36 (KHTML, like Gecko) Mobile Safari/537.36 (compatible; Bytespider; spider-feedback@bytedance.com)"
136.243.228.179 - - [17/Jan/2025:21:50:37 -0500] "GET /goods/3149264 HTTP/1.1" 200 0 "-" "Mozilla/5.0 (compatible; DataForSeoBot/1.0; +https://dataforseo.com/dataforseo-bot)"
185.191.171.6 - - [17/Jan/2025:21:51:19 -0500] "GET /goods/2455890 HTTP/1.1" 200 0 "-" "Mozilla/5.0 (compatible; SemrushBot/7~bl; +http://www.semrush.com/bot.html)"
136.243.228.179 - - [17/Jan/2025:21:51:32 -0500] "GET /goods/4702578 HTTP/1.1" 200 0 "-" "Mozilla/5.0 (compatible; DataForSeoBot/1.0; +https://dataforseo.com/dataforseo-bot)"
51.222.253.7 - - [17/Jan/2025:21:52:33 -0500] "GET /wp-content/plugins/elementor/app/modules/import-export/assets/js/ui/wizard-step/?ND HTTP/1.1" 200 689 "-" "Mozilla/5.0 (compatible; AhrefsBot/7.0; +http://ahrefs.com/robot/)"
185.191.171.6 - - [17/Jan/2025:21:52:10 -0500] "GET /goods/2455890 HTTP/1.1" 200 0 "-" "Mozilla/5.0 (compatible; SemrushBot/7~bl; +http://www.semrush.com/bot.html)"
136.243.228.179 - - [17/Jan/2025:21:52:23 -0500] "GET /goods/1211251 HTTP/1.1" 200 0 "-" "Mozilla/5.0 (compatible; DataForSeoBot/1.0; +https://dataforseo.com/dataforseo-bot)"
47.128.54.4 - - [17/Jan/2025:21:53:57 -0500] "GET /wp-content/plugins/elementor/core/app/admin-menu-items/theme-builder-menu-item.php HTTP/1.1" 403 1242 "-" "Mozilla/5.0 (Linux; Android 5.0) AppleWebKit/537.36 (KHTML, like Gecko) Mobile Safari/537.36 (compatible; Bytespider; spider-feedback@bytedance.com)"
136.243.228.179 - - [17/Jan/2025:21:53:15 -0500] "GET /goods/3082342 HTTP/1.1" 200 0 "-" "Mozilla/5.0 (compatible; DataForSeoBot/1.0; +https://dataforseo.com/dataforseo-bot)"
51.222.253.18 - - [17/Jan/2025:21:54:45 -0500] "GET /wp-content/plugins/elementor/app/assets/js/ui/menu/ HTTP/1.1" 200 707 "-" "Mozilla/5.0 (compatible; AhrefsBot/7.0; +http://ahrefs.com/robot/)"
85.208.96.205 - - [17/Jan/2025:21:54:00 -0500] "GET /affreightment/balaustre574808.html HTTP/1.1" 200 0 "-" "Mozilla/5.0 (compatible; SemrushBot/7~bl; +http://www.semrush.com/bot.html)"
136.243.228.179 - - [17/Jan/2025:21:54:07 -0500] "GET /goods/2514191 HTTP/1.1" 200 0 "-" "Mozilla/5.0 (compatible; DataForSeoBot/1.0; +https://dataforseo.com/dataforseo-bot)"
85.208.96.205 - - [17/Jan/2025:21:54:51 -0500] "GET /affreightment/balaustre574808.html HTTP/1.1" 200 0 "-" "Mozilla/5.0 (compatible; SemrushBot/7~bl; +http://www.semrush.com/bot.html)"
136.243.228.179 - - [17/Jan/2025:21:55:00 -0500] "GET /goods/145931 HTTP/1.1" 200 0 "-" "Mozilla/5.0 (compatible; DataForSeoBot/1.0; +https://dataforseo.com/dataforseo-bot)"
136.243.228.179 - - [17/Jan/2025:21:55:52 -0500] "GET /goods/3611782 HTTP/1.1" 200 0 "-" "Mozilla/5.0 (compatible; DataForSeoBot/1.0; +https://dataforseo.com/dataforseo-bot)"
185.191.171.13 - - [17/Jan/2025:21:56:48 -0500] "GET /robots.txt HTTP/1.1" 200 136 "-" "Mozilla/5.0 (compatible; SemrushBot/7~bl; +http://www.semrush.com/bot.html)"
85.208.96.208 - - [17/Jan/2025:21:56:42 -0500] "GET /goods/3047819 HTTP/1.1" 200 0 "-" "Mozilla/5.0 (compatible; SemrushBot/7~bl; +http://www.semrush.com/bot.html)"
136.243.228.179 - - [17/Jan/2025:21:56:45 -0500] "GET /goods/4766096 HTTP/1.1" 200 0 "-" "Mozilla/5.0 (compatible; DataForSeoBot/1.0; +https://dataforseo.com/dataforseo-bot)"
51.222.253.3 - - [17/Jan/2025:21:57:42 -0500] "GET /wp-content/plugins/elementor/app/modules/import-export/assets/js/context/?MA HTTP/1.1" 200 707 "-" "Mozilla/5.0 (compatible; AhrefsBot/7.0; +http://ahrefs.com/robot/)"
85.208.96.208 - - [17/Jan/2025:21:57:32 -0500] "GET /goods/3047819 HTTP/1.1" 200 0 "-" "Mozilla/5.0 (compatible; SemrushBot/7~bl; +http://www.semrush.com/bot.html)"
136.243.228.179 - - [17/Jan/2025:21:57:36 -0500] "GET /goods/1553853 HTTP/1.1" 200 0 "-" "Mozilla/5.0 (compatible; DataForSeoBot/1.0; +https://dataforseo.com/dataforseo-bot)"
47.128.40.46 - - [17/Jan/2025:21:57:54 -0500] "GET / HTTP/1.1" 200 0 "-" "Mozilla/5.0 (Linux; Android 5.0) AppleWebKit/537.36 (KHTML, like Gecko) Mobile Safari/537.36 (compatible; Bytespider; spider-feedback@bytedance.com)"
136.243.228.179 - - [17/Jan/2025:21:58:29 -0500] "GET /goods/3285068 HTTP/1.1" 200 0 "-" "Mozilla/5.0 (compatible; DataForSeoBot/1.0; +https://dataforseo.com/dataforseo-bot)"
216.244.66.247 - - [17/Jan/2025:21:59:35 -0500] "GET /robots.txt HTTP/1.1" 200 762 "-" "Mozilla/5.0 (compatible; DotBot/1.2; +https://opensiteexplorer.org/dotbot; help@moz.com)"
136.243.228.179 - - [17/Jan/2025:21:59:21 -0500] "GET /goods/104669 HTTP/1.1" 200 0 "-" "Mozilla/5.0 (compatible; DataForSeoBot/1.0; +https://dataforseo.com/dataforseo-bot)"
85.208.96.206 - - [17/Jan/2025:21:59:24 -0500] "GET /goods/1599502 HTTP/1.1" 200 0 "-" "Mozilla/5.0 (compatible; SemrushBot/7~bl; +http://www.semrush.com/bot.html)"
51.222.253.18 - - [17/Jan/2025:22:00:18 -0500] "GET /wp-content/plugins/elementor/includes/libraries/?NA HTTP/1.1" 200 652 "-" "Mozilla/5.0 (compatible; AhrefsBot/7.0; +http://ahrefs.com/robot/)"
85.208.96.206 - - [17/Jan/2025:22:00:15 -0500] "GET /goods/1599502 HTTP/1.1" 200 0 "-" "Mozilla/5.0 (compatible; SemrushBot/7~bl; +http://www.semrush.com/bot.html)"
136.243.228.179 - - [17/Jan/2025:22:00:20 -0500] "GET /goods/1369976 HTTP/1.1" 200 0 "-" "Mozilla/5.0 (compatible; DataForSeoBot/1.0; +https://dataforseo.com/dataforseo-bot)"
136.243.228.179 - - [17/Jan/2025:22:01:13 -0500] "GET /goods/3425101 HTTP/1.1" 200 0 "-" "Mozilla/5.0 (compatible; DataForSeoBot/1.0; +https://dataforseo.com/dataforseo-bot)"
185.191.171.8 - - [17/Jan/2025:22:02:06 -0500] "GET /diatomic/cutleress557204.html HTTP/1.1" 200 0 "-" "Mozilla/5.0 (compatible; SemrushBot/7~bl; +http://www.semrush.com/bot.html)"
136.243.228.179 - - [17/Jan/2025:22:02:06 -0500] "GET /goods/2173293 HTTP/1.1" 200 0 "-" "Mozilla/5.0 (compatible; DataForSeoBot/1.0; +https://dataforseo.com/dataforseo-bot)"
185.191.171.8 - - [17/Jan/2025:22:02:56 -0500] "GET /diatomic/cutleress557204.html HTTP/1.1" 200 0 "-" "Mozilla/5.0 (compatible; SemrushBot/7~bl; +http://www.semrush.com/bot.html)"
136.243.228.179 - - [17/Jan/2025:22:02:58 -0500] "GET /goods/3007331 HTTP/1.1" 200 0 "-" "Mozilla/5.0 (compatible; DataForSeoBot/1.0; +https://dataforseo.com/dataforseo-bot)"
136.243.228.179 - - [17/Jan/2025:22:03:51 -0500] "GET /goods/1189974 HTTP/1.1" 200 0 "-" "Mozilla/5.0 (compatible; DataForSeoBot/1.0; +https://dataforseo.com/dataforseo-bot)"
51.222.253.20 - - [17/Jan/2025:22:05:27 -0500] "GET /wp-content/plugins/elementor/app/modules/import-export/assets/js/context/?SA HTTP/1.1" 200 701 "-" "Mozilla/5.0 (compatible; AhrefsBot/7.0; +http://ahrefs.com/robot/)"
136.243.228.179 - - [17/Jan/2025:22:04:43 -0500] "GET /goods/2846236 HTTP/1.1" 200 0 "-" "Mozilla/5.0 (compatible; DataForSeoBot/1.0; +https://dataforseo.com/dataforseo-bot)"
185.191.171.7 - - [17/Jan/2025:22:04:47 -0500] "GET /disjunctively/bitterness65098.html HTTP/1.1" 200 0 "-" "Mozilla/5.0 (compatible; SemrushBot/7~bl; +http://www.semrush.com/bot.html)"
185.191.171.7 - - [17/Jan/2025:22:05:38 -0500] "GET /disjunctively/bitterness65098.html HTTP/1.1" 200 0 "-" "Mozilla/5.0 (compatible; SemrushBot/7~bl; +http://www.semrush.com/bot.html)"
136.243.228.179 - - [17/Jan/2025:22:05:36 -0500] "GET /goods/1495151 HTTP/1.1" 200 0 "-" "Mozilla/5.0 (compatible; DataForSeoBot/1.0; +https://dataforseo.com/dataforseo-bot)"
136.243.228.179 - - [17/Jan/2025:22:06:29 -0500] "GET /goods/1047612 HTTP/1.1" 200 0 "-" "Mozilla/5.0 (compatible; DataForSeoBot/1.0; +https://dataforseo.com/dataforseo-bot)"
136.243.228.179 - - [17/Jan/2025:22:07:20 -0500] "GET /goods/1817537 HTTP/1.1" 200 0 "-" "Mozilla/5.0 (compatible; DataForSeoBot/1.0; +https://dataforseo.com/dataforseo-bot)"
85.208.96.204 - - [17/Jan/2025:22:07:28 -0500] "GET /goods/3652502 HTTP/1.1" 200 0 "-" "Mozilla/5.0 (compatible; SemrushBot/7~bl; +http://www.semrush.com/bot.html)"
51.222.253.14 - - [17/Jan/2025:22:08:21 -0500] "GET /wp-content/plugins/elementor/app/modules/import-export/compatibility/?NA HTTP/1.1" 200 713 "-" "Mozilla/5.0 (compatible; AhrefsBot/7.0; +http://ahrefs.com/robot/)"
106.215.147.34 - - [17/Jan/2025:22:06:53 -0500] "GET / HTTP/1.1" 200 0 "http://wavestudioz.com" "Mozilla/5.0 (Macintosh; Intel Mac OS X 12_5) AppleWebKit/537.36 (KHTML, like Gecko) Chrome/114.0.0.0 YaBrowser/22.7.0 Yowser/2.5 Safari/537.36"
136.243.228.179 - - [17/Jan/2025:22:08:13 -0500] "GET /goods/3780881 HTTP/1.1" 200 0 "-" "Mozilla/5.0 (compatible; DataForSeoBot/1.0; +https://dataforseo.com/dataforseo-bot)"
85.208.96.204 - - [17/Jan/2025:22:08:18 -0500] "GET /goods/3652502 HTTP/1.1" 200 0 "-" "Mozilla/5.0 (compatible; SemrushBot/7~bl; +http://www.semrush.com/bot.html)"
136.243.228.179 - - [17/Jan/2025:22:09:05 -0500] "GET /goods/296604 HTTP/1.1" 200 0 "-" "Mozilla/5.0 (compatible; DataForSeoBot/1.0; +https://dataforseo.com/dataforseo-bot)"
136.243.228.179 - - [17/Jan/2025:22:09:57 -0500] "GET /goods/2885857 HTTP/1.1" 200 0 "-" "Mozilla/5.0 (compatible; DataForSeoBot/1.0; +https://dataforseo.com/dataforseo-bot)"
47.128.35.15 - - [17/Jan/2025:22:09:57 -0500] "GET / HTTP/1.1" 200 0 "-" "Mozilla/5.0 (Linux; Android 5.0) AppleWebKit/537.36 (KHTML, like Gecko) Mobile Safari/537.36 (compatible; Bytespider; spider-feedback@bytedance.com)"
106.215.147.34 - - [17/Jan/2025:22:08:53 -0500] "GET / HTTP/1.1" 200 0 "-" "Mozilla/5.0 (Macintosh; Intel Mac OS X 12_5) AppleWebKit/537.36 (KHTML, like Gecko) Chrome/114.0.0.0 YaBrowser/22.7.0 Yowser/2.5 Safari/537.36"
85.208.96.193 - - [17/Jan/2025:22:10:08 -0500] "GET /goods/245686 HTTP/1.1" 200 0 "-" "Mozilla/5.0 (compatible; SemrushBot/7~bl; +http://www.semrush.com/bot.html)"
51.222.253.13 - - [17/Jan/2025:22:11:25 -0500] "GET /wp-content/plugins/elementor/core/frontend/ HTTP/1.1" 200 699 "-" "Mozilla/5.0 (compatible; AhrefsBot/7.0; +http://ahrefs.com/robot/)"
85.208.96.193 - - [17/Jan/2025:22:10:58 -0500] "GET /goods/245686 HTTP/1.1" 200 0 "-" "Mozilla/5.0 (compatible; SemrushBot/7~bl; +http://www.semrush.com/bot.html)"
136.243.228.179 - - [17/Jan/2025:22:11:23 -0500] "GET /goods/2304315 HTTP/1.1" 200 0 "-" "Mozilla/5.0 (compatible; DataForSeoBot/1.0; +https://dataforseo.com/dataforseo-bot)"
106.215.147.34 - - [17/Jan/2025:22:10:54 -0500] "GET / HTTP/1.1" 200 0 "-" "Mozilla/5.0 (Macintosh; Intel Mac OS X 12_5) AppleWebKit/537.36 (KHTML, like Gecko) Chrome/114.0.0.0 YaBrowser/22.7.0 Yowser/2.5 Safari/537.36"
136.243.228.179 - - [17/Jan/2025:22:12:18 -0500] "GET /goods/1854646 HTTP/1.1" 200 0 "-" "Mozilla/5.0 (compatible; DataForSeoBot/1.0; +https://dataforseo.com/dataforseo-bot)"
85.208.96.202 - - [17/Jan/2025:22:12:49 -0500] "GET /goods/1237658 HTTP/1.1" 200 0 "-" "Mozilla/5.0 (compatible; SemrushBot/7~bl; +http://www.semrush.com/bot.html)"
51.222.253.20 - - [17/Jan/2025:22:13:53 -0500] "GET /wp-content/plugins/elementor/modules/safe-mode/?MA HTTP/1.1" 200 696 "-" "Mozilla/5.0 (compatible; AhrefsBot/7.0; +http://ahrefs.com/robot/)"
136.243.228.179 - - [17/Jan/2025:22:13:11 -0500] "GET /goods/613767 HTTP/1.1" 200 0 "-" "Mozilla/5.0 (compatible; DataForSeoBot/1.0; +https://dataforseo.com/dataforseo-bot)"
85.208.96.202 - - [17/Jan/2025:22:13:39 -0500] "GET /goods/1237658 HTTP/1.1" 200 0 "-" "Mozilla/5.0 (compatible; SemrushBot/7~bl; +http://www.semrush.com/bot.html)"
216.244.66.247 - - [17/Jan/2025:22:14:31 -0500] "GET /wp-content/plugins/elementor/app/modules/import-export/assets/js/pages/import/import-complete/components/import-complete-footer/?SA HTTP/1.1" 200 2082 "-" "Mozilla/5.0 (compatible; DotBot/1.2; +https://opensiteexplorer.org/dotbot; help@moz.com)"
136.243.228.179 - - [17/Jan/2025:22:14:02 -0500] "GET /goods/1948141 HTTP/1.1" 200 0 "-" "Mozilla/5.0 (compatible; DataForSeoBot/1.0; +https://dataforseo.com/dataforseo-bot)"
136.243.228.179 - - [17/Jan/2025:22:14:56 -0500] "GET /goods/4248758 HTTP/1.1" 200 0 "-" "Mozilla/5.0 (compatible; DataForSeoBot/1.0; +https://dataforseo.com/dataforseo-bot)"
216.244.66.247 - - [17/Jan/2025:22:16:08 -0500] "GET /wp-content/plugins/elementor/app/modules/import-export/assets/js/pages/import/import-resolver/components/?NA HTTP/1.1" 200 1949 "-" "Mozilla/5.0 (compatible; DotBot/1.2; +https://opensiteexplorer.org/dotbot; help@moz.com)"
85.208.96.206 - - [17/Jan/2025:22:15:30 -0500] "GET /cutleress/cauda757724.html HTTP/1.1" 200 0 "-" "Mozilla/5.0 (compatible; SemrushBot/7~bl; +http://www.semrush.com/bot.html)"
66.249.79.194 - - [17/Jan/2025:22:16:35 -0500] "GET /robots.txt HTTP/1.1" 200 98 "-" "Mozilla/5.0 (compatible; Googlebot/2.1; +http://www.google.com/bot.html)"
136.243.228.179 - - [17/Jan/2025:22:15:48 -0500] "GET /goods/2947582 HTTP/1.1" 200 0 "-" "Mozilla/5.0 (compatible; DataForSeoBot/1.0; +https://dataforseo.com/dataforseo-bot)"
51.222.253.1 - - [17/Jan/2025:22:16:45 -0500] "GET /wp-content/plugins/elementor/assets/lib/swiper/?ND HTTP/1.1" 200 731 "-" "Mozilla/5.0 (compatible; AhrefsBot/7.0; +http://ahrefs.com/robot/)"
85.208.96.206 - - [17/Jan/2025:22:16:20 -0500] "GET /cutleress/cauda757724.html HTTP/1.1" 200 0 "-" "Mozilla/5.0 (compatible; SemrushBot/7~bl; +http://www.semrush.com/bot.html)"
136.243.228.179 - - [17/Jan/2025:22:16:40 -0500] "GET /goods/664693 HTTP/1.1" 200 0 "-" "Mozilla/5.0 (compatible; DataForSeoBot/1.0; +https://dataforseo.com/dataforseo-bot)"
85.208.96.211 - - [17/Jan/2025:22:18:05 -0500] "GET /robots.txt HTTP/1.1" 200 136 "-" "Mozilla/5.0 (compatible; SemrushBot/7~bl; +http://www.semrush.com/bot.html)"
136.243.228.179 - - [17/Jan/2025:22:17:32 -0500] "GET /goods/2970511 HTTP/1.1" 200 0 "-" "Mozilla/5.0 (compatible; DataForSeoBot/1.0; +https://dataforseo.com/dataforseo-bot)"
85.208.96.204 - - [17/Jan/2025:22:18:11 -0500] "GET /goods/2935554 HTTP/1.1" 200 0 "-" "Mozilla/5.0 (compatible; SemrushBot/7~bl; +http://www.semrush.com/bot.html)"
51.222.253.3 - - [17/Jan/2025:22:19:16 -0500] "GET /wp-content/plugins/elementor/core/common/modules/?NA HTTP/1.1" 200 688 "-" "Mozilla/5.0 (compatible; AhrefsBot/7.0; +http://ahrefs.com/robot/)"
136.243.228.179 - - [17/Jan/2025:22:18:25 -0500] "GET /goods/2465043 HTTP/1.1" 200 0 "-" "Mozilla/5.0 (compatible; DataForSeoBot/1.0; +https://dataforseo.com/dataforseo-bot)"
85.208.96.204 - - [17/Jan/2025:22:19:01 -0500] "GET /goods/2935554 HTTP/1.1" 200 0 "-" "Mozilla/5.0 (compatible; SemrushBot/7~bl; +http://www.semrush.com/bot.html)"
43.159.144.16 - - [17/Jan/2025:22:19:27 -0500] "GET / HTTP/1.1" 200 0 "http://www.wavestudioz.com" "Mozilla/5.0 (iPhone; CPU iPhone OS 13_2_3 like Mac OS X) AppleWebKit/605.1.15 (KHTML, like Gecko) Version/13.0.3 Mobile/15E148 Safari/604.1"
136.243.228.179 - - [17/Jan/2025:22:19:16 -0500] "GET /goods/1769275 HTTP/1.1" 200 0 "-" "Mozilla/5.0 (compatible; DataForSeoBot/1.0; +https://dataforseo.com/dataforseo-bot)"
136.243.228.179 - - [17/Jan/2025:22:20:09 -0500] "GET /goods/147096 HTTP/1.1" 200 0 "-" "Mozilla/5.0 (compatible; DataForSeoBot/1.0; +https://dataforseo.com/dataforseo-bot)"
185.191.171.8 - - [17/Jan/2025:22:20:53 -0500] "GET /goods/2115380 HTTP/1.1" 200 0 "-" "Mozilla/5.0 (compatible; SemrushBot/7~bl; +http://www.semrush.com/bot.html)"
136.243.228.179 - - [17/Jan/2025:22:21:01 -0500] "GET /goods/4502699 HTTP/1.1" 200 0 "-" "Mozilla/5.0 (compatible; DataForSeoBot/1.0; +https://dataforseo.com/dataforseo-bot)"
47.128.60.15 - - [17/Jan/2025:22:21:58 -0500] "GET /wp-content/plugins/elementor/core/upgrade/updater.php HTTP/1.1" 403 1242 "-" "Mozilla/5.0 (Linux; Android 5.0) AppleWebKit/537.36 (KHTML, like Gecko) Mobile Safari/537.36 (compatible; Bytespider; spider-feedback@bytedance.com)"
185.191.171.8 - - [17/Jan/2025:22:21:44 -0500] "GET /goods/2115380 HTTP/1.1" 200 0 "-" "Mozilla/5.0 (compatible; SemrushBot/7~bl; +http://www.semrush.com/bot.html)"
136.243.228.179 - - [17/Jan/2025:22:21:52 -0500] "GET /goods/4508573 HTTP/1.1" 200 0 "-" "Mozilla/5.0 (compatible; DataForSeoBot/1.0; +https://dataforseo.com/dataforseo-bot)"
136.243.228.179 - - [17/Jan/2025:22:22:44 -0500] "GET /goods/3594668 HTTP/1.1" 200 0 "-" "Mozilla/5.0 (compatible; DataForSeoBot/1.0; +https://dataforseo.com/dataforseo-bot)"
185.191.171.15 - - [17/Jan/2025:22:23:35 -0500] "GET /caroline/claquer426210.html HTTP/1.1" 200 0 "-" "Mozilla/5.0 (compatible; SemrushBot/7~bl; +http://www.semrush.com/bot.html)"
136.243.228.179 - - [17/Jan/2025:22:23:37 -0500] "GET /goods/3673594 HTTP/1.1" 200 0 "-" "Mozilla/5.0 (compatible; DataForSeoBot/1.0; +https://dataforseo.com/dataforseo-bot)"
185.191.171.15 - - [17/Jan/2025:22:24:26 -0500] "GET /caroline/claquer426210.html HTTP/1.1" 200 0 "-" "Mozilla/5.0 (compatible; SemrushBot/7~bl; +http://www.semrush.com/bot.html)"
136.243.228.179 - - [17/Jan/2025:22:24:32 -0500] "GET /goods/1344874 HTTP/1.1" 200 0 "-" "Mozilla/5.0 (compatible; DataForSeoBot/1.0; +https://dataforseo.com/dataforseo-bot)"
136.243.228.179 - - [17/Jan/2025:22:25:24 -0500] "GET /goods/1201224 HTTP/1.1" 200 0 "-" "Mozilla/5.0 (compatible; DataForSeoBot/1.0; +https://dataforseo.com/dataforseo-bot)"
47.128.45.197 - - [17/Jan/2025:22:25:58 -0500] "GET / HTTP/1.1" 200 0 "-" "Mozilla/5.0 (Linux; Android 5.0) AppleWebKit/537.36 (KHTML, like Gecko) Mobile Safari/537.36 (compatible; Bytespider; spider-feedback@bytedance.com)"
51.222.253.8 - - [17/Jan/2025:22:26:52 -0500] "GET /wp-content/plugins/elementor/modules/ai/connect/?MA HTTP/1.1" 200 647 "-" "Mozilla/5.0 (compatible; AhrefsBot/7.0; +http://ahrefs.com/robot/)"
136.243.228.179 - - [17/Jan/2025:22:26:15 -0500] "GET /goods/4226752 HTTP/1.1" 200 0 "-" "Mozilla/5.0 (compatible; DataForSeoBot/1.0; +https://dataforseo.com/dataforseo-bot)"
185.191.171.3 - - [17/Jan/2025:22:26:17 -0500] "GET /extraplanetary/disjunctively1242108.html HTTP/1.1" 200 0 "-" "Mozilla/5.0 (compatible; SemrushBot/7~bl; +http://www.semrush.com/bot.html)"
185.191.171.3 - - [17/Jan/2025:22:27:08 -0500] "GET /extraplanetary/disjunctively1242108.html HTTP/1.1" 200 0 "-" "Mozilla/5.0 (compatible; SemrushBot/7~bl; +http://www.semrush.com/bot.html)"
136.243.228.179 - - [17/Jan/2025:22:27:07 -0500] "GET /goods/4685073 HTTP/1.1" 200 0 "-" "Mozilla/5.0 (compatible; DataForSeoBot/1.0; +https://dataforseo.com/dataforseo-bot)"
136.243.228.179 - - [17/Jan/2025:22:27:59 -0500] "GET /goods/1932085 HTTP/1.1" 200 0 "-" "Mozilla/5.0 (compatible; DataForSeoBot/1.0; +https://dataforseo.com/dataforseo-bot)"
51.222.253.1 - - [17/Jan/2025:22:29:25 -0500] "GET /wp-content/plugins/elementor/includes/template-library/data/?SA HTTP/1.1" 200 707 "-" "Mozilla/5.0 (compatible; AhrefsBot/7.0; +http://ahrefs.com/robot/)"
136.243.228.179 - - [17/Jan/2025:22:28:51 -0500] "GET /goods/2307139 HTTP/1.1" 200 0 "-" "Mozilla/5.0 (compatible; DataForSeoBot/1.0; +https://dataforseo.com/dataforseo-bot)"
185.191.171.16 - - [17/Jan/2025:22:28:59 -0500] "GET /cutleress/cauda789184.html HTTP/1.1" 200 0 "-" "Mozilla/5.0 (compatible; SemrushBot/7~bl; +http://www.semrush.com/bot.html)"
47.128.60.169 - - [17/Jan/2025:22:29:59 -0500] "GET /wp-content/plugins/elementor/elementor.php HTTP/1.1" 403 1242 "-" "Mozilla/5.0 (Linux; Android 5.0) AppleWebKit/537.36 (KHTML, like Gecko) Mobile Safari/537.36 (compatible; Bytespider; spider-feedback@bytedance.com)"
136.243.228.179 - - [17/Jan/2025:22:29:44 -0500] "GET /goods/2327731 HTTP/1.1" 200 0 "-" "Mozilla/5.0 (compatible; DataForSeoBot/1.0; +https://dataforseo.com/dataforseo-bot)"
185.191.171.16 - - [17/Jan/2025:22:29:50 -0500] "GET /cutleress/cauda789184.html HTTP/1.1" 200 0 "-" "Mozilla/5.0 (compatible; SemrushBot/7~bl; +http://www.semrush.com/bot.html)"
136.243.228.179 - - [17/Jan/2025:22:30:35 -0500] "GET /goods/4748727 HTTP/1.1" 200 0 "-" "Mozilla/5.0 (compatible; DataForSeoBot/1.0; +https://dataforseo.com/dataforseo-bot)"
51.222.253.4 - - [17/Jan/2025:22:31:51 -0500] "GET /robots.txt HTTP/1.1" 200 98 "-" "Mozilla/5.0 (compatible; AhrefsBot/7.0; +http://ahrefs.com/robot/)"
136.243.228.179 - - [17/Jan/2025:22:31:28 -0500] "GET /goods/4026357 HTTP/1.1" 200 0 "-" "Mozilla/5.0 (compatible; DataForSeoBot/1.0; +https://dataforseo.com/dataforseo-bot)"
185.191.171.11 - - [17/Jan/2025:22:31:42 -0500] "GET /gally/coynye1050950.html HTTP/1.1" 200 0 "-" "Mozilla/5.0 (compatible; SemrushBot/7~bl; +http://www.semrush.com/bot.html)"
136.243.228.179 - - [17/Jan/2025:22:32:21 -0500] "GET /goods/244161 HTTP/1.1" 200 0 "-" "Mozilla/5.0 (compatible; DataForSeoBot/1.0; +https://dataforseo.com/dataforseo-bot)"
185.191.171.11 - - [17/Jan/2025:22:32:33 -0500] "GET /gally/coynye1050950.html HTTP/1.1" 200 0 "-" "Mozilla/5.0 (compatible; SemrushBot/7~bl; +http://www.semrush.com/bot.html)"
47.128.30.208 - - [17/Jan/2025:22:33:59 -0500] "GET /wp-content/plugins/elementor/modules/announcements/triggers/ai-started.php HTTP/1.1" 403 1242 "-" "Mozilla/5.0 (Linux; Android 5.0) AppleWebKit/537.36 (KHTML, like Gecko) Mobile Safari/537.36 (compatible; Bytespider; spider-feedback@bytedance.com)"
136.243.228.179 - - [17/Jan/2025:22:33:13 -0500] "GET /goods/3006180 HTTP/1.1" 200 0 "-" "Mozilla/5.0 (compatible; DataForSeoBot/1.0; +https://dataforseo.com/dataforseo-bot)"
51.222.253.2 - - [17/Jan/2025:22:34:23 -0500] "GET /wp-content/plugins/elementor/core/document-types/?SA HTTP/1.1" 200 709 "-" "Mozilla/5.0 (compatible; AhrefsBot/7.0; +http://ahrefs.com/robot/)"
136.243.228.179 - - [17/Jan/2025:22:34:05 -0500] "GET /goods/1156520 HTTP/1.1" 200 0 "-" "Mozilla/5.0 (compatible; DataForSeoBot/1.0; +https://dataforseo.com/dataforseo-bot)"
110.249.202.89 - - [17/Jan/2025:22:34:40 -0500] "GET /[%22https:////wavestudioz.com//wp-content//uploads//2021//11//phoo.jpg%22,%22https:////wavestudioz.com//wp-content//uploads//2021//12//makeup.jpg%22,%22https:////wavestudioz.com//wp-content//uploads//2021//11//nailnew.jpg%22,%22https:////wavestudioz.com//wp-content//uploads//2021//11//train.jpg%22] HTTP/1.1" 200 0 "-" "Mozilla/5.0 (Linux; Android 5.0) AppleWebKit/537.36 (KHTML, like Gecko) Mobile Safari/537.36 (compatible; Bytespider; https://zhanzhang.toutiao.com/)"
85.208.96.212 - - [17/Jan/2025:22:34:23 -0500] "GET /goods/2653070 HTTP/1.1" 200 0 "-" "Mozilla/5.0 (compatible; SemrushBot/7~bl; +http://www.semrush.com/bot.html)"
136.243.228.179 - - [17/Jan/2025:22:34:57 -0500] "GET /goods/2005659 HTTP/1.1" 200 0 "-" "Mozilla/5.0 (compatible; DataForSeoBot/1.0; +https://dataforseo.com/dataforseo-bot)"
85.208.96.212 - - [17/Jan/2025:22:35:14 -0500] "GET /goods/2653070 HTTP/1.1" 200 0 "-" "Mozilla/5.0 (compatible; SemrushBot/7~bl; +http://www.semrush.com/bot.html)"
136.243.228.179 - - [17/Jan/2025:22:35:50 -0500] "GET /goods/3890768 HTTP/1.1" 200 0 "-" "Mozilla/5.0 (compatible; DataForSeoBot/1.0; +https://dataforseo.com/dataforseo-bot)"
51.222.253.8 - - [17/Jan/2025:22:37:17 -0500] "GET /wp-content/plugins/elementor/modules/ai/connect/?SA HTTP/1.1" 200 645 "-" "Mozilla/5.0 (compatible; AhrefsBot/7.0; +http://ahrefs.com/robot/)"
136.243.228.179 - - [17/Jan/2025:22:36:43 -0500] "GET /goods/3804130 HTTP/1.1" 200 0 "-" "Mozilla/5.0 (compatible; DataForSeoBot/1.0; +https://dataforseo.com/dataforseo-bot)"
85.208.96.193 - - [17/Jan/2025:22:37:04 -0500] "GET /goods/4731039 HTTP/1.1" 200 0 "-" "Mozilla/5.0 (compatible; SemrushBot/7~bl; +http://www.semrush.com/bot.html)"
136.243.228.179 - - [17/Jan/2025:22:37:35 -0500] "GET /goods/4841297 HTTP/1.1" 200 0 "-" "Mozilla/5.0 (compatible; DataForSeoBot/1.0; +https://dataforseo.com/dataforseo-bot)"
185.191.171.14 - - [17/Jan/2025:22:38:39 -0500] "GET /robots.txt HTTP/1.1" 200 136 "-" "Mozilla/5.0 (compatible; SemrushBot/7~bl; +http://www.semrush.com/bot.html)"
85.208.96.193 - - [17/Jan/2025:22:37:54 -0500] "GET /goods/4731039 HTTP/1.1" 200 0 "-" "Mozilla/5.0 (compatible; SemrushBot/7~bl; +http://www.semrush.com/bot.html)"
47.128.124.11 - - [17/Jan/2025:22:37:59 -0500] "GET / HTTP/1.1" 200 0 "-" "Mozilla/5.0 (Linux; Android 5.0) AppleWebKit/537.36 (KHTML, like Gecko) Mobile Safari/537.36 (compatible; Bytespider; spider-feedback@bytedance.com)"
136.243.228.179 - - [17/Jan/2025:22:38:27 -0500] "GET /goods/892056 HTTP/1.1" 200 0 "-" "Mozilla/5.0 (compatible; DataForSeoBot/1.0; +https://dataforseo.com/dataforseo-bot)"
51.222.253.5 - - [17/Jan/2025:22:39:36 -0500] "GET /wp-content/plugins/elementor/app/modules/import-export/runners/import/?SA HTTP/1.1" 200 1119 "-" "Mozilla/5.0 (compatible; AhrefsBot/7.0; +http://ahrefs.com/robot/)"
136.243.228.179 - - [17/Jan/2025:22:39:18 -0500] "GET /goods/1809354 HTTP/1.1" 200 0 "-" "Mozilla/5.0 (compatible; DataForSeoBot/1.0; +https://dataforseo.com/dataforseo-bot)"
85.208.96.212 - - [17/Jan/2025:22:39:44 -0500] "GET /goods/3807919 HTTP/1.1" 200 0 "-" "Mozilla/5.0 (compatible; SemrushBot/7~bl; +http://www.semrush.com/bot.html)"
136.243.228.179 - - [17/Jan/2025:22:40:11 -0500] "GET /goods/4117050 HTTP/1.1" 200 0 "-" "Mozilla/5.0 (compatible; DataForSeoBot/1.0; +https://dataforseo.com/dataforseo-bot)"
85.208.96.212 - - [17/Jan/2025:22:40:35 -0500] "GET /goods/3807919 HTTP/1.1" 200 0 "-" "Mozilla/5.0 (compatible; SemrushBot/7~bl; +http://www.semrush.com/bot.html)"
136.243.228.179 - - [17/Jan/2025:22:41:02 -0500] "GET /goods/3747371 HTTP/1.1" 200 0 "-" "Mozilla/5.0 (compatible; DataForSeoBot/1.0; +https://dataforseo.com/dataforseo-bot)"
47.128.16.243 - - [17/Jan/2025:22:42:00 -0500] "GET /wp-content/plugins/elementor/modules/system-info/reporters/user.php HTTP/1.1" 403 1242 "-" "Mozilla/5.0 (Linux; Android 5.0) AppleWebKit/537.36 (KHTML, like Gecko) Mobile Safari/537.36 (compatible; Bytespider; spider-feedback@bytedance.com)"
51.222.253.13 - - [17/Jan/2025:22:42:09 -0500] "GET /wp-content/plugins/elementor/app/modules/onboarding/?MA HTTP/1.1" 200 701 "-" "Mozilla/5.0 (compatible; AhrefsBot/7.0; +http://ahrefs.com/robot/)"
136.243.228.179 - - [17/Jan/2025:22:41:54 -0500] "GET /goods/4069192 HTTP/1.1" 200 0 "-" "Mozilla/5.0 (compatible; DataForSeoBot/1.0; +https://dataforseo.com/dataforseo-bot)"
185.191.171.16 - - [17/Jan/2025:22:42:26 -0500] "GET /goods/3243349 HTTP/1.1" 200 0 "-" "Mozilla/5.0 (compatible; SemrushBot/7~bl; +http://www.semrush.com/bot.html)"
136.243.228.179 - - [17/Jan/2025:22:42:45 -0500] "GET /goods/1229532 HTTP/1.1" 200 0 "-" "Mozilla/5.0 (compatible; DataForSeoBot/1.0; +https://dataforseo.com/dataforseo-bot)"
185.191.171.16 - - [17/Jan/2025:22:43:17 -0500] "GET /goods/3243349 HTTP/1.1" 200 0 "-" "Mozilla/5.0 (compatible; SemrushBot/7~bl; +http://www.semrush.com/bot.html)"
136.243.228.179 - - [17/Jan/2025:22:43:37 -0500] "GET /goods/3232721 HTTP/1.1" 200 0 "-" "Mozilla/5.0 (compatible; DataForSeoBot/1.0; +https://dataforseo.com/dataforseo-bot)"
51.222.253.8 - - [17/Jan/2025:22:45:18 -0500] "GET /wp-content/plugins/elementor/app/modules/import-export/assets/js/shared/kit-data/components/?NA HTTP/1.1" 200 677 "-" "Mozilla/5.0 (compatible; AhrefsBot/7.0; +http://ahrefs.com/robot/)"
136.243.228.179 - - [17/Jan/2025:22:44:28 -0500] "GET /goods/1480951 HTTP/1.1" 200 0 "-" "Mozilla/5.0 (compatible; DataForSeoBot/1.0; +https://dataforseo.com/dataforseo-bot)"
185.191.171.16 - - [17/Jan/2025:22:45:08 -0500] "GET /disjunctively/bitterness1717078.html HTTP/1.1" 200 0 "-" "Mozilla/5.0 (compatible; SemrushBot/7~bl; +http://www.semrush.com/bot.html)"
47.128.54.183 - - [17/Jan/2025:22:46:00 -0500] "GET /wp-content/plugins/elementor/core/common/modules/connect/apps/library.php HTTP/1.1" 403 1242 "-" "Mozilla/5.0 (Linux; Android 5.0) AppleWebKit/537.36 (KHTML, like Gecko) Mobile Safari/537.36 (compatible; Bytespider; spider-feedback@bytedance.com)"
77.75.79.62 - - [17/Jan/2025:22:45:52 -0500] "GET /goods/408830 HTTP/1.1" 200 0 "-" "Mozilla/5.0 (compatible; SeznamBot/4.0; +http://napoveda.seznam.cz/seznambot-intro/)"
216.244.66.247 - - [17/Jan/2025:22:46:05 -0500] "GET /robots.txt HTTP/1.1" 200 762 "-" "Mozilla/5.0 (compatible; DotBot/1.2; +https://opensiteexplorer.org/dotbot; help@moz.com)"
136.243.228.179 - - [17/Jan/2025:22:45:19 -0500] "GET /goods/4159137 HTTP/1.1" 200 0 "-" "Mozilla/5.0 (compatible; DataForSeoBot/1.0; +https://dataforseo.com/dataforseo-bot)"
