66.249.79.168 - - [17/Jan/2025:22:56:24 -0500] "GET /show/1074471?keyword=%E3%82%B0%E3%83%AA%E3%83%BC%E3%83%B3 HTTP/1.1" 200 67806 "-" "Mozilla/5.0 (Linux; Android 6.0.1; Nexus 5X Build/MMB29P) AppleWebKit/537.36 (KHTML, like Gecko) Chrome/132.0.6834.83 Mobile Safari/537.36 (compatible; Googlebot/2.1; +http://www.google.com/bot.html)"
66.29.132.124 - - [17/Jan/2025:22:56:28 -0500] "POST /wp-cron.php?doing_wp_cron=1737172587.9456698894500732421875 HTTP/1.1" 200 0 "-" "WordPress/6.7.1; https://misswavenigeria.com"
185.191.171.17 - - [17/Jan/2025:22:56:26 -0500] "GET /goods/341083 HTTP/1.1" 404 18012 "-" "Mozilla/5.0 (compatible; SemrushBot/7~bl; +http://www.semrush.com/bot.html)"
66.29.132.124 - - [17/Jan/2025:22:56:29 -0500] "POST /wp-admin/admin-ajax.php?action=async_litespeed&nonce=1KUFwr1xkX7IXo5KdgwlJp7ZIFz9fzyJ&litespeed_type=imgoptm HTTP/1.1" 200 0 "-" "WordPress/6.7.1; https://misswavenigeria.com"
85.208.96.195 - - [17/Jan/2025:22:56:31 -0500] "GET /goods/778565 HTTP/1.1" 404 18013 "-" "Mozilla/5.0 (compatible; SemrushBot/7~bl; +http://www.semrush.com/bot.html)"
66.249.79.204 - - [17/Jan/2025:22:56:31 -0500] "GET /show/2727632 HTTP/1.1" 200 67614 "-" "Mozilla/5.0 (Linux; Android 6.0.1; Nexus 5X Build/MMB29P) AppleWebKit/537.36 (KHTML, like Gecko) Chrome/132.0.6834.83 Mobile Safari/537.36 (compatible; Googlebot/2.1; +http://www.google.com/bot.html)"
85.208.96.209 - - [17/Jan/2025:22:56:34 -0500] "GET /goods/3869484 HTTP/1.1" 404 18013 "-" "Mozilla/5.0 (compatible; SemrushBot/7~bl; +http://www.semrush.com/bot.html)"
185.191.171.16 - - [17/Jan/2025:22:56:38 -0500] "GET /goods/3795698 HTTP/1.1" 404 18013 "-" "Mozilla/5.0 (compatible; SemrushBot/7~bl; +http://www.semrush.com/bot.html)"
85.208.96.212 - - [17/Jan/2025:22:56:41 -0500] "GET /goods/4430681 HTTP/1.1" 404 18012 "-" "Mozilla/5.0 (compatible; SemrushBot/7~bl; +http://www.semrush.com/bot.html)"
66.249.68.66 - - [17/Jan/2025:22:56:40 -0500] "GET /index.php?goods/1910799 HTTP/1.1" 200 67704 "-" "Mozilla/5.0 (Linux; Android 6.0.1; Nexus 5X Build/MMB29P) AppleWebKit/537.36 (KHTML, like Gecko) Chrome/132.0.6834.83 Mobile Safari/537.36 (compatible; Googlebot/2.1; +http://www.google.com/bot.html)"
66.249.68.35 - - [17/Jan/2025:22:56:44 -0500] "GET /static/4191188 HTTP/1.1" 200 68224 "-" "Mozilla/5.0 (Linux; Android 6.0.1; Nexus 5X Build/MMB29P) AppleWebKit/537.36 (KHTML, like Gecko) Chrome/132.0.6834.83 Mobile Safari/537.36 (compatible; Googlebot/2.1; +http://www.google.com/bot.html)"
66.249.79.204 - - [17/Jan/2025:22:57:03 -0500] "GET /show/3795624?keyword=%E4%BA%8B%E5%8B%99%E3%80%81%E5%BA%97%E8%88%97%E7%94%A8%E5%93%81 HTTP/1.1" 200 69636 "-" "Mozilla/5.0 (Linux; Android 6.0.1; Nexus 5X Build/MMB29P) AppleWebKit/537.36 (KHTML, like Gecko) Chrome/132.0.6834.83 Mobile Safari/537.36 (compatible; Googlebot/2.1; +http://www.google.com/bot.html)"
85.208.96.209 - - [17/Jan/2025:22:57:11 -0500] "GET /goods/38408 HTTP/1.1" 404 18012 "-" "Mozilla/5.0 (compatible; SemrushBot/7~bl; +http://www.semrush.com/bot.html)"
66.249.79.3 - - [17/Jan/2025:22:57:11 -0500] "GET /show/3017888 HTTP/1.1" 200 68923 "-" "Mozilla/5.0 (Linux; Android 6.0.1; Nexus 5X Build/MMB29P) AppleWebKit/537.36 (KHTML, like Gecko) Chrome/132.0.6834.83 Mobile Safari/537.36 (compatible; Googlebot/2.1; +http://www.google.com/bot.html)"
185.191.171.9 - - [17/Jan/2025:22:57:15 -0500] "GET /goods/1639973 HTTP/1.1" 404 18013 "-" "Mozilla/5.0 (compatible; SemrushBot/7~bl; +http://www.semrush.com/bot.html)"
66.249.68.34 - - [17/Jan/2025:22:57:21 -0500] "GET /show/3261457 HTTP/1.1" 200 69153 "-" "Mozilla/5.0 (Linux; Android 6.0.1; Nexus 5X Build/MMB29P) AppleWebKit/537.36 (KHTML, like Gecko) Chrome/132.0.6834.83 Mobile Safari/537.36 (compatible; Googlebot/2.1; +http://www.google.com/bot.html)"
66.29.132.124 - - [17/Jan/2025:22:57:23 -0500] "POST /wp-cron.php?doing_wp_cron=1737172643.4278221130371093750000 HTTP/1.1" 200 0 "-" "WordPress/6.7.1; https://misswavenigeria.com"
85.208.96.210 - - [17/Jan/2025:22:57:23 -0500] "GET /goods/4209968 HTTP/1.1" 404 18013 "-" "Mozilla/5.0 (compatible; SemrushBot/7~bl; +http://www.semrush.com/bot.html)"
66.29.132.124 - - [17/Jan/2025:22:57:24 -0500] "POST /wp-admin/admin-ajax.php?action=async_litespeed&nonce=9qmVX8ju9MD6f04yv8hRTPEnTXzmWG0V&litespeed_type=imgoptm HTTP/1.1" 200 0 "-" "WordPress/6.7.1; https://misswavenigeria.com"
185.191.171.15 - - [17/Jan/2025:22:57:26 -0500] "GET /wp-includes/Requests/src/Exception/Http/Status409.php HTTP/1.1" 500 0 "-" "Mozilla/5.0 (compatible; SemrushBot/7~bl; +http://www.semrush.com/bot.html)"
66.29.132.124 - - [17/Jan/2025:22:57:30 -0500] "POST /wp-cron.php?doing_wp_cron=1737172650.6759080886840820312500 HTTP/1.1" 200 0 "-" "WordPress/6.7.1; https://misswavenigeria.com"
85.208.96.194 - - [17/Jan/2025:22:57:30 -0500] "GET /goods/1435179 HTTP/1.1" 404 18013 "-" "Mozilla/5.0 (compatible; SemrushBot/7~bl; +http://www.semrush.com/bot.html)"
66.249.68.34 - - [17/Jan/2025:22:57:34 -0500] "GET /goods/2898192 HTTP/1.1" 200 68135 "-" "Mozilla/5.0 (Linux; Android 6.0.1; Nexus 5X Build/MMB29P) AppleWebKit/537.36 (KHTML, like Gecko) Chrome/132.0.6834.83 Mobile Safari/537.36 (compatible; Googlebot/2.1; +http://www.google.com/bot.html)"
66.249.79.3 - - [17/Jan/2025:22:57:42 -0500] "GET /show/3751894 HTTP/1.1" 200 67438 "-" "Mozilla/5.0 (Linux; Android 6.0.1; Nexus 5X Build/MMB29P) AppleWebKit/537.36 (KHTML, like Gecko) Chrome/132.0.6834.83 Mobile Safari/537.36 (compatible; Googlebot/2.1; +http://www.google.com/bot.html)"
185.191.171.1 - - [17/Jan/2025:22:57:47 -0500] "GET /goods/1237650 HTTP/1.1" 404 18012 "-" "Mozilla/5.0 (compatible; SemrushBot/7~bl; +http://www.semrush.com/bot.html)"
66.249.79.102 - - [17/Jan/2025:22:57:51 -0500] "GET /goods/2593798 HTTP/1.1" 200 68257 "-" "Mozilla/5.0 (Linux; Android 6.0.1; Nexus 5X Build/MMB29P) AppleWebKit/537.36 (KHTML, like Gecko) Chrome/132.0.6834.83 Mobile Safari/537.36 (compatible; Googlebot/2.1; +http://www.google.com/bot.html)"
66.249.79.206 - - [17/Jan/2025:22:58:00 -0500] "GET /category/3096474 HTTP/1.1" 200 68364 "-" "Mozilla/5.0 (Linux; Android 6.0.1; Nexus 5X Build/MMB29P) AppleWebKit/537.36 (KHTML, like Gecko) Chrome/132.0.6834.83 Mobile Safari/537.36 (compatible; Googlebot/2.1; +http://www.google.com/bot.html)"
66.249.68.3 - - [17/Jan/2025:22:58:09 -0500] "GET /show/3208791 HTTP/1.1" 200 71463 "-" "Mozilla/5.0 (Linux; Android 6.0.1; Nexus 5X Build/MMB29P) AppleWebKit/537.36 (KHTML, like Gecko) Chrome/132.0.6834.83 Mobile Safari/537.36 (compatible; Googlebot/2.1; +http://www.google.com/bot.html)"
185.191.171.14 - - [17/Jan/2025:22:58:13 -0500] "GET /goods/638763 HTTP/1.1" 404 18013 "-" "Mozilla/5.0 (compatible; SemrushBot/7~bl; +http://www.semrush.com/bot.html)"
66.249.79.3 - - [17/Jan/2025:22:58:18 -0500] "GET /?product=perpetual16409546-729?keyword=%E6%B5%B7%E5%A4%96 HTTP/1.1" 200 67438 "-" "Mozilla/5.0 (Linux; Android 6.0.1; Nexus 5X Build/MMB29P) AppleWebKit/537.36 (KHTML, like Gecko) Chrome/132.0.6834.83 Mobile Safari/537.36 (compatible; Googlebot/2.1; +http://www.google.com/bot.html)"
66.29.132.124 - - [17/Jan/2025:22:58:20 -0500] "POST /wp-cron.php?doing_wp_cron=1737172700.7511439323425292968750 HTTP/1.1" 200 0 "-" "WordPress/6.7.1; https://misswavenigeria.com"
185.191.171.11 - - [17/Jan/2025:22:58:20 -0500] "GET /goods/2681933 HTTP/1.1" 404 18013 "-" "Mozilla/5.0 (compatible; SemrushBot/7~bl; +http://www.semrush.com/bot.html)"
66.29.132.124 - - [17/Jan/2025:22:58:21 -0500] "POST /wp-admin/admin-ajax.php?action=async_litespeed&nonce=AOE3Sy0E4N0mByx3r56hiQGLRIKYCSyD&litespeed_type=imgoptm HTTP/1.1" 200 21 "-" "WordPress/6.7.1; https://misswavenigeria.com"
66.29.132.124 - - [17/Jan/2025:22:58:29 -0500] "POST /wp-cron.php?doing_wp_cron=1737172709.8160510063171386718750 HTTP/1.1" 200 0 "-" "WordPress/6.7.1; https://misswavenigeria.com"
85.208.96.205 - - [17/Jan/2025:22:58:29 -0500] "GET /goods/1630786 HTTP/1.1" 404 18012 "-" "Mozilla/5.0 (compatible; SemrushBot/7~bl; +http://www.semrush.com/bot.html)"
185.191.171.18 - - [17/Jan/2025:22:58:38 -0500] "GET /goods/1664396 HTTP/1.1" 404 18013 "-" "Mozilla/5.0 (compatible; SemrushBot/7~bl; +http://www.semrush.com/bot.html)"
85.208.96.205 - - [17/Jan/2025:22:58:44 -0500] "GET /goods/1796906 HTTP/1.1" 404 18013 "-" "Mozilla/5.0 (compatible; SemrushBot/7~bl; +http://www.semrush.com/bot.html)"
66.249.79.34 - - [17/Jan/2025:22:58:46 -0500] "GET /show/3235459 HTTP/1.1" 200 68047 "-" "Mozilla/5.0 (Linux; Android 6.0.1; Nexus 5X Build/MMB29P) AppleWebKit/537.36 (KHTML, like Gecko) Chrome/132.0.6834.83 Mobile Safari/537.36 (compatible; Googlebot/2.1; +http://www.google.com/bot.html)"
66.249.79.168 - - [17/Jan/2025:22:58:56 -0500] "GET /show/3559115 HTTP/1.1" 200 70649 "-" "Mozilla/5.0 (Linux; Android 6.0.1; Nexus 5X Build/MMB29P) AppleWebKit/537.36 (KHTML, like Gecko) Chrome/132.0.6834.83 Mobile Safari/537.36 (compatible; Googlebot/2.1; +http://www.google.com/bot.html)"
85.208.96.203 - - [17/Jan/2025:22:59:07 -0500] "GET /goods/2439656 HTTP/1.1" 404 18013 "-" "Mozilla/5.0 (compatible; SemrushBot/7~bl; +http://www.semrush.com/bot.html)"
66.29.132.124 - - [17/Jan/2025:22:59:29 -0500] "POST /wp-cron.php?doing_wp_cron=1737172769.5949740409851074218750 HTTP/1.1" 200 0 "-" "WordPress/6.7.1; https://misswavenigeria.com"
185.191.171.3 - - [17/Jan/2025:22:59:29 -0500] "GET /goods/4726885 HTTP/1.1" 404 18012 "-" "Mozilla/5.0 (compatible; SemrushBot/7~bl; +http://www.semrush.com/bot.html)"
66.249.68.66 - - [17/Jan/2025:22:59:28 -0500] "GET /goods/2617340 HTTP/1.1" 200 68934 "-" "Mozilla/5.0 (Linux; Android 6.0.1; Nexus 5X Build/MMB29P) AppleWebKit/537.36 (KHTML, like Gecko) Chrome/132.0.6834.83 Mobile Safari/537.36 (compatible; Googlebot/2.1; +http://www.google.com/bot.html)"
66.29.132.124 - - [17/Jan/2025:22:59:30 -0500] "POST /wp-admin/admin-ajax.php?action=async_litespeed&nonce=1RVdBqjwDWeXBcTKzT47T1Tb9y0QI7xM&litespeed_type=imgoptm HTTP/1.1" 200 21 "-" "WordPress/6.7.1; https://misswavenigeria.com"
85.208.96.211 - - [17/Jan/2025:22:59:32 -0500] "GET /goods/2506529 HTTP/1.1" 404 18013 "-" "Mozilla/5.0 (compatible; SemrushBot/7~bl; +http://www.semrush.com/bot.html)"
185.191.171.1 - - [17/Jan/2025:22:59:35 -0500] "GET /goods/157522 HTTP/1.1" 404 18013 "-" "Mozilla/5.0 (compatible; SemrushBot/7~bl; +http://www.semrush.com/bot.html)"
66.249.79.168 - - [17/Jan/2025:22:59:40 -0500] "GET /category/772406 HTTP/1.1" 200 69446 "-" "Mozilla/5.0 (Linux; Android 6.0.1; Nexus 5X Build/MMB29P) AppleWebKit/537.36 (KHTML, like Gecko) Chrome/132.0.6834.83 Mobile Safari/537.36 (compatible; Googlebot/2.1; +http://www.google.com/bot.html)"
66.249.68.3 - - [17/Jan/2025:22:59:47 -0500] "GET /show/1370793?keyword=%E3%82%B3%E3%82%B9%E3%83%A1%E3%83%BB%E7%BE%8E%E5%AE%B9 HTTP/1.1" 200 68441 "-" "Mozilla/5.0 (Linux; Android 6.0.1; Nexus 5X Build/MMB29P) AppleWebKit/537.36 (KHTML, like Gecko) Chrome/132.0.6834.83 Mobile Safari/537.36 (compatible; Googlebot/2.1; +http://www.google.com/bot.html)"
66.249.68.34 - - [17/Jan/2025:22:59:58 -0500] "GET /show/667895 HTTP/1.1" 200 69413 "-" "Mozilla/5.0 (Linux; Android 6.0.1; Nexus 5X Build/MMB29P) AppleWebKit/537.36 (KHTML, like Gecko) Chrome/132.0.6834.83 Mobile Safari/537.36 (compatible; Googlebot/2.1; +http://www.google.com/bot.html)"
66.249.68.66 - - [17/Jan/2025:23:00:09 -0500] "GET /index.php?goods/4102682 HTTP/1.1" 200 68544 "-" "Mozilla/5.0 (Linux; Android 6.0.1; Nexus 5X Build/MMB29P) AppleWebKit/537.36 (KHTML, like Gecko) Chrome/132.0.6834.83 Mobile Safari/537.36 (compatible; Googlebot/2.1; +http://www.google.com/bot.html)"
66.29.132.124 - - [17/Jan/2025:23:00:19 -0500] "POST /wp-cron.php?doing_wp_cron=1737172818.7491929531097412109375 HTTP/1.1" 200 0 "-" "WordPress/6.7.1; https://misswavenigeria.com"
85.208.96.194 - - [17/Jan/2025:23:00:12 -0500] "GET /goods/1272178 HTTP/1.1" 404 18013 "-" "Mozilla/5.0 (compatible; SemrushBot/7~bl; +http://www.semrush.com/bot.html)"
66.29.132.124 - - [17/Jan/2025:23:00:21 -0500] "POST /wp-admin/admin-ajax.php?action=async_litespeed&nonce=sgUrk2jdf9BAyBZo9XdRtp3S3BYtiUcH&litespeed_type=imgoptm HTTP/1.1" 200 0 "-" "WordPress/6.7.1; https://misswavenigeria.com"
66.29.132.124 - - [17/Jan/2025:23:00:28 -0500] "POST /wp-cron.php?doing_wp_cron=1737172828.6917579174041748046875 HTTP/1.1" 200 0 "-" "WordPress/6.7.1; https://misswavenigeria.com"
85.208.96.195 - - [17/Jan/2025:23:00:28 -0500] "GET /goods/2124639 HTTP/1.1" 404 18013 "-" "Mozilla/5.0 (compatible; SemrushBot/7~bl; +http://www.semrush.com/bot.html)"
185.191.171.3 - - [17/Jan/2025:23:00:32 -0500] "GET /goods/3139395 HTTP/1.1" 404 18013 "-" "Mozilla/5.0 (compatible; SemrushBot/7~bl; +http://www.semrush.com/bot.html)"
185.191.171.19 - - [17/Jan/2025:23:00:35 -0500] "GET /goods/2931278 HTTP/1.1" 404 18013 "-" "Mozilla/5.0 (compatible; SemrushBot/7~bl; +http://www.semrush.com/bot.html)"
85.208.96.206 - - [17/Jan/2025:23:00:37 -0500] "GET /goods/2942791 HTTP/1.1" 404 18013 "-" "Mozilla/5.0 (compatible; SemrushBot/7~bl; +http://www.semrush.com/bot.html)"
66.249.79.204 - - [17/Jan/2025:23:00:37 -0500] "GET /show/2979671?keyword=Write?keyword=%E3%83%91%E3%83%81%E3%83%B3%E3%82%B3%E3%80%81%E3%83%91%E3%83%81%E3%82%B9%E3%83%AD HTTP/1.1" 200 68841 "-" "Mozilla/5.0 (Linux; Android 6.0.1; Nexus 5X Build/MMB29P) AppleWebKit/537.36 (KHTML, like Gecko) Chrome/132.0.6834.83 Mobile Safari/537.36 (compatible; Googlebot/2.1; +http://www.google.com/bot.html)"
66.249.79.205 - - [17/Jan/2025:23:01:05 -0500] "GET /goods/4794768 HTTP/1.1" 200 69985 "-" "Mozilla/5.0 (Linux; Android 6.0.1; Nexus 5X Build/MMB29P) AppleWebKit/537.36 (KHTML, like Gecko) Chrome/132.0.6834.83 Mobile Safari/537.36 (compatible; Googlebot/2.1; +http://www.google.com/bot.html)"
66.249.79.4 - - [17/Jan/2025:23:01:08 -0500] "GET /index.php?static/3151197 HTTP/1.1" 200 69257 "-" "Mozilla/5.0 (Linux; Android 6.0.1; Nexus 5X Build/MMB29P) AppleWebKit/537.36 (KHTML, like Gecko) Chrome/132.0.6834.83 Mobile Safari/537.36 (compatible; Googlebot/2.1; +http://www.google.com/bot.html)"
85.208.96.196 - - [17/Jan/2025:23:01:12 -0500] "GET /goods/2887167 HTTP/1.1" 404 18012 "-" "Mozilla/5.0 (compatible; SemrushBot/7~bl; +http://www.semrush.com/bot.html)"
66.29.132.124 - - [17/Jan/2025:23:01:21 -0500] "POST /wp-cron.php?doing_wp_cron=1737172881.7253310680389404296875 HTTP/1.1" 200 0 "-" "WordPress/6.7.1; https://misswavenigeria.com"
85.208.96.209 - - [17/Jan/2025:23:01:21 -0500] "GET /goods/1917477 HTTP/1.1" 404 18013 "-" "Mozilla/5.0 (compatible; SemrushBot/7~bl; +http://www.semrush.com/bot.html)"
66.29.132.124 - - [17/Jan/2025:23:01:22 -0500] "POST /wp-admin/admin-ajax.php?action=async_litespeed&nonce=fDdF3TJ4ndx4MCT8q0OLUCCnQjWVF9kX&litespeed_type=imgoptm HTTP/1.1" 200 21 "-" "WordPress/6.7.1; https://misswavenigeria.com"
185.191.171.10 - - [17/Jan/2025:23:01:24 -0500] "GET /wp-includes/SimplePie/src/Cache/Redis.php HTTP/1.1" 500 0 "-" "Mozilla/5.0 (compatible; SemrushBot/7~bl; +http://www.semrush.com/bot.html)"
66.249.79.102 - - [17/Jan/2025:23:01:23 -0500] "GET /item/L676427OS?c=426&keyword=message?keyword=%E5%A4%A9%E9%9D%92%E7%9F%B3 HTTP/1.1" 200 68501 "-" "Mozilla/5.0 (Linux; Android 6.0.1; Nexus 5X Build/MMB29P) AppleWebKit/537.36 (KHTML, like Gecko) Chrome/132.0.6834.83 Mobile Safari/537.36 (compatible; Googlebot/2.1; +http://www.google.com/bot.html)"
66.29.132.124 - - [17/Jan/2025:23:01:34 -0500] "POST /wp-cron.php?doing_wp_cron=1737172893.9037280082702636718750 HTTP/1.1" 200 0 "-" "WordPress/6.7.1; https://misswavenigeria.com"
85.208.96.206 - - [17/Jan/2025:23:01:33 -0500] "GET /goods/2368588 HTTP/1.1" 404 18013 "-" "Mozilla/5.0 (compatible; SemrushBot/7~bl; +http://www.semrush.com/bot.html)"
85.208.96.206 - - [17/Jan/2025:23:01:37 -0500] "GET /goods/730984 HTTP/1.1" 404 18013 "-" "Mozilla/5.0 (compatible; SemrushBot/7~bl; +http://www.semrush.com/bot.html)"
66.249.68.3 - - [17/Jan/2025:23:01:46 -0500] "GET /static/2467336 HTTP/1.1" 200 70524 "-" "Mozilla/5.0 (Linux; Android 6.0.1; Nexus 5X Build/MMB29P) AppleWebKit/537.36 (KHTML, like Gecko) Chrome/132.0.6834.83 Mobile Safari/537.36 (compatible; Googlebot/2.1; +http://www.google.com/bot.html)"
185.191.171.10 - - [17/Jan/2025:23:02:00 -0500] "GET /goods/4004591 HTTP/1.1" 404 18012 "-" "Mozilla/5.0 (compatible; SemrushBot/7~bl; +http://www.semrush.com/bot.html)"
66.249.68.34 - - [17/Jan/2025:23:02:01 -0500] "GET /goods/3034694 HTTP/1.1" 200 68834 "-" "Mozilla/5.0 (Linux; Android 6.0.1; Nexus 5X Build/MMB29P) AppleWebKit/537.36 (KHTML, like Gecko) Chrome/132.0.6834.83 Mobile Safari/537.36 (compatible; Googlebot/2.1; +http://www.google.com/bot.html)"
185.191.171.17 - - [17/Jan/2025:23:02:13 -0500] "GET /goods/4054550 HTTP/1.1" 404 18013 "-" "Mozilla/5.0 (compatible; SemrushBot/7~bl; +http://www.semrush.com/bot.html)"
66.29.132.124 - - [17/Jan/2025:23:02:24 -0500] "POST /wp-cron.php?doing_wp_cron=1737172944.6334209442138671875000 HTTP/1.1" 200 0 "-" "WordPress/6.7.1; https://misswavenigeria.com"
85.208.96.210 - - [17/Jan/2025:23:02:24 -0500] "GET /galleries-4-columns/ HTTP/1.1" 200 19590 "-" "Mozilla/5.0 (compatible; SemrushBot/7~bl; +http://www.semrush.com/bot.html)"
66.29.132.124 - - [17/Jan/2025:23:02:25 -0500] "POST /wp-admin/admin-ajax.php?action=async_litespeed&nonce=8A4Ioma6pCM3xkVvGMCwaF5msvedcINS&litespeed_type=imgoptm HTTP/1.1" 200 21 "-" "WordPress/6.7.1; https://misswavenigeria.com"
185.191.171.15 - - [17/Jan/2025:23:02:42 -0500] "GET /goods/1685324 HTTP/1.1" 404 18013 "-" "Mozilla/5.0 (compatible; SemrushBot/7~bl; +http://www.semrush.com/bot.html)"
185.191.171.10 - - [17/Jan/2025:23:02:48 -0500] "GET /goods/477008 HTTP/1.1" 404 18012 "-" "Mozilla/5.0 (compatible; SemrushBot/7~bl; +http://www.semrush.com/bot.html)"
66.249.79.102 - - [17/Jan/2025:23:02:57 -0500] "GET /index.php?show/4714511 HTTP/1.1" 200 70604 "-" "Mozilla/5.0 (Linux; Android 6.0.1; Nexus 5X Build/MMB29P) AppleWebKit/537.36 (KHTML, like Gecko) Chrome/132.0.6834.83 Mobile Safari/537.36 (compatible; Googlebot/2.1; +http://www.google.com/bot.html)"
185.191.171.8 - - [17/Jan/2025:23:02:59 -0500] "GET /goods/2106125 HTTP/1.1" 404 18012 "-" "Mozilla/5.0 (compatible; SemrushBot/7~bl; +http://www.semrush.com/bot.html)"
66.29.132.124 - - [17/Jan/2025:23:03:19 -0500] "POST /wp-cron.php?doing_wp_cron=1737172999.7336170673370361328125 HTTP/1.1" 200 0 "-" "WordPress/6.7.1; https://misswavenigeria.com"
185.191.171.1 - - [17/Jan/2025:23:03:19 -0500] "GET /goods/2975753 HTTP/1.1" 404 18013 "-" "Mozilla/5.0 (compatible; SemrushBot/7~bl; +http://www.semrush.com/bot.html)"
66.29.132.124 - - [17/Jan/2025:23:03:20 -0500] "POST /wp-admin/admin-ajax.php?action=async_litespeed&nonce=DDUm1qc06UJq1wiPrQhu9Eyd7q7omHdM&litespeed_type=imgoptm HTTP/1.1" 200 21 "-" "WordPress/6.7.1; https://misswavenigeria.com"
66.29.132.124 - - [17/Jan/2025:23:03:32 -0500] "POST /wp-cron.php?doing_wp_cron=1737173012.0499520301818847656250 HTTP/1.1" 200 0 "-" "WordPress/6.7.1; https://misswavenigeria.com"
85.208.96.211 - - [17/Jan/2025:23:03:31 -0500] "GET /goods/817410 HTTP/1.1" 404 18013 "-" "Mozilla/5.0 (compatible; SemrushBot/7~bl; +http://www.semrush.com/bot.html)"
85.208.96.207 - - [17/Jan/2025:23:03:35 -0500] "GET /goods/3244142 HTTP/1.1" 404 18012 "-" "Mozilla/5.0 (compatible; SemrushBot/7~bl; +http://www.semrush.com/bot.html)"
85.208.96.204 - - [17/Jan/2025:23:03:47 -0500] "GET /goods/1963884 HTTP/1.1" 404 18013 "-" "Mozilla/5.0 (compatible; SemrushBot/7~bl; +http://www.semrush.com/bot.html)"
66.249.68.4 - - [17/Jan/2025:23:04:23 -0500] "GET /goods/2378191 HTTP/1.1" 200 68053 "-" "Mozilla/5.0 (Linux; Android 6.0.1; Nexus 5X Build/MMB29P) AppleWebKit/537.36 (KHTML, like Gecko) Chrome/132.0.6834.83 Mobile Safari/537.36 (compatible; Googlebot/2.1; +http://www.google.com/bot.html)"
66.249.68.66 - - [17/Jan/2025:23:04:25 -0500] "GET /static/3749629 HTTP/1.1" 200 68728 "-" "Mozilla/5.0 (Linux; Android 6.0.1; Nexus 5X Build/MMB29P) AppleWebKit/537.36 (KHTML, like Gecko) Chrome/132.0.6834.83 Mobile Safari/537.36 (compatible; Googlebot/2.1; +http://www.google.com/bot.html)"
66.29.132.124 - - [17/Jan/2025:23:04:32 -0500] "POST /wp-cron.php?doing_wp_cron=1737173072.8351581096649169921875 HTTP/1.1" 200 0 "-" "WordPress/6.7.1; https://misswavenigeria.com"
185.191.171.6 - - [17/Jan/2025:23:04:32 -0500] "GET /goods/2470223 HTTP/1.1" 404 18012 "-" "Mozilla/5.0 (compatible; SemrushBot/7~bl; +http://www.semrush.com/bot.html)"
66.29.132.124 - - [17/Jan/2025:23:04:33 -0500] "POST /wp-admin/admin-ajax.php?action=async_litespeed&nonce=HqLvhWnoozL6LMRzfWiPDg1h26w6R971&litespeed_type=imgoptm HTTP/1.1" 200 21 "-" "WordPress/6.7.1; https://misswavenigeria.com"
185.191.171.3 - - [17/Jan/2025:23:04:36 -0500] "GET /goods/3895300 HTTP/1.1" 404 18011 "-" "Mozilla/5.0 (compatible; SemrushBot/7~bl; +http://www.semrush.com/bot.html)"
185.191.171.4 - - [17/Jan/2025:23:04:39 -0500] "GET /goods/735065 HTTP/1.1" 404 18012 "-" "Mozilla/5.0 (compatible; SemrushBot/7~bl; +http://www.semrush.com/bot.html)"
185.191.171.15 - - [17/Jan/2025:23:04:42 -0500] "GET /goods/1612589 HTTP/1.1" 404 18011 "-" "Mozilla/5.0 (compatible; SemrushBot/7~bl; +http://www.semrush.com/bot.html)"
85.208.96.195 - - [17/Jan/2025:23:04:46 -0500] "GET /goods/2820825 HTTP/1.1" 404 18012 "-" "Mozilla/5.0 (compatible; SemrushBot/7~bl; +http://www.semrush.com/bot.html)"
185.191.171.6 - - [17/Jan/2025:23:05:23 -0500] "GET /wp-includes/Requests/src/Exception/Http/Status402.php HTTP/1.1" 500 0 "-" "Mozilla/5.0 (compatible; SemrushBot/7~bl; +http://www.semrush.com/bot.html)"
66.29.132.124 - - [17/Jan/2025:23:05:25 -0500] "POST /wp-cron.php?doing_wp_cron=1737173125.5699090957641601562500 HTTP/1.1" 200 0 "-" "WordPress/6.7.1; https://misswavenigeria.com"
85.208.96.209 - - [17/Jan/2025:23:05:25 -0500] "GET /goods/2602401 HTTP/1.1" 404 18013 "-" "Mozilla/5.0 (compatible; SemrushBot/7~bl; +http://www.semrush.com/bot.html)"
66.29.132.124 - - [17/Jan/2025:23:05:25 -0500] "POST /wp-admin/admin-ajax.php?action=async_litespeed&nonce=3CDvawMzHCfb2dq7Wf1YXNhKj3oH7XyO&litespeed_type=imgoptm HTTP/1.1" 200 21 "-" "WordPress/6.7.1; https://misswavenigeria.com"
185.191.171.4 - - [17/Jan/2025:23:05:29 -0500] "GET /goods/4208784 HTTP/1.1" 404 18012 "-" "Mozilla/5.0 (compatible; SemrushBot/7~bl; +http://www.semrush.com/bot.html)"
185.191.171.11 - - [17/Jan/2025:23:05:38 -0500] "GET /goods/4552754 HTTP/1.1" 404 18013 "-" "Mozilla/5.0 (compatible; SemrushBot/7~bl; +http://www.semrush.com/bot.html)"
85.208.96.211 - - [17/Jan/2025:23:05:46 -0500] "GET /goods/129284 HTTP/1.1" 404 18012 "-" "Mozilla/5.0 (compatible; SemrushBot/7~bl; +http://www.semrush.com/bot.html)"
85.208.96.193 - - [17/Jan/2025:23:06:14 -0500] "GET /goods/3843211 HTTP/1.1" 404 18013 "-" "Mozilla/5.0 (compatible; SemrushBot/7~bl; +http://www.semrush.com/bot.html)"
85.208.96.196 - - [17/Jan/2025:23:06:16 -0500] "GET /goods/3662059 HTTP/1.1" 404 18013 "-" "Mozilla/5.0 (compatible; SemrushBot/7~bl; +http://www.semrush.com/bot.html)"
66.29.132.124 - - [17/Jan/2025:23:06:41 -0500] "POST /wp-cron.php?doing_wp_cron=1737173201.3671300411224365234375 HTTP/1.1" 200 0 "-" "WordPress/6.7.1; https://misswavenigeria.com"
185.191.171.4 - - [17/Jan/2025:23:06:41 -0500] "GET /goods/2330355 HTTP/1.1" 404 18013 "-" "Mozilla/5.0 (compatible; SemrushBot/7~bl; +http://www.semrush.com/bot.html)"
66.29.132.124 - - [17/Jan/2025:23:06:41 -0500] "POST /wp-admin/admin-ajax.php?action=async_litespeed&nonce=W2kWgmnp0LpD1Rs6uxlmRMzJP9E0ujip&litespeed_type=imgoptm HTTP/1.1" 200 21 "-" "WordPress/6.7.1; https://misswavenigeria.com"
85.208.96.198 - - [17/Jan/2025:23:06:43 -0500] "GET /goods/3832300 HTTP/1.1" 404 18013 "-" "Mozilla/5.0 (compatible; SemrushBot/7~bl; +http://www.semrush.com/bot.html)"
85.208.96.195 - - [17/Jan/2025:23:06:47 -0500] "GET /goods/178841 HTTP/1.1" 404 18012 "-" "Mozilla/5.0 (compatible; SemrushBot/7~bl; +http://www.semrush.com/bot.html)"
66.249.68.35 - - [17/Jan/2025:23:07:09 -0500] "GET /show/3225149 HTTP/1.1" 200 71389 "-" "Mozilla/5.0 (Linux; Android 6.0.1; Nexus 5X Build/MMB29P) AppleWebKit/537.36 (KHTML, like Gecko) Chrome/132.0.6834.83 Mobile Safari/537.36 (compatible; Googlebot/2.1; +http://www.google.com/bot.html)"
85.208.96.196 - - [17/Jan/2025:23:07:15 -0500] "GET /goods/1606943 HTTP/1.1" 404 18013 "-" "Mozilla/5.0 (compatible; SemrushBot/7~bl; +http://www.semrush.com/bot.html)"
66.29.132.124 - - [17/Jan/2025:23:07:33 -0500] "POST /wp-cron.php?doing_wp_cron=1737173253.1046059131622314453125 HTTP/1.1" 200 0 "-" "WordPress/6.7.1; https://misswavenigeria.com"
185.191.171.14 - - [17/Jan/2025:23:07:32 -0500] "GET /goods/1133310 HTTP/1.1" 404 18013 "-" "Mozilla/5.0 (compatible; SemrushBot/7~bl; +http://www.semrush.com/bot.html)"
66.29.132.124 - - [17/Jan/2025:23:07:33 -0500] "POST /wp-admin/admin-ajax.php?action=async_litespeed&nonce=HMuV62CP4dLxRyE2lTn1xMjo515VFcOz&litespeed_type=imgoptm HTTP/1.1" 200 21 "-" "WordPress/6.7.1; https://misswavenigeria.com"
185.191.171.19 - - [17/Jan/2025:23:07:35 -0500] "GET /goods/133617 HTTP/1.1" 404 18012 "-" "Mozilla/5.0 (compatible; SemrushBot/7~bl; +http://www.semrush.com/bot.html)"
47.128.33.113 - - [17/Jan/2025:23:07:36 -0500] "GET /wp-includes/customize/class-wp-customize-sidebar-section.php HTTP/1.1" 500 0 "-" "Mozilla/5.0 (Linux; Android 5.0) AppleWebKit/537.36 (KHTML, like Gecko) Mobile Safari/537.36 (compatible; Bytespider; spider-feedback@bytedance.com)"
66.249.68.34 - - [17/Jan/2025:23:07:40 -0500] "GET /goods/4721633 HTTP/1.1" 200 68542 "-" "Mozilla/5.0 (Linux; Android 6.0.1; Nexus 5X Build/MMB29P) AppleWebKit/537.36 (KHTML, like Gecko) Chrome/132.0.6834.83 Mobile Safari/537.36 (compatible; Googlebot/2.1; +http://www.google.com/bot.html)"
85.208.96.197 - - [17/Jan/2025:23:07:43 -0500] "GET /goods/3137002 HTTP/1.1" 404 18013 "-" "Mozilla/5.0 (compatible; SemrushBot/7~bl; +http://www.semrush.com/bot.html)"
185.191.171.19 - - [17/Jan/2025:23:08:06 -0500] "GET /goods/3797862 HTTP/1.1" 404 18013 "-" "Mozilla/5.0 (compatible; SemrushBot/7~bl; +http://www.semrush.com/bot.html)"
66.29.132.124 - - [17/Jan/2025:23:08:34 -0500] "POST /wp-cron.php?doing_wp_cron=1737173313.9872100353240966796875 HTTP/1.1" 200 0 "-" "WordPress/6.7.1; https://misswavenigeria.com"
85.208.96.201 - - [17/Jan/2025:23:08:33 -0500] "GET /goods/4226907 HTTP/1.1" 404 18013 "-" "Mozilla/5.0 (compatible; SemrushBot/7~bl; +http://www.semrush.com/bot.html)"
66.29.132.124 - - [17/Jan/2025:23:08:34 -0500] "POST /wp-admin/admin-ajax.php?action=async_litespeed&nonce=1I1xpOXymlEdK5D40mNfVogVjNmq3RbN&litespeed_type=imgoptm HTTP/1.1" 200 21 "-" "WordPress/6.7.1; https://misswavenigeria.com"
85.208.96.211 - - [17/Jan/2025:23:08:37 -0500] "GET /goods/2890860 HTTP/1.1" 404 18013 "-" "Mozilla/5.0 (compatible; SemrushBot/7~bl; +http://www.semrush.com/bot.html)"
185.191.171.4 - - [17/Jan/2025:23:08:39 -0500] "GET /goods/3971632 HTTP/1.1" 404 18012 "-" "Mozilla/5.0 (compatible; SemrushBot/7~bl; +http://www.semrush.com/bot.html)"
185.191.171.17 - - [17/Jan/2025:23:08:53 -0500] "GET /goods/4783198 HTTP/1.1" 404 18012 "-" "Mozilla/5.0 (compatible; SemrushBot/7~bl; +http://www.semrush.com/bot.html)"
66.249.79.168 - - [17/Jan/2025:23:08:54 -0500] "GET /index.php?static/39741 HTTP/1.1" 200 68035 "-" "Mozilla/5.0 (Linux; Android 6.0.1; Nexus 5X Build/MMB29P) AppleWebKit/537.36 (KHTML, like Gecko) Chrome/132.0.6834.83 Mobile Safari/537.36 (compatible; Googlebot/2.1; +http://www.google.com/bot.html)"
85.208.96.193 - - [17/Jan/2025:23:08:56 -0500] "GET /robots.txt HTTP/1.1" 200 142 "-" "Mozilla/5.0 (compatible; SemrushBot/7~bl; +http://www.semrush.com/bot.html)"
85.208.96.210 - - [17/Jan/2025:23:08:57 -0500] "GET /goods/1931937 HTTP/1.1" 404 18012 "-" "Mozilla/5.0 (compatible; SemrushBot/7~bl; +http://www.semrush.com/bot.html)"
85.208.96.208 - - [17/Jan/2025:23:09:17 -0500] "GET /goods/292769 HTTP/1.1" 404 18013 "-" "Mozilla/5.0 (compatible; SemrushBot/7~bl; +http://www.semrush.com/bot.html)"
66.29.132.124 - - [17/Jan/2025:23:09:25 -0500] "POST /wp-cron.php?doing_wp_cron=1737173365.9547491073608398437500 HTTP/1.1" 200 0 "-" "WordPress/6.7.1; https://misswavenigeria.com"
85.208.96.194 - - [17/Jan/2025:23:09:25 -0500] "GET /goods/1136874 HTTP/1.1" 404 18012 "-" "Mozilla/5.0 (compatible; SemrushBot/7~bl; +http://www.semrush.com/bot.html)"
66.29.132.124 - - [17/Jan/2025:23:09:26 -0500] "POST /wp-admin/admin-ajax.php?action=async_litespeed&nonce=tiP5lnVv36YKm4tBshP0h8Ybrk9Xy2sr&litespeed_type=imgoptm HTTP/1.1" 200 21 "-" "WordPress/6.7.1; https://misswavenigeria.com"
185.191.171.9 - - [17/Jan/2025:23:09:37 -0500] "GET /goods/1250112 HTTP/1.1" 404 18013 "-" "Mozilla/5.0 (compatible; SemrushBot/7~bl; +http://www.semrush.com/bot.html)"
85.208.96.208 - - [17/Jan/2025:23:09:39 -0500] "GET /goods/4076047 HTTP/1.1" 404 18013 "-" "Mozilla/5.0 (compatible; SemrushBot/7~bl; +http://www.semrush.com/bot.html)"
85.208.96.211 - - [17/Jan/2025:23:09:46 -0500] "GET /goods/1098496 HTTP/1.1" 404 18013 "-" "Mozilla/5.0 (compatible; SemrushBot/7~bl; +http://www.semrush.com/bot.html)"
85.208.96.202 - - [17/Jan/2025:23:10:01 -0500] "GET /goods/4205646 HTTP/1.1" 404 18012 "-" "Mozilla/5.0 (compatible; SemrushBot/7~bl; +http://www.semrush.com/bot.html)"
66.29.132.124 - - [17/Jan/2025:23:10:22 -0500] "POST /wp-cron.php?doing_wp_cron=1737173422.2859079837799072265625 HTTP/1.1" 200 0 "-" "WordPress/6.7.1; https://misswavenigeria.com"
85.208.96.193 - - [17/Jan/2025:23:10:21 -0500] "GET /goods/2100953 HTTP/1.1" 404 18013 "-" "Mozilla/5.0 (compatible; SemrushBot/7~bl; +http://www.semrush.com/bot.html)"
66.29.132.124 - - [17/Jan/2025:23:10:22 -0500] "POST /wp-admin/admin-ajax.php?action=async_litespeed&nonce=ekI8dRraPvmsnTvneysfZfEWMAbHMOeA&litespeed_type=imgoptm HTTP/1.1" 200 21 "-" "WordPress/6.7.1; https://misswavenigeria.com"
66.29.132.124 - - [17/Jan/2025:23:10:25 -0500] "POST /wp-cron.php?doing_wp_cron=1737173425.0228710174560546875000 HTTP/1.1" 200 0 "-" "WordPress/6.7.1; https://misswavenigeria.com"
185.191.171.8 - - [17/Jan/2025:23:10:24 -0500] "GET /goods/2132223 HTTP/1.1" 404 18013 "-" "Mozilla/5.0 (compatible; SemrushBot/7~bl; +http://www.semrush.com/bot.html)"
85.208.96.201 - - [17/Jan/2025:23:10:43 -0500] "GET /goods/2971164 HTTP/1.1" 404 18013 "-" "Mozilla/5.0 (compatible; SemrushBot/7~bl; +http://www.semrush.com/bot.html)"
85.208.96.202 - - [17/Jan/2025:23:10:54 -0500] "GET /goods/2943497 HTTP/1.1" 404 18013 "-" "Mozilla/5.0 (compatible; SemrushBot/7~bl; +http://www.semrush.com/bot.html)"
66.249.79.103 - - [17/Jan/2025:23:11:16 -0500] "GET /static/4297882 HTTP/1.1" 200 68913 "-" "Mozilla/5.0 (Linux; Android 6.0.1; Nexus 5X Build/MMB29P) AppleWebKit/537.36 (KHTML, like Gecko) Chrome/132.0.6834.83 Mobile Safari/537.36 (compatible; Googlebot/2.1; +http://www.google.com/bot.html)"
66.29.132.124 - - [17/Jan/2025:23:11:25 -0500] "POST /wp-cron.php?doing_wp_cron=1737173485.0257060527801513671875 HTTP/1.1" 200 0 "-" "WordPress/6.7.1; https://misswavenigeria.com"
85.208.96.196 - - [17/Jan/2025:23:11:24 -0500] "GET /goods/2452065 HTTP/1.1" 404 18013 "-" "Mozilla/5.0 (compatible; SemrushBot/7~bl; +http://www.semrush.com/bot.html)"
66.29.132.124 - - [17/Jan/2025:23:11:25 -0500] "POST /wp-admin/admin-ajax.php?action=async_litespeed&nonce=EjLNR5hQzsrYaRtFyVgvyGH8dR2FubI2&litespeed_type=imgoptm HTTP/1.1" 200 21 "-" "WordPress/6.7.1; https://misswavenigeria.com"
185.191.171.11 - - [17/Jan/2025:23:11:33 -0500] "GET /goods/507734 HTTP/1.1" 404 18013 "-" "Mozilla/5.0 (compatible; SemrushBot/7~bl; +http://www.semrush.com/bot.html)"
85.208.96.205 - - [17/Jan/2025:23:11:35 -0500] "GET /goods/1940785 HTTP/1.1" 404 18012 "-" "Mozilla/5.0 (compatible; SemrushBot/7~bl; +http://www.semrush.com/bot.html)"
47.128.29.38 - - [17/Jan/2025:23:11:36 -0500] "GET /wp-includes/rest-api/endpoints/class-wp-rest-pattern-directory-controller.php HTTP/1.1" 500 0 "-" "Mozilla/5.0 (Linux; Android 5.0) AppleWebKit/537.36 (KHTML, like Gecko) Mobile Safari/537.36 (compatible; Bytespider; spider-feedback@bytedance.com)"
66.249.68.3 - - [17/Jan/2025:23:11:36 -0500] "GET /index.php?goods/1916231 HTTP/1.1" 200 67433 "-" "Mozilla/5.0 (Linux; Android 6.0.1; Nexus 5X Build/MMB29P) AppleWebKit/537.36 (KHTML, like Gecko) Chrome/132.0.6834.83 Mobile Safari/537.36 (compatible; Googlebot/2.1; +http://www.google.com/bot.html)"
85.208.96.193 - - [17/Jan/2025:23:11:40 -0500] "GET /goods/573429 HTTP/1.1" 404 18013 "-" "Mozilla/5.0 (compatible; SemrushBot/7~bl; +http://www.semrush.com/bot.html)"
66.249.79.204 - - [17/Jan/2025:23:11:50 -0500] "GET /goods/4585658 HTTP/1.1" 200 68390 "-" "Mozilla/5.0 (Linux; Android 6.0.1; Nexus 5X Build/MMB29P) AppleWebKit/537.36 (KHTML, like Gecko) Chrome/132.0.6834.83 Mobile Safari/537.36 (compatible; Googlebot/2.1; +http://www.google.com/bot.html)"
66.249.79.204 - - [17/Jan/2025:23:12:17 -0500] "GET /index.php?static/372206 HTTP/1.1" 200 68167 "-" "Mozilla/5.0 (Linux; Android 6.0.1; Nexus 5X Build/MMB29P) AppleWebKit/537.36 (KHTML, like Gecko) Chrome/132.0.6834.83 Mobile Safari/537.36 (compatible; Googlebot/2.1; +http://www.google.com/bot.html)"
66.29.132.124 - - [17/Jan/2025:23:12:25 -0500] "POST /wp-cron.php?doing_wp_cron=1737173545.1627099514007568359375 HTTP/1.1" 200 0 "-" "WordPress/6.7.1; https://misswavenigeria.com"
85.208.96.206 - - [17/Jan/2025:23:12:24 -0500] "GET /goods/1050536 HTTP/1.1" 404 18013 "-" "Mozilla/5.0 (compatible; SemrushBot/7~bl; +http://www.semrush.com/bot.html)"
66.29.132.124 - - [17/Jan/2025:23:12:25 -0500] "POST /wp-admin/admin-ajax.php?action=async_litespeed&nonce=PPqtj4B35UrKCP9k0yhaMVdyYtKxNAiv&litespeed_type=imgoptm HTTP/1.1" 200 21 "-" "WordPress/6.7.1; https://misswavenigeria.com"
85.208.96.205 - - [17/Jan/2025:23:12:41 -0500] "GET /goods/2894715 HTTP/1.1" 404 18013 "-" "Mozilla/5.0 (compatible; SemrushBot/7~bl; +http://www.semrush.com/bot.html)"
85.208.96.205 - - [17/Jan/2025:23:12:43 -0500] "GET /goods/1245021 HTTP/1.1" 404 18013 "-" "Mozilla/5.0 (compatible; SemrushBot/7~bl; +http://www.semrush.com/bot.html)"
185.191.171.12 - - [17/Jan/2025:23:12:46 -0500] "GET /goods/1863779 HTTP/1.1" 404 18012 "-" "Mozilla/5.0 (compatible; SemrushBot/7~bl; +http://www.semrush.com/bot.html)"
85.208.96.201 - - [17/Jan/2025:23:12:53 -0500] "GET /goods/2391672 HTTP/1.1" 404 18012 "-" "Mozilla/5.0 (compatible; SemrushBot/7~bl; +http://www.semrush.com/bot.html)"
185.191.171.11 - - [17/Jan/2025:23:13:12 -0500] "GET /goods/1448095 HTTP/1.1" 404 18012 "-" "Mozilla/5.0 (compatible; SemrushBot/7~bl; +http://www.semrush.com/bot.html)"
66.29.132.124 - - [17/Jan/2025:23:13:25 -0500] "POST /wp-cron.php?doing_wp_cron=1737173605.2229900360107421875000 HTTP/1.1" 200 0 "-" "WordPress/6.7.1; https://misswavenigeria.com"
85.208.96.196 - - [17/Jan/2025:23:13:24 -0500] "GET /goods/493427 HTTP/1.1" 404 18013 "-" "Mozilla/5.0 (compatible; SemrushBot/7~bl; +http://www.semrush.com/bot.html)"
66.29.132.124 - - [17/Jan/2025:23:13:25 -0500] "POST /wp-admin/admin-ajax.php?action=async_litespeed&nonce=ITKuYckzLUw24qkKJryyvtr7B879b5r2&litespeed_type=imgoptm HTTP/1.1" 200 21 "-" "WordPress/6.7.1; https://misswavenigeria.com"
185.191.171.4 - - [17/Jan/2025:23:13:39 -0500] "GET /goods/233540 HTTP/1.1" 404 18013 "-" "Mozilla/5.0 (compatible; SemrushBot/7~bl; +http://www.semrush.com/bot.html)"
85.208.96.196 - - [17/Jan/2025:23:13:41 -0500] "GET /goods/2717350 HTTP/1.1" 404 18012 "-" "Mozilla/5.0 (compatible; SemrushBot/7~bl; +http://www.semrush.com/bot.html)"
85.208.96.203 - - [17/Jan/2025:23:13:45 -0500] "GET /goods/3864606 HTTP/1.1" 404 18012 "-" "Mozilla/5.0 (compatible; SemrushBot/7~bl; +http://www.semrush.com/bot.html)"
185.191.171.15 - - [17/Jan/2025:23:13:48 -0500] "GET /goods/2863170 HTTP/1.1" 404 18012 "-" "Mozilla/5.0 (compatible; SemrushBot/7~bl; +http://www.semrush.com/bot.html)"
85.208.96.201 - - [17/Jan/2025:23:14:00 -0500] "GET /goods/1393925 HTTP/1.1" 404 18013 "-" "Mozilla/5.0 (compatible; SemrushBot/7~bl; +http://www.semrush.com/bot.html)"
66.29.132.124 - - [17/Jan/2025:23:14:24 -0500] "POST /wp-cron.php?doing_wp_cron=1737173664.9252130985260009765625 HTTP/1.1" 200 0 "-" "WordPress/6.7.1; https://misswavenigeria.com"
85.208.96.206 - - [17/Jan/2025:23:14:24 -0500] "GET /goods/2109012 HTTP/1.1" 404 18013 "-" "Mozilla/5.0 (compatible; SemrushBot/7~bl; +http://www.semrush.com/bot.html)"
66.29.132.124 - - [17/Jan/2025:23:14:25 -0500] "POST /wp-admin/admin-ajax.php?action=async_litespeed&nonce=TgqBgdVWIiUyES9csc0QNFOGWNvXK8n4&litespeed_type=imgoptm HTTP/1.1" 200 21 "-" "WordPress/6.7.1; https://misswavenigeria.com"
85.208.96.202 - - [17/Jan/2025:23:14:28 -0500] "GET /goods/2578707 HTTP/1.1" 404 18013 "-" "Mozilla/5.0 (compatible; SemrushBot/7~bl; +http://www.semrush.com/bot.html)"
185.191.171.2 - - [17/Jan/2025:23:15:08 -0500] "GET /goods/219266 HTTP/1.1" 404 18013 "-" "Mozilla/5.0 (compatible; SemrushBot/7~bl; +http://www.semrush.com/bot.html)"
85.208.96.206 - - [17/Jan/2025:23:15:11 -0500] "GET /goods/2551266 HTTP/1.1" 404 18012 "-" "Mozilla/5.0 (compatible; SemrushBot/7~bl; +http://www.semrush.com/bot.html)"
66.29.132.124 - - [17/Jan/2025:23:15:29 -0500] "POST /wp-cron.php?doing_wp_cron=1737173729.0325520038604736328125 HTTP/1.1" 200 0 "-" "WordPress/6.7.1; https://misswavenigeria.com"
85.208.96.201 - - [17/Jan/2025:23:15:28 -0500] "GET /goods/2503455 HTTP/1.1" 404 18012 "-" "Mozilla/5.0 (compatible; SemrushBot/7~bl; +http://www.semrush.com/bot.html)"
66.29.132.124 - - [17/Jan/2025:23:15:29 -0500] "POST /wp-admin/admin-ajax.php?action=async_litespeed&nonce=b1lZSsPIEguOFN9hRlw5WzVaTCN6VVcR&litespeed_type=imgoptm HTTP/1.1" 200 21 "-" "WordPress/6.7.1; https://misswavenigeria.com"
185.191.171.10 - - [17/Jan/2025:23:15:34 -0500] "GET /goods/1620985 HTTP/1.1" 404 18013 "-" "Mozilla/5.0 (compatible; SemrushBot/7~bl; +http://www.semrush.com/bot.html)"
47.128.123.184 - - [17/Jan/2025:23:15:37 -0500] "GET /wp-includes/rest-api/endpoints/class-wp-rest-post-statuses-controller.php HTTP/1.1" 500 0 "-" "Mozilla/5.0 (Linux; Android 5.0) AppleWebKit/537.36 (KHTML, like Gecko) Mobile Safari/537.36 (compatible; Bytespider; spider-feedback@bytedance.com)"
85.208.96.204 - - [17/Jan/2025:23:15:37 -0500] "GET /goods/787271 HTTP/1.1" 404 18013 "-" "Mozilla/5.0 (compatible; SemrushBot/7~bl; +http://www.semrush.com/bot.html)"
185.191.171.16 - - [17/Jan/2025:23:15:46 -0500] "GET /goods/1454208 HTTP/1.1" 404 18012 "-" "Mozilla/5.0 (compatible; SemrushBot/7~bl; +http://www.semrush.com/bot.html)"
66.29.132.124 - - [17/Jan/2025:23:16:40 -0500] "POST /wp-cron.php?doing_wp_cron=1737173800.5460319519042968750000 HTTP/1.1" 200 0 "-" "WordPress/6.7.1; https://misswavenigeria.com"
185.191.171.15 - - [17/Jan/2025:23:16:40 -0500] "GET /goods/3761736 HTTP/1.1" 404 18012 "-" "Mozilla/5.0 (compatible; SemrushBot/7~bl; +http://www.semrush.com/bot.html)"
66.29.132.124 - - [17/Jan/2025:23:16:41 -0500] "POST /wp-admin/admin-ajax.php?action=async_litespeed&nonce=yLaMPeYLtwc2rLVvx2ZfGkwh18jQXR6Z&litespeed_type=imgoptm HTTP/1.1" 200 21 "-" "WordPress/6.7.1; https://misswavenigeria.com"
85.208.96.201 - - [17/Jan/2025:23:16:44 -0500] "GET /goods/671700 HTTP/1.1" 404 18013 "-" "Mozilla/5.0 (compatible; SemrushBot/7~bl; +http://www.semrush.com/bot.html)"
185.191.171.6 - - [17/Jan/2025:23:16:53 -0500] "GET /goods/2903029 HTTP/1.1" 404 18012 "-" "Mozilla/5.0 (compatible; SemrushBot/7~bl; +http://www.semrush.com/bot.html)"
185.191.171.13 - - [17/Jan/2025:23:16:56 -0500] "GET /goods/1924633 HTTP/1.1" 404 18012 "-" "Mozilla/5.0 (compatible; SemrushBot/7~bl; +http://www.semrush.com/bot.html)"
85.208.96.204 - - [17/Jan/2025:23:16:59 -0500] "GET /goods/3381210 HTTP/1.1" 404 18013 "-" "Mozilla/5.0 (compatible; SemrushBot/7~bl; +http://www.semrush.com/bot.html)"
66.249.79.3 - - [17/Jan/2025:23:17:01 -0500] "GET /index.php?static/4422437 HTTP/1.1" 200 69570 "-" "Mozilla/5.0 (Linux; Android 6.0.1; Nexus 5X Build/MMB29P) AppleWebKit/537.36 (KHTML, like Gecko) Chrome/132.0.6834.83 Mobile Safari/537.36 (compatible; Googlebot/2.1; +http://www.google.com/bot.html)"
66.29.132.124 - - [17/Jan/2025:23:17:31 -0500] "POST /wp-cron.php?doing_wp_cron=1737173851.6728930473327636718750 HTTP/1.1" 200 0 "-" "WordPress/6.7.1; https://misswavenigeria.com"
185.191.171.13 - - [17/Jan/2025:23:17:31 -0500] "GET /goods/4182141 HTTP/1.1" 404 18013 "-" "Mozilla/5.0 (compatible; SemrushBot/7~bl; +http://www.semrush.com/bot.html)"
66.29.132.124 - - [17/Jan/2025:23:17:31 -0500] "POST /wp-admin/admin-ajax.php?action=async_litespeed&nonce=zUhltYQuwmCinTBfZzKqWsMmOEPl8bnT&litespeed_type=imgoptm HTTP/1.1" 200 21 "-" "WordPress/6.7.1; https://misswavenigeria.com"
185.191.171.18 - - [17/Jan/2025:23:17:34 -0500] "GET /goods/2566148 HTTP/1.1" 404 18013 "-" "Mozilla/5.0 (compatible; SemrushBot/7~bl; +http://www.semrush.com/bot.html)"
85.208.96.206 - - [17/Jan/2025:23:17:38 -0500] "GET /goods/2148066 HTTP/1.1" 404 18013 "-" "Mozilla/5.0 (compatible; SemrushBot/7~bl; +http://www.semrush.com/bot.html)"
185.191.171.5 - - [17/Jan/2025:23:17:41 -0500] "GET /goods/2272475 HTTP/1.1" 404 18012 "-" "Mozilla/5.0 (compatible; SemrushBot/7~bl; +http://www.semrush.com/bot.html)"
85.208.96.209 - - [17/Jan/2025:23:17:47 -0500] "GET /goods/1762433 HTTP/1.1" 404 18012 "-" "Mozilla/5.0 (compatible; SemrushBot/7~bl; +http://www.semrush.com/bot.html)"
85.208.96.202 - - [17/Jan/2025:23:17:54 -0500] "GET /goods/1779321 HTTP/1.1" 404 18013 "-" "Mozilla/5.0 (compatible; SemrushBot/7~bl; +http://www.semrush.com/bot.html)"
85.208.96.211 - - [17/Jan/2025:23:18:05 -0500] "GET /goods/2177509 HTTP/1.1" 404 18013 "-" "Mozilla/5.0 (compatible; SemrushBot/7~bl; +http://www.semrush.com/bot.html)"
66.249.79.170 - - [17/Jan/2025:23:18:10 -0500] "GET /index.php?goods/4254911 HTTP/1.1" 200 75341 "-" "Mozilla/5.0 (Linux; Android 6.0.1; Nexus 5X Build/MMB29P) AppleWebKit/537.36 (KHTML, like Gecko) Chrome/132.0.6834.83 Mobile Safari/537.36 (compatible; Googlebot/2.1; +http://www.google.com/bot.html)"
66.29.132.124 - - [17/Jan/2025:23:18:26 -0500] "POST /wp-cron.php?doing_wp_cron=1737173906.4028251171112060546875 HTTP/1.1" 200 0 "-" "WordPress/6.7.1; https://misswavenigeria.com"
185.191.171.15 - - [17/Jan/2025:23:18:26 -0500] "GET /goods/3459766 HTTP/1.1" 404 18012 "-" "Mozilla/5.0 (compatible; SemrushBot/7~bl; +http://www.semrush.com/bot.html)"
66.29.132.124 - - [17/Jan/2025:23:18:26 -0500] "POST /wp-admin/admin-ajax.php?action=async_litespeed&nonce=5ZYQSpHV3XC5tFujHlXpweIAPzpLcmJe&litespeed_type=imgoptm HTTP/1.1" 200 21 "-" "WordPress/6.7.1; https://misswavenigeria.com"
185.191.171.1 - - [17/Jan/2025:23:18:30 -0500] "GET /goods/1358287 HTTP/1.1" 404 18013 "-" "Mozilla/5.0 (compatible; SemrushBot/7~bl; +http://www.semrush.com/bot.html)"
66.249.79.102 - - [17/Jan/2025:23:18:44 -0500] "GET /goods/2109045 HTTP/1.1" 200 68695 "-" "Mozilla/5.0 (Linux; Android 6.0.1; Nexus 5X Build/MMB29P) AppleWebKit/537.36 (KHTML, like Gecko) Chrome/132.0.6834.83 Mobile Safari/537.36 (compatible; Googlebot/2.1; +http://www.google.com/bot.html)"
185.191.171.6 - - [17/Jan/2025:23:19:11 -0500] "GET /goods/1565272 HTTP/1.1" 404 18012 "-" "Mozilla/5.0 (compatible; SemrushBot/7~bl; +http://www.semrush.com/bot.html)"
66.29.132.124 - - [17/Jan/2025:23:19:21 -0500] "POST /wp-cron.php?doing_wp_cron=1737173961.3438429832458496093750 HTTP/1.1" 200 0 "-" "WordPress/6.7.1; https://misswavenigeria.com"
185.191.171.11 - - [17/Jan/2025:23:19:21 -0500] "GET /goods/4236502 HTTP/1.1" 404 18013 "-" "Mozilla/5.0 (compatible; SemrushBot/7~bl; +http://www.semrush.com/bot.html)"
66.29.132.124 - - [17/Jan/2025:23:19:21 -0500] "POST /wp-admin/admin-ajax.php?action=async_litespeed&nonce=GEj5XZ7wRm562U9DpL7d30RsJhW7M2vt&litespeed_type=imgoptm HTTP/1.1" 200 21 "-" "WordPress/6.7.1; https://misswavenigeria.com"
66.29.132.124 - - [17/Jan/2025:23:19:35 -0500] "POST /wp-cron.php?doing_wp_cron=1737173975.3180980682373046875000 HTTP/1.1" 200 0 "-" "WordPress/6.7.1; https://misswavenigeria.com"
85.208.96.195 - - [17/Jan/2025:23:19:35 -0500] "GET /goods/1133086 HTTP/1.1" 404 18013 "-" "Mozilla/5.0 (compatible; SemrushBot/7~bl; +http://www.semrush.com/bot.html)"
47.128.127.4 - - [17/Jan/2025:23:19:37 -0500] "GET /wp-includes/pomo/streams.php HTTP/1.1" 200 0 "-" "Mozilla/5.0 (Linux; Android 5.0) AppleWebKit/537.36 (KHTML, like Gecko) Mobile Safari/537.36 (compatible; Bytespider; spider-feedback@bytedance.com)"
85.208.96.204 - - [17/Jan/2025:23:19:37 -0500] "GET /goods/2973274 HTTP/1.1" 404 18013 "-" "Mozilla/5.0 (compatible; SemrushBot/7~bl; +http://www.semrush.com/bot.html)"
185.191.171.14 - - [17/Jan/2025:23:19:44 -0500] "GET /goods/2370908 HTTP/1.1" 404 18013 "-" "Mozilla/5.0 (compatible; SemrushBot/7~bl; +http://www.semrush.com/bot.html)"
66.249.68.34 - - [17/Jan/2025:23:19:48 -0500] "GET /index.php?goods/19823 HTTP/1.1" 200 69675 "-" "Mozilla/5.0 (Linux; Android 6.0.1; Nexus 5X Build/MMB29P) AppleWebKit/537.36 (KHTML, like Gecko) Chrome/132.0.6834.83 Mobile Safari/537.36 (compatible; Googlebot/2.1; +http://www.google.com/bot.html)"
185.191.171.8 - - [17/Jan/2025:23:19:56 -0500] "GET /goods/3308042 HTTP/1.1" 404 18013 "-" "Mozilla/5.0 (compatible; SemrushBot/7~bl; +http://www.semrush.com/bot.html)"
66.249.79.102 - - [17/Jan/2025:23:19:57 -0500] "GET /goods/3891997 HTTP/1.1" 200 73188 "-" "Mozilla/5.0 (Linux; Android 6.0.1; Nexus 5X Build/MMB29P) AppleWebKit/537.36 (KHTML, like Gecko) Chrome/132.0.6834.83 Mobile Safari/537.36 (compatible; Googlebot/2.1; +http://www.google.com/bot.html)"
66.249.68.35 - - [17/Jan/2025:23:20:28 -0500] "GET /goods/2205112 HTTP/1.1" 200 69353 "-" "Mozilla/5.0 (Linux; Android 6.0.1; Nexus 5X Build/MMB29P) AppleWebKit/537.36 (KHTML, like Gecko) Chrome/132.0.6834.83 Mobile Safari/537.36 (compatible; Googlebot/2.1; +http://www.google.com/bot.html)"
66.249.68.34 - - [17/Jan/2025:23:20:48 -0500] "GET /goods/1716540 HTTP/1.1" 200 67267 "-" "Mozilla/5.0 (Linux; Android 6.0.1; Nexus 5X Build/MMB29P) AppleWebKit/537.36 (KHTML, like Gecko) Chrome/132.0.6834.83 Mobile Safari/537.36 (compatible; Googlebot/2.1; +http://www.google.com/bot.html)"
66.29.132.124 - - [17/Jan/2025:23:20:54 -0500] "POST /wp-cron.php?doing_wp_cron=1737174054.6899690628051757812500 HTTP/1.1" 200 0 "-" "WordPress/6.7.1; https://misswavenigeria.com"
185.191.171.3 - - [17/Jan/2025:23:20:54 -0500] "GET /goods/3090354 HTTP/1.1" 404 18013 "-" "Mozilla/5.0 (compatible; SemrushBot/7~bl; +http://www.semrush.com/bot.html)"
66.29.132.124 - - [17/Jan/2025:23:20:55 -0500] "POST /wp-admin/admin-ajax.php?action=async_litespeed&nonce=gn5DK2XPddD0CkWThlOs0qkv7Ahw7oPN&litespeed_type=imgoptm HTTP/1.1" 200 0 "-" "WordPress/6.7.1; https://misswavenigeria.com"
85.208.96.211 - - [17/Jan/2025:23:20:57 -0500] "GET /goods/4147186 HTTP/1.1" 404 18012 "-" "Mozilla/5.0 (compatible; SemrushBot/7~bl; +http://www.semrush.com/bot.html)"
185.191.171.10 - - [17/Jan/2025:23:20:59 -0500] "GET /goods/4315605 HTTP/1.1" 404 18012 "-" "Mozilla/5.0 (compatible; SemrushBot/7~bl; +http://www.semrush.com/bot.html)"
185.191.171.12 - - [17/Jan/2025:23:21:02 -0500] "GET /goods/3919925 HTTP/1.1" 404 18012 "-" "Mozilla/5.0 (compatible; SemrushBot/7~bl; +http://www.semrush.com/bot.html)"
185.191.171.3 - - [17/Jan/2025:23:21:04 -0500] "GET /goods/3443969 HTTP/1.1" 404 18012 "-" "Mozilla/5.0 (compatible; SemrushBot/7~bl; +http://www.semrush.com/bot.html)"
66.249.68.34 - - [17/Jan/2025:23:21:07 -0500] "GET /goods/2660370 HTTP/1.1" 200 70392 "-" "Mozilla/5.0 (Linux; Android 6.0.1; Nexus 5X Build/MMB29P) AppleWebKit/537.36 (KHTML, like Gecko) Chrome/132.0.6834.83 Mobile Safari/537.36 (compatible; Googlebot/2.1; +http://www.google.com/bot.html)"
66.249.68.34 - - [17/Jan/2025:23:21:17 -0500] "GET /goods/4421395 HTTP/1.1" 200 68812 "-" "Mozilla/5.0 (Linux; Android 6.0.1; Nexus 5X Build/MMB29P) AppleWebKit/537.36 (KHTML, like Gecko) Chrome/132.0.6834.83 Mobile Safari/537.36 (compatible; Googlebot/2.1; +http://www.google.com/bot.html)"
66.29.132.124 - - [17/Jan/2025:23:21:26 -0500] "POST /wp-cron.php?doing_wp_cron=1737174086.8861029148101806640625 HTTP/1.1" 200 0 "-" "WordPress/6.7.1; https://misswavenigeria.com"
85.208.96.199 - - [17/Jan/2025:23:21:26 -0500] "GET /goods/3042725 HTTP/1.1" 404 18013 "-" "Mozilla/5.0 (compatible; SemrushBot/7~bl; +http://www.semrush.com/bot.html)"
66.29.132.124 - - [17/Jan/2025:23:21:27 -0500] "POST /wp-admin/admin-ajax.php?action=async_litespeed&nonce=gPz5VT8Z14Lgdc2z1px9Pl0vYkTlgvzM&litespeed_type=imgoptm HTTP/1.1" 200 21 "-" "WordPress/6.7.1; https://misswavenigeria.com"
185.191.171.5 - - [17/Jan/2025:23:21:40 -0500] "GET /goods/806373 HTTP/1.1" 404 18012 "-" "Mozilla/5.0 (compatible; SemrushBot/7~bl; +http://www.semrush.com/bot.html)"
185.191.171.8 - - [17/Jan/2025:23:21:49 -0500] "GET /goods/4650109 HTTP/1.1" 404 18012 "-" "Mozilla/5.0 (compatible; SemrushBot/7~bl; +http://www.semrush.com/bot.html)"
85.208.96.209 - - [17/Jan/2025:23:21:51 -0500] "GET /goods/650721 HTTP/1.1" 404 18013 "-" "Mozilla/5.0 (compatible; SemrushBot/7~bl; +http://www.semrush.com/bot.html)"
66.249.79.204 - - [17/Jan/2025:23:21:57 -0500] "GET /goods/3481649 HTTP/1.1" 200 69469 "-" "Mozilla/5.0 (Linux; Android 6.0.1; Nexus 5X Build/MMB29P) AppleWebKit/537.36 (KHTML, like Gecko) Chrome/132.0.6834.83 Mobile Safari/537.36 (compatible; Googlebot/2.1; +http://www.google.com/bot.html)"
85.208.96.194 - - [17/Jan/2025:23:22:01 -0500] "GET /goods/2241178 HTTP/1.1" 404 18013 "-" "Mozilla/5.0 (compatible; SemrushBot/7~bl; +http://www.semrush.com/bot.html)"
85.208.96.211 - - [17/Jan/2025:23:22:05 -0500] "GET /goods/2800814 HTTP/1.1" 404 18013 "-" "Mozilla/5.0 (compatible; SemrushBot/7~bl; +http://www.semrush.com/bot.html)"
66.29.132.124 - - [17/Jan/2025:23:22:25 -0500] "POST /wp-cron.php?doing_wp_cron=1737174145.6458039283752441406250 HTTP/1.1" 200 0 "-" "WordPress/6.7.1; https://misswavenigeria.com"
85.208.96.207 - - [17/Jan/2025:23:22:25 -0500] "GET /goods/591630 HTTP/1.1" 404 18013 "-" "Mozilla/5.0 (compatible; SemrushBot/7~bl; +http://www.semrush.com/bot.html)"
66.29.132.124 - - [17/Jan/2025:23:22:25 -0500] "POST /wp-admin/admin-ajax.php?action=async_litespeed&nonce=57N1DxbtKYXtuzJTvW2NMdhZJs88ZfYo&litespeed_type=imgoptm HTTP/1.1" 200 21 "-" "WordPress/6.7.1; https://misswavenigeria.com"
