66.29.132.124 - - [17/Jan/2025:22:13:23 -0500] "POST /wp-admin/admin-ajax.php?action=async_litespeed&nonce=o2gdd5MT4pbbS63RUwVgKnN0yxKuyYDA&litespeed_type=imgoptm HTTP/1.1" 200 21 "-" "WordPress/6.7.1; https://misswavenigeria.com"
85.208.96.212 - - [17/Jan/2025:22:13:24 -0500] "GET /goods/1338288 HTTP/1.1" 404 18013 "-" "Mozilla/5.0 (compatible; SemrushBot/7~bl; +http://www.semrush.com/bot.html)"
66.29.132.124 - - [17/Jan/2025:22:13:28 -0500] "POST /wp-cron.php?doing_wp_cron=1737170008.5703771114349365234375 HTTP/1.1" 200 0 "-" "WordPress/6.7.1; https://misswavenigeria.com"
85.208.96.208 - - [17/Jan/2025:22:13:28 -0500] "GET /goods/2085647 HTTP/1.1" 404 18013 "-" "Mozilla/5.0 (compatible; SemrushBot/7~bl; +http://www.semrush.com/bot.html)"
66.249.68.34 - - [17/Jan/2025:22:13:31 -0500] "GET /show/3708055 HTTP/1.1" 200 73824 "-" "Mozilla/5.0 (Linux; Android 6.0.1; Nexus 5X Build/MMB29P) AppleWebKit/537.36 (KHTML, like Gecko) Chrome/132.0.6834.83 Mobile Safari/537.36 (compatible; Googlebot/2.1; +http://www.google.com/bot.html)"
66.249.79.102 - - [17/Jan/2025:22:13:42 -0500] "GET /show/4011847 HTTP/1.1" 200 72892 "-" "Mozilla/5.0 (Linux; Android 6.0.1; Nexus 5X Build/MMB29P) AppleWebKit/537.36 (KHTML, like Gecko) Chrome/132.0.6834.83 Mobile Safari/537.36 (compatible; Googlebot/2.1; +http://www.google.com/bot.html)"
185.191.171.12 - - [17/Jan/2025:22:13:57 -0500] "GET /goods/1229993 HTTP/1.1" 404 18012 "-" "Mozilla/5.0 (compatible; SemrushBot/7~bl; +http://www.semrush.com/bot.html)"
85.208.96.203 - - [17/Jan/2025:22:14:07 -0500] "GET /goods/4608752 HTTP/1.1" 404 18013 "-" "Mozilla/5.0 (compatible; SemrushBot/7~bl; +http://www.semrush.com/bot.html)"
85.208.96.210 - - [17/Jan/2025:22:14:08 -0500] "GET /goods/4416831 HTTP/1.1" 404 18013 "-" "Mozilla/5.0 (compatible; SemrushBot/7~bl; +http://www.semrush.com/bot.html)"
185.191.171.18 - - [17/Jan/2025:22:14:10 -0500] "GET /goods/348360 HTTP/1.1" 404 18012 "-" "Mozilla/5.0 (compatible; SemrushBot/7~bl; +http://www.semrush.com/bot.html)"
66.249.68.36 - - [17/Jan/2025:22:14:14 -0500] "GET /static/4167654 HTTP/1.1" 200 71935 "-" "Mozilla/5.0 (Linux; Android 6.0.1; Nexus 5X Build/MMB29P) AppleWebKit/537.36 (KHTML, like Gecko) Chrome/132.0.6834.83 Mobile Safari/537.36 (compatible; Googlebot/2.1; +http://www.google.com/bot.html)"
66.249.79.4 - - [17/Jan/2025:22:14:30 -0500] "GET /show/3182130 HTTP/1.1" 200 74580 "-" "Mozilla/5.0 (Linux; Android 6.0.1; Nexus 5X Build/MMB29P) AppleWebKit/537.36 (KHTML, like Gecko) Chrome/132.0.6834.83 Mobile Safari/537.36 (compatible; Googlebot/2.1; +http://www.google.com/bot.html)"
66.29.132.124 - - [17/Jan/2025:22:14:35 -0500] "POST /wp-cron.php?doing_wp_cron=1737170075.5834090709686279296875 HTTP/1.1" 200 0 "-" "WordPress/6.7.1; https://misswavenigeria.com"
185.191.171.3 - - [17/Jan/2025:22:14:35 -0500] "GET /goods/4214518 HTTP/1.1" 404 18013 "-" "Mozilla/5.0 (compatible; SemrushBot/7~bl; +http://www.semrush.com/bot.html)"
66.29.132.124 - - [17/Jan/2025:22:14:35 -0500] "POST /wp-admin/admin-ajax.php?action=async_litespeed&nonce=QmfuO24hDPq9Si9nKYDvmW4oRZRjWQrV&litespeed_type=imgoptm HTTP/1.1" 200 21 "-" "WordPress/6.7.1; https://misswavenigeria.com"
66.249.68.66 - - [17/Jan/2025:22:14:43 -0500] "GET /static/2765321 HTTP/1.1" 200 68569 "-" "Mozilla/5.0 (Linux; Android 6.0.1; Nexus 5X Build/MMB29P) AppleWebKit/537.36 (KHTML, like Gecko) Chrome/132.0.6834.83 Mobile Safari/537.36 (compatible; Googlebot/2.1; +http://www.google.com/bot.html)"
66.249.79.102 - - [17/Jan/2025:22:14:55 -0500] "GET /show/2262789 HTTP/1.1" 200 68352 "-" "Mozilla/5.0 (Linux; Android 6.0.1; Nexus 5X Build/MMB29P) AppleWebKit/537.36 (KHTML, like Gecko) Chrome/132.0.6834.83 Mobile Safari/537.36 (compatible; Googlebot/2.1; +http://www.google.com/bot.html)"
66.249.79.204 - - [17/Jan/2025:22:15:05 -0500] "GET /show/2979671 HTTP/1.1" 200 68223 "-" "Mozilla/5.0 (Linux; Android 6.0.1; Nexus 5X Build/MMB29P) AppleWebKit/537.36 (KHTML, like Gecko) Chrome/132.0.6834.83 Mobile Safari/537.36 (compatible; Googlebot/2.1; +http://www.google.com/bot.html)"
66.249.79.173 - - [17/Jan/2025:22:15:09 -0500] "GET /static/2710524 HTTP/1.1" 200 67949 "-" "Mozilla/5.0 (Linux; Android 6.0.1; Nexus 5X Build/MMB29P) AppleWebKit/537.36 (KHTML, like Gecko) Chrome/132.0.6834.83 Mobile Safari/537.36 (compatible; Googlebot/2.1; +http://www.google.com/bot.html)"
66.249.68.3 - - [17/Jan/2025:22:15:18 -0500] "GET /show/2411258 HTTP/1.1" 200 68420 "-" "Mozilla/5.0 (Linux; Android 6.0.1; Nexus 5X Build/MMB29P) AppleWebKit/537.36 (KHTML, like Gecko) Chrome/132.0.6834.83 Mobile Safari/537.36 (compatible; Googlebot/2.1; +http://www.google.com/bot.html)"
66.29.132.124 - - [17/Jan/2025:22:15:19 -0500] "POST /wp-cron.php?doing_wp_cron=1737170119.7008678913116455078125 HTTP/1.1" 200 0 "-" "WordPress/6.7.1; https://misswavenigeria.com"
185.191.171.6 - - [17/Jan/2025:22:15:18 -0500] "GET /goods/289161 HTTP/1.1" 404 18012 "-" "Mozilla/5.0 (compatible; SemrushBot/7~bl; +http://www.semrush.com/bot.html)"
66.29.132.124 - - [17/Jan/2025:22:15:20 -0500] "POST /wp-admin/admin-ajax.php?action=async_litespeed&nonce=BeOozuZnGnbQSatlR8WN9Sv9Eici7mCE&litespeed_type=imgoptm HTTP/1.1" 200 21 "-" "WordPress/6.7.1; https://misswavenigeria.com"
66.249.79.34 - - [17/Jan/2025:22:15:25 -0500] "GET /goods/3701366?keyword=%E3%83%AC%E3%83%87%E3%82%A3%E3%83%BC%E3%82%B9?keyword=%E3%82%B2%E3%83%BC%E3%83%A0 HTTP/1.1" 200 68134 "-" "Mozilla/5.0 (Linux; Android 6.0.1; Nexus 5X Build/MMB29P) AppleWebKit/537.36 (KHTML, like Gecko) Chrome/132.0.6834.83 Mobile Safari/537.36 (compatible; Googlebot/2.1; +http://www.google.com/bot.html)"
66.29.132.124 - - [17/Jan/2025:22:15:40 -0500] "POST /wp-cron.php?doing_wp_cron=1737170140.7416310310363769531250 HTTP/1.1" 200 0 "-" "WordPress/6.7.1; https://misswavenigeria.com"
85.208.96.205 - - [17/Jan/2025:22:15:40 -0500] "GET /goods/1700534 HTTP/1.1" 404 18019 "-" "Mozilla/5.0 (compatible; SemrushBot/7~bl; +http://www.semrush.com/bot.html)"
66.249.68.34 - - [17/Jan/2025:22:15:41 -0500] "GET /static/4191476 HTTP/1.1" 200 69704 "-" "Mozilla/5.0 (Linux; Android 6.0.1; Nexus 5X Build/MMB29P) AppleWebKit/537.36 (KHTML, like Gecko) Chrome/132.0.6834.83 Mobile Safari/537.36 (compatible; Googlebot/2.1; +http://www.google.com/bot.html)"
85.208.96.204 - - [17/Jan/2025:22:15:48 -0500] "GET /goods/3628250 HTTP/1.1" 404 18012 "-" "Mozilla/5.0 (compatible; SemrushBot/7~bl; +http://www.semrush.com/bot.html)"
85.208.96.195 - - [17/Jan/2025:22:15:51 -0500] "GET /goods/202182 HTTP/1.1" 404 18012 "-" "Mozilla/5.0 (compatible; SemrushBot/7~bl; +http://www.semrush.com/bot.html)"
185.191.171.3 - - [17/Jan/2025:22:15:54 -0500] "GET /goods/235396 HTTP/1.1" 404 18012 "-" "Mozilla/5.0 (compatible; SemrushBot/7~bl; +http://www.semrush.com/bot.html)"
85.208.96.201 - - [17/Jan/2025:22:16:02 -0500] "GET /goods/849796 HTTP/1.1" 404 18019 "-" "Mozilla/5.0 (compatible; SemrushBot/7~bl; +http://www.semrush.com/bot.html)"
66.249.79.4 - - [17/Jan/2025:22:16:01 -0500] "GET /static/2050123 HTTP/1.1" 200 68224 "-" "Mozilla/5.0 (Linux; Android 6.0.1; Nexus 5X Build/MMB29P) AppleWebKit/537.36 (KHTML, like Gecko) Chrome/132.0.6834.83 Mobile Safari/537.36 (compatible; Googlebot/2.1; +http://www.google.com/bot.html)"
185.191.171.13 - - [17/Jan/2025:22:16:14 -0500] "GET /goods/3763593 HTTP/1.1" 404 18013 "-" "Mozilla/5.0 (compatible; SemrushBot/7~bl; +http://www.semrush.com/bot.html)"
66.249.68.34 - - [17/Jan/2025:22:16:15 -0500] "GET /index.php?static/1030499 HTTP/1.1" 200 72889 "-" "Mozilla/5.0 (Linux; Android 6.0.1; Nexus 5X Build/MMB29P) AppleWebKit/537.36 (KHTML, like Gecko) Chrome/132.0.6834.83 Mobile Safari/537.36 (compatible; Googlebot/2.1; +http://www.google.com/bot.html)"
66.29.132.124 - - [17/Jan/2025:22:16:28 -0500] "POST /wp-cron.php?doing_wp_cron=1737170188.1152338981628417968750 HTTP/1.1" 200 0 "-" "WordPress/6.7.1; https://misswavenigeria.com"
185.191.171.8 - - [17/Jan/2025:22:16:27 -0500] "GET /goods/1610778 HTTP/1.1" 404 18013 "-" "Mozilla/5.0 (compatible; SemrushBot/7~bl; +http://www.semrush.com/bot.html)"
66.29.132.124 - - [17/Jan/2025:22:16:28 -0500] "POST /wp-admin/admin-ajax.php?action=async_litespeed&nonce=zTcZPwAkxOnRFFH8zRsZUhps73bmAfNY&litespeed_type=imgoptm HTTP/1.1" 200 21 "-" "WordPress/6.7.1; https://misswavenigeria.com"
66.249.79.204 - - [17/Jan/2025:22:16:31 -0500] "GET /goods/3856794 HTTP/1.1" 200 67883 "-" "Mozilla/5.0 (Linux; Android 6.0.1; Nexus 5X Build/MMB29P) AppleWebKit/537.36 (KHTML, like Gecko) Chrome/132.0.6834.83 Mobile Safari/537.36 (compatible; Googlebot/2.1; +http://www.google.com/bot.html)"
66.249.68.3 - - [17/Jan/2025:22:16:34 -0500] "GET /static/3776254 HTTP/1.1" 200 67738 "-" "Mozilla/5.0 (Linux; Android 6.0.1; Nexus 5X Build/MMB29P) AppleWebKit/537.36 (KHTML, like Gecko) Chrome/132.0.6834.83 Mobile Safari/537.36 (compatible; Googlebot/2.1; +http://www.google.com/bot.html)"
66.249.79.204 - - [17/Jan/2025:22:16:44 -0500] "GET /goods/2191256 HTTP/1.1" 200 69293 "-" "Mozilla/5.0 (Linux; Android 6.0.1; Nexus 5X Build/MMB29P) AppleWebKit/537.36 (KHTML, like Gecko) Chrome/132.0.6834.83 Mobile Safari/537.36 (compatible; Googlebot/2.1; +http://www.google.com/bot.html)"
185.191.171.17 - - [17/Jan/2025:22:16:50 -0500] "GET /goods/492641 HTTP/1.1" 404 18012 "-" "Mozilla/5.0 (compatible; SemrushBot/7~bl; +http://www.semrush.com/bot.html)"
66.249.68.3 - - [17/Jan/2025:22:16:52 -0500] "GET /show/1824365 HTTP/1.1" 200 70207 "-" "Mozilla/5.0 (Linux; Android 6.0.1; Nexus 5X Build/MMB29P) AppleWebKit/537.36 (KHTML, like Gecko) Chrome/132.0.6834.83 Mobile Safari/537.36 (compatible; Googlebot/2.1; +http://www.google.com/bot.html)"
85.208.96.195 - - [17/Jan/2025:22:16:54 -0500] "GET /goods/4087475 HTTP/1.1" 404 18013 "-" "Mozilla/5.0 (compatible; SemrushBot/7~bl; +http://www.semrush.com/bot.html)"
66.249.68.34 - - [17/Jan/2025:22:16:54 -0500] "GET /index.php?goods/1629265 HTTP/1.1" 200 77547 "-" "Mozilla/5.0 (Linux; Android 6.0.1; Nexus 5X Build/MMB29P) AppleWebKit/537.36 (KHTML, like Gecko) Chrome/132.0.6834.83 Mobile Safari/537.36 (compatible; Googlebot/2.1; +http://www.google.com/bot.html)"
185.191.171.7 - - [17/Jan/2025:22:17:03 -0500] "GET /goods/2784217 HTTP/1.1" 404 18013 "-" "Mozilla/5.0 (compatible; SemrushBot/7~bl; +http://www.semrush.com/bot.html)"
85.208.96.197 - - [17/Jan/2025:22:17:06 -0500] "GET /goods/3165386 HTTP/1.1" 404 18013 "-" "Mozilla/5.0 (compatible; SemrushBot/7~bl; +http://www.semrush.com/bot.html)"
66.249.68.35 - - [17/Jan/2025:22:17:07 -0500] "GET /show/4016525 HTTP/1.1" 200 68620 "-" "Mozilla/5.0 (Linux; Android 6.0.1; Nexus 5X Build/MMB29P) AppleWebKit/537.36 (KHTML, like Gecko) Chrome/132.0.6834.83 Mobile Safari/537.36 (compatible; Googlebot/2.1; +http://www.google.com/bot.html)"
66.249.79.168 - - [17/Jan/2025:22:17:19 -0500] "GET /show/1638465 HTTP/1.1" 200 69871 "-" "Mozilla/5.0 (Linux; Android 6.0.1; Nexus 5X Build/MMB29P) AppleWebKit/537.36 (KHTML, like Gecko) Chrome/132.0.6834.83 Mobile Safari/537.36 (compatible; Googlebot/2.1; +http://www.google.com/bot.html)"
66.29.132.124 - - [17/Jan/2025:22:17:21 -0500] "POST /wp-cron.php?doing_wp_cron=1737170241.6220319271087646484375 HTTP/1.1" 200 0 "-" "WordPress/6.7.1; https://misswavenigeria.com"
185.191.171.7 - - [17/Jan/2025:22:17:21 -0500] "GET /goods/94741 HTTP/1.1" 404 18013 "-" "Mozilla/5.0 (compatible; SemrushBot/7~bl; +http://www.semrush.com/bot.html)"
66.29.132.124 - - [17/Jan/2025:22:17:21 -0500] "POST /wp-admin/admin-ajax.php?action=async_litespeed&nonce=AGy9k11hUnY7aeITWbx8dEdY2jzBpj1R&litespeed_type=imgoptm HTTP/1.1" 200 21 "-" "WordPress/6.7.1; https://misswavenigeria.com"
85.208.96.208 - - [17/Jan/2025:22:17:23 -0500] "GET /goods/4204637 HTTP/1.1" 404 18013 "-" "Mozilla/5.0 (compatible; SemrushBot/7~bl; +http://www.semrush.com/bot.html)"
66.249.79.34 - - [17/Jan/2025:22:17:24 -0500] "GET /index.php?static/1142820 HTTP/1.1" 200 69451 "-" "Mozilla/5.0 (Linux; Android 6.0.1; Nexus 5X Build/MMB29P) AppleWebKit/537.36 (KHTML, like Gecko) Chrome/132.0.6834.83 Mobile Safari/537.36 (compatible; Googlebot/2.1; +http://www.google.com/bot.html)"
66.29.132.124 - - [17/Jan/2025:22:17:32 -0500] "POST /wp-cron.php?doing_wp_cron=1737170252.3303809165954589843750 HTTP/1.1" 200 0 "-" "WordPress/6.7.1; https://misswavenigeria.com"
185.191.171.10 - - [17/Jan/2025:22:17:32 -0500] "GET /goods/2655935 HTTP/1.1" 404 18013 "-" "Mozilla/5.0 (compatible; SemrushBot/7~bl; +http://www.semrush.com/bot.html)"
66.249.79.34 - - [17/Jan/2025:22:17:55 -0500] "GET /show/561596 HTTP/1.1" 200 67554 "-" "Mozilla/5.0 (Linux; Android 6.0.1; Nexus 5X Build/MMB29P) AppleWebKit/537.36 (KHTML, like Gecko) Chrome/132.0.6834.83 Mobile Safari/537.36 (compatible; Googlebot/2.1; +http://www.google.com/bot.html)"
185.191.171.3 - - [17/Jan/2025:22:18:06 -0500] "GET /goods/3115459 HTTP/1.1" 404 18019 "-" "Mozilla/5.0 (compatible; SemrushBot/7~bl; +http://www.semrush.com/bot.html)"
66.249.68.4 - - [17/Jan/2025:22:18:07 -0500] "GET /goods/3672438 HTTP/1.1" 200 70116 "-" "Mozilla/5.0 (Linux; Android 6.0.1; Nexus 5X Build/MMB29P) AppleWebKit/537.36 (KHTML, like Gecko) Chrome/132.0.6834.83 Mobile Safari/537.36 (compatible; Googlebot/2.1; +http://www.google.com/bot.html)"
185.191.171.6 - - [17/Jan/2025:22:18:12 -0500] "GET /goods/1307332 HTTP/1.1" 404 18012 "-" "Mozilla/5.0 (compatible; SemrushBot/7~bl; +http://www.semrush.com/bot.html)"
185.191.171.13 - - [17/Jan/2025:22:18:17 -0500] "GET /goods/4473719 HTTP/1.1" 404 18013 "-" "Mozilla/5.0 (compatible; SemrushBot/7~bl; +http://www.semrush.com/bot.html)"
66.29.132.124 - - [17/Jan/2025:22:18:21 -0500] "POST /wp-cron.php?doing_wp_cron=1737170301.9520061016082763671875 HTTP/1.1" 200 0 "-" "WordPress/6.7.1; https://misswavenigeria.com"
185.191.171.2 - - [17/Jan/2025:22:18:21 -0500] "GET /goods/1487531 HTTP/1.1" 404 18013 "-" "Mozilla/5.0 (compatible; SemrushBot/7~bl; +http://www.semrush.com/bot.html)"
66.29.132.124 - - [17/Jan/2025:22:18:22 -0500] "POST /wp-admin/admin-ajax.php?action=async_litespeed&nonce=x3m9LXBNrFsLQUH4iIkXJwb6ofn7r6zF&litespeed_type=imgoptm HTTP/1.1" 200 21 "-" "WordPress/6.7.1; https://misswavenigeria.com"
66.29.132.124 - - [17/Jan/2025:22:18:36 -0500] "POST /wp-cron.php?doing_wp_cron=1737170316.3808929920196533203125 HTTP/1.1" 200 0 "-" "WordPress/6.7.1; https://misswavenigeria.com"
185.191.171.12 - - [17/Jan/2025:22:18:36 -0500] "GET /goods/3678169 HTTP/1.1" 404 18012 "-" "Mozilla/5.0 (compatible; SemrushBot/7~bl; +http://www.semrush.com/bot.html)"
66.249.68.34 - - [17/Jan/2025:22:18:40 -0500] "GET /show/1370793 HTTP/1.1" 200 68562 "-" "Mozilla/5.0 (Linux; Android 6.0.1; Nexus 5X Build/MMB29P) AppleWebKit/537.36 (KHTML, like Gecko) Chrome/132.0.6834.83 Mobile Safari/537.36 (compatible; Googlebot/2.1; +http://www.google.com/bot.html)"
66.249.79.204 - - [17/Jan/2025:22:18:52 -0500] "GET /show/2616639 HTTP/1.1" 200 72481 "-" "Mozilla/5.0 (Linux; Android 6.0.1; Nexus 5X Build/MMB29P) AppleWebKit/537.36 (KHTML, like Gecko) Chrome/132.0.6834.83 Mobile Safari/537.36 (compatible; Googlebot/2.1; +http://www.google.com/bot.html)"
66.29.132.124 - - [17/Jan/2025:22:19:28 -0500] "POST /wp-cron.php?doing_wp_cron=1737170368.5420329570770263671875 HTTP/1.1" 200 0 "-" "WordPress/6.7.1; https://misswavenigeria.com"
185.191.171.2 - - [17/Jan/2025:22:19:28 -0500] "GET /goods/1567303 HTTP/1.1" 404 18013 "-" "Mozilla/5.0 (compatible; SemrushBot/7~bl; +http://www.semrush.com/bot.html)"
66.29.132.124 - - [17/Jan/2025:22:19:28 -0500] "POST /wp-admin/admin-ajax.php?action=async_litespeed&nonce=V7DvxINsMJnKgNjmjf9HJ8QxRcNZMGla&litespeed_type=imgoptm HTTP/1.1" 200 21 "-" "WordPress/6.7.1; https://misswavenigeria.com"
66.249.68.66 - - [17/Jan/2025:22:19:28 -0500] "GET /category/4587349 HTTP/1.1" 200 68475 "-" "Mozilla/5.0 (Linux; Android 6.0.1; Nexus 5X Build/MMB29P) AppleWebKit/537.36 (KHTML, like Gecko) Chrome/132.0.6834.83 Mobile Safari/537.36 (compatible; Googlebot/2.1; +http://www.google.com/bot.html)"
66.249.79.3 - - [17/Jan/2025:22:19:33 -0500] "GET /?product=perpetual16409546-729?keyword=Speed: HTTP/1.1" 200 67212 "-" "Mozilla/5.0 (Linux; Android 6.0.1; Nexus 5X Build/MMB29P) AppleWebKit/537.36 (KHTML, like Gecko) Chrome/132.0.6834.83 Mobile Safari/537.36 (compatible; Googlebot/2.1; +http://www.google.com/bot.html)"
85.208.96.193 - - [17/Jan/2025:22:19:49 -0500] "GET /goods/23013 HTTP/1.1" 404 18012 "-" "Mozilla/5.0 (compatible; SemrushBot/7~bl; +http://www.semrush.com/bot.html)"
66.249.68.3 - - [17/Jan/2025:22:19:49 -0500] "GET /static/4725156 HTTP/1.1" 200 69507 "-" "Mozilla/5.0 (Linux; Android 6.0.1; Nexus 5X Build/MMB29P) AppleWebKit/537.36 (KHTML, like Gecko) Chrome/132.0.6834.83 Mobile Safari/537.36 (compatible; Googlebot/2.1; +http://www.google.com/bot.html)"
185.191.171.2 - - [17/Jan/2025:22:19:55 -0500] "GET /goods/2780374 HTTP/1.1" 404 18012 "-" "Mozilla/5.0 (compatible; SemrushBot/7~bl; +http://www.semrush.com/bot.html)"
85.208.96.198 - - [17/Jan/2025:22:19:58 -0500] "GET /goods/4645110 HTTP/1.1" 404 18012 "-" "Mozilla/5.0 (compatible; SemrushBot/7~bl; +http://www.semrush.com/bot.html)"
185.191.171.5 - - [17/Jan/2025:22:20:01 -0500] "GET /goods/4291017 HTTP/1.1" 404 18012 "-" "Mozilla/5.0 (compatible; SemrushBot/7~bl; +http://www.semrush.com/bot.html)"
185.191.171.15 - - [17/Jan/2025:22:20:10 -0500] "GET /goods/3264938 HTTP/1.1" 404 18012 "-" "Mozilla/5.0 (compatible; SemrushBot/7~bl; +http://www.semrush.com/bot.html)"
66.249.79.4 - - [17/Jan/2025:22:20:15 -0500] "GET /static/3393465 HTTP/1.1" 200 69538 "-" "Mozilla/5.0 (Linux; Android 6.0.1; Nexus 5X Build/MMB29P) AppleWebKit/537.36 (KHTML, like Gecko) Chrome/132.0.6834.83 Mobile Safari/537.36 (compatible; Googlebot/2.1; +http://www.google.com/bot.html)"
66.29.132.124 - - [17/Jan/2025:22:20:28 -0500] "POST /wp-cron.php?doing_wp_cron=1737170428.9358649253845214843750 HTTP/1.1" 200 0 "-" "WordPress/6.7.1; https://misswavenigeria.com"
85.208.96.197 - - [17/Jan/2025:22:20:28 -0500] "GET /goods/3860436 HTTP/1.1" 404 18012 "-" "Mozilla/5.0 (compatible; SemrushBot/7~bl; +http://www.semrush.com/bot.html)"
66.29.132.124 - - [17/Jan/2025:22:20:29 -0500] "POST /wp-admin/admin-ajax.php?action=async_litespeed&nonce=ICZSx6KbwPz8oEpXcjTISXjEIDViaP21&litespeed_type=imgoptm HTTP/1.1" 200 21 "-" "WordPress/6.7.1; https://misswavenigeria.com"
185.191.171.11 - - [17/Jan/2025:22:20:39 -0500] "GET /goods/2329133 HTTP/1.1" 404 18013 "-" "Mozilla/5.0 (compatible; SemrushBot/7~bl; +http://www.semrush.com/bot.html)"
66.249.79.3 - - [17/Jan/2025:22:20:40 -0500] "GET /static/40308 HTTP/1.1" 200 69286 "-" "Mozilla/5.0 (Linux; Android 6.0.1; Nexus 5X Build/MMB29P) AppleWebKit/537.36 (KHTML, like Gecko) Chrome/132.0.6834.83 Mobile Safari/537.36 (compatible; Googlebot/2.1; +http://www.google.com/bot.html)"
185.191.171.3 - - [17/Jan/2025:22:20:53 -0500] "GET /goods/1039341 HTTP/1.1" 404 18012 "-" "Mozilla/5.0 (compatible; SemrushBot/7~bl; +http://www.semrush.com/bot.html)"
66.249.68.68 - - [17/Jan/2025:22:21:02 -0500] "GET /show/2600509 HTTP/1.1" 200 71536 "-" "Mozilla/5.0 (Linux; Android 6.0.1; Nexus 5X Build/MMB29P) AppleWebKit/537.36 (KHTML, like Gecko) Chrome/132.0.6834.83 Mobile Safari/537.36 (compatible; Googlebot/2.1; +http://www.google.com/bot.html)"
185.191.171.14 - - [17/Jan/2025:22:21:06 -0500] "GET /goods/3711214 HTTP/1.1" 404 18013 "-" "Mozilla/5.0 (compatible; SemrushBot/7~bl; +http://www.semrush.com/bot.html)"
66.249.68.35 - - [17/Jan/2025:22:21:16 -0500] "GET /show/1158923 HTTP/1.1" 200 68054 "-" "Mozilla/5.0 (Linux; Android 6.0.1; Nexus 5X Build/MMB29P) AppleWebKit/537.36 (KHTML, like Gecko) Chrome/132.0.6834.83 Mobile Safari/537.36 (compatible; Googlebot/2.1; +http://www.google.com/bot.html)"
66.29.132.124 - - [17/Jan/2025:22:21:20 -0500] "POST /wp-cron.php?doing_wp_cron=1737170480.8635919094085693359375 HTTP/1.1" 200 0 "-" "WordPress/6.7.1; https://misswavenigeria.com"
85.208.96.211 - - [17/Jan/2025:22:21:20 -0500] "GET /goods/3640125 HTTP/1.1" 404 18012 "-" "Mozilla/5.0 (compatible; SemrushBot/7~bl; +http://www.semrush.com/bot.html)"
66.29.132.124 - - [17/Jan/2025:22:21:21 -0500] "POST /wp-admin/admin-ajax.php?action=async_litespeed&nonce=kLo2qK8jd1CUacmVK6SOYIldmYNwcsQG&litespeed_type=imgoptm HTTP/1.1" 200 21 "-" "WordPress/6.7.1; https://misswavenigeria.com"
185.191.171.5 - - [17/Jan/2025:22:21:23 -0500] "GET /goods/2631153 HTTP/1.1" 404 18013 "-" "Mozilla/5.0 (compatible; SemrushBot/7~bl; +http://www.semrush.com/bot.html)"
66.29.132.124 - - [17/Jan/2025:22:21:26 -0500] "POST /wp-cron.php?doing_wp_cron=1737170486.5756781101226806640625 HTTP/1.1" 200 0 "-" "WordPress/6.7.1; https://misswavenigeria.com"
185.191.171.7 - - [17/Jan/2025:22:21:26 -0500] "GET /goods/2776080 HTTP/1.1" 404 18012 "-" "Mozilla/5.0 (compatible; SemrushBot/7~bl; +http://www.semrush.com/bot.html)"
85.208.96.211 - - [17/Jan/2025:22:21:28 -0500] "GET /goods/2767523 HTTP/1.1" 404 18013 "-" "Mozilla/5.0 (compatible; SemrushBot/7~bl; +http://www.semrush.com/bot.html)"
66.249.68.3 - - [17/Jan/2025:22:21:30 -0500] "GET /index.php?goods/3757479?keyword=%E6%96%B0%E5%93%81%E2%98%85%E3%83%9E%E3%82%B9%E3%83%80%E3%82%B4%E3%83%AB%E3%83%95%E2%98%85STUDIO HTTP/1.1" 200 68512 "-" "Mozilla/5.0 (Linux; Android 6.0.1; Nexus 5X Build/MMB29P) AppleWebKit/537.36 (KHTML, like Gecko) Chrome/132.0.6834.83 Mobile Safari/537.36 (compatible; Googlebot/2.1; +http://www.google.com/bot.html)"
185.191.171.11 - - [17/Jan/2025:22:21:32 -0500] "GET /goods/2868568 HTTP/1.1" 404 18013 "-" "Mozilla/5.0 (compatible; SemrushBot/7~bl; +http://www.semrush.com/bot.html)"
66.249.79.168 - - [17/Jan/2025:22:21:43 -0500] "GET /show/4691084 HTTP/1.1" 200 67811 "-" "Mozilla/5.0 (Linux; Android 6.0.1; Nexus 5X Build/MMB29P) AppleWebKit/537.36 (KHTML, like Gecko) Chrome/132.0.6834.83 Mobile Safari/537.36 (compatible; Googlebot/2.1; +http://www.google.com/bot.html)"
85.208.96.212 - - [17/Jan/2025:22:22:07 -0500] "GET /goods/309247 HTTP/1.1" 404 18013 "-" "Mozilla/5.0 (compatible; SemrushBot/7~bl; +http://www.semrush.com/bot.html)"
66.249.79.3 - - [17/Jan/2025:22:22:05 -0500] "GET /show/2715390 HTTP/1.1" 200 68456 "-" "Mozilla/5.0 (Linux; Android 6.0.1; Nexus 5X Build/MMB29P) AppleWebKit/537.36 (KHTML, like Gecko) Chrome/132.0.6834.83 Mobile Safari/537.36 (compatible; Googlebot/2.1; +http://www.google.com/bot.html)"
85.208.96.211 - - [17/Jan/2025:22:22:12 -0500] "GET /goods/204575 HTTP/1.1" 404 18012 "-" "Mozilla/5.0 (compatible; SemrushBot/7~bl; +http://www.semrush.com/bot.html)"
185.191.171.3 - - [17/Jan/2025:22:22:18 -0500] "GET /wp-includes/Requests/src/Exception/Http/Status412.php HTTP/1.1" 500 0 "-" "Mozilla/5.0 (compatible; SemrushBot/7~bl; +http://www.semrush.com/bot.html)"
66.29.132.124 - - [17/Jan/2025:22:22:30 -0500] "POST /wp-cron.php?doing_wp_cron=1737170550.8788540363311767578125 HTTP/1.1" 200 0 "-" "WordPress/6.7.1; https://misswavenigeria.com"
66.249.68.34 - - [17/Jan/2025:22:22:29 -0500] "GET /show/534207 HTTP/1.1" 200 69623 "-" "Mozilla/5.0 (Linux; Android 6.0.1; Nexus 5X Build/MMB29P) AppleWebKit/537.36 (KHTML, like Gecko) Chrome/132.0.6834.83 Mobile Safari/537.36 (compatible; Googlebot/2.1; +http://www.google.com/bot.html)"
185.191.171.3 - - [17/Jan/2025:22:22:30 -0500] "GET /goods/20292 HTTP/1.1" 404 18013 "-" "Mozilla/5.0 (compatible; SemrushBot/7~bl; +http://www.semrush.com/bot.html)"
66.29.132.124 - - [17/Jan/2025:22:22:31 -0500] "POST /wp-admin/admin-ajax.php?action=async_litespeed&nonce=JZxGjWRZ15rzBtkHSSbjxzXHTZRigxvb&litespeed_type=imgoptm HTTP/1.1" 200 21 "-" "WordPress/6.7.1; https://misswavenigeria.com"
185.191.171.11 - - [17/Jan/2025:22:22:40 -0500] "GET /goods/4273385 HTTP/1.1" 404 18012 "-" "Mozilla/5.0 (compatible; SemrushBot/7~bl; +http://www.semrush.com/bot.html)"
66.249.68.36 - - [17/Jan/2025:22:23:01 -0500] "GET /show/4703886 HTTP/1.1" 200 67508 "-" "Mozilla/5.0 (Linux; Android 6.0.1; Nexus 5X Build/MMB29P) AppleWebKit/537.36 (KHTML, like Gecko) Chrome/132.0.6834.83 Mobile Safari/537.36 (compatible; Googlebot/2.1; +http://www.google.com/bot.html)"
66.249.79.34 - - [17/Jan/2025:22:23:27 -0500] "GET /show/3148793 HTTP/1.1" 200 70120 "-" "Mozilla/5.0 (Linux; Android 6.0.1; Nexus 5X Build/MMB29P) AppleWebKit/537.36 (KHTML, like Gecko) Chrome/132.0.6834.83 Mobile Safari/537.36 (compatible; Googlebot/2.1; +http://www.google.com/bot.html)"
66.29.132.124 - - [17/Jan/2025:22:23:48 -0500] "POST /wp-cron.php?doing_wp_cron=1737170628.4404211044311523437500 HTTP/1.1" 200 0 "-" "WordPress/6.7.1; https://misswavenigeria.com"
185.191.171.3 - - [17/Jan/2025:22:23:47 -0500] "GET /goods/1135268 HTTP/1.1" 404 18012 "-" "Mozilla/5.0 (compatible; SemrushBot/7~bl; +http://www.semrush.com/bot.html)"
66.29.132.124 - - [17/Jan/2025:22:23:50 -0500] "POST /wp-admin/admin-ajax.php?action=async_litespeed&nonce=T7Y48BzKsuR9cCE6fwuLigXWCKcGLDUe&litespeed_type=imgoptm HTTP/1.1" 200 0 "-" "WordPress/6.7.1; https://misswavenigeria.com"
66.29.132.124 - - [17/Jan/2025:22:23:53 -0500] "POST /wp-cron.php?doing_wp_cron=1737170633.4666450023651123046875 HTTP/1.1" 200 0 "-" "WordPress/6.7.1; https://misswavenigeria.com"
185.191.171.14 - - [17/Jan/2025:22:23:52 -0500] "GET /goods/2825470 HTTP/1.1" 404 18013 "-" "Mozilla/5.0 (compatible; SemrushBot/7~bl; +http://www.semrush.com/bot.html)"
66.249.68.34 - - [17/Jan/2025:22:23:52 -0500] "GET /static/111084 HTTP/1.1" 200 68114 "-" "Mozilla/5.0 (Linux; Android 6.0.1; Nexus 5X Build/MMB29P) AppleWebKit/537.36 (KHTML, like Gecko) Chrome/132.0.6834.83 Mobile Safari/537.36 (compatible; Googlebot/2.1; +http://www.google.com/bot.html)"
185.191.171.12 - - [17/Jan/2025:22:23:57 -0500] "GET /goods/3571794 HTTP/1.1" 404 18012 "-" "Mozilla/5.0 (compatible; SemrushBot/7~bl; +http://www.semrush.com/bot.html)"
185.191.171.3 - - [17/Jan/2025:22:24:01 -0500] "GET /goods/2668774 HTTP/1.1" 404 18012 "-" "Mozilla/5.0 (compatible; SemrushBot/7~bl; +http://www.semrush.com/bot.html)"
66.249.68.3 - - [17/Jan/2025:22:24:03 -0500] "GET /static/3151181?keyword=%E3%82%B2%E3%83%BC%E3%83%A0%E3%83%BB%E3%81%8A%E3%82%82%E3%81%A1%E3%82%83%E3%83%BB%E3%82%B0%E3%83%83%E3%82%BA HTTP/1.1" 200 68444 "-" "Mozilla/5.0 (compatible; Googlebot/2.1; +http://www.google.com/bot.html)"
66.249.68.66 - - [17/Jan/2025:22:24:07 -0500] "GET /index.php?static/3875863 HTTP/1.1" 200 69730 "-" "Mozilla/5.0 (Linux; Android 6.0.1; Nexus 5X Build/MMB29P) AppleWebKit/537.36 (KHTML, like Gecko) Chrome/132.0.6834.83 Mobile Safari/537.36 (compatible; Googlebot/2.1; +http://www.google.com/bot.html)"
66.29.132.124 - - [17/Jan/2025:22:24:23 -0500] "POST /wp-cron.php?doing_wp_cron=1737170662.7735059261322021484375 HTTP/1.1" 200 0 "-" "WordPress/6.7.1; https://misswavenigeria.com"
185.191.171.15 - - [17/Jan/2025:22:24:21 -0500] "GET /goods/2623269 HTTP/1.1" 404 18011 "-" "Mozilla/5.0 (compatible; SemrushBot/7~bl; +http://www.semrush.com/bot.html)"
85.208.96.194 - - [17/Jan/2025:22:24:27 -0500] "GET /goods/3281219 HTTP/1.1" 404 18013 "-" "Mozilla/5.0 (compatible; SemrushBot/7~bl; +http://www.semrush.com/bot.html)"
66.249.79.204 - - [17/Jan/2025:22:24:39 -0500] "GET /show/1668228 HTTP/1.1" 200 68613 "-" "Mozilla/5.0 (Linux; Android 6.0.1; Nexus 5X Build/MMB29P) AppleWebKit/537.36 (KHTML, like Gecko) Chrome/132.0.6834.83 Mobile Safari/537.36 (compatible; Googlebot/2.1; +http://www.google.com/bot.html)"
85.208.96.208 - - [17/Jan/2025:22:24:44 -0500] "GET /goods/689373 HTTP/1.1" 404 18013 "-" "Mozilla/5.0 (compatible; SemrushBot/7~bl; +http://www.semrush.com/bot.html)"
47.128.34.99 - - [17/Jan/2025:22:24:47 -0500] "GET /wp-includes/IXR/class-IXR-request.php HTTP/1.1" 200 0 "-" "Mozilla/5.0 (Linux; Android 5.0) AppleWebKit/537.36 (KHTML, like Gecko) Mobile Safari/537.36 (compatible; Bytespider; spider-feedback@bytedance.com)"
85.208.96.204 - - [17/Jan/2025:22:24:53 -0500] "GET /goods/2924377 HTTP/1.1" 404 18013 "-" "Mozilla/5.0 (compatible; SemrushBot/7~bl; +http://www.semrush.com/bot.html)"
66.249.68.34 - - [17/Jan/2025:22:24:53 -0500] "GET /category/279557 HTTP/1.1" 200 68561 "-" "Mozilla/5.0 (Linux; Android 6.0.1; Nexus 5X Build/MMB29P) AppleWebKit/537.36 (KHTML, like Gecko) Chrome/132.0.6834.83 Mobile Safari/537.36 (compatible; Googlebot/2.1; +http://www.google.com/bot.html)"
185.191.171.16 - - [17/Jan/2025:22:24:56 -0500] "GET /goods/2032876 HTTP/1.1" 404 18012 "-" "Mozilla/5.0 (compatible; SemrushBot/7~bl; +http://www.semrush.com/bot.html)"
85.208.96.197 - - [17/Jan/2025:22:25:06 -0500] "GET /goods/1513430 HTTP/1.1" 404 18013 "-" "Mozilla/5.0 (compatible; SemrushBot/7~bl; +http://www.semrush.com/bot.html)"
66.249.79.168 - - [17/Jan/2025:22:25:06 -0500] "GET /goods/1800119 HTTP/1.1" 200 68046 "-" "Mozilla/5.0 (Linux; Android 6.0.1; Nexus 5X Build/MMB29P) AppleWebKit/537.36 (KHTML, like Gecko) Chrome/132.0.6834.83 Mobile Safari/537.36 (compatible; Googlebot/2.1; +http://www.google.com/bot.html)"
66.249.68.4 - - [17/Jan/2025:22:25:13 -0500] "GET /category/4478635 HTTP/1.1" 200 71092 "-" "Mozilla/5.0 (Linux; Android 6.0.1; Nexus 5X Build/MMB29P) AppleWebKit/537.36 (KHTML, like Gecko) Chrome/132.0.6834.83 Mobile Safari/537.36 (compatible; Googlebot/2.1; +http://www.google.com/bot.html)"
85.208.96.195 - - [17/Jan/2025:22:25:19 -0500] "GET /goods/4319837 HTTP/1.1" 404 18012 "-" "Mozilla/5.0 (compatible; SemrushBot/7~bl; +http://www.semrush.com/bot.html)"
66.29.132.124 - - [17/Jan/2025:22:25:26 -0500] "POST /wp-cron.php?doing_wp_cron=1737170726.6939330101013183593750 HTTP/1.1" 200 0 "-" "WordPress/6.7.1; https://misswavenigeria.com"
85.208.96.211 - - [17/Jan/2025:22:25:26 -0500] "GET /goods/3113149 HTTP/1.1" 404 18013 "-" "Mozilla/5.0 (compatible; SemrushBot/7~bl; +http://www.semrush.com/bot.html)"
66.29.132.124 - - [17/Jan/2025:22:25:28 -0500] "POST /wp-admin/admin-ajax.php?action=async_litespeed&nonce=Nr91WqamI9nG0nUZfFfiPfROginJ1d3B&litespeed_type=imgoptm HTTP/1.1" 200 0 "-" "WordPress/6.7.1; https://misswavenigeria.com"
185.191.171.14 - - [17/Jan/2025:22:25:29 -0500] "GET /goods/2905587 HTTP/1.1" 404 18012 "-" "Mozilla/5.0 (compatible; SemrushBot/7~bl; +http://www.semrush.com/bot.html)"
66.249.79.204 - - [17/Jan/2025:22:25:30 -0500] "GET /show/3795624 HTTP/1.1" 200 68633 "-" "Mozilla/5.0 (Linux; Android 6.0.1; Nexus 5X Build/MMB29P) AppleWebKit/537.36 (KHTML, like Gecko) Chrome/132.0.6834.83 Mobile Safari/537.36 (compatible; Googlebot/2.1; +http://www.google.com/bot.html)"
85.208.96.193 - - [17/Jan/2025:22:25:34 -0500] "GET /goods/1824022 HTTP/1.1" 404 18013 "-" "Mozilla/5.0 (compatible; SemrushBot/7~bl; +http://www.semrush.com/bot.html)"
185.191.171.18 - - [17/Jan/2025:22:25:44 -0500] "GET /goods/3760491 HTTP/1.1" 404 18013 "-" "Mozilla/5.0 (compatible; SemrushBot/7~bl; +http://www.semrush.com/bot.html)"
66.249.68.5 - - [17/Jan/2025:22:26:01 -0500] "GET /show/1667161 HTTP/1.1" 200 68405 "-" "Mozilla/5.0 (Linux; Android 6.0.1; Nexus 5X Build/MMB29P) AppleWebKit/537.36 (KHTML, like Gecko) Chrome/132.0.6834.83 Mobile Safari/537.36 (compatible; Googlebot/2.1; +http://www.google.com/bot.html)"
185.191.171.16 - - [17/Jan/2025:22:26:09 -0500] "GET /goods/850565 HTTP/1.1" 404 18013 "-" "Mozilla/5.0 (compatible; SemrushBot/7~bl; +http://www.semrush.com/bot.html)"
66.249.79.168 - - [17/Jan/2025:22:26:09 -0500] "GET /index.php?static/1250235 HTTP/1.1" 200 73096 "-" "Mozilla/5.0 (Linux; Android 6.0.1; Nexus 5X Build/MMB29P) AppleWebKit/537.36 (KHTML, like Gecko) Chrome/132.0.6834.83 Mobile Safari/537.36 (compatible; Googlebot/2.1; +http://www.google.com/bot.html)"
85.208.96.206 - - [17/Jan/2025:22:26:17 -0500] "GET /goods/2361518 HTTP/1.1" 404 18013 "-" "Mozilla/5.0 (compatible; SemrushBot/7~bl; +http://www.semrush.com/bot.html)"
66.249.79.34 - - [17/Jan/2025:22:26:18 -0500] "GET /static/3717883 HTTP/1.1" 200 68540 "-" "Mozilla/5.0 (Linux; Android 6.0.1; Nexus 5X Build/MMB29P) AppleWebKit/537.36 (KHTML, like Gecko) Chrome/132.0.6834.83 Mobile Safari/537.36 (compatible; Googlebot/2.1; +http://www.google.com/bot.html)"
66.29.132.124 - - [17/Jan/2025:22:26:23 -0500] "POST /wp-cron.php?doing_wp_cron=1737170783.5914940834045410156250 HTTP/1.1" 200 0 "-" "WordPress/6.7.1; https://misswavenigeria.com"
185.191.171.16 - - [17/Jan/2025:22:26:23 -0500] "GET /goods/4128046 HTTP/1.1" 404 18013 "-" "Mozilla/5.0 (compatible; SemrushBot/7~bl; +http://www.semrush.com/bot.html)"
66.29.132.124 - - [17/Jan/2025:22:26:24 -0500] "POST /wp-admin/admin-ajax.php?action=async_litespeed&nonce=J0ZUrSkwzLLtagKuf6jWa2BuTz98CXYt&litespeed_type=imgoptm HTTP/1.1" 200 21 "-" "WordPress/6.7.1; https://misswavenigeria.com"
66.249.68.66 - - [17/Jan/2025:22:26:29 -0500] "GET /static/1042564 HTTP/1.1" 200 71405 "-" "Mozilla/5.0 (Linux; Android 6.0.1; Nexus 5X Build/MMB29P) AppleWebKit/537.36 (KHTML, like Gecko) Chrome/132.0.6834.83 Mobile Safari/537.36 (compatible; Googlebot/2.1; +http://www.google.com/bot.html)"
66.29.132.124 - - [17/Jan/2025:22:26:31 -0500] "POST /wp-cron.php?doing_wp_cron=1737170791.7626500129699707031250 HTTP/1.1" 200 0 "-" "WordPress/6.7.1; https://misswavenigeria.com"
85.208.96.196 - - [17/Jan/2025:22:26:31 -0500] "GET /goods/4789834 HTTP/1.1" 404 18013 "-" "Mozilla/5.0 (compatible; SemrushBot/7~bl; +http://www.semrush.com/bot.html)"
66.249.79.34 - - [17/Jan/2025:22:26:40 -0500] "GET /goods/3972877 HTTP/1.1" 200 68185 "-" "Mozilla/5.0 (Linux; Android 6.0.1; Nexus 5X Build/MMB29P) AppleWebKit/537.36 (KHTML, like Gecko) Chrome/132.0.6834.83 Mobile Safari/537.36 (compatible; Googlebot/2.1; +http://www.google.com/bot.html)"
85.208.96.204 - - [17/Jan/2025:22:26:43 -0500] "GET /robots.txt HTTP/1.1" 200 142 "-" "Mozilla/5.0 (compatible; SemrushBot/7~bl; +http://www.semrush.com/bot.html)"
85.208.96.209 - - [17/Jan/2025:22:26:44 -0500] "GET /goods/3297968 HTTP/1.1" 404 18013 "-" "Mozilla/5.0 (compatible; SemrushBot/7~bl; +http://www.semrush.com/bot.html)"
66.249.79.104 - - [17/Jan/2025:22:27:03 -0500] "GET /goods/4342100 HTTP/1.1" 200 70402 "-" "Mozilla/5.0 (Linux; Android 6.0.1; Nexus 5X Build/MMB29P) AppleWebKit/537.36 (KHTML, like Gecko) Chrome/132.0.6834.83 Mobile Safari/537.36 (compatible; Googlebot/2.1; +http://www.google.com/bot.html)"
66.249.79.103 - - [17/Jan/2025:22:27:06 -0500] "GET /show/802703 HTTP/1.1" 200 68080 "-" "Mozilla/5.0 (Linux; Android 6.0.1; Nexus 5X Build/MMB29P) AppleWebKit/537.36 (KHTML, like Gecko) Chrome/132.0.6834.83 Mobile Safari/537.36 (compatible; Googlebot/2.1; +http://www.google.com/bot.html)"
66.249.79.168 - - [17/Jan/2025:22:27:21 -0500] "GET /static/180109 HTTP/1.1" 200 70056 "-" "Mozilla/5.0 (Linux; Android 6.0.1; Nexus 5X Build/MMB29P) AppleWebKit/537.36 (KHTML, like Gecko) Chrome/132.0.6834.83 Mobile Safari/537.36 (compatible; Googlebot/2.1; +http://www.google.com/bot.html)"
66.249.79.34 - - [17/Jan/2025:22:27:29 -0500] "GET /static/1878423 HTTP/1.1" 200 68425 "-" "Mozilla/5.0 (Linux; Android 6.0.1; Nexus 5X Build/MMB29P) AppleWebKit/537.36 (KHTML, like Gecko) Chrome/132.0.6834.83 Mobile Safari/537.36 (compatible; Googlebot/2.1; +http://www.google.com/bot.html)"
66.249.79.32 - - [17/Jan/2025:22:27:41 -0500] "GET /show/3215797 HTTP/1.1" 200 68447 "-" "Mozilla/5.0 (Linux; Android 6.0.1; Nexus 5X Build/MMB29P) AppleWebKit/537.36 (KHTML, like Gecko) Chrome/132.0.6834.83 Mobile Safari/537.36 (compatible; Googlebot/2.1; +http://www.google.com/bot.html)"
66.29.132.124 - - [17/Jan/2025:22:27:44 -0500] "POST /wp-cron.php?doing_wp_cron=1737170864.7642560005187988281250 HTTP/1.1" 200 0 "-" "WordPress/6.7.1; https://misswavenigeria.com"
185.191.171.8 - - [17/Jan/2025:22:27:44 -0500] "GET /goods/348522 HTTP/1.1" 404 18013 "-" "Mozilla/5.0 (compatible; SemrushBot/7~bl; +http://www.semrush.com/bot.html)"
66.29.132.124 - - [17/Jan/2025:22:27:45 -0500] "POST /wp-admin/admin-ajax.php?action=async_litespeed&nonce=q0yPgrceSLFNK4tOFvwwJe6zNFoFTq9x&litespeed_type=imgoptm HTTP/1.1" 200 21 "-" "WordPress/6.7.1; https://misswavenigeria.com"
85.208.96.207 - - [17/Jan/2025:22:28:02 -0500] "GET /goods/3591165 HTTP/1.1" 404 18012 "-" "Mozilla/5.0 (compatible; SemrushBot/7~bl; +http://www.semrush.com/bot.html)"
85.208.96.206 - - [17/Jan/2025:22:28:07 -0500] "GET /goods/3448834 HTTP/1.1" 404 18013 "-" "Mozilla/5.0 (compatible; SemrushBot/7~bl; +http://www.semrush.com/bot.html)"
185.191.171.2 - - [17/Jan/2025:22:28:11 -0500] "GET /goods/1944714 HTTP/1.1" 404 18012 "-" "Mozilla/5.0 (compatible; SemrushBot/7~bl; +http://www.semrush.com/bot.html)"
66.29.132.124 - - [17/Jan/2025:22:28:21 -0500] "POST /wp-cron.php?doing_wp_cron=1737170901.3575999736785888671875 HTTP/1.1" 200 0 "-" "WordPress/6.7.1; https://misswavenigeria.com"
185.191.171.15 - - [17/Jan/2025:22:28:21 -0500] "GET /goods/2440732 HTTP/1.1" 404 18013 "-" "Mozilla/5.0 (compatible; SemrushBot/7~bl; +http://www.semrush.com/bot.html)"
66.29.132.124 - - [17/Jan/2025:22:28:21 -0500] "POST /wp-admin/admin-ajax.php?action=async_litespeed&nonce=dDxteGAj0zcHdSYjQcVYZC2JExL0LhPa&litespeed_type=imgoptm HTTP/1.1" 200 21 "-" "WordPress/6.7.1; https://misswavenigeria.com"
66.249.79.35 - - [17/Jan/2025:22:28:22 -0500] "GET /show/4006312 HTTP/1.1" 200 82921 "-" "Mozilla/5.0 (Linux; Android 6.0.1; Nexus 5X Build/MMB29P) AppleWebKit/537.36 (KHTML, like Gecko) Chrome/132.0.6834.83 Mobile Safari/537.36 (compatible; Googlebot/2.1; +http://www.google.com/bot.html)"
66.29.132.124 - - [17/Jan/2025:22:28:36 -0500] "POST /wp-cron.php?doing_wp_cron=1737170915.9401950836181640625000 HTTP/1.1" 200 0 "-" "WordPress/6.7.1; https://misswavenigeria.com"
85.208.96.202 - - [17/Jan/2025:22:28:35 -0500] "GET /goods/614893 HTTP/1.1" 404 18012 "-" "Mozilla/5.0 (compatible; SemrushBot/7~bl; +http://www.semrush.com/bot.html)"
66.249.68.3 - - [17/Jan/2025:22:28:45 -0500] "GET /category/1212066 HTTP/1.1" 200 67587 "-" "Mozilla/5.0 (Linux; Android 6.0.1; Nexus 5X Build/MMB29P) AppleWebKit/537.36 (KHTML, like Gecko) Chrome/132.0.6834.83 Mobile Safari/537.36 (compatible; Googlebot/2.1; +http://www.google.com/bot.html)"
185.191.171.3 - - [17/Jan/2025:22:28:47 -0500] "GET /goods/2979296 HTTP/1.1" 404 18013 "-" "Mozilla/5.0 (compatible; SemrushBot/7~bl; +http://www.semrush.com/bot.html)"
47.128.57.90 - - [17/Jan/2025:22:28:48 -0500] "GET /wp-includes/sodium_compat/namespaced/Core/X25519.php HTTP/1.1" 500 0 "-" "Mozilla/5.0 (Linux; Android 5.0) AppleWebKit/537.36 (KHTML, like Gecko) Mobile Safari/537.36 (compatible; Bytespider; spider-feedback@bytedance.com)"
85.208.96.209 - - [17/Jan/2025:22:28:54 -0500] "GET /goods/1694112 HTTP/1.1" 404 18012 "-" "Mozilla/5.0 (compatible; SemrushBot/7~bl; +http://www.semrush.com/bot.html)"
185.191.171.7 - - [17/Jan/2025:22:29:08 -0500] "GET /goods/471069 HTTP/1.1" 404 18013 "-" "Mozilla/5.0 (compatible; SemrushBot/7~bl; +http://www.semrush.com/bot.html)"
66.249.79.103 - - [17/Jan/2025:22:29:08 -0500] "GET /static/92685 HTTP/1.1" 200 68133 "-" "Mozilla/5.0 (Linux; Android 6.0.1; Nexus 5X Build/MMB29P) AppleWebKit/537.36 (KHTML, like Gecko) Chrome/132.0.6834.83 Mobile Safari/537.36 (compatible; Googlebot/2.1; +http://www.google.com/bot.html)"
185.191.171.8 - - [17/Jan/2025:22:29:10 -0500] "GET /goods/3361980 HTTP/1.1" 404 18012 "-" "Mozilla/5.0 (compatible; SemrushBot/7~bl; +http://www.semrush.com/bot.html)"
85.208.96.202 - - [17/Jan/2025:22:29:16 -0500] "GET /goods/3400734 HTTP/1.1" 404 18013 "-" "Mozilla/5.0 (compatible; SemrushBot/7~bl; +http://www.semrush.com/bot.html)"
66.29.132.124 - - [17/Jan/2025:22:29:28 -0500] "POST /wp-cron.php?doing_wp_cron=1737170968.7693619728088378906250 HTTP/1.1" 200 0 "-" "WordPress/6.7.1; https://misswavenigeria.com"
85.208.96.211 - - [17/Jan/2025:22:29:28 -0500] "GET /goods/4578827 HTTP/1.1" 404 18019 "-" "Mozilla/5.0 (compatible; SemrushBot/7~bl; +http://www.semrush.com/bot.html)"
66.29.132.124 - - [17/Jan/2025:22:29:28 -0500] "POST /wp-admin/admin-ajax.php?action=async_litespeed&nonce=fbEFm5jzjZbSCMSiVoDM2y7XMQNJrdYp&litespeed_type=imgoptm HTTP/1.1" 200 21 "-" "WordPress/6.7.1; https://misswavenigeria.com"
85.208.96.211 - - [17/Jan/2025:22:29:37 -0500] "GET /goods/4367885 HTTP/1.1" 404 18013 "-" "Mozilla/5.0 (compatible; SemrushBot/7~bl; +http://www.semrush.com/bot.html)"
66.249.79.168 - - [17/Jan/2025:22:29:42 -0500] "GET /static/47399 HTTP/1.1" 200 69661 "-" "Mozilla/5.0 (Linux; Android 6.0.1; Nexus 5X Build/MMB29P) AppleWebKit/537.36 (KHTML, like Gecko) Chrome/132.0.6834.83 Mobile Safari/537.36 (compatible; Googlebot/2.1; +http://www.google.com/bot.html)"
85.208.96.204 - - [17/Jan/2025:22:29:44 -0500] "GET /goods/4352973 HTTP/1.1" 404 18013 "-" "Mozilla/5.0 (compatible; SemrushBot/7~bl; +http://www.semrush.com/bot.html)"
66.249.68.66 - - [17/Jan/2025:22:29:50 -0500] "GET /show/1461546 HTTP/1.1" 200 67886 "-" "Mozilla/5.0 (Linux; Android 6.0.1; Nexus 5X Build/MMB29P) AppleWebKit/537.36 (KHTML, like Gecko) Chrome/132.0.6834.83 Mobile Safari/537.36 (compatible; Googlebot/2.1; +http://www.google.com/bot.html)"
66.249.68.4 - - [17/Jan/2025:22:30:04 -0500] "GET /?product=assessor4930403-641 HTTP/1.1" 200 68125 "-" "Mozilla/5.0 (Linux; Android 6.0.1; Nexus 5X Build/MMB29P) AppleWebKit/537.36 (KHTML, like Gecko) Chrome/132.0.6834.83 Mobile Safari/537.36 (compatible; Googlebot/2.1; +http://www.google.com/bot.html)"
85.208.96.203 - - [17/Jan/2025:22:30:09 -0500] "GET /wp-includes/SimplePie/src/Cache/File.php HTTP/1.1" 500 0 "-" "Mozilla/5.0 (compatible; SemrushBot/7~bl; +http://www.semrush.com/bot.html)"
66.29.132.124 - - [17/Jan/2025:22:30:23 -0500] "POST /wp-cron.php?doing_wp_cron=1737171023.7836430072784423828125 HTTP/1.1" 200 0 "-" "WordPress/6.7.1; https://misswavenigeria.com"
85.208.96.209 - - [17/Jan/2025:22:30:23 -0500] "GET /goods/681637 HTTP/1.1" 404 18013 "-" "Mozilla/5.0 (compatible; SemrushBot/7~bl; +http://www.semrush.com/bot.html)"
66.29.132.124 - - [17/Jan/2025:22:30:24 -0500] "POST /wp-admin/admin-ajax.php?action=async_litespeed&nonce=VtbZ0Z3TXBo9jWpaze0a1yGAjePZjvRY&litespeed_type=imgoptm HTTP/1.1" 200 21 "-" "WordPress/6.7.1; https://misswavenigeria.com"
66.29.132.124 - - [17/Jan/2025:22:30:28 -0500] "POST /wp-cron.php?doing_wp_cron=1737171028.7830948829650878906250 HTTP/1.1" 200 0 "-" "WordPress/6.7.1; https://misswavenigeria.com"
85.208.96.198 - - [17/Jan/2025:22:30:28 -0500] "GET /goods/403595 HTTP/1.1" 404 18012 "-" "Mozilla/5.0 (compatible; SemrushBot/7~bl; +http://www.semrush.com/bot.html)"
185.191.171.8 - - [17/Jan/2025:22:30:32 -0500] "GET /goods/3730571 HTTP/1.1" 404 18013 "-" "Mozilla/5.0 (compatible; SemrushBot/7~bl; +http://www.semrush.com/bot.html)"
185.191.171.8 - - [17/Jan/2025:22:30:37 -0500] "GET /goods/853899 HTTP/1.1" 404 18013 "-" "Mozilla/5.0 (compatible; SemrushBot/7~bl; +http://www.semrush.com/bot.html)"
66.249.68.66 - - [17/Jan/2025:22:30:39 -0500] "GET /?product=passivity8569283-750?keyword=%E3%83%95%E3%82%A1%E3%83%83%E3%82%B7%E3%83%A7%E3%83%B3 HTTP/1.1" 200 72332 "-" "Mozilla/5.0 (Linux; Android 6.0.1; Nexus 5X Build/MMB29P) AppleWebKit/537.36 (KHTML, like Gecko) Chrome/132.0.6834.83 Mobile Safari/537.36 (compatible; Googlebot/2.1; +http://www.google.com/bot.html)"
185.191.171.13 - - [17/Jan/2025:22:30:53 -0500] "GET /goods/4409228 HTTP/1.1" 404 18012 "-" "Mozilla/5.0 (compatible; SemrushBot/7~bl; +http://www.semrush.com/bot.html)"
66.249.79.34 - - [17/Jan/2025:22:30:54 -0500] "GET /show/405417 HTTP/1.1" 200 69178 "-" "Mozilla/5.0 (Linux; Android 6.0.1; Nexus 5X Build/MMB29P) AppleWebKit/537.36 (KHTML, like Gecko) Chrome/132.0.6834.83 Mobile Safari/537.36 (compatible; Googlebot/2.1; +http://www.google.com/bot.html)"
66.249.79.169 - - [17/Jan/2025:22:31:06 -0500] "GET /show/4237050 HTTP/1.1" 200 70098 "-" "Mozilla/5.0 (Linux; Android 6.0.1; Nexus 5X Build/MMB29P) AppleWebKit/537.36 (KHTML, like Gecko) Chrome/132.0.6834.83 Mobile Safari/537.36 (compatible; Googlebot/2.1; +http://www.google.com/bot.html)"
66.29.132.124 - - [17/Jan/2025:22:31:31 -0500] "POST /wp-cron.php?doing_wp_cron=1737171091.9049599170684814453125 HTTP/1.1" 200 0 "-" "WordPress/6.7.1; https://misswavenigeria.com"
85.208.96.196 - - [17/Jan/2025:22:31:31 -0500] "GET /goods/4728773 HTTP/1.1" 404 18013 "-" "Mozilla/5.0 (compatible; SemrushBot/7~bl; +http://www.semrush.com/bot.html)"
66.29.132.124 - - [17/Jan/2025:22:31:32 -0500] "POST /wp-admin/admin-ajax.php?action=async_litespeed&nonce=3WaSsYCSKjpUXfwZp8tfDKFM9B7LDozJ&litespeed_type=imgoptm HTTP/1.1" 200 21 "-" "WordPress/6.7.1; https://misswavenigeria.com"
66.249.79.168 - - [17/Jan/2025:22:31:41 -0500] "GET /show/2230184 HTTP/1.1" 200 70587 "-" "Mozilla/5.0 (Linux; Android 6.0.1; Nexus 5X Build/MMB29P) AppleWebKit/537.36 (KHTML, like Gecko) Chrome/132.0.6834.83 Mobile Safari/537.36 (compatible; Googlebot/2.1; +http://www.google.com/bot.html)"
66.249.79.3 - - [17/Jan/2025:22:31:54 -0500] "GET /show/1074471 HTTP/1.1" 200 68447 "-" "Mozilla/5.0 (Linux; Android 6.0.1; Nexus 5X Build/MMB29P) AppleWebKit/537.36 (KHTML, like Gecko) Chrome/132.0.6834.83 Mobile Safari/537.36 (compatible; Googlebot/2.1; +http://www.google.com/bot.html)"
185.191.171.5 - - [17/Jan/2025:22:32:08 -0500] "GET /goods/4311093 HTTP/1.1" 404 18019 "-" "Mozilla/5.0 (compatible; SemrushBot/7~bl; +http://www.semrush.com/bot.html)"
66.249.79.103 - - [17/Jan/2025:22:32:08 -0500] "GET /goods/1293380 HTTP/1.1" 200 68669 "-" "Mozilla/5.0 (Linux; Android 6.0.1; Nexus 5X Build/MMB29P) AppleWebKit/537.36 (KHTML, like Gecko) Chrome/132.0.6834.83 Mobile Safari/537.36 (compatible; Googlebot/2.1; +http://www.google.com/bot.html)"
185.191.171.18 - - [17/Jan/2025:22:32:10 -0500] "GET /goods/4389510 HTTP/1.1" 404 18012 "-" "Mozilla/5.0 (compatible; SemrushBot/7~bl; +http://www.semrush.com/bot.html)"
85.208.96.198 - - [17/Jan/2025:22:32:12 -0500] "GET /goods/101802 HTTP/1.1" 404 18012 "-" "Mozilla/5.0 (compatible; SemrushBot/7~bl; +http://www.semrush.com/bot.html)"
185.191.171.2 - - [17/Jan/2025:22:32:15 -0500] "GET /goods/3142881 HTTP/1.1" 404 18013 "-" "Mozilla/5.0 (compatible; SemrushBot/7~bl; +http://www.semrush.com/bot.html)"
66.29.132.124 - - [17/Jan/2025:22:32:23 -0500] "POST /wp-cron.php?doing_wp_cron=1737171143.0956220626831054687500 HTTP/1.1" 200 0 "-" "WordPress/6.7.1; https://misswavenigeria.com"
185.191.171.6 - - [17/Jan/2025:22:32:22 -0500] "GET /goods/2327468 HTTP/1.1" 404 18013 "-" "Mozilla/5.0 (compatible; SemrushBot/7~bl; +http://www.semrush.com/bot.html)"
66.29.132.124 - - [17/Jan/2025:22:32:23 -0500] "POST /wp-admin/admin-ajax.php?action=async_litespeed&nonce=8vvnF1Jw8H3YlX8AO2xLDtUDMwLSvfM9&litespeed_type=imgoptm HTTP/1.1" 200 21 "-" "WordPress/6.7.1; https://misswavenigeria.com"
66.249.79.3 - - [17/Jan/2025:22:32:41 -0500] "GET /static/4438105 HTTP/1.1" 200 68620 "-" "Mozilla/5.0 (Linux; Android 6.0.1; Nexus 5X Build/MMB29P) AppleWebKit/537.36 (KHTML, like Gecko) Chrome/132.0.6834.83 Mobile Safari/537.36 (compatible; Googlebot/2.1; +http://www.google.com/bot.html)"
66.29.132.124 - - [17/Jan/2025:22:32:46 -0500] "POST /wp-cron.php?doing_wp_cron=1737171166.5403959751129150390625 HTTP/1.1" 200 0 "-" "WordPress/6.7.1; https://misswavenigeria.com"
85.208.96.199 - - [17/Jan/2025:22:32:46 -0500] "GET /goods/3603552 HTTP/1.1" 404 18012 "-" "Mozilla/5.0 (compatible; SemrushBot/7~bl; +http://www.semrush.com/bot.html)"
47.128.50.19 - - [17/Jan/2025:22:32:48 -0500] "GET /wp-includes/sitemaps/class-wp-sitemaps-renderer.php HTTP/1.1" 200 0 "-" "Mozilla/5.0 (Linux; Android 5.0) AppleWebKit/537.36 (KHTML, like Gecko) Mobile Safari/537.36 (compatible; Bytespider; spider-feedback@bytedance.com)"
66.249.79.102 - - [17/Jan/2025:22:32:53 -0500] "GET /static/4277564 HTTP/1.1" 200 69826 "-" "Mozilla/5.0 (Linux; Android 6.0.1; Nexus 5X Build/MMB29P) AppleWebKit/537.36 (KHTML, like Gecko) Chrome/132.0.6834.83 Mobile Safari/537.36 (compatible; Googlebot/2.1; +http://www.google.com/bot.html)"
185.191.171.3 - - [17/Jan/2025:22:32:56 -0500] "GET /goods/3226550 HTTP/1.1" 404 18012 "-" "Mozilla/5.0 (compatible; SemrushBot/7~bl; +http://www.semrush.com/bot.html)"
85.208.96.194 - - [17/Jan/2025:22:33:12 -0500] "GET /goods/1881528 HTTP/1.1" 404 18012 "-" "Mozilla/5.0 (compatible; SemrushBot/7~bl; +http://www.semrush.com/bot.html)"
66.249.79.35 - - [17/Jan/2025:22:33:15 -0500] "GET /goods/4359504 HTTP/1.1" 200 67299 "-" "Mozilla/5.0 (Linux; Android 6.0.1; Nexus 5X Build/MMB29P) AppleWebKit/537.36 (KHTML, like Gecko) Chrome/132.0.6834.83 Mobile Safari/537.36 (compatible; Googlebot/2.1; +http://www.google.com/bot.html)"
66.249.68.66 - - [17/Jan/2025:22:33:27 -0500] "GET /show/3871406 HTTP/1.1" 200 68395 "-" "Mozilla/5.0 (Linux; Android 6.0.1; Nexus 5X Build/MMB29P) AppleWebKit/537.36 (KHTML, like Gecko) Chrome/132.0.6834.83 Mobile Safari/537.36 (compatible; Googlebot/2.1; +http://www.google.com/bot.html)"
66.29.132.124 - - [17/Jan/2025:22:33:29 -0500] "POST /wp-cron.php?doing_wp_cron=1737171209.5231630802154541015625 HTTP/1.1" 200 0 "-" "WordPress/6.7.1; https://misswavenigeria.com"
43.163.6.35 - - [17/Jan/2025:22:33:29 -0500] "GET / HTTP/1.1" 301 0 "http://www.misswavenigeria.com" "Mozilla/5.0 (iPhone; CPU iPhone OS 13_2_3 like Mac OS X) AppleWebKit/605.1.15 (KHTML, like Gecko) Version/13.0.3 Mobile/15E148 Safari/604.1"
66.29.132.124 - - [17/Jan/2025:22:33:29 -0500] "POST /wp-admin/admin-ajax.php?action=async_litespeed&nonce=6Gnh3wHHKVEIrcAO5cqbF21LpyhninMk&litespeed_type=imgoptm HTTP/1.1" 200 21 "-" "WordPress/6.7.1; https://misswavenigeria.com"
85.208.96.209 - - [17/Jan/2025:22:33:30 -0500] "GET /goods/3797783 HTTP/1.1" 404 18011 "-" "Mozilla/5.0 (compatible; SemrushBot/7~bl; +http://www.semrush.com/bot.html)"
43.163.6.35 - - [17/Jan/2025:22:33:31 -0500] "GET / HTTP/1.1" 200 24483 "https://www.misswavenigeria.com/" "Mozilla/5.0 (iPhone; CPU iPhone OS 13_2_3 like Mac OS X) AppleWebKit/605.1.15 (KHTML, like Gecko) Version/13.0.3 Mobile/15E148 Safari/604.1"
85.208.96.206 - - [17/Jan/2025:22:33:35 -0500] "GET /goods/4484493 HTTP/1.1" 404 18011 "-" "Mozilla/5.0 (compatible; SemrushBot/7~bl; +http://www.semrush.com/bot.html)"
185.191.171.1 - - [17/Jan/2025:22:33:43 -0500] "GET /goods/3095382 HTTP/1.1" 404 18013 "-" "Mozilla/5.0 (compatible; SemrushBot/7~bl; +http://www.semrush.com/bot.html)"
185.191.171.19 - - [17/Jan/2025:22:33:46 -0500] "GET /goods/2730207 HTTP/1.1" 404 18012 "-" "Mozilla/5.0 (compatible; SemrushBot/7~bl; +http://www.semrush.com/bot.html)"
