52.167.144.22 - - [17/Jan/2025:22:35:42 -0500] "GET /omsnc/a2487115.html HTTP/1.1" 200 69975 "-" "Mozilla/5.0 AppleWebKit/537.36 (KHTML, like Gecko; compatible; bingbot/2.0; +http://www.bing.com/bingbot.htm) Chrome/116.0.1938.76 Safari/537.36"
52.167.144.181 - - [17/Jan/2025:22:35:43 -0500] "GET /vlxai/g1762163.html HTTP/1.1" 200 68571 "-" "Mozilla/5.0 AppleWebKit/537.36 (KHTML, like Gecko; compatible; bingbot/2.0; +http://www.bing.com/bingbot.htm) Chrome/116.0.1938.76 Safari/537.36"
52.167.144.210 - - [17/Jan/2025:22:36:00 -0500] "GET /ympmp/d1867304.html HTTP/1.1" 200 69137 "-" "Mozilla/5.0 AppleWebKit/537.36 (KHTML, like Gecko; compatible; bingbot/2.0; +http://www.bing.com/bingbot.htm) Chrome/116.0.1938.76 Safari/537.36"
52.167.144.210 - - [17/Jan/2025:22:36:04 -0500] "GET /jutni/d316534.html HTTP/1.1" 200 70777 "-" "Mozilla/5.0 AppleWebKit/537.36 (KHTML, like Gecko; compatible; bingbot/2.0; +http://www.bing.com/bingbot.htm) Chrome/116.0.1938.76 Safari/537.36"
52.167.144.22 - - [17/Jan/2025:22:36:39 -0500] "GET /hrsmz/l912722.html HTTP/1.1" 200 67525 "-" "Mozilla/5.0 AppleWebKit/537.36 (KHTML, like Gecko; compatible; bingbot/2.0; +http://www.bing.com/bingbot.htm) Chrome/116.0.1938.76 Safari/537.36"
52.167.144.22 - - [17/Jan/2025:22:36:42 -0500] "GET /edvlw/x2587056.html HTTP/1.1" 200 69757 "-" "Mozilla/5.0 AppleWebKit/537.36 (KHTML, like Gecko; compatible; bingbot/2.0; +http://www.bing.com/bingbot.htm) Chrome/116.0.1938.76 Safari/537.36"
52.167.144.181 - - [17/Jan/2025:22:36:44 -0500] "GET /qiyny/c2754371.html HTTP/1.1" 200 67905 "-" "Mozilla/5.0 AppleWebKit/537.36 (KHTML, like Gecko; compatible; bingbot/2.0; +http://www.bing.com/bingbot.htm) Chrome/116.0.1938.76 Safari/537.36"
20.15.133.191 - - [17/Jan/2025:22:36:59 -0500] "GET /itdca/y1726119.html HTTP/1.1" 200 76544 "-" "Mozilla/5.0 AppleWebKit/537.36 (KHTML, like Gecko; compatible; bingbot/2.0; +http://www.bing.com/bingbot.htm) Chrome/116.0.1938.76 Safari/537.36"
52.167.144.220 - - [17/Jan/2025:22:37:09 -0500] "GET /lqkku/j606544.html HTTP/1.1" 200 69526 "-" "Mozilla/5.0 AppleWebKit/537.36 (KHTML, like Gecko; compatible; bingbot/2.0; +http://www.bing.com/bingbot.htm) Chrome/116.0.1938.76 Safari/537.36"
207.46.13.102 - - [17/Jan/2025:22:37:26 -0500] "GET /uoqma/y325291.html HTTP/1.1" 200 69653 "-" "Mozilla/5.0 AppleWebKit/537.36 (KHTML, like Gecko; compatible; bingbot/2.0; +http://www.bing.com/bingbot.htm) Chrome/116.0.1938.76 Safari/537.36"
207.46.13.124 - - [17/Jan/2025:22:37:27 -0500] "GET /fehiz/n620302.html HTTP/1.1" 200 68728 "-" "Mozilla/5.0 AppleWebKit/537.36 (KHTML, like Gecko; compatible; bingbot/2.0; +http://www.bing.com/bingbot.htm) Chrome/116.0.1938.76 Safari/537.36"
207.46.13.124 - - [17/Jan/2025:22:37:29 -0500] "GET /pssmb/b418660.html HTTP/1.1" 200 69653 "-" "Mozilla/5.0 AppleWebKit/537.36 (KHTML, like Gecko; compatible; bingbot/2.0; +http://www.bing.com/bingbot.htm) Chrome/116.0.1938.76 Safari/537.36"
40.77.167.13 - - [17/Jan/2025:22:37:48 -0500] "GET /axabi/l1837958.html HTTP/1.1" 200 68862 "-" "Mozilla/5.0 AppleWebKit/537.36 (KHTML, like Gecko; compatible; bingbot/2.0; +http://www.bing.com/bingbot.htm) Chrome/116.0.1938.76 Safari/537.36"
52.167.144.136 - - [17/Jan/2025:22:37:59 -0500] "GET /cqego/w2745837.html HTTP/1.1" 200 70738 "-" "Mozilla/5.0 AppleWebKit/537.36 (KHTML, like Gecko; compatible; bingbot/2.0; +http://www.bing.com/bingbot.htm) Chrome/116.0.1938.76 Safari/537.36"
207.46.13.124 - - [17/Jan/2025:22:38:07 -0500] "GET /lkweg/q2137665.html HTTP/1.1" 200 67666 "-" "Mozilla/5.0 AppleWebKit/537.36 (KHTML, like Gecko; compatible; bingbot/2.0; +http://www.bing.com/bingbot.htm) Chrome/116.0.1938.76 Safari/537.36"
52.167.144.22 - - [17/Jan/2025:22:38:11 -0500] "GET /zncga/p3004530.html HTTP/1.1" 200 70626 "-" "Mozilla/5.0 AppleWebKit/537.36 (KHTML, like Gecko; compatible; bingbot/2.0; +http://www.bing.com/bingbot.htm) Chrome/116.0.1938.76 Safari/537.36"
66.249.79.106 - - [17/Jan/2025:22:38:21 -0500] "GET /lbboj/x527700.html HTTP/1.1" 200 68256 "-" "Mozilla/5.0 (Linux; Android 6.0.1; Nexus 5X Build/MMB29P) AppleWebKit/537.36 (KHTML, like Gecko) Chrome/132.0.6834.83 Mobile Safari/537.36 (compatible; Googlebot/2.1; +http://www.google.com/bot.html)"
207.46.13.124 - - [17/Jan/2025:22:38:28 -0500] "GET /zxacr/z983924.html HTTP/1.1" 200 70810 "-" "Mozilla/5.0 AppleWebKit/537.36 (KHTML, like Gecko; compatible; bingbot/2.0; +http://www.bing.com/bingbot.htm) Chrome/116.0.1938.76 Safari/537.36"
52.167.144.22 - - [17/Jan/2025:22:38:39 -0500] "GET /axsiu/l436662.html HTTP/1.1" 200 69517 "-" "Mozilla/5.0 AppleWebKit/537.36 (KHTML, like Gecko; compatible; bingbot/2.0; +http://www.bing.com/bingbot.htm) Chrome/116.0.1938.76 Safari/537.36"
207.46.13.124 - - [17/Jan/2025:22:38:47 -0500] "GET /mywkx/n99288.html HTTP/1.1" 200 69310 "-" "Mozilla/5.0 AppleWebKit/537.36 (KHTML, like Gecko; compatible; bingbot/2.0; +http://www.bing.com/bingbot.htm) Chrome/116.0.1938.76 Safari/537.36"
52.167.144.220 - - [17/Jan/2025:22:38:49 -0500] "GET /kcvdb/r1239054.html HTTP/1.1" 200 67967 "-" "Mozilla/5.0 AppleWebKit/537.36 (KHTML, like Gecko; compatible; bingbot/2.0; +http://www.bing.com/bingbot.htm) Chrome/116.0.1938.76 Safari/537.36"
207.46.13.124 - - [17/Jan/2025:22:38:50 -0500] "GET /kfitj/i2390715.html HTTP/1.1" 200 67935 "-" "Mozilla/5.0 AppleWebKit/537.36 (KHTML, like Gecko; compatible; bingbot/2.0; +http://www.bing.com/bingbot.htm) Chrome/116.0.1938.76 Safari/537.36"
207.46.13.124 - - [17/Jan/2025:22:38:52 -0500] "GET /ylecr/d257696.html HTTP/1.1" 200 68877 "-" "Mozilla/5.0 AppleWebKit/537.36 (KHTML, like Gecko; compatible; bingbot/2.0; +http://www.bing.com/bingbot.htm) Chrome/116.0.1938.76 Safari/537.36"
40.77.167.13 - - [17/Jan/2025:22:38:52 -0500] "GET /apkom/k2040731.html HTTP/1.1" 200 69929 "-" "Mozilla/5.0 AppleWebKit/537.36 (KHTML, like Gecko; compatible; bingbot/2.0; +http://www.bing.com/bingbot.htm) Chrome/116.0.1938.76 Safari/537.36"
66.249.68.2 - - [17/Jan/2025:22:39:01 -0500] "GET /lydianbtf.xml HTTP/1.1" 200 14678 "-" "Mozilla/5.0 (compatible; Googlebot/2.1; +http://www.google.com/bot.html)"
40.77.167.13 - - [17/Jan/2025:22:39:19 -0500] "GET /crfpz/d1335214.html HTTP/1.1" 200 68404 "-" "Mozilla/5.0 AppleWebKit/537.36 (KHTML, like Gecko; compatible; bingbot/2.0; +http://www.bing.com/bingbot.htm) Chrome/116.0.1938.76 Safari/537.36"
40.77.167.13 - - [17/Jan/2025:22:39:20 -0500] "GET /btugs/y2862501.html HTTP/1.1" 200 68474 "-" "Mozilla/5.0 AppleWebKit/537.36 (KHTML, like Gecko; compatible; bingbot/2.0; +http://www.bing.com/bingbot.htm) Chrome/116.0.1938.76 Safari/537.36"
52.167.144.22 - - [17/Jan/2025:22:39:23 -0500] "GET /kwmjz/c199247.html HTTP/1.1" 200 72810 "-" "Mozilla/5.0 AppleWebKit/537.36 (KHTML, like Gecko; compatible; bingbot/2.0; +http://www.bing.com/bingbot.htm) Chrome/116.0.1938.76 Safari/537.36"
207.46.13.124 - - [17/Jan/2025:22:39:29 -0500] "GET /eogkr/b2040618.html HTTP/1.1" 200 73975 "-" "Mozilla/5.0 AppleWebKit/537.36 (KHTML, like Gecko; compatible; bingbot/2.0; +http://www.bing.com/bingbot.htm) Chrome/116.0.1938.76 Safari/537.36"
207.46.13.124 - - [17/Jan/2025:22:39:31 -0500] "GET /frnko/y2283871.html HTTP/1.1" 200 67677 "-" "Mozilla/5.0 AppleWebKit/537.36 (KHTML, like Gecko; compatible; bingbot/2.0; +http://www.bing.com/bingbot.htm) Chrome/116.0.1938.76 Safari/537.36"
52.167.144.136 - - [17/Jan/2025:22:39:40 -0500] "GET /igpft/t1567332.html HTTP/1.1" 200 69056 "-" "Mozilla/5.0 AppleWebKit/537.36 (KHTML, like Gecko; compatible; bingbot/2.0; +http://www.bing.com/bingbot.htm) Chrome/116.0.1938.76 Safari/537.36"
52.167.144.136 - - [17/Jan/2025:22:39:43 -0500] "GET /rcrzf/d346434.html HTTP/1.1" 200 68667 "-" "Mozilla/5.0 AppleWebKit/537.36 (KHTML, like Gecko; compatible; bingbot/2.0; +http://www.bing.com/bingbot.htm) Chrome/116.0.1938.76 Safari/537.36"
185.191.171.1 - - [17/Jan/2025:22:40:06 -0500] "GET /robots.txt HTTP/1.1" 200 237 "-" "Mozilla/5.0 (compatible; SemrushBot/7~bl; +http://www.semrush.com/bot.html)"
66.29.132.124 - - [17/Jan/2025:22:40:21 -0500] "POST /wp-cron.php?doing_wp_cron=1737171621.7843599319458007812500 HTTP/1.1" 200 0 "-" "WordPress/6.7.1; https://diixadigital.com"
85.208.96.195 - - [17/Jan/2025:22:40:07 -0500] "GET /what-is-seo-search-engine-optimization/ HTTP/1.1" 200 30919 "-" "Mozilla/5.0 (compatible; SemrushBot/7~bl; +http://www.semrush.com/bot.html)"
66.29.132.124 - - [17/Jan/2025:22:40:23 -0500] "POST /wp-admin/admin-ajax.php?action=async_litespeed&nonce=eS0ccooR9xfBUiwfdMoZfbXrTme8dZYv&litespeed_type=imgoptm HTTP/1.1" 200 0 "-" "WordPress/6.7.1; https://diixadigital.com"
52.167.144.22 - - [17/Jan/2025:22:40:29 -0500] "GET /gbmeb/x2684530.html HTTP/1.1" 200 70681 "-" "Mozilla/5.0 AppleWebKit/537.36 (KHTML, like Gecko; compatible; bingbot/2.0; +http://www.bing.com/bingbot.htm) Chrome/116.0.1938.76 Safari/537.36"
52.167.144.136 - - [17/Jan/2025:22:40:49 -0500] "GET /mhfju/f1982720.html HTTP/1.1" 200 68224 "-" "Mozilla/5.0 AppleWebKit/537.36 (KHTML, like Gecko; compatible; bingbot/2.0; +http://www.bing.com/bingbot.htm) Chrome/116.0.1938.76 Safari/537.36"
52.167.144.22 - - [17/Jan/2025:22:41:19 -0500] "GET /hxdob/p1626764.html HTTP/1.1" 200 72738 "-" "Mozilla/5.0 AppleWebKit/537.36 (KHTML, like Gecko; compatible; bingbot/2.0; +http://www.bing.com/bingbot.htm) Chrome/116.0.1938.76 Safari/537.36"
52.167.144.136 - - [17/Jan/2025:22:41:19 -0500] "GET /viyav/w927163.html HTTP/1.1" 200 68231 "-" "Mozilla/5.0 AppleWebKit/537.36 (KHTML, like Gecko; compatible; bingbot/2.0; +http://www.bing.com/bingbot.htm) Chrome/116.0.1938.76 Safari/537.36"
52.167.144.136 - - [17/Jan/2025:22:41:21 -0500] "GET /hcyud/k106643.html HTTP/1.1" 200 68022 "-" "Mozilla/5.0 AppleWebKit/537.36 (KHTML, like Gecko; compatible; bingbot/2.0; +http://www.bing.com/bingbot.htm) Chrome/116.0.1938.76 Safari/537.36"
207.46.13.102 - - [17/Jan/2025:22:41:38 -0500] "GET /ofkyr/b2524348.html HTTP/1.1" 200 68710 "-" "Mozilla/5.0 AppleWebKit/537.36 (KHTML, like Gecko; compatible; bingbot/2.0; +http://www.bing.com/bingbot.htm) Chrome/116.0.1938.76 Safari/537.36"
207.46.13.102 - - [17/Jan/2025:22:41:40 -0500] "GET /fhctg/u1787605.html HTTP/1.1" 200 68458 "-" "Mozilla/5.0 AppleWebKit/537.36 (KHTML, like Gecko; compatible; bingbot/2.0; +http://www.bing.com/bingbot.htm) Chrome/116.0.1938.76 Safari/537.36"
207.46.13.124 - - [17/Jan/2025:22:41:49 -0500] "GET /zxclt/k2135371.html HTTP/1.1" 200 67967 "-" "Mozilla/5.0 AppleWebKit/537.36 (KHTML, like Gecko; compatible; bingbot/2.0; +http://www.bing.com/bingbot.htm) Chrome/116.0.1938.76 Safari/537.36"
207.46.13.124 - - [17/Jan/2025:22:41:51 -0500] "GET /zobhw/a709781.html HTTP/1.1" 200 68450 "-" "Mozilla/5.0 AppleWebKit/537.36 (KHTML, like Gecko; compatible; bingbot/2.0; +http://www.bing.com/bingbot.htm) Chrome/116.0.1938.76 Safari/537.36"
40.77.167.13 - - [17/Jan/2025:22:42:01 -0500] "GET /sccpe/m2528441.html HTTP/1.1" 200 70533 "-" "Mozilla/5.0 AppleWebKit/537.36 (KHTML, like Gecko; compatible; bingbot/2.0; +http://www.bing.com/bingbot.htm) Chrome/116.0.1938.76 Safari/537.36"
40.77.167.13 - - [17/Jan/2025:22:42:03 -0500] "GET /kpjsa/v2580476.html HTTP/1.1" 200 75518 "-" "Mozilla/5.0 AppleWebKit/537.36 (KHTML, like Gecko; compatible; bingbot/2.0; +http://www.bing.com/bingbot.htm) Chrome/116.0.1938.76 Safari/537.36"
52.167.144.136 - - [17/Jan/2025:22:42:28 -0500] "GET /xeuaw/z2028968.html HTTP/1.1" 200 68521 "-" "Mozilla/5.0 AppleWebKit/537.36 (KHTML, like Gecko; compatible; bingbot/2.0; +http://www.bing.com/bingbot.htm) Chrome/116.0.1938.76 Safari/537.36"
52.167.144.136 - - [17/Jan/2025:22:42:30 -0500] "GET /ofnyx/v1518558.html HTTP/1.1" 200 68895 "-" "Mozilla/5.0 AppleWebKit/537.36 (KHTML, like Gecko; compatible; bingbot/2.0; +http://www.bing.com/bingbot.htm) Chrome/116.0.1938.76 Safari/537.36"
66.249.79.35 - - [17/Jan/2025:22:42:32 -0500] "GET /rhqat/u253943.html HTTP/1.1" 200 70862 "-" "Mozilla/5.0 (compatible; Googlebot/2.1; +http://www.google.com/bot.html)"
66.29.132.124 - - [17/Jan/2025:22:42:35 -0500] "POST /wp-cron.php?doing_wp_cron=1737171755.3837680816650390625000 HTTP/1.1" 200 0 "-" "WordPress/6.7.1; https://diixadigital.com"
66.29.132.124 - - [17/Jan/2025:22:42:36 -0500] "POST /wp-admin/admin-ajax.php?action=async_litespeed&nonce=E1pQDiePpQUwtqx1OugsEdY2V2PZJ3CB&litespeed_type=imgoptm HTTP/1.1" 200 0 "-" "WordPress/6.7.1; https://diixadigital.com"
85.208.96.194 - - [17/Jan/2025:22:42:33 -0500] "GET /our-team/ HTTP/1.1" 200 20431 "-" "Mozilla/5.0 (compatible; SemrushBot/7~bl; +http://www.semrush.com/bot.html)"
52.167.144.136 - - [17/Jan/2025:22:42:49 -0500] "GET /smqnh/f1984046.html HTTP/1.1" 200 67715 "-" "Mozilla/5.0 AppleWebKit/537.36 (KHTML, like Gecko; compatible; bingbot/2.0; +http://www.bing.com/bingbot.htm) Chrome/116.0.1938.76 Safari/537.36"
52.167.144.136 - - [17/Jan/2025:22:42:50 -0500] "GET /ziwrj/c2487559.html HTTP/1.1" 200 70230 "-" "Mozilla/5.0 AppleWebKit/537.36 (KHTML, like Gecko; compatible; bingbot/2.0; +http://www.bing.com/bingbot.htm) Chrome/116.0.1938.76 Safari/537.36"
207.46.13.124 - - [17/Jan/2025:22:43:18 -0500] "GET /zjviy/h1467766.html HTTP/1.1" 200 69670 "-" "Mozilla/5.0 AppleWebKit/537.36 (KHTML, like Gecko; compatible; bingbot/2.0; +http://www.bing.com/bingbot.htm) Chrome/116.0.1938.76 Safari/537.36"
66.29.132.124 - - [17/Jan/2025:22:43:25 -0500] "POST /wp-cron.php?doing_wp_cron=1737171805.5243330001831054687500 HTTP/1.1" 200 0 "-" "WordPress/6.7.1; https://diixadigital.com"
185.191.171.3 - - [17/Jan/2025:22:43:24 -0500] "GET /vanity-metrics-vs-actionable-metrics-whats-the-difference-and-what-to-track-in-saas/ HTTP/1.1" 200 24976 "-" "Mozilla/5.0 (compatible; SemrushBot/7~bl; +http://www.semrush.com/bot.html)"
66.29.132.124 - - [17/Jan/2025:22:43:26 -0500] "POST /wp-admin/admin-ajax.php?action=async_litespeed&nonce=hDYQqTTUYNFxLKLAcioBBZiDyz5Le1fQ&litespeed_type=imgoptm HTTP/1.1" 200 21 "-" "WordPress/6.7.1; https://diixadigital.com"
40.77.167.13 - - [17/Jan/2025:22:43:29 -0500] "GET /znmuh/q660527.html HTTP/1.1" 200 70766 "-" "Mozilla/5.0 AppleWebKit/537.36 (KHTML, like Gecko; compatible; bingbot/2.0; +http://www.bing.com/bingbot.htm) Chrome/116.0.1938.76 Safari/537.36"
40.77.167.13 - - [17/Jan/2025:22:43:30 -0500] "GET /fcghj/b1983730.html HTTP/1.1" 200 68671 "-" "Mozilla/5.0 AppleWebKit/537.36 (KHTML, like Gecko; compatible; bingbot/2.0; +http://www.bing.com/bingbot.htm) Chrome/116.0.1938.76 Safari/537.36"
207.46.13.102 - - [17/Jan/2025:22:44:09 -0500] "GET /ulgsf/l381984.html HTTP/1.1" 200 67625 "-" "Mozilla/5.0 AppleWebKit/537.36 (KHTML, like Gecko; compatible; bingbot/2.0; +http://www.bing.com/bingbot.htm) Chrome/116.0.1938.76 Safari/537.36"
207.46.13.102 - - [17/Jan/2025:22:44:11 -0500] "GET /ykhrm/n2104122.html HTTP/1.1" 200 76100 "-" "Mozilla/5.0 AppleWebKit/537.36 (KHTML, like Gecko; compatible; bingbot/2.0; +http://www.bing.com/bingbot.htm) Chrome/116.0.1938.76 Safari/537.36"
66.29.132.124 - - [17/Jan/2025:22:44:21 -0500] "POST /wp-cron.php?doing_wp_cron=1737171861.9363660812377929687500 HTTP/1.1" 200 0 "-" "WordPress/6.7.1; https://diixadigital.com"
152.53.52.193 - - [17/Jan/2025:22:44:21 -0500] "GET / HTTP/1.1" 200 17881 "-" "Mozilla/5.0 (Macintosh; Intel Mac OS X 10_15_7) AppleWebKit/537.36 (KHTML, like Gecko) Chrome/118.0.0.0 Safari/537.36"
66.29.132.124 - - [17/Jan/2025:22:44:22 -0500] "POST /wp-admin/admin-ajax.php?action=async_litespeed&nonce=6vgfUMkG6ZCIbGEH49xCFXBkH6dzBMZJ&litespeed_type=imgoptm HTTP/1.1" 200 21 "-" "WordPress/6.7.1; https://diixadigital.com"
66.249.68.33 - - [17/Jan/2025:22:45:19 -0500] "GET /tknzn/j3017212.html HTTP/1.1" 200 69206 "-" "Mozilla/5.0 (Linux; Android 6.0.1; Nexus 5X Build/MMB29P) AppleWebKit/537.36 (KHTML, like Gecko) Chrome/132.0.6834.83 Mobile Safari/537.36 (compatible; Googlebot/2.1; +http://www.google.com/bot.html)"
52.167.144.22 - - [17/Jan/2025:22:45:19 -0500] "GET /piqcx/y2266919.html HTTP/1.1" 200 68252 "-" "Mozilla/5.0 AppleWebKit/537.36 (KHTML, like Gecko; compatible; bingbot/2.0; +http://www.bing.com/bingbot.htm) Chrome/116.0.1938.76 Safari/537.36"
52.167.144.220 - - [17/Jan/2025:22:45:20 -0500] "GET /eszyl/w174047.html HTTP/1.1" 200 68500 "-" "Mozilla/5.0 AppleWebKit/537.36 (KHTML, like Gecko; compatible; bingbot/2.0; +http://www.bing.com/bingbot.htm) Chrome/116.0.1938.76 Safari/537.36"
52.167.144.220 - - [17/Jan/2025:22:45:22 -0500] "GET /rnotc/n2218470.html HTTP/1.1" 200 69221 "-" "Mozilla/5.0 AppleWebKit/537.36 (KHTML, like Gecko; compatible; bingbot/2.0; +http://www.bing.com/bingbot.htm) Chrome/116.0.1938.76 Safari/537.36"
66.249.68.64 - - [17/Jan/2025:22:45:22 -0500] "GET /azvnw/c1238519.html HTTP/1.1" 200 68782 "-" "Mozilla/5.0 (Linux; Android 6.0.1; Nexus 5X Build/MMB29P) AppleWebKit/537.36 (KHTML, like Gecko) Chrome/132.0.6834.83 Mobile Safari/537.36 (compatible; Googlebot/2.1; +http://www.google.com/bot.html)"
52.167.144.220 - - [17/Jan/2025:22:45:23 -0500] "GET /kgopz/a2233329.html HTTP/1.1" 200 68467 "-" "Mozilla/5.0 AppleWebKit/537.36 (KHTML, like Gecko; compatible; bingbot/2.0; +http://www.bing.com/bingbot.htm) Chrome/116.0.1938.76 Safari/537.36"
207.46.13.102 - - [17/Jan/2025:22:45:29 -0500] "GET /nobel/g567515.html HTTP/1.1" 200 68585 "-" "Mozilla/5.0 AppleWebKit/537.36 (KHTML, like Gecko; compatible; bingbot/2.0; +http://www.bing.com/bingbot.htm) Chrome/116.0.1938.76 Safari/537.36"
52.167.144.22 - - [17/Jan/2025:22:45:49 -0500] "GET /ukhtr/c419675.html HTTP/1.1" 200 67018 "-" "Mozilla/5.0 AppleWebKit/537.36 (KHTML, like Gecko; compatible; bingbot/2.0; +http://www.bing.com/bingbot.htm) Chrome/116.0.1938.76 Safari/537.36"
40.77.167.13 - - [17/Jan/2025:22:45:54 -0500] "GET /wkwms/q2163431.html HTTP/1.1" 200 71296 "-" "Mozilla/5.0 AppleWebKit/537.36 (KHTML, like Gecko; compatible; bingbot/2.0; +http://www.bing.com/bingbot.htm) Chrome/116.0.1938.76 Safari/537.36"
52.167.144.22 - - [17/Jan/2025:22:46:09 -0500] "GET /ppfyg/v1636936.html HTTP/1.1" 200 69238 "-" "Mozilla/5.0 AppleWebKit/537.36 (KHTML, like Gecko; compatible; bingbot/2.0; +http://www.bing.com/bingbot.htm) Chrome/116.0.1938.76 Safari/537.36"
52.167.144.220 - - [17/Jan/2025:22:46:19 -0500] "GET /uhgxw/b121766.html HTTP/1.1" 200 70385 "-" "Mozilla/5.0 AppleWebKit/537.36 (KHTML, like Gecko; compatible; bingbot/2.0; +http://www.bing.com/bingbot.htm) Chrome/116.0.1938.76 Safari/537.36"
52.167.144.22 - - [17/Jan/2025:22:46:29 -0500] "GET /nubah/p2398028.html HTTP/1.1" 200 70725 "-" "Mozilla/5.0 AppleWebKit/537.36 (KHTML, like Gecko; compatible; bingbot/2.0; +http://www.bing.com/bingbot.htm) Chrome/116.0.1938.76 Safari/537.36"
40.77.167.13 - - [17/Jan/2025:22:46:50 -0500] "GET /nigbe/x2997622.html HTTP/1.1" 200 69075 "-" "Mozilla/5.0 AppleWebKit/537.36 (KHTML, like Gecko; compatible; bingbot/2.0; +http://www.bing.com/bingbot.htm) Chrome/116.0.1938.76 Safari/537.36"
52.167.144.220 - - [17/Jan/2025:22:46:50 -0500] "GET /nbthe/w1138309.html HTTP/1.1" 200 70588 "-" "Mozilla/5.0 AppleWebKit/537.36 (KHTML, like Gecko; compatible; bingbot/2.0; +http://www.bing.com/bingbot.htm) Chrome/116.0.1938.76 Safari/537.36"
40.77.167.13 - - [17/Jan/2025:22:46:51 -0500] "GET /vrgog/z2874904.html HTTP/1.1" 200 69997 "-" "Mozilla/5.0 AppleWebKit/537.36 (KHTML, like Gecko; compatible; bingbot/2.0; +http://www.bing.com/bingbot.htm) Chrome/116.0.1938.76 Safari/537.36"
52.167.144.220 - - [17/Jan/2025:22:46:52 -0500] "GET /esnba/e2789161.html HTTP/1.1" 200 67846 "-" "Mozilla/5.0 AppleWebKit/537.36 (KHTML, like Gecko; compatible; bingbot/2.0; +http://www.bing.com/bingbot.htm) Chrome/116.0.1938.76 Safari/537.36"
207.46.13.6 - - [17/Jan/2025:22:46:59 -0500] "GET /fobyx/z203846.html HTTP/1.1" 200 68970 "-" "Mozilla/5.0 AppleWebKit/537.36 (KHTML, like Gecko; compatible; bingbot/2.0; +http://www.bing.com/bingbot.htm) Chrome/116.0.1938.76 Safari/537.36"
52.167.144.166 - - [17/Jan/2025:22:47:03 -0500] "GET /ltesn/a2248123.html HTTP/1.1" 200 74835 "-" "Mozilla/5.0 AppleWebKit/537.36 (KHTML, like Gecko; compatible; bingbot/2.0; +http://www.bing.com/bingbot.htm) Chrome/116.0.1938.76 Safari/537.36"
52.167.144.166 - - [17/Jan/2025:22:47:05 -0500] "GET /hzwiw/c2130189.html HTTP/1.1" 200 68880 "-" "Mozilla/5.0 AppleWebKit/537.36 (KHTML, like Gecko; compatible; bingbot/2.0; +http://www.bing.com/bingbot.htm) Chrome/116.0.1938.76 Safari/537.36"
157.55.39.193 - - [17/Jan/2025:22:47:18 -0500] "GET /sezyf/a2272095.html HTTP/1.1" 200 69917 "-" "Mozilla/5.0 AppleWebKit/537.36 (KHTML, like Gecko; compatible; bingbot/2.0; +http://www.bing.com/bingbot.htm) Chrome/116.0.1938.76 Safari/537.36"
157.55.39.193 - - [17/Jan/2025:22:47:29 -0500] "GET /brmya/n2893066.html HTTP/1.1" 200 75568 "-" "Mozilla/5.0 AppleWebKit/537.36 (KHTML, like Gecko; compatible; bingbot/2.0; +http://www.bing.com/bingbot.htm) Chrome/116.0.1938.76 Safari/537.36"
52.167.144.136 - - [17/Jan/2025:22:47:33 -0500] "GET /vhkry/g1594463.html HTTP/1.1" 200 70596 "-" "Mozilla/5.0 AppleWebKit/537.36 (KHTML, like Gecko; compatible; bingbot/2.0; +http://www.bing.com/bingbot.htm) Chrome/116.0.1938.76 Safari/537.36"
52.167.144.220 - - [17/Jan/2025:22:47:51 -0500] "GET /kctgk/w465533.html HTTP/1.1" 200 71971 "-" "Mozilla/5.0 AppleWebKit/537.36 (KHTML, like Gecko; compatible; bingbot/2.0; +http://www.bing.com/bingbot.htm) Chrome/116.0.1938.76 Safari/537.36"
40.77.167.75 - - [17/Jan/2025:22:48:09 -0500] "GET /jknto/v746696.html HTTP/1.1" 200 69094 "-" "Mozilla/5.0 AppleWebKit/537.36 (KHTML, like Gecko; compatible; bingbot/2.0; +http://www.bing.com/bingbot.htm) Chrome/116.0.1938.76 Safari/537.36"
207.46.13.6 - - [17/Jan/2025:22:48:09 -0500] "GET /tebmp/a2726471.html HTTP/1.1" 200 68741 "-" "Mozilla/5.0 AppleWebKit/537.36 (KHTML, like Gecko; compatible; bingbot/2.0; +http://www.bing.com/bingbot.htm) Chrome/116.0.1938.76 Safari/537.36"
52.167.144.166 - - [17/Jan/2025:22:48:14 -0500] "GET /skazm/c94987.html HTTP/1.1" 200 67889 "-" "Mozilla/5.0 AppleWebKit/537.36 (KHTML, like Gecko; compatible; bingbot/2.0; +http://www.bing.com/bingbot.htm) Chrome/116.0.1938.76 Safari/537.36"
52.167.144.166 - - [17/Jan/2025:22:48:50 -0500] "GET /ludhx/f2376412.html HTTP/1.1" 200 68784 "-" "Mozilla/5.0 AppleWebKit/537.36 (KHTML, like Gecko; compatible; bingbot/2.0; +http://www.bing.com/bingbot.htm) Chrome/116.0.1938.76 Safari/537.36"
40.77.167.75 - - [17/Jan/2025:22:48:51 -0500] "GET /lrvat/q2958381.html HTTP/1.1" 200 68265 "-" "Mozilla/5.0 AppleWebKit/537.36 (KHTML, like Gecko; compatible; bingbot/2.0; +http://www.bing.com/bingbot.htm) Chrome/116.0.1938.76 Safari/537.36"
40.77.167.3 - - [17/Jan/2025:22:48:55 -0500] "GET /qiuli/j663744.html HTTP/1.1" 200 68729 "-" "Mozilla/5.0 AppleWebKit/537.36 (KHTML, like Gecko; compatible; bingbot/2.0; +http://www.bing.com/bingbot.htm) Chrome/116.0.1938.76 Safari/537.36"
40.77.167.3 - - [17/Jan/2025:22:48:58 -0500] "GET /xmiel/h667876.html HTTP/1.1" 200 67884 "-" "Mozilla/5.0 AppleWebKit/537.36 (KHTML, like Gecko; compatible; bingbot/2.0; +http://www.bing.com/bingbot.htm) Chrome/116.0.1938.76 Safari/537.36"
207.46.13.6 - - [17/Jan/2025:22:49:29 -0500] "GET /llmxj/i2681577.html HTTP/1.1" 200 69483 "-" "Mozilla/5.0 AppleWebKit/537.36 (KHTML, like Gecko; compatible; bingbot/2.0; +http://www.bing.com/bingbot.htm) Chrome/116.0.1938.76 Safari/537.36"
157.55.39.193 - - [17/Jan/2025:22:49:29 -0500] "GET /djzgc/f980238.html HTTP/1.1" 200 73403 "-" "Mozilla/5.0 AppleWebKit/537.36 (KHTML, like Gecko; compatible; bingbot/2.0; +http://www.bing.com/bingbot.htm) Chrome/116.0.1938.76 Safari/537.36"
207.46.13.6 - - [17/Jan/2025:22:49:32 -0500] "GET /vzwgd/a1914699.html HTTP/1.1" 200 69690 "-" "Mozilla/5.0 AppleWebKit/537.36 (KHTML, like Gecko; compatible; bingbot/2.0; +http://www.bing.com/bingbot.htm) Chrome/116.0.1938.76 Safari/537.36"
207.46.13.6 - - [17/Jan/2025:22:49:40 -0500] "GET /ehkjp/r93780.html HTTP/1.1" 200 69289 "-" "Mozilla/5.0 AppleWebKit/537.36 (KHTML, like Gecko; compatible; bingbot/2.0; +http://www.bing.com/bingbot.htm) Chrome/116.0.1938.76 Safari/537.36"
40.77.167.3 - - [17/Jan/2025:22:49:50 -0500] "GET /ptwhu/f223326.html HTTP/1.1" 200 68887 "-" "Mozilla/5.0 AppleWebKit/537.36 (KHTML, like Gecko; compatible; bingbot/2.0; +http://www.bing.com/bingbot.htm) Chrome/116.0.1938.76 Safari/537.36"
52.167.144.166 - - [17/Jan/2025:22:49:59 -0500] "GET /vwcsi/k577607.html HTTP/1.1" 200 68583 "-" "Mozilla/5.0 AppleWebKit/537.36 (KHTML, like Gecko; compatible; bingbot/2.0; +http://www.bing.com/bingbot.htm) Chrome/116.0.1938.76 Safari/537.36"
40.77.167.3 - - [17/Jan/2025:22:50:40 -0500] "GET /erxsp/x193548.html HTTP/1.1" 200 68544 "-" "Mozilla/5.0 AppleWebKit/537.36 (KHTML, like Gecko; compatible; bingbot/2.0; +http://www.bing.com/bingbot.htm) Chrome/116.0.1938.76 Safari/537.36"
207.46.13.6 - - [17/Jan/2025:22:51:09 -0500] "GET /etilg/n2143122.html HTTP/1.1" 200 68118 "-" "Mozilla/5.0 AppleWebKit/537.36 (KHTML, like Gecko; compatible; bingbot/2.0; +http://www.bing.com/bingbot.htm) Chrome/116.0.1938.76 Safari/537.36"
40.77.167.154 - - [17/Jan/2025:22:51:21 -0500] "GET /imzug/g875563.html HTTP/1.1" 200 68136 "-" "Mozilla/5.0 AppleWebKit/537.36 (KHTML, like Gecko; compatible; bingbot/2.0; +http://www.bing.com/bingbot.htm) Chrome/116.0.1938.76 Safari/537.36"
40.77.167.3 - - [17/Jan/2025:22:51:21 -0500] "GET /ejpom/k2716601.html HTTP/1.1" 200 68534 "-" "Mozilla/5.0 AppleWebKit/537.36 (KHTML, like Gecko; compatible; bingbot/2.0; +http://www.bing.com/bingbot.htm) Chrome/116.0.1938.76 Safari/537.36"
40.77.167.3 - - [17/Jan/2025:22:51:24 -0500] "GET /aqmxt/e3033197.html HTTP/1.1" 200 69261 "-" "Mozilla/5.0 AppleWebKit/537.36 (KHTML, like Gecko; compatible; bingbot/2.0; +http://www.bing.com/bingbot.htm) Chrome/116.0.1938.76 Safari/537.36"
40.77.167.3 - - [17/Jan/2025:22:51:26 -0500] "GET /cjsol/o552365.html HTTP/1.1" 200 67621 "-" "Mozilla/5.0 AppleWebKit/537.36 (KHTML, like Gecko; compatible; bingbot/2.0; +http://www.bing.com/bingbot.htm) Chrome/116.0.1938.76 Safari/537.36"
40.77.167.75 - - [17/Jan/2025:22:51:51 -0500] "GET /kijcf/d681860.html HTTP/1.1" 200 70445 "-" "Mozilla/5.0 AppleWebKit/537.36 (KHTML, like Gecko; compatible; bingbot/2.0; +http://www.bing.com/bingbot.htm) Chrome/116.0.1938.76 Safari/537.36"
207.46.13.6 - - [17/Jan/2025:22:52:09 -0500] "GET /omnoi/i699051.html HTTP/1.1" 200 78680 "-" "Mozilla/5.0 AppleWebKit/537.36 (KHTML, like Gecko; compatible; bingbot/2.0; +http://www.bing.com/bingbot.htm) Chrome/116.0.1938.76 Safari/537.36"
40.77.167.154 - - [17/Jan/2025:22:52:09 -0500] "GET /wsnic/m251049.html HTTP/1.1" 200 67929 "-" "Mozilla/5.0 AppleWebKit/537.36 (KHTML, like Gecko; compatible; bingbot/2.0; +http://www.bing.com/bingbot.htm) Chrome/116.0.1938.76 Safari/537.36"
52.167.144.166 - - [17/Jan/2025:22:52:12 -0500] "GET /bypns/v114506.html HTTP/1.1" 200 68845 "-" "Mozilla/5.0 AppleWebKit/537.36 (KHTML, like Gecko; compatible; bingbot/2.0; +http://www.bing.com/bingbot.htm) Chrome/116.0.1938.76 Safari/537.36"
52.167.144.166 - - [17/Jan/2025:22:52:14 -0500] "GET /nbnhh/n1650006.html HTTP/1.1" 200 69229 "-" "Mozilla/5.0 AppleWebKit/537.36 (KHTML, like Gecko; compatible; bingbot/2.0; +http://www.bing.com/bingbot.htm) Chrome/116.0.1938.76 Safari/537.36"
40.77.167.154 - - [17/Jan/2025:22:52:19 -0500] "GET /emulj/s2030885.html HTTP/1.1" 200 69091 "-" "Mozilla/5.0 AppleWebKit/537.36 (KHTML, like Gecko; compatible; bingbot/2.0; +http://www.bing.com/bingbot.htm) Chrome/116.0.1938.76 Safari/537.36"
40.77.167.3 - - [17/Jan/2025:22:52:51 -0500] "GET /aptud/d2275166.html HTTP/1.1" 200 68438 "-" "Mozilla/5.0 AppleWebKit/537.36 (KHTML, like Gecko; compatible; bingbot/2.0; +http://www.bing.com/bingbot.htm) Chrome/116.0.1938.76 Safari/537.36"
40.77.167.154 - - [17/Jan/2025:22:53:01 -0500] "GET /nngfa/w1570143.html HTTP/1.1" 200 74318 "-" "Mozilla/5.0 AppleWebKit/537.36 (KHTML, like Gecko; compatible; bingbot/2.0; +http://www.bing.com/bingbot.htm) Chrome/116.0.1938.76 Safari/537.36"
40.77.167.3 - - [17/Jan/2025:22:53:42 -0500] "GET /ufibp/z2271288.html HTTP/1.1" 200 67956 "-" "Mozilla/5.0 AppleWebKit/537.36 (KHTML, like Gecko; compatible; bingbot/2.0; +http://www.bing.com/bingbot.htm) Chrome/116.0.1938.76 Safari/537.36"
40.77.167.3 - - [17/Jan/2025:22:53:46 -0500] "GET /deqfi/n2202298.html HTTP/1.1" 200 70618 "-" "Mozilla/5.0 AppleWebKit/537.36 (KHTML, like Gecko; compatible; bingbot/2.0; +http://www.bing.com/bingbot.htm) Chrome/116.0.1938.76 Safari/537.36"
66.249.68.34 - - [17/Jan/2025:22:53:50 -0500] "GET /drgwh/n523738.html HTTP/1.1" 200 68130 "-" "Mozilla/5.0 (Linux; Android 6.0.1; Nexus 5X Build/MMB29P) AppleWebKit/537.36 (KHTML, like Gecko) Chrome/132.0.6834.83 Mobile Safari/537.36 (compatible; Googlebot/2.1; +http://www.google.com/bot.html)"
157.55.39.193 - - [17/Jan/2025:22:53:51 -0500] "GET /qzgbp/a2243521.html HTTP/1.1" 200 67967 "-" "Mozilla/5.0 AppleWebKit/537.36 (KHTML, like Gecko; compatible; bingbot/2.0; +http://www.bing.com/bingbot.htm) Chrome/116.0.1938.76 Safari/537.36"
52.167.144.166 - - [17/Jan/2025:22:54:03 -0500] "GET /rrhok/q1762251.html HTTP/1.1" 200 69753 "-" "Mozilla/5.0 AppleWebKit/537.36 (KHTML, like Gecko; compatible; bingbot/2.0; +http://www.bing.com/bingbot.htm) Chrome/116.0.1938.76 Safari/537.36"
207.46.13.6 - - [17/Jan/2025:22:54:12 -0500] "GET /rgyab/t2074358.html HTTP/1.1" 200 68287 "-" "Mozilla/5.0 AppleWebKit/537.36 (KHTML, like Gecko; compatible; bingbot/2.0; +http://www.bing.com/bingbot.htm) Chrome/116.0.1938.76 Safari/537.36"
52.167.144.166 - - [17/Jan/2025:22:54:14 -0500] "GET /nxwmx/p2765382.html HTTP/1.1" 200 69341 "-" "Mozilla/5.0 AppleWebKit/537.36 (KHTML, like Gecko; compatible; bingbot/2.0; +http://www.bing.com/bingbot.htm) Chrome/116.0.1938.76 Safari/537.36"
40.77.167.75 - - [17/Jan/2025:22:54:23 -0500] "GET /uhksa/m2281701.html HTTP/1.1" 200 67867 "-" "Mozilla/5.0 AppleWebKit/537.36 (KHTML, like Gecko; compatible; bingbot/2.0; +http://www.bing.com/bingbot.htm) Chrome/116.0.1938.76 Safari/537.36"
157.55.39.193 - - [17/Jan/2025:22:54:29 -0500] "GET /llikd/d1416204.html HTTP/1.1" 200 69873 "-" "Mozilla/5.0 AppleWebKit/537.36 (KHTML, like Gecko; compatible; bingbot/2.0; +http://www.bing.com/bingbot.htm) Chrome/116.0.1938.76 Safari/537.36"
40.77.167.3 - - [17/Jan/2025:22:54:31 -0500] "GET /iqkdb/z466602.html HTTP/1.1" 200 67680 "-" "Mozilla/5.0 AppleWebKit/537.36 (KHTML, like Gecko; compatible; bingbot/2.0; +http://www.bing.com/bingbot.htm) Chrome/116.0.1938.76 Safari/537.36"
52.167.144.166 - - [17/Jan/2025:22:54:41 -0500] "GET /rparr/m1305453.html HTTP/1.1" 200 67879 "-" "Mozilla/5.0 AppleWebKit/537.36 (KHTML, like Gecko; compatible; bingbot/2.0; +http://www.bing.com/bingbot.htm) Chrome/116.0.1938.76 Safari/537.36"
52.167.144.166 - - [17/Jan/2025:22:54:44 -0500] "GET /xapmd/a2435765.html HTTP/1.1" 200 72845 "-" "Mozilla/5.0 AppleWebKit/537.36 (KHTML, like Gecko; compatible; bingbot/2.0; +http://www.bing.com/bingbot.htm) Chrome/116.0.1938.76 Safari/537.36"
52.167.144.166 - - [17/Jan/2025:22:55:14 -0500] "GET /lbird/s2802461.html HTTP/1.1" 200 70431 "-" "Mozilla/5.0 AppleWebKit/537.36 (KHTML, like Gecko; compatible; bingbot/2.0; +http://www.bing.com/bingbot.htm) Chrome/116.0.1938.76 Safari/537.36"
40.77.167.75 - - [17/Jan/2025:22:55:15 -0500] "GET /vqrml/d410732.html HTTP/1.1" 200 67635 "-" "Mozilla/5.0 AppleWebKit/537.36 (KHTML, like Gecko; compatible; bingbot/2.0; +http://www.bing.com/bingbot.htm) Chrome/116.0.1938.76 Safari/537.36"
40.77.167.75 - - [17/Jan/2025:22:55:22 -0500] "GET /sklqg/v374636.html HTTP/1.1" 200 70099 "-" "Mozilla/5.0 AppleWebKit/537.36 (KHTML, like Gecko; compatible; bingbot/2.0; +http://www.bing.com/bingbot.htm) Chrome/116.0.1938.76 Safari/537.36"
52.167.144.166 - - [17/Jan/2025:22:55:24 -0500] "GET /amizg/j2809966.html HTTP/1.1" 200 69608 "-" "Mozilla/5.0 AppleWebKit/537.36 (KHTML, like Gecko; compatible; bingbot/2.0; +http://www.bing.com/bingbot.htm) Chrome/116.0.1938.76 Safari/537.36"
157.55.39.193 - - [17/Jan/2025:22:55:40 -0500] "GET /hjvbm/j1931998.html HTTP/1.1" 200 70513 "-" "Mozilla/5.0 AppleWebKit/537.36 (KHTML, like Gecko; compatible; bingbot/2.0; +http://www.bing.com/bingbot.htm) Chrome/116.0.1938.76 Safari/537.36"
157.55.39.193 - - [17/Jan/2025:22:55:44 -0500] "GET /nhdfw/g1147133.html HTTP/1.1" 200 70637 "-" "Mozilla/5.0 AppleWebKit/537.36 (KHTML, like Gecko; compatible; bingbot/2.0; +http://www.bing.com/bingbot.htm) Chrome/116.0.1938.76 Safari/537.36"
40.77.167.75 - - [17/Jan/2025:22:56:02 -0500] "GET /acfuj/g3049605.html HTTP/1.1" 200 68221 "-" "Mozilla/5.0 AppleWebKit/537.36 (KHTML, like Gecko; compatible; bingbot/2.0; +http://www.bing.com/bingbot.htm) Chrome/116.0.1938.76 Safari/537.36"
207.46.13.6 - - [17/Jan/2025:22:56:31 -0500] "GET /binjq/v2370656.html HTTP/1.1" 200 68948 "-" "Mozilla/5.0 AppleWebKit/537.36 (KHTML, like Gecko; compatible; bingbot/2.0; +http://www.bing.com/bingbot.htm) Chrome/116.0.1938.76 Safari/537.36"
207.46.13.6 - - [17/Jan/2025:22:57:00 -0500] "GET /ckipf/g2543983.html HTTP/1.1" 200 71173 "-" "Mozilla/5.0 AppleWebKit/537.36 (KHTML, like Gecko; compatible; bingbot/2.0; +http://www.bing.com/bingbot.htm) Chrome/116.0.1938.76 Safari/537.36"
40.77.167.154 - - [17/Jan/2025:22:57:12 -0500] "GET /tnpdn/f412138.html HTTP/1.1" 200 67497 "-" "Mozilla/5.0 AppleWebKit/537.36 (KHTML, like Gecko; compatible; bingbot/2.0; +http://www.bing.com/bingbot.htm) Chrome/116.0.1938.76 Safari/537.36"
52.167.144.166 - - [17/Jan/2025:22:57:21 -0500] "GET /dazsl/j1760138.html HTTP/1.1" 200 70421 "-" "Mozilla/5.0 AppleWebKit/537.36 (KHTML, like Gecko; compatible; bingbot/2.0; +http://www.bing.com/bingbot.htm) Chrome/116.0.1938.76 Safari/537.36"
40.77.167.75 - - [17/Jan/2025:22:57:23 -0500] "GET /pzstp/f541098.html HTTP/1.1" 200 68218 "-" "Mozilla/5.0 AppleWebKit/537.36 (KHTML, like Gecko; compatible; bingbot/2.0; +http://www.bing.com/bingbot.htm) Chrome/116.0.1938.76 Safari/537.36"
40.77.167.3 - - [17/Jan/2025:22:57:25 -0500] "GET /tlzpn/c2226493.html HTTP/1.1" 200 69390 "-" "Mozilla/5.0 AppleWebKit/537.36 (KHTML, like Gecko; compatible; bingbot/2.0; +http://www.bing.com/bingbot.htm) Chrome/116.0.1938.76 Safari/537.36"
40.77.167.75 - - [17/Jan/2025:22:57:31 -0500] "GET /wyurz/f474096.html HTTP/1.1" 200 69107 "-" "Mozilla/5.0 AppleWebKit/537.36 (KHTML, like Gecko; compatible; bingbot/2.0; +http://www.bing.com/bingbot.htm) Chrome/116.0.1938.76 Safari/537.36"
40.77.167.75 - - [17/Jan/2025:22:57:33 -0500] "GET /bblii/f1884102.html HTTP/1.1" 200 69318 "-" "Mozilla/5.0 AppleWebKit/537.36 (KHTML, like Gecko; compatible; bingbot/2.0; +http://www.bing.com/bingbot.htm) Chrome/116.0.1938.76 Safari/537.36"
207.46.13.102 - - [17/Jan/2025:22:57:42 -0500] "GET /qiebl/p2613984.html HTTP/1.1" 200 68991 "-" "Mozilla/5.0 AppleWebKit/537.36 (KHTML, like Gecko; compatible; bingbot/2.0; +http://www.bing.com/bingbot.htm) Chrome/116.0.1938.76 Safari/537.36"
207.46.13.36 - - [17/Jan/2025:22:57:51 -0500] "GET /ergde/m587177.html HTTP/1.1" 200 68197 "-" "Mozilla/5.0 AppleWebKit/537.36 (KHTML, like Gecko; compatible; bingbot/2.0; +http://www.bing.com/bingbot.htm) Chrome/116.0.1938.76 Safari/537.36"
40.77.167.75 - - [17/Jan/2025:22:57:55 -0500] "GET /krchh/f547286.html HTTP/1.1" 200 69744 "-" "Mozilla/5.0 AppleWebKit/537.36 (KHTML, like Gecko; compatible; bingbot/2.0; +http://www.bing.com/bingbot.htm) Chrome/116.0.1938.76 Safari/537.36"
52.167.144.24 - - [17/Jan/2025:22:58:00 -0500] "GET /dqhkg/a1921017.html HTTP/1.1" 200 67897 "-" "Mozilla/5.0 AppleWebKit/537.36 (KHTML, like Gecko; compatible; bingbot/2.0; +http://www.bing.com/bingbot.htm) Chrome/116.0.1938.76 Safari/537.36"
40.77.167.75 - - [17/Jan/2025:22:58:11 -0500] "GET /dmhvq/w1204505.html HTTP/1.1" 200 67617 "-" "Mozilla/5.0 AppleWebKit/537.36 (KHTML, like Gecko; compatible; bingbot/2.0; +http://www.bing.com/bingbot.htm) Chrome/116.0.1938.76 Safari/537.36"
52.167.144.24 - - [17/Jan/2025:22:58:20 -0500] "GET /iqhla/o2426497.html HTTP/1.1" 200 69764 "-" "Mozilla/5.0 AppleWebKit/537.36 (KHTML, like Gecko; compatible; bingbot/2.0; +http://www.bing.com/bingbot.htm) Chrome/116.0.1938.76 Safari/537.36"
40.77.167.75 - - [17/Jan/2025:22:58:24 -0500] "GET /enprc/p1861466.html HTTP/1.1" 200 69187 "-" "Mozilla/5.0 AppleWebKit/537.36 (KHTML, like Gecko; compatible; bingbot/2.0; +http://www.bing.com/bingbot.htm) Chrome/116.0.1938.76 Safari/537.36"
207.46.13.102 - - [17/Jan/2025:22:58:51 -0500] "GET /bhwqv/t2372552.html HTTP/1.1" 200 67552 "-" "Mozilla/5.0 AppleWebKit/537.36 (KHTML, like Gecko; compatible; bingbot/2.0; +http://www.bing.com/bingbot.htm) Chrome/116.0.1938.76 Safari/537.36"
207.46.13.102 - - [17/Jan/2025:22:58:53 -0500] "GET /lnkuy/m2486035.html HTTP/1.1" 200 72334 "-" "Mozilla/5.0 AppleWebKit/537.36 (KHTML, like Gecko; compatible; bingbot/2.0; +http://www.bing.com/bingbot.htm) Chrome/116.0.1938.76 Safari/537.36"
66.249.79.197 - - [17/Jan/2025:22:59:01 -0500] "GET /yzffa/j2761606.html HTTP/1.1" 200 67927 "-" "Mozilla/5.0 (compatible; Googlebot/2.1; +http://www.google.com/bot.html)"
207.46.13.102 - - [17/Jan/2025:22:59:19 -0500] "GET /lwglo/a2648939.html HTTP/1.1" 200 70016 "-" "Mozilla/5.0 AppleWebKit/537.36 (KHTML, like Gecko; compatible; bingbot/2.0; +http://www.bing.com/bingbot.htm) Chrome/116.0.1938.76 Safari/537.36"
52.167.144.24 - - [17/Jan/2025:22:59:30 -0500] "GET /nagek/p2460272.html HTTP/1.1" 200 68859 "-" "Mozilla/5.0 AppleWebKit/537.36 (KHTML, like Gecko; compatible; bingbot/2.0; +http://www.bing.com/bingbot.htm) Chrome/116.0.1938.76 Safari/537.36"
52.167.144.187 - - [17/Jan/2025:22:59:35 -0500] "GET /qbdhn/y711729.html HTTP/1.1" 200 67796 "-" "Mozilla/5.0 AppleWebKit/537.36 (KHTML, like Gecko; compatible; bingbot/2.0; +http://www.bing.com/bingbot.htm) Chrome/116.0.1938.76 Safari/537.36"
52.167.144.187 - - [17/Jan/2025:22:59:52 -0500] "GET /plxzc/q2311995.html HTTP/1.1" 200 69205 "-" "Mozilla/5.0 AppleWebKit/537.36 (KHTML, like Gecko; compatible; bingbot/2.0; +http://www.bing.com/bingbot.htm) Chrome/116.0.1938.76 Safari/537.36"
40.77.167.13 - - [17/Jan/2025:23:00:01 -0500] "GET /urroh/t2475174.html HTTP/1.1" 200 68044 "-" "Mozilla/5.0 AppleWebKit/537.36 (KHTML, like Gecko; compatible; bingbot/2.0; +http://www.bing.com/bingbot.htm) Chrome/116.0.1938.76 Safari/537.36"
207.46.13.36 - - [17/Jan/2025:23:00:11 -0500] "GET /otrgv/a1536633.html HTTP/1.1" 200 68945 "-" "Mozilla/5.0 AppleWebKit/537.36 (KHTML, like Gecko; compatible; bingbot/2.0; +http://www.bing.com/bingbot.htm) Chrome/116.0.1938.76 Safari/537.36"
207.46.13.36 - - [17/Jan/2025:23:00:14 -0500] "GET /xsgps/i2311155.html HTTP/1.1" 200 68353 "-" "Mozilla/5.0 AppleWebKit/537.36 (KHTML, like Gecko; compatible; bingbot/2.0; +http://www.bing.com/bingbot.htm) Chrome/116.0.1938.76 Safari/537.36"
207.46.13.36 - - [17/Jan/2025:23:00:41 -0500] "GET /ppuoq/f2861208.html HTTP/1.1" 200 70180 "-" "Mozilla/5.0 AppleWebKit/537.36 (KHTML, like Gecko; compatible; bingbot/2.0; +http://www.bing.com/bingbot.htm) Chrome/116.0.1938.76 Safari/537.36"
52.167.144.24 - - [17/Jan/2025:23:01:31 -0500] "GET /nwumh/w281323.html HTTP/1.1" 200 68237 "-" "Mozilla/5.0 AppleWebKit/537.36 (KHTML, like Gecko; compatible; bingbot/2.0; +http://www.bing.com/bingbot.htm) Chrome/116.0.1938.76 Safari/537.36"
52.167.144.24 - - [17/Jan/2025:23:01:41 -0500] "GET /uoqbt/a2016593.html HTTP/1.1" 200 70258 "-" "Mozilla/5.0 AppleWebKit/537.36 (KHTML, like Gecko; compatible; bingbot/2.0; +http://www.bing.com/bingbot.htm) Chrome/116.0.1938.76 Safari/537.36"
52.167.144.24 - - [17/Jan/2025:23:01:44 -0500] "GET /nvzpy/k2163477.html HTTP/1.1" 200 69241 "-" "Mozilla/5.0 AppleWebKit/537.36 (KHTML, like Gecko; compatible; bingbot/2.0; +http://www.bing.com/bingbot.htm) Chrome/116.0.1938.76 Safari/537.36"
207.46.13.102 - - [17/Jan/2025:23:01:50 -0500] "GET /eiepq/x1981308.html HTTP/1.1" 200 67742 "-" "Mozilla/5.0 AppleWebKit/537.36 (KHTML, like Gecko; compatible; bingbot/2.0; +http://www.bing.com/bingbot.htm) Chrome/116.0.1938.76 Safari/537.36"
52.167.144.24 - - [17/Jan/2025:23:02:01 -0500] "GET /bqmeo/v2026078.html HTTP/1.1" 200 68210 "-" "Mozilla/5.0 AppleWebKit/537.36 (KHTML, like Gecko; compatible; bingbot/2.0; +http://www.bing.com/bingbot.htm) Chrome/116.0.1938.76 Safari/537.36"
207.46.13.102 - - [17/Jan/2025:23:02:20 -0500] "GET /ddzjb/p784598.html HTTP/1.1" 200 70515 "-" "Mozilla/5.0 AppleWebKit/537.36 (KHTML, like Gecko; compatible; bingbot/2.0; +http://www.bing.com/bingbot.htm) Chrome/116.0.1938.76 Safari/537.36"
52.167.144.24 - - [17/Jan/2025:23:02:50 -0500] "GET /rvcir/u2181739.html HTTP/1.1" 200 69025 "-" "Mozilla/5.0 AppleWebKit/537.36 (KHTML, like Gecko; compatible; bingbot/2.0; +http://www.bing.com/bingbot.htm) Chrome/116.0.1938.76 Safari/537.36"
52.167.144.24 - - [17/Jan/2025:23:02:53 -0500] "GET /qdomn/l209500.html HTTP/1.1" 200 68664 "-" "Mozilla/5.0 AppleWebKit/537.36 (KHTML, like Gecko; compatible; bingbot/2.0; +http://www.bing.com/bingbot.htm) Chrome/116.0.1938.76 Safari/537.36"
52.167.144.24 - - [17/Jan/2025:23:03:22 -0500] "GET /vrkin/d678896.html HTTP/1.1" 200 68874 "-" "Mozilla/5.0 AppleWebKit/537.36 (KHTML, like Gecko; compatible; bingbot/2.0; +http://www.bing.com/bingbot.htm) Chrome/116.0.1938.76 Safari/537.36"
52.167.144.141 - - [17/Jan/2025:23:03:41 -0500] "GET /bshzj/y1424857.html HTTP/1.1" 200 68617 "-" "Mozilla/5.0 AppleWebKit/537.36 (KHTML, like Gecko; compatible; bingbot/2.0; +http://www.bing.com/bingbot.htm) Chrome/116.0.1938.76 Safari/537.36"
52.167.144.187 - - [17/Jan/2025:23:03:42 -0500] "GET /xxkwv/m2161711.html HTTP/1.1" 200 69130 "-" "Mozilla/5.0 AppleWebKit/537.36 (KHTML, like Gecko; compatible; bingbot/2.0; +http://www.bing.com/bingbot.htm) Chrome/116.0.1938.76 Safari/537.36"
207.46.13.36 - - [17/Jan/2025:23:03:49 -0500] "GET /vspna/l2053238.html HTTP/1.1" 200 68976 "-" "Mozilla/5.0 AppleWebKit/537.36 (KHTML, like Gecko; compatible; bingbot/2.0; +http://www.bing.com/bingbot.htm) Chrome/116.0.1938.76 Safari/537.36"
52.167.144.24 - - [17/Jan/2025:23:04:01 -0500] "GET /mtdsk/c1551091.html HTTP/1.1" 200 69157 "-" "Mozilla/5.0 AppleWebKit/537.36 (KHTML, like Gecko; compatible; bingbot/2.0; +http://www.bing.com/bingbot.htm) Chrome/116.0.1938.76 Safari/537.36"
207.46.13.36 - - [17/Jan/2025:23:04:40 -0500] "GET /ypthx/k2052327.html HTTP/1.1" 200 69193 "-" "Mozilla/5.0 AppleWebKit/537.36 (KHTML, like Gecko; compatible; bingbot/2.0; +http://www.bing.com/bingbot.htm) Chrome/116.0.1938.76 Safari/537.36"
207.46.13.102 - - [17/Jan/2025:23:04:40 -0500] "GET /xgfhj/h2068574.html HTTP/1.1" 200 73631 "-" "Mozilla/5.0 AppleWebKit/537.36 (KHTML, like Gecko; compatible; bingbot/2.0; +http://www.bing.com/bingbot.htm) Chrome/116.0.1938.76 Safari/537.36"
207.46.13.102 - - [17/Jan/2025:23:04:42 -0500] "GET /rbhrr/h606698.html HTTP/1.1" 200 67545 "-" "Mozilla/5.0 AppleWebKit/537.36 (KHTML, like Gecko; compatible; bingbot/2.0; +http://www.bing.com/bingbot.htm) Chrome/116.0.1938.76 Safari/537.36"
40.77.167.13 - - [17/Jan/2025:23:04:44 -0500] "GET /tupsl/o1830369.html HTTP/1.1" 200 68391 "-" "Mozilla/5.0 AppleWebKit/537.36 (KHTML, like Gecko; compatible; bingbot/2.0; +http://www.bing.com/bingbot.htm) Chrome/116.0.1938.76 Safari/537.36"
40.77.167.13 - - [17/Jan/2025:23:04:49 -0500] "GET /zhixc/y2706293.html HTTP/1.1" 200 68794 "-" "Mozilla/5.0 AppleWebKit/537.36 (KHTML, like Gecko; compatible; bingbot/2.0; +http://www.bing.com/bingbot.htm) Chrome/116.0.1938.76 Safari/537.36"
66.249.79.197 - - [17/Jan/2025:23:05:03 -0500] "GET /yjgek/d848026.html HTTP/1.1" 200 68384 "-" "Mozilla/5.0 (Linux; Android 6.0.1; Nexus 5X Build/MMB29P) AppleWebKit/537.36 (KHTML, like Gecko) Chrome/132.0.6834.83 Mobile Safari/537.36 (compatible; Googlebot/2.1; +http://www.google.com/bot.html)"
52.167.144.187 - - [17/Jan/2025:23:05:13 -0500] "GET /fglgp/z353710.html HTTP/1.1" 200 70270 "-" "Mozilla/5.0 AppleWebKit/537.36 (KHTML, like Gecko; compatible; bingbot/2.0; +http://www.bing.com/bingbot.htm) Chrome/116.0.1938.76 Safari/537.36"
66.249.68.34 - - [17/Jan/2025:23:05:15 -0500] "GET /kedmz/i1404431.html HTTP/1.1" 200 69619 "-" "Mozilla/5.0 (Linux; Android 6.0.1; Nexus 5X Build/MMB29P) AppleWebKit/537.36 (KHTML, like Gecko) Chrome/132.0.6834.83 Mobile Safari/537.36 (compatible; Googlebot/2.1; +http://www.google.com/bot.html)"
66.29.132.124 - - [17/Jan/2025:23:05:17 -0500] "POST /wp-cron.php?doing_wp_cron=1737173117.7022929191589355468750 HTTP/1.1" 200 0 "-" "WordPress/6.7.1; https://diixadigital.com"
85.208.96.209 - - [17/Jan/2025:23:05:14 -0500] "GET /diixa_team/%D8%B1%D9%8A%D8%AC%D9%8A%D9%86%D8%A7-%D8%A8%D9%84%D8%A7%D9%83%D9%84%D9%8A-2/ HTTP/1.1" 200 17882 "-" "Mozilla/5.0 (compatible; SemrushBot/7~bl; +http://www.semrush.com/bot.html)"
66.29.132.124 - - [17/Jan/2025:23:05:18 -0500] "POST /wp-admin/admin-ajax.php?action=async_litespeed&nonce=zTn7VNpJoJNIkT1SNug92IvUCpuCutOg&litespeed_type=imgoptm HTTP/1.1" 200 21 "-" "WordPress/6.7.1; https://diixadigital.com"
52.167.144.187 - - [17/Jan/2025:23:06:04 -0500] "GET /abtcj/m2246809.html HTTP/1.1" 200 70988 "-" "Mozilla/5.0 AppleWebKit/537.36 (KHTML, like Gecko; compatible; bingbot/2.0; +http://www.bing.com/bingbot.htm) Chrome/116.0.1938.76 Safari/537.36"
207.46.13.36 - - [17/Jan/2025:23:06:31 -0500] "GET /ckqua/z2044802.html HTTP/1.1" 200 68306 "-" "Mozilla/5.0 AppleWebKit/537.36 (KHTML, like Gecko; compatible; bingbot/2.0; +http://www.bing.com/bingbot.htm) Chrome/116.0.1938.76 Safari/537.36"
40.77.167.13 - - [17/Jan/2025:23:06:41 -0500] "GET /hhicc/p335578.html HTTP/1.1" 200 69026 "-" "Mozilla/5.0 AppleWebKit/537.36 (KHTML, like Gecko; compatible; bingbot/2.0; +http://www.bing.com/bingbot.htm) Chrome/116.0.1938.76 Safari/537.36"
207.46.13.36 - - [17/Jan/2025:23:07:00 -0500] "GET /lofis/c2523933.html HTTP/1.1" 200 68290 "-" "Mozilla/5.0 AppleWebKit/537.36 (KHTML, like Gecko; compatible; bingbot/2.0; +http://www.bing.com/bingbot.htm) Chrome/116.0.1938.76 Safari/537.36"
66.249.79.161 - - [17/Jan/2025:23:07:01 -0500] "GET /qdxus/f1695238.html HTTP/1.1" 200 68565 "-" "Mozilla/5.0 (Linux; Android 6.0.1; Nexus 5X Build/MMB29P) AppleWebKit/537.36 (KHTML, like Gecko) Chrome/132.0.6834.83 Mobile Safari/537.36 (compatible; Googlebot/2.1; +http://www.google.com/bot.html)"
52.167.144.187 - - [17/Jan/2025:23:07:13 -0500] "GET /xqjmb/n2333416.html HTTP/1.1" 200 69909 "-" "Mozilla/5.0 AppleWebKit/537.36 (KHTML, like Gecko; compatible; bingbot/2.0; +http://www.bing.com/bingbot.htm) Chrome/116.0.1938.76 Safari/537.36"
52.167.144.24 - - [17/Jan/2025:23:07:22 -0500] "GET /rypqm/a3016813.html HTTP/1.1" 200 69106 "-" "Mozilla/5.0 AppleWebKit/537.36 (KHTML, like Gecko; compatible; bingbot/2.0; +http://www.bing.com/bingbot.htm) Chrome/116.0.1938.76 Safari/537.36"
52.167.144.24 - - [17/Jan/2025:23:07:42 -0500] "GET /glovj/l2497110.html HTTP/1.1" 200 68115 "-" "Mozilla/5.0 AppleWebKit/537.36 (KHTML, like Gecko; compatible; bingbot/2.0; +http://www.bing.com/bingbot.htm) Chrome/116.0.1938.76 Safari/537.36"
40.77.167.13 - - [17/Jan/2025:23:07:43 -0500] "GET /zlexo/y735675.html HTTP/1.1" 200 69759 "-" "Mozilla/5.0 AppleWebKit/537.36 (KHTML, like Gecko; compatible; bingbot/2.0; +http://www.bing.com/bingbot.htm) Chrome/116.0.1938.76 Safari/537.36"
40.77.167.13 - - [17/Jan/2025:23:08:03 -0500] "GET /robcq/t1494246.html HTTP/1.1" 200 68802 "-" "Mozilla/5.0 AppleWebKit/537.36 (KHTML, like Gecko; compatible; bingbot/2.0; +http://www.bing.com/bingbot.htm) Chrome/116.0.1938.76 Safari/537.36"
52.167.144.187 - - [17/Jan/2025:23:08:03 -0500] "GET /xgoxz/m891403.html HTTP/1.1" 200 70219 "-" "Mozilla/5.0 AppleWebKit/537.36 (KHTML, like Gecko; compatible; bingbot/2.0; +http://www.bing.com/bingbot.htm) Chrome/116.0.1938.76 Safari/537.36"
52.167.144.187 - - [17/Jan/2025:23:08:33 -0500] "GET /ykext/g2362633.html HTTP/1.1" 200 71425 "-" "Mozilla/5.0 AppleWebKit/537.36 (KHTML, like Gecko; compatible; bingbot/2.0; +http://www.bing.com/bingbot.htm) Chrome/116.0.1938.76 Safari/537.36"
66.249.79.35 - - [17/Jan/2025:23:08:38 -0500] "GET /npiwa/q1873271.html HTTP/1.1" 200 73562 "-" "Mozilla/5.0 (Linux; Android 6.0.1; Nexus 5X Build/MMB29P) AppleWebKit/537.36 (KHTML, like Gecko) Chrome/132.0.6834.83 Mobile Safari/537.36 (compatible; Googlebot/2.1; +http://www.google.com/bot.html)"
40.77.167.13 - - [17/Jan/2025:23:08:51 -0500] "GET /edats/s488201.html HTTP/1.1" 200 68796 "-" "Mozilla/5.0 AppleWebKit/537.36 (KHTML, like Gecko; compatible; bingbot/2.0; +http://www.bing.com/bingbot.htm) Chrome/116.0.1938.76 Safari/537.36"
52.167.144.187 - - [17/Jan/2025:23:08:52 -0500] "GET /tqvpw/c534673.html HTTP/1.1" 200 68900 "-" "Mozilla/5.0 AppleWebKit/537.36 (KHTML, like Gecko; compatible; bingbot/2.0; +http://www.bing.com/bingbot.htm) Chrome/116.0.1938.76 Safari/537.36"
52.167.144.187 - - [17/Jan/2025:23:09:24 -0500] "GET /urdmk/u498733.html HTTP/1.1" 200 68543 "-" "Mozilla/5.0 AppleWebKit/537.36 (KHTML, like Gecko; compatible; bingbot/2.0; +http://www.bing.com/bingbot.htm) Chrome/116.0.1938.76 Safari/537.36"
207.46.13.78 - - [17/Jan/2025:23:09:53 -0500] "GET /idpjy/i2073385.html HTTP/1.1" 200 67831 "-" "Mozilla/5.0 AppleWebKit/537.36 (KHTML, like Gecko; compatible; bingbot/2.0; +http://www.bing.com/bingbot.htm) Chrome/116.0.1938.76 Safari/537.36"
52.167.144.141 - - [17/Jan/2025:23:10:13 -0500] "GET /wcckz/d322462.html HTTP/1.1" 200 68637 "-" "Mozilla/5.0 AppleWebKit/537.36 (KHTML, like Gecko; compatible; bingbot/2.0; +http://www.bing.com/bingbot.htm) Chrome/116.0.1938.76 Safari/537.36"
52.167.144.207 - - [17/Jan/2025:23:10:32 -0500] "GET /snipa/c2129201.html HTTP/1.1" 200 69217 "-" "Mozilla/5.0 AppleWebKit/537.36 (KHTML, like Gecko; compatible; bingbot/2.0; +http://www.bing.com/bingbot.htm) Chrome/116.0.1938.76 Safari/537.36"
66.249.79.173 - - [17/Jan/2025:23:10:36 -0500] "GET /tnvqa/a1088549.html HTTP/1.1" 200 68038 "-" "Mozilla/5.0 (Linux; Android 6.0.1; Nexus 5X Build/MMB29P) AppleWebKit/537.36 (KHTML, like Gecko) Chrome/132.0.6834.83 Mobile Safari/537.36 (compatible; Googlebot/2.1; +http://www.google.com/bot.html)"
207.46.13.78 - - [17/Jan/2025:23:10:40 -0500] "GET /gqpuc/n2393554.html HTTP/1.1" 200 69656 "-" "Mozilla/5.0 AppleWebKit/537.36 (KHTML, like Gecko; compatible; bingbot/2.0; +http://www.bing.com/bingbot.htm) Chrome/116.0.1938.76 Safari/537.36"
207.46.13.87 - - [17/Jan/2025:23:10:50 -0500] "GET /xjswa/d484702.html HTTP/1.1" 200 69712 "-" "Mozilla/5.0 AppleWebKit/537.36 (KHTML, like Gecko; compatible; bingbot/2.0; +http://www.bing.com/bingbot.htm) Chrome/116.0.1938.76 Safari/537.36"
