66.249.79.105 - - [17/Jan/2025:21:32:28 -0500] "GET /rmlww/r508974.html HTTP/1.1" 200 70655 "-" "Mozilla/5.0 (Linux; Android 6.0.1; Nexus 5X Build/MMB29P) AppleWebKit/537.36 (KHTML, like Gecko) Chrome/132.0.6834.83 Mobile Safari/537.36 (compatible; Googlebot/2.1; +http://www.google.com/bot.html)"
40.77.167.44 - - [17/Jan/2025:21:32:32 -0500] "GET /rcqol/j2821432.html HTTP/1.1" 200 68365 "-" "Mozilla/5.0 AppleWebKit/537.36 (KHTML, like Gecko; compatible; bingbot/2.0; +http://www.bing.com/bingbot.htm) Chrome/116.0.1938.76 Safari/537.36"
66.249.79.105 - - [17/Jan/2025:21:32:34 -0500] "GET /tjvkk/t525954.html HTTP/1.1" 200 68473 "-" "Mozilla/5.0 (Linux; Android 6.0.1; Nexus 5X Build/MMB29P) AppleWebKit/537.36 (KHTML, like Gecko) Chrome/132.0.6834.83 Mobile Safari/537.36 (compatible; Googlebot/2.1; +http://www.google.com/bot.html)"
157.55.39.58 - - [17/Jan/2025:21:32:51 -0500] "GET /opezy/f719068.html HTTP/1.1" 200 68444 "-" "Mozilla/5.0 AppleWebKit/537.36 (KHTML, like Gecko; compatible; bingbot/2.0; +http://www.bing.com/bingbot.htm) Chrome/116.0.1938.76 Safari/537.36"
157.55.39.58 - - [17/Jan/2025:21:33:11 -0500] "GET /ropmz/f1968524.html HTTP/1.1" 200 68340 "-" "Mozilla/5.0 AppleWebKit/537.36 (KHTML, like Gecko; compatible; bingbot/2.0; +http://www.bing.com/bingbot.htm) Chrome/116.0.1938.76 Safari/537.36"
40.77.167.44 - - [17/Jan/2025:21:33:16 -0500] "GET /efxqy/x2020724.html HTTP/1.1" 200 70973 "-" "Mozilla/5.0 AppleWebKit/537.36 (KHTML, like Gecko; compatible; bingbot/2.0; +http://www.bing.com/bingbot.htm) Chrome/116.0.1938.76 Safari/537.36"
52.167.144.20 - - [17/Jan/2025:21:33:23 -0500] "GET /mdcrc/l647210.html HTTP/1.1" 200 71251 "-" "Mozilla/5.0 AppleWebKit/537.36 (KHTML, like Gecko; compatible; bingbot/2.0; +http://www.bing.com/bingbot.htm) Chrome/116.0.1938.76 Safari/537.36"
52.167.144.22 - - [17/Jan/2025:21:33:42 -0500] "GET /ssjiw/p2303804.html HTTP/1.1" 200 68994 "-" "Mozilla/5.0 AppleWebKit/537.36 (KHTML, like Gecko; compatible; bingbot/2.0; +http://www.bing.com/bingbot.htm) Chrome/116.0.1938.76 Safari/537.36"
66.249.79.105 - - [17/Jan/2025:21:33:47 -0500] "GET /nvntb/p1189834.html HTTP/1.1" 200 69465 "-" "Mozilla/5.0 (Linux; Android 6.0.1; Nexus 5X Build/MMB29P) AppleWebKit/537.36 (KHTML, like Gecko) Chrome/132.0.6834.83 Mobile Safari/537.36 (compatible; Googlebot/2.1; +http://www.google.com/bot.html)"
66.249.79.195 - - [17/Jan/2025:21:33:52 -0500] "GET /pavob/h2963494.html HTTP/1.1" 200 69076 "-" "Mozilla/5.0 (Linux; Android 6.0.1; Nexus 5X Build/MMB29P) AppleWebKit/537.36 (KHTML, like Gecko) Chrome/132.0.6834.83 Mobile Safari/537.36 (compatible; Googlebot/2.1; +http://www.google.com/bot.html)"
40.77.167.54 - - [17/Jan/2025:21:34:24 -0500] "GET /uldxb/y492627.html HTTP/1.1" 200 68060 "-" "Mozilla/5.0 AppleWebKit/537.36 (KHTML, like Gecko; compatible; bingbot/2.0; +http://www.bing.com/bingbot.htm) Chrome/116.0.1938.76 Safari/537.36"
52.167.144.22 - - [17/Jan/2025:21:34:33 -0500] "GET /wrapn/t312598.html HTTP/1.1" 200 70012 "-" "Mozilla/5.0 AppleWebKit/537.36 (KHTML, like Gecko; compatible; bingbot/2.0; +http://www.bing.com/bingbot.htm) Chrome/116.0.1938.76 Safari/537.36"
157.55.39.10 - - [17/Jan/2025:21:34:41 -0500] "GET /advoj/w1481457.html HTTP/1.1" 200 70202 "-" "Mozilla/5.0 AppleWebKit/537.36 (KHTML, like Gecko; compatible; bingbot/2.0; +http://www.bing.com/bingbot.htm) Chrome/116.0.1938.76 Safari/537.36"
66.249.68.2 - - [17/Jan/2025:21:34:52 -0500] "GET /nkrqx/p2967324.html HTTP/1.1" 200 70780 "-" "Mozilla/5.0 (Linux; Android 6.0.1; Nexus 5X Build/MMB29P) AppleWebKit/537.36 (KHTML, like Gecko) Chrome/132.0.6834.83 Mobile Safari/537.36 (compatible; Googlebot/2.1; +http://www.google.com/bot.html)"
66.249.79.173 - - [17/Jan/2025:21:35:10 -0500] "GET /oqthd/g1773577.html HTTP/1.1" 200 70586 "-" "Mozilla/5.0 (Linux; Android 6.0.1; Nexus 5X Build/MMB29P) AppleWebKit/537.36 (KHTML, like Gecko) Chrome/132.0.6834.83 Mobile Safari/537.36 (compatible; Googlebot/2.1; +http://www.google.com/bot.html)"
52.167.144.20 - - [17/Jan/2025:21:35:12 -0500] "GET /afkjg/g923949.html HTTP/1.1" 200 70771 "-" "Mozilla/5.0 AppleWebKit/537.36 (KHTML, like Gecko; compatible; bingbot/2.0; +http://www.bing.com/bingbot.htm) Chrome/116.0.1938.76 Safari/537.36"
52.167.144.20 - - [17/Jan/2025:21:35:15 -0500] "GET /numlf/x2908520.html HTTP/1.1" 200 68090 "-" "Mozilla/5.0 AppleWebKit/537.36 (KHTML, like Gecko; compatible; bingbot/2.0; +http://www.bing.com/bingbot.htm) Chrome/116.0.1938.76 Safari/537.36"
40.77.167.44 - - [17/Jan/2025:21:35:53 -0500] "GET /ofrxf/l3095604.html HTTP/1.1" 200 72360 "-" "Mozilla/5.0 AppleWebKit/537.36 (KHTML, like Gecko; compatible; bingbot/2.0; +http://www.bing.com/bingbot.htm) Chrome/116.0.1938.76 Safari/537.36"
52.167.144.20 - - [17/Jan/2025:21:35:54 -0500] "GET /paxtd/v835330.html HTTP/1.1" 200 69343 "-" "Mozilla/5.0 AppleWebKit/537.36 (KHTML, like Gecko; compatible; bingbot/2.0; +http://www.bing.com/bingbot.htm) Chrome/116.0.1938.76 Safari/537.36"
66.249.79.4 - - [17/Jan/2025:21:36:01 -0500] "GET /clqsc/y2417251.html HTTP/1.1" 200 71830 "-" "Mozilla/5.0 (Linux; Android 6.0.1; Nexus 5X Build/MMB29P) AppleWebKit/537.36 (KHTML, like Gecko) Chrome/132.0.6834.83 Mobile Safari/537.36 (compatible; Googlebot/2.1; +http://www.google.com/bot.html)"
40.77.167.54 - - [17/Jan/2025:21:36:03 -0500] "GET /ipotw/z1193848.html HTTP/1.1" 200 68596 "-" "Mozilla/5.0 AppleWebKit/537.36 (KHTML, like Gecko; compatible; bingbot/2.0; +http://www.bing.com/bingbot.htm) Chrome/116.0.1938.76 Safari/537.36"
52.167.144.20 - - [17/Jan/2025:21:36:12 -0500] "GET /jgqgl/f2273634.html HTTP/1.1" 200 68622 "-" "Mozilla/5.0 AppleWebKit/537.36 (KHTML, like Gecko; compatible; bingbot/2.0; +http://www.bing.com/bingbot.htm) Chrome/116.0.1938.76 Safari/537.36"
157.55.39.58 - - [17/Jan/2025:21:36:22 -0500] "GET /dbxso/e2104139.html HTTP/1.1" 200 68490 "-" "Mozilla/5.0 AppleWebKit/537.36 (KHTML, like Gecko; compatible; bingbot/2.0; +http://www.bing.com/bingbot.htm) Chrome/116.0.1938.76 Safari/537.36"
52.167.144.22 - - [17/Jan/2025:21:36:25 -0500] "GET /uwbsm/p1209776.html HTTP/1.1" 200 70581 "-" "Mozilla/5.0 AppleWebKit/537.36 (KHTML, like Gecko; compatible; bingbot/2.0; +http://www.bing.com/bingbot.htm) Chrome/116.0.1938.76 Safari/537.36"
157.55.39.10 - - [17/Jan/2025:21:36:30 -0500] "GET /lrhnf/s2134781.html HTTP/1.1" 200 68515 "-" "Mozilla/5.0 AppleWebKit/537.36 (KHTML, like Gecko; compatible; bingbot/2.0; +http://www.bing.com/bingbot.htm) Chrome/116.0.1938.76 Safari/537.36"
66.249.79.105 - - [17/Jan/2025:21:36:30 -0500] "GET /qoikt/f1804204.html HTTP/1.1" 200 68821 "-" "Mozilla/5.0 (Linux; Android 6.0.1; Nexus 5X Build/MMB29P) AppleWebKit/537.36 (KHTML, like Gecko) Chrome/132.0.6834.83 Mobile Safari/537.36 (compatible; Googlebot/2.1; +http://www.google.com/bot.html)"
66.249.68.71 - - [17/Jan/2025:21:36:36 -0500] "GET /zcobt/r1302338.html HTTP/1.1" 200 69733 "-" "Mozilla/5.0 (Linux; Android 6.0.1; Nexus 5X Build/MMB29P) AppleWebKit/537.36 (KHTML, like Gecko) Chrome/132.0.6834.83 Mobile Safari/537.36 (compatible; Googlebot/2.1; +http://www.google.com/bot.html)"
40.77.167.44 - - [17/Jan/2025:21:36:44 -0500] "GET /gobwn/k854481.html HTTP/1.1" 200 69359 "-" "Mozilla/5.0 AppleWebKit/537.36 (KHTML, like Gecko; compatible; bingbot/2.0; +http://www.bing.com/bingbot.htm) Chrome/116.0.1938.76 Safari/537.36"
66.249.79.2 - - [17/Jan/2025:21:36:48 -0500] "GET /dsful/q1238169.html HTTP/1.1" 200 68416 "-" "Mozilla/5.0 (Linux; Android 6.0.1; Nexus 5X Build/MMB29P) AppleWebKit/537.36 (KHTML, like Gecko) Chrome/132.0.6834.83 Mobile Safari/537.36 (compatible; Googlebot/2.1; +http://www.google.com/bot.html)"
157.55.39.58 - - [17/Jan/2025:21:37:01 -0500] "GET /zjsll/q459001.html HTTP/1.1" 200 69976 "-" "Mozilla/5.0 AppleWebKit/537.36 (KHTML, like Gecko; compatible; bingbot/2.0; +http://www.bing.com/bingbot.htm) Chrome/116.0.1938.76 Safari/537.36"
40.77.167.44 - - [17/Jan/2025:21:37:05 -0500] "GET /kcarq/g2851173.html HTTP/1.1" 200 68564 "-" "Mozilla/5.0 AppleWebKit/537.36 (KHTML, like Gecko; compatible; bingbot/2.0; +http://www.bing.com/bingbot.htm) Chrome/116.0.1938.76 Safari/537.36"
40.77.167.44 - - [17/Jan/2025:21:37:06 -0500] "GET /qcaeo/b2786766.html HTTP/1.1" 200 69019 "-" "Mozilla/5.0 AppleWebKit/537.36 (KHTML, like Gecko; compatible; bingbot/2.0; +http://www.bing.com/bingbot.htm) Chrome/116.0.1938.76 Safari/537.36"
40.77.167.44 - - [17/Jan/2025:21:37:08 -0500] "GET /xjqzx/w872121.html HTTP/1.1" 200 69753 "-" "Mozilla/5.0 AppleWebKit/537.36 (KHTML, like Gecko; compatible; bingbot/2.0; +http://www.bing.com/bingbot.htm) Chrome/116.0.1938.76 Safari/537.36"
52.167.144.20 - - [17/Jan/2025:21:37:12 -0500] "GET /bvnkr/q2816239.html HTTP/1.1" 200 68081 "-" "Mozilla/5.0 AppleWebKit/537.36 (KHTML, like Gecko; compatible; bingbot/2.0; +http://www.bing.com/bingbot.htm) Chrome/116.0.1938.76 Safari/537.36"
52.167.144.22 - - [17/Jan/2025:21:37:23 -0500] "GET /wfdlm/y2338575.html HTTP/1.1" 200 68694 "-" "Mozilla/5.0 AppleWebKit/537.36 (KHTML, like Gecko; compatible; bingbot/2.0; +http://www.bing.com/bingbot.htm) Chrome/116.0.1938.76 Safari/537.36"
52.167.144.22 - - [17/Jan/2025:21:37:25 -0500] "GET /myhhn/z2876074.html HTTP/1.1" 200 71257 "-" "Mozilla/5.0 AppleWebKit/537.36 (KHTML, like Gecko; compatible; bingbot/2.0; +http://www.bing.com/bingbot.htm) Chrome/116.0.1938.76 Safari/537.36"
52.167.144.22 - - [17/Jan/2025:21:37:27 -0500] "GET /mbseq/f2515512.html HTTP/1.1" 200 68850 "-" "Mozilla/5.0 AppleWebKit/537.36 (KHTML, like Gecko; compatible; bingbot/2.0; +http://www.bing.com/bingbot.htm) Chrome/116.0.1938.76 Safari/537.36"
40.77.167.44 - - [17/Jan/2025:21:37:44 -0500] "GET /ukjsu/t2690324.html HTTP/1.1" 200 72750 "-" "Mozilla/5.0 AppleWebKit/537.36 (KHTML, like Gecko; compatible; bingbot/2.0; +http://www.bing.com/bingbot.htm) Chrome/116.0.1938.76 Safari/537.36"
40.77.167.44 - - [17/Jan/2025:21:37:46 -0500] "GET /tostt/u2834755.html HTTP/1.1" 200 68141 "-" "Mozilla/5.0 AppleWebKit/537.36 (KHTML, like Gecko; compatible; bingbot/2.0; +http://www.bing.com/bingbot.htm) Chrome/116.0.1938.76 Safari/537.36"
52.167.144.22 - - [17/Jan/2025:21:37:48 -0500] "GET /utluv/y201401.html HTTP/1.1" 200 69956 "-" "Mozilla/5.0 AppleWebKit/537.36 (KHTML, like Gecko; compatible; bingbot/2.0; +http://www.bing.com/bingbot.htm) Chrome/116.0.1938.76 Safari/537.36"
52.167.144.22 - - [17/Jan/2025:21:37:50 -0500] "GET /hjkia/u2402297.html HTTP/1.1" 200 67169 "-" "Mozilla/5.0 AppleWebKit/537.36 (KHTML, like Gecko; compatible; bingbot/2.0; +http://www.bing.com/bingbot.htm) Chrome/116.0.1938.76 Safari/537.36"
52.167.144.22 - - [17/Jan/2025:21:38:03 -0500] "GET /jpwvd/i2122057.html HTTP/1.1" 200 70182 "-" "Mozilla/5.0 AppleWebKit/537.36 (KHTML, like Gecko; compatible; bingbot/2.0; +http://www.bing.com/bingbot.htm) Chrome/116.0.1938.76 Safari/537.36"
66.249.68.64 - - [17/Jan/2025:21:38:08 -0500] "GET /yzusw/n1627672.html HTTP/1.1" 200 70901 "-" "Mozilla/5.0 (Linux; Android 6.0.1; Nexus 5X Build/MMB29P) AppleWebKit/537.36 (KHTML, like Gecko) Chrome/132.0.6834.83 Mobile Safari/537.36 (compatible; Googlebot/2.1; +http://www.google.com/bot.html)"
52.167.144.20 - - [17/Jan/2025:21:38:14 -0500] "GET /vvoxz/d3039514.html HTTP/1.1" 200 68260 "-" "Mozilla/5.0 AppleWebKit/537.36 (KHTML, like Gecko; compatible; bingbot/2.0; +http://www.bing.com/bingbot.htm) Chrome/116.0.1938.76 Safari/537.36"
157.55.39.58 - - [17/Jan/2025:21:38:22 -0500] "GET /tbyxy/o2338981.html HTTP/1.1" 200 68117 "-" "Mozilla/5.0 AppleWebKit/537.36 (KHTML, like Gecko; compatible; bingbot/2.0; +http://www.bing.com/bingbot.htm) Chrome/116.0.1938.76 Safari/537.36"
85.208.96.208 - - [17/Jan/2025:21:38:33 -0500] "GET /robots.txt HTTP/1.1" 200 237 "-" "Mozilla/5.0 (compatible; SemrushBot/7~bl; +http://www.semrush.com/bot.html)"
66.29.132.124 - - [17/Jan/2025:21:38:37 -0500] "POST /wp-cron.php?doing_wp_cron=1737167917.5688219070434570312500 HTTP/1.1" 200 0 "-" "WordPress/6.7.1; https://diixadigital.com"
185.191.171.2 - - [17/Jan/2025:21:38:34 -0500] "GET /diixa_team/gina-bano-2/ HTTP/1.1" 200 17786 "-" "Mozilla/5.0 (compatible; SemrushBot/7~bl; +http://www.semrush.com/bot.html)"
66.29.132.124 - - [17/Jan/2025:21:38:39 -0500] "POST /wp-admin/admin-ajax.php?action=async_litespeed&nonce=IHWTsKewQKkE0xdSMOiYtEnAkE0F7a3i&litespeed_type=imgoptm HTTP/1.1" 200 0 "-" "WordPress/6.7.1; https://diixadigital.com"
157.55.39.58 - - [17/Jan/2025:21:38:42 -0500] "GET /ifucu/f477970.html HTTP/1.1" 200 68589 "-" "Mozilla/5.0 AppleWebKit/537.36 (KHTML, like Gecko; compatible; bingbot/2.0; +http://www.bing.com/bingbot.htm) Chrome/116.0.1938.76 Safari/537.36"
157.55.39.58 - - [17/Jan/2025:21:39:01 -0500] "GET /gmwqb/g940953.html HTTP/1.1" 200 69474 "-" "Mozilla/5.0 AppleWebKit/537.36 (KHTML, like Gecko; compatible; bingbot/2.0; +http://www.bing.com/bingbot.htm) Chrome/116.0.1938.76 Safari/537.36"
40.77.167.44 - - [17/Jan/2025:21:39:03 -0500] "GET /balip/h1767858.html HTTP/1.1" 200 69177 "-" "Mozilla/5.0 AppleWebKit/537.36 (KHTML, like Gecko; compatible; bingbot/2.0; +http://www.bing.com/bingbot.htm) Chrome/116.0.1938.76 Safari/537.36"
157.55.39.58 - - [17/Jan/2025:21:39:03 -0500] "GET /vaeor/y3094577.html HTTP/1.1" 200 68322 "-" "Mozilla/5.0 AppleWebKit/537.36 (KHTML, like Gecko; compatible; bingbot/2.0; +http://www.bing.com/bingbot.htm) Chrome/116.0.1938.76 Safari/537.36"
66.249.79.106 - - [17/Jan/2025:21:39:04 -0500] "GET /ythtx/m2196265.html HTTP/1.1" 200 69127 "-" "Mozilla/5.0 (Linux; Android 6.0.1; Nexus 5X Build/MMB29P) AppleWebKit/537.36 (KHTML, like Gecko) Chrome/132.0.6834.83 Mobile Safari/537.36 (compatible; Googlebot/2.1; +http://www.google.com/bot.html)"
52.167.144.22 - - [17/Jan/2025:21:39:22 -0500] "GET /avtao/r933788.html HTTP/1.1" 200 69771 "-" "Mozilla/5.0 AppleWebKit/537.36 (KHTML, like Gecko; compatible; bingbot/2.0; +http://www.bing.com/bingbot.htm) Chrome/116.0.1938.76 Safari/537.36"
66.249.79.2 - - [17/Jan/2025:21:39:25 -0500] "GET /usure/q1480411.html HTTP/1.1" 200 69243 "-" "Mozilla/5.0 (Linux; Android 6.0.1; Nexus 5X Build/MMB29P) AppleWebKit/537.36 (KHTML, like Gecko) Chrome/132.0.6834.83 Mobile Safari/537.36 (compatible; Googlebot/2.1; +http://www.google.com/bot.html)"
66.249.79.195 - - [17/Jan/2025:21:39:28 -0500] "GET /bpadf/o1426459.html HTTP/1.1" 200 69525 "-" "Mozilla/5.0 (Linux; Android 6.0.1; Nexus 5X Build/MMB29P) AppleWebKit/537.36 (KHTML, like Gecko) Chrome/132.0.6834.83 Mobile Safari/537.36 (compatible; Googlebot/2.1; +http://www.google.com/bot.html)"
66.249.68.2 - - [17/Jan/2025:21:39:36 -0500] "GET /fybqa/k235759.html HTTP/1.1" 200 68167 "-" "Mozilla/5.0 (Linux; Android 6.0.1; Nexus 5X Build/MMB29P) AppleWebKit/537.36 (KHTML, like Gecko) Chrome/132.0.6834.83 Mobile Safari/537.36 (compatible; Googlebot/2.1; +http://www.google.com/bot.html)"
157.55.39.58 - - [17/Jan/2025:21:39:52 -0500] "GET /njpog/a1496047.html HTTP/1.1" 200 67457 "-" "Mozilla/5.0 AppleWebKit/537.36 (KHTML, like Gecko; compatible; bingbot/2.0; +http://www.bing.com/bingbot.htm) Chrome/116.0.1938.76 Safari/537.36"
157.55.39.58 - - [17/Jan/2025:21:39:55 -0500] "GET /ydmgu/h1564486.html HTTP/1.1" 200 67830 "-" "Mozilla/5.0 AppleWebKit/537.36 (KHTML, like Gecko; compatible; bingbot/2.0; +http://www.bing.com/bingbot.htm) Chrome/116.0.1938.76 Safari/537.36"
66.249.68.34 - - [17/Jan/2025:21:40:08 -0500] "GET /jdgme/q1306107.html HTTP/1.1" 200 69057 "-" "Mozilla/5.0 (Linux; Android 6.0.1; Nexus 5X Build/MMB29P) AppleWebKit/537.36 (KHTML, like Gecko) Chrome/132.0.6834.83 Mobile Safari/537.36 (compatible; Googlebot/2.1; +http://www.google.com/bot.html)"
52.167.144.20 - - [17/Jan/2025:21:40:24 -0500] "GET /mifhg/p2083038.html HTTP/1.1" 200 68691 "-" "Mozilla/5.0 AppleWebKit/537.36 (KHTML, like Gecko; compatible; bingbot/2.0; +http://www.bing.com/bingbot.htm) Chrome/116.0.1938.76 Safari/537.36"
157.55.39.9 - - [17/Jan/2025:21:40:42 -0500] "GET /qmbbi/k2285131.html HTTP/1.1" 200 73580 "-" "Mozilla/5.0 AppleWebKit/537.36 (KHTML, like Gecko; compatible; bingbot/2.0; +http://www.bing.com/bingbot.htm) Chrome/116.0.1938.76 Safari/537.36"
52.167.144.186 - - [17/Jan/2025:21:41:03 -0500] "GET /avxvr/y1727341.html HTTP/1.1" 200 73210 "-" "Mozilla/5.0 AppleWebKit/537.36 (KHTML, like Gecko; compatible; bingbot/2.0; +http://www.bing.com/bingbot.htm) Chrome/116.0.1938.76 Safari/537.36"
52.167.144.20 - - [17/Jan/2025:21:41:03 -0500] "GET /vwlmv/c626167.html HTTP/1.1" 200 69506 "-" "Mozilla/5.0 AppleWebKit/537.36 (KHTML, like Gecko; compatible; bingbot/2.0; +http://www.bing.com/bingbot.htm) Chrome/116.0.1938.76 Safari/537.36"
66.249.68.3 - - [17/Jan/2025:21:41:12 -0500] "GET /ojeem/t1300858.html HTTP/1.1" 200 68855 "-" "Mozilla/5.0 (Linux; Android 6.0.1; Nexus 5X Build/MMB29P) AppleWebKit/537.36 (KHTML, like Gecko) Chrome/132.0.6834.83 Mobile Safari/537.36 (compatible; Googlebot/2.1; +http://www.google.com/bot.html)"
207.46.13.102 - - [17/Jan/2025:21:41:23 -0500] "GET /krcuc/w374741.html HTTP/1.1" 200 70798 "-" "Mozilla/5.0 AppleWebKit/537.36 (KHTML, like Gecko; compatible; bingbot/2.0; +http://www.bing.com/bingbot.htm) Chrome/116.0.1938.76 Safari/537.36"
157.55.39.9 - - [17/Jan/2025:21:41:32 -0500] "GET /jnbxa/q904043.html HTTP/1.1" 200 67861 "-" "Mozilla/5.0 AppleWebKit/537.36 (KHTML, like Gecko; compatible; bingbot/2.0; +http://www.bing.com/bingbot.htm) Chrome/116.0.1938.76 Safari/537.36"
157.55.39.9 - - [17/Jan/2025:21:41:34 -0500] "GET /vbtnn/l1884836.html HTTP/1.1" 200 69569 "-" "Mozilla/5.0 AppleWebKit/537.36 (KHTML, like Gecko; compatible; bingbot/2.0; +http://www.bing.com/bingbot.htm) Chrome/116.0.1938.76 Safari/537.36"
66.249.79.35 - - [17/Jan/2025:21:41:58 -0500] "GET /dzkcc/t2682628.html HTTP/1.1" 200 76725 "-" "Mozilla/5.0 (Linux; Android 6.0.1; Nexus 5X Build/MMB29P) AppleWebKit/537.36 (KHTML, like Gecko) Chrome/132.0.6834.83 Mobile Safari/537.36 (compatible; Googlebot/2.1; +http://www.google.com/bot.html)"
157.55.39.9 - - [17/Jan/2025:21:42:02 -0500] "GET /newtu/l1222590.html HTTP/1.1" 200 69109 "-" "Mozilla/5.0 AppleWebKit/537.36 (KHTML, like Gecko; compatible; bingbot/2.0; +http://www.bing.com/bingbot.htm) Chrome/116.0.1938.76 Safari/537.36"
40.77.167.5 - - [17/Jan/2025:21:42:46 -0500] "GET /aorcn/v1987260.html HTTP/1.1" 200 68174 "-" "Mozilla/5.0 AppleWebKit/537.36 (KHTML, like Gecko; compatible; bingbot/2.0; +http://www.bing.com/bingbot.htm) Chrome/116.0.1938.76 Safari/537.36"
52.167.144.213 - - [17/Jan/2025:21:42:54 -0500] "GET /sgimy/f2557086.html HTTP/1.1" 200 69671 "-" "Mozilla/5.0 AppleWebKit/537.36 (KHTML, like Gecko; compatible; bingbot/2.0; +http://www.bing.com/bingbot.htm) Chrome/116.0.1938.76 Safari/537.36"
207.46.13.102 - - [17/Jan/2025:21:43:01 -0500] "GET /uuirs/j2449866.html HTTP/1.1" 200 67807 "-" "Mozilla/5.0 AppleWebKit/537.36 (KHTML, like Gecko; compatible; bingbot/2.0; +http://www.bing.com/bingbot.htm) Chrome/116.0.1938.76 Safari/537.36"
66.249.79.195 - - [17/Jan/2025:21:43:10 -0500] "GET /ljkos/l2438194.html HTTP/1.1" 200 68373 "-" "Mozilla/5.0 (Linux; Android 6.0.1; Nexus 5X Build/MMB29P) AppleWebKit/537.36 (KHTML, like Gecko) Chrome/132.0.6834.83 Mobile Safari/537.36 (compatible; Googlebot/2.1; +http://www.google.com/bot.html)"
40.77.167.5 - - [17/Jan/2025:21:43:14 -0500] "GET /uuqdm/k1786737.html HTTP/1.1" 200 69159 "-" "Mozilla/5.0 AppleWebKit/537.36 (KHTML, like Gecko; compatible; bingbot/2.0; +http://www.bing.com/bingbot.htm) Chrome/116.0.1938.76 Safari/537.36"
40.77.167.5 - - [17/Jan/2025:21:43:18 -0500] "GET /wejtu/g1460095.html HTTP/1.1" 200 69770 "-" "Mozilla/5.0 AppleWebKit/537.36 (KHTML, like Gecko; compatible; bingbot/2.0; +http://www.bing.com/bingbot.htm) Chrome/116.0.1938.76 Safari/537.36"
66.249.79.105 - - [17/Jan/2025:21:43:22 -0500] "GET /opgic/g2597543.html HTTP/1.1" 200 71718 "-" "Mozilla/5.0 (Linux; Android 6.0.1; Nexus 5X Build/MMB29P) AppleWebKit/537.36 (KHTML, like Gecko) Chrome/132.0.6834.83 Mobile Safari/537.36 (compatible; Googlebot/2.1; +http://www.google.com/bot.html)"
52.167.144.213 - - [17/Jan/2025:21:44:13 -0500] "GET /nytad/f2242018.html HTTP/1.1" 200 67752 "-" "Mozilla/5.0 AppleWebKit/537.36 (KHTML, like Gecko; compatible; bingbot/2.0; +http://www.bing.com/bingbot.htm) Chrome/116.0.1938.76 Safari/537.36"
52.167.144.213 - - [17/Jan/2025:21:44:16 -0500] "GET /khbgg/m2978215.html HTTP/1.1" 200 69703 "-" "Mozilla/5.0 AppleWebKit/537.36 (KHTML, like Gecko; compatible; bingbot/2.0; +http://www.bing.com/bingbot.htm) Chrome/116.0.1938.76 Safari/537.36"
66.249.79.2 - - [17/Jan/2025:21:44:32 -0500] "GET /xvxww/x1373740.html HTTP/1.1" 200 67675 "-" "Mozilla/5.0 (Linux; Android 6.0.1; Nexus 5X Build/MMB29P) AppleWebKit/537.36 (KHTML, like Gecko) Chrome/132.0.6834.83 Mobile Safari/537.36 (compatible; Googlebot/2.1; +http://www.google.com/bot.html)"
207.46.13.102 - - [17/Jan/2025:21:44:52 -0500] "GET /qvbci/m535385.html HTTP/1.1" 200 67732 "-" "Mozilla/5.0 AppleWebKit/537.36 (KHTML, like Gecko; compatible; bingbot/2.0; +http://www.bing.com/bingbot.htm) Chrome/116.0.1938.76 Safari/537.36"
207.46.13.102 - - [17/Jan/2025:21:44:55 -0500] "GET /rtxgw/n300242.html HTTP/1.1" 200 70280 "-" "Mozilla/5.0 AppleWebKit/537.36 (KHTML, like Gecko; compatible; bingbot/2.0; +http://www.bing.com/bingbot.htm) Chrome/116.0.1938.76 Safari/537.36"
52.167.144.66 - - [17/Jan/2025:21:45:22 -0500] "GET /robots.txt HTTP/1.1" 200 174 "-" "Mozilla/5.0 AppleWebKit/537.36 (KHTML, like Gecko; compatible; bingbot/2.0; +http://www.bing.com/bingbot.htm) Chrome/116.0.1938.76 Safari/537.36"
52.167.144.66 - - [17/Jan/2025:21:45:22 -0500] "GET /robots.txt HTTP/1.1" 200 174 "-" "Mozilla/5.0 AppleWebKit/537.36 (KHTML, like Gecko; compatible; bingbot/2.0; +http://www.bing.com/bingbot.htm) Chrome/116.0.1938.76 Safari/537.36"
66.249.68.71 - - [17/Jan/2025:21:45:22 -0500] "GET /yftdg/d2206162.html HTTP/1.1" 200 69705 "-" "Mozilla/5.0 (Linux; Android 6.0.1; Nexus 5X Build/MMB29P) AppleWebKit/537.36 (KHTML, like Gecko) Chrome/132.0.6834.83 Mobile Safari/537.36 (compatible; Googlebot/2.1; +http://www.google.com/bot.html)"
52.167.144.213 - - [17/Jan/2025:21:45:25 -0500] "GET /kbxwf/k1125713.html HTTP/1.1" 200 69771 "-" "Mozilla/5.0 AppleWebKit/537.36 (KHTML, like Gecko; compatible; bingbot/2.0; +http://www.bing.com/bingbot.htm) Chrome/116.0.1938.76 Safari/537.36"
52.167.144.186 - - [17/Jan/2025:21:45:27 -0500] "GET /kovrf/t2986412.html HTTP/1.1" 200 68221 "-" "Mozilla/5.0 AppleWebKit/537.36 (KHTML, like Gecko; compatible; bingbot/2.0; +http://www.bing.com/bingbot.htm) Chrome/116.0.1938.76 Safari/537.36"
52.167.144.213 - - [17/Jan/2025:21:45:33 -0500] "GET /adxqn/r1984760.html HTTP/1.1" 200 68658 "-" "Mozilla/5.0 AppleWebKit/537.36 (KHTML, like Gecko; compatible; bingbot/2.0; +http://www.bing.com/bingbot.htm) Chrome/116.0.1938.76 Safari/537.36"
207.46.13.102 - - [17/Jan/2025:21:45:42 -0500] "GET /qcnsw/c2612697.html HTTP/1.1" 200 69165 "-" "Mozilla/5.0 AppleWebKit/537.36 (KHTML, like Gecko; compatible; bingbot/2.0; +http://www.bing.com/bingbot.htm) Chrome/116.0.1938.76 Safari/537.36"
52.167.144.213 - - [17/Jan/2025:21:45:45 -0500] "GET /tuaqh/g2671929.html HTTP/1.1" 200 68922 "-" "Mozilla/5.0 AppleWebKit/537.36 (KHTML, like Gecko; compatible; bingbot/2.0; +http://www.bing.com/bingbot.htm) Chrome/116.0.1938.76 Safari/537.36"
66.249.68.33 - - [17/Jan/2025:21:45:47 -0500] "GET /apufq/r2932070.html HTTP/1.1" 200 69396 "-" "Mozilla/5.0 (Linux; Android 6.0.1; Nexus 5X Build/MMB29P) AppleWebKit/537.36 (KHTML, like Gecko) Chrome/132.0.6834.83 Mobile Safari/537.36 (compatible; Googlebot/2.1; +http://www.google.com/bot.html)"
52.167.144.186 - - [17/Jan/2025:21:45:47 -0500] "GET /ogfud/u2283321.html HTTP/1.1" 200 71600 "-" "Mozilla/5.0 AppleWebKit/537.36 (KHTML, like Gecko; compatible; bingbot/2.0; +http://www.bing.com/bingbot.htm) Chrome/116.0.1938.76 Safari/537.36"
207.46.13.102 - - [17/Jan/2025:21:46:32 -0500] "GET /rbswz/o1658951.html HTTP/1.1" 200 67419 "-" "Mozilla/5.0 AppleWebKit/537.36 (KHTML, like Gecko; compatible; bingbot/2.0; +http://www.bing.com/bingbot.htm) Chrome/116.0.1938.76 Safari/537.36"
207.46.13.102 - - [17/Jan/2025:21:46:34 -0500] "GET /blnnd/v2247156.html HTTP/1.1" 200 68252 "-" "Mozilla/5.0 AppleWebKit/537.36 (KHTML, like Gecko; compatible; bingbot/2.0; +http://www.bing.com/bingbot.htm) Chrome/116.0.1938.76 Safari/537.36"
52.167.144.186 - - [17/Jan/2025:21:46:36 -0500] "GET /ikjsv/f309178.html HTTP/1.1" 200 68811 "-" "Mozilla/5.0 AppleWebKit/537.36 (KHTML, like Gecko; compatible; bingbot/2.0; +http://www.bing.com/bingbot.htm) Chrome/116.0.1938.76 Safari/537.36"
66.249.68.71 - - [17/Jan/2025:21:46:39 -0500] "GET /bsxhx/r517814.html HTTP/1.1" 200 67911 "-" "Mozilla/5.0 (Linux; Android 6.0.1; Nexus 5X Build/MMB29P) AppleWebKit/537.36 (KHTML, like Gecko) Chrome/132.0.6834.83 Mobile Safari/537.36 (compatible; Googlebot/2.1; +http://www.google.com/bot.html)"
66.249.79.105 - - [17/Jan/2025:21:46:54 -0500] "GET /dkaql/w206625.html HTTP/1.1" 200 75229 "-" "Mozilla/5.0 (Linux; Android 6.0.1; Nexus 5X Build/MMB29P) AppleWebKit/537.36 (KHTML, like Gecko) Chrome/132.0.6834.83 Mobile Safari/537.36 (compatible; Googlebot/2.1; +http://www.google.com/bot.html)"
40.77.167.5 - - [17/Jan/2025:21:46:54 -0500] "GET /wqhwa/u725999.html HTTP/1.1" 200 71204 "-" "Mozilla/5.0 AppleWebKit/537.36 (KHTML, like Gecko; compatible; bingbot/2.0; +http://www.bing.com/bingbot.htm) Chrome/116.0.1938.76 Safari/537.36"
40.77.167.5 - - [17/Jan/2025:21:46:57 -0500] "GET /ptmri/e677805.html HTTP/1.1" 200 68902 "-" "Mozilla/5.0 AppleWebKit/537.36 (KHTML, like Gecko; compatible; bingbot/2.0; +http://www.bing.com/bingbot.htm) Chrome/116.0.1938.76 Safari/537.36"
40.77.167.5 - - [17/Jan/2025:21:46:59 -0500] "GET /aasnt/i661247.html HTTP/1.1" 200 67396 "-" "Mozilla/5.0 AppleWebKit/537.36 (KHTML, like Gecko; compatible; bingbot/2.0; +http://www.bing.com/bingbot.htm) Chrome/116.0.1938.76 Safari/537.36"
157.55.39.9 - - [17/Jan/2025:21:47:12 -0500] "GET /emcnm/k2479845.html HTTP/1.1" 200 68859 "-" "Mozilla/5.0 AppleWebKit/537.36 (KHTML, like Gecko; compatible; bingbot/2.0; +http://www.bing.com/bingbot.htm) Chrome/116.0.1938.76 Safari/537.36"
52.167.144.186 - - [17/Jan/2025:21:47:14 -0500] "GET /flutp/i2474461.html HTTP/1.1" 200 70232 "-" "Mozilla/5.0 AppleWebKit/537.36 (KHTML, like Gecko; compatible; bingbot/2.0; +http://www.bing.com/bingbot.htm) Chrome/116.0.1938.76 Safari/537.36"
52.167.144.186 - - [17/Jan/2025:21:47:15 -0500] "GET /soeco/m2042787.html HTTP/1.1" 200 68119 "-" "Mozilla/5.0 AppleWebKit/537.36 (KHTML, like Gecko; compatible; bingbot/2.0; +http://www.bing.com/bingbot.htm) Chrome/116.0.1938.76 Safari/537.36"
66.249.68.71 - - [17/Jan/2025:21:47:23 -0500] "GET /yitpg/e2398147.html HTTP/1.1" 200 69271 "-" "Mozilla/5.0 (Linux; Android 6.0.1; Nexus 5X Build/MMB29P) AppleWebKit/537.36 (KHTML, like Gecko) Chrome/132.0.6834.83 Mobile Safari/537.36 (compatible; Googlebot/2.1; +http://www.google.com/bot.html)"
52.167.144.186 - - [17/Jan/2025:21:47:44 -0500] "GET /zdkpl/h890280.html HTTP/1.1" 200 68441 "-" "Mozilla/5.0 AppleWebKit/537.36 (KHTML, like Gecko; compatible; bingbot/2.0; +http://www.bing.com/bingbot.htm) Chrome/116.0.1938.76 Safari/537.36"
52.167.144.213 - - [17/Jan/2025:21:48:05 -0500] "GET /tcnja/r101398.html HTTP/1.1" 200 68270 "-" "Mozilla/5.0 AppleWebKit/537.36 (KHTML, like Gecko; compatible; bingbot/2.0; +http://www.bing.com/bingbot.htm) Chrome/116.0.1938.76 Safari/537.36"
207.46.13.102 - - [17/Jan/2025:21:48:12 -0500] "GET /puzqm/b2194642.html HTTP/1.1" 200 68679 "-" "Mozilla/5.0 AppleWebKit/537.36 (KHTML, like Gecko; compatible; bingbot/2.0; +http://www.bing.com/bingbot.htm) Chrome/116.0.1938.76 Safari/537.36"
207.46.13.102 - - [17/Jan/2025:21:48:14 -0500] "GET /nqyzo/y175557.html HTTP/1.1" 200 75421 "-" "Mozilla/5.0 AppleWebKit/537.36 (KHTML, like Gecko; compatible; bingbot/2.0; +http://www.bing.com/bingbot.htm) Chrome/116.0.1938.76 Safari/537.36"
66.249.79.195 - - [17/Jan/2025:21:48:23 -0500] "GET /jtfue/y2239047.html HTTP/1.1" 200 69293 "-" "Mozilla/5.0 (Linux; Android 6.0.1; Nexus 5X Build/MMB29P) AppleWebKit/537.36 (KHTML, like Gecko) Chrome/132.0.6834.83 Mobile Safari/537.36 (compatible; Googlebot/2.1; +http://www.google.com/bot.html)"
66.249.68.2 - - [17/Jan/2025:21:48:34 -0500] "GET /pvkiw/q437317.html HTTP/1.1" 200 69766 "-" "Mozilla/5.0 (Linux; Android 6.0.1; Nexus 5X Build/MMB29P) AppleWebKit/537.36 (KHTML, like Gecko) Chrome/132.0.6834.83 Mobile Safari/537.36 (compatible; Googlebot/2.1; +http://www.google.com/bot.html)"
66.249.79.35 - - [17/Jan/2025:21:48:52 -0500] "GET /khkix/y2771683.html HTTP/1.1" 200 68481 "-" "Mozilla/5.0 (Linux; Android 6.0.1; Nexus 5X Build/MMB29P) AppleWebKit/537.36 (KHTML, like Gecko) Chrome/132.0.6834.83 Mobile Safari/537.36 (compatible; Googlebot/2.1; +http://www.google.com/bot.html)"
40.77.167.5 - - [17/Jan/2025:21:48:55 -0500] "GET /scjzp/b2190222.html HTTP/1.1" 200 72194 "-" "Mozilla/5.0 AppleWebKit/537.36 (KHTML, like Gecko; compatible; bingbot/2.0; +http://www.bing.com/bingbot.htm) Chrome/116.0.1938.76 Safari/537.36"
157.55.39.9 - - [17/Jan/2025:21:49:02 -0500] "GET /ztgtz/l2777234.html HTTP/1.1" 200 68778 "-" "Mozilla/5.0 AppleWebKit/537.36 (KHTML, like Gecko; compatible; bingbot/2.0; +http://www.bing.com/bingbot.htm) Chrome/116.0.1938.76 Safari/537.36"
207.46.13.102 - - [17/Jan/2025:21:49:21 -0500] "GET /ecywd/j2267710.html HTTP/1.1" 200 74059 "-" "Mozilla/5.0 AppleWebKit/537.36 (KHTML, like Gecko; compatible; bingbot/2.0; +http://www.bing.com/bingbot.htm) Chrome/116.0.1938.76 Safari/537.36"
207.46.13.102 - - [17/Jan/2025:21:49:23 -0500] "GET /qokrc/j2540606.html HTTP/1.1" 200 68940 "-" "Mozilla/5.0 AppleWebKit/537.36 (KHTML, like Gecko; compatible; bingbot/2.0; +http://www.bing.com/bingbot.htm) Chrome/116.0.1938.76 Safari/537.36"
52.167.144.186 - - [17/Jan/2025:21:49:24 -0500] "GET /tasmf/i1444861.html HTTP/1.1" 200 67653 "-" "Mozilla/5.0 AppleWebKit/537.36 (KHTML, like Gecko; compatible; bingbot/2.0; +http://www.bing.com/bingbot.htm) Chrome/116.0.1938.76 Safari/537.36"
66.249.79.105 - - [17/Jan/2025:21:49:39 -0500] "GET /kbwyf/v525748.html HTTP/1.1" 200 70029 "-" "Mozilla/5.0 (Linux; Android 6.0.1; Nexus 5X Build/MMB29P) AppleWebKit/537.36 (KHTML, like Gecko) Chrome/132.0.6834.83 Mobile Safari/537.36 (compatible; Googlebot/2.1; +http://www.google.com/bot.html)"
207.46.13.102 - - [17/Jan/2025:21:49:42 -0500] "GET /mridc/k2387597.html HTTP/1.1" 200 70184 "-" "Mozilla/5.0 AppleWebKit/537.36 (KHTML, like Gecko; compatible; bingbot/2.0; +http://www.bing.com/bingbot.htm) Chrome/116.0.1938.76 Safari/537.36"
52.167.144.173 - - [17/Jan/2025:21:50:04 -0500] "GET /tcxyh/k252399.html HTTP/1.1" 200 68250 "-" "Mozilla/5.0 AppleWebKit/537.36 (KHTML, like Gecko; compatible; bingbot/2.0; +http://www.bing.com/bingbot.htm) Chrome/116.0.1938.76 Safari/537.36"
207.46.13.102 - - [17/Jan/2025:21:50:22 -0500] "GET /frefb/k783319.html HTTP/1.1" 200 70754 "-" "Mozilla/5.0 AppleWebKit/537.36 (KHTML, like Gecko; compatible; bingbot/2.0; +http://www.bing.com/bingbot.htm) Chrome/116.0.1938.76 Safari/537.36"
52.167.144.186 - - [17/Jan/2025:21:50:27 -0500] "GET /qrvhx/v1857286.html HTTP/1.1" 200 68901 "-" "Mozilla/5.0 AppleWebKit/537.36 (KHTML, like Gecko; compatible; bingbot/2.0; +http://www.bing.com/bingbot.htm) Chrome/116.0.1938.76 Safari/537.36"
66.249.79.105 - - [17/Jan/2025:21:50:35 -0500] "GET /vtsna/u578631.html HTTP/1.1" 200 68896 "-" "Mozilla/5.0 (Linux; Android 6.0.1; Nexus 5X Build/MMB29P) AppleWebKit/537.36 (KHTML, like Gecko) Chrome/132.0.6834.83 Mobile Safari/537.36 (compatible; Googlebot/2.1; +http://www.google.com/bot.html)"
207.46.13.102 - - [17/Jan/2025:21:50:43 -0500] "GET /xybyq/x2403600.html HTTP/1.1" 200 68723 "-" "Mozilla/5.0 AppleWebKit/537.36 (KHTML, like Gecko; compatible; bingbot/2.0; +http://www.bing.com/bingbot.htm) Chrome/116.0.1938.76 Safari/537.36"
157.55.39.9 - - [17/Jan/2025:21:50:44 -0500] "GET /wlorn/m432451.html HTTP/1.1" 200 68472 "-" "Mozilla/5.0 AppleWebKit/537.36 (KHTML, like Gecko; compatible; bingbot/2.0; +http://www.bing.com/bingbot.htm) Chrome/116.0.1938.76 Safari/537.36"
66.249.68.2 - - [17/Jan/2025:21:50:54 -0500] "GET /wjzlk/h436970.html HTTP/1.1" 200 69096 "-" "Mozilla/5.0 (Linux; Android 6.0.1; Nexus 5X Build/MMB29P) AppleWebKit/537.36 (KHTML, like Gecko) Chrome/132.0.6834.83 Mobile Safari/537.36 (compatible; Googlebot/2.1; +http://www.google.com/bot.html)"
66.249.79.195 - - [17/Jan/2025:21:50:58 -0500] "GET /vqony/j2177880.html HTTP/1.1" 200 67987 "-" "Mozilla/5.0 (Linux; Android 6.0.1; Nexus 5X Build/MMB29P) AppleWebKit/537.36 (KHTML, like Gecko) Chrome/132.0.6834.83 Mobile Safari/537.36 (compatible; Googlebot/2.1; +http://www.google.com/bot.html)"
207.46.13.102 - - [17/Jan/2025:21:51:12 -0500] "GET /thfmf/r2777916.html HTTP/1.1" 200 68546 "-" "Mozilla/5.0 AppleWebKit/537.36 (KHTML, like Gecko; compatible; bingbot/2.0; +http://www.bing.com/bingbot.htm) Chrome/116.0.1938.76 Safari/537.36"
157.55.39.195 - - [17/Jan/2025:21:51:23 -0500] "GET /tituo/s2807973.html HTTP/1.1" 200 69634 "-" "Mozilla/5.0 AppleWebKit/537.36 (KHTML, like Gecko; compatible; bingbot/2.0; +http://www.bing.com/bingbot.htm) Chrome/116.0.1938.76 Safari/537.36"
52.167.144.213 - - [17/Jan/2025:21:51:26 -0500] "GET /eohom/a2585655.html HTTP/1.1" 200 67901 "-" "Mozilla/5.0 AppleWebKit/537.36 (KHTML, like Gecko; compatible; bingbot/2.0; +http://www.bing.com/bingbot.htm) Chrome/116.0.1938.76 Safari/537.36"
52.167.144.173 - - [17/Jan/2025:21:51:34 -0500] "GET /duptt/b1983704.html HTTP/1.1" 200 68990 "-" "Mozilla/5.0 AppleWebKit/537.36 (KHTML, like Gecko; compatible; bingbot/2.0; +http://www.bing.com/bingbot.htm) Chrome/116.0.1938.76 Safari/537.36"
207.46.13.153 - - [17/Jan/2025:21:51:43 -0500] "GET /bdhqk/h2112202.html HTTP/1.1" 200 72075 "-" "Mozilla/5.0 AppleWebKit/537.36 (KHTML, like Gecko; compatible; bingbot/2.0; +http://www.bing.com/bingbot.htm) Chrome/116.0.1938.76 Safari/537.36"
40.77.167.7 - - [17/Jan/2025:21:51:47 -0500] "GET /hjdjm/p2324968.html HTTP/1.1" 200 68315 "-" "Mozilla/5.0 AppleWebKit/537.36 (KHTML, like Gecko; compatible; bingbot/2.0; +http://www.bing.com/bingbot.htm) Chrome/116.0.1938.76 Safari/537.36"
40.77.167.7 - - [17/Jan/2025:21:52:25 -0500] "GET /lksir/s2077867.html HTTP/1.1" 200 67944 "-" "Mozilla/5.0 AppleWebKit/537.36 (KHTML, like Gecko; compatible; bingbot/2.0; +http://www.bing.com/bingbot.htm) Chrome/116.0.1938.76 Safari/537.36"
52.167.144.213 - - [17/Jan/2025:21:52:46 -0500] "GET /sdaio/a2548865.html HTTP/1.1" 200 69096 "-" "Mozilla/5.0 AppleWebKit/537.36 (KHTML, like Gecko; compatible; bingbot/2.0; +http://www.bing.com/bingbot.htm) Chrome/116.0.1938.76 Safari/537.36"
40.77.167.7 - - [17/Jan/2025:21:52:54 -0500] "GET /uxdnw/m2974939.html HTTP/1.1" 200 67747 "-" "Mozilla/5.0 AppleWebKit/537.36 (KHTML, like Gecko; compatible; bingbot/2.0; +http://www.bing.com/bingbot.htm) Chrome/116.0.1938.76 Safari/537.36"
40.77.167.7 - - [17/Jan/2025:21:52:56 -0500] "GET /uuzcx/s700127.html HTTP/1.1" 200 71191 "-" "Mozilla/5.0 AppleWebKit/537.36 (KHTML, like Gecko; compatible; bingbot/2.0; +http://www.bing.com/bingbot.htm) Chrome/116.0.1938.76 Safari/537.36"
40.77.167.5 - - [17/Jan/2025:21:52:56 -0500] "GET /xmxur/w1703445.html HTTP/1.1" 200 68998 "-" "Mozilla/5.0 AppleWebKit/537.36 (KHTML, like Gecko; compatible; bingbot/2.0; +http://www.bing.com/bingbot.htm) Chrome/116.0.1938.76 Safari/537.36"
52.167.144.173 - - [17/Jan/2025:21:53:05 -0500] "GET /yivdp/b903118.html HTTP/1.1" 200 70547 "-" "Mozilla/5.0 AppleWebKit/537.36 (KHTML, like Gecko; compatible; bingbot/2.0; +http://www.bing.com/bingbot.htm) Chrome/116.0.1938.76 Safari/537.36"
40.77.167.7 - - [17/Jan/2025:21:53:15 -0500] "GET /quowl/m2355853.html HTTP/1.1" 200 68432 "-" "Mozilla/5.0 AppleWebKit/537.36 (KHTML, like Gecko; compatible; bingbot/2.0; +http://www.bing.com/bingbot.htm) Chrome/116.0.1938.76 Safari/537.36"
207.46.13.153 - - [17/Jan/2025:21:53:23 -0500] "GET /dxcsd/h2357486.html HTTP/1.1" 200 70040 "-" "Mozilla/5.0 AppleWebKit/537.36 (KHTML, like Gecko; compatible; bingbot/2.0; +http://www.bing.com/bingbot.htm) Chrome/116.0.1938.76 Safari/537.36"
52.167.144.173 - - [17/Jan/2025:21:53:24 -0500] "GET /lsllg/x830574.html HTTP/1.1" 200 69057 "-" "Mozilla/5.0 AppleWebKit/537.36 (KHTML, like Gecko; compatible; bingbot/2.0; +http://www.bing.com/bingbot.htm) Chrome/116.0.1938.76 Safari/537.36"
207.46.13.153 - - [17/Jan/2025:21:53:28 -0500] "GET /yrgim/z2324536.html HTTP/1.1" 200 68165 "-" "Mozilla/5.0 AppleWebKit/537.36 (KHTML, like Gecko; compatible; bingbot/2.0; +http://www.bing.com/bingbot.htm) Chrome/116.0.1938.76 Safari/537.36"
66.249.68.33 - - [17/Jan/2025:21:53:28 -0500] "GET /mxloa/l520122.html HTTP/1.1" 200 70358 "-" "Mozilla/5.0 (Linux; Android 6.0.1; Nexus 5X Build/MMB29P) AppleWebKit/537.36 (KHTML, like Gecko) Chrome/132.0.6834.83 Mobile Safari/537.36 (compatible; Googlebot/2.1; +http://www.google.com/bot.html)"
40.77.167.126 - - [17/Jan/2025:21:53:35 -0500] "GET /rkrsi/b650346.html HTTP/1.1" 200 68175 "-" "Mozilla/5.0 AppleWebKit/537.36 (KHTML, like Gecko; compatible; bingbot/2.0; +http://www.bing.com/bingbot.htm) Chrome/116.0.1938.76 Safari/537.36"
40.77.167.126 - - [17/Jan/2025:21:53:37 -0500] "GET /lrvsu/k2123801.html HTTP/1.1" 200 69314 "-" "Mozilla/5.0 AppleWebKit/537.36 (KHTML, like Gecko; compatible; bingbot/2.0; +http://www.bing.com/bingbot.htm) Chrome/116.0.1938.76 Safari/537.36"
40.77.167.126 - - [17/Jan/2025:21:53:39 -0500] "GET /vinmn/j2170340.html HTTP/1.1" 200 68312 "-" "Mozilla/5.0 AppleWebKit/537.36 (KHTML, like Gecko; compatible; bingbot/2.0; +http://www.bing.com/bingbot.htm) Chrome/116.0.1938.76 Safari/537.36"
207.46.13.153 - - [17/Jan/2025:21:53:44 -0500] "GET /agytu/j749414.html HTTP/1.1" 200 67666 "-" "Mozilla/5.0 AppleWebKit/537.36 (KHTML, like Gecko; compatible; bingbot/2.0; +http://www.bing.com/bingbot.htm) Chrome/116.0.1938.76 Safari/537.36"
40.77.167.7 - - [17/Jan/2025:21:53:49 -0500] "GET /ikdkq/k2808329.html HTTP/1.1" 200 69743 "-" "Mozilla/5.0 AppleWebKit/537.36 (KHTML, like Gecko; compatible; bingbot/2.0; +http://www.bing.com/bingbot.htm) Chrome/116.0.1938.76 Safari/537.36"
157.55.39.195 - - [17/Jan/2025:21:53:53 -0500] "GET /weyzt/t3072160.html HTTP/1.1" 200 68463 "-" "Mozilla/5.0 AppleWebKit/537.36 (KHTML, like Gecko; compatible; bingbot/2.0; +http://www.bing.com/bingbot.htm) Chrome/116.0.1938.76 Safari/537.36"
52.167.144.219 - - [17/Jan/2025:21:54:14 -0500] "GET /tster/i1609961.html HTTP/1.1" 200 68118 "-" "Mozilla/5.0 AppleWebKit/537.36 (KHTML, like Gecko; compatible; bingbot/2.0; +http://www.bing.com/bingbot.htm) Chrome/116.0.1938.76 Safari/537.36"
52.167.144.219 - - [17/Jan/2025:21:54:17 -0500] "GET /pvqul/z2260186.html HTTP/1.1" 200 68304 "-" "Mozilla/5.0 AppleWebKit/537.36 (KHTML, like Gecko; compatible; bingbot/2.0; +http://www.bing.com/bingbot.htm) Chrome/116.0.1938.76 Safari/537.36"
40.77.167.126 - - [17/Jan/2025:21:54:36 -0500] "GET /aotib/b2621822.html HTTP/1.1" 200 69122 "-" "Mozilla/5.0 AppleWebKit/537.36 (KHTML, like Gecko; compatible; bingbot/2.0; +http://www.bing.com/bingbot.htm) Chrome/116.0.1938.76 Safari/537.36"
157.55.39.195 - - [17/Jan/2025:21:55:04 -0500] "GET /hvaiz/h280372.html HTTP/1.1" 200 68809 "-" "Mozilla/5.0 AppleWebKit/537.36 (KHTML, like Gecko; compatible; bingbot/2.0; +http://www.bing.com/bingbot.htm) Chrome/116.0.1938.76 Safari/537.36"
40.77.167.0 - - [17/Jan/2025:21:55:08 -0500] "GET /kurey/s89855.html HTTP/1.1" 200 68041 "-" "Mozilla/5.0 AppleWebKit/537.36 (KHTML, like Gecko; compatible; bingbot/2.0; +http://www.bing.com/bingbot.htm) Chrome/116.0.1938.76 Safari/537.36"
40.77.167.0 - - [17/Jan/2025:21:55:10 -0500] "GET /uuswq/r2499170.html HTTP/1.1" 200 73064 "-" "Mozilla/5.0 AppleWebKit/537.36 (KHTML, like Gecko; compatible; bingbot/2.0; +http://www.bing.com/bingbot.htm) Chrome/116.0.1938.76 Safari/537.36"
207.46.13.153 - - [17/Jan/2025:21:55:23 -0500] "GET /swyiq/k2506495.html HTTP/1.1" 200 70652 "-" "Mozilla/5.0 AppleWebKit/537.36 (KHTML, like Gecko; compatible; bingbot/2.0; +http://www.bing.com/bingbot.htm) Chrome/116.0.1938.76 Safari/537.36"
207.46.13.153 - - [17/Jan/2025:21:55:26 -0500] "GET /wnfaz/a2759543.html HTTP/1.1" 200 68126 "-" "Mozilla/5.0 AppleWebKit/537.36 (KHTML, like Gecko; compatible; bingbot/2.0; +http://www.bing.com/bingbot.htm) Chrome/116.0.1938.76 Safari/537.36"
40.77.167.126 - - [17/Jan/2025:21:55:27 -0500] "GET /ojsmg/q2588141.html HTTP/1.1" 200 67966 "-" "Mozilla/5.0 AppleWebKit/537.36 (KHTML, like Gecko; compatible; bingbot/2.0; +http://www.bing.com/bingbot.htm) Chrome/116.0.1938.76 Safari/537.36"
40.77.167.7 - - [17/Jan/2025:21:55:34 -0500] "GET /yhchf/p896268.html HTTP/1.1" 200 67841 "-" "Mozilla/5.0 AppleWebKit/537.36 (KHTML, like Gecko; compatible; bingbot/2.0; +http://www.bing.com/bingbot.htm) Chrome/116.0.1938.76 Safari/537.36"
40.77.167.0 - - [17/Jan/2025:21:55:35 -0500] "GET /tihvc/t2773862.html HTTP/1.1" 200 69741 "-" "Mozilla/5.0 AppleWebKit/537.36 (KHTML, like Gecko; compatible; bingbot/2.0; +http://www.bing.com/bingbot.htm) Chrome/116.0.1938.76 Safari/537.36"
40.77.167.0 - - [17/Jan/2025:21:55:46 -0500] "GET /awxjp/r188706.html HTTP/1.1" 200 66950 "-" "Mozilla/5.0 AppleWebKit/537.36 (KHTML, like Gecko; compatible; bingbot/2.0; +http://www.bing.com/bingbot.htm) Chrome/116.0.1938.76 Safari/537.36"
157.55.39.195 - - [17/Jan/2025:21:56:04 -0500] "GET /nvkns/j1044904.html HTTP/1.1" 200 69442 "-" "Mozilla/5.0 AppleWebKit/537.36 (KHTML, like Gecko; compatible; bingbot/2.0; +http://www.bing.com/bingbot.htm) Chrome/116.0.1938.76 Safari/537.36"
207.46.13.153 - - [17/Jan/2025:21:56:04 -0500] "GET /xptel/e3054231.html HTTP/1.1" 200 67967 "-" "Mozilla/5.0 AppleWebKit/537.36 (KHTML, like Gecko; compatible; bingbot/2.0; +http://www.bing.com/bingbot.htm) Chrome/116.0.1938.76 Safari/537.36"
207.46.13.153 - - [17/Jan/2025:21:56:07 -0500] "GET /eeahr/t3010098.html HTTP/1.1" 200 70733 "-" "Mozilla/5.0 AppleWebKit/537.36 (KHTML, like Gecko; compatible; bingbot/2.0; +http://www.bing.com/bingbot.htm) Chrome/116.0.1938.76 Safari/537.36"
52.167.144.219 - - [17/Jan/2025:21:56:15 -0500] "GET /gpeas/b2444944.html HTTP/1.1" 200 68644 "-" "Mozilla/5.0 AppleWebKit/537.36 (KHTML, like Gecko; compatible; bingbot/2.0; +http://www.bing.com/bingbot.htm) Chrome/116.0.1938.76 Safari/537.36"
40.77.167.126 - - [17/Jan/2025:21:56:43 -0500] "GET /zlrjs/e1530683.html HTTP/1.1" 200 68840 "-" "Mozilla/5.0 AppleWebKit/537.36 (KHTML, like Gecko; compatible; bingbot/2.0; +http://www.bing.com/bingbot.htm) Chrome/116.0.1938.76 Safari/537.36"
40.77.167.126 - - [17/Jan/2025:21:56:45 -0500] "GET /mkmcu/k2776037.html HTTP/1.1" 200 70441 "-" "Mozilla/5.0 AppleWebKit/537.36 (KHTML, like Gecko; compatible; bingbot/2.0; +http://www.bing.com/bingbot.htm) Chrome/116.0.1938.76 Safari/537.36"
157.55.39.195 - - [17/Jan/2025:21:57:03 -0500] "GET /igvmu/q1010409.html HTTP/1.1" 200 69085 "-" "Mozilla/5.0 AppleWebKit/537.36 (KHTML, like Gecko; compatible; bingbot/2.0; +http://www.bing.com/bingbot.htm) Chrome/116.0.1938.76 Safari/537.36"
40.77.167.0 - - [17/Jan/2025:21:57:08 -0500] "GET /kucci/z2645298.html HTTP/1.1" 200 68775 "-" "Mozilla/5.0 AppleWebKit/537.36 (KHTML, like Gecko; compatible; bingbot/2.0; +http://www.bing.com/bingbot.htm) Chrome/116.0.1938.76 Safari/537.36"
40.77.167.0 - - [17/Jan/2025:21:57:11 -0500] "GET /bdgkp/b2640100.html HTTP/1.1" 200 68835 "-" "Mozilla/5.0 AppleWebKit/537.36 (KHTML, like Gecko; compatible; bingbot/2.0; +http://www.bing.com/bingbot.htm) Chrome/116.0.1938.76 Safari/537.36"
40.77.167.126 - - [17/Jan/2025:21:57:15 -0500] "GET /iimxu/l2581324.html HTTP/1.1" 200 70693 "-" "Mozilla/5.0 AppleWebKit/537.36 (KHTML, like Gecko; compatible; bingbot/2.0; +http://www.bing.com/bingbot.htm) Chrome/116.0.1938.76 Safari/537.36"
52.167.144.219 - - [17/Jan/2025:21:57:44 -0500] "GET /prwog/k1271157.html HTTP/1.1" 200 68976 "-" "Mozilla/5.0 AppleWebKit/537.36 (KHTML, like Gecko; compatible; bingbot/2.0; +http://www.bing.com/bingbot.htm) Chrome/116.0.1938.76 Safari/537.36"
40.77.167.126 - - [17/Jan/2025:21:58:36 -0500] "GET /kkule/d1974814.html HTTP/1.1" 200 70535 "-" "Mozilla/5.0 AppleWebKit/537.36 (KHTML, like Gecko; compatible; bingbot/2.0; +http://www.bing.com/bingbot.htm) Chrome/116.0.1938.76 Safari/537.36"
40.77.167.0 - - [17/Jan/2025:21:58:45 -0500] "GET /rjjev/s2040609.html HTTP/1.1" 200 68356 "-" "Mozilla/5.0 AppleWebKit/537.36 (KHTML, like Gecko; compatible; bingbot/2.0; +http://www.bing.com/bingbot.htm) Chrome/116.0.1938.76 Safari/537.36"
207.46.13.153 - - [17/Jan/2025:21:58:53 -0500] "GET /ndcma/a426147.html HTTP/1.1" 200 70328 "-" "Mozilla/5.0 AppleWebKit/537.36 (KHTML, like Gecko; compatible; bingbot/2.0; +http://www.bing.com/bingbot.htm) Chrome/116.0.1938.76 Safari/537.36"
66.249.79.35 - - [17/Jan/2025:21:58:54 -0500] "GET /dlvud/x472164.html HTTP/1.1" 200 69170 "-" "Mozilla/5.0 (Linux; Android 6.0.1; Nexus 5X Build/MMB29P) AppleWebKit/537.36 (KHTML, like Gecko) Chrome/132.0.6834.83 Mobile Safari/537.36 (compatible; Googlebot/2.1; +http://www.google.com/bot.html)"
40.77.167.7 - - [17/Jan/2025:21:59:25 -0500] "GET /lbyru/a980389.html HTTP/1.1" 200 68432 "-" "Mozilla/5.0 AppleWebKit/537.36 (KHTML, like Gecko; compatible; bingbot/2.0; +http://www.bing.com/bingbot.htm) Chrome/116.0.1938.76 Safari/537.36"
40.77.167.126 - - [17/Jan/2025:21:59:36 -0500] "GET /bgmjf/m829549.html HTTP/1.1" 200 71240 "-" "Mozilla/5.0 AppleWebKit/537.36 (KHTML, like Gecko; compatible; bingbot/2.0; +http://www.bing.com/bingbot.htm) Chrome/116.0.1938.76 Safari/537.36"
207.46.13.153 - - [17/Jan/2025:21:59:45 -0500] "GET /mrirm/n2240050.html HTTP/1.1" 200 68626 "-" "Mozilla/5.0 AppleWebKit/537.36 (KHTML, like Gecko; compatible; bingbot/2.0; +http://www.bing.com/bingbot.htm) Chrome/116.0.1938.76 Safari/537.36"
207.46.13.153 - - [17/Jan/2025:21:59:49 -0500] "GET /hxjqr/v181898.html HTTP/1.1" 200 70534 "-" "Mozilla/5.0 AppleWebKit/537.36 (KHTML, like Gecko; compatible; bingbot/2.0; +http://www.bing.com/bingbot.htm) Chrome/116.0.1938.76 Safari/537.36"
40.77.167.7 - - [17/Jan/2025:21:59:55 -0500] "GET /biuse/j2501710.html HTTP/1.1" 200 68788 "-" "Mozilla/5.0 AppleWebKit/537.36 (KHTML, like Gecko; compatible; bingbot/2.0; +http://www.bing.com/bingbot.htm) Chrome/116.0.1938.76 Safari/537.36"
52.167.144.219 - - [17/Jan/2025:21:59:55 -0500] "GET /hebbj/v3076088.html HTTP/1.1" 200 69129 "-" "Mozilla/5.0 AppleWebKit/537.36 (KHTML, like Gecko; compatible; bingbot/2.0; +http://www.bing.com/bingbot.htm) Chrome/116.0.1938.76 Safari/537.36"
207.46.13.153 - - [17/Jan/2025:22:00:04 -0500] "GET /ngkbx/e2185077.html HTTP/1.1" 200 68900 "-" "Mozilla/5.0 AppleWebKit/537.36 (KHTML, like Gecko; compatible; bingbot/2.0; +http://www.bing.com/bingbot.htm) Chrome/116.0.1938.76 Safari/537.36"
40.77.167.7 - - [17/Jan/2025:22:00:10 -0500] "GET /thypc/q2347277.html HTTP/1.1" 200 69442 "-" "Mozilla/5.0 AppleWebKit/537.36 (KHTML, like Gecko; compatible; bingbot/2.0; +http://www.bing.com/bingbot.htm) Chrome/116.0.1938.76 Safari/537.36"
40.77.167.7 - - [17/Jan/2025:22:00:13 -0500] "GET /xpodn/q1859101.html HTTP/1.1" 200 68832 "-" "Mozilla/5.0 AppleWebKit/537.36 (KHTML, like Gecko; compatible; bingbot/2.0; +http://www.bing.com/bingbot.htm) Chrome/116.0.1938.76 Safari/537.36"
157.55.39.195 - - [17/Jan/2025:22:00:24 -0500] "GET /nwlio/q1996277.html HTTP/1.1" 200 67941 "-" "Mozilla/5.0 AppleWebKit/537.36 (KHTML, like Gecko; compatible; bingbot/2.0; +http://www.bing.com/bingbot.htm) Chrome/116.0.1938.76 Safari/537.36"
40.77.167.0 - - [17/Jan/2025:22:00:28 -0500] "GET /ctrvs/k187581.html HTTP/1.1" 200 69232 "-" "Mozilla/5.0 AppleWebKit/537.36 (KHTML, like Gecko; compatible; bingbot/2.0; +http://www.bing.com/bingbot.htm) Chrome/116.0.1938.76 Safari/537.36"
207.46.13.153 - - [17/Jan/2025:22:00:34 -0500] "GET /urfgi/p2625710.html HTTP/1.1" 200 70890 "-" "Mozilla/5.0 AppleWebKit/537.36 (KHTML, like Gecko; compatible; bingbot/2.0; +http://www.bing.com/bingbot.htm) Chrome/116.0.1938.76 Safari/537.36"
40.77.167.126 - - [17/Jan/2025:22:00:56 -0500] "GET /skhrc/t632008.html HTTP/1.1" 200 71713 "-" "Mozilla/5.0 AppleWebKit/537.36 (KHTML, like Gecko; compatible; bingbot/2.0; +http://www.bing.com/bingbot.htm) Chrome/116.0.1938.76 Safari/537.36"
40.77.167.126 - - [17/Jan/2025:22:00:57 -0500] "GET /bvldq/o2196839.html HTTP/1.1" 200 68421 "-" "Mozilla/5.0 AppleWebKit/537.36 (KHTML, like Gecko; compatible; bingbot/2.0; +http://www.bing.com/bingbot.htm) Chrome/116.0.1938.76 Safari/537.36"
40.77.167.126 - - [17/Jan/2025:22:01:00 -0500] "GET /zgnwf/e2682717.html HTTP/1.1" 200 69152 "-" "Mozilla/5.0 AppleWebKit/537.36 (KHTML, like Gecko; compatible; bingbot/2.0; +http://www.bing.com/bingbot.htm) Chrome/116.0.1938.76 Safari/537.36"
157.55.39.195 - - [17/Jan/2025:22:01:03 -0500] "GET /uzeze/s919541.html HTTP/1.1" 200 69359 "-" "Mozilla/5.0 AppleWebKit/537.36 (KHTML, like Gecko; compatible; bingbot/2.0; +http://www.bing.com/bingbot.htm) Chrome/116.0.1938.76 Safari/537.36"
52.167.144.219 - - [17/Jan/2025:22:01:07 -0500] "GET /ehtdz/x1820160.html HTTP/1.1" 200 70040 "-" "Mozilla/5.0 AppleWebKit/537.36 (KHTML, like Gecko; compatible; bingbot/2.0; +http://www.bing.com/bingbot.htm) Chrome/116.0.1938.76 Safari/537.36"
207.46.13.153 - - [17/Jan/2025:22:01:12 -0500] "GET /gymvc/n2408660.html HTTP/1.1" 200 73258 "-" "Mozilla/5.0 AppleWebKit/537.36 (KHTML, like Gecko; compatible; bingbot/2.0; +http://www.bing.com/bingbot.htm) Chrome/116.0.1938.76 Safari/537.36"
40.77.167.0 - - [17/Jan/2025:22:01:15 -0500] "GET /ceapt/b1478030.html HTTP/1.1" 200 72141 "-" "Mozilla/5.0 AppleWebKit/537.36 (KHTML, like Gecko; compatible; bingbot/2.0; +http://www.bing.com/bingbot.htm) Chrome/116.0.1938.76 Safari/537.36"
66.249.79.195 - - [17/Jan/2025:22:01:24 -0500] "GET /enfxt/w2175137.html HTTP/1.1" 200 70670 "-" "Mozilla/5.0 (Linux; Android 6.0.1; Nexus 5X Build/MMB29P) AppleWebKit/537.36 (KHTML, like Gecko) Chrome/132.0.6834.83 Mobile Safari/537.36 (compatible; Googlebot/2.1; +http://www.google.com/bot.html)"
40.77.167.126 - - [17/Jan/2025:22:01:26 -0500] "GET /ifmck/c2108037.html HTTP/1.1" 200 68765 "-" "Mozilla/5.0 AppleWebKit/537.36 (KHTML, like Gecko; compatible; bingbot/2.0; +http://www.bing.com/bingbot.htm) Chrome/116.0.1938.76 Safari/537.36"
