66.249.68.2 - - [17/Jan/2025:22:02:02 -0500] "GET /hejbt/l1169394.html HTTP/1.1" 200 69422 "-" "Mozilla/5.0 (Linux; Android 6.0.1; Nexus 5X Build/MMB29P) AppleWebKit/537.36 (KHTML, like Gecko) Chrome/132.0.6834.83 Mobile Safari/537.36 (compatible; Googlebot/2.1; +http://www.google.com/bot.html)"
207.46.13.153 - - [17/Jan/2025:22:02:03 -0500] "GET /abyiv/g198887.html HTTP/1.1" 200 70381 "-" "Mozilla/5.0 AppleWebKit/537.36 (KHTML, like Gecko; compatible; bingbot/2.0; +http://www.bing.com/bingbot.htm) Chrome/116.0.1938.76 Safari/537.36"
40.77.167.126 - - [17/Jan/2025:22:02:07 -0500] "GET /iwkhe/t2421770.html HTTP/1.1" 200 67919 "-" "Mozilla/5.0 AppleWebKit/537.36 (KHTML, like Gecko; compatible; bingbot/2.0; +http://www.bing.com/bingbot.htm) Chrome/116.0.1938.76 Safari/537.36"
207.46.13.102 - - [17/Jan/2025:22:02:33 -0500] "GET /pwimb/t116168.html HTTP/1.1" 200 69420 "-" "Mozilla/5.0 AppleWebKit/537.36 (KHTML, like Gecko; compatible; bingbot/2.0; +http://www.bing.com/bingbot.htm) Chrome/116.0.1938.76 Safari/537.36"
207.46.13.102 - - [17/Jan/2025:22:02:36 -0500] "GET /fibxq/n627062.html HTTP/1.1" 200 68339 "-" "Mozilla/5.0 AppleWebKit/537.36 (KHTML, like Gecko; compatible; bingbot/2.0; +http://www.bing.com/bingbot.htm) Chrome/116.0.1938.76 Safari/537.36"
52.167.144.20 - - [17/Jan/2025:22:02:38 -0500] "GET /ywqym/a1786103.html HTTP/1.1" 200 69466 "-" "Mozilla/5.0 AppleWebKit/537.36 (KHTML, like Gecko; compatible; bingbot/2.0; +http://www.bing.com/bingbot.htm) Chrome/116.0.1938.76 Safari/537.36"
40.77.167.0 - - [17/Jan/2025:22:02:56 -0500] "GET /livyg/i2398463.html HTTP/1.1" 200 69377 "-" "Mozilla/5.0 AppleWebKit/537.36 (KHTML, like Gecko; compatible; bingbot/2.0; +http://www.bing.com/bingbot.htm) Chrome/116.0.1938.76 Safari/537.36"
207.46.13.150 - - [17/Jan/2025:22:03:04 -0500] "GET /izysg/v1107212.html HTTP/1.1" 200 68374 "-" "Mozilla/5.0 AppleWebKit/537.36 (KHTML, like Gecko; compatible; bingbot/2.0; +http://www.bing.com/bingbot.htm) Chrome/116.0.1938.76 Safari/537.36"
40.77.167.126 - - [17/Jan/2025:22:03:06 -0500] "GET /ctybt/l1528324.html HTTP/1.1" 200 69935 "-" "Mozilla/5.0 AppleWebKit/537.36 (KHTML, like Gecko; compatible; bingbot/2.0; +http://www.bing.com/bingbot.htm) Chrome/116.0.1938.76 Safari/537.36"
40.77.167.126 - - [17/Jan/2025:22:03:09 -0500] "GET /tfxlh/z2511788.html HTTP/1.1" 200 69902 "-" "Mozilla/5.0 AppleWebKit/537.36 (KHTML, like Gecko; compatible; bingbot/2.0; +http://www.bing.com/bingbot.htm) Chrome/116.0.1938.76 Safari/537.36"
207.46.13.102 - - [17/Jan/2025:22:03:24 -0500] "GET /uqaui/i2108953.html HTTP/1.1" 200 67916 "-" "Mozilla/5.0 AppleWebKit/537.36 (KHTML, like Gecko; compatible; bingbot/2.0; +http://www.bing.com/bingbot.htm) Chrome/116.0.1938.76 Safari/537.36"
52.167.144.20 - - [17/Jan/2025:22:03:36 -0500] "GET /tqgli/u3085369.html HTTP/1.1" 200 67578 "-" "Mozilla/5.0 AppleWebKit/537.36 (KHTML, like Gecko; compatible; bingbot/2.0; +http://www.bing.com/bingbot.htm) Chrome/116.0.1938.76 Safari/537.36"
52.167.144.20 - - [17/Jan/2025:22:03:37 -0500] "GET /vdicg/k3054133.html HTTP/1.1" 200 74060 "-" "Mozilla/5.0 AppleWebKit/537.36 (KHTML, like Gecko; compatible; bingbot/2.0; +http://www.bing.com/bingbot.htm) Chrome/116.0.1938.76 Safari/537.36"
52.167.144.20 - - [17/Jan/2025:22:03:40 -0500] "GET /gavyo/a1998471.html HTTP/1.1" 200 68077 "-" "Mozilla/5.0 AppleWebKit/537.36 (KHTML, like Gecko; compatible; bingbot/2.0; +http://www.bing.com/bingbot.htm) Chrome/116.0.1938.76 Safari/537.36"
207.46.13.102 - - [17/Jan/2025:22:03:45 -0500] "GET /yuhva/p2109272.html HTTP/1.1" 200 69091 "-" "Mozilla/5.0 AppleWebKit/537.36 (KHTML, like Gecko; compatible; bingbot/2.0; +http://www.bing.com/bingbot.htm) Chrome/116.0.1938.76 Safari/537.36"
207.46.13.102 - - [17/Jan/2025:22:04:05 -0500] "GET /txgpz/f2316560.html HTTP/1.1" 200 68549 "-" "Mozilla/5.0 AppleWebKit/537.36 (KHTML, like Gecko; compatible; bingbot/2.0; +http://www.bing.com/bingbot.htm) Chrome/116.0.1938.76 Safari/537.36"
66.249.79.105 - - [17/Jan/2025:22:04:22 -0500] "GET /eaxkd/z2521408.html HTTP/1.1" 200 66905 "-" "Mozilla/5.0 (Linux; Android 6.0.1; Nexus 5X Build/MMB29P) AppleWebKit/537.36 (KHTML, like Gecko) Chrome/132.0.6834.83 Mobile Safari/537.36 (compatible; Googlebot/2.1; +http://www.google.com/bot.html)"
207.46.13.102 - - [17/Jan/2025:22:04:34 -0500] "GET /ezbpn/f1023450.html HTTP/1.1" 200 69046 "-" "Mozilla/5.0 AppleWebKit/537.36 (KHTML, like Gecko; compatible; bingbot/2.0; +http://www.bing.com/bingbot.htm) Chrome/116.0.1938.76 Safari/537.36"
52.167.144.172 - - [17/Jan/2025:22:04:35 -0500] "GET /tvjgu/n428656.html HTTP/1.1" 200 69281 "-" "Mozilla/5.0 AppleWebKit/537.36 (KHTML, like Gecko; compatible; bingbot/2.0; +http://www.bing.com/bingbot.htm) Chrome/116.0.1938.76 Safari/537.36"
52.167.144.136 - - [17/Jan/2025:22:04:55 -0500] "GET /wrxxu/k1010013.html HTTP/1.1" 200 68928 "-" "Mozilla/5.0 AppleWebKit/537.36 (KHTML, like Gecko; compatible; bingbot/2.0; +http://www.bing.com/bingbot.htm) Chrome/116.0.1938.76 Safari/537.36"
52.167.144.136 - - [17/Jan/2025:22:05:16 -0500] "GET /intll/k919195.html HTTP/1.1" 200 67979 "-" "Mozilla/5.0 AppleWebKit/537.36 (KHTML, like Gecko; compatible; bingbot/2.0; +http://www.bing.com/bingbot.htm) Chrome/116.0.1938.76 Safari/537.36"
207.46.13.150 - - [17/Jan/2025:22:05:23 -0500] "GET /bjtry/b1258720.html HTTP/1.1" 200 67563 "-" "Mozilla/5.0 AppleWebKit/537.36 (KHTML, like Gecko; compatible; bingbot/2.0; +http://www.bing.com/bingbot.htm) Chrome/116.0.1938.76 Safari/537.36"
207.46.13.102 - - [17/Jan/2025:22:05:34 -0500] "GET /xxkml/n584266.html HTTP/1.1" 200 69457 "-" "Mozilla/5.0 AppleWebKit/537.36 (KHTML, like Gecko; compatible; bingbot/2.0; +http://www.bing.com/bingbot.htm) Chrome/116.0.1938.76 Safari/537.36"
207.46.13.102 - - [17/Jan/2025:22:05:37 -0500] "GET /gqolu/w828545.html HTTP/1.1" 200 69409 "-" "Mozilla/5.0 AppleWebKit/537.36 (KHTML, like Gecko; compatible; bingbot/2.0; +http://www.bing.com/bingbot.htm) Chrome/116.0.1938.76 Safari/537.36"
52.167.144.20 - - [17/Jan/2025:22:06:06 -0500] "GET /ajezn/q252613.html HTTP/1.1" 200 68460 "-" "Mozilla/5.0 AppleWebKit/537.36 (KHTML, like Gecko; compatible; bingbot/2.0; +http://www.bing.com/bingbot.htm) Chrome/116.0.1938.76 Safari/537.36"
207.46.13.150 - - [17/Jan/2025:22:06:14 -0500] "GET /gghyj/k2910743.html HTTP/1.1" 200 69584 "-" "Mozilla/5.0 AppleWebKit/537.36 (KHTML, like Gecko; compatible; bingbot/2.0; +http://www.bing.com/bingbot.htm) Chrome/116.0.1938.76 Safari/537.36"
52.167.144.20 - - [17/Jan/2025:22:06:15 -0500] "GET /focda/d453450.html HTTP/1.1" 200 69467 "-" "Mozilla/5.0 AppleWebKit/537.36 (KHTML, like Gecko; compatible; bingbot/2.0; +http://www.bing.com/bingbot.htm) Chrome/116.0.1938.76 Safari/537.36"
52.167.144.172 - - [17/Jan/2025:22:06:36 -0500] "GET /mwrra/d1527744.html HTTP/1.1" 200 68711 "-" "Mozilla/5.0 AppleWebKit/537.36 (KHTML, like Gecko; compatible; bingbot/2.0; +http://www.bing.com/bingbot.htm) Chrome/116.0.1938.76 Safari/537.36"
52.167.144.172 - - [17/Jan/2025:22:06:38 -0500] "GET /rlhqm/g2003599.html HTTP/1.1" 200 70086 "-" "Mozilla/5.0 AppleWebKit/537.36 (KHTML, like Gecko; compatible; bingbot/2.0; +http://www.bing.com/bingbot.htm) Chrome/116.0.1938.76 Safari/537.36"
207.46.13.102 - - [17/Jan/2025:22:06:54 -0500] "GET /nerev/v1427506.html HTTP/1.1" 200 75105 "-" "Mozilla/5.0 AppleWebKit/537.36 (KHTML, like Gecko; compatible; bingbot/2.0; +http://www.bing.com/bingbot.htm) Chrome/116.0.1938.76 Safari/537.36"
52.167.144.136 - - [17/Jan/2025:22:06:56 -0500] "GET /iplij/v2249496.html HTTP/1.1" 200 72821 "-" "Mozilla/5.0 AppleWebKit/537.36 (KHTML, like Gecko; compatible; bingbot/2.0; +http://www.bing.com/bingbot.htm) Chrome/116.0.1938.76 Safari/537.36"
52.167.144.172 - - [17/Jan/2025:22:07:16 -0500] "GET /lhlvo/b2545226.html HTTP/1.1" 200 68618 "-" "Mozilla/5.0 AppleWebKit/537.36 (KHTML, like Gecko; compatible; bingbot/2.0; +http://www.bing.com/bingbot.htm) Chrome/116.0.1938.76 Safari/537.36"
207.46.13.102 - - [17/Jan/2025:22:07:25 -0500] "GET /pielj/m2370205.html HTTP/1.1" 200 71162 "-" "Mozilla/5.0 AppleWebKit/537.36 (KHTML, like Gecko; compatible; bingbot/2.0; +http://www.bing.com/bingbot.htm) Chrome/116.0.1938.76 Safari/537.36"
52.167.144.20 - - [17/Jan/2025:22:07:29 -0500] "GET /kfuua/t827970.html HTTP/1.1" 200 68016 "-" "Mozilla/5.0 AppleWebKit/537.36 (KHTML, like Gecko; compatible; bingbot/2.0; +http://www.bing.com/bingbot.htm) Chrome/116.0.1938.76 Safari/537.36"
52.167.144.20 - - [17/Jan/2025:22:07:35 -0500] "GET /kkvlr/c2478875.html HTTP/1.1" 200 68997 "-" "Mozilla/5.0 AppleWebKit/537.36 (KHTML, like Gecko; compatible; bingbot/2.0; +http://www.bing.com/bingbot.htm) Chrome/116.0.1938.76 Safari/537.36"
52.167.144.172 - - [17/Jan/2025:22:08:06 -0500] "GET /oznxm/d1562194.html HTTP/1.1" 200 68638 "-" "Mozilla/5.0 AppleWebKit/537.36 (KHTML, like Gecko; compatible; bingbot/2.0; +http://www.bing.com/bingbot.htm) Chrome/116.0.1938.76 Safari/537.36"
52.167.144.20 - - [17/Jan/2025:22:08:06 -0500] "GET /ayahu/h1824148.html HTTP/1.1" 200 68300 "-" "Mozilla/5.0 AppleWebKit/537.36 (KHTML, like Gecko; compatible; bingbot/2.0; +http://www.bing.com/bingbot.htm) Chrome/116.0.1938.76 Safari/537.36"
52.167.144.22 - - [17/Jan/2025:22:08:17 -0500] "GET /gbbzb/p3063914.html HTTP/1.1" 200 68731 "-" "Mozilla/5.0 AppleWebKit/537.36 (KHTML, like Gecko; compatible; bingbot/2.0; +http://www.bing.com/bingbot.htm) Chrome/116.0.1938.76 Safari/537.36"
52.167.144.136 - - [17/Jan/2025:22:08:27 -0500] "GET /yqelk/q1110041.html HTTP/1.1" 200 68826 "-" "Mozilla/5.0 AppleWebKit/537.36 (KHTML, like Gecko; compatible; bingbot/2.0; +http://www.bing.com/bingbot.htm) Chrome/116.0.1938.76 Safari/537.36"
66.249.79.105 - - [17/Jan/2025:22:08:30 -0500] "GET /esqzk/f1415582.html HTTP/1.1" 200 69942 "-" "Mozilla/5.0 (Linux; Android 6.0.1; Nexus 5X Build/MMB29P) AppleWebKit/537.36 (KHTML, like Gecko) Chrome/132.0.6834.83 Mobile Safari/537.36 (compatible; Googlebot/2.1; +http://www.google.com/bot.html)"
207.46.13.150 - - [17/Jan/2025:22:08:34 -0500] "GET /kdaga/q3048601.html HTTP/1.1" 200 69827 "-" "Mozilla/5.0 AppleWebKit/537.36 (KHTML, like Gecko; compatible; bingbot/2.0; +http://www.bing.com/bingbot.htm) Chrome/116.0.1938.76 Safari/537.36"
52.167.144.20 - - [17/Jan/2025:22:08:36 -0500] "GET /lmwar/m2290333.html HTTP/1.1" 200 69606 "-" "Mozilla/5.0 AppleWebKit/537.36 (KHTML, like Gecko; compatible; bingbot/2.0; +http://www.bing.com/bingbot.htm) Chrome/116.0.1938.76 Safari/537.36"
52.167.144.22 - - [17/Jan/2025:22:09:26 -0500] "GET /mwsdv/u815257.html HTTP/1.1" 200 68625 "-" "Mozilla/5.0 AppleWebKit/537.36 (KHTML, like Gecko; compatible; bingbot/2.0; +http://www.bing.com/bingbot.htm) Chrome/116.0.1938.76 Safari/537.36"
52.167.144.20 - - [17/Jan/2025:22:09:30 -0500] "GET /fdpeg/c2210789.html HTTP/1.1" 200 68894 "-" "Mozilla/5.0 AppleWebKit/537.36 (KHTML, like Gecko; compatible; bingbot/2.0; +http://www.bing.com/bingbot.htm) Chrome/116.0.1938.76 Safari/537.36"
52.167.144.20 - - [17/Jan/2025:22:09:32 -0500] "GET /bruyc/f1937532.html HTTP/1.1" 200 71960 "-" "Mozilla/5.0 AppleWebKit/537.36 (KHTML, like Gecko; compatible; bingbot/2.0; +http://www.bing.com/bingbot.htm) Chrome/116.0.1938.76 Safari/537.36"
207.46.13.102 - - [17/Jan/2025:22:09:35 -0500] "GET /wtltu/r421484.html HTTP/1.1" 200 69020 "-" "Mozilla/5.0 AppleWebKit/537.36 (KHTML, like Gecko; compatible; bingbot/2.0; +http://www.bing.com/bingbot.htm) Chrome/116.0.1938.76 Safari/537.36"
207.46.13.102 - - [17/Jan/2025:22:09:35 -0500] "GET /lwqjg/i543831.html HTTP/1.1" 200 69343 "-" "Mozilla/5.0 AppleWebKit/537.36 (KHTML, like Gecko; compatible; bingbot/2.0; +http://www.bing.com/bingbot.htm) Chrome/116.0.1938.76 Safari/537.36"
207.46.13.102 - - [17/Jan/2025:22:09:37 -0500] "GET /osoym/g2367053.html HTTP/1.1" 200 76313 "-" "Mozilla/5.0 AppleWebKit/537.36 (KHTML, like Gecko; compatible; bingbot/2.0; +http://www.bing.com/bingbot.htm) Chrome/116.0.1938.76 Safari/537.36"
207.46.13.150 - - [17/Jan/2025:22:10:14 -0500] "GET /bmldt/i2405769.html HTTP/1.1" 200 68479 "-" "Mozilla/5.0 AppleWebKit/537.36 (KHTML, like Gecko; compatible; bingbot/2.0; +http://www.bing.com/bingbot.htm) Chrome/116.0.1938.76 Safari/537.36"
207.46.13.150 - - [17/Jan/2025:22:10:16 -0500] "GET /qnavu/o836675.html HTTP/1.1" 200 67738 "-" "Mozilla/5.0 AppleWebKit/537.36 (KHTML, like Gecko; compatible; bingbot/2.0; +http://www.bing.com/bingbot.htm) Chrome/116.0.1938.76 Safari/537.36"
52.167.144.22 - - [17/Jan/2025:22:10:26 -0500] "GET /fztqa/y2206989.html HTTP/1.1" 200 67912 "-" "Mozilla/5.0 AppleWebKit/537.36 (KHTML, like Gecko; compatible; bingbot/2.0; +http://www.bing.com/bingbot.htm) Chrome/116.0.1938.76 Safari/537.36"
207.46.13.102 - - [17/Jan/2025:22:10:34 -0500] "GET /tdics/l2403588.html HTTP/1.1" 200 68786 "-" "Mozilla/5.0 AppleWebKit/537.36 (KHTML, like Gecko; compatible; bingbot/2.0; +http://www.bing.com/bingbot.htm) Chrome/116.0.1938.76 Safari/537.36"
66.249.68.2 - - [17/Jan/2025:22:10:35 -0500] "GET /rsqzp/p1806424.html HTTP/1.1" 200 68143 "-" "Mozilla/5.0 (Linux; Android 6.0.1; Nexus 5X Build/MMB29P) AppleWebKit/537.36 (KHTML, like Gecko) Chrome/132.0.6834.83 Mobile Safari/537.36 (compatible; Googlebot/2.1; +http://www.google.com/bot.html)"
52.167.144.172 - - [17/Jan/2025:22:10:36 -0500] "GET /twrne/l147906.html HTTP/1.1" 200 68253 "-" "Mozilla/5.0 AppleWebKit/537.36 (KHTML, like Gecko; compatible; bingbot/2.0; +http://www.bing.com/bingbot.htm) Chrome/116.0.1938.76 Safari/537.36"
52.167.144.172 - - [17/Jan/2025:22:10:38 -0500] "GET /vbtjy/d286192.html HTTP/1.1" 200 67691 "-" "Mozilla/5.0 AppleWebKit/537.36 (KHTML, like Gecko; compatible; bingbot/2.0; +http://www.bing.com/bingbot.htm) Chrome/116.0.1938.76 Safari/537.36"
207.46.13.102 - - [17/Jan/2025:22:11:03 -0500] "GET /egogd/m3039263.html HTTP/1.1" 200 69267 "-" "Mozilla/5.0 AppleWebKit/537.36 (KHTML, like Gecko; compatible; bingbot/2.0; +http://www.bing.com/bingbot.htm) Chrome/116.0.1938.76 Safari/537.36"
52.167.144.172 - - [17/Jan/2025:22:11:06 -0500] "GET /cpguu/p2539962.html HTTP/1.1" 200 68271 "-" "Mozilla/5.0 AppleWebKit/537.36 (KHTML, like Gecko; compatible; bingbot/2.0; +http://www.bing.com/bingbot.htm) Chrome/116.0.1938.76 Safari/537.36"
207.46.13.102 - - [17/Jan/2025:22:11:14 -0500] "GET /oxvrs/y678553.html HTTP/1.1" 200 69217 "-" "Mozilla/5.0 AppleWebKit/537.36 (KHTML, like Gecko; compatible; bingbot/2.0; +http://www.bing.com/bingbot.htm) Chrome/116.0.1938.76 Safari/537.36"
52.167.144.20 - - [17/Jan/2025:22:11:19 -0500] "GET /wsxrq/a501209.html HTTP/1.1" 200 72933 "-" "Mozilla/5.0 AppleWebKit/537.36 (KHTML, like Gecko; compatible; bingbot/2.0; +http://www.bing.com/bingbot.htm) Chrome/116.0.1938.76 Safari/537.36"
52.167.144.136 - - [17/Jan/2025:22:11:47 -0500] "GET /ikyvd/l2537436.html HTTP/1.1" 200 68622 "-" "Mozilla/5.0 AppleWebKit/537.36 (KHTML, like Gecko; compatible; bingbot/2.0; +http://www.bing.com/bingbot.htm) Chrome/116.0.1938.76 Safari/537.36"
207.46.13.150 - - [17/Jan/2025:22:11:55 -0500] "GET /hbnmk/r1627052.html HTTP/1.1" 200 70173 "-" "Mozilla/5.0 AppleWebKit/537.36 (KHTML, like Gecko; compatible; bingbot/2.0; +http://www.bing.com/bingbot.htm) Chrome/116.0.1938.76 Safari/537.36"
52.167.144.20 - - [17/Jan/2025:22:11:57 -0500] "GET /xlnlk/t608322.html HTTP/1.1" 200 69035 "-" "Mozilla/5.0 AppleWebKit/537.36 (KHTML, like Gecko; compatible; bingbot/2.0; +http://www.bing.com/bingbot.htm) Chrome/116.0.1938.76 Safari/537.36"
52.167.144.20 - - [17/Jan/2025:22:11:59 -0500] "GET /hvhrf/i3005121.html HTTP/1.1" 200 69406 "-" "Mozilla/5.0 AppleWebKit/537.36 (KHTML, like Gecko; compatible; bingbot/2.0; +http://www.bing.com/bingbot.htm) Chrome/116.0.1938.76 Safari/537.36"
207.46.13.150 - - [17/Jan/2025:22:12:44 -0500] "GET /lsoky/s253681.html HTTP/1.1" 200 69941 "-" "Mozilla/5.0 AppleWebKit/537.36 (KHTML, like Gecko; compatible; bingbot/2.0; +http://www.bing.com/bingbot.htm) Chrome/116.0.1938.76 Safari/537.36"
52.167.144.20 - - [17/Jan/2025:22:12:46 -0500] "GET /uowsz/c2116877.html HTTP/1.1" 200 68013 "-" "Mozilla/5.0 AppleWebKit/537.36 (KHTML, like Gecko; compatible; bingbot/2.0; +http://www.bing.com/bingbot.htm) Chrome/116.0.1938.76 Safari/537.36"
52.167.144.172 - - [17/Jan/2025:22:13:36 -0500] "GET /euyhu/q213509.html HTTP/1.1" 200 69350 "-" "Mozilla/5.0 AppleWebKit/537.36 (KHTML, like Gecko; compatible; bingbot/2.0; +http://www.bing.com/bingbot.htm) Chrome/116.0.1938.76 Safari/537.36"
207.46.13.6 - - [17/Jan/2025:22:13:55 -0500] "GET /oobox/x2910236.html HTTP/1.1" 200 68696 "-" "Mozilla/5.0 AppleWebKit/537.36 (KHTML, like Gecko; compatible; bingbot/2.0; +http://www.bing.com/bingbot.htm) Chrome/116.0.1938.76 Safari/537.36"
40.77.167.154 - - [17/Jan/2025:22:13:59 -0500] "GET /uprdy/g3062241.html HTTP/1.1" 200 68207 "-" "Mozilla/5.0 AppleWebKit/537.36 (KHTML, like Gecko; compatible; bingbot/2.0; +http://www.bing.com/bingbot.htm) Chrome/116.0.1938.76 Safari/537.36"
207.46.13.151 - - [17/Jan/2025:22:14:14 -0500] "GET /pkper/y2839907.html HTTP/1.1" 200 70026 "-" "Mozilla/5.0 AppleWebKit/537.36 (KHTML, like Gecko; compatible; bingbot/2.0; +http://www.bing.com/bingbot.htm) Chrome/116.0.1938.76 Safari/537.36"
207.46.13.6 - - [17/Jan/2025:22:14:26 -0500] "GET /mfczb/x2237512.html HTTP/1.1" 200 68846 "-" "Mozilla/5.0 AppleWebKit/537.36 (KHTML, like Gecko; compatible; bingbot/2.0; +http://www.bing.com/bingbot.htm) Chrome/116.0.1938.76 Safari/537.36"
52.167.144.22 - - [17/Jan/2025:22:14:37 -0500] "GET /wggdc/s399723.html HTTP/1.1" 200 69543 "-" "Mozilla/5.0 AppleWebKit/537.36 (KHTML, like Gecko; compatible; bingbot/2.0; +http://www.bing.com/bingbot.htm) Chrome/116.0.1938.76 Safari/537.36"
40.77.167.154 - - [17/Jan/2025:22:14:41 -0500] "GET /pewes/k2192857.html HTTP/1.1" 200 69130 "-" "Mozilla/5.0 AppleWebKit/537.36 (KHTML, like Gecko; compatible; bingbot/2.0; +http://www.bing.com/bingbot.htm) Chrome/116.0.1938.76 Safari/537.36"
207.46.13.151 - - [17/Jan/2025:22:14:46 -0500] "GET /wsafi/b1491966.html HTTP/1.1" 200 69506 "-" "Mozilla/5.0 AppleWebKit/537.36 (KHTML, like Gecko; compatible; bingbot/2.0; +http://www.bing.com/bingbot.htm) Chrome/116.0.1938.76 Safari/537.36"
52.167.144.172 - - [17/Jan/2025:22:14:56 -0500] "GET /ilipi/f2864432.html HTTP/1.1" 200 69613 "-" "Mozilla/5.0 AppleWebKit/537.36 (KHTML, like Gecko; compatible; bingbot/2.0; +http://www.bing.com/bingbot.htm) Chrome/116.0.1938.76 Safari/537.36"
52.167.144.208 - - [17/Jan/2025:22:14:58 -0500] "GET /jxrhr/j2179076.html HTTP/1.1" 200 68237 "-" "Mozilla/5.0 AppleWebKit/537.36 (KHTML, like Gecko; compatible; bingbot/2.0; +http://www.bing.com/bingbot.htm) Chrome/116.0.1938.76 Safari/537.36"
52.167.144.208 - - [17/Jan/2025:22:15:00 -0500] "GET /ypvbm/s2448289.html HTTP/1.1" 200 69886 "-" "Mozilla/5.0 AppleWebKit/537.36 (KHTML, like Gecko; compatible; bingbot/2.0; +http://www.bing.com/bingbot.htm) Chrome/116.0.1938.76 Safari/537.36"
207.46.13.6 - - [17/Jan/2025:22:15:06 -0500] "GET /zomzd/r301650.html HTTP/1.1" 200 68539 "-" "Mozilla/5.0 AppleWebKit/537.36 (KHTML, like Gecko; compatible; bingbot/2.0; +http://www.bing.com/bingbot.htm) Chrome/116.0.1938.76 Safari/537.36"
52.167.144.208 - - [17/Jan/2025:22:15:28 -0500] "GET /vuefx/t2372968.html HTTP/1.1" 200 68851 "-" "Mozilla/5.0 AppleWebKit/537.36 (KHTML, like Gecko; compatible; bingbot/2.0; +http://www.bing.com/bingbot.htm) Chrome/116.0.1938.76 Safari/537.36"
207.46.13.6 - - [17/Jan/2025:22:15:45 -0500] "GET /kdicg/o2905729.html HTTP/1.1" 200 67272 "-" "Mozilla/5.0 AppleWebKit/537.36 (KHTML, like Gecko; compatible; bingbot/2.0; +http://www.bing.com/bingbot.htm) Chrome/116.0.1938.76 Safari/537.36"
40.77.167.72 - - [17/Jan/2025:22:15:46 -0500] "GET /rcnnr/z583992.html HTTP/1.1" 200 68926 "-" "Mozilla/5.0 AppleWebKit/537.36 (KHTML, like Gecko; compatible; bingbot/2.0; +http://www.bing.com/bingbot.htm) Chrome/116.0.1938.76 Safari/537.36"
66.249.79.105 - - [17/Jan/2025:22:15:52 -0500] "GET /vlcpz/t2000726.html HTTP/1.1" 200 68840 "-" "Mozilla/5.0 (Linux; Android 6.0.1; Nexus 5X Build/MMB29P) AppleWebKit/537.36 (KHTML, like Gecko) Chrome/132.0.6834.83 Mobile Safari/537.36 (compatible; Googlebot/2.1; +http://www.google.com/bot.html)"
40.77.167.72 - - [17/Jan/2025:22:15:58 -0500] "GET /hbuev/z2697974.html HTTP/1.1" 200 67723 "-" "Mozilla/5.0 AppleWebKit/537.36 (KHTML, like Gecko; compatible; bingbot/2.0; +http://www.bing.com/bingbot.htm) Chrome/116.0.1938.76 Safari/537.36"
40.77.167.72 - - [17/Jan/2025:22:16:08 -0500] "GET /ogpud/l568404.html HTTP/1.1" 200 69042 "-" "Mozilla/5.0 AppleWebKit/537.36 (KHTML, like Gecko; compatible; bingbot/2.0; +http://www.bing.com/bingbot.htm) Chrome/116.0.1938.76 Safari/537.36"
40.77.167.154 - - [17/Jan/2025:22:16:26 -0500] "GET /baaze/h728430.html HTTP/1.1" 200 69886 "-" "Mozilla/5.0 AppleWebKit/537.36 (KHTML, like Gecko; compatible; bingbot/2.0; +http://www.bing.com/bingbot.htm) Chrome/116.0.1938.76 Safari/537.36"
40.77.167.154 - - [17/Jan/2025:22:16:28 -0500] "GET /lrghe/a2372091.html HTTP/1.1" 200 71333 "-" "Mozilla/5.0 AppleWebKit/537.36 (KHTML, like Gecko; compatible; bingbot/2.0; +http://www.bing.com/bingbot.htm) Chrome/116.0.1938.76 Safari/537.36"
207.46.13.151 - - [17/Jan/2025:22:16:54 -0500] "GET /otcus/f1329158.html HTTP/1.1" 200 67879 "-" "Mozilla/5.0 AppleWebKit/537.36 (KHTML, like Gecko; compatible; bingbot/2.0; +http://www.bing.com/bingbot.htm) Chrome/116.0.1938.76 Safari/537.36"
40.77.167.72 - - [17/Jan/2025:22:16:58 -0500] "GET /wuhju/m2397323.html HTTP/1.1" 200 69959 "-" "Mozilla/5.0 AppleWebKit/537.36 (KHTML, like Gecko; compatible; bingbot/2.0; +http://www.bing.com/bingbot.htm) Chrome/116.0.1938.76 Safari/537.36"
40.77.167.72 - - [17/Jan/2025:22:18:17 -0500] "GET /qqhrz/i1160941.html HTTP/1.1" 200 69316 "-" "Mozilla/5.0 AppleWebKit/537.36 (KHTML, like Gecko; compatible; bingbot/2.0; +http://www.bing.com/bingbot.htm) Chrome/116.0.1938.76 Safari/537.36"
207.46.13.6 - - [17/Jan/2025:22:18:46 -0500] "GET /feldn/y1103757.html HTTP/1.1" 200 68260 "-" "Mozilla/5.0 AppleWebKit/537.36 (KHTML, like Gecko; compatible; bingbot/2.0; +http://www.bing.com/bingbot.htm) Chrome/116.0.1938.76 Safari/537.36"
40.77.167.72 - - [17/Jan/2025:22:18:48 -0500] "GET /gamyo/i2229541.html HTTP/1.1" 200 69761 "-" "Mozilla/5.0 AppleWebKit/537.36 (KHTML, like Gecko; compatible; bingbot/2.0; +http://www.bing.com/bingbot.htm) Chrome/116.0.1938.76 Safari/537.36"
66.29.132.124 - - [17/Jan/2025:22:19:04 -0500] "POST /wp-cron.php?doing_wp_cron=1737170344.9419050216674804687500 HTTP/1.1" 200 0 "-" "WordPress/6.7.1; https://diixadigital.com"
43.159.135.203 - - [17/Jan/2025:22:19:00 -0500] "GET / HTTP/1.1" 301 0 "http://www.diixadigital.com" "Mozilla/5.0 (iPhone; CPU iPhone OS 13_2_3 like Mac OS X) AppleWebKit/605.1.15 (KHTML, like Gecko) Version/13.0.3 Mobile/15E148 Safari/604.1"
207.46.13.6 - - [17/Jan/2025:22:19:05 -0500] "GET /yuuna/t1867398.html HTTP/1.1" 200 67474 "-" "Mozilla/5.0 AppleWebKit/537.36 (KHTML, like Gecko; compatible; bingbot/2.0; +http://www.bing.com/bingbot.htm) Chrome/116.0.1938.76 Safari/537.36"
66.29.132.124 - - [17/Jan/2025:22:19:05 -0500] "POST /wp-admin/admin-ajax.php?action=async_litespeed&nonce=adx2nJ85cE56jfubqOeUsT3gWmNTT0wH&litespeed_type=imgoptm HTTP/1.1" 200 21 "-" "WordPress/6.7.1; https://diixadigital.com"
207.46.13.6 - - [17/Jan/2025:22:19:06 -0500] "GET /fraqs/o1016881.html HTTP/1.1" 200 68905 "-" "Mozilla/5.0 AppleWebKit/537.36 (KHTML, like Gecko; compatible; bingbot/2.0; +http://www.bing.com/bingbot.htm) Chrome/116.0.1938.76 Safari/537.36"
43.159.135.203 - - [17/Jan/2025:22:19:06 -0500] "GET / HTTP/1.1" 200 21281 "https://www.diixadigital.com/" "Mozilla/5.0 (iPhone; CPU iPhone OS 13_2_3 like Mac OS X) AppleWebKit/605.1.15 (KHTML, like Gecko) Version/13.0.3 Mobile/15E148 Safari/604.1"
207.46.13.6 - - [17/Jan/2025:22:19:07 -0500] "GET /cwaft/a234319.html HTTP/1.1" 200 68286 "-" "Mozilla/5.0 AppleWebKit/537.36 (KHTML, like Gecko; compatible; bingbot/2.0; +http://www.bing.com/bingbot.htm) Chrome/116.0.1938.76 Safari/537.36"
52.167.144.208 - - [17/Jan/2025:22:19:08 -0500] "GET /ikbmr/c2700499.html HTTP/1.1" 200 70162 "-" "Mozilla/5.0 AppleWebKit/537.36 (KHTML, like Gecko; compatible; bingbot/2.0; +http://www.bing.com/bingbot.htm) Chrome/116.0.1938.76 Safari/537.36"
66.249.79.2 - - [17/Jan/2025:22:19:26 -0500] "GET /kkrjw/r1639142.html HTTP/1.1" 200 68965 "-" "Mozilla/5.0 (Linux; Android 6.0.1; Nexus 5X Build/MMB29P) AppleWebKit/537.36 (KHTML, like Gecko) Chrome/132.0.6834.83 Mobile Safari/537.36 (compatible; Googlebot/2.1; +http://www.google.com/bot.html)"
66.249.68.33 - - [17/Jan/2025:22:19:35 -0500] "GET /lleca/f1596204.html HTTP/1.1" 200 69610 "-" "Mozilla/5.0 (Linux; Android 6.0.1; Nexus 5X Build/MMB29P) AppleWebKit/537.36 (KHTML, like Gecko) Chrome/132.0.6834.83 Mobile Safari/537.36 (compatible; Googlebot/2.1; +http://www.google.com/bot.html)"
52.167.144.208 - - [17/Jan/2025:22:19:38 -0500] "GET /itskg/p2308328.html HTTP/1.1" 200 68575 "-" "Mozilla/5.0 AppleWebKit/537.36 (KHTML, like Gecko; compatible; bingbot/2.0; +http://www.bing.com/bingbot.htm) Chrome/116.0.1938.76 Safari/537.36"
52.167.144.208 - - [17/Jan/2025:22:19:40 -0500] "GET /fyomi/e1849885.html HTTP/1.1" 200 68488 "-" "Mozilla/5.0 AppleWebKit/537.36 (KHTML, like Gecko; compatible; bingbot/2.0; +http://www.bing.com/bingbot.htm) Chrome/116.0.1938.76 Safari/537.36"
66.249.68.2 - - [17/Jan/2025:22:19:41 -0500] "GET /krwxy/e2620135.html HTTP/1.1" 200 69124 "-" "Mozilla/5.0 (Linux; Android 6.0.1; Nexus 5X Build/MMB29P) AppleWebKit/537.36 (KHTML, like Gecko) Chrome/132.0.6834.83 Mobile Safari/537.36 (compatible; Googlebot/2.1; +http://www.google.com/bot.html)"
66.249.68.2 - - [17/Jan/2025:22:19:44 -0500] "GET /csdbo/s1822833.html HTTP/1.1" 200 68171 "-" "Mozilla/5.0 (Linux; Android 6.0.1; Nexus 5X Build/MMB29P) AppleWebKit/537.36 (KHTML, like Gecko) Chrome/132.0.6834.83 Mobile Safari/537.36 (compatible; Googlebot/2.1; +http://www.google.com/bot.html)"
40.77.167.154 - - [17/Jan/2025:22:20:08 -0500] "GET /furbn/b2419958.html HTTP/1.1" 200 68280 "-" "Mozilla/5.0 AppleWebKit/537.36 (KHTML, like Gecko; compatible; bingbot/2.0; +http://www.bing.com/bingbot.htm) Chrome/116.0.1938.76 Safari/537.36"
40.77.167.154 - - [17/Jan/2025:22:20:10 -0500] "GET /dmwmk/q1804397.html HTTP/1.1" 200 73832 "-" "Mozilla/5.0 AppleWebKit/537.36 (KHTML, like Gecko; compatible; bingbot/2.0; +http://www.bing.com/bingbot.htm) Chrome/116.0.1938.76 Safari/537.36"
207.46.13.151 - - [17/Jan/2025:22:20:17 -0500] "GET /zjqnq/z1848450.html HTTP/1.1" 200 69775 "-" "Mozilla/5.0 AppleWebKit/537.36 (KHTML, like Gecko; compatible; bingbot/2.0; +http://www.bing.com/bingbot.htm) Chrome/116.0.1938.76 Safari/537.36"
40.77.167.154 - - [17/Jan/2025:22:20:18 -0500] "GET /nwumh/w281323.html HTTP/1.1" 200 68237 "-" "Mozilla/5.0 AppleWebKit/537.36 (KHTML, like Gecko; compatible; bingbot/2.0; +http://www.bing.com/bingbot.htm) Chrome/116.0.1938.76 Safari/537.36"
40.77.167.72 - - [17/Jan/2025:22:20:30 -0500] "GET /hkyym/b1946758.html HTTP/1.1" 200 67927 "-" "Mozilla/5.0 AppleWebKit/537.36 (KHTML, like Gecko; compatible; bingbot/2.0; +http://www.bing.com/bingbot.htm) Chrome/116.0.1938.76 Safari/537.36"
40.77.167.72 - - [17/Jan/2025:22:20:31 -0500] "GET /lcizp/s2234699.html HTTP/1.1" 200 67307 "-" "Mozilla/5.0 AppleWebKit/537.36 (KHTML, like Gecko; compatible; bingbot/2.0; +http://www.bing.com/bingbot.htm) Chrome/116.0.1938.76 Safari/537.36"
52.167.144.158 - - [17/Jan/2025:22:20:36 -0500] "GET /dlmqt/h2070836.html HTTP/1.1" 200 67975 "-" "Mozilla/5.0 AppleWebKit/537.36 (KHTML, like Gecko; compatible; bingbot/2.0; +http://www.bing.com/bingbot.htm) Chrome/116.0.1938.76 Safari/537.36"
207.46.13.151 - - [17/Jan/2025:22:20:44 -0500] "GET /cpnnu/d1778722.html HTTP/1.1" 200 70145 "-" "Mozilla/5.0 AppleWebKit/537.36 (KHTML, like Gecko; compatible; bingbot/2.0; +http://www.bing.com/bingbot.htm) Chrome/116.0.1938.76 Safari/537.36"
207.46.13.151 - - [17/Jan/2025:22:20:46 -0500] "GET /hlyiy/m474649.html HTTP/1.1" 200 72043 "-" "Mozilla/5.0 AppleWebKit/537.36 (KHTML, like Gecko; compatible; bingbot/2.0; +http://www.bing.com/bingbot.htm) Chrome/116.0.1938.76 Safari/537.36"
40.77.167.154 - - [17/Jan/2025:22:21:18 -0500] "GET /qdomn/l209500.html HTTP/1.1" 200 68664 "-" "Mozilla/5.0 AppleWebKit/537.36 (KHTML, like Gecko; compatible; bingbot/2.0; +http://www.bing.com/bingbot.htm) Chrome/116.0.1938.76 Safari/537.36"
52.167.144.158 - - [17/Jan/2025:22:21:37 -0500] "GET /iqncp/n1481838.html HTTP/1.1" 200 67391 "-" "Mozilla/5.0 AppleWebKit/537.36 (KHTML, like Gecko; compatible; bingbot/2.0; +http://www.bing.com/bingbot.htm) Chrome/116.0.1938.76 Safari/537.36"
52.167.144.158 - - [17/Jan/2025:22:21:39 -0500] "GET /pfdyd/x802052.html HTTP/1.1" 200 74372 "-" "Mozilla/5.0 AppleWebKit/537.36 (KHTML, like Gecko; compatible; bingbot/2.0; +http://www.bing.com/bingbot.htm) Chrome/116.0.1938.76 Safari/537.36"
207.46.13.6 - - [17/Jan/2025:22:21:44 -0500] "GET /icvqy/e2822077.html HTTP/1.1" 200 70540 "-" "Mozilla/5.0 AppleWebKit/537.36 (KHTML, like Gecko; compatible; bingbot/2.0; +http://www.bing.com/bingbot.htm) Chrome/116.0.1938.76 Safari/537.36"
207.46.13.6 - - [17/Jan/2025:22:21:47 -0500] "GET /ydhrz/x2589344.html HTTP/1.1" 200 67761 "-" "Mozilla/5.0 AppleWebKit/537.36 (KHTML, like Gecko; compatible; bingbot/2.0; +http://www.bing.com/bingbot.htm) Chrome/116.0.1938.76 Safari/537.36"
207.46.13.151 - - [17/Jan/2025:22:21:55 -0500] "GET /jepno/p1096858.html HTTP/1.1" 200 68131 "-" "Mozilla/5.0 AppleWebKit/537.36 (KHTML, like Gecko; compatible; bingbot/2.0; +http://www.bing.com/bingbot.htm) Chrome/116.0.1938.76 Safari/537.36"
207.46.13.6 - - [17/Jan/2025:22:22:27 -0500] "GET /pzpap/g2686567.html HTTP/1.1" 200 68834 "-" "Mozilla/5.0 AppleWebKit/537.36 (KHTML, like Gecko; compatible; bingbot/2.0; +http://www.bing.com/bingbot.htm) Chrome/116.0.1938.76 Safari/537.36"
40.77.167.72 - - [17/Jan/2025:22:22:28 -0500] "GET /zjyop/w615787.html HTTP/1.1" 200 68358 "-" "Mozilla/5.0 AppleWebKit/537.36 (KHTML, like Gecko; compatible; bingbot/2.0; +http://www.bing.com/bingbot.htm) Chrome/116.0.1938.76 Safari/537.36"
40.77.167.154 - - [17/Jan/2025:22:22:32 -0500] "GET /wotrs/k2094395.html HTTP/1.1" 200 68637 "-" "Mozilla/5.0 AppleWebKit/537.36 (KHTML, like Gecko; compatible; bingbot/2.0; +http://www.bing.com/bingbot.htm) Chrome/116.0.1938.76 Safari/537.36"
66.249.79.35 - - [17/Jan/2025:22:22:34 -0500] "GET /dahjs/n2138650.html HTTP/1.1" 200 68211 "-" "Mozilla/5.0 (Linux; Android 6.0.1; Nexus 5X Build/MMB29P) AppleWebKit/537.36 (KHTML, like Gecko) Chrome/132.0.6834.83 Mobile Safari/537.36 (compatible; Googlebot/2.1; +http://www.google.com/bot.html)"
40.77.167.154 - - [17/Jan/2025:22:22:34 -0500] "GET /tlsuk/a2241883.html HTTP/1.1" 200 69646 "-" "Mozilla/5.0 AppleWebKit/537.36 (KHTML, like Gecko; compatible; bingbot/2.0; +http://www.bing.com/bingbot.htm) Chrome/116.0.1938.76 Safari/537.36"
40.77.167.154 - - [17/Jan/2025:22:22:36 -0500] "GET /wqxbz/h2502748.html HTTP/1.1" 200 68067 "-" "Mozilla/5.0 AppleWebKit/537.36 (KHTML, like Gecko; compatible; bingbot/2.0; +http://www.bing.com/bingbot.htm) Chrome/116.0.1938.76 Safari/537.36"
207.46.13.6 - - [17/Jan/2025:22:22:46 -0500] "GET /pckhj/b1080828.html HTTP/1.1" 200 67983 "-" "Mozilla/5.0 AppleWebKit/537.36 (KHTML, like Gecko; compatible; bingbot/2.0; +http://www.bing.com/bingbot.htm) Chrome/116.0.1938.76 Safari/537.36"
52.167.144.208 - - [17/Jan/2025:22:22:50 -0500] "GET /buwhl/a2613293.html HTTP/1.1" 200 68818 "-" "Mozilla/5.0 AppleWebKit/537.36 (KHTML, like Gecko; compatible; bingbot/2.0; +http://www.bing.com/bingbot.htm) Chrome/116.0.1938.76 Safari/537.36"
52.167.144.208 - - [17/Jan/2025:22:22:52 -0500] "GET /khaof/n2586916.html HTTP/1.1" 200 69469 "-" "Mozilla/5.0 AppleWebKit/537.36 (KHTML, like Gecko; compatible; bingbot/2.0; +http://www.bing.com/bingbot.htm) Chrome/116.0.1938.76 Safari/537.36"
207.46.13.6 - - [17/Jan/2025:22:22:54 -0500] "GET /qyadj/t1967394.html HTTP/1.1" 200 67438 "-" "Mozilla/5.0 AppleWebKit/537.36 (KHTML, like Gecko; compatible; bingbot/2.0; +http://www.bing.com/bingbot.htm) Chrome/116.0.1938.76 Safari/537.36"
52.167.144.158 - - [17/Jan/2025:22:22:58 -0500] "GET /dulrl/k2342539.html HTTP/1.1" 200 68157 "-" "Mozilla/5.0 AppleWebKit/537.36 (KHTML, like Gecko; compatible; bingbot/2.0; +http://www.bing.com/bingbot.htm) Chrome/116.0.1938.76 Safari/537.36"
52.167.144.158 - - [17/Jan/2025:22:22:59 -0500] "GET /ggaot/p819542.html HTTP/1.1" 200 68990 "-" "Mozilla/5.0 AppleWebKit/537.36 (KHTML, like Gecko; compatible; bingbot/2.0; +http://www.bing.com/bingbot.htm) Chrome/116.0.1938.76 Safari/537.36"
52.167.144.208 - - [17/Jan/2025:22:23:19 -0500] "GET /rjwcg/j2077962.html HTTP/1.1" 200 70600 "-" "Mozilla/5.0 AppleWebKit/537.36 (KHTML, like Gecko; compatible; bingbot/2.0; +http://www.bing.com/bingbot.htm) Chrome/116.0.1938.76 Safari/537.36"
40.77.167.72 - - [17/Jan/2025:22:23:28 -0500] "GET /xemnq/v1044968.html HTTP/1.1" 200 68740 "-" "Mozilla/5.0 AppleWebKit/537.36 (KHTML, like Gecko; compatible; bingbot/2.0; +http://www.bing.com/bingbot.htm) Chrome/116.0.1938.76 Safari/537.36"
40.77.167.154 - - [17/Jan/2025:22:23:38 -0500] "GET /coxph/x2485994.html HTTP/1.1" 200 68521 "-" "Mozilla/5.0 AppleWebKit/537.36 (KHTML, like Gecko; compatible; bingbot/2.0; +http://www.bing.com/bingbot.htm) Chrome/116.0.1938.76 Safari/537.36"
52.167.144.208 - - [17/Jan/2025:22:23:49 -0500] "GET /deqqd/k3018071.html HTTP/1.1" 200 68614 "-" "Mozilla/5.0 AppleWebKit/537.36 (KHTML, like Gecko; compatible; bingbot/2.0; +http://www.bing.com/bingbot.htm) Chrome/116.0.1938.76 Safari/537.36"
66.249.79.173 - - [17/Jan/2025:22:23:55 -0500] "GET /dsmqn/d887364.html HTTP/1.1" 200 68692 "-" "Mozilla/5.0 (Linux; Android 6.0.1; Nexus 5X Build/MMB29P) AppleWebKit/537.36 (KHTML, like Gecko) Chrome/132.0.6834.83 Mobile Safari/537.36 (compatible; Googlebot/2.1; +http://www.google.com/bot.html)"
40.77.167.154 - - [17/Jan/2025:22:23:58 -0500] "GET /jhunl/a2140145.html HTTP/1.1" 200 69158 "-" "Mozilla/5.0 AppleWebKit/537.36 (KHTML, like Gecko; compatible; bingbot/2.0; +http://www.bing.com/bingbot.htm) Chrome/116.0.1938.76 Safari/537.36"
40.77.167.72 - - [17/Jan/2025:22:24:08 -0500] "GET /slpla/q1508283.html HTTP/1.1" 200 68444 "-" "Mozilla/5.0 AppleWebKit/537.36 (KHTML, like Gecko; compatible; bingbot/2.0; +http://www.bing.com/bingbot.htm) Chrome/116.0.1938.76 Safari/537.36"
52.167.144.208 - - [17/Jan/2025:22:24:18 -0500] "GET /mlsyy/u255217.html HTTP/1.1" 200 68858 "-" "Mozilla/5.0 AppleWebKit/537.36 (KHTML, like Gecko; compatible; bingbot/2.0; +http://www.bing.com/bingbot.htm) Chrome/116.0.1938.76 Safari/537.36"
52.167.144.208 - - [17/Jan/2025:22:24:22 -0500] "GET /kmrmd/t465556.html HTTP/1.1" 200 69393 "-" "Mozilla/5.0 AppleWebKit/537.36 (KHTML, like Gecko; compatible; bingbot/2.0; +http://www.bing.com/bingbot.htm) Chrome/116.0.1938.76 Safari/537.36"
52.167.144.208 - - [17/Jan/2025:22:24:48 -0500] "GET /zzagt/o2508501.html HTTP/1.1" 200 70109 "-" "Mozilla/5.0 AppleWebKit/537.36 (KHTML, like Gecko; compatible; bingbot/2.0; +http://www.bing.com/bingbot.htm) Chrome/116.0.1938.76 Safari/537.36"
157.55.39.54 - - [17/Jan/2025:22:25:25 -0500] "GET /zsyyt/i815141.html HTTP/1.1" 200 68982 "-" "Mozilla/5.0 AppleWebKit/537.36 (KHTML, like Gecko; compatible; bingbot/2.0; +http://www.bing.com/bingbot.htm) Chrome/116.0.1938.76 Safari/537.36"
157.55.39.58 - - [17/Jan/2025:22:25:36 -0500] "GET /ocdus/c2740565.html HTTP/1.1" 200 69821 "-" "Mozilla/5.0 AppleWebKit/537.36 (KHTML, like Gecko; compatible; bingbot/2.0; +http://www.bing.com/bingbot.htm) Chrome/116.0.1938.76 Safari/537.36"
52.167.144.158 - - [17/Jan/2025:22:25:38 -0500] "GET /ijrvd/q2695521.html HTTP/1.1" 200 69048 "-" "Mozilla/5.0 AppleWebKit/537.36 (KHTML, like Gecko; compatible; bingbot/2.0; +http://www.bing.com/bingbot.htm) Chrome/116.0.1938.76 Safari/537.36"
157.55.39.58 - - [17/Jan/2025:22:25:40 -0500] "GET /ziget/a1068321.html HTTP/1.1" 200 67787 "-" "Mozilla/5.0 AppleWebKit/537.36 (KHTML, like Gecko; compatible; bingbot/2.0; +http://www.bing.com/bingbot.htm) Chrome/116.0.1938.76 Safari/537.36"
66.249.68.33 - - [17/Jan/2025:22:25:41 -0500] "GET /bemfp/u2701895.html HTTP/1.1" 200 68894 "-" "Mozilla/5.0 (Linux; Android 6.0.1; Nexus 5X Build/MMB29P) AppleWebKit/537.36 (KHTML, like Gecko) Chrome/132.0.6834.83 Mobile Safari/537.36 (compatible; Googlebot/2.1; +http://www.google.com/bot.html)"
40.77.167.152 - - [17/Jan/2025:22:25:48 -0500] "GET /ugczh/y2339433.html HTTP/1.1" 200 67990 "-" "Mozilla/5.0 AppleWebKit/537.36 (KHTML, like Gecko; compatible; bingbot/2.0; +http://www.bing.com/bingbot.htm) Chrome/116.0.1938.76 Safari/537.36"
52.167.144.181 - - [17/Jan/2025:22:26:09 -0500] "GET /vsjar/z2822384.html HTTP/1.1" 200 68297 "-" "Mozilla/5.0 AppleWebKit/537.36 (KHTML, like Gecko; compatible; bingbot/2.0; +http://www.bing.com/bingbot.htm) Chrome/116.0.1938.76 Safari/537.36"
52.167.144.181 - - [17/Jan/2025:22:26:11 -0500] "GET /uhvbp/t3078842.html HTTP/1.1" 200 67181 "-" "Mozilla/5.0 AppleWebKit/537.36 (KHTML, like Gecko; compatible; bingbot/2.0; +http://www.bing.com/bingbot.htm) Chrome/116.0.1938.76 Safari/537.36"
40.77.167.152 - - [17/Jan/2025:22:26:37 -0500] "GET /nwixm/q2137847.html HTTP/1.1" 200 69089 "-" "Mozilla/5.0 AppleWebKit/537.36 (KHTML, like Gecko; compatible; bingbot/2.0; +http://www.bing.com/bingbot.htm) Chrome/116.0.1938.76 Safari/537.36"
66.249.68.71 - - [17/Jan/2025:22:27:24 -0500] "GET /gvaub/x2429834.html HTTP/1.1" 200 68068 "-" "Mozilla/5.0 (Linux; Android 6.0.1; Nexus 5X Build/MMB29P) AppleWebKit/537.36 (KHTML, like Gecko) Chrome/132.0.6834.83 Mobile Safari/537.36 (compatible; Googlebot/2.1; +http://www.google.com/bot.html)"
40.77.167.152 - - [17/Jan/2025:22:27:27 -0500] "GET /mytkb/z2683778.html HTTP/1.1" 200 70622 "-" "Mozilla/5.0 AppleWebKit/537.36 (KHTML, like Gecko; compatible; bingbot/2.0; +http://www.bing.com/bingbot.htm) Chrome/116.0.1938.76 Safari/537.36"
40.77.167.65 - - [17/Jan/2025:22:27:39 -0500] "GET /gqitv/x749376.html HTTP/1.1" 200 67539 "-" "Mozilla/5.0 AppleWebKit/537.36 (KHTML, like Gecko; compatible; bingbot/2.0; +http://www.bing.com/bingbot.htm) Chrome/116.0.1938.76 Safari/537.36"
52.167.144.181 - - [17/Jan/2025:22:27:58 -0500] "GET /weeqg/t2403180.html HTTP/1.1" 200 70636 "-" "Mozilla/5.0 AppleWebKit/537.36 (KHTML, like Gecko; compatible; bingbot/2.0; +http://www.bing.com/bingbot.htm) Chrome/116.0.1938.76 Safari/537.36"
52.167.144.181 - - [17/Jan/2025:22:28:00 -0500] "GET /qeqmr/y2308025.html HTTP/1.1" 200 68423 "-" "Mozilla/5.0 AppleWebKit/537.36 (KHTML, like Gecko; compatible; bingbot/2.0; +http://www.bing.com/bingbot.htm) Chrome/116.0.1938.76 Safari/537.36"
157.55.39.54 - - [17/Jan/2025:22:28:06 -0500] "GET /nkxnv/p1647798.html HTTP/1.1" 200 68444 "-" "Mozilla/5.0 AppleWebKit/537.36 (KHTML, like Gecko; compatible; bingbot/2.0; +http://www.bing.com/bingbot.htm) Chrome/116.0.1938.76 Safari/537.36"
40.77.167.152 - - [17/Jan/2025:22:28:07 -0500] "GET /sszve/p2300866.html HTTP/1.1" 200 67293 "-" "Mozilla/5.0 AppleWebKit/537.36 (KHTML, like Gecko; compatible; bingbot/2.0; +http://www.bing.com/bingbot.htm) Chrome/116.0.1938.76 Safari/537.36"
157.55.39.54 - - [17/Jan/2025:22:28:08 -0500] "GET /axrvd/t1578252.html HTTP/1.1" 200 68331 "-" "Mozilla/5.0 AppleWebKit/537.36 (KHTML, like Gecko; compatible; bingbot/2.0; +http://www.bing.com/bingbot.htm) Chrome/116.0.1938.76 Safari/537.36"
52.167.144.181 - - [17/Jan/2025:22:28:12 -0500] "GET /dxafr/z411482.html HTTP/1.1" 200 68207 "-" "Mozilla/5.0 AppleWebKit/537.36 (KHTML, like Gecko; compatible; bingbot/2.0; +http://www.bing.com/bingbot.htm) Chrome/116.0.1938.76 Safari/537.36"
40.77.167.65 - - [17/Jan/2025:22:28:28 -0500] "GET /niops/b1422052.html HTTP/1.1" 200 71455 "-" "Mozilla/5.0 AppleWebKit/537.36 (KHTML, like Gecko; compatible; bingbot/2.0; +http://www.bing.com/bingbot.htm) Chrome/116.0.1938.76 Safari/537.36"
157.55.39.58 - - [17/Jan/2025:22:28:47 -0500] "GET /rkcfo/b2979894.html HTTP/1.1" 200 69208 "-" "Mozilla/5.0 AppleWebKit/537.36 (KHTML, like Gecko; compatible; bingbot/2.0; +http://www.bing.com/bingbot.htm) Chrome/116.0.1938.76 Safari/537.36"
157.55.39.54 - - [17/Jan/2025:22:28:56 -0500] "GET /tzbkn/r2823988.html HTTP/1.1" 200 69223 "-" "Mozilla/5.0 AppleWebKit/537.36 (KHTML, like Gecko; compatible; bingbot/2.0; +http://www.bing.com/bingbot.htm) Chrome/116.0.1938.76 Safari/537.36"
157.55.39.54 - - [17/Jan/2025:22:29:26 -0500] "GET /tmmao/s839045.html HTTP/1.1" 200 69228 "-" "Mozilla/5.0 AppleWebKit/537.36 (KHTML, like Gecko; compatible; bingbot/2.0; +http://www.bing.com/bingbot.htm) Chrome/116.0.1938.76 Safari/537.36"
157.55.39.54 - - [17/Jan/2025:22:29:36 -0500] "GET /untyi/t2416544.html HTTP/1.1" 200 70660 "-" "Mozilla/5.0 AppleWebKit/537.36 (KHTML, like Gecko; compatible; bingbot/2.0; +http://www.bing.com/bingbot.htm) Chrome/116.0.1938.76 Safari/537.36"
157.55.39.58 - - [17/Jan/2025:22:30:09 -0500] "GET /fzgff/e1996005.html HTTP/1.1" 200 67661 "-" "Mozilla/5.0 AppleWebKit/537.36 (KHTML, like Gecko; compatible; bingbot/2.0; +http://www.bing.com/bingbot.htm) Chrome/116.0.1938.76 Safari/537.36"
157.55.39.58 - - [17/Jan/2025:22:30:13 -0500] "GET /qkajo/t329862.html HTTP/1.1" 200 69250 "-" "Mozilla/5.0 AppleWebKit/537.36 (KHTML, like Gecko; compatible; bingbot/2.0; +http://www.bing.com/bingbot.htm) Chrome/116.0.1938.76 Safari/537.36"
40.77.167.152 - - [17/Jan/2025:22:30:28 -0500] "GET /ecyjs/k3021243.html HTTP/1.1" 200 68255 "-" "Mozilla/5.0 AppleWebKit/537.36 (KHTML, like Gecko; compatible; bingbot/2.0; +http://www.bing.com/bingbot.htm) Chrome/116.0.1938.76 Safari/537.36"
157.55.39.58 - - [17/Jan/2025:22:30:35 -0500] "GET /adfvj/a2302567.html HTTP/1.1" 200 71295 "-" "Mozilla/5.0 AppleWebKit/537.36 (KHTML, like Gecko; compatible; bingbot/2.0; +http://www.bing.com/bingbot.htm) Chrome/116.0.1938.76 Safari/537.36"
157.55.39.58 - - [17/Jan/2025:22:30:37 -0500] "GET /uehhp/s3059159.html HTTP/1.1" 200 68603 "-" "Mozilla/5.0 AppleWebKit/537.36 (KHTML, like Gecko; compatible; bingbot/2.0; +http://www.bing.com/bingbot.htm) Chrome/116.0.1938.76 Safari/537.36"
40.77.167.65 - - [17/Jan/2025:22:30:58 -0500] "GET /fmavv/k1955347.html HTTP/1.1" 200 68737 "-" "Mozilla/5.0 AppleWebKit/537.36 (KHTML, like Gecko; compatible; bingbot/2.0; +http://www.bing.com/bingbot.htm) Chrome/116.0.1938.76 Safari/537.36"
40.77.167.152 - - [17/Jan/2025:22:31:08 -0500] "GET /tgvyy/g2586909.html HTTP/1.1" 200 69895 "-" "Mozilla/5.0 AppleWebKit/537.36 (KHTML, like Gecko; compatible; bingbot/2.0; +http://www.bing.com/bingbot.htm) Chrome/116.0.1938.76 Safari/537.36"
52.167.144.181 - - [17/Jan/2025:22:31:12 -0500] "GET /ylqvh/r2832334.html HTTP/1.1" 200 69295 "-" "Mozilla/5.0 AppleWebKit/537.36 (KHTML, like Gecko; compatible; bingbot/2.0; +http://www.bing.com/bingbot.htm) Chrome/116.0.1938.76 Safari/537.36"
40.77.167.152 - - [17/Jan/2025:22:31:27 -0500] "GET /qaolr/r2135898.html HTTP/1.1" 200 69211 "-" "Mozilla/5.0 AppleWebKit/537.36 (KHTML, like Gecko; compatible; bingbot/2.0; +http://www.bing.com/bingbot.htm) Chrome/116.0.1938.76 Safari/537.36"
40.77.167.152 - - [17/Jan/2025:22:31:30 -0500] "GET /qkmyv/t2354274.html HTTP/1.1" 200 68668 "-" "Mozilla/5.0 AppleWebKit/537.36 (KHTML, like Gecko; compatible; bingbot/2.0; +http://www.bing.com/bingbot.htm) Chrome/116.0.1938.76 Safari/537.36"
40.77.167.152 - - [17/Jan/2025:22:31:32 -0500] "GET /nlrzq/o2511543.html HTTP/1.1" 200 69250 "-" "Mozilla/5.0 AppleWebKit/537.36 (KHTML, like Gecko; compatible; bingbot/2.0; +http://www.bing.com/bingbot.htm) Chrome/116.0.1938.76 Safari/537.36"
40.77.167.152 - - [17/Jan/2025:22:31:34 -0500] "GET /xrxrb/n207812.html HTTP/1.1" 200 69489 "-" "Mozilla/5.0 AppleWebKit/537.36 (KHTML, like Gecko; compatible; bingbot/2.0; +http://www.bing.com/bingbot.htm) Chrome/116.0.1938.76 Safari/537.36"
157.55.39.54 - - [17/Jan/2025:22:32:09 -0500] "GET /nycfw/p383470.html HTTP/1.1" 200 69323 "-" "Mozilla/5.0 AppleWebKit/537.36 (KHTML, like Gecko; compatible; bingbot/2.0; +http://www.bing.com/bingbot.htm) Chrome/116.0.1938.76 Safari/537.36"
52.167.144.210 - - [17/Jan/2025:22:32:28 -0500] "GET /ufdah/f1263898.html HTTP/1.1" 200 68959 "-" "Mozilla/5.0 AppleWebKit/537.36 (KHTML, like Gecko; compatible; bingbot/2.0; +http://www.bing.com/bingbot.htm) Chrome/116.0.1938.76 Safari/537.36"
40.77.167.152 - - [17/Jan/2025:22:32:29 -0500] "GET /nsikh/l853780.html HTTP/1.1" 200 70786 "-" "Mozilla/5.0 AppleWebKit/537.36 (KHTML, like Gecko; compatible; bingbot/2.0; +http://www.bing.com/bingbot.htm) Chrome/116.0.1938.76 Safari/537.36"
52.167.144.181 - - [17/Jan/2025:22:32:49 -0500] "GET /vkuhp/t751348.html HTTP/1.1" 200 76614 "-" "Mozilla/5.0 AppleWebKit/537.36 (KHTML, like Gecko; compatible; bingbot/2.0; +http://www.bing.com/bingbot.htm) Chrome/116.0.1938.76 Safari/537.36"
40.77.167.152 - - [17/Jan/2025:22:33:08 -0500] "GET /erbaa/p2823726.html HTTP/1.1" 200 70283 "-" "Mozilla/5.0 AppleWebKit/537.36 (KHTML, like Gecko; compatible; bingbot/2.0; +http://www.bing.com/bingbot.htm) Chrome/116.0.1938.76 Safari/537.36"
52.167.144.181 - - [17/Jan/2025:22:33:18 -0500] "GET /nhwbk/e2385589.html HTTP/1.1" 200 68837 "-" "Mozilla/5.0 AppleWebKit/537.36 (KHTML, like Gecko; compatible; bingbot/2.0; +http://www.bing.com/bingbot.htm) Chrome/116.0.1938.76 Safari/537.36"
52.167.144.181 - - [17/Jan/2025:22:33:21 -0500] "GET /hylms/a999369.html HTTP/1.1" 200 69147 "-" "Mozilla/5.0 AppleWebKit/537.36 (KHTML, like Gecko; compatible; bingbot/2.0; +http://www.bing.com/bingbot.htm) Chrome/116.0.1938.76 Safari/537.36"
66.249.68.33 - - [17/Jan/2025:22:33:32 -0500] "GET /ultrarefinedyal.xml HTTP/1.1" 200 14709 "-" "Mozilla/5.0 (compatible; Googlebot/2.1; +http://www.google.com/bot.html)"
157.55.39.58 - - [17/Jan/2025:22:33:38 -0500] "GET /jdyya/s2453619.html HTTP/1.1" 200 68142 "-" "Mozilla/5.0 AppleWebKit/537.36 (KHTML, like Gecko; compatible; bingbot/2.0; +http://www.bing.com/bingbot.htm) Chrome/116.0.1938.76 Safari/537.36"
40.77.167.65 - - [17/Jan/2025:22:33:38 -0500] "GET /idmsj/b617378.html HTTP/1.1" 200 67890 "-" "Mozilla/5.0 AppleWebKit/537.36 (KHTML, like Gecko; compatible; bingbot/2.0; +http://www.bing.com/bingbot.htm) Chrome/116.0.1938.76 Safari/537.36"
40.77.167.152 - - [17/Jan/2025:22:33:49 -0500] "GET /nuvkn/d253666.html HTTP/1.1" 200 68748 "-" "Mozilla/5.0 AppleWebKit/537.36 (KHTML, like Gecko; compatible; bingbot/2.0; +http://www.bing.com/bingbot.htm) Chrome/116.0.1938.76 Safari/537.36"
52.167.144.210 - - [17/Jan/2025:22:33:49 -0500] "GET /dmbgm/h2646918.html HTTP/1.1" 200 67585 "-" "Mozilla/5.0 AppleWebKit/537.36 (KHTML, like Gecko; compatible; bingbot/2.0; +http://www.bing.com/bingbot.htm) Chrome/116.0.1938.76 Safari/537.36"
40.77.167.152 - - [17/Jan/2025:22:33:50 -0500] "GET /vrtdb/b2028528.html HTTP/1.1" 200 69160 "-" "Mozilla/5.0 AppleWebKit/537.36 (KHTML, like Gecko; compatible; bingbot/2.0; +http://www.bing.com/bingbot.htm) Chrome/116.0.1938.76 Safari/537.36"
66.249.68.71 - - [17/Jan/2025:22:33:57 -0500] "GET /eutelegenicucx.xml HTTP/1.1" 200 14696 "-" "Mozilla/5.0 (compatible; Googlebot/2.1; +http://www.google.com/bot.html)"
157.55.39.58 - - [17/Jan/2025:22:33:58 -0500] "GET /hylrq/r2060810.html HTTP/1.1" 200 68876 "-" "Mozilla/5.0 AppleWebKit/537.36 (KHTML, like Gecko; compatible; bingbot/2.0; +http://www.bing.com/bingbot.htm) Chrome/116.0.1938.76 Safari/537.36"
157.55.39.58 - - [17/Jan/2025:22:34:01 -0500] "GET /aducz/l2363938.html HTTP/1.1" 200 70845 "-" "Mozilla/5.0 AppleWebKit/537.36 (KHTML, like Gecko; compatible; bingbot/2.0; +http://www.bing.com/bingbot.htm) Chrome/116.0.1938.76 Safari/537.36"
40.77.167.152 - - [17/Jan/2025:22:34:08 -0500] "GET /zroty/s1890719.html HTTP/1.1" 200 67390 "-" "Mozilla/5.0 AppleWebKit/537.36 (KHTML, like Gecko; compatible; bingbot/2.0; +http://www.bing.com/bingbot.htm) Chrome/116.0.1938.76 Safari/537.36"
52.167.144.181 - - [17/Jan/2025:22:34:12 -0500] "GET /biyuv/i1687103.html HTTP/1.1" 200 67708 "-" "Mozilla/5.0 AppleWebKit/537.36 (KHTML, like Gecko; compatible; bingbot/2.0; +http://www.bing.com/bingbot.htm) Chrome/116.0.1938.76 Safari/537.36"
52.167.144.181 - - [17/Jan/2025:22:34:15 -0500] "GET /diiog/c2094855.html HTTP/1.1" 200 68561 "-" "Mozilla/5.0 AppleWebKit/537.36 (KHTML, like Gecko; compatible; bingbot/2.0; +http://www.bing.com/bingbot.htm) Chrome/116.0.1938.76 Safari/537.36"
52.167.144.210 - - [17/Jan/2025:22:34:19 -0500] "GET /sfuas/v1053782.html HTTP/1.1" 200 67959 "-" "Mozilla/5.0 AppleWebKit/537.36 (KHTML, like Gecko; compatible; bingbot/2.0; +http://www.bing.com/bingbot.htm) Chrome/116.0.1938.76 Safari/537.36"
157.55.39.54 - - [17/Jan/2025:22:34:26 -0500] "GET /qlxtj/y137571.html HTTP/1.1" 200 69846 "-" "Mozilla/5.0 AppleWebKit/537.36 (KHTML, like Gecko; compatible; bingbot/2.0; +http://www.bing.com/bingbot.htm) Chrome/116.0.1938.76 Safari/537.36"
157.55.39.54 - - [17/Jan/2025:22:34:38 -0500] "GET /gswun/h2629758.html HTTP/1.1" 200 69692 "-" "Mozilla/5.0 AppleWebKit/537.36 (KHTML, like Gecko; compatible; bingbot/2.0; +http://www.bing.com/bingbot.htm) Chrome/116.0.1938.76 Safari/537.36"
52.167.144.210 - - [17/Jan/2025:22:35:09 -0500] "GET /eeikr/k848579.html HTTP/1.1" 200 69548 "-" "Mozilla/5.0 AppleWebKit/537.36 (KHTML, like Gecko; compatible; bingbot/2.0; +http://www.bing.com/bingbot.htm) Chrome/116.0.1938.76 Safari/537.36"
207.46.13.124 - - [17/Jan/2025:22:35:28 -0500] "GET /pghzb/h1895830.html HTTP/1.1" 200 71498 "-" "Mozilla/5.0 AppleWebKit/537.36 (KHTML, like Gecko; compatible; bingbot/2.0; +http://www.bing.com/bingbot.htm) Chrome/116.0.1938.76 Safari/537.36"
207.46.13.124 - - [17/Jan/2025:22:35:31 -0500] "GET /wzovp/h86594.html HTTP/1.1" 200 69216 "-" "Mozilla/5.0 AppleWebKit/537.36 (KHTML, like Gecko; compatible; bingbot/2.0; +http://www.bing.com/bingbot.htm) Chrome/116.0.1938.76 Safari/537.36"
207.46.13.102 - - [17/Jan/2025:22:35:38 -0500] "GET /bivfj/p836546.html HTTP/1.1" 200 69511 "-" "Mozilla/5.0 AppleWebKit/537.36 (KHTML, like Gecko; compatible; bingbot/2.0; +http://www.bing.com/bingbot.htm) Chrome/116.0.1938.76 Safari/537.36"
52.167.144.22 - - [17/Jan/2025:22:35:39 -0500] "GET /rties/i331125.html HTTP/1.1" 200 70170 "-" "Mozilla/5.0 AppleWebKit/537.36 (KHTML, like Gecko; compatible; bingbot/2.0; +http://www.bing.com/bingbot.htm) Chrome/116.0.1938.76 Safari/537.36"
