207.46.13.87 - - [17/Jan/2025:23:10:52 -0500] "GET /wrlju/n1928596.html HTTP/1.1" 200 70948 "-" "Mozilla/5.0 AppleWebKit/537.36 (KHTML, like Gecko; compatible; bingbot/2.0; +http://www.bing.com/bingbot.htm) Chrome/116.0.1938.76 Safari/537.36"
52.167.144.207 - - [17/Jan/2025:23:11:22 -0500] "GET /tzazf/c2560749.html HTTP/1.1" 200 69601 "-" "Mozilla/5.0 AppleWebKit/537.36 (KHTML, like Gecko; compatible; bingbot/2.0; +http://www.bing.com/bingbot.htm) Chrome/116.0.1938.76 Safari/537.36"
52.167.144.17 - - [17/Jan/2025:23:11:27 -0500] "GET /uaddu/n506916.html HTTP/1.1" 200 68972 "-" "Mozilla/5.0 AppleWebKit/537.36 (KHTML, like Gecko; compatible; bingbot/2.0; +http://www.bing.com/bingbot.htm) Chrome/116.0.1938.76 Safari/537.36"
66.249.68.2 - - [17/Jan/2025:23:11:42 -0500] "GET /wymxi/z200336.html HTTP/1.1" 200 70092 "-" "Mozilla/5.0 (Linux; Android 6.0.1; Nexus 5X Build/MMB29P) AppleWebKit/537.36 (KHTML, like Gecko) Chrome/132.0.6834.83 Mobile Safari/537.36 (compatible; Googlebot/2.1; +http://www.google.com/bot.html)"
66.249.68.2 - - [17/Jan/2025:23:12:05 -0500] "GET /saponifyvgj.xml HTTP/1.1" 200 14657 "-" "Mozilla/5.0 (compatible; Googlebot/2.1; +http://www.google.com/bot.html)"
207.46.13.87 - - [17/Jan/2025:23:12:12 -0500] "GET /bzqhk/v2324038.html HTTP/1.1" 200 67885 "-" "Mozilla/5.0 AppleWebKit/537.36 (KHTML, like Gecko; compatible; bingbot/2.0; +http://www.bing.com/bingbot.htm) Chrome/116.0.1938.76 Safari/537.36"
207.46.13.87 - - [17/Jan/2025:23:12:14 -0500] "GET /yaoek/j2161032.html HTTP/1.1" 200 69076 "-" "Mozilla/5.0 AppleWebKit/537.36 (KHTML, like Gecko; compatible; bingbot/2.0; +http://www.bing.com/bingbot.htm) Chrome/116.0.1938.76 Safari/537.36"
207.46.13.78 - - [17/Jan/2025:23:12:32 -0500] "GET /fdimv/v2476658.html HTTP/1.1" 200 68954 "-" "Mozilla/5.0 AppleWebKit/537.36 (KHTML, like Gecko; compatible; bingbot/2.0; +http://www.bing.com/bingbot.htm) Chrome/116.0.1938.76 Safari/537.36"
52.167.144.207 - - [17/Jan/2025:23:12:35 -0500] "GET /fwixi/t2105844.html HTTP/1.1" 200 67950 "-" "Mozilla/5.0 AppleWebKit/537.36 (KHTML, like Gecko; compatible; bingbot/2.0; +http://www.bing.com/bingbot.htm) Chrome/116.0.1938.76 Safari/537.36"
52.167.144.17 - - [17/Jan/2025:23:12:43 -0500] "GET /vvsfd/t420004.html HTTP/1.1" 200 68178 "-" "Mozilla/5.0 AppleWebKit/537.36 (KHTML, like Gecko; compatible; bingbot/2.0; +http://www.bing.com/bingbot.htm) Chrome/116.0.1938.76 Safari/537.36"
40.77.167.67 - - [17/Jan/2025:23:12:43 -0500] "GET /lpsaq/g2911207.html HTTP/1.1" 200 69345 "-" "Mozilla/5.0 AppleWebKit/537.36 (KHTML, like Gecko; compatible; bingbot/2.0; +http://www.bing.com/bingbot.htm) Chrome/116.0.1938.76 Safari/537.36"
52.167.144.17 - - [17/Jan/2025:23:12:44 -0500] "GET /flbnu/i1163723.html HTTP/1.1" 200 68965 "-" "Mozilla/5.0 AppleWebKit/537.36 (KHTML, like Gecko; compatible; bingbot/2.0; +http://www.bing.com/bingbot.htm) Chrome/116.0.1938.76 Safari/537.36"
52.167.144.66 - - [17/Jan/2025:23:12:52 -0500] "GET /robots.txt HTTP/1.1" 200 174 "-" "Mozilla/5.0 AppleWebKit/537.36 (KHTML, like Gecko; compatible; bingbot/2.0; +http://www.bing.com/bingbot.htm) Chrome/116.0.1938.76 Safari/537.36"
52.167.144.66 - - [17/Jan/2025:23:12:52 -0500] "GET /robots.txt HTTP/1.1" 200 174 "-" "Mozilla/5.0 AppleWebKit/537.36 (KHTML, like Gecko; compatible; bingbot/2.0; +http://www.bing.com/bingbot.htm) Chrome/116.0.1938.76 Safari/537.36"
52.167.144.146 - - [17/Jan/2025:23:12:51 -0500] "GET /ykmrk/o1500429.html HTTP/1.1" 200 67242 "-" "Mozilla/5.0 AppleWebKit/537.36 (KHTML, like Gecko; compatible; bingbot/2.0; +http://www.bing.com/bingbot.htm) Chrome/116.0.1938.76 Safari/537.36"
207.46.13.78 - - [17/Jan/2025:23:13:13 -0500] "GET /tbxyc/k2434397.html HTTP/1.1" 200 70212 "-" "Mozilla/5.0 AppleWebKit/537.36 (KHTML, like Gecko; compatible; bingbot/2.0; +http://www.bing.com/bingbot.htm) Chrome/116.0.1938.76 Safari/537.36"
52.167.144.17 - - [17/Jan/2025:23:13:16 -0500] "GET /gdlfh/o2848633.html HTTP/1.1" 200 69634 "-" "Mozilla/5.0 AppleWebKit/537.36 (KHTML, like Gecko; compatible; bingbot/2.0; +http://www.bing.com/bingbot.htm) Chrome/116.0.1938.76 Safari/537.36"
52.167.144.17 - - [17/Jan/2025:23:13:19 -0500] "GET /eifoe/g2787473.html HTTP/1.1" 200 70551 "-" "Mozilla/5.0 AppleWebKit/537.36 (KHTML, like Gecko; compatible; bingbot/2.0; +http://www.bing.com/bingbot.htm) Chrome/116.0.1938.76 Safari/537.36"
207.46.13.78 - - [17/Jan/2025:23:13:41 -0500] "GET /wrvfb/l787246.html HTTP/1.1" 200 69261 "-" "Mozilla/5.0 AppleWebKit/537.36 (KHTML, like Gecko; compatible; bingbot/2.0; +http://www.bing.com/bingbot.htm) Chrome/116.0.1938.76 Safari/537.36"
207.46.13.78 - - [17/Jan/2025:23:13:42 -0500] "GET /frhyp/v772800.html HTTP/1.1" 200 70231 "-" "Mozilla/5.0 AppleWebKit/537.36 (KHTML, like Gecko; compatible; bingbot/2.0; +http://www.bing.com/bingbot.htm) Chrome/116.0.1938.76 Safari/537.36"
52.167.144.146 - - [17/Jan/2025:23:13:42 -0500] "GET /eipoa/z2607000.html HTTP/1.1" 200 69400 "-" "Mozilla/5.0 AppleWebKit/537.36 (KHTML, like Gecko; compatible; bingbot/2.0; +http://www.bing.com/bingbot.htm) Chrome/116.0.1938.76 Safari/537.36"
52.167.144.207 - - [17/Jan/2025:23:13:52 -0500] "GET /jmadj/c448561.html HTTP/1.1" 200 68357 "-" "Mozilla/5.0 AppleWebKit/537.36 (KHTML, like Gecko; compatible; bingbot/2.0; +http://www.bing.com/bingbot.htm) Chrome/116.0.1938.76 Safari/537.36"
52.167.144.17 - - [17/Jan/2025:23:13:57 -0500] "GET /onves/f665924.html HTTP/1.1" 200 68622 "-" "Mozilla/5.0 AppleWebKit/537.36 (KHTML, like Gecko; compatible; bingbot/2.0; +http://www.bing.com/bingbot.htm) Chrome/116.0.1938.76 Safari/537.36"
52.167.144.17 - - [17/Jan/2025:23:13:59 -0500] "GET /ccrdl/x2086738.html HTTP/1.1" 200 69277 "-" "Mozilla/5.0 AppleWebKit/537.36 (KHTML, like Gecko; compatible; bingbot/2.0; +http://www.bing.com/bingbot.htm) Chrome/116.0.1938.76 Safari/537.36"
207.46.13.87 - - [17/Jan/2025:23:14:12 -0500] "GET /gruuy/e1931135.html HTTP/1.1" 200 70430 "-" "Mozilla/5.0 AppleWebKit/537.36 (KHTML, like Gecko; compatible; bingbot/2.0; +http://www.bing.com/bingbot.htm) Chrome/116.0.1938.76 Safari/537.36"
66.249.79.173 - - [17/Jan/2025:23:14:32 -0500] "GET /bheek/u2377675.html HTTP/1.1" 200 67800 "-" "Mozilla/5.0 (Linux; Android 6.0.1; Nexus 5X Build/MMB29P) AppleWebKit/537.36 (KHTML, like Gecko) Chrome/132.0.6834.83 Mobile Safari/537.36 (compatible; Googlebot/2.1; +http://www.google.com/bot.html)"
207.46.13.87 - - [17/Jan/2025:23:14:32 -0500] "GET /lgxte/n2088080.html HTTP/1.1" 200 70367 "-" "Mozilla/5.0 AppleWebKit/537.36 (KHTML, like Gecko; compatible; bingbot/2.0; +http://www.bing.com/bingbot.htm) Chrome/116.0.1938.76 Safari/537.36"
207.46.13.78 - - [17/Jan/2025:23:14:43 -0500] "GET /gfgky/w2937431.html HTTP/1.1" 200 68380 "-" "Mozilla/5.0 AppleWebKit/537.36 (KHTML, like Gecko; compatible; bingbot/2.0; +http://www.bing.com/bingbot.htm) Chrome/116.0.1938.76 Safari/537.36"
52.167.144.17 - - [17/Jan/2025:23:14:46 -0500] "GET /swwpi/m2510371.html HTTP/1.1" 200 67680 "-" "Mozilla/5.0 AppleWebKit/537.36 (KHTML, like Gecko; compatible; bingbot/2.0; +http://www.bing.com/bingbot.htm) Chrome/116.0.1938.76 Safari/537.36"
66.249.68.33 - - [17/Jan/2025:23:14:48 -0500] "GET /xqgiv/c1120843.html HTTP/1.1" 200 67661 "-" "Mozilla/5.0 (Linux; Android 6.0.1; Nexus 5X Build/MMB29P) AppleWebKit/537.36 (KHTML, like Gecko) Chrome/132.0.6834.83 Mobile Safari/537.36 (compatible; Googlebot/2.1; +http://www.google.com/bot.html)"
52.167.144.17 - - [17/Jan/2025:23:14:48 -0500] "GET /jmcmq/s2839901.html HTTP/1.1" 200 68500 "-" "Mozilla/5.0 AppleWebKit/537.36 (KHTML, like Gecko; compatible; bingbot/2.0; +http://www.bing.com/bingbot.htm) Chrome/116.0.1938.76 Safari/537.36"
52.167.144.207 - - [17/Jan/2025:23:14:53 -0500] "GET /dbkcv/z2025354.html HTTP/1.1" 200 70734 "-" "Mozilla/5.0 AppleWebKit/537.36 (KHTML, like Gecko; compatible; bingbot/2.0; +http://www.bing.com/bingbot.htm) Chrome/116.0.1938.76 Safari/537.36"
52.167.144.146 - - [17/Jan/2025:23:15:12 -0500] "GET /wpuhi/g777257.html HTTP/1.1" 200 67439 "-" "Mozilla/5.0 AppleWebKit/537.36 (KHTML, like Gecko; compatible; bingbot/2.0; +http://www.bing.com/bingbot.htm) Chrome/116.0.1938.76 Safari/537.36"
52.167.144.17 - - [17/Jan/2025:23:15:33 -0500] "GET /jucln/x2351158.html HTTP/1.1" 200 68474 "-" "Mozilla/5.0 AppleWebKit/537.36 (KHTML, like Gecko; compatible; bingbot/2.0; +http://www.bing.com/bingbot.htm) Chrome/116.0.1938.76 Safari/537.36"
40.77.167.67 - - [17/Jan/2025:23:15:43 -0500] "GET /dleuz/m2185163.html HTTP/1.1" 200 68504 "-" "Mozilla/5.0 AppleWebKit/537.36 (KHTML, like Gecko; compatible; bingbot/2.0; +http://www.bing.com/bingbot.htm) Chrome/116.0.1938.76 Safari/537.36"
52.167.144.207 - - [17/Jan/2025:23:15:43 -0500] "GET /pfald/y1183993.html HTTP/1.1" 200 68016 "-" "Mozilla/5.0 AppleWebKit/537.36 (KHTML, like Gecko; compatible; bingbot/2.0; +http://www.bing.com/bingbot.htm) Chrome/116.0.1938.76 Safari/537.36"
52.167.144.207 - - [17/Jan/2025:23:15:45 -0500] "GET /hknqv/q2338593.html HTTP/1.1" 200 72804 "-" "Mozilla/5.0 AppleWebKit/537.36 (KHTML, like Gecko; compatible; bingbot/2.0; +http://www.bing.com/bingbot.htm) Chrome/116.0.1938.76 Safari/537.36"
52.167.144.207 - - [17/Jan/2025:23:15:55 -0500] "GET /nodqt/s1284711.html HTTP/1.1" 200 75696 "-" "Mozilla/5.0 AppleWebKit/537.36 (KHTML, like Gecko; compatible; bingbot/2.0; +http://www.bing.com/bingbot.htm) Chrome/116.0.1938.76 Safari/537.36"
52.167.144.207 - - [17/Jan/2025:23:16:03 -0500] "GET /hunqm/d2027542.html HTTP/1.1" 200 68831 "-" "Mozilla/5.0 AppleWebKit/537.36 (KHTML, like Gecko; compatible; bingbot/2.0; +http://www.bing.com/bingbot.htm) Chrome/116.0.1938.76 Safari/537.36"
66.249.79.195 - - [17/Jan/2025:23:16:34 -0500] "GET /ssnbz/m1917129.html HTTP/1.1" 200 69573 "-" "Mozilla/5.0 (Linux; Android 6.0.1; Nexus 5X Build/MMB29P) AppleWebKit/537.36 (KHTML, like Gecko) Chrome/132.0.6834.83 Mobile Safari/537.36 (compatible; Googlebot/2.1; +http://www.google.com/bot.html)"
207.46.13.78 - - [17/Jan/2025:23:16:33 -0500] "GET /yisyw/r1914872.html HTTP/1.1" 200 69496 "-" "Mozilla/5.0 AppleWebKit/537.36 (KHTML, like Gecko; compatible; bingbot/2.0; +http://www.bing.com/bingbot.htm) Chrome/116.0.1938.76 Safari/537.36"
52.167.144.146 - - [17/Jan/2025:23:16:42 -0500] "GET /uxyxb/b2057388.html HTTP/1.1" 200 67676 "-" "Mozilla/5.0 AppleWebKit/537.36 (KHTML, like Gecko; compatible; bingbot/2.0; +http://www.bing.com/bingbot.htm) Chrome/116.0.1938.76 Safari/537.36"
207.46.13.87 - - [17/Jan/2025:23:16:51 -0500] "GET /blmes/h1789204.html HTTP/1.1" 200 68865 "-" "Mozilla/5.0 AppleWebKit/537.36 (KHTML, like Gecko; compatible; bingbot/2.0; +http://www.bing.com/bingbot.htm) Chrome/116.0.1938.76 Safari/537.36"
52.167.144.207 - - [17/Jan/2025:23:16:53 -0500] "GET /vdkgz/e2452851.html HTTP/1.1" 200 68716 "-" "Mozilla/5.0 AppleWebKit/537.36 (KHTML, like Gecko; compatible; bingbot/2.0; +http://www.bing.com/bingbot.htm) Chrome/116.0.1938.76 Safari/537.36"
52.167.144.207 - - [17/Jan/2025:23:16:55 -0500] "GET /kbduc/u1655785.html HTTP/1.1" 200 68301 "-" "Mozilla/5.0 AppleWebKit/537.36 (KHTML, like Gecko; compatible; bingbot/2.0; +http://www.bing.com/bingbot.htm) Chrome/116.0.1938.76 Safari/537.36"
52.167.144.146 - - [17/Jan/2025:23:17:03 -0500] "GET /iisqa/k252061.html HTTP/1.1" 200 67761 "-" "Mozilla/5.0 AppleWebKit/537.36 (KHTML, like Gecko; compatible; bingbot/2.0; +http://www.bing.com/bingbot.htm) Chrome/116.0.1938.76 Safari/537.36"
66.249.68.64 - - [17/Jan/2025:23:17:12 -0500] "GET /njjur/g1414803.html HTTP/1.1" 200 68654 "-" "Mozilla/5.0 (Linux; Android 6.0.1; Nexus 5X Build/MMB29P) AppleWebKit/537.36 (KHTML, like Gecko) Chrome/132.0.6834.83 Mobile Safari/537.36 (compatible; Googlebot/2.1; +http://www.google.com/bot.html)"
207.46.13.87 - - [17/Jan/2025:23:17:31 -0500] "GET /bhvyw/p2059092.html HTTP/1.1" 200 70686 "-" "Mozilla/5.0 AppleWebKit/537.36 (KHTML, like Gecko; compatible; bingbot/2.0; +http://www.bing.com/bingbot.htm) Chrome/116.0.1938.76 Safari/537.36"
207.46.13.78 - - [17/Jan/2025:23:17:55 -0500] "GET /vovid/t2395328.html HTTP/1.1" 200 70405 "-" "Mozilla/5.0 AppleWebKit/537.36 (KHTML, like Gecko; compatible; bingbot/2.0; +http://www.bing.com/bingbot.htm) Chrome/116.0.1938.76 Safari/537.36"
52.167.144.17 - - [17/Jan/2025:23:18:05 -0500] "GET /rcnml/s2991741.html HTTP/1.1" 200 67777 "-" "Mozilla/5.0 AppleWebKit/537.36 (KHTML, like Gecko; compatible; bingbot/2.0; +http://www.bing.com/bingbot.htm) Chrome/116.0.1938.76 Safari/537.36"
66.29.132.124 - - [17/Jan/2025:23:18:09 -0500] "POST /wp-cron.php?doing_wp_cron=1737173888.8603920936584472656250 HTTP/1.1" 200 0 "-" "WordPress/6.7.1; https://diixadigital.com"
52.167.144.17 - - [17/Jan/2025:23:18:08 -0500] "GET /eykgi/o2070297.html HTTP/1.1" 200 71283 "-" "Mozilla/5.0 AppleWebKit/537.36 (KHTML, like Gecko; compatible; bingbot/2.0; +http://www.bing.com/bingbot.htm) Chrome/116.0.1938.76 Safari/537.36"
115.231.78.15 - - [17/Jan/2025:23:18:00 -0500] "GET / HTTP/1.1" 200 21281 "http://66.29.132.124:80" "Mozilla/5.0 (Windows NT 6.1; WOW64) AppleWebKit/537.36 (KHTML, like Gecko) Chrome/63.0.3239.132 Safari/537.36 QIHU 360SE"
66.29.132.124 - - [17/Jan/2025:23:18:12 -0500] "POST /wp-admin/admin-ajax.php?action=async_litespeed&nonce=PLVu6KV57O4dch5IRuiZ7txA3tWyulAl&litespeed_type=imgoptm HTTP/1.1" 200 0 "-" "WordPress/6.7.1; https://diixadigital.com"
115.231.78.15 - - [17/Jan/2025:23:18:14 -0500] "GET / HTTP/1.1" 200 21275 "-" "Mozilla/5.0 (Windows NT 6.1; WOW64) AppleWebKit/537.36 (KHTML, like Gecko) Chrome/63.0.3239.132 Safari/537.36 QIHU 360SE"
52.167.144.146 - - [17/Jan/2025:23:18:16 -0500] "GET /ahyyu/t2498470.html HTTP/1.1" 200 70035 "-" "Mozilla/5.0 AppleWebKit/537.36 (KHTML, like Gecko; compatible; bingbot/2.0; +http://www.bing.com/bingbot.htm) Chrome/116.0.1938.76 Safari/537.36"
115.231.78.15 - - [17/Jan/2025:23:18:19 -0500] "GET /'https:/diixadigital.com/wp-content/themes/meto/assets/css/flaticon.css?ver=6.7.1' HTTP/1.1" 404 15339 "http://66.29.132.124:80/'https://diixadigital.com/wp-content/themes/meto/assets/css/flaticon.css?ver=6.7.1'" "Mozilla/5.0 (Windows NT 6.1; WOW64) AppleWebKit/537.36 (KHTML, like Gecko) Chrome/63.0.3239.132 Safari/537.36 QIHU 360SE"
115.231.78.15 - - [17/Jan/2025:23:18:22 -0500] "GET /wp-content/uploads/2024/04/cropped-DIIXA-LOGO-2-32x32.png HTTP/1.1" 200 737 "-" "Mozilla/5.0 (Windows NT 6.1; WOW64) AppleWebKit/537.36 (KHTML, like Gecko) Chrome/63.0.3239.132 Safari/537.36 QIHU 360SE"
40.77.167.67 - - [17/Jan/2025:23:18:43 -0500] "GET /jpocp/w498709.html HTTP/1.1" 200 70155 "-" "Mozilla/5.0 AppleWebKit/537.36 (KHTML, like Gecko; compatible; bingbot/2.0; +http://www.bing.com/bingbot.htm) Chrome/116.0.1938.76 Safari/537.36"
66.249.68.33 - - [17/Jan/2025:23:18:51 -0500] "GET /mucusinljt.xml HTTP/1.1" 200 14668 "-" "Mozilla/5.0 (compatible; Googlebot/2.1; +http://www.google.com/bot.html)"
52.167.144.207 - - [17/Jan/2025:23:18:52 -0500] "GET /gvcpa/e2907045.html HTTP/1.1" 200 75259 "-" "Mozilla/5.0 AppleWebKit/537.36 (KHTML, like Gecko; compatible; bingbot/2.0; +http://www.bing.com/bingbot.htm) Chrome/116.0.1938.76 Safari/537.36"
20.15.133.161 - - [17/Jan/2025:23:18:55 -0500] "GET /robots.txt HTTP/1.1" 200 174 "-" "Mozilla/5.0 AppleWebKit/537.36 (KHTML, like Gecko; compatible; bingbot/2.0; +http://www.bing.com/bingbot.htm) Chrome/116.0.1938.76 Safari/537.36"
20.15.133.161 - - [17/Jan/2025:23:18:56 -0500] "GET /robots.txt HTTP/1.1" 200 174 "-" "Mozilla/5.0 AppleWebKit/537.36 (KHTML, like Gecko; compatible; bingbot/2.0; +http://www.bing.com/bingbot.htm) Chrome/116.0.1938.76 Safari/537.36"
52.167.144.207 - - [17/Jan/2025:23:19:03 -0500] "GET /oihim/u1403091.html HTTP/1.1" 200 69699 "-" "Mozilla/5.0 AppleWebKit/537.36 (KHTML, like Gecko; compatible; bingbot/2.0; +http://www.bing.com/bingbot.htm) Chrome/116.0.1938.76 Safari/537.36"
20.15.133.184 - - [17/Jan/2025:23:19:13 -0500] "GET /cptbo/e2394247.html HTTP/1.1" 200 69976 "-" "Mozilla/5.0 AppleWebKit/537.36 (KHTML, like Gecko; compatible; bingbot/2.0; +http://www.bing.com/bingbot.htm) Chrome/116.0.1938.76 Safari/537.36"
157.55.39.202 - - [17/Jan/2025:23:19:23 -0500] "GET /vtwze/j1248536.html HTTP/1.1" 200 68527 "-" "Mozilla/5.0 AppleWebKit/537.36 (KHTML, like Gecko; compatible; bingbot/2.0; +http://www.bing.com/bingbot.htm) Chrome/116.0.1938.76 Safari/537.36"
52.167.144.17 - - [17/Jan/2025:23:19:33 -0500] "GET /vkven/g2419937.html HTTP/1.1" 200 69893 "-" "Mozilla/5.0 AppleWebKit/537.36 (KHTML, like Gecko; compatible; bingbot/2.0; +http://www.bing.com/bingbot.htm) Chrome/116.0.1938.76 Safari/537.36"
52.167.144.146 - - [17/Jan/2025:23:20:14 -0500] "GET /gfigs/s1215395.html HTTP/1.1" 200 70177 "-" "Mozilla/5.0 AppleWebKit/537.36 (KHTML, like Gecko; compatible; bingbot/2.0; +http://www.bing.com/bingbot.htm) Chrome/116.0.1938.76 Safari/537.36"
66.249.79.36 - - [17/Jan/2025:23:20:17 -0500] "GET /kcfvk/r1558412.html HTTP/1.1" 200 68026 "-" "Mozilla/5.0 (Linux; Android 6.0.1; Nexus 5X Build/MMB29P) AppleWebKit/537.36 (KHTML, like Gecko) Chrome/132.0.6834.83 Mobile Safari/537.36 (compatible; Googlebot/2.1; +http://www.google.com/bot.html)"
157.55.39.202 - - [17/Jan/2025:23:20:19 -0500] "GET /peaeu/k2888773.html HTTP/1.1" 200 69379 "-" "Mozilla/5.0 AppleWebKit/537.36 (KHTML, like Gecko; compatible; bingbot/2.0; +http://www.bing.com/bingbot.htm) Chrome/116.0.1938.76 Safari/537.36"
40.77.167.67 - - [17/Jan/2025:23:20:25 -0500] "GET /bmzmf/e822521.html HTTP/1.1" 200 68771 "-" "Mozilla/5.0 AppleWebKit/537.36 (KHTML, like Gecko; compatible; bingbot/2.0; +http://www.bing.com/bingbot.htm) Chrome/116.0.1938.76 Safari/537.36"
52.167.144.17 - - [17/Jan/2025:23:20:53 -0500] "GET /htkls/s551199.html HTTP/1.1" 200 67597 "-" "Mozilla/5.0 AppleWebKit/537.36 (KHTML, like Gecko; compatible; bingbot/2.0; +http://www.bing.com/bingbot.htm) Chrome/116.0.1938.76 Safari/537.36"
40.77.167.67 - - [17/Jan/2025:23:21:02 -0500] "GET /rlebv/z546370.html HTTP/1.1" 200 67463 "-" "Mozilla/5.0 AppleWebKit/537.36 (KHTML, like Gecko; compatible; bingbot/2.0; +http://www.bing.com/bingbot.htm) Chrome/116.0.1938.76 Safari/537.36"
40.77.167.67 - - [17/Jan/2025:23:21:04 -0500] "GET /qwnfu/u2718431.html HTTP/1.1" 200 68796 "-" "Mozilla/5.0 AppleWebKit/537.36 (KHTML, like Gecko; compatible; bingbot/2.0; +http://www.bing.com/bingbot.htm) Chrome/116.0.1938.76 Safari/537.36"
52.167.144.17 - - [17/Jan/2025:23:21:25 -0500] "GET /dcbhn/v2169286.html HTTP/1.1" 200 70204 "-" "Mozilla/5.0 AppleWebKit/537.36 (KHTML, like Gecko; compatible; bingbot/2.0; +http://www.bing.com/bingbot.htm) Chrome/116.0.1938.76 Safari/537.36"
52.167.144.17 - - [17/Jan/2025:23:21:34 -0500] "GET /zvcka/w1444329.html HTTP/1.1" 200 70084 "-" "Mozilla/5.0 AppleWebKit/537.36 (KHTML, like Gecko; compatible; bingbot/2.0; +http://www.bing.com/bingbot.htm) Chrome/116.0.1938.76 Safari/537.36"
52.167.144.17 - - [17/Jan/2025:23:21:36 -0500] "GET /liocb/m1923733.html HTTP/1.1" 200 67756 "-" "Mozilla/5.0 AppleWebKit/537.36 (KHTML, like Gecko; compatible; bingbot/2.0; +http://www.bing.com/bingbot.htm) Chrome/116.0.1938.76 Safari/537.36"
157.55.39.202 - - [17/Jan/2025:23:21:43 -0500] "GET /dcimn/n2768006.html HTTP/1.1" 200 68729 "-" "Mozilla/5.0 AppleWebKit/537.36 (KHTML, like Gecko; compatible; bingbot/2.0; +http://www.bing.com/bingbot.htm) Chrome/116.0.1938.76 Safari/537.36"
40.77.167.22 - - [17/Jan/2025:23:21:47 -0500] "GET /azmmp/a2178521.html HTTP/1.1" 200 68671 "-" "Mozilla/5.0 AppleWebKit/537.36 (KHTML, like Gecko; compatible; bingbot/2.0; +http://www.bing.com/bingbot.htm) Chrome/116.0.1938.76 Safari/537.36"
40.77.167.22 - - [17/Jan/2025:23:21:49 -0500] "GET /tcnuj/a829355.html HTTP/1.1" 200 71244 "-" "Mozilla/5.0 AppleWebKit/537.36 (KHTML, like Gecko; compatible; bingbot/2.0; +http://www.bing.com/bingbot.htm) Chrome/116.0.1938.76 Safari/537.36"
40.77.167.22 - - [17/Jan/2025:23:21:51 -0500] "GET /ojkgg/n2307390.html HTTP/1.1" 200 68422 "-" "Mozilla/5.0 AppleWebKit/537.36 (KHTML, like Gecko; compatible; bingbot/2.0; +http://www.bing.com/bingbot.htm) Chrome/116.0.1938.76 Safari/537.36"
40.77.167.67 - - [17/Jan/2025:23:21:53 -0500] "GET /sjkrj/b2273032.html HTTP/1.1" 200 68021 "-" "Mozilla/5.0 AppleWebKit/537.36 (KHTML, like Gecko; compatible; bingbot/2.0; +http://www.bing.com/bingbot.htm) Chrome/116.0.1938.76 Safari/537.36"
157.55.39.193 - - [17/Jan/2025:23:22:04 -0500] "GET /kawpd/f1029092.html HTTP/1.1" 200 68694 "-" "Mozilla/5.0 AppleWebKit/537.36 (KHTML, like Gecko; compatible; bingbot/2.0; +http://www.bing.com/bingbot.htm) Chrome/116.0.1938.76 Safari/537.36"
52.167.144.17 - - [17/Jan/2025:23:22:06 -0500] "GET /liggs/t2525692.html HTTP/1.1" 200 67474 "-" "Mozilla/5.0 AppleWebKit/537.36 (KHTML, like Gecko; compatible; bingbot/2.0; +http://www.bing.com/bingbot.htm) Chrome/116.0.1938.76 Safari/537.36"
157.55.39.193 - - [17/Jan/2025:23:22:06 -0500] "GET /ormnz/a309017.html HTTP/1.1" 200 68836 "-" "Mozilla/5.0 AppleWebKit/537.36 (KHTML, like Gecko; compatible; bingbot/2.0; +http://www.bing.com/bingbot.htm) Chrome/116.0.1938.76 Safari/537.36"
66.249.79.161 - - [17/Jan/2025:23:22:10 -0500] "GET /kears/p2160882.html HTTP/1.1" 200 70210 "-" "Mozilla/5.0 (Linux; Android 6.0.1; Nexus 5X Build/MMB29P) AppleWebKit/537.36 (KHTML, like Gecko) Chrome/132.0.6834.83 Mobile Safari/537.36 (compatible; Googlebot/2.1; +http://www.google.com/bot.html)"
40.77.167.67 - - [17/Jan/2025:23:22:23 -0500] "GET /jsygy/n584474.html HTTP/1.1" 200 69647 "-" "Mozilla/5.0 AppleWebKit/537.36 (KHTML, like Gecko; compatible; bingbot/2.0; +http://www.bing.com/bingbot.htm) Chrome/116.0.1938.76 Safari/537.36"
40.77.167.67 - - [17/Jan/2025:23:22:24 -0500] "GET /qfxhl/n1857928.html HTTP/1.1" 200 68345 "-" "Mozilla/5.0 AppleWebKit/537.36 (KHTML, like Gecko; compatible; bingbot/2.0; +http://www.bing.com/bingbot.htm) Chrome/116.0.1938.76 Safari/537.36"
52.167.144.17 - - [17/Jan/2025:23:22:33 -0500] "GET /kuzpm/u2365663.html HTTP/1.1" 200 68840 "-" "Mozilla/5.0 AppleWebKit/537.36 (KHTML, like Gecko; compatible; bingbot/2.0; +http://www.bing.com/bingbot.htm) Chrome/116.0.1938.76 Safari/537.36"
40.77.167.22 - - [17/Jan/2025:23:22:44 -0500] "GET /ybbpg/u92717.html HTTP/1.1" 200 71188 "-" "Mozilla/5.0 AppleWebKit/537.36 (KHTML, like Gecko; compatible; bingbot/2.0; +http://www.bing.com/bingbot.htm) Chrome/116.0.1938.76 Safari/537.36"
52.167.144.17 - - [17/Jan/2025:23:23:03 -0500] "GET /kafek/m278453.html HTTP/1.1" 200 67660 "-" "Mozilla/5.0 AppleWebKit/537.36 (KHTML, like Gecko; compatible; bingbot/2.0; +http://www.bing.com/bingbot.htm) Chrome/116.0.1938.76 Safari/537.36"
157.55.39.193 - - [17/Jan/2025:23:23:14 -0500] "GET /viqgi/a2886371.html HTTP/1.1" 200 68950 "-" "Mozilla/5.0 AppleWebKit/537.36 (KHTML, like Gecko; compatible; bingbot/2.0; +http://www.bing.com/bingbot.htm) Chrome/116.0.1938.76 Safari/537.36"
40.77.167.67 - - [17/Jan/2025:23:23:22 -0500] "GET /etkcp/q723239.html HTTP/1.1" 200 68779 "-" "Mozilla/5.0 AppleWebKit/537.36 (KHTML, like Gecko; compatible; bingbot/2.0; +http://www.bing.com/bingbot.htm) Chrome/116.0.1938.76 Safari/537.36"
40.77.167.121 - - [17/Jan/2025:23:23:23 -0500] "GET /ychnv/l1641346.html HTTP/1.1" 200 67875 "-" "Mozilla/5.0 AppleWebKit/537.36 (KHTML, like Gecko; compatible; bingbot/2.0; +http://www.bing.com/bingbot.htm) Chrome/116.0.1938.76 Safari/537.36"
157.55.39.202 - - [17/Jan/2025:23:23:33 -0500] "GET /hpmtc/f1814994.html HTTP/1.1" 200 68980 "-" "Mozilla/5.0 AppleWebKit/537.36 (KHTML, like Gecko; compatible; bingbot/2.0; +http://www.bing.com/bingbot.htm) Chrome/116.0.1938.76 Safari/537.36"
66.249.68.64 - - [17/Jan/2025:23:23:34 -0500] "GET /apvut/y2891647.html HTTP/1.1" 200 69433 "-" "Mozilla/5.0 (Linux; Android 6.0.1; Nexus 5X Build/MMB29P) AppleWebKit/537.36 (KHTML, like Gecko) Chrome/132.0.6834.83 Mobile Safari/537.36 (compatible; Googlebot/2.1; +http://www.google.com/bot.html)"
52.167.144.17 - - [17/Jan/2025:23:23:45 -0500] "GET /tugcg/b2216326.html HTTP/1.1" 200 68718 "-" "Mozilla/5.0 AppleWebKit/537.36 (KHTML, like Gecko; compatible; bingbot/2.0; +http://www.bing.com/bingbot.htm) Chrome/116.0.1938.76 Safari/537.36"
52.167.144.17 - - [17/Jan/2025:23:23:48 -0500] "GET /bxwcx/s376505.html HTTP/1.1" 200 67953 "-" "Mozilla/5.0 AppleWebKit/537.36 (KHTML, like Gecko; compatible; bingbot/2.0; +http://www.bing.com/bingbot.htm) Chrome/116.0.1938.76 Safari/537.36"
66.249.79.35 - - [17/Jan/2025:23:24:03 -0500] "GET /lcxgu/w2131795.html HTTP/1.1" 200 68005 "-" "Mozilla/5.0 (Linux; Android 6.0.1; Nexus 5X Build/MMB29P) AppleWebKit/537.36 (KHTML, like Gecko) Chrome/132.0.6834.83 Mobile Safari/537.36 (compatible; Googlebot/2.1; +http://www.google.com/bot.html)"
40.77.167.22 - - [17/Jan/2025:23:24:23 -0500] "GET /bzwcm/y848983.html HTTP/1.1" 200 69372 "-" "Mozilla/5.0 AppleWebKit/537.36 (KHTML, like Gecko; compatible; bingbot/2.0; +http://www.bing.com/bingbot.htm) Chrome/116.0.1938.76 Safari/537.36"
40.77.167.22 - - [17/Jan/2025:23:24:24 -0500] "GET /opynm/z300982.html HTTP/1.1" 200 69765 "-" "Mozilla/5.0 AppleWebKit/537.36 (KHTML, like Gecko; compatible; bingbot/2.0; +http://www.bing.com/bingbot.htm) Chrome/116.0.1938.76 Safari/537.36"
157.55.39.202 - - [17/Jan/2025:23:24:27 -0500] "GET /jvjta/a1690111.html HTTP/1.1" 200 70006 "-" "Mozilla/5.0 AppleWebKit/537.36 (KHTML, like Gecko; compatible; bingbot/2.0; +http://www.bing.com/bingbot.htm) Chrome/116.0.1938.76 Safari/537.36"
40.77.167.67 - - [17/Jan/2025:23:24:43 -0500] "GET /llnme/p660708.html HTTP/1.1" 200 67916 "-" "Mozilla/5.0 AppleWebKit/537.36 (KHTML, like Gecko; compatible; bingbot/2.0; +http://www.bing.com/bingbot.htm) Chrome/116.0.1938.76 Safari/537.36"
157.55.39.193 - - [17/Jan/2025:23:24:53 -0500] "GET /mrkap/o1936995.html HTTP/1.1" 200 68257 "-" "Mozilla/5.0 AppleWebKit/537.36 (KHTML, like Gecko; compatible; bingbot/2.0; +http://www.bing.com/bingbot.htm) Chrome/116.0.1938.76 Safari/537.36"
157.55.39.193 - - [17/Jan/2025:23:24:55 -0500] "GET /gylmc/f2361956.html HTTP/1.1" 200 70569 "-" "Mozilla/5.0 AppleWebKit/537.36 (KHTML, like Gecko; compatible; bingbot/2.0; +http://www.bing.com/bingbot.htm) Chrome/116.0.1938.76 Safari/537.36"
40.77.167.121 - - [17/Jan/2025:23:25:04 -0500] "GET /iatop/b920070.html HTTP/1.1" 200 69285 "-" "Mozilla/5.0 AppleWebKit/537.36 (KHTML, like Gecko; compatible; bingbot/2.0; +http://www.bing.com/bingbot.htm) Chrome/116.0.1938.76 Safari/537.36"
52.167.144.17 - - [17/Jan/2025:23:25:05 -0500] "GET /ahpxk/r2412044.html HTTP/1.1" 200 68666 "-" "Mozilla/5.0 AppleWebKit/537.36 (KHTML, like Gecko; compatible; bingbot/2.0; +http://www.bing.com/bingbot.htm) Chrome/116.0.1938.76 Safari/537.36"
40.77.167.121 - - [17/Jan/2025:23:25:33 -0500] "GET /vtmxz/r2433026.html HTTP/1.1" 200 68723 "-" "Mozilla/5.0 AppleWebKit/537.36 (KHTML, like Gecko; compatible; bingbot/2.0; +http://www.bing.com/bingbot.htm) Chrome/116.0.1938.76 Safari/537.36"
40.77.167.22 - - [17/Jan/2025:23:25:44 -0500] "GET /twchf/u1067249.html HTTP/1.1" 200 68266 "-" "Mozilla/5.0 AppleWebKit/537.36 (KHTML, like Gecko; compatible; bingbot/2.0; +http://www.bing.com/bingbot.htm) Chrome/116.0.1938.76 Safari/537.36"
52.167.144.17 - - [17/Jan/2025:23:25:55 -0500] "GET /reilz/z688252.html HTTP/1.1" 200 70955 "-" "Mozilla/5.0 AppleWebKit/537.36 (KHTML, like Gecko; compatible; bingbot/2.0; +http://www.bing.com/bingbot.htm) Chrome/116.0.1938.76 Safari/537.36"
157.55.39.193 - - [17/Jan/2025:23:26:04 -0500] "GET /qoqfl/r2408612.html HTTP/1.1" 200 69348 "-" "Mozilla/5.0 AppleWebKit/537.36 (KHTML, like Gecko; compatible; bingbot/2.0; +http://www.bing.com/bingbot.htm) Chrome/116.0.1938.76 Safari/537.36"
40.77.167.22 - - [17/Jan/2025:23:26:05 -0500] "GET /lenvm/q734159.html HTTP/1.1" 200 69086 "-" "Mozilla/5.0 AppleWebKit/537.36 (KHTML, like Gecko; compatible; bingbot/2.0; +http://www.bing.com/bingbot.htm) Chrome/116.0.1938.76 Safari/537.36"
157.55.39.202 - - [17/Jan/2025:23:26:13 -0500] "GET /rhtow/p300972.html HTTP/1.1" 200 68931 "-" "Mozilla/5.0 AppleWebKit/537.36 (KHTML, like Gecko; compatible; bingbot/2.0; +http://www.bing.com/bingbot.htm) Chrome/116.0.1938.76 Safari/537.36"
157.55.39.193 - - [17/Jan/2025:23:26:14 -0500] "GET /dtqnz/y2364419.html HTTP/1.1" 200 69908 "-" "Mozilla/5.0 AppleWebKit/537.36 (KHTML, like Gecko; compatible; bingbot/2.0; +http://www.bing.com/bingbot.htm) Chrome/116.0.1938.76 Safari/537.36"
40.77.167.67 - - [17/Jan/2025:23:26:17 -0500] "GET /jsomw/n1137312.html HTTP/1.1" 200 68362 "-" "Mozilla/5.0 AppleWebKit/537.36 (KHTML, like Gecko; compatible; bingbot/2.0; +http://www.bing.com/bingbot.htm) Chrome/116.0.1938.76 Safari/537.36"
40.77.167.67 - - [17/Jan/2025:23:26:19 -0500] "GET /bfsqx/t1869010.html HTTP/1.1" 200 68575 "-" "Mozilla/5.0 AppleWebKit/537.36 (KHTML, like Gecko; compatible; bingbot/2.0; +http://www.bing.com/bingbot.htm) Chrome/116.0.1938.76 Safari/537.36"
157.55.39.202 - - [17/Jan/2025:23:26:42 -0500] "GET /npdsi/n1565402.html HTTP/1.1" 200 68695 "-" "Mozilla/5.0 AppleWebKit/537.36 (KHTML, like Gecko; compatible; bingbot/2.0; +http://www.bing.com/bingbot.htm) Chrome/116.0.1938.76 Safari/537.36"
52.167.144.17 - - [17/Jan/2025:23:26:46 -0500] "GET /zxnql/z1868236.html HTTP/1.1" 200 68730 "-" "Mozilla/5.0 AppleWebKit/537.36 (KHTML, like Gecko; compatible; bingbot/2.0; +http://www.bing.com/bingbot.htm) Chrome/116.0.1938.76 Safari/537.36"
40.77.167.121 - - [17/Jan/2025:23:26:46 -0500] "GET /rsjxi/x2979552.html HTTP/1.1" 200 69889 "-" "Mozilla/5.0 AppleWebKit/537.36 (KHTML, like Gecko; compatible; bingbot/2.0; +http://www.bing.com/bingbot.htm) Chrome/116.0.1938.76 Safari/537.36"
52.167.144.17 - - [17/Jan/2025:23:26:53 -0500] "GET /gwrme/n2566636.html HTTP/1.1" 200 69232 "-" "Mozilla/5.0 AppleWebKit/537.36 (KHTML, like Gecko; compatible; bingbot/2.0; +http://www.bing.com/bingbot.htm) Chrome/116.0.1938.76 Safari/537.36"
40.77.167.22 - - [17/Jan/2025:23:27:13 -0500] "GET /sarjc/g2137655.html HTTP/1.1" 200 70019 "-" "Mozilla/5.0 AppleWebKit/537.36 (KHTML, like Gecko; compatible; bingbot/2.0; +http://www.bing.com/bingbot.htm) Chrome/116.0.1938.76 Safari/537.36"
40.77.167.22 - - [17/Jan/2025:23:27:16 -0500] "GET /gliab/g2689349.html HTTP/1.1" 200 71099 "-" "Mozilla/5.0 AppleWebKit/537.36 (KHTML, like Gecko; compatible; bingbot/2.0; +http://www.bing.com/bingbot.htm) Chrome/116.0.1938.76 Safari/537.36"
66.249.79.35 - - [17/Jan/2025:23:27:18 -0500] "GET /wcxyj/a2685183.html HTTP/1.1" 200 67169 "-" "Mozilla/5.0 (Linux; Android 6.0.1; Nexus 5X Build/MMB29P) AppleWebKit/537.36 (KHTML, like Gecko) Chrome/132.0.6834.83 Mobile Safari/537.36 (compatible; Googlebot/2.1; +http://www.google.com/bot.html)"
157.55.39.193 - - [17/Jan/2025:23:27:21 -0500] "GET /pbwiq/v3012934.html HTTP/1.1" 200 66731 "-" "Mozilla/5.0 AppleWebKit/537.36 (KHTML, like Gecko; compatible; bingbot/2.0; +http://www.bing.com/bingbot.htm) Chrome/116.0.1938.76 Safari/537.36"
157.55.39.193 - - [17/Jan/2025:23:27:24 -0500] "GET /ctptv/b2303816.html HTTP/1.1" 200 67930 "-" "Mozilla/5.0 AppleWebKit/537.36 (KHTML, like Gecko; compatible; bingbot/2.0; +http://www.bing.com/bingbot.htm) Chrome/116.0.1938.76 Safari/537.36"
66.29.132.124 - - [17/Jan/2025:23:27:35 -0500] "POST /wp-cron.php?doing_wp_cron=1737174455.8343999385833740234375 HTTP/1.1" 200 0 "-" "WordPress/6.7.1; https://diixadigital.com"
185.191.171.17 - - [17/Jan/2025:23:27:35 -0500] "GET /diixa_faqs/can-diixa-digital-help-with-website-design-and-development/ HTTP/1.1" 200 17287 "-" "Mozilla/5.0 (compatible; SemrushBot/7~bl; +http://www.semrush.com/bot.html)"
66.29.132.124 - - [17/Jan/2025:23:27:36 -0500] "POST /wp-admin/admin-ajax.php?action=async_litespeed&nonce=PwjjTj0dtt1CcEK9V2giw1Ah9ZfIhEDk&litespeed_type=imgoptm HTTP/1.1" 200 21 "-" "WordPress/6.7.1; https://diixadigital.com"
66.249.79.35 - - [17/Jan/2025:23:27:52 -0500] "GET /cffer/z403136.html HTTP/1.1" 200 69067 "-" "Mozilla/5.0 (Linux; Android 6.0.1; Nexus 5X Build/MMB29P) AppleWebKit/537.36 (KHTML, like Gecko) Chrome/132.0.6834.83 Mobile Safari/537.36 (compatible; Googlebot/2.1; +http://www.google.com/bot.html)"
157.55.39.193 - - [17/Jan/2025:23:28:33 -0500] "GET /nkjtg/n2490534.html HTTP/1.1" 200 70386 "-" "Mozilla/5.0 AppleWebKit/537.36 (KHTML, like Gecko; compatible; bingbot/2.0; +http://www.bing.com/bingbot.htm) Chrome/116.0.1938.76 Safari/537.36"
40.77.167.121 - - [17/Jan/2025:23:28:34 -0500] "GET /lxhgc/n1109570.html HTTP/1.1" 200 68400 "-" "Mozilla/5.0 AppleWebKit/537.36 (KHTML, like Gecko; compatible; bingbot/2.0; +http://www.bing.com/bingbot.htm) Chrome/116.0.1938.76 Safari/537.36"
52.167.144.17 - - [17/Jan/2025:23:28:45 -0500] "GET /tylgw/s1417103.html HTTP/1.1" 200 69070 "-" "Mozilla/5.0 AppleWebKit/537.36 (KHTML, like Gecko; compatible; bingbot/2.0; +http://www.bing.com/bingbot.htm) Chrome/116.0.1938.76 Safari/537.36"
157.55.39.202 - - [17/Jan/2025:23:28:53 -0500] "GET /ofkyr/b2524348.html HTTP/1.1" 200 68722 "-" "Mozilla/5.0 AppleWebKit/537.36 (KHTML, like Gecko; compatible; bingbot/2.0; +http://www.bing.com/bingbot.htm) Chrome/116.0.1938.76 Safari/537.36"
40.77.167.67 - - [17/Jan/2025:23:28:53 -0500] "GET /pcmwh/o1881147.html HTTP/1.1" 200 68441 "-" "Mozilla/5.0 AppleWebKit/537.36 (KHTML, like Gecko; compatible; bingbot/2.0; +http://www.bing.com/bingbot.htm) Chrome/116.0.1938.76 Safari/537.36"
157.55.39.193 - - [17/Jan/2025:23:29:23 -0500] "GET /zxclt/k2135371.html HTTP/1.1" 200 67967 "-" "Mozilla/5.0 AppleWebKit/537.36 (KHTML, like Gecko; compatible; bingbot/2.0; +http://www.bing.com/bingbot.htm) Chrome/116.0.1938.76 Safari/537.36"
40.77.167.121 - - [17/Jan/2025:23:29:23 -0500] "GET /zcbso/c2543147.html HTTP/1.1" 200 68765 "-" "Mozilla/5.0 AppleWebKit/537.36 (KHTML, like Gecko; compatible; bingbot/2.0; +http://www.bing.com/bingbot.htm) Chrome/116.0.1938.76 Safari/537.36"
66.249.68.34 - - [17/Jan/2025:23:29:41 -0500] "GET /iyudx/c2857929.html HTTP/1.1" 200 68293 "-" "Mozilla/5.0 (compatible; Googlebot/2.1; +http://www.google.com/bot.html)"
52.167.144.17 - - [17/Jan/2025:23:29:46 -0500] "GET /ctgok/r2664270.html HTTP/1.1" 200 68946 "-" "Mozilla/5.0 AppleWebKit/537.36 (KHTML, like Gecko; compatible; bingbot/2.0; +http://www.bing.com/bingbot.htm) Chrome/116.0.1938.76 Safari/537.36"
157.55.39.193 - - [17/Jan/2025:23:29:54 -0500] "GET /qzipa/x1898004.html HTTP/1.1" 200 69757 "-" "Mozilla/5.0 AppleWebKit/537.36 (KHTML, like Gecko; compatible; bingbot/2.0; +http://www.bing.com/bingbot.htm) Chrome/116.0.1938.76 Safari/537.36"
40.77.167.121 - - [17/Jan/2025:23:29:54 -0500] "GET /paxok/l2811294.html HTTP/1.1" 200 68748 "-" "Mozilla/5.0 AppleWebKit/537.36 (KHTML, like Gecko; compatible; bingbot/2.0; +http://www.bing.com/bingbot.htm) Chrome/116.0.1938.76 Safari/537.36"
66.249.79.105 - - [17/Jan/2025:23:30:04 -0500] "GET /sinonismllc.xml HTTP/1.1" 200 14697 "-" "Mozilla/5.0 (compatible; Googlebot/2.1; +http://www.google.com/bot.html)"
157.55.39.202 - - [17/Jan/2025:23:30:04 -0500] "GET /ulgsf/l381984.html HTTP/1.1" 200 67622 "-" "Mozilla/5.0 AppleWebKit/537.36 (KHTML, like Gecko; compatible; bingbot/2.0; +http://www.bing.com/bingbot.htm) Chrome/116.0.1938.76 Safari/537.36"
40.77.167.22 - - [17/Jan/2025:23:30:16 -0500] "GET /qqdze/x1323248.html HTTP/1.1" 200 69252 "-" "Mozilla/5.0 AppleWebKit/537.36 (KHTML, like Gecko; compatible; bingbot/2.0; +http://www.bing.com/bingbot.htm) Chrome/116.0.1938.76 Safari/537.36"
157.55.39.196 - - [17/Jan/2025:23:31:22 -0500] "GET /yqife/q2498259.html HTTP/1.1" 200 69493 "-" "Mozilla/5.0 AppleWebKit/537.36 (KHTML, like Gecko; compatible; bingbot/2.0; +http://www.bing.com/bingbot.htm) Chrome/116.0.1938.76 Safari/537.36"
157.55.39.63 - - [17/Jan/2025:23:31:32 -0500] "GET /zwcca/m713511.html HTTP/1.1" 200 71426 "-" "Mozilla/5.0 AppleWebKit/537.36 (KHTML, like Gecko; compatible; bingbot/2.0; +http://www.bing.com/bingbot.htm) Chrome/116.0.1938.76 Safari/537.36"
52.167.144.17 - - [17/Jan/2025:23:31:34 -0500] "GET /oslku/d1802876.html HTTP/1.1" 200 68192 "-" "Mozilla/5.0 AppleWebKit/537.36 (KHTML, like Gecko; compatible; bingbot/2.0; +http://www.bing.com/bingbot.htm) Chrome/116.0.1938.76 Safari/537.36"
52.167.144.17 - - [17/Jan/2025:23:31:36 -0500] "GET /vxdkp/n1919444.html HTTP/1.1" 200 69167 "-" "Mozilla/5.0 AppleWebKit/537.36 (KHTML, like Gecko; compatible; bingbot/2.0; +http://www.bing.com/bingbot.htm) Chrome/116.0.1938.76 Safari/537.36"
40.77.167.67 - - [17/Jan/2025:23:31:44 -0500] "GET /qvcrm/s247233.html HTTP/1.1" 200 67800 "-" "Mozilla/5.0 AppleWebKit/537.36 (KHTML, like Gecko; compatible; bingbot/2.0; +http://www.bing.com/bingbot.htm) Chrome/116.0.1938.76 Safari/537.36"
40.77.167.67 - - [17/Jan/2025:23:31:46 -0500] "GET /tnyph/b2881692.html HTTP/1.1" 200 67512 "-" "Mozilla/5.0 AppleWebKit/537.36 (KHTML, like Gecko; compatible; bingbot/2.0; +http://www.bing.com/bingbot.htm) Chrome/116.0.1938.76 Safari/537.36"
40.77.167.4 - - [17/Jan/2025:23:32:04 -0500] "GET /eizba/n2988460.html HTTP/1.1" 200 71887 "-" "Mozilla/5.0 AppleWebKit/537.36 (KHTML, like Gecko; compatible; bingbot/2.0; +http://www.bing.com/bingbot.htm) Chrome/116.0.1938.76 Safari/537.36"
40.77.167.4 - - [17/Jan/2025:23:32:07 -0500] "GET /kzjqg/x562254.html HTTP/1.1" 200 70882 "-" "Mozilla/5.0 AppleWebKit/537.36 (KHTML, like Gecko; compatible; bingbot/2.0; +http://www.bing.com/bingbot.htm) Chrome/116.0.1938.76 Safari/537.36"
157.55.39.196 - - [17/Jan/2025:23:32:24 -0500] "GET /mhees/m122505.html HTTP/1.1" 200 67128 "-" "Mozilla/5.0 AppleWebKit/537.36 (KHTML, like Gecko; compatible; bingbot/2.0; +http://www.bing.com/bingbot.htm) Chrome/116.0.1938.76 Safari/537.36"
157.55.39.196 - - [17/Jan/2025:23:32:28 -0500] "GET /lystm/d2521100.html HTTP/1.1" 200 68919 "-" "Mozilla/5.0 AppleWebKit/537.36 (KHTML, like Gecko; compatible; bingbot/2.0; +http://www.bing.com/bingbot.htm) Chrome/116.0.1938.76 Safari/537.36"
40.77.167.68 - - [17/Jan/2025:23:32:36 -0500] "GET /bzipq/v2154700.html HTTP/1.1" 200 69395 "-" "Mozilla/5.0 AppleWebKit/537.36 (KHTML, like Gecko; compatible; bingbot/2.0; +http://www.bing.com/bingbot.htm) Chrome/116.0.1938.76 Safari/537.36"
157.55.39.196 - - [17/Jan/2025:23:32:53 -0500] "GET /ryetb/d2153096.html HTTP/1.1" 200 68153 "-" "Mozilla/5.0 AppleWebKit/537.36 (KHTML, like Gecko; compatible; bingbot/2.0; +http://www.bing.com/bingbot.htm) Chrome/116.0.1938.76 Safari/537.36"
40.77.167.75 - - [17/Jan/2025:23:32:54 -0500] "GET /civqv/t2918396.html HTTP/1.1" 200 68146 "-" "Mozilla/5.0 AppleWebKit/537.36 (KHTML, like Gecko; compatible; bingbot/2.0; +http://www.bing.com/bingbot.htm) Chrome/116.0.1938.76 Safari/537.36"
40.77.167.68 - - [17/Jan/2025:23:32:55 -0500] "GET /jjckc/t3035656.html HTTP/1.1" 200 67388 "-" "Mozilla/5.0 AppleWebKit/537.36 (KHTML, like Gecko; compatible; bingbot/2.0; +http://www.bing.com/bingbot.htm) Chrome/116.0.1938.76 Safari/537.36"
157.55.39.196 - - [17/Jan/2025:23:32:57 -0500] "GET /nzone/a2010405.html HTTP/1.1" 200 68422 "-" "Mozilla/5.0 AppleWebKit/537.36 (KHTML, like Gecko; compatible; bingbot/2.0; +http://www.bing.com/bingbot.htm) Chrome/116.0.1938.76 Safari/537.36"
40.77.167.75 - - [17/Jan/2025:23:33:03 -0500] "GET /cpppj/x2865100.html HTTP/1.1" 200 69209 "-" "Mozilla/5.0 AppleWebKit/537.36 (KHTML, like Gecko; compatible; bingbot/2.0; +http://www.bing.com/bingbot.htm) Chrome/116.0.1938.76 Safari/537.36"
40.77.167.67 - - [17/Jan/2025:23:33:13 -0500] "GET /ceyap/d2945628.html HTTP/1.1" 200 72412 "-" "Mozilla/5.0 AppleWebKit/537.36 (KHTML, like Gecko; compatible; bingbot/2.0; +http://www.bing.com/bingbot.htm) Chrome/116.0.1938.76 Safari/537.36"
40.77.167.67 - - [17/Jan/2025:23:33:33 -0500] "GET /cxolo/u2065077.html HTTP/1.1" 200 69702 "-" "Mozilla/5.0 AppleWebKit/537.36 (KHTML, like Gecko; compatible; bingbot/2.0; +http://www.bing.com/bingbot.htm) Chrome/116.0.1938.76 Safari/537.36"
40.77.167.68 - - [17/Jan/2025:23:33:37 -0500] "GET /wecpj/i2710203.html HTTP/1.1" 200 67809 "-" "Mozilla/5.0 AppleWebKit/537.36 (KHTML, like Gecko; compatible; bingbot/2.0; +http://www.bing.com/bingbot.htm) Chrome/116.0.1938.76 Safari/537.36"
40.77.167.75 - - [17/Jan/2025:23:33:44 -0500] "GET /pstmk/h1347490.html HTTP/1.1" 200 68403 "-" "Mozilla/5.0 AppleWebKit/537.36 (KHTML, like Gecko; compatible; bingbot/2.0; +http://www.bing.com/bingbot.htm) Chrome/116.0.1938.76 Safari/537.36"
66.29.132.124 - - [17/Jan/2025:23:34:03 -0500] "POST /wp-cron.php?doing_wp_cron=1737174843.2789878845214843750000 HTTP/1.1" 200 0 "-" "WordPress/6.7.1; https://diixadigital.com"
54.36.149.16 - - [17/Jan/2025:23:34:01 -0500] "GET /shop/feed/ HTTP/1.1" 200 656 "-" "Mozilla/5.0 (compatible; AhrefsBot/7.0; +http://ahrefs.com/robot/)"
66.29.132.124 - - [17/Jan/2025:23:34:04 -0500] "POST /wp-admin/admin-ajax.php?action=async_litespeed&nonce=qtbjis3JFOGdGb2YhBlwlIMclguZdUy0&litespeed_type=imgoptm HTTP/1.1" 200 0 "-" "WordPress/6.7.1; https://diixadigital.com"
40.77.167.67 - - [17/Jan/2025:23:34:25 -0500] "GET /ecivz/b2662304.html HTTP/1.1" 200 68784 "-" "Mozilla/5.0 AppleWebKit/537.36 (KHTML, like Gecko; compatible; bingbot/2.0; +http://www.bing.com/bingbot.htm) Chrome/116.0.1938.76 Safari/537.36"
40.77.167.67 - - [17/Jan/2025:23:34:28 -0500] "GET /qbukq/l2039484.html HTTP/1.1" 200 70268 "-" "Mozilla/5.0 AppleWebKit/537.36 (KHTML, like Gecko; compatible; bingbot/2.0; +http://www.bing.com/bingbot.htm) Chrome/116.0.1938.76 Safari/537.36"
40.77.167.68 - - [17/Jan/2025:23:34:46 -0500] "GET /znmuh/q660527.html HTTP/1.1" 200 70811 "-" "Mozilla/5.0 AppleWebKit/537.36 (KHTML, like Gecko; compatible; bingbot/2.0; +http://www.bing.com/bingbot.htm) Chrome/116.0.1938.76 Safari/537.36"
157.55.39.63 - - [17/Jan/2025:23:35:05 -0500] "GET /prcwv/s1589483.html HTTP/1.1" 200 67332 "-" "Mozilla/5.0 AppleWebKit/537.36 (KHTML, like Gecko; compatible; bingbot/2.0; +http://www.bing.com/bingbot.htm) Chrome/116.0.1938.76 Safari/537.36"
40.77.167.68 - - [17/Jan/2025:23:35:05 -0500] "GET /bmppt/g138281.html HTTP/1.1" 200 69998 "-" "Mozilla/5.0 AppleWebKit/537.36 (KHTML, like Gecko; compatible; bingbot/2.0; +http://www.bing.com/bingbot.htm) Chrome/116.0.1938.76 Safari/537.36"
157.55.39.196 - - [17/Jan/2025:23:35:14 -0500] "GET /kavzg/h2490242.html HTTP/1.1" 200 68985 "-" "Mozilla/5.0 AppleWebKit/537.36 (KHTML, like Gecko; compatible; bingbot/2.0; +http://www.bing.com/bingbot.htm) Chrome/116.0.1938.76 Safari/537.36"
40.77.167.4 - - [17/Jan/2025:23:35:19 -0500] "GET /iwdis/o1990581.html HTTP/1.1" 200 67570 "-" "Mozilla/5.0 AppleWebKit/537.36 (KHTML, like Gecko; compatible; bingbot/2.0; +http://www.bing.com/bingbot.htm) Chrome/116.0.1938.76 Safari/537.36"
40.77.167.75 - - [17/Jan/2025:23:35:55 -0500] "GET /gkytj/n1563764.html HTTP/1.1" 200 71884 "-" "Mozilla/5.0 AppleWebKit/537.36 (KHTML, like Gecko; compatible; bingbot/2.0; +http://www.bing.com/bingbot.htm) Chrome/116.0.1938.76 Safari/537.36"
157.55.39.196 - - [17/Jan/2025:23:36:03 -0500] "GET /zwdka/d1169464.html HTTP/1.1" 200 68020 "-" "Mozilla/5.0 AppleWebKit/537.36 (KHTML, like Gecko; compatible; bingbot/2.0; +http://www.bing.com/bingbot.htm) Chrome/116.0.1938.76 Safari/537.36"
40.77.167.68 - - [17/Jan/2025:23:36:06 -0500] "GET /pbhyc/d338140.html HTTP/1.1" 200 70135 "-" "Mozilla/5.0 AppleWebKit/537.36 (KHTML, like Gecko; compatible; bingbot/2.0; +http://www.bing.com/bingbot.htm) Chrome/116.0.1938.76 Safari/537.36"
40.77.167.67 - - [17/Jan/2025:23:36:07 -0500] "GET /eswxs/w3030199.html HTTP/1.1" 200 67941 "-" "Mozilla/5.0 AppleWebKit/537.36 (KHTML, like Gecko; compatible; bingbot/2.0; +http://www.bing.com/bingbot.htm) Chrome/116.0.1938.76 Safari/537.36"
157.55.39.63 - - [17/Jan/2025:23:36:14 -0500] "GET /qcswi/g649805.html HTTP/1.1" 200 68186 "-" "Mozilla/5.0 AppleWebKit/537.36 (KHTML, like Gecko; compatible; bingbot/2.0; +http://www.bing.com/bingbot.htm) Chrome/116.0.1938.76 Safari/537.36"
157.55.39.196 - - [17/Jan/2025:23:36:15 -0500] "GET /izmeg/t2023060.html HTTP/1.1" 200 68970 "-" "Mozilla/5.0 AppleWebKit/537.36 (KHTML, like Gecko; compatible; bingbot/2.0; +http://www.bing.com/bingbot.htm) Chrome/116.0.1938.76 Safari/537.36"
157.55.39.196 - - [17/Jan/2025:23:36:17 -0500] "GET /jsesq/h2273818.html HTTP/1.1" 200 67973 "-" "Mozilla/5.0 AppleWebKit/537.36 (KHTML, like Gecko; compatible; bingbot/2.0; +http://www.bing.com/bingbot.htm) Chrome/116.0.1938.76 Safari/537.36"
40.77.167.68 - - [17/Jan/2025:23:36:18 -0500] "GET /vhdoj/y2453625.html HTTP/1.1" 200 70607 "-" "Mozilla/5.0 AppleWebKit/537.36 (KHTML, like Gecko; compatible; bingbot/2.0; +http://www.bing.com/bingbot.htm) Chrome/116.0.1938.76 Safari/537.36"
40.77.167.68 - - [17/Jan/2025:23:36:20 -0500] "GET /sqvvf/n2635822.html HTTP/1.1" 200 68203 "-" "Mozilla/5.0 AppleWebKit/537.36 (KHTML, like Gecko; compatible; bingbot/2.0; +http://www.bing.com/bingbot.htm) Chrome/116.0.1938.76 Safari/537.36"
157.55.39.196 - - [17/Jan/2025:23:36:24 -0500] "GET /sesor/j2280970.html HTTP/1.1" 200 68988 "-" "Mozilla/5.0 AppleWebKit/537.36 (KHTML, like Gecko; compatible; bingbot/2.0; +http://www.bing.com/bingbot.htm) Chrome/116.0.1938.76 Safari/537.36"
157.55.39.63 - - [17/Jan/2025:23:36:32 -0500] "GET /omorq/l161322.html HTTP/1.1" 200 70573 "-" "Mozilla/5.0 AppleWebKit/537.36 (KHTML, like Gecko; compatible; bingbot/2.0; +http://www.bing.com/bingbot.htm) Chrome/116.0.1938.76 Safari/537.36"
157.55.39.63 - - [17/Jan/2025:23:37:13 -0500] "GET /qihun/g670033.html HTTP/1.1" 200 69537 "-" "Mozilla/5.0 AppleWebKit/537.36 (KHTML, like Gecko; compatible; bingbot/2.0; +http://www.bing.com/bingbot.htm) Chrome/116.0.1938.76 Safari/537.36"
157.55.39.196 - - [17/Jan/2025:23:37:24 -0500] "GET /tojfc/m2552985.html HTTP/1.1" 200 68562 "-" "Mozilla/5.0 AppleWebKit/537.36 (KHTML, like Gecko; compatible; bingbot/2.0; +http://www.bing.com/bingbot.htm) Chrome/116.0.1938.76 Safari/537.36"
157.55.39.196 - - [17/Jan/2025:23:37:29 -0500] "GET /rtvev/u136137.html HTTP/1.1" 200 69660 "-" "Mozilla/5.0 AppleWebKit/537.36 (KHTML, like Gecko; compatible; bingbot/2.0; +http://www.bing.com/bingbot.htm) Chrome/116.0.1938.76 Safari/537.36"
40.77.167.67 - - [17/Jan/2025:23:37:54 -0500] "GET /jkwgl/i2439023.html HTTP/1.1" 200 68514 "-" "Mozilla/5.0 AppleWebKit/537.36 (KHTML, like Gecko; compatible; bingbot/2.0; +http://www.bing.com/bingbot.htm) Chrome/116.0.1938.76 Safari/537.36"
157.55.39.196 - - [17/Jan/2025:23:38:05 -0500] "GET /gtiqm/c1378477.html HTTP/1.1" 200 68289 "-" "Mozilla/5.0 AppleWebKit/537.36 (KHTML, like Gecko; compatible; bingbot/2.0; +http://www.bing.com/bingbot.htm) Chrome/116.0.1938.76 Safari/537.36"
40.77.167.75 - - [17/Jan/2025:23:38:05 -0500] "GET /gzlwk/b2164768.html HTTP/1.1" 200 69174 "-" "Mozilla/5.0 AppleWebKit/537.36 (KHTML, like Gecko; compatible; bingbot/2.0; +http://www.bing.com/bingbot.htm) Chrome/116.0.1938.76 Safari/537.36"
40.77.167.68 - - [17/Jan/2025:23:38:36 -0500] "GET /kgxil/s2694431.html HTTP/1.1" 200 68307 "-" "Mozilla/5.0 AppleWebKit/537.36 (KHTML, like Gecko; compatible; bingbot/2.0; +http://www.bing.com/bingbot.htm) Chrome/116.0.1938.76 Safari/537.36"
40.77.167.68 - - [17/Jan/2025:23:38:55 -0500] "GET /seumq/r2044456.html HTTP/1.1" 200 70465 "-" "Mozilla/5.0 AppleWebKit/537.36 (KHTML, like Gecko; compatible; bingbot/2.0; +http://www.bing.com/bingbot.htm) Chrome/116.0.1938.76 Safari/537.36"
157.55.39.196 - - [17/Jan/2025:23:39:03 -0500] "GET /pkkpx/f1931760.html HTTP/1.1" 200 69257 "-" "Mozilla/5.0 AppleWebKit/537.36 (KHTML, like Gecko; compatible; bingbot/2.0; +http://www.bing.com/bingbot.htm) Chrome/116.0.1938.76 Safari/537.36"
157.55.39.196 - - [17/Jan/2025:23:39:04 -0500] "GET /yxxed/s2246451.html HTTP/1.1" 200 69369 "-" "Mozilla/5.0 AppleWebKit/537.36 (KHTML, like Gecko; compatible; bingbot/2.0; +http://www.bing.com/bingbot.htm) Chrome/116.0.1938.76 Safari/537.36"
40.77.167.67 - - [17/Jan/2025:23:39:07 -0500] "GET /srckz/n2956350.html HTTP/1.1" 200 68491 "-" "Mozilla/5.0 AppleWebKit/537.36 (KHTML, like Gecko; compatible; bingbot/2.0; +http://www.bing.com/bingbot.htm) Chrome/116.0.1938.76 Safari/537.36"
66.249.79.195 - - [17/Jan/2025:23:39:10 -0500] "GET /tcmio/t339690.html HTTP/1.1" 200 67649 "-" "Mozilla/5.0 (Linux; Android 6.0.1; Nexus 5X Build/MMB29P) AppleWebKit/537.36 (KHTML, like Gecko) Chrome/132.0.6834.83 Mobile Safari/537.36 (compatible; Googlebot/2.1; +http://www.google.com/bot.html)"
157.55.39.196 - - [17/Jan/2025:23:39:12 -0500] "GET /leqrb/h2520194.html HTTP/1.1" 200 67950 "-" "Mozilla/5.0 AppleWebKit/537.36 (KHTML, like Gecko; compatible; bingbot/2.0; +http://www.bing.com/bingbot.htm) Chrome/116.0.1938.76 Safari/537.36"
40.77.167.68 - - [17/Jan/2025:23:39:27 -0500] "GET /hpyed/a2467069.html HTTP/1.1" 200 68165 "-" "Mozilla/5.0 AppleWebKit/537.36 (KHTML, like Gecko; compatible; bingbot/2.0; +http://www.bing.com/bingbot.htm) Chrome/116.0.1938.76 Safari/537.36"
40.77.167.68 - - [17/Jan/2025:23:39:29 -0500] "GET /gvwgs/p319822.html HTTP/1.1" 200 69870 "-" "Mozilla/5.0 AppleWebKit/537.36 (KHTML, like Gecko; compatible; bingbot/2.0; +http://www.bing.com/bingbot.htm) Chrome/116.0.1938.76 Safari/537.36"
157.55.39.196 - - [17/Jan/2025:23:39:55 -0500] "GET /rwyks/c2562673.html HTTP/1.1" 200 69733 "-" "Mozilla/5.0 AppleWebKit/537.36 (KHTML, like Gecko; compatible; bingbot/2.0; +http://www.bing.com/bingbot.htm) Chrome/116.0.1938.76 Safari/537.36"
40.77.167.4 - - [17/Jan/2025:23:40:08 -0500] "GET /hbqdp/t1578590.html HTTP/1.1" 200 69285 "-" "Mozilla/5.0 AppleWebKit/537.36 (KHTML, like Gecko; compatible; bingbot/2.0; +http://www.bing.com/bingbot.htm) Chrome/116.0.1938.76 Safari/537.36"
40.77.167.68 - - [17/Jan/2025:23:40:16 -0500] "GET /cktnk/f2944538.html HTTP/1.1" 200 69172 "-" "Mozilla/5.0 AppleWebKit/537.36 (KHTML, like Gecko; compatible; bingbot/2.0; +http://www.bing.com/bingbot.htm) Chrome/116.0.1938.76 Safari/537.36"
40.77.167.4 - - [17/Jan/2025:23:40:24 -0500] "GET /nkuoz/q783793.html HTTP/1.1" 200 68276 "-" "Mozilla/5.0 AppleWebKit/537.36 (KHTML, like Gecko; compatible; bingbot/2.0; +http://www.bing.com/bingbot.htm) Chrome/116.0.1938.76 Safari/537.36"
157.55.39.196 - - [17/Jan/2025:23:41:04 -0500] "GET /nnowp/y3056669.html HTTP/1.1" 200 68957 "-" "Mozilla/5.0 AppleWebKit/537.36 (KHTML, like Gecko; compatible; bingbot/2.0; +http://www.bing.com/bingbot.htm) Chrome/116.0.1938.76 Safari/537.36"
40.77.167.68 - - [17/Jan/2025:23:41:05 -0500] "GET /uyvfi/x513530.html HTTP/1.1" 200 68731 "-" "Mozilla/5.0 AppleWebKit/537.36 (KHTML, like Gecko; compatible; bingbot/2.0; +http://www.bing.com/bingbot.htm) Chrome/116.0.1938.76 Safari/537.36"
