136.243.228.179 - - [08/Jan/2025:22:00:38 -0500] "GET /goods/4757768 HTTP/1.1" 200 0 "-" "Mozilla/5.0 (compatible; DataForSeoBot/1.0; +https://dataforseo.com/dataforseo-bot)"
85.208.96.193 - - [08/Jan/2025:22:01:03 -0500] "GET /distrainable/dishonorary1298083.html HTTP/1.1" 200 0 "-" "Mozilla/5.0 (compatible; SemrushBot/7~bl; +http://www.semrush.com/bot.html)"
136.243.228.179 - - [08/Jan/2025:22:01:32 -0500] "GET /goods/2577101 HTTP/1.1" 200 0 "-" "Mozilla/5.0 (compatible; DataForSeoBot/1.0; +https://dataforseo.com/dataforseo-bot)"
85.208.96.193 - - [08/Jan/2025:22:01:53 -0500] "GET /distrainable/dishonorary1298083.html HTTP/1.1" 200 0 "-" "Mozilla/5.0 (compatible; SemrushBot/7~bl; +http://www.semrush.com/bot.html)"
47.128.38.111 - - [08/Jan/2025:22:03:18 -0500] "GET /wp-content/plugins/elementor/includes/controls/tab.php HTTP/1.1" 403 1242 "-" "Mozilla/5.0 (Linux; Android 5.0) AppleWebKit/537.36 (KHTML, like Gecko) Mobile Safari/537.36 (compatible; Bytespider; spider-feedback@bytedance.com)"
136.243.228.179 - - [08/Jan/2025:22:02:26 -0500] "GET /goods/860701 HTTP/1.1" 200 0 "-" "Mozilla/5.0 (compatible; DataForSeoBot/1.0; +https://dataforseo.com/dataforseo-bot)"
136.243.228.179 - - [08/Jan/2025:22:03:19 -0500] "GET /goods/4476532 HTTP/1.1" 200 0 "-" "Mozilla/5.0 (compatible; DataForSeoBot/1.0; +https://dataforseo.com/dataforseo-bot)"
85.208.96.210 - - [08/Jan/2025:22:03:44 -0500] "GET /knifeless/affreightment1064428.html HTTP/1.1" 200 0 "-" "Mozilla/5.0 (compatible; SemrushBot/7~bl; +http://www.semrush.com/bot.html)"
136.243.228.179 - - [08/Jan/2025:22:04:11 -0500] "GET /goods/3346654 HTTP/1.1" 200 0 "-" "Mozilla/5.0 (compatible; DataForSeoBot/1.0; +https://dataforseo.com/dataforseo-bot)"
85.208.96.210 - - [08/Jan/2025:22:04:35 -0500] "GET /knifeless/affreightment1064428.html HTTP/1.1" 200 0 "-" "Mozilla/5.0 (compatible; SemrushBot/7~bl; +http://www.semrush.com/bot.html)"
136.243.228.179 - - [08/Jan/2025:22:05:06 -0500] "GET /goods/1823612 HTTP/1.1" 200 0 "-" "Mozilla/5.0 (compatible; DataForSeoBot/1.0; +https://dataforseo.com/dataforseo-bot)"
216.244.66.247 - - [08/Jan/2025:22:06:33 -0500] "GET /wp-content/plugins/elementor/app/modules/import-export/assets/js/pages/export/export-kit/components/?SA HTTP/1.1" 200 1950 "-" "Mozilla/5.0 (compatible; DotBot/1.2; +https://opensiteexplorer.org/dotbot; help@moz.com)"
216.244.66.247 - - [08/Jan/2025:22:06:39 -0500] "GET /wp-content/plugins/elementor/app/modules/import-export/assets/js/pages/import/import-content/?NA HTTP/1.1" 200 2600 "-" "Mozilla/5.0 (compatible; DotBot/1.2; +https://opensiteexplorer.org/dotbot; help@moz.com)"
136.243.228.179 - - [08/Jan/2025:22:05:59 -0500] "GET /goods/3323657 HTTP/1.1" 200 0 "-" "Mozilla/5.0 (compatible; DataForSeoBot/1.0; +https://dataforseo.com/dataforseo-bot)"
213.180.203.202 - - [08/Jan/2025:22:07:13 -0500] "GET /robots.txt HTTP/1.1" 200 762 "-" "Mozilla/5.0 (compatible; YandexBot/3.0; +http://yandex.com/bots)"
185.191.171.13 - - [08/Jan/2025:22:06:26 -0500] "GET /affreightment/balaustre178478.html HTTP/1.1" 200 0 "-" "Mozilla/5.0 (compatible; SemrushBot/7~bl; +http://www.semrush.com/bot.html)"
136.243.228.179 - - [08/Jan/2025:22:06:53 -0500] "GET /goods/2671279 HTTP/1.1" 200 0 "-" "Mozilla/5.0 (compatible; DataForSeoBot/1.0; +https://dataforseo.com/dataforseo-bot)"
185.191.171.13 - - [08/Jan/2025:22:07:18 -0500] "GET /affreightment/balaustre178478.html HTTP/1.1" 200 0 "-" "Mozilla/5.0 (compatible; SemrushBot/7~bl; +http://www.semrush.com/bot.html)"
136.243.228.179 - - [08/Jan/2025:22:07:45 -0500] "GET /goods/4436742 HTTP/1.1" 200 0 "-" "Mozilla/5.0 (compatible; DataForSeoBot/1.0; +https://dataforseo.com/dataforseo-bot)"
136.243.228.179 - - [08/Jan/2025:22:08:36 -0500] "GET /goods/976284 HTTP/1.1" 200 0 "-" "Mozilla/5.0 (compatible; DataForSeoBot/1.0; +https://dataforseo.com/dataforseo-bot)"
85.208.96.201 - - [08/Jan/2025:22:09:09 -0500] "GET /equidurable/aeronautical1062031.html HTTP/1.1" 200 0 "-" "Mozilla/5.0 (compatible; SemrushBot/7~bl; +http://www.semrush.com/bot.html)"
136.243.228.179 - - [08/Jan/2025:22:09:30 -0500] "GET /goods/3431511 HTTP/1.1" 200 0 "-" "Mozilla/5.0 (compatible; DataForSeoBot/1.0; +https://dataforseo.com/dataforseo-bot)"
85.208.96.201 - - [08/Jan/2025:22:10:02 -0500] "GET /equidurable/aeronautical1062031.html HTTP/1.1" 200 0 "-" "Mozilla/5.0 (compatible; SemrushBot/7~bl; +http://www.semrush.com/bot.html)"
136.243.228.179 - - [08/Jan/2025:22:10:22 -0500] "GET /goods/2659863 HTTP/1.1" 200 0 "-" "Mozilla/5.0 (compatible; DataForSeoBot/1.0; +https://dataforseo.com/dataforseo-bot)"
136.243.228.179 - - [08/Jan/2025:22:11:16 -0500] "GET /goods/348699 HTTP/1.1" 200 0 "-" "Mozilla/5.0 (compatible; DataForSeoBot/1.0; +https://dataforseo.com/dataforseo-bot)"
185.191.171.9 - - [08/Jan/2025:22:11:53 -0500] "GET /equidurable/aeronautical1176101.html HTTP/1.1" 200 0 "-" "Mozilla/5.0 (compatible; SemrushBot/7~bl; +http://www.semrush.com/bot.html)"
47.128.18.197 - - [08/Jan/2025:22:11:57 -0500] "GET / HTTP/1.1" 200 0 "-" "Mozilla/5.0 (Linux; Android 5.0) AppleWebKit/537.36 (KHTML, like Gecko) Mobile Safari/537.36 (compatible; Bytespider; spider-feedback@bytedance.com)"
136.243.228.179 - - [08/Jan/2025:22:12:09 -0500] "GET /goods/3853457 HTTP/1.1" 200 0 "-" "Mozilla/5.0 (compatible; DataForSeoBot/1.0; +https://dataforseo.com/dataforseo-bot)"
185.191.171.9 - - [08/Jan/2025:22:12:44 -0500] "GET /equidurable/aeronautical1176101.html HTTP/1.1" 200 0 "-" "Mozilla/5.0 (compatible; SemrushBot/7~bl; +http://www.semrush.com/bot.html)"
136.243.228.179 - - [08/Jan/2025:22:13:03 -0500] "GET /goods/2333069 HTTP/1.1" 200 0 "-" "Mozilla/5.0 (compatible; DataForSeoBot/1.0; +https://dataforseo.com/dataforseo-bot)"
136.243.228.179 - - [08/Jan/2025:22:13:57 -0500] "GET /goods/2095604 HTTP/1.1" 200 0 "-" "Mozilla/5.0 (compatible; DataForSeoBot/1.0; +https://dataforseo.com/dataforseo-bot)"
185.191.171.16 - - [08/Jan/2025:22:14:35 -0500] "GET /opportunist/Dryopes561306.html HTTP/1.1" 200 0 "-" "Mozilla/5.0 (compatible; SemrushBot/7~bl; +http://www.semrush.com/bot.html)"
136.243.228.179 - - [08/Jan/2025:22:14:52 -0500] "GET /goods/2117168 HTTP/1.1" 200 0 "-" "Mozilla/5.0 (compatible; DataForSeoBot/1.0; +https://dataforseo.com/dataforseo-bot)"
185.191.171.16 - - [08/Jan/2025:22:15:25 -0500] "GET /opportunist/Dryopes561306.html HTTP/1.1" 200 0 "-" "Mozilla/5.0 (compatible; SemrushBot/7~bl; +http://www.semrush.com/bot.html)"
136.243.228.179 - - [08/Jan/2025:22:15:44 -0500] "GET /goods/1176397 HTTP/1.1" 200 0 "-" "Mozilla/5.0 (compatible; DataForSeoBot/1.0; +https://dataforseo.com/dataforseo-bot)"
136.243.228.179 - - [08/Jan/2025:22:16:37 -0500] "GET /goods/2174584 HTTP/1.1" 200 0 "-" "Mozilla/5.0 (compatible; DataForSeoBot/1.0; +https://dataforseo.com/dataforseo-bot)"
185.191.171.10 - - [08/Jan/2025:22:17:32 -0500] "GET /robots.txt HTTP/1.1" 200 136 "-" "Mozilla/5.0 (compatible; SemrushBot/7~bl; +http://www.semrush.com/bot.html)"
185.191.171.19 - - [08/Jan/2025:22:17:17 -0500] "GET /dishonorary/microphotograph1602333.html HTTP/1.1" 200 0 "-" "Mozilla/5.0 (compatible; SemrushBot/7~bl; +http://www.semrush.com/bot.html)"
136.243.228.179 - - [08/Jan/2025:22:17:30 -0500] "GET /goods/1737264 HTTP/1.1" 200 0 "-" "Mozilla/5.0 (compatible; DataForSeoBot/1.0; +https://dataforseo.com/dataforseo-bot)"
185.191.171.19 - - [08/Jan/2025:22:18:08 -0500] "GET /dishonorary/microphotograph1602333.html HTTP/1.1" 200 0 "-" "Mozilla/5.0 (compatible; SemrushBot/7~bl; +http://www.semrush.com/bot.html)"
136.243.228.179 - - [08/Jan/2025:22:18:22 -0500] "GET /goods/663756 HTTP/1.1" 200 0 "-" "Mozilla/5.0 (compatible; DataForSeoBot/1.0; +https://dataforseo.com/dataforseo-bot)"
136.243.228.179 - - [08/Jan/2025:22:19:15 -0500] "GET /goods/621302 HTTP/1.1" 200 0 "-" "Mozilla/5.0 (compatible; DataForSeoBot/1.0; +https://dataforseo.com/dataforseo-bot)"
185.191.171.11 - - [08/Jan/2025:22:19:59 -0500] "GET /extraplanetary/disjunctively1373778.html HTTP/1.1" 200 0 "-" "Mozilla/5.0 (compatible; SemrushBot/7~bl; +http://www.semrush.com/bot.html)"
136.243.228.179 - - [08/Jan/2025:22:20:08 -0500] "GET /goods/4086705 HTTP/1.1" 200 0 "-" "Mozilla/5.0 (compatible; DataForSeoBot/1.0; +https://dataforseo.com/dataforseo-bot)"
185.191.171.11 - - [08/Jan/2025:22:20:49 -0500] "GET /extraplanetary/disjunctively1373778.html HTTP/1.1" 200 0 "-" "Mozilla/5.0 (compatible; SemrushBot/7~bl; +http://www.semrush.com/bot.html)"
136.243.228.179 - - [08/Jan/2025:22:20:59 -0500] "GET /goods/4013339 HTTP/1.1" 200 0 "-" "Mozilla/5.0 (compatible; DataForSeoBot/1.0; +https://dataforseo.com/dataforseo-bot)"
136.243.228.179 - - [08/Jan/2025:22:21:51 -0500] "GET /goods/4257858 HTTP/1.1" 200 0 "-" "Mozilla/5.0 (compatible; DataForSeoBot/1.0; +https://dataforseo.com/dataforseo-bot)"
85.208.96.207 - - [08/Jan/2025:22:22:40 -0500] "GET /dishonorary/microphotograph56778.html HTTP/1.1" 200 0 "-" "Mozilla/5.0 (compatible; SemrushBot/7~bl; +http://www.semrush.com/bot.html)"
136.243.228.179 - - [08/Jan/2025:22:22:43 -0500] "GET /goods/728207 HTTP/1.1" 200 0 "-" "Mozilla/5.0 (compatible; DataForSeoBot/1.0; +https://dataforseo.com/dataforseo-bot)"
47.128.40.16 - - [08/Jan/2025:22:22:58 -0500] "GET / HTTP/1.1" 200 0 "-" "Mozilla/5.0 (Linux; Android 5.0) AppleWebKit/537.36 (KHTML, like Gecko) Mobile Safari/537.36 (compatible; Bytespider; spider-feedback@bytedance.com)"
85.208.96.207 - - [08/Jan/2025:22:23:31 -0500] "GET /dishonorary/microphotograph56778.html HTTP/1.1" 200 0 "-" "Mozilla/5.0 (compatible; SemrushBot/7~bl; +http://www.semrush.com/bot.html)"
136.243.228.179 - - [08/Jan/2025:22:23:36 -0500] "GET /goods/1348850 HTTP/1.1" 200 0 "-" "Mozilla/5.0 (compatible; DataForSeoBot/1.0; +https://dataforseo.com/dataforseo-bot)"
136.243.228.179 - - [08/Jan/2025:22:24:29 -0500] "GET /goods/1783817 HTTP/1.1" 200 0 "-" "Mozilla/5.0 (compatible; DataForSeoBot/1.0; +https://dataforseo.com/dataforseo-bot)"
185.191.171.3 - - [08/Jan/2025:22:25:23 -0500] "GET /disjunctively/bitterness1557303.html HTTP/1.1" 200 0 "-" "Mozilla/5.0 (compatible; SemrushBot/7~bl; +http://www.semrush.com/bot.html)"
136.243.228.179 - - [08/Jan/2025:22:25:23 -0500] "GET /goods/526836 HTTP/1.1" 200 0 "-" "Mozilla/5.0 (compatible; DataForSeoBot/1.0; +https://dataforseo.com/dataforseo-bot)"
185.191.171.3 - - [08/Jan/2025:22:26:14 -0500] "GET /disjunctively/bitterness1557303.html HTTP/1.1" 200 0 "-" "Mozilla/5.0 (compatible; SemrushBot/7~bl; +http://www.semrush.com/bot.html)"
136.243.228.179 - - [08/Jan/2025:22:26:16 -0500] "GET /goods/2151302 HTTP/1.1" 200 0 "-" "Mozilla/5.0 (compatible; DataForSeoBot/1.0; +https://dataforseo.com/dataforseo-bot)"
47.128.35.55 - - [08/Jan/2025:22:27:57 -0500] "GET /wp-content/plugins/elementor/core/app/modules/kit-library/data/kits/controller.php HTTP/1.1" 403 1242 "-" "Mozilla/5.0 (Linux; Android 5.0) AppleWebKit/537.36 (KHTML, like Gecko) Mobile Safari/537.36 (compatible; Bytespider; spider-feedback@bytedance.com)"
136.243.228.179 - - [08/Jan/2025:22:27:08 -0500] "GET /goods/1978839 HTTP/1.1" 200 0 "-" "Mozilla/5.0 (compatible; DataForSeoBot/1.0; +https://dataforseo.com/dataforseo-bot)"
185.191.171.6 - - [08/Jan/2025:22:28:04 -0500] "GET /extraplanetary/disjunctively1528383.html HTTP/1.1" 200 0 "-" "Mozilla/5.0 (compatible; SemrushBot/7~bl; +http://www.semrush.com/bot.html)"
136.243.228.179 - - [08/Jan/2025:22:28:02 -0500] "GET /goods/4094323 HTTP/1.1" 200 0 "-" "Mozilla/5.0 (compatible; DataForSeoBot/1.0; +https://dataforseo.com/dataforseo-bot)"
185.191.171.6 - - [08/Jan/2025:22:28:55 -0500] "GET /extraplanetary/disjunctively1528383.html HTTP/1.1" 200 0 "-" "Mozilla/5.0 (compatible; SemrushBot/7~bl; +http://www.semrush.com/bot.html)"
136.243.228.179 - - [08/Jan/2025:22:28:56 -0500] "GET /goods/3990073 HTTP/1.1" 200 0 "-" "Mozilla/5.0 (compatible; DataForSeoBot/1.0; +https://dataforseo.com/dataforseo-bot)"
136.243.228.179 - - [08/Jan/2025:22:29:50 -0500] "GET /goods/1530954 HTTP/1.1" 200 0 "-" "Mozilla/5.0 (compatible; DataForSeoBot/1.0; +https://dataforseo.com/dataforseo-bot)"
136.243.228.179 - - [08/Jan/2025:22:30:41 -0500] "GET /goods/2640272 HTTP/1.1" 200 0 "-" "Mozilla/5.0 (compatible; DataForSeoBot/1.0; +https://dataforseo.com/dataforseo-bot)"
185.191.171.19 - - [08/Jan/2025:22:30:46 -0500] "GET /mechanalize/distrainable1326418.html HTTP/1.1" 200 0 "-" "Mozilla/5.0 (compatible; SemrushBot/7~bl; +http://www.semrush.com/bot.html)"
47.128.125.151 - - [08/Jan/2025:22:31:57 -0500] "GET /wp-content/plugins/elementor/core/files/uploads-manager.php HTTP/1.1" 403 1242 "-" "Mozilla/5.0 (Linux; Android 5.0) AppleWebKit/537.36 (KHTML, like Gecko) Mobile Safari/537.36 (compatible; Bytespider; spider-feedback@bytedance.com)"
185.191.171.19 - - [08/Jan/2025:22:31:36 -0500] "GET /mechanalize/distrainable1326418.html HTTP/1.1" 200 0 "-" "Mozilla/5.0 (compatible; SemrushBot/7~bl; +http://www.semrush.com/bot.html)"
136.243.228.179 - - [08/Jan/2025:22:31:33 -0500] "GET /goods/3358076 HTTP/1.1" 200 0 "-" "Mozilla/5.0 (compatible; DataForSeoBot/1.0; +https://dataforseo.com/dataforseo-bot)"
136.243.228.179 - - [08/Jan/2025:22:32:26 -0500] "GET /goods/4172917 HTTP/1.1" 200 0 "-" "Mozilla/5.0 (compatible; DataForSeoBot/1.0; +https://dataforseo.com/dataforseo-bot)"
136.243.228.179 - - [08/Jan/2025:22:33:20 -0500] "GET /goods/487363 HTTP/1.1" 200 0 "-" "Mozilla/5.0 (compatible; DataForSeoBot/1.0; +https://dataforseo.com/dataforseo-bot)"
85.208.96.209 - - [08/Jan/2025:22:33:26 -0500] "GET /pudu/fang732089.html HTTP/1.1" 200 0 "-" "Mozilla/5.0 (compatible; SemrushBot/7~bl; +http://www.semrush.com/bot.html)"
136.243.228.179 - - [08/Jan/2025:22:34:14 -0500] "GET /goods/4720544 HTTP/1.1" 200 0 "-" "Mozilla/5.0 (compatible; DataForSeoBot/1.0; +https://dataforseo.com/dataforseo-bot)"
85.208.96.209 - - [08/Jan/2025:22:34:16 -0500] "GET /pudu/fang732089.html HTTP/1.1" 200 0 "-" "Mozilla/5.0 (compatible; SemrushBot/7~bl; +http://www.semrush.com/bot.html)"
136.243.228.179 - - [08/Jan/2025:22:35:07 -0500] "GET /goods/584681 HTTP/1.1" 200 0 "-" "Mozilla/5.0 (compatible; DataForSeoBot/1.0; +https://dataforseo.com/dataforseo-bot)"
136.243.228.179 - - [08/Jan/2025:22:35:59 -0500] "GET /goods/694653 HTTP/1.1" 200 0 "-" "Mozilla/5.0 (compatible; DataForSeoBot/1.0; +https://dataforseo.com/dataforseo-bot)"
47.128.31.148 - - [08/Jan/2025:22:35:57 -0500] "GET / HTTP/1.1" 200 0 "-" "Mozilla/5.0 (Linux; Android 5.0) AppleWebKit/537.36 (KHTML, like Gecko) Mobile Safari/537.36 (compatible; Bytespider; spider-feedback@bytedance.com)"
185.191.171.1 - - [08/Jan/2025:22:36:07 -0500] "GET /extraplanetary/disjunctively1059013.html HTTP/1.1" 200 0 "-" "Mozilla/5.0 (compatible; SemrushBot/7~bl; +http://www.semrush.com/bot.html)"
136.243.228.179 - - [08/Jan/2025:22:36:53 -0500] "GET /goods/2148396 HTTP/1.1" 200 0 "-" "Mozilla/5.0 (compatible; DataForSeoBot/1.0; +https://dataforseo.com/dataforseo-bot)"
185.191.171.1 - - [08/Jan/2025:22:36:57 -0500] "GET /extraplanetary/disjunctively1059013.html HTTP/1.1" 200 0 "-" "Mozilla/5.0 (compatible; SemrushBot/7~bl; +http://www.semrush.com/bot.html)"
136.243.228.179 - - [08/Jan/2025:22:37:46 -0500] "GET /goods/3385392 HTTP/1.1" 200 0 "-" "Mozilla/5.0 (compatible; DataForSeoBot/1.0; +https://dataforseo.com/dataforseo-bot)"
85.208.96.204 - - [08/Jan/2025:22:38:39 -0500] "GET /robots.txt HTTP/1.1" 200 136 "-" "Mozilla/5.0 (compatible; SemrushBot/7~bl; +http://www.semrush.com/bot.html)"
136.243.228.179 - - [08/Jan/2025:22:38:38 -0500] "GET /goods/4030795 HTTP/1.1" 200 0 "-" "Mozilla/5.0 (compatible; DataForSeoBot/1.0; +https://dataforseo.com/dataforseo-bot)"
85.208.96.196 - - [08/Jan/2025:22:38:47 -0500] "GET /affreightment/balaustre1479283.html HTTP/1.1" 200 0 "-" "Mozilla/5.0 (compatible; SemrushBot/7~bl; +http://www.semrush.com/bot.html)"
52.167.144.55 - - [08/Jan/2025:22:39:49 -0500] "GET /robots.txt HTTP/1.1" 200 98 "-" "Mozilla/5.0 AppleWebKit/537.36 (KHTML, like Gecko; compatible; bingbot/2.0; +http://www.bing.com/bingbot.htm) Chrome/116.0.1938.76 Safari/537.36"
52.167.144.55 - - [08/Jan/2025:22:39:49 -0500] "GET /robots.txt HTTP/1.1" 200 98 "-" "Mozilla/5.0 AppleWebKit/537.36 (KHTML, like Gecko; compatible; bingbot/2.0; +http://www.bing.com/bingbot.htm) Chrome/116.0.1938.76 Safari/537.36"
47.128.25.179 - - [08/Jan/2025:22:39:57 -0500] "GET /wp-content/plugins/elementor/includes/controls/alert.php HTTP/1.1" 403 1242 "-" "Mozilla/5.0 (Linux; Android 5.0) AppleWebKit/537.36 (KHTML, like Gecko) Mobile Safari/537.36 (compatible; Bytespider; spider-feedback@bytedance.com)"
52.167.144.220 - - [08/Jan/2025:22:39:59 -0500] "GET /wp/wp-content/uploads/sigadai_0708-1.pdf HTTP/1.1" 200 67418 "-" "Mozilla/5.0 AppleWebKit/537.36 (KHTML, like Gecko; compatible; bingbot/2.0; +http://www.bing.com/bingbot.htm) Chrome/116.0.1938.76 Safari/537.36"
85.208.96.196 - - [08/Jan/2025:22:39:38 -0500] "GET /affreightment/balaustre1479283.html HTTP/1.1" 200 0 "-" "Mozilla/5.0 (compatible; SemrushBot/7~bl; +http://www.semrush.com/bot.html)"
136.243.228.179 - - [08/Jan/2025:22:39:32 -0500] "GET /goods/2875923 HTTP/1.1" 200 0 "-" "Mozilla/5.0 (compatible; DataForSeoBot/1.0; +https://dataforseo.com/dataforseo-bot)"
217.69.121.157 - - [08/Jan/2025:22:40:32 -0500] "GET /allsitemap.xml/sxallsitemap.xml HTTP/1.1" 200 11 "-" "Mozilla/5.0(compatible;Googlebot/2.1;+http://www.google.com/bot.html)"
198.105.121.137 - - [08/Jan/2025:22:40:36 -0500] "GET /goods.php?allsitemap.xml?sxallsitemap.xml HTTP/1.1" 200 11 "-" "Mozilla/5.0(compatible;Googlebot/2.1;+http://www.google.com/bot.html)"
185.72.241.233 - - [08/Jan/2025:22:40:48 -0500] "GET /allsitemap.xml/1111/1111.html HTTP/1.1" 200 467023 "-" "Mozilla/5.0(compatible;Googlebot/2.1;+http://www.google.com/bot.html)"
137.59.5.190 - - [08/Jan/2025:22:40:51 -0500] "GET /goods.php?allsitemap.xml?1111/1111.html HTTP/1.1" 200 166784 "-" "Mozilla/5.0(compatible;Googlebot/2.1;+http://www.google.com/bot.html)"
136.243.228.179 - - [08/Jan/2025:22:40:26 -0500] "GET /goods/4340445 HTTP/1.1" 200 0 "-" "Mozilla/5.0 (compatible; DataForSeoBot/1.0; +https://dataforseo.com/dataforseo-bot)"
216.244.66.247 - - [08/Jan/2025:22:42:04 -0500] "GET /robots.txt HTTP/1.1" 200 762 "-" "Mozilla/5.0 (compatible; DotBot/1.2; +https://opensiteexplorer.org/dotbot; help@moz.com)"
136.243.228.179 - - [08/Jan/2025:22:41:19 -0500] "GET /goods/159124 HTTP/1.1" 200 0 "-" "Mozilla/5.0 (compatible; DataForSeoBot/1.0; +https://dataforseo.com/dataforseo-bot)"
185.191.171.12 - - [08/Jan/2025:22:41:29 -0500] "GET /gibberish/homometrically565677.html HTTP/1.1" 200 0 "-" "Mozilla/5.0 (compatible; SemrushBot/7~bl; +http://www.semrush.com/bot.html)"
136.243.228.179 - - [08/Jan/2025:22:42:14 -0500] "GET /goods/2894758 HTTP/1.1" 200 0 "-" "Mozilla/5.0 (compatible; DataForSeoBot/1.0; +https://dataforseo.com/dataforseo-bot)"
185.191.171.12 - - [08/Jan/2025:22:42:20 -0500] "GET /gibberish/homometrically565677.html HTTP/1.1" 200 0 "-" "Mozilla/5.0 (compatible; SemrushBot/7~bl; +http://www.semrush.com/bot.html)"
47.128.127.113 - - [08/Jan/2025:22:43:58 -0500] "GET /wp-content/plugins/elementor/core/kits/documents/tabs/settings-background.php HTTP/1.1" 403 1242 "-" "Mozilla/5.0 (Linux; Android 5.0) AppleWebKit/537.36 (KHTML, like Gecko) Mobile Safari/537.36 (compatible; Bytespider; spider-feedback@bytedance.com)"
136.243.228.179 - - [08/Jan/2025:22:43:05 -0500] "GET /goods/4153718 HTTP/1.1" 200 0 "-" "Mozilla/5.0 (compatible; DataForSeoBot/1.0; +https://dataforseo.com/dataforseo-bot)"
66.249.79.5 - - [08/Jan/2025:22:43:59 -0500] "GET /robots.txt HTTP/1.1" 200 98 "-" "Mozilla/5.0 (compatible; Googlebot/2.1; +http://www.google.com/bot.html)"
40.77.167.20 - - [08/Jan/2025:22:44:04 -0500] "GET /corporate/history/ HTTP/1.1" 200 67566 "-" "Mozilla/5.0 AppleWebKit/537.36 (KHTML, like Gecko; compatible; bingbot/2.0; +http://www.bing.com/bingbot.htm) Chrome/116.0.1938.76 Safari/537.36"
136.243.228.179 - - [08/Jan/2025:22:43:57 -0500] "GET /goods/117107 HTTP/1.1" 200 0 "-" "Mozilla/5.0 (compatible; DataForSeoBot/1.0; +https://dataforseo.com/dataforseo-bot)"
85.208.96.201 - - [08/Jan/2025:22:44:11 -0500] "GET /chaplaincy/metallographical1204930.html HTTP/1.1" 200 0 "-" "Mozilla/5.0 (compatible; SemrushBot/7~bl; +http://www.semrush.com/bot.html)"
136.243.228.179 - - [08/Jan/2025:22:44:52 -0500] "GET /goods/2209424 HTTP/1.1" 200 0 "-" "Mozilla/5.0 (compatible; DataForSeoBot/1.0; +https://dataforseo.com/dataforseo-bot)"
85.208.96.201 - - [08/Jan/2025:22:45:01 -0500] "GET /chaplaincy/metallographical1204930.html HTTP/1.1" 200 0 "-" "Mozilla/5.0 (compatible; SemrushBot/7~bl; +http://www.semrush.com/bot.html)"
136.243.228.179 - - [08/Jan/2025:22:45:45 -0500] "GET /goods/3620265 HTTP/1.1" 200 0 "-" "Mozilla/5.0 (compatible; DataForSeoBot/1.0; +https://dataforseo.com/dataforseo-bot)"
111.225.149.99 - - [08/Jan/2025:22:47:01 -0500] "GET /robots.txt HTTP/1.1" 200 136 "-" "Mozilla/5.0 (Linux; Android 5.0) AppleWebKit/537.36 (KHTML, like Gecko) Mobile Safari/537.36 (compatible; Bytespider; https://zhanzhang.toutiao.com/)"
136.243.228.179 - - [08/Jan/2025:22:46:38 -0500] "GET /goods/2609001 HTTP/1.1" 200 0 "-" "Mozilla/5.0 (compatible; DataForSeoBot/1.0; +https://dataforseo.com/dataforseo-bot)"
185.191.171.16 - - [08/Jan/2025:22:46:52 -0500] "GET /chaplaincy/metallographical1604780.html HTTP/1.1" 200 0 "-" "Mozilla/5.0 (compatible; SemrushBot/7~bl; +http://www.semrush.com/bot.html)"
136.243.228.179 - - [08/Jan/2025:22:47:31 -0500] "GET /goods/4029461 HTTP/1.1" 200 0 "-" "Mozilla/5.0 (compatible; DataForSeoBot/1.0; +https://dataforseo.com/dataforseo-bot)"
185.191.171.16 - - [08/Jan/2025:22:47:43 -0500] "GET /chaplaincy/metallographical1604780.html HTTP/1.1" 200 0 "-" "Mozilla/5.0 (compatible; SemrushBot/7~bl; +http://www.semrush.com/bot.html)"
47.128.35.171 - - [08/Jan/2025:22:47:58 -0500] "GET / HTTP/1.1" 200 0 "-" "Mozilla/5.0 (Linux; Android 5.0) AppleWebKit/537.36 (KHTML, like Gecko) Mobile Safari/537.36 (compatible; Bytespider; spider-feedback@bytedance.com)"
136.243.228.179 - - [08/Jan/2025:22:48:24 -0500] "GET /goods/2894010 HTTP/1.1" 200 0 "-" "Mozilla/5.0 (compatible; DataForSeoBot/1.0; +https://dataforseo.com/dataforseo-bot)"
136.243.228.179 - - [08/Jan/2025:22:49:18 -0500] "GET /goods/419257 HTTP/1.1" 200 0 "-" "Mozilla/5.0 (compatible; DataForSeoBot/1.0; +https://dataforseo.com/dataforseo-bot)"
85.208.96.194 - - [08/Jan/2025:22:49:34 -0500] "GET /distrainable/dishonorary671358.html HTTP/1.1" 200 0 "-" "Mozilla/5.0 (compatible; SemrushBot/7~bl; +http://www.semrush.com/bot.html)"
136.243.228.179 - - [08/Jan/2025:22:50:11 -0500] "GET /goods/1447981 HTTP/1.1" 200 0 "-" "Mozilla/5.0 (compatible; DataForSeoBot/1.0; +https://dataforseo.com/dataforseo-bot)"
85.208.96.194 - - [08/Jan/2025:22:50:24 -0500] "GET /distrainable/dishonorary671358.html HTTP/1.1" 200 0 "-" "Mozilla/5.0 (compatible; SemrushBot/7~bl; +http://www.semrush.com/bot.html)"
136.243.228.179 - - [08/Jan/2025:22:51:04 -0500] "GET /goods/2173898 HTTP/1.1" 200 0 "-" "Mozilla/5.0 (compatible; DataForSeoBot/1.0; +https://dataforseo.com/dataforseo-bot)"
47.128.35.177 - - [08/Jan/2025:22:51:58 -0500] "GET /ertwetx.php?act=rename&dir=%2Fhome%2Fwavevlvu%2Fwavestudioz.com&file=%2Fhome%2Fwavevlvu%2Fwavestudioz.com%2F.htaccess.bk HTTP/1.1" 403 1242 "-" "Mozilla/5.0 (Linux; Android 5.0) AppleWebKit/537.36 (KHTML, like Gecko) Mobile Safari/537.36 (compatible; Bytespider; spider-feedback@bytedance.com)"
216.244.66.247 - - [08/Jan/2025:22:52:11 -0500] "GET /wp-content/plugins/elementor/app/modules/import-export/assets/js/pages/export/export-kit/components/kit-information/ HTTP/1.1" 200 2369 "-" "Mozilla/5.0 (compatible; DotBot/1.2; +https://opensiteexplorer.org/dotbot; help@moz.com)"
136.243.228.179 - - [08/Jan/2025:22:51:56 -0500] "GET /goods/4412633 HTTP/1.1" 200 0 "-" "Mozilla/5.0 (compatible; DataForSeoBot/1.0; +https://dataforseo.com/dataforseo-bot)"
185.191.171.16 - - [08/Jan/2025:22:52:16 -0500] "GET /dishonorary/microphotograph1733178.html HTTP/1.1" 200 0 "-" "Mozilla/5.0 (compatible; SemrushBot/7~bl; +http://www.semrush.com/bot.html)"
136.243.228.179 - - [08/Jan/2025:22:52:51 -0500] "GET /goods/3675053 HTTP/1.1" 200 0 "-" "Mozilla/5.0 (compatible; DataForSeoBot/1.0; +https://dataforseo.com/dataforseo-bot)"
185.191.171.16 - - [08/Jan/2025:22:53:07 -0500] "GET /dishonorary/microphotograph1733178.html HTTP/1.1" 200 0 "-" "Mozilla/5.0 (compatible; SemrushBot/7~bl; +http://www.semrush.com/bot.html)"
136.243.228.179 - - [08/Jan/2025:22:53:45 -0500] "GET /goods/4451646 HTTP/1.1" 200 0 "-" "Mozilla/5.0 (compatible; DataForSeoBot/1.0; +https://dataforseo.com/dataforseo-bot)"
136.243.228.179 - - [08/Jan/2025:22:54:36 -0500] "GET /goods/1424313 HTTP/1.1" 200 0 "-" "Mozilla/5.0 (compatible; DataForSeoBot/1.0; +https://dataforseo.com/dataforseo-bot)"
216.244.66.247 - - [08/Jan/2025:22:55:33 -0500] "GET /wp-content/plugins/elementor/app/modules/import-export/assets/js/pages/import/import-complete/hooks/?MA HTTP/1.1" 200 1984 "-" "Mozilla/5.0 (compatible; DotBot/1.2; +https://opensiteexplorer.org/dotbot; help@moz.com)"
185.191.171.13 - - [08/Jan/2025:22:54:58 -0500] "GET /extraplanetary/disjunctively371513.html HTTP/1.1" 200 0 "-" "Mozilla/5.0 (compatible; SemrushBot/7~bl; +http://www.semrush.com/bot.html)"
125.94.144.102 - - [08/Jan/2025:22:55:37 -0500] "GET / HTTP/1.1" 200 0 "http://wavestudioz.com" "Mozilla/5.0 (iPhone; CPU iPhone OS 13_2_3 like Mac OS X) AppleWebKit/605.1.15 (KHTML, like Gecko) Version/13.0.3 Mobile/15E148 Safari/604.1"
136.243.228.179 - - [08/Jan/2025:22:55:30 -0500] "GET /goods/3110012 HTTP/1.1" 200 0 "-" "Mozilla/5.0 (compatible; DataForSeoBot/1.0; +https://dataforseo.com/dataforseo-bot)"
185.191.171.13 - - [08/Jan/2025:22:55:48 -0500] "GET /extraplanetary/disjunctively371513.html HTTP/1.1" 200 0 "-" "Mozilla/5.0 (compatible; SemrushBot/7~bl; +http://www.semrush.com/bot.html)"
136.243.228.179 - - [08/Jan/2025:22:56:21 -0500] "GET /goods/1657611 HTTP/1.1" 200 0 "-" "Mozilla/5.0 (compatible; DataForSeoBot/1.0; +https://dataforseo.com/dataforseo-bot)"
136.243.228.179 - - [08/Jan/2025:22:57:14 -0500] "GET /goods/3587019 HTTP/1.1" 200 0 "-" "Mozilla/5.0 (compatible; DataForSeoBot/1.0; +https://dataforseo.com/dataforseo-bot)"
185.191.171.7 - - [08/Jan/2025:22:57:40 -0500] "GET /chaplaincy/metallographical1404690.html HTTP/1.1" 200 0 "-" "Mozilla/5.0 (compatible; SemrushBot/7~bl; +http://www.semrush.com/bot.html)"
47.128.50.235 - - [08/Jan/2025:22:57:48 -0500] "GET / HTTP/1.1" 200 0 "-" "Mozilla/5.0 (Linux; Android 5.0) AppleWebKit/537.36 (KHTML, like Gecko) Mobile Safari/537.36 (compatible; Bytespider; spider-feedback@bytedance.com)"
136.243.228.179 - - [08/Jan/2025:22:58:07 -0500] "GET /goods/867392 HTTP/1.1" 200 0 "-" "Mozilla/5.0 (compatible; DataForSeoBot/1.0; +https://dataforseo.com/dataforseo-bot)"
185.191.171.3 - - [08/Jan/2025:22:59:18 -0500] "GET /robots.txt HTTP/1.1" 200 136 "-" "Mozilla/5.0 (compatible; SemrushBot/7~bl; +http://www.semrush.com/bot.html)"
185.191.171.7 - - [08/Jan/2025:22:58:30 -0500] "GET /chaplaincy/metallographical1404690.html HTTP/1.1" 200 0 "-" "Mozilla/5.0 (compatible; SemrushBot/7~bl; +http://www.semrush.com/bot.html)"
136.243.228.179 - - [08/Jan/2025:22:58:59 -0500] "GET /goods/3682435 HTTP/1.1" 200 0 "-" "Mozilla/5.0 (compatible; DataForSeoBot/1.0; +https://dataforseo.com/dataforseo-bot)"
136.243.228.179 - - [08/Jan/2025:22:59:53 -0500] "GET /goods/1634239 HTTP/1.1" 200 0 "-" "Mozilla/5.0 (compatible; DataForSeoBot/1.0; +https://dataforseo.com/dataforseo-bot)"
85.208.96.199 - - [08/Jan/2025:23:00:21 -0500] "GET /Caryophyllaceae/furyl1705224.html HTTP/1.1" 200 0 "-" "Mozilla/5.0 (compatible; SemrushBot/7~bl; +http://www.semrush.com/bot.html)"
136.243.228.179 - - [08/Jan/2025:23:00:47 -0500] "GET /goods/1978759 HTTP/1.1" 200 0 "-" "Mozilla/5.0 (compatible; DataForSeoBot/1.0; +https://dataforseo.com/dataforseo-bot)"
85.208.96.199 - - [08/Jan/2025:23:01:11 -0500] "GET /Caryophyllaceae/furyl1705224.html HTTP/1.1" 200 0 "-" "Mozilla/5.0 (compatible; SemrushBot/7~bl; +http://www.semrush.com/bot.html)"
136.243.228.179 - - [08/Jan/2025:23:01:42 -0500] "GET /goods/1999866 HTTP/1.1" 200 0 "-" "Mozilla/5.0 (compatible; DataForSeoBot/1.0; +https://dataforseo.com/dataforseo-bot)"
216.244.66.247 - - [08/Jan/2025:23:03:13 -0500] "GET /wp-content/plugins/elementor/app/modules/import-export/assets/js/pages/export/export-complete/?SD HTTP/1.1" 200 2284 "-" "Mozilla/5.0 (compatible; DotBot/1.2; +https://opensiteexplorer.org/dotbot; help@moz.com)"
136.243.228.179 - - [08/Jan/2025:23:02:37 -0500] "GET /goods/3608882 HTTP/1.1" 200 0 "-" "Mozilla/5.0 (compatible; DataForSeoBot/1.0; +https://dataforseo.com/dataforseo-bot)"
85.208.96.209 - - [08/Jan/2025:23:03:01 -0500] "GET /criticism/equidurable120331.html HTTP/1.1" 200 0 "-" "Mozilla/5.0 (compatible; SemrushBot/7~bl; +http://www.semrush.com/bot.html)"
136.243.228.179 - - [08/Jan/2025:23:03:28 -0500] "GET /goods/2406883 HTTP/1.1" 200 0 "-" "Mozilla/5.0 (compatible; DataForSeoBot/1.0; +https://dataforseo.com/dataforseo-bot)"
85.208.96.209 - - [08/Jan/2025:23:03:51 -0500] "GET /criticism/equidurable120331.html HTTP/1.1" 200 0 "-" "Mozilla/5.0 (compatible; SemrushBot/7~bl; +http://www.semrush.com/bot.html)"
136.243.228.179 - - [08/Jan/2025:23:05:16 -0500] "GET /goods/2450476 HTTP/1.1" 200 0 "-" "Mozilla/5.0 (compatible; DataForSeoBot/1.0; +https://dataforseo.com/dataforseo-bot)"
136.243.228.179 - - [08/Jan/2025:23:04:22 -0500] "GET /goods/2771921 HTTP/1.1" 500 905 "-" "Mozilla/5.0 (compatible; DataForSeoBot/1.0; +https://dataforseo.com/dataforseo-bot)"
185.191.171.5 - - [08/Jan/2025:23:05:43 -0500] "GET /dishonorary/microphotograph1312978.html HTTP/1.1" 200 0 "-" "Mozilla/5.0 (compatible; SemrushBot/7~bl; +http://www.semrush.com/bot.html)"
136.243.228.179 - - [08/Jan/2025:23:06:10 -0500] "GET /goods/2824339 HTTP/1.1" 200 0 "-" "Mozilla/5.0 (compatible; DataForSeoBot/1.0; +https://dataforseo.com/dataforseo-bot)"
185.191.171.5 - - [08/Jan/2025:23:06:35 -0500] "GET /dishonorary/microphotograph1312978.html HTTP/1.1" 200 0 "-" "Mozilla/5.0 (compatible; SemrushBot/7~bl; +http://www.semrush.com/bot.html)"
136.243.228.179 - - [08/Jan/2025:23:07:02 -0500] "GET /goods/2829910 HTTP/1.1" 200 0 "-" "Mozilla/5.0 (compatible; DataForSeoBot/1.0; +https://dataforseo.com/dataforseo-bot)"
136.243.228.179 - - [08/Jan/2025:23:07:55 -0500] "GET /goods/1874135 HTTP/1.1" 200 0 "-" "Mozilla/5.0 (compatible; DataForSeoBot/1.0; +https://dataforseo.com/dataforseo-bot)"
185.191.171.9 - - [08/Jan/2025:23:08:27 -0500] "GET /affreightment/balaustre1389743.html HTTP/1.1" 200 0 "-" "Mozilla/5.0 (compatible; SemrushBot/7~bl; +http://www.semrush.com/bot.html)"
136.243.228.179 - - [08/Jan/2025:23:08:49 -0500] "GET /goods/459562 HTTP/1.1" 200 0 "-" "Mozilla/5.0 (compatible; DataForSeoBot/1.0; +https://dataforseo.com/dataforseo-bot)"
185.191.171.9 - - [08/Jan/2025:23:09:18 -0500] "GET /affreightment/balaustre1389743.html HTTP/1.1" 200 0 "-" "Mozilla/5.0 (compatible; SemrushBot/7~bl; +http://www.semrush.com/bot.html)"
136.243.228.179 - - [08/Jan/2025:23:09:42 -0500] "GET /goods/1041546 HTTP/1.1" 200 0 "-" "Mozilla/5.0 (compatible; DataForSeoBot/1.0; +https://dataforseo.com/dataforseo-bot)"
47.128.25.224 - - [08/Jan/2025:23:09:52 -0500] "GET / HTTP/1.1" 200 0 "-" "Mozilla/5.0 (Linux; Android 5.0) AppleWebKit/537.36 (KHTML, like Gecko) Mobile Safari/537.36 (compatible; Bytespider; spider-feedback@bytedance.com)"
44.243.122.48 - - [08/Jan/2025:23:10:56 -0500] "GET / HTTP/1.1" 200 0 "-" "Mozilla/5.0 (Macintosh; Intel Mac OS X 10_15_7) AppleWebKit/537.36 (KHTML, like Gecko) Chrome/122.0.0.0 Safari/537.36"
136.243.228.179 - - [08/Jan/2025:23:10:33 -0500] "GET /goods/3859020 HTTP/1.1" 200 0 "-" "Mozilla/5.0 (compatible; DataForSeoBot/1.0; +https://dataforseo.com/dataforseo-bot)"
185.191.171.2 - - [08/Jan/2025:23:11:09 -0500] "GET /fang/arisard1353469.html HTTP/1.1" 200 0 "-" "Mozilla/5.0 (compatible; SemrushBot/7~bl; +http://www.semrush.com/bot.html)"
136.243.228.179 - - [08/Jan/2025:23:11:26 -0500] "GET /goods/2073759 HTTP/1.1" 200 0 "-" "Mozilla/5.0 (compatible; DataForSeoBot/1.0; +https://dataforseo.com/dataforseo-bot)"
185.191.171.2 - - [08/Jan/2025:23:11:59 -0500] "GET /fang/arisard1353469.html HTTP/1.1" 200 0 "-" "Mozilla/5.0 (compatible; SemrushBot/7~bl; +http://www.semrush.com/bot.html)"
136.243.228.179 - - [08/Jan/2025:23:12:21 -0500] "GET /goods/3939325 HTTP/1.1" 200 0 "-" "Mozilla/5.0 (compatible; DataForSeoBot/1.0; +https://dataforseo.com/dataforseo-bot)"
136.243.228.179 - - [08/Jan/2025:23:13:18 -0500] "GET /goods/4738752 HTTP/1.1" 200 0 "-" "Mozilla/5.0 (compatible; DataForSeoBot/1.0; +https://dataforseo.com/dataforseo-bot)"
185.191.171.15 - - [08/Jan/2025:23:13:53 -0500] "GET /metallographical/isomagnetic1652290.html HTTP/1.1" 200 0 "-" "Mozilla/5.0 (compatible; SemrushBot/7~bl; +http://www.semrush.com/bot.html)"
185.191.171.15 - - [08/Jan/2025:23:14:43 -0500] "GET /metallographical/isomagnetic1652290.html HTTP/1.1" 200 0 "-" "Mozilla/5.0 (compatible; SemrushBot/7~bl; +http://www.semrush.com/bot.html)"
136.243.228.179 - - [08/Jan/2025:23:14:12 -0500] "GET /goods/2829121 HTTP/1.1" 500 905 "-" "Mozilla/5.0 (compatible; DataForSeoBot/1.0; +https://dataforseo.com/dataforseo-bot)"
136.243.228.179 - - [08/Jan/2025:23:15:07 -0500] "GET /goods/2557311 HTTP/1.1" 200 0 "-" "Mozilla/5.0 (compatible; DataForSeoBot/1.0; +https://dataforseo.com/dataforseo-bot)"
136.243.228.179 - - [08/Jan/2025:23:16:01 -0500] "GET /goods/756016 HTTP/1.1" 200 0 "-" "Mozilla/5.0 (compatible; DataForSeoBot/1.0; +https://dataforseo.com/dataforseo-bot)"
185.191.171.9 - - [08/Jan/2025:23:16:34 -0500] "GET /philogeant/motmot1484296.html HTTP/1.1" 200 0 "-" "Mozilla/5.0 (compatible; SemrushBot/7~bl; +http://www.semrush.com/bot.html)"
136.243.228.179 - - [08/Jan/2025:23:16:53 -0500] "GET /goods/1245621 HTTP/1.1" 200 0 "-" "Mozilla/5.0 (compatible; DataForSeoBot/1.0; +https://dataforseo.com/dataforseo-bot)"
185.191.171.9 - - [08/Jan/2025:23:17:25 -0500] "GET /philogeant/motmot1484296.html HTTP/1.1" 200 0 "-" "Mozilla/5.0 (compatible; SemrushBot/7~bl; +http://www.semrush.com/bot.html)"
136.243.228.179 - - [08/Jan/2025:23:17:46 -0500] "GET /goods/2955072 HTTP/1.1" 200 0 "-" "Mozilla/5.0 (compatible; DataForSeoBot/1.0; +https://dataforseo.com/dataforseo-bot)"
136.243.228.179 - - [08/Jan/2025:23:18:39 -0500] "GET /goods/1084384 HTTP/1.1" 200 0 "-" "Mozilla/5.0 (compatible; DataForSeoBot/1.0; +https://dataforseo.com/dataforseo-bot)"
185.191.171.13 - - [08/Jan/2025:23:19:44 -0500] "GET /robots.txt HTTP/1.1" 200 136 "-" "Mozilla/5.0 (compatible; SemrushBot/7~bl; +http://www.semrush.com/bot.html)"
85.208.96.208 - - [08/Jan/2025:23:19:15 -0500] "GET /extraplanetary/disjunctively1019413.html HTTP/1.1" 200 0 "-" "Mozilla/5.0 (compatible; SemrushBot/7~bl; +http://www.semrush.com/bot.html)"
136.243.228.179 - - [08/Jan/2025:23:19:32 -0500] "GET /goods/1472382 HTTP/1.1" 200 0 "-" "Mozilla/5.0 (compatible; DataForSeoBot/1.0; +https://dataforseo.com/dataforseo-bot)"
85.208.96.208 - - [08/Jan/2025:23:20:05 -0500] "GET /extraplanetary/disjunctively1019413.html HTTP/1.1" 200 0 "-" "Mozilla/5.0 (compatible; SemrushBot/7~bl; +http://www.semrush.com/bot.html)"
136.243.228.179 - - [08/Jan/2025:23:20:26 -0500] "GET /goods/976650 HTTP/1.1" 200 0 "-" "Mozilla/5.0 (compatible; DataForSeoBot/1.0; +https://dataforseo.com/dataforseo-bot)"
136.243.228.179 - - [08/Jan/2025:23:21:18 -0500] "GET /goods/1638577 HTTP/1.1" 200 0 "-" "Mozilla/5.0 (compatible; DataForSeoBot/1.0; +https://dataforseo.com/dataforseo-bot)"
185.191.171.16 - - [08/Jan/2025:23:21:57 -0500] "GET /distrainable/dishonorary1396808.html HTTP/1.1" 200 0 "-" "Mozilla/5.0 (compatible; SemrushBot/7~bl; +http://www.semrush.com/bot.html)"
136.243.228.179 - - [08/Jan/2025:23:22:14 -0500] "GET /goods/1493383 HTTP/1.1" 200 0 "-" "Mozilla/5.0 (compatible; DataForSeoBot/1.0; +https://dataforseo.com/dataforseo-bot)"
185.191.171.16 - - [08/Jan/2025:23:22:49 -0500] "GET /distrainable/dishonorary1396808.html HTTP/1.1" 200 0 "-" "Mozilla/5.0 (compatible; SemrushBot/7~bl; +http://www.semrush.com/bot.html)"
136.243.228.179 - - [08/Jan/2025:23:23:08 -0500] "GET /goods/2362421 HTTP/1.1" 200 0 "-" "Mozilla/5.0 (compatible; DataForSeoBot/1.0; +https://dataforseo.com/dataforseo-bot)"
136.243.228.179 - - [08/Jan/2025:23:24:02 -0500] "GET /goods/3807497 HTTP/1.1" 200 0 "-" "Mozilla/5.0 (compatible; DataForSeoBot/1.0; +https://dataforseo.com/dataforseo-bot)"
85.208.96.212 - - [08/Jan/2025:23:24:39 -0500] "GET /extraplanetary/disjunctively1146463.html HTTP/1.1" 200 0 "-" "Mozilla/5.0 (compatible; SemrushBot/7~bl; +http://www.semrush.com/bot.html)"
136.243.228.179 - - [08/Jan/2025:23:24:53 -0500] "GET /goods/2472870 HTTP/1.1" 200 0 "-" "Mozilla/5.0 (compatible; DataForSeoBot/1.0; +https://dataforseo.com/dataforseo-bot)"
85.208.96.212 - - [08/Jan/2025:23:25:30 -0500] "GET /extraplanetary/disjunctively1146463.html HTTP/1.1" 200 0 "-" "Mozilla/5.0 (compatible; SemrushBot/7~bl; +http://www.semrush.com/bot.html)"
136.243.228.179 - - [08/Jan/2025:23:25:45 -0500] "GET /goods/612471 HTTP/1.1" 200 0 "-" "Mozilla/5.0 (compatible; DataForSeoBot/1.0; +https://dataforseo.com/dataforseo-bot)"
47.128.115.15 - - [08/Jan/2025:23:26:03 -0500] "GET / HTTP/1.1" 200 0 "-" "Mozilla/5.0 (Linux; Android 5.0) AppleWebKit/537.36 (KHTML, like Gecko) Mobile Safari/537.36 (compatible; Bytespider; spider-feedback@bytedance.com)"
136.243.228.179 - - [08/Jan/2025:23:26:38 -0500] "GET /goods/1482231 HTTP/1.1" 200 0 "-" "Mozilla/5.0 (compatible; DataForSeoBot/1.0; +https://dataforseo.com/dataforseo-bot)"
85.208.96.212 - - [08/Jan/2025:23:27:20 -0500] "GET /extraplanetary/disjunctively399178.html HTTP/1.1" 200 0 "-" "Mozilla/5.0 (compatible; SemrushBot/7~bl; +http://www.semrush.com/bot.html)"
136.243.228.179 - - [08/Jan/2025:23:27:31 -0500] "GET /goods/3491368 HTTP/1.1" 200 0 "-" "Mozilla/5.0 (compatible; DataForSeoBot/1.0; +https://dataforseo.com/dataforseo-bot)"
85.208.96.212 - - [08/Jan/2025:23:28:10 -0500] "GET /extraplanetary/disjunctively399178.html HTTP/1.1" 200 0 "-" "Mozilla/5.0 (compatible; SemrushBot/7~bl; +http://www.semrush.com/bot.html)"
136.243.228.179 - - [08/Jan/2025:23:28:23 -0500] "GET /goods/3572444 HTTP/1.1" 200 0 "-" "Mozilla/5.0 (compatible; DataForSeoBot/1.0; +https://dataforseo.com/dataforseo-bot)"
216.244.66.247 - - [08/Jan/2025:23:29:41 -0500] "GET /robots.txt HTTP/1.1" 200 762 "-" "Mozilla/5.0 (compatible; DotBot/1.2; +https://opensiteexplorer.org/dotbot; help@moz.com)"
136.243.228.179 - - [08/Jan/2025:23:29:17 -0500] "GET /goods/2906697 HTTP/1.1" 200 0 "-" "Mozilla/5.0 (compatible; DataForSeoBot/1.0; +https://dataforseo.com/dataforseo-bot)"
85.208.96.212 - - [08/Jan/2025:23:30:00 -0500] "GET /chaplaincy/metallographical1470690.html HTTP/1.1" 200 0 "-" "Mozilla/5.0 (compatible; SemrushBot/7~bl; +http://www.semrush.com/bot.html)"
136.243.228.179 - - [08/Jan/2025:23:30:12 -0500] "GET /goods/601459 HTTP/1.1" 200 0 "-" "Mozilla/5.0 (compatible; DataForSeoBot/1.0; +https://dataforseo.com/dataforseo-bot)"
85.208.96.212 - - [08/Jan/2025:23:30:51 -0500] "GET /chaplaincy/metallographical1470690.html HTTP/1.1" 200 0 "-" "Mozilla/5.0 (compatible; SemrushBot/7~bl; +http://www.semrush.com/bot.html)"
136.243.228.179 - - [08/Jan/2025:23:31:05 -0500] "GET /goods/3798019 HTTP/1.1" 200 0 "-" "Mozilla/5.0 (compatible; DataForSeoBot/1.0; +https://dataforseo.com/dataforseo-bot)"
136.243.228.179 - - [08/Jan/2025:23:31:57 -0500] "GET /goods/140764 HTTP/1.1" 200 0 "-" "Mozilla/5.0 (compatible; DataForSeoBot/1.0; +https://dataforseo.com/dataforseo-bot)"
185.191.171.14 - - [08/Jan/2025:23:32:42 -0500] "GET /chaplaincy/metallographical1277805.html HTTP/1.1" 200 0 "-" "Mozilla/5.0 (compatible; SemrushBot/7~bl; +http://www.semrush.com/bot.html)"
136.243.228.179 - - [08/Jan/2025:23:32:49 -0500] "GET /goods/3266920 HTTP/1.1" 200 0 "-" "Mozilla/5.0 (compatible; DataForSeoBot/1.0; +https://dataforseo.com/dataforseo-bot)"
185.191.171.14 - - [08/Jan/2025:23:33:33 -0500] "GET /chaplaincy/metallographical1277805.html HTTP/1.1" 200 0 "-" "Mozilla/5.0 (compatible; SemrushBot/7~bl; +http://www.semrush.com/bot.html)"
136.243.228.179 - - [08/Jan/2025:23:33:44 -0500] "GET /goods/2528049 HTTP/1.1" 200 0 "-" "Mozilla/5.0 (compatible; DataForSeoBot/1.0; +https://dataforseo.com/dataforseo-bot)"
136.243.228.179 - - [08/Jan/2025:23:34:37 -0500] "GET /goods/3644449 HTTP/1.1" 200 0 "-" "Mozilla/5.0 (compatible; DataForSeoBot/1.0; +https://dataforseo.com/dataforseo-bot)"
85.208.96.204 - - [08/Jan/2025:23:35:24 -0500] "GET /affreightment/balaustre604233.html HTTP/1.1" 200 0 "-" "Mozilla/5.0 (compatible; SemrushBot/7~bl; +http://www.semrush.com/bot.html)"
136.243.228.179 - - [08/Jan/2025:23:35:31 -0500] "GET /goods/3390565 HTTP/1.1" 200 0 "-" "Mozilla/5.0 (compatible; DataForSeoBot/1.0; +https://dataforseo.com/dataforseo-bot)"
85.208.96.204 - - [08/Jan/2025:23:36:14 -0500] "GET /affreightment/balaustre604233.html HTTP/1.1" 200 0 "-" "Mozilla/5.0 (compatible; SemrushBot/7~bl; +http://www.semrush.com/bot.html)"
136.243.228.179 - - [08/Jan/2025:23:36:24 -0500] "GET /goods/3122086 HTTP/1.1" 200 0 "-" "Mozilla/5.0 (compatible; DataForSeoBot/1.0; +https://dataforseo.com/dataforseo-bot)"
47.128.96.44 - - [08/Jan/2025:23:37:15 -0500] "GET / HTTP/1.1" 200 0 "-" "Mozilla/5.0 (Linux; Android 5.0) AppleWebKit/537.36 (KHTML, like Gecko) Mobile Safari/537.36 (compatible; Bytespider; spider-feedback@bytedance.com)"
136.243.228.179 - - [08/Jan/2025:23:37:19 -0500] "GET /goods/4088371 HTTP/1.1" 200 0 "-" "Mozilla/5.0 (compatible; DataForSeoBot/1.0; +https://dataforseo.com/dataforseo-bot)"
85.208.96.199 - - [08/Jan/2025:23:38:04 -0500] "GET /chaplaincy/metallographical1591635.html HTTP/1.1" 200 0 "-" "Mozilla/5.0 (compatible; SemrushBot/7~bl; +http://www.semrush.com/bot.html)"
136.243.228.179 - - [08/Jan/2025:23:38:16 -0500] "GET /goods/1270990 HTTP/1.1" 200 0 "-" "Mozilla/5.0 (compatible; DataForSeoBot/1.0; +https://dataforseo.com/dataforseo-bot)"
85.208.96.199 - - [08/Jan/2025:23:38:54 -0500] "GET /chaplaincy/metallographical1591635.html HTTP/1.1" 200 0 "-" "Mozilla/5.0 (compatible; SemrushBot/7~bl; +http://www.semrush.com/bot.html)"
136.243.228.179 - - [08/Jan/2025:23:39:07 -0500] "GET /goods/666046 HTTP/1.1" 200 0 "-" "Mozilla/5.0 (compatible; DataForSeoBot/1.0; +https://dataforseo.com/dataforseo-bot)"
85.208.96.195 - - [08/Jan/2025:23:40:17 -0500] "GET /robots.txt HTTP/1.1" 200 136 "-" "Mozilla/5.0 (compatible; SemrushBot/7~bl; +http://www.semrush.com/bot.html)"
136.243.228.179 - - [08/Jan/2025:23:40:00 -0500] "GET /goods/2555005 HTTP/1.1" 200 0 "-" "Mozilla/5.0 (compatible; DataForSeoBot/1.0; +https://dataforseo.com/dataforseo-bot)"
185.191.171.14 - - [08/Jan/2025:23:40:46 -0500] "GET /chaplaincy/metallographical1170280.html HTTP/1.1" 200 0 "-" "Mozilla/5.0 (compatible; SemrushBot/7~bl; +http://www.semrush.com/bot.html)"
136.243.228.179 - - [08/Jan/2025:23:40:54 -0500] "GET /goods/4313330 HTTP/1.1" 200 0 "-" "Mozilla/5.0 (compatible; DataForSeoBot/1.0; +https://dataforseo.com/dataforseo-bot)"
185.191.171.14 - - [08/Jan/2025:23:41:39 -0500] "GET /chaplaincy/metallographical1170280.html HTTP/1.1" 200 0 "-" "Mozilla/5.0 (compatible; SemrushBot/7~bl; +http://www.semrush.com/bot.html)"
136.243.228.179 - - [08/Jan/2025:23:41:48 -0500] "GET /goods/269184 HTTP/1.1" 200 0 "-" "Mozilla/5.0 (compatible; DataForSeoBot/1.0; +https://dataforseo.com/dataforseo-bot)"
47.128.59.63 - - [08/Jan/2025:23:42:46 -0500] "GET /wp-content/plugins/elementor/includes/widgets/html.php HTTP/1.1" 403 1242 "-" "Mozilla/5.0 (Linux; Android 5.0) AppleWebKit/537.36 (KHTML, like Gecko) Mobile Safari/537.36 (compatible; Bytespider; spider-feedback@bytedance.com)"
216.244.66.247 - - [08/Jan/2025:23:43:15 -0500] "GET /wp-content/plugins/elementor/app/modules/import-export/assets/js/pages/import/import-plugins/components/plugins-to-import/ HTTP/1.1" 200 2048 "-" "Mozilla/5.0 (compatible; DotBot/1.2; +https://opensiteexplorer.org/dotbot; help@moz.com)"
136.243.228.179 - - [08/Jan/2025:23:42:42 -0500] "GET /goods/149251 HTTP/1.1" 200 0 "-" "Mozilla/5.0 (compatible; DataForSeoBot/1.0; +https://dataforseo.com/dataforseo-bot)"
185.191.171.14 - - [08/Jan/2025:23:43:30 -0500] "GET /mechanalize/distrainable1323613.html HTTP/1.1" 200 0 "-" "Mozilla/5.0 (compatible; SemrushBot/7~bl; +http://www.semrush.com/bot.html)"
136.243.228.179 - - [08/Jan/2025:23:43:34 -0500] "GET /goods/2573876 HTTP/1.1" 200 0 "-" "Mozilla/5.0 (compatible; DataForSeoBot/1.0; +https://dataforseo.com/dataforseo-bot)"
185.191.171.14 - - [08/Jan/2025:23:44:22 -0500] "GET /mechanalize/distrainable1323613.html HTTP/1.1" 200 0 "-" "Mozilla/5.0 (compatible; SemrushBot/7~bl; +http://www.semrush.com/bot.html)"
136.243.228.179 - - [08/Jan/2025:23:44:28 -0500] "GET /goods/4223378 HTTP/1.1" 200 0 "-" "Mozilla/5.0 (compatible; DataForSeoBot/1.0; +https://dataforseo.com/dataforseo-bot)"
136.243.228.179 - - [08/Jan/2025:23:45:23 -0500] "GET /goods/1631531 HTTP/1.1" 200 0 "-" "Mozilla/5.0 (compatible; DataForSeoBot/1.0; +https://dataforseo.com/dataforseo-bot)"
47.128.111.140 - - [08/Jan/2025:23:46:46 -0500] "GET /wp-content/plugins/elementor/assets/js/packages/editor-app-bar-ui/editor-app-bar-ui.asset.php HTTP/1.1" 403 1242 "-" "Mozilla/5.0 (Linux; Android 5.0) AppleWebKit/537.36 (KHTML, like Gecko) Mobile Safari/537.36 (compatible; Bytespider; spider-feedback@bytedance.com)"
185.191.171.1 - - [08/Jan/2025:23:46:12 -0500] "GET /dishonorary/microphotograph145438.html HTTP/1.1" 200 0 "-" "Mozilla/5.0 (compatible; SemrushBot/7~bl; +http://www.semrush.com/bot.html)"
136.243.228.179 - - [08/Jan/2025:23:46:15 -0500] "GET /goods/898227 HTTP/1.1" 200 0 "-" "Mozilla/5.0 (compatible; DataForSeoBot/1.0; +https://dataforseo.com/dataforseo-bot)"
185.191.171.1 - - [08/Jan/2025:23:47:02 -0500] "GET /dishonorary/microphotograph145438.html HTTP/1.1" 200 0 "-" "Mozilla/5.0 (compatible; SemrushBot/7~bl; +http://www.semrush.com/bot.html)"
136.243.228.179 - - [08/Jan/2025:23:47:07 -0500] "GET /goods/4130282 HTTP/1.1" 200 0 "-" "Mozilla/5.0 (compatible; DataForSeoBot/1.0; +https://dataforseo.com/dataforseo-bot)"
136.243.228.179 - - [08/Jan/2025:23:48:01 -0500] "GET /goods/1024824 HTTP/1.1" 200 0 "-" "Mozilla/5.0 (compatible; DataForSeoBot/1.0; +https://dataforseo.com/dataforseo-bot)"
136.243.228.179 - - [08/Jan/2025:23:48:54 -0500] "GET /goods/1849034 HTTP/1.1" 200 0 "-" "Mozilla/5.0 (compatible; DataForSeoBot/1.0; +https://dataforseo.com/dataforseo-bot)"
136.243.228.179 - - [08/Jan/2025:23:49:48 -0500] "GET /goods/3888179 HTTP/1.1" 200 0 "-" "Mozilla/5.0 (compatible; DataForSeoBot/1.0; +https://dataforseo.com/dataforseo-bot)"
136.243.228.179 - - [08/Jan/2025:23:50:41 -0500] "GET /goods/1538284 HTTP/1.1" 200 0 "-" "Mozilla/5.0 (compatible; DataForSeoBot/1.0; +https://dataforseo.com/dataforseo-bot)"
47.128.26.27 - - [08/Jan/2025:23:50:47 -0500] "GET / HTTP/1.1" 200 0 "-" "Mozilla/5.0 (Linux; Android 5.0) AppleWebKit/537.36 (KHTML, like Gecko) Mobile Safari/537.36 (compatible; Bytespider; spider-feedback@bytedance.com)"
85.208.96.195 - - [08/Jan/2025:23:51:20 -0500] "GET /knifeless/affreightment880123.html HTTP/1.1" 200 0 "-" "Mozilla/5.0 (compatible; SemrushBot/7~bl; +http://www.semrush.com/bot.html)"
136.243.228.179 - - [08/Jan/2025:23:51:35 -0500] "GET /goods/2527615 HTTP/1.1" 200 0 "-" "Mozilla/5.0 (compatible; DataForSeoBot/1.0; +https://dataforseo.com/dataforseo-bot)"
85.208.96.195 - - [08/Jan/2025:23:52:10 -0500] "GET /knifeless/affreightment880123.html HTTP/1.1" 200 0 "-" "Mozilla/5.0 (compatible; SemrushBot/7~bl; +http://www.semrush.com/bot.html)"
136.243.228.179 - - [08/Jan/2025:23:52:30 -0500] "GET /goods/3385496 HTTP/1.1" 200 0 "-" "Mozilla/5.0 (compatible; DataForSeoBot/1.0; +https://dataforseo.com/dataforseo-bot)"
136.243.228.179 - - [08/Jan/2025:23:53:23 -0500] "GET /goods/515698 HTTP/1.1" 200 0 "-" "Mozilla/5.0 (compatible; DataForSeoBot/1.0; +https://dataforseo.com/dataforseo-bot)"
47.128.28.104 - - [08/Jan/2025:23:54:47 -0500] "GET /wp-content/plugins/elementor/includes/elements/section.php HTTP/1.1" 403 1242 "-" "Mozilla/5.0 (Linux; Android 5.0) AppleWebKit/537.36 (KHTML, like Gecko) Mobile Safari/537.36 (compatible; Bytespider; spider-feedback@bytedance.com)"
85.208.96.199 - - [08/Jan/2025:23:54:00 -0500] "GET /dishonorary/microphotograph1060803.html HTTP/1.1" 200 0 "-" "Mozilla/5.0 (compatible; SemrushBot/7~bl; +http://www.semrush.com/bot.html)"
136.243.228.179 - - [08/Jan/2025:23:54:17 -0500] "GET /goods/4577323 HTTP/1.1" 200 0 "-" "Mozilla/5.0 (compatible; DataForSeoBot/1.0; +https://dataforseo.com/dataforseo-bot)"
85.208.96.199 - - [08/Jan/2025:23:54:51 -0500] "GET /dishonorary/microphotograph1060803.html HTTP/1.1" 200 0 "-" "Mozilla/5.0 (compatible; SemrushBot/7~bl; +http://www.semrush.com/bot.html)"
136.243.228.179 - - [08/Jan/2025:23:55:12 -0500] "GET /goods/2092349 HTTP/1.1" 200 0 "-" "Mozilla/5.0 (compatible; DataForSeoBot/1.0; +https://dataforseo.com/dataforseo-bot)"
85.208.96.198 - - [08/Jan/2025:23:56:41 -0500] "GET /wp-includes/css/dist/list-reusable-blocks/?SA HTTP/1.1" 200 861 "-" "Mozilla/5.0 (compatible; SemrushBot/7~bl; +http://www.semrush.com/bot.html)"
136.243.228.179 - - [08/Jan/2025:23:56:06 -0500] "GET /goods/2190309 HTTP/1.1" 200 0 "-" "Mozilla/5.0 (compatible; DataForSeoBot/1.0; +https://dataforseo.com/dataforseo-bot)"
136.243.228.179 - - [08/Jan/2025:23:56:58 -0500] "GET /goods/4715870 HTTP/1.1" 200 0 "-" "Mozilla/5.0 (compatible; DataForSeoBot/1.0; +https://dataforseo.com/dataforseo-bot)"
185.191.171.11 - - [08/Jan/2025:23:57:13 -0500] "GET /extraplanetary/disjunctively410838.html HTTP/1.1" 200 0 "-" "Mozilla/5.0 (compatible; SemrushBot/7~bl; +http://www.semrush.com/bot.html)"
47.128.43.253 - - [08/Jan/2025:23:58:47 -0500] "GET /wp-content/plugins/elementor/core/common/modules/event-tracker/data/controller.php HTTP/1.1" 403 1242 "-" "Mozilla/5.0 (Linux; Android 5.0) AppleWebKit/537.36 (KHTML, like Gecko) Mobile Safari/537.36 (compatible; Bytespider; spider-feedback@bytedance.com)"
