66.29.132.124 - - [22/Dec/2024:18:56:23 -0500] "POST /wp-admin/admin-ajax.php?action=async_litespeed&nonce=PcIW0dsjNZKUTQAkSi2p9CxPbt5M7hkp&litespeed_type=imgoptm HTTP/1.1" 200 21 "-" "WordPress/6.7.1; https://misswavenigeria.com"
165.231.182.81 - - [22/Dec/2024:18:56:25 -0500] "GET /register/ HTTP/1.0" 200 75922 "https://misswavenigeria.com/register/" "Mozilla/5.0 (Windows NT 6.1; Win64; x64) AppleWebKit/537.36 (KHTML, like Gecko) Chrome/103.0.5060.114 Safari/537.36"
66.29.132.124 - - [22/Dec/2024:18:56:27 -0500] "POST /wp-cron.php?doing_wp_cron=1734911787.7359290122985839843750 HTTP/1.1" 200 0 "-" "WordPress/6.7.1; https://misswavenigeria.com"
165.231.182.81 - - [22/Dec/2024:18:56:27 -0500] "POST /register/ HTTP/1.0" 200 76048 "https://misswavenigeria.com/register/" "Mozilla/5.0 (Windows NT 6.1; Win64; x64) AppleWebKit/537.36 (KHTML, like Gecko) Chrome/103.0.5060.114 Safari/537.36"
66.29.132.124 - - [22/Dec/2024:18:57:49 -0500] "POST /wp-cron.php?doing_wp_cron=1734911869.3180780410766601562500 HTTP/1.1" 200 0 "-" "WordPress/6.7.1; https://misswavenigeria.com"
165.231.182.81 - - [22/Dec/2024:18:57:49 -0500] "GET /register/ HTTP/1.0" 200 75922 "https://misswavenigeria.com/" "Mozilla/5.0 (Windows NT 6.1; Win64; x64) AppleWebKit/537.36 (KHTML, like Gecko) Chrome/103.0.5060.114 Safari/537.36"
66.29.132.124 - - [22/Dec/2024:18:57:49 -0500] "POST /wp-admin/admin-ajax.php?action=async_litespeed&nonce=JafvfXW02xA0jYPAiNcPbbduR7HwIFO1&litespeed_type=imgoptm HTTP/1.1" 200 21 "-" "WordPress/6.7.1; https://misswavenigeria.com"
66.29.132.124 - - [22/Dec/2024:18:59:09 -0500] "POST /wp-cron.php?doing_wp_cron=1734911949.1948599815368652343750 HTTP/1.1" 200 0 "-" "WordPress/6.7.1; https://misswavenigeria.com"
66.29.132.124 - - [22/Dec/2024:18:59:09 -0500] "POST /wp-admin/admin-ajax.php?action=async_litespeed&nonce=n1Dt7kAGk4DYOKEnedztnDkMuihtmeuy&litespeed_type=imgoptm HTTP/1.1" 200 21 "-" "WordPress/6.7.1; https://misswavenigeria.com"
165.231.182.81 - - [22/Dec/2024:18:59:08 -0500] "GET / HTTP/1.0" 200 109053 "https://misswavenigeria.com/" "Mozilla/5.0 (Windows NT 10.0; Win64; x64) AppleWebKit/537.36 (KHTML, like Gecko) Chrome/103.0.5060.66 Safari/537.36"
165.231.182.81 - - [22/Dec/2024:18:59:11 -0500] "GET /register/ HTTP/1.0" 200 75922 "https://misswavenigeria.com/register/" "Mozilla/5.0 (Windows NT 10.0; Win64; x64) AppleWebKit/537.36 (KHTML, like Gecko) Chrome/103.0.5060.66 Safari/537.36"
165.231.182.81 - - [22/Dec/2024:18:59:13 -0500] "POST /register/ HTTP/1.0" 200 76048 "https://misswavenigeria.com/register/" "Mozilla/5.0 (Windows NT 10.0; Win64; x64) AppleWebKit/537.36 (KHTML, like Gecko) Chrome/103.0.5060.66 Safari/537.36"
66.29.132.124 - - [22/Dec/2024:19:01:11 -0500] "POST /wp-cron.php?doing_wp_cron=1734912071.7904260158538818359375 HTTP/1.1" 200 0 "-" "WordPress/6.7.1; https://misswavenigeria.com"
165.231.182.81 - - [22/Dec/2024:19:01:11 -0500] "GET /register/ HTTP/1.0" 200 75922 "https://misswavenigeria.com/" "Mozilla/5.0 (Windows NT 10.0; Win64; x64) AppleWebKit/537.36 (KHTML, like Gecko) Chrome/103.0.5060.66 Safari/537.36"
66.29.132.124 - - [22/Dec/2024:19:01:12 -0500] "POST /wp-admin/admin-ajax.php?action=async_litespeed&nonce=Pc7e7Kjd3jX5qRHZgYbhN6Lj4qj3n7Z9&litespeed_type=imgoptm HTTP/1.1" 200 21 "-" "WordPress/6.7.1; https://misswavenigeria.com"
66.29.132.124 - - [22/Dec/2024:19:02:03 -0500] "POST /wp-cron.php?doing_wp_cron=1734912123.0937769412994384765625 HTTP/1.1" 200 0 "-" "WordPress/6.7.1; https://misswavenigeria.com"
165.231.182.81 - - [22/Dec/2024:19:02:02 -0500] "GET / HTTP/1.0" 200 109055 "https://misswavenigeria.com/" "Mozilla/5.0 (Windows NT 10.0; Win64; x64) AppleWebKit/537.36 (KHTML, like Gecko) Chrome/103.0.5060.114 Safari/537.36"
66.29.132.124 - - [22/Dec/2024:19:02:03 -0500] "POST /wp-admin/admin-ajax.php?action=async_litespeed&nonce=aLvFGWUd8oKShEQNNKUFwCN4WK2HS51v&litespeed_type=imgoptm HTTP/1.1" 200 21 "-" "WordPress/6.7.1; https://misswavenigeria.com"
165.231.182.81 - - [22/Dec/2024:19:02:05 -0500] "GET /register/ HTTP/1.0" 200 75922 "https://misswavenigeria.com/register/" "Mozilla/5.0 (Windows NT 10.0; Win64; x64) AppleWebKit/537.36 (KHTML, like Gecko) Chrome/103.0.5060.114 Safari/537.36"
165.231.182.81 - - [22/Dec/2024:19:02:07 -0500] "POST /register/ HTTP/1.0" 200 76048 "https://misswavenigeria.com/register/" "Mozilla/5.0 (Windows NT 10.0; Win64; x64) AppleWebKit/537.36 (KHTML, like Gecko) Chrome/103.0.5060.114 Safari/537.36"
66.29.132.124 - - [22/Dec/2024:19:03:25 -0500] "POST /wp-cron.php?doing_wp_cron=1734912205.5271899700164794921875 HTTP/1.1" 200 0 "-" "WordPress/6.7.1; https://misswavenigeria.com"
165.231.182.81 - - [22/Dec/2024:19:03:25 -0500] "GET /register/ HTTP/1.0" 200 75922 "https://misswavenigeria.com/" "Mozilla/5.0 (Windows NT 10.0; Win64; x64) AppleWebKit/537.36 (KHTML, like Gecko) Chrome/103.0.5060.114 Safari/537.36"
66.29.132.124 - - [22/Dec/2024:19:03:25 -0500] "POST /wp-admin/admin-ajax.php?action=async_litespeed&nonce=vmQaKSBIUPb8wCmKJEDAA8UYgwFWQajG&litespeed_type=imgoptm HTTP/1.1" 200 21 "-" "WordPress/6.7.1; https://misswavenigeria.com"
66.29.132.124 - - [22/Dec/2024:19:04:56 -0500] "POST /wp-cron.php?doing_wp_cron=1734912296.8935608863830566406250 HTTP/1.1" 200 0 "-" "WordPress/6.7.1; https://misswavenigeria.com"
165.231.182.81 - - [22/Dec/2024:19:04:55 -0500] "GET / HTTP/1.0" 200 109055 "https://misswavenigeria.com/" "Mozilla/5.0 (Windows NT 6.1; Win64; x64) AppleWebKit/537.36 (KHTML, like Gecko) Chrome/103.0.5060.66 Safari/537.36"
66.29.132.124 - - [22/Dec/2024:19:04:57 -0500] "POST /wp-admin/admin-ajax.php?action=async_litespeed&nonce=LlKm0zaOngxphAVTk5CLACgk02Nt2L8m&litespeed_type=imgoptm HTTP/1.1" 200 21 "-" "WordPress/6.7.1; https://misswavenigeria.com"
165.231.182.81 - - [22/Dec/2024:19:04:59 -0500] "GET /register/ HTTP/1.0" 200 75922 "https://misswavenigeria.com/register/" "Mozilla/5.0 (Windows NT 6.1; Win64; x64) AppleWebKit/537.36 (KHTML, like Gecko) Chrome/103.0.5060.66 Safari/537.36"
165.231.182.81 - - [22/Dec/2024:19:05:00 -0500] "POST /register/ HTTP/1.0" 200 76048 "https://misswavenigeria.com/register/" "Mozilla/5.0 (Windows NT 6.1; Win64; x64) AppleWebKit/537.36 (KHTML, like Gecko) Chrome/103.0.5060.66 Safari/537.36"
66.29.132.124 - - [22/Dec/2024:19:06:15 -0500] "POST /wp-cron.php?doing_wp_cron=1734912375.3053228855133056640625 HTTP/1.1" 200 0 "-" "WordPress/6.7.1; https://misswavenigeria.com"
165.231.182.81 - - [22/Dec/2024:19:06:15 -0500] "GET /register/ HTTP/1.0" 200 75922 "https://misswavenigeria.com/" "Mozilla/5.0 (Windows NT 6.1; Win64; x64) AppleWebKit/537.36 (KHTML, like Gecko) Chrome/103.0.5060.66 Safari/537.36"
66.29.132.124 - - [22/Dec/2024:19:06:16 -0500] "POST /wp-admin/admin-ajax.php?action=async_litespeed&nonce=Ml3Z6lgRfbZe3OEy8RWm6JLgYIQPGJMt&litespeed_type=imgoptm HTTP/1.1" 200 21 "-" "WordPress/6.7.1; https://misswavenigeria.com"
66.29.132.124 - - [22/Dec/2024:19:07:52 -0500] "POST /wp-cron.php?doing_wp_cron=1734912472.0833320617675781250000 HTTP/1.1" 200 0 "-" "WordPress/6.7.1; https://misswavenigeria.com"
165.231.182.81 - - [22/Dec/2024:19:07:50 -0500] "GET / HTTP/1.0" 200 109053 "https://misswavenigeria.com/" "Mozilla/5.0 (Windows NT 10.0; Win64; x64) AppleWebKit/537.36 (KHTML, like Gecko) Chrome/103.0.5060.114 Safari/537.36"
66.29.132.124 - - [22/Dec/2024:19:07:52 -0500] "POST /wp-admin/admin-ajax.php?action=async_litespeed&nonce=4txdqdS0blmsYDbNhGqBW854pTiVWIwp&litespeed_type=imgoptm HTTP/1.1" 200 21 "-" "WordPress/6.7.1; https://misswavenigeria.com"
165.231.182.81 - - [22/Dec/2024:19:07:54 -0500] "GET /register/ HTTP/1.0" 200 75922 "https://misswavenigeria.com/register/" "Mozilla/5.0 (Windows NT 10.0; Win64; x64) AppleWebKit/537.36 (KHTML, like Gecko) Chrome/103.0.5060.114 Safari/537.36"
165.231.182.81 - - [22/Dec/2024:19:07:56 -0500] "POST /register/ HTTP/1.0" 200 76048 "https://misswavenigeria.com/register/" "Mozilla/5.0 (Windows NT 10.0; Win64; x64) AppleWebKit/537.36 (KHTML, like Gecko) Chrome/103.0.5060.114 Safari/537.36"
66.29.132.124 - - [22/Dec/2024:19:08:57 -0500] "POST /wp-cron.php?doing_wp_cron=1734912537.3426289558410644531250 HTTP/1.1" 200 0 "-" "WordPress/6.7.1; https://misswavenigeria.com"
165.231.182.81 - - [22/Dec/2024:19:08:57 -0500] "GET /register/ HTTP/1.0" 200 75922 "https://misswavenigeria.com/" "Mozilla/5.0 (Windows NT 10.0; Win64; x64) AppleWebKit/537.36 (KHTML, like Gecko) Chrome/103.0.5060.114 Safari/537.36"
66.29.132.124 - - [22/Dec/2024:19:08:57 -0500] "POST /wp-admin/admin-ajax.php?action=async_litespeed&nonce=gJR6WjG9jL6w6xxIRaOiFr4wPG3RAPVr&litespeed_type=imgoptm HTTP/1.1" 200 21 "-" "WordPress/6.7.1; https://misswavenigeria.com"
66.29.132.124 - - [22/Dec/2024:19:10:42 -0500] "POST /wp-cron.php?doing_wp_cron=1734912642.6164629459381103515625 HTTP/1.1" 200 0 "-" "WordPress/6.7.1; https://misswavenigeria.com"
165.231.182.81 - - [22/Dec/2024:19:10:41 -0500] "GET / HTTP/1.0" 200 109051 "https://misswavenigeria.com/" "Mozilla/5.0 (Windows NT 6.1) AppleWebKit/537.36 (KHTML, like Gecko) Chrome/103.0.5060.114 Safari/537.36"
66.29.132.124 - - [22/Dec/2024:19:10:42 -0500] "POST /wp-admin/admin-ajax.php?action=async_litespeed&nonce=oGh2ouGPaRqZtFPctQ6jcUAEsBQLDmtL&litespeed_type=imgoptm HTTP/1.1" 200 21 "-" "WordPress/6.7.1; https://misswavenigeria.com"
165.231.182.81 - - [22/Dec/2024:19:10:44 -0500] "GET /register/ HTTP/1.0" 200 75922 "https://misswavenigeria.com/register/" "Mozilla/5.0 (Windows NT 6.1) AppleWebKit/537.36 (KHTML, like Gecko) Chrome/103.0.5060.114 Safari/537.36"
165.231.182.81 - - [22/Dec/2024:19:10:46 -0500] "POST /register/ HTTP/1.0" 200 76048 "https://misswavenigeria.com/register/" "Mozilla/5.0 (Windows NT 6.1) AppleWebKit/537.36 (KHTML, like Gecko) Chrome/103.0.5060.114 Safari/537.36"
66.29.132.124 - - [22/Dec/2024:19:11:59 -0500] "POST /wp-cron.php?doing_wp_cron=1734912719.3117389678955078125000 HTTP/1.1" 200 0 "-" "WordPress/6.7.1; https://misswavenigeria.com"
165.231.182.81 - - [22/Dec/2024:19:11:59 -0500] "GET /register/ HTTP/1.0" 200 75922 "https://misswavenigeria.com/" "Mozilla/5.0 (Windows NT 6.1) AppleWebKit/537.36 (KHTML, like Gecko) Chrome/103.0.5060.114 Safari/537.36"
66.29.132.124 - - [22/Dec/2024:19:11:59 -0500] "POST /wp-admin/admin-ajax.php?action=async_litespeed&nonce=ZXXK9JvDLQHmYMabss66TKm13xnFu2UZ&litespeed_type=imgoptm HTTP/1.1" 200 21 "-" "WordPress/6.7.1; https://misswavenigeria.com"
66.29.132.124 - - [22/Dec/2024:19:13:35 -0500] "POST /wp-cron.php?doing_wp_cron=1734912815.2651679515838623046875 HTTP/1.1" 200 0 "-" "WordPress/6.7.1; https://misswavenigeria.com"
165.231.182.81 - - [22/Dec/2024:19:13:33 -0500] "GET / HTTP/1.0" 200 109055 "https://misswavenigeria.com/" "Mozilla/5.0 (Windows NT 6.3) AppleWebKit/537.36 (KHTML, like Gecko) Chrome/103.0.0.0 Safari/537.36"
66.29.132.124 - - [22/Dec/2024:19:13:35 -0500] "POST /wp-admin/admin-ajax.php?action=async_litespeed&nonce=oBH5jeck1jDO8BPjkTgxJyqZ2K6dCaoa&litespeed_type=imgoptm HTTP/1.1" 200 21 "-" "WordPress/6.7.1; https://misswavenigeria.com"
165.231.182.81 - - [22/Dec/2024:19:13:37 -0500] "GET /register/ HTTP/1.0" 200 75922 "https://misswavenigeria.com/register/" "Mozilla/5.0 (Windows NT 6.3) AppleWebKit/537.36 (KHTML, like Gecko) Chrome/103.0.0.0 Safari/537.36"
165.231.182.81 - - [22/Dec/2024:19:13:39 -0500] "POST /register/ HTTP/1.0" 200 76048 "https://misswavenigeria.com/register/" "Mozilla/5.0 (Windows NT 6.3) AppleWebKit/537.36 (KHTML, like Gecko) Chrome/103.0.0.0 Safari/537.36"
66.29.132.124 - - [22/Dec/2024:19:14:55 -0500] "POST /wp-cron.php?doing_wp_cron=1734912895.7152240276336669921875 HTTP/1.1" 200 0 "-" "WordPress/6.7.1; https://misswavenigeria.com"
165.231.182.81 - - [22/Dec/2024:19:14:55 -0500] "GET /register/ HTTP/1.0" 200 75922 "https://misswavenigeria.com/" "Mozilla/5.0 (Windows NT 6.3) AppleWebKit/537.36 (KHTML, like Gecko) Chrome/103.0.0.0 Safari/537.36"
66.29.132.124 - - [22/Dec/2024:19:14:55 -0500] "POST /wp-admin/admin-ajax.php?action=async_litespeed&nonce=Fh4xI0wmv6oMbVYJPLDCtp97onUz3rad&litespeed_type=imgoptm HTTP/1.1" 200 21 "-" "WordPress/6.7.1; https://misswavenigeria.com"
66.29.132.124 - - [22/Dec/2024:19:16:29 -0500] "POST /wp-cron.php?doing_wp_cron=1734912989.8533680438995361328125 HTTP/1.1" 200 0 "-" "WordPress/6.7.1; https://misswavenigeria.com"
66.29.132.124 - - [22/Dec/2024:19:16:29 -0500] "POST /wp-cron.php?doing_wp_cron=1734912989.8533349037170410156250 HTTP/1.1" 200 0 "-" "WordPress/6.7.1; https://misswavenigeria.com"
51.75.121.63 - - [22/Dec/2024:19:16:27 -0500] "GET /contact/ HTTP/1.1" 200 17572 "-" "Mozilla/5.0 (Linux x86_64; rv:114.0) Gecko/20100101 Firefox/114.0"
165.231.182.81 - - [22/Dec/2024:19:16:29 -0500] "GET / HTTP/1.0" 200 109053 "https://misswavenigeria.com/" "Mozilla/5.0 (Windows NT 10.0; Win64; x64) AppleWebKit/537.36 (KHTML, like Gecko) Chrome/103.0.5060.114 Safari/537.36"
66.29.132.124 - - [22/Dec/2024:19:16:30 -0500] "POST /wp-admin/admin-ajax.php?action=async_litespeed&nonce=MAbTxDIBflQCxC62BWcHYsObPRJC7E6s&litespeed_type=imgoptm HTTP/1.1" 200 21 "-" "WordPress/6.7.1; https://misswavenigeria.com"
47.254.76.202 - - [22/Dec/2024:19:16:31 -0500] "GET /wp-content/plugins/contact-form-7/includes/js/index.js?ver=6.0.2 HTTP/1.1" 200 4008 "https://misswavenigeria.com/contact/" "Mozilla/5.0 (Linux x86_64; rv:114.0) Gecko/20100101 Firefox/114.0"
165.231.182.81 - - [22/Dec/2024:19:16:32 -0500] "GET /register/ HTTP/1.0" 200 75922 "https://misswavenigeria.com/register/" "Mozilla/5.0 (Windows NT 10.0; Win64; x64) AppleWebKit/537.36 (KHTML, like Gecko) Chrome/103.0.5060.114 Safari/537.36"
66.29.132.124 - - [22/Dec/2024:19:16:34 -0500] "POST /wp-cron.php?doing_wp_cron=1734912994.0047481060028076171875 HTTP/1.1" 200 0 "-" "WordPress/6.7.1; https://misswavenigeria.com"
66.29.132.124 - - [22/Dec/2024:19:16:34 -0500] "POST /wp-admin/admin-ajax.php?action=async_litespeed&nonce=tydtDcXTxwSohRGeipj03Ta7MzRBMJ9k&litespeed_type=imgoptm HTTP/1.1" 200 21 "-" "WordPress/6.7.1; https://misswavenigeria.com"
47.254.76.202 - - [22/Dec/2024:19:17:13 -0500] "POST /wp-json/contact-form-7/v1/contact-forms/249/feedback HTTP/1.1" 200 220 "https://misswavenigeria.com/contact/" "Mozilla/5.0 (Linux x86_64; rv:114.0) Gecko/20100101 Firefox/114.0"
165.231.182.81 - - [22/Dec/2024:19:16:33 -0500] "POST /register/ HTTP/1.0" 200 76048 "https://misswavenigeria.com/register/" "Mozilla/5.0 (Windows NT 10.0; Win64; x64) AppleWebKit/537.36 (KHTML, like Gecko) Chrome/103.0.5060.114 Safari/537.36"
66.29.132.124 - - [22/Dec/2024:19:17:53 -0500] "POST /wp-cron.php?doing_wp_cron=1734913073.8890368938446044921875 HTTP/1.1" 200 0 "-" "WordPress/6.7.1; https://misswavenigeria.com"
165.231.182.81 - - [22/Dec/2024:19:17:53 -0500] "GET /register/ HTTP/1.0" 200 75922 "https://misswavenigeria.com/" "Mozilla/5.0 (Windows NT 10.0; Win64; x64) AppleWebKit/537.36 (KHTML, like Gecko) Chrome/103.0.5060.114 Safari/537.36"
66.29.132.124 - - [22/Dec/2024:19:17:54 -0500] "POST /wp-admin/admin-ajax.php?action=async_litespeed&nonce=22moflkSujZX55ZA0nrR6ipwfdN40OAy&litespeed_type=imgoptm HTTP/1.1" 200 21 "-" "WordPress/6.7.1; https://misswavenigeria.com"
66.29.132.124 - - [22/Dec/2024:19:19:24 -0500] "POST /wp-cron.php?doing_wp_cron=1734913164.4396259784698486328125 HTTP/1.1" 200 0 "-" "WordPress/6.7.1; https://misswavenigeria.com"
165.231.182.81 - - [22/Dec/2024:19:19:22 -0500] "GET / HTTP/1.0" 200 109053 "https://misswavenigeria.com/" "Mozilla/5.0 (Windows NT 6.3; Win64; x64) AppleWebKit/537.36 (KHTML, like Gecko) Chrome/103.0.5060.66 Safari/537.36"
66.29.132.124 - - [22/Dec/2024:19:19:24 -0500] "POST /wp-admin/admin-ajax.php?action=async_litespeed&nonce=qYAWWhOA3Ez5f5GANfZ8OQthQhTopiR4&litespeed_type=imgoptm HTTP/1.1" 200 21 "-" "WordPress/6.7.1; https://misswavenigeria.com"
165.231.182.81 - - [22/Dec/2024:19:19:26 -0500] "GET /register/ HTTP/1.0" 200 75922 "https://misswavenigeria.com/register/" "Mozilla/5.0 (Windows NT 6.3; Win64; x64) AppleWebKit/537.36 (KHTML, like Gecko) Chrome/103.0.5060.66 Safari/537.36"
66.29.132.124 - - [22/Dec/2024:19:19:28 -0500] "POST /wp-cron.php?doing_wp_cron=1734913168.5410189628601074218750 HTTP/1.1" 200 0 "-" "WordPress/6.7.1; https://misswavenigeria.com"
17.241.75.128 - - [22/Dec/2024:19:20:26 -0500] "GET /robots.txt HTTP/1.1" 200 115 "-" "Mozilla/5.0 (Macintosh; Intel Mac OS X 10_15_7) AppleWebKit/605.1.15 (KHTML, like Gecko) Version/17.4 Safari/605.1.15 (Applebot/0.1; +http://www.apple.com/go/applebot)"
66.29.132.124 - - [22/Dec/2024:19:20:27 -0500] "POST /wp-cron.php?doing_wp_cron=1734913227.1247661113739013671875 HTTP/1.1" 200 0 "-" "WordPress/6.7.1; https://misswavenigeria.com"
17.241.75.128 - - [22/Dec/2024:19:20:26 -0500] "GET /o_models/mary-miss-anambra/ HTTP/1.1" 200 18442 "-" "Mozilla/5.0 (Macintosh; Intel Mac OS X 10_15_7) AppleWebKit/605.1.15 (KHTML, like Gecko) Version/17.4 Safari/605.1.15 (Applebot/0.1; +http://www.apple.com/go/applebot)"
66.29.132.124 - - [22/Dec/2024:19:20:27 -0500] "POST /wp-admin/admin-ajax.php?action=async_litespeed&nonce=1oxykdhUfYkFUa0VECWmMflI8Qx2rp6V&litespeed_type=imgoptm HTTP/1.1" 200 21 "-" "WordPress/6.7.1; https://misswavenigeria.com"
165.231.182.81 - - [22/Dec/2024:19:19:28 -0500] "POST /register/ HTTP/1.0" 200 76048 "https://misswavenigeria.com/register/" "Mozilla/5.0 (Windows NT 6.3; Win64; x64) AppleWebKit/537.36 (KHTML, like Gecko) Chrome/103.0.5060.66 Safari/537.36"
66.29.132.124 - - [22/Dec/2024:19:20:47 -0500] "POST /wp-cron.php?doing_wp_cron=1734913247.0957040786743164062500 HTTP/1.1" 200 0 "-" "WordPress/6.7.1; https://misswavenigeria.com"
165.231.182.81 - - [22/Dec/2024:19:20:46 -0500] "GET /register/ HTTP/1.0" 200 75922 "https://misswavenigeria.com/" "Mozilla/5.0 (Windows NT 6.3; Win64; x64) AppleWebKit/537.36 (KHTML, like Gecko) Chrome/103.0.5060.66 Safari/537.36"
66.29.132.124 - - [22/Dec/2024:19:20:47 -0500] "POST /wp-admin/admin-ajax.php?action=async_litespeed&nonce=WYA55ND8UZ3PBuuaV6en0lxbJ0yicp6Z&litespeed_type=imgoptm HTTP/1.1" 200 21 "-" "WordPress/6.7.1; https://misswavenigeria.com"
17.241.75.114 - - [22/Dec/2024:19:21:15 -0500] "GET /wp-content/plugins/contact-form-7/includes/css/styles.css?ver=6.0.2 HTTP/1.1" 200 1101 "https://misswavenigeria.com/o_models/mary-miss-anambra/" "Mozilla/5.0 (Macintosh; Intel Mac OS X 10_15_7) AppleWebKit/605.1.15 (KHTML, like Gecko) Version/17.4 Safari/605.1.15 (Applebot/0.1; +http://www.apple.com/go/applebot)"
17.241.75.186 - - [22/Dec/2024:19:21:16 -0500] "GET /wp-content/themes/ombre/css/animations.css?ver=1.0 HTTP/1.1" 200 1602 "https://misswavenigeria.com/o_models/mary-miss-anambra/" "Mozilla/5.0 (Macintosh; Intel Mac OS X 10_15_7) AppleWebKit/605.1.15 (KHTML, like Gecko) Version/17.4 Safari/605.1.15 (Applebot/0.1; +http://www.apple.com/go/applebot)"
17.241.75.49 - - [22/Dec/2024:19:21:16 -0500] "GET /wp-content/themes/ombre/css/normalize.css?ver=1.0 HTTP/1.1" 200 1094 "https://misswavenigeria.com/o_models/mary-miss-anambra/" "Mozilla/5.0 (Macintosh; Intel Mac OS X 10_15_7) AppleWebKit/605.1.15 (KHTML, like Gecko) Version/17.4 Safari/605.1.15 (Applebot/0.1; +http://www.apple.com/go/applebot)"
17.241.75.156 - - [22/Dec/2024:19:21:17 -0500] "GET /wp-content/themes/ombre/css/fakeloader.css?ver=1.0 HTTP/1.1" 200 1681 "https://misswavenigeria.com/o_models/mary-miss-anambra/" "Mozilla/5.0 (Macintosh; Intel Mac OS X 10_15_7) AppleWebKit/605.1.15 (KHTML, like Gecko) Version/17.4 Safari/605.1.15 (Applebot/0.1; +http://www.apple.com/go/applebot)"
17.241.219.175 - - [22/Dec/2024:19:21:17 -0500] "GET /wp-content/plugins/ombre-features/css/ecwid.css?ver=1.0 HTTP/1.1" 200 5565 "https://misswavenigeria.com/o_models/mary-miss-anambra/" "Mozilla/5.0 (Macintosh; Intel Mac OS X 10_15_7) AppleWebKit/605.1.15 (KHTML, like Gecko) Version/17.4 Safari/605.1.15 (Applebot/0.1; +http://www.apple.com/go/applebot)"
17.241.75.24 - - [22/Dec/2024:19:21:18 -0500] "GET /wp-includes/css/dist/block-library/style.min.css?ver=6.7.1 HTTP/1.1" 200 19532 "https://misswavenigeria.com/o_models/mary-miss-anambra/" "Mozilla/5.0 (Macintosh; Intel Mac OS X 10_15_7) AppleWebKit/605.1.15 (KHTML, like Gecko) Version/17.4 Safari/605.1.15 (Applebot/0.1; +http://www.apple.com/go/applebot)"
17.241.227.70 - - [22/Dec/2024:19:21:18 -0500] "GET /wp-content/themes/ombre/css/font-awesome.min.css?ver=1.0 HTTP/1.1" 200 7025 "https://misswavenigeria.com/o_models/mary-miss-anambra/" "Mozilla/5.0 (Macintosh; Intel Mac OS X 10_15_7) AppleWebKit/605.1.15 (KHTML, like Gecko) Version/17.4 Safari/605.1.15 (Applebot/0.1; +http://www.apple.com/go/applebot)"
17.241.75.49 - - [22/Dec/2024:19:21:19 -0500] "GET /wp-content/themes/ombre/style.css?ver=6.7.1 HTTP/1.1" 200 13722 "https://misswavenigeria.com/o_models/mary-miss-anambra/" "Mozilla/5.0 (Macintosh; Intel Mac OS X 10_15_7) AppleWebKit/605.1.15 (KHTML, like Gecko) Version/17.4 Safari/605.1.15 (Applebot/0.1; +http://www.apple.com/go/applebot)"
17.241.219.166 - - [22/Dec/2024:19:21:19 -0500] "GET /wp-content/themes/ombre/css/tooltipster.css?ver=1.0 HTTP/1.1" 200 1973 "https://misswavenigeria.com/o_models/mary-miss-anambra/" "Mozilla/5.0 (Macintosh; Intel Mac OS X 10_15_7) AppleWebKit/605.1.15 (KHTML, like Gecko) Version/17.4 Safari/605.1.15 (Applebot/0.1; +http://www.apple.com/go/applebot)"
17.241.75.105 - - [22/Dec/2024:19:21:20 -0500] "GET /wp-content/themes/ombre/css/skin.css?ver=1.0 HTTP/1.1" 200 4149 "https://misswavenigeria.com/o_models/mary-miss-anambra/" "Mozilla/5.0 (Macintosh; Intel Mac OS X 10_15_7) AppleWebKit/605.1.15 (KHTML, like Gecko) Version/17.4 Safari/605.1.15 (Applebot/0.1; +http://www.apple.com/go/applebot)"
17.241.227.202 - - [22/Dec/2024:19:21:20 -0500] "GET /wp-content/plugins/ombre-features/css/lightgallery.css?ver=1.0 HTTP/1.1" 200 8037 "https://misswavenigeria.com/o_models/mary-miss-anambra/" "Mozilla/5.0 (Macintosh; Intel Mac OS X 10_15_7) AppleWebKit/605.1.15 (KHTML, like Gecko) Version/17.4 Safari/605.1.15 (Applebot/0.1; +http://www.apple.com/go/applebot)"
17.241.227.70 - - [22/Dec/2024:19:21:21 -0500] "GET /wp-content/plugins/ombre-features/css/colorbox.css?ver=1.0 HTTP/1.1" 200 1356 "https://misswavenigeria.com/o_models/mary-miss-anambra/" "Mozilla/5.0 (Macintosh; Intel Mac OS X 10_15_7) AppleWebKit/605.1.15 (KHTML, like Gecko) Version/17.4 Safari/605.1.15 (Applebot/0.1; +http://www.apple.com/go/applebot)"
17.241.75.200 - - [22/Dec/2024:19:21:21 -0500] "GET /wp-content/plugins/ombre-features/css/owl.css?ver=1.0 HTTP/1.1" 200 1595 "https://misswavenigeria.com/o_models/mary-miss-anambra/" "Mozilla/5.0 (Macintosh; Intel Mac OS X 10_15_7) AppleWebKit/605.1.15 (KHTML, like Gecko) Version/17.4 Safari/605.1.15 (Applebot/0.1; +http://www.apple.com/go/applebot)"
17.241.219.166 - - [22/Dec/2024:19:21:21 -0500] "GET /wp-content/plugins/ombre-features/css/style.css?ver=1.0 HTTP/1.1" 200 5526 "https://misswavenigeria.com/o_models/mary-miss-anambra/" "Mozilla/5.0 (Macintosh; Intel Mac OS X 10_15_7) AppleWebKit/605.1.15 (KHTML, like Gecko) Version/17.4 Safari/605.1.15 (Applebot/0.1; +http://www.apple.com/go/applebot)"
66.249.79.107 - - [22/Dec/2024:19:21:21 -0500] "GET /goods/C450452?k=product HTTP/1.1" 301 0 "-" "Mozilla/5.0 (Linux; Android 6.0.1; Nexus 5X Build/MMB29P) AppleWebKit/537.36 (KHTML, like Gecko) Chrome/131.0.6778.139 Mobile Safari/537.36 (compatible; Googlebot/2.1; +http://www.google.com/bot.html)"
66.249.79.130 - - [22/Dec/2024:19:21:22 -0500] "GET /goods/C450452?k=product HTTP/1.1" 404 15610 "-" "Mozilla/5.0 (Linux; Android 6.0.1; Nexus 5X Build/MMB29P) AppleWebKit/537.36 (KHTML, like Gecko) Chrome/131.0.6778.139 Mobile Safari/537.36 (compatible; Googlebot/2.1; +http://www.google.com/bot.html)"
17.241.227.134 - - [22/Dec/2024:19:21:22 -0500] "GET /wp-includes/js/jquery/jquery.min.js?ver=3.7.1 HTTP/1.1" 200 35438 "https://misswavenigeria.com/o_models/mary-miss-anambra/" "Mozilla/5.0 (Macintosh; Intel Mac OS X 10_15_7) AppleWebKit/605.1.15 (KHTML, like Gecko) Version/17.4 Safari/605.1.15 (Applebot/0.1; +http://www.apple.com/go/applebot)"
17.241.227.227 - - [22/Dec/2024:19:21:23 -0500] "GET /wp-includes/js/jquery/jquery-migrate.min.js?ver=3.4.1 HTTP/1.1" 200 5342 "https://misswavenigeria.com/o_models/mary-miss-anambra/" "Mozilla/5.0 (Macintosh; Intel Mac OS X 10_15_7) AppleWebKit/605.1.15 (KHTML, like Gecko) Version/17.4 Safari/605.1.15 (Applebot/0.1; +http://www.apple.com/go/applebot)"
17.241.227.94 - - [22/Dec/2024:19:21:23 -0500] "GET /wp-content/plugins/cf7-paystack-add-on/assets/js/redirect.js HTTP/1.1" 200 499 "https://misswavenigeria.com/o_models/mary-miss-anambra/" "Mozilla/5.0 (Macintosh; Intel Mac OS X 10_15_7) AppleWebKit/605.1.15 (KHTML, like Gecko) Version/17.4 Safari/605.1.15 (Applebot/0.1; +http://www.apple.com/go/applebot)"
17.241.75.114 - - [22/Dec/2024:19:21:24 -0500] "GET /wp-includes/js/dist/hooks.min.js?ver=4d63a3d491d11ffd8ac6 HTTP/1.1" 200 1758 "https://misswavenigeria.com/o_models/mary-miss-anambra/" "Mozilla/5.0 (Macintosh; Intel Mac OS X 10_15_7) AppleWebKit/605.1.15 (KHTML, like Gecko) Version/17.4 Safari/605.1.15 (Applebot/0.1; +http://www.apple.com/go/applebot)"
17.241.227.37 - - [22/Dec/2024:19:21:24 -0500] "GET /wp-content/themes/ombre/js/fakeloader.js?ver=1.0.0 HTTP/1.1" 200 718 "https://misswavenigeria.com/o_models/mary-miss-anambra/" "Mozilla/5.0 (Macintosh; Intel Mac OS X 10_15_7) AppleWebKit/605.1.15 (KHTML, like Gecko) Version/17.4 Safari/605.1.15 (Applebot/0.1; +http://www.apple.com/go/applebot)"
17.241.219.166 - - [22/Dec/2024:19:21:24 -0500] "GET /wp-includes/js/dist/i18n.min.js?ver=5e580eb46a90c2b997e6 HTTP/1.1" 200 3910 "https://misswavenigeria.com/o_models/mary-miss-anambra/" "Mozilla/5.0 (Macintosh; Intel Mac OS X 10_15_7) AppleWebKit/605.1.15 (KHTML, like Gecko) Version/17.4 Safari/605.1.15 (Applebot/0.1; +http://www.apple.com/go/applebot)"
17.241.75.105 - - [22/Dec/2024:19:21:25 -0500] "GET /wp-content/plugins/contact-form-7/includes/swv/js/index.js?ver=6.0.2 HTTP/1.1" 200 3878 "https://misswavenigeria.com/o_models/mary-miss-anambra/" "Mozilla/5.0 (Macintosh; Intel Mac OS X 10_15_7) AppleWebKit/605.1.15 (KHTML, like Gecko) Version/17.4 Safari/605.1.15 (Applebot/0.1; +http://www.apple.com/go/applebot)"
17.241.227.34 - - [22/Dec/2024:19:21:25 -0500] "GET /wp-content/plugins/contact-form-7/includes/js/index.js?ver=6.0.2 HTTP/1.1" 200 4788 "https://misswavenigeria.com/o_models/mary-miss-anambra/" "Mozilla/5.0 (Macintosh; Intel Mac OS X 10_15_7) AppleWebKit/605.1.15 (KHTML, like Gecko) Version/17.4 Safari/605.1.15 (Applebot/0.1; +http://www.apple.com/go/applebot)"
17.241.219.175 - - [22/Dec/2024:19:21:26 -0500] "GET /wp-content/themes/ombre/js/backstretch.min.js?ver=2.0.4 HTTP/1.1" 200 1930 "https://misswavenigeria.com/o_models/mary-miss-anambra/" "Mozilla/5.0 (Macintosh; Intel Mac OS X 10_15_7) AppleWebKit/605.1.15 (KHTML, like Gecko) Version/17.4 Safari/605.1.15 (Applebot/0.1; +http://www.apple.com/go/applebot)"
17.241.75.114 - - [22/Dec/2024:19:21:26 -0500] "GET /wp-content/themes/ombre/js/salvattore.min.js?ver=1.0.9 HTTP/1.1" 200 2993 "https://misswavenigeria.com/o_models/mary-miss-anambra/" "Mozilla/5.0 (Macintosh; Intel Mac OS X 10_15_7) AppleWebKit/605.1.15 (KHTML, like Gecko) Version/17.4 Safari/605.1.15 (Applebot/0.1; +http://www.apple.com/go/applebot)"
17.241.227.94 - - [22/Dec/2024:19:21:27 -0500] "GET /wp-content/themes/ombre/js/tooltipster.js?ver=3.3.0 HTTP/1.1" 200 5609 "https://misswavenigeria.com/o_models/mary-miss-anambra/" "Mozilla/5.0 (Macintosh; Intel Mac OS X 10_15_7) AppleWebKit/605.1.15 (KHTML, like Gecko) Version/17.4 Safari/605.1.15 (Applebot/0.1; +http://www.apple.com/go/applebot)"
17.241.227.34 - - [22/Dec/2024:19:21:28 -0500] "GET /wp-content/plugins/ombre-features/js/owl.js?ver=1.0.0 HTTP/1.1" 200 13673 "https://misswavenigeria.com/o_models/mary-miss-anambra/" "Mozilla/5.0 (Macintosh; Intel Mac OS X 10_15_7) AppleWebKit/605.1.15 (KHTML, like Gecko) Version/17.4 Safari/605.1.15 (Applebot/0.1; +http://www.apple.com/go/applebot)"
17.241.75.24 - - [22/Dec/2024:19:21:28 -0500] "GET /wp-content/themes/ombre/js/custom.js?ver=3.0 HTTP/1.1" 200 1454 "https://misswavenigeria.com/o_models/mary-miss-anambra/" "Mozilla/5.0 (Macintosh; Intel Mac OS X 10_15_7) AppleWebKit/605.1.15 (KHTML, like Gecko) Version/17.4 Safari/605.1.15 (Applebot/0.1; +http://www.apple.com/go/applebot)"
17.241.75.105 - - [22/Dec/2024:19:21:28 -0500] "GET /wp-content/plugins/ombre-features/js/tabs.js?ver=1.0.0 HTTP/1.1" 200 1194 "https://misswavenigeria.com/o_models/mary-miss-anambra/" "Mozilla/5.0 (Macintosh; Intel Mac OS X 10_15_7) AppleWebKit/605.1.15 (KHTML, like Gecko) Version/17.4 Safari/605.1.15 (Applebot/0.1; +http://www.apple.com/go/applebot)"
17.241.227.37 - - [22/Dec/2024:19:21:29 -0500] "GET /wp-content/plugins/ombre-features/js/lightgallery.js?ver=1.0.0 HTTP/1.1" 200 19666 "https://misswavenigeria.com/o_models/mary-miss-anambra/" "Mozilla/5.0 (Macintosh; Intel Mac OS X 10_15_7) AppleWebKit/605.1.15 (KHTML, like Gecko) Version/17.4 Safari/605.1.15 (Applebot/0.1; +http://www.apple.com/go/applebot)"
17.241.227.227 - - [22/Dec/2024:19:21:29 -0500] "GET /wp-content/plugins/ombre-features/js/accordion.js?ver=1.0.0 HTTP/1.1" 200 247 "https://misswavenigeria.com/o_models/mary-miss-anambra/" "Mozilla/5.0 (Macintosh; Intel Mac OS X 10_15_7) AppleWebKit/605.1.15 (KHTML, like Gecko) Version/17.4 Safari/605.1.15 (Applebot/0.1; +http://www.apple.com/go/applebot)"
17.241.75.114 - - [22/Dec/2024:19:21:30 -0500] "GET /wp-content/plugins/ombre-features/js/colorbox.js?ver=1.0.0 HTTP/1.1" 200 5237 "https://misswavenigeria.com/o_models/mary-miss-anambra/" "Mozilla/5.0 (Macintosh; Intel Mac OS X 10_15_7) AppleWebKit/605.1.15 (KHTML, like Gecko) Version/17.4 Safari/605.1.15 (Applebot/0.1; +http://www.apple.com/go/applebot)"
17.241.219.166 - - [22/Dec/2024:19:21:30 -0500] "GET /wp-includes/js/wp-emoji-release.min.js?ver=6.7.1 HTTP/1.1" 200 5857 "https://misswavenigeria.com/o_models/mary-miss-anambra/" "Mozilla/5.0 (Macintosh; Intel Mac OS X 10_15_7) AppleWebKit/605.1.15 (KHTML, like Gecko) Version/17.4 Safari/605.1.15 (Applebot/0.1; +http://www.apple.com/go/applebot)"
66.29.132.124 - - [22/Dec/2024:19:22:16 -0500] "POST /wp-cron.php?doing_wp_cron=1734913336.8656330108642578125000 HTTP/1.1" 200 0 "-" "WordPress/6.7.1; https://misswavenigeria.com"
165.231.182.81 - - [22/Dec/2024:19:22:16 -0500] "GET / HTTP/1.0" 200 109055 "https://misswavenigeria.com/" "Mozilla/5.0 (Windows NT 10.0; Win64; x64) AppleWebKit/537.36 (KHTML, like Gecko) Chrome/103.0.0.0 Safari/537.36"
66.29.132.124 - - [22/Dec/2024:19:22:17 -0500] "POST /wp-admin/admin-ajax.php?action=async_litespeed&nonce=CYwwtAOmQdFE4DwQS40lSTaS3hJfEe8X&litespeed_type=imgoptm HTTP/1.1" 200 21 "-" "WordPress/6.7.1; https://misswavenigeria.com"
165.231.182.81 - - [22/Dec/2024:19:22:19 -0500] "GET /register/ HTTP/1.0" 200 75922 "https://misswavenigeria.com/register/" "Mozilla/5.0 (Windows NT 10.0; Win64; x64) AppleWebKit/537.36 (KHTML, like Gecko) Chrome/103.0.0.0 Safari/537.36"
165.231.182.81 - - [22/Dec/2024:19:22:20 -0500] "POST /register/ HTTP/1.0" 200 76048 "https://misswavenigeria.com/register/" "Mozilla/5.0 (Windows NT 10.0; Win64; x64) AppleWebKit/537.36 (KHTML, like Gecko) Chrome/103.0.0.0 Safari/537.36"
66.29.132.124 - - [22/Dec/2024:19:23:55 -0500] "POST /wp-cron.php?doing_wp_cron=1734913435.4308600425720214843750 HTTP/1.1" 200 0 "-" "WordPress/6.7.1; https://misswavenigeria.com"
165.231.182.81 - - [22/Dec/2024:19:23:55 -0500] "GET /register/ HTTP/1.0" 200 75922 "https://misswavenigeria.com/" "Mozilla/5.0 (Windows NT 10.0; Win64; x64) AppleWebKit/537.36 (KHTML, like Gecko) Chrome/103.0.0.0 Safari/537.36"
66.29.132.124 - - [22/Dec/2024:19:23:55 -0500] "POST /wp-admin/admin-ajax.php?action=async_litespeed&nonce=nJPyZWf0oAq2wcRZxfjaBdD8JN86YOZM&litespeed_type=imgoptm HTTP/1.1" 200 21 "-" "WordPress/6.7.1; https://misswavenigeria.com"
66.29.132.124 - - [22/Dec/2024:19:25:10 -0500] "POST /wp-cron.php?doing_wp_cron=1734913509.5100760459899902343750 HTTP/1.1" 200 0 "-" "WordPress/6.7.1; https://misswavenigeria.com"
165.231.182.81 - - [22/Dec/2024:19:25:08 -0500] "GET / HTTP/1.0" 200 109053 "https://misswavenigeria.com/" "Mozilla/5.0 (Windows NT 6.2; Win64; x64) AppleWebKit/537.36 (KHTML, like Gecko) Chrome/103.0.0.0 Safari/537.36"
66.29.132.124 - - [22/Dec/2024:19:25:11 -0500] "POST /wp-admin/admin-ajax.php?action=async_litespeed&nonce=euHOxf7IAhMjLWNz5CLaLOybgVsE7g8I&litespeed_type=imgoptm HTTP/1.1" 200 0 "-" "WordPress/6.7.1; https://misswavenigeria.com"
165.231.182.81 - - [22/Dec/2024:19:25:13 -0500] "GET /register/ HTTP/1.0" 200 75922 "https://misswavenigeria.com/register/" "Mozilla/5.0 (Windows NT 6.2; Win64; x64) AppleWebKit/537.36 (KHTML, like Gecko) Chrome/103.0.0.0 Safari/537.36"
165.231.182.81 - - [22/Dec/2024:19:25:15 -0500] "POST /register/ HTTP/1.0" 200 0 "https://misswavenigeria.com/register/" "Mozilla/5.0 (Windows NT 6.2; Win64; x64) AppleWebKit/537.36 (KHTML, like Gecko) Chrome/103.0.0.0 Safari/537.36"
165.231.182.81 - - [22/Dec/2024:19:27:46 -0500] "GET /register/ HTTP/1.0" 200 75922 "https://misswavenigeria.com/" "Mozilla/5.0 (Windows NT 6.2; Win64; x64) AppleWebKit/537.36 (KHTML, like Gecko) Chrome/103.0.0.0 Safari/537.36"
165.231.182.81 - - [22/Dec/2024:19:28:04 -0500] "GET / HTTP/1.0" 200 109053 "https://misswavenigeria.com/" "Mozilla/5.0 (Windows NT 6.3; Win64; x64) AppleWebKit/537.36 (KHTML, like Gecko) Chrome/103.0.5060.114 Safari/537.36"
165.231.182.81 - - [22/Dec/2024:19:28:06 -0500] "GET /register/ HTTP/1.0" 200 75922 "https://misswavenigeria.com/register/" "Mozilla/5.0 (Windows NT 6.3; Win64; x64) AppleWebKit/537.36 (KHTML, like Gecko) Chrome/103.0.5060.114 Safari/537.36"
66.29.132.124 - - [22/Dec/2024:19:28:09 -0500] "POST /wp-cron.php?doing_wp_cron=1734913689.3875379562377929687500 HTTP/1.1" 200 0 "-" "WordPress/6.7.1; https://misswavenigeria.com"
66.29.132.124 - - [22/Dec/2024:19:28:10 -0500] "POST /wp-admin/admin-ajax.php?action=async_litespeed&nonce=7oofWn1nNM8k5I1EoHUNTqlXpOflNG6V&litespeed_type=imgoptm HTTP/1.1" 200 21 "-" "WordPress/6.7.1; https://misswavenigeria.com"
14.155.183.170 - - [22/Dec/2024:19:29:05 -0500] "GET /robots.txt HTTP/1.1" 200 115 "-" "Mozilla/5.0 (Windows NT 10.0; WOW64) AppleWebKit/537.36 (KHTML, like Gecko) Chrome/48.0.3049.131 Safari/537.36 QIHU 360SE"
165.231.182.81 - - [22/Dec/2024:19:28:08 -0500] "POST /register/ HTTP/1.0" 200 0 "https://misswavenigeria.com/register/" "Mozilla/5.0 (Windows NT 6.3; Win64; x64) AppleWebKit/537.36 (KHTML, like Gecko) Chrome/103.0.5060.114 Safari/537.36"
165.231.182.81 - - [22/Dec/2024:19:30:38 -0500] "GET /register/ HTTP/1.0" 200 75922 "https://misswavenigeria.com/" "Mozilla/5.0 (Windows NT 6.3; Win64; x64) AppleWebKit/537.36 (KHTML, like Gecko) Chrome/103.0.5060.114 Safari/537.36"
165.231.182.81 - - [22/Dec/2024:19:31:00 -0500] "GET / HTTP/1.0" 200 109053 "https://misswavenigeria.com/" "Mozilla/5.0 (Windows NT 6.1) AppleWebKit/537.36 (KHTML, like Gecko) Chrome/103.0.5060.114 Safari/537.36"
165.231.182.81 - - [22/Dec/2024:19:31:02 -0500] "GET /register/ HTTP/1.0" 200 75922 "https://misswavenigeria.com/register/" "Mozilla/5.0 (Windows NT 6.1) AppleWebKit/537.36 (KHTML, like Gecko) Chrome/103.0.5060.114 Safari/537.36"
66.29.132.124 - - [22/Dec/2024:19:31:05 -0500] "POST /wp-cron.php?doing_wp_cron=1734913865.0927579402923583984375 HTTP/1.1" 200 0 "-" "WordPress/6.7.1; https://misswavenigeria.com"
66.29.132.124 - - [22/Dec/2024:19:31:05 -0500] "POST /wp-admin/admin-ajax.php?action=async_litespeed&nonce=tatYdSY9w6wxMh3zfuQcEsdRqSi2QyEH&litespeed_type=imgoptm HTTP/1.1" 200 21 "-" "WordPress/6.7.1; https://misswavenigeria.com"
165.231.182.81 - - [22/Dec/2024:19:31:04 -0500] "POST /register/ HTTP/1.0" 200 76048 "https://misswavenigeria.com/register/" "Mozilla/5.0 (Windows NT 6.1) AppleWebKit/537.36 (KHTML, like Gecko) Chrome/103.0.5060.114 Safari/537.36"
66.29.132.124 - - [22/Dec/2024:19:32:30 -0500] "POST /wp-cron.php?doing_wp_cron=1734913950.8268840312957763671875 HTTP/1.1" 200 0 "-" "WordPress/6.7.1; https://misswavenigeria.com"
165.231.182.81 - - [22/Dec/2024:19:32:30 -0500] "GET /register/ HTTP/1.0" 200 75922 "https://misswavenigeria.com/" "Mozilla/5.0 (Windows NT 6.1) AppleWebKit/537.36 (KHTML, like Gecko) Chrome/103.0.5060.114 Safari/537.36"
66.29.132.124 - - [22/Dec/2024:19:32:31 -0500] "POST /wp-admin/admin-ajax.php?action=async_litespeed&nonce=BHgW5vRDoHzS2uGJxlea1IBgSYHamEmd&litespeed_type=imgoptm HTTP/1.1" 200 21 "-" "WordPress/6.7.1; https://misswavenigeria.com"
66.29.132.124 - - [22/Dec/2024:19:33:52 -0500] "POST /wp-cron.php?doing_wp_cron=1734914032.3124630451202392578125 HTTP/1.1" 200 0 "-" "WordPress/6.7.1; https://misswavenigeria.com"
165.231.182.81 - - [22/Dec/2024:19:33:52 -0500] "GET / HTTP/1.0" 200 109055 "https://misswavenigeria.com/" "Mozilla/5.0 (Windows NT 6.3; Win64; x64) AppleWebKit/537.36 (KHTML, like Gecko) Chrome/103.0.5060.114 Safari/537.36"
66.29.132.124 - - [22/Dec/2024:19:33:52 -0500] "POST /wp-admin/admin-ajax.php?action=async_litespeed&nonce=WzK1bD3FGTkyjG5WcVbCiMnFQJdLgkcp&litespeed_type=imgoptm HTTP/1.1" 200 21 "-" "WordPress/6.7.1; https://misswavenigeria.com"
165.231.182.81 - - [22/Dec/2024:19:33:54 -0500] "GET /register/ HTTP/1.0" 200 75922 "https://misswavenigeria.com/register/" "Mozilla/5.0 (Windows NT 6.3; Win64; x64) AppleWebKit/537.36 (KHTML, like Gecko) Chrome/103.0.5060.114 Safari/537.36"
165.231.182.81 - - [22/Dec/2024:19:33:56 -0500] "POST /register/ HTTP/1.0" 200 76048 "https://misswavenigeria.com/register/" "Mozilla/5.0 (Windows NT 6.3; Win64; x64) AppleWebKit/537.36 (KHTML, like Gecko) Chrome/103.0.5060.114 Safari/537.36"
66.29.132.124 - - [22/Dec/2024:19:35:17 -0500] "POST /wp-cron.php?doing_wp_cron=1734914117.4492359161376953125000 HTTP/1.1" 200 0 "-" "WordPress/6.7.1; https://misswavenigeria.com"
165.231.182.81 - - [22/Dec/2024:19:35:17 -0500] "GET /register/ HTTP/1.0" 200 75922 "https://misswavenigeria.com/" "Mozilla/5.0 (Windows NT 6.3; Win64; x64) AppleWebKit/537.36 (KHTML, like Gecko) Chrome/103.0.5060.114 Safari/537.36"
66.29.132.124 - - [22/Dec/2024:19:35:17 -0500] "POST /wp-admin/admin-ajax.php?action=async_litespeed&nonce=f3hfApznj9OXLGlVCeR6HumSyTUDEMLK&litespeed_type=imgoptm HTTP/1.1" 200 21 "-" "WordPress/6.7.1; https://misswavenigeria.com"
66.29.132.124 - - [22/Dec/2024:19:36:47 -0500] "POST /wp-cron.php?doing_wp_cron=1734914207.3347690105438232421875 HTTP/1.1" 200 0 "-" "WordPress/6.7.1; https://misswavenigeria.com"
66.29.132.124 - - [22/Dec/2024:19:36:47 -0500] "POST /wp-admin/admin-ajax.php?action=async_litespeed&nonce=ofrRUU0hjPIndCQpJsBd4LHBgv3oAxpq&litespeed_type=imgoptm HTTP/1.1" 200 21 "-" "WordPress/6.7.1; https://misswavenigeria.com"
165.231.182.81 - - [22/Dec/2024:19:36:44 -0500] "GET / HTTP/1.0" 200 109053 "https://misswavenigeria.com/" "Mozilla/5.0 (Windows NT 6.1; Win64; x64) AppleWebKit/537.36 (KHTML, like Gecko) Chrome/103.0.5060.114 Safari/537.36"
165.231.182.81 - - [22/Dec/2024:19:36:49 -0500] "GET /register/ HTTP/1.0" 200 75922 "https://misswavenigeria.com/register/" "Mozilla/5.0 (Windows NT 6.1; Win64; x64) AppleWebKit/537.36 (KHTML, like Gecko) Chrome/103.0.5060.114 Safari/537.36"
165.231.182.81 - - [22/Dec/2024:19:36:51 -0500] "POST /register/ HTTP/1.0" 200 76048 "https://misswavenigeria.com/register/" "Mozilla/5.0 (Windows NT 6.1; Win64; x64) AppleWebKit/537.36 (KHTML, like Gecko) Chrome/103.0.5060.114 Safari/537.36"
66.29.132.124 - - [22/Dec/2024:19:37:54 -0500] "POST /wp-cron.php?doing_wp_cron=1734914274.9307301044464111328125 HTTP/1.1" 200 0 "-" "WordPress/6.7.1; https://misswavenigeria.com"
165.231.182.81 - - [22/Dec/2024:19:37:54 -0500] "GET /register/ HTTP/1.0" 200 75922 "https://misswavenigeria.com/" "Mozilla/5.0 (Windows NT 6.1; Win64; x64) AppleWebKit/537.36 (KHTML, like Gecko) Chrome/103.0.5060.114 Safari/537.36"
66.29.132.124 - - [22/Dec/2024:19:37:55 -0500] "POST /wp-admin/admin-ajax.php?action=async_litespeed&nonce=8WLn9vq8jlxLSkGsGHn8reavleKFUL8x&litespeed_type=imgoptm HTTP/1.1" 200 21 "-" "WordPress/6.7.1; https://misswavenigeria.com"
66.29.132.124 - - [22/Dec/2024:19:39:37 -0500] "POST /wp-cron.php?doing_wp_cron=1734914377.8204278945922851562500 HTTP/1.1" 200 0 "-" "WordPress/6.7.1; https://misswavenigeria.com"
165.231.182.81 - - [22/Dec/2024:19:39:36 -0500] "GET / HTTP/1.0" 200 109055 "https://misswavenigeria.com/" "Mozilla/5.0 (Windows NT 6.1; WOW64) AppleWebKit/537.36 (KHTML, like Gecko) Chrome/103.0.0.0 Safari/537.36"
66.29.132.124 - - [22/Dec/2024:19:39:38 -0500] "POST /wp-admin/admin-ajax.php?action=async_litespeed&nonce=A4aYOm81tWT85P4TbCSEWdqHTTaUIhp2&litespeed_type=imgoptm HTTP/1.1" 200 21 "-" "WordPress/6.7.1; https://misswavenigeria.com"
165.231.182.81 - - [22/Dec/2024:19:39:40 -0500] "GET /register/ HTTP/1.0" 200 75922 "https://misswavenigeria.com/register/" "Mozilla/5.0 (Windows NT 6.1; WOW64) AppleWebKit/537.36 (KHTML, like Gecko) Chrome/103.0.0.0 Safari/537.36"
165.231.182.81 - - [22/Dec/2024:19:39:41 -0500] "POST /register/ HTTP/1.0" 200 76048 "https://misswavenigeria.com/register/" "Mozilla/5.0 (Windows NT 6.1; WOW64) AppleWebKit/537.36 (KHTML, like Gecko) Chrome/103.0.0.0 Safari/537.36"
66.29.132.124 - - [22/Dec/2024:19:40:47 -0500] "POST /wp-cron.php?doing_wp_cron=1734914447.6635470390319824218750 HTTP/1.1" 200 0 "-" "WordPress/6.7.1; https://misswavenigeria.com"
165.231.182.81 - - [22/Dec/2024:19:40:47 -0500] "GET /register/ HTTP/1.0" 200 75922 "https://misswavenigeria.com/" "Mozilla/5.0 (Windows NT 6.1; WOW64) AppleWebKit/537.36 (KHTML, like Gecko) Chrome/103.0.0.0 Safari/537.36"
66.29.132.124 - - [22/Dec/2024:19:40:47 -0500] "POST /wp-admin/admin-ajax.php?action=async_litespeed&nonce=x8zJVkZff5P9aKp1vDZmArNlnzVdFNIJ&litespeed_type=imgoptm HTTP/1.1" 200 21 "-" "WordPress/6.7.1; https://misswavenigeria.com"
66.29.132.124 - - [22/Dec/2024:19:42:31 -0500] "POST /wp-cron.php?doing_wp_cron=1734914551.1990759372711181640625 HTTP/1.1" 200 0 "-" "WordPress/6.7.1; https://misswavenigeria.com"
165.231.182.81 - - [22/Dec/2024:19:42:29 -0500] "GET / HTTP/1.0" 200 109055 "https://misswavenigeria.com/" "Mozilla/5.0 (Windows NT 6.2; Win64; x64) AppleWebKit/537.36 (KHTML, like Gecko) Chrome/103.0.0.0 Safari/537.36"
66.29.132.124 - - [22/Dec/2024:19:42:31 -0500] "POST /wp-admin/admin-ajax.php?action=async_litespeed&nonce=fEXY3Dhl2dcBqPTJUOuxthXB8AdBbUbI&litespeed_type=imgoptm HTTP/1.1" 200 21 "-" "WordPress/6.7.1; https://misswavenigeria.com"
165.231.182.81 - - [22/Dec/2024:19:42:33 -0500] "GET /register/ HTTP/1.0" 200 75922 "https://misswavenigeria.com/register/" "Mozilla/5.0 (Windows NT 6.2; Win64; x64) AppleWebKit/537.36 (KHTML, like Gecko) Chrome/103.0.0.0 Safari/537.36"
66.29.132.124 - - [22/Dec/2024:19:42:35 -0500] "POST /wp-cron.php?doing_wp_cron=1734914555.3247768878936767578125 HTTP/1.1" 200 0 "-" "WordPress/6.7.1; https://misswavenigeria.com"
66.29.132.124 - - [22/Dec/2024:19:42:35 -0500] "POST /wp-admin/admin-ajax.php?action=async_litespeed&nonce=yrYtD3rndpCr1PoVyO3ERIfLJdCTkr61&litespeed_type=imgoptm HTTP/1.1" 200 21 "-" "WordPress/6.7.1; https://misswavenigeria.com"
165.231.182.81 - - [22/Dec/2024:19:42:35 -0500] "POST /register/ HTTP/1.0" 200 76048 "https://misswavenigeria.com/register/" "Mozilla/5.0 (Windows NT 6.2; Win64; x64) AppleWebKit/537.36 (KHTML, like Gecko) Chrome/103.0.0.0 Safari/537.36"
66.29.132.124 - - [22/Dec/2024:19:43:37 -0500] "POST /wp-cron.php?doing_wp_cron=1734914617.2094769477844238281250 HTTP/1.1" 200 0 "-" "WordPress/6.7.1; https://misswavenigeria.com"
165.231.182.81 - - [22/Dec/2024:19:43:37 -0500] "GET /register/ HTTP/1.0" 200 75922 "https://misswavenigeria.com/" "Mozilla/5.0 (Windows NT 6.2; Win64; x64) AppleWebKit/537.36 (KHTML, like Gecko) Chrome/103.0.0.0 Safari/537.36"
66.29.132.124 - - [22/Dec/2024:19:43:37 -0500] "POST /wp-admin/admin-ajax.php?action=async_litespeed&nonce=yqEsqF5owGH3FmRS4M8Z3UEs5amCdgxA&litespeed_type=imgoptm HTTP/1.1" 200 21 "-" "WordPress/6.7.1; https://misswavenigeria.com"
66.29.132.124 - - [22/Dec/2024:19:45:24 -0500] "POST /wp-cron.php?doing_wp_cron=1734914724.8454890251159667968750 HTTP/1.1" 200 0 "-" "WordPress/6.7.1; https://misswavenigeria.com"
165.231.182.81 - - [22/Dec/2024:19:45:23 -0500] "GET / HTTP/1.0" 200 109055 "https://misswavenigeria.com/" "Mozilla/5.0 (Windows NT 10.0; Win64; x64) AppleWebKit/537.36 (KHTML, like Gecko) Chrome/103.0.5060.134 Safari/537.36"
66.29.132.124 - - [22/Dec/2024:19:45:25 -0500] "POST /wp-admin/admin-ajax.php?action=async_litespeed&nonce=X5WKBgLeTFj7bjDLnrkmWoLUh1THAI9p&litespeed_type=imgoptm HTTP/1.1" 200 21 "-" "WordPress/6.7.1; https://misswavenigeria.com"
165.231.182.81 - - [22/Dec/2024:19:45:28 -0500] "GET /register/ HTTP/1.0" 200 75922 "https://misswavenigeria.com/register/" "Mozilla/5.0 (Windows NT 10.0; Win64; x64) AppleWebKit/537.36 (KHTML, like Gecko) Chrome/103.0.5060.134 Safari/537.36"
165.231.182.81 - - [22/Dec/2024:19:45:30 -0500] "POST /register/ HTTP/1.0" 200 76048 "https://misswavenigeria.com/register/" "Mozilla/5.0 (Windows NT 10.0; Win64; x64) AppleWebKit/537.36 (KHTML, like Gecko) Chrome/103.0.5060.134 Safari/537.36"
66.29.132.124 - - [22/Dec/2024:19:46:41 -0500] "POST /wp-cron.php?doing_wp_cron=1734914801.6849169731140136718750 HTTP/1.1" 200 0 "-" "WordPress/6.7.1; https://misswavenigeria.com"
165.231.182.81 - - [22/Dec/2024:19:46:41 -0500] "GET /register/ HTTP/1.0" 200 75922 "https://misswavenigeria.com/" "Mozilla/5.0 (Windows NT 10.0; Win64; x64) AppleWebKit/537.36 (KHTML, like Gecko) Chrome/103.0.5060.134 Safari/537.36"
66.29.132.124 - - [22/Dec/2024:19:46:41 -0500] "POST /wp-admin/admin-ajax.php?action=async_litespeed&nonce=ddJVZQmio6USpkUJ00VhZ5xMPIYMJdYz&litespeed_type=imgoptm HTTP/1.1" 200 21 "-" "WordPress/6.7.1; https://misswavenigeria.com"
66.29.132.124 - - [22/Dec/2024:19:48:19 -0500] "POST /wp-cron.php?doing_wp_cron=1734914899.1767840385437011718750 HTTP/1.1" 200 0 "-" "WordPress/6.7.1; https://misswavenigeria.com"
165.231.182.81 - - [22/Dec/2024:19:48:17 -0500] "GET / HTTP/1.0" 200 109049 "https://misswavenigeria.com/" "Mozilla/5.0 (Windows NT 6.1; WOW64) AppleWebKit/537.36 (KHTML, like Gecko) Chrome/103.0.0.0 Safari/537.36"
66.29.132.124 - - [22/Dec/2024:19:48:19 -0500] "POST /wp-admin/admin-ajax.php?action=async_litespeed&nonce=BeKCaniXQUV624NiNfEUmL2bpQmsRwcv&litespeed_type=imgoptm HTTP/1.1" 200 21 "-" "WordPress/6.7.1; https://misswavenigeria.com"
165.231.182.81 - - [22/Dec/2024:19:48:22 -0500] "GET /register/ HTTP/1.0" 200 75922 "https://misswavenigeria.com/register/" "Mozilla/5.0 (Windows NT 6.1; WOW64) AppleWebKit/537.36 (KHTML, like Gecko) Chrome/103.0.0.0 Safari/537.36"
165.231.182.81 - - [22/Dec/2024:19:48:23 -0500] "POST /register/ HTTP/1.0" 200 76048 "https://misswavenigeria.com/register/" "Mozilla/5.0 (Windows NT 6.1; WOW64) AppleWebKit/537.36 (KHTML, like Gecko) Chrome/103.0.0.0 Safari/537.36"
66.29.132.124 - - [22/Dec/2024:19:49:26 -0500] "POST /wp-cron.php?doing_wp_cron=1734914966.1359078884124755859375 HTTP/1.1" 200 0 "-" "WordPress/6.7.1; https://misswavenigeria.com"
165.231.182.81 - - [22/Dec/2024:19:49:26 -0500] "GET /register/ HTTP/1.0" 200 75922 "https://misswavenigeria.com/" "Mozilla/5.0 (Windows NT 6.1; WOW64) AppleWebKit/537.36 (KHTML, like Gecko) Chrome/103.0.0.0 Safari/537.36"
66.29.132.124 - - [22/Dec/2024:19:49:26 -0500] "POST /wp-admin/admin-ajax.php?action=async_litespeed&nonce=lhtuImR26X08uRWHRXm7A8Evr0kzsSxJ&litespeed_type=imgoptm HTTP/1.1" 200 21 "-" "WordPress/6.7.1; https://misswavenigeria.com"
66.29.132.124 - - [22/Dec/2024:19:50:33 -0500] "POST /wp-cron.php?doing_wp_cron=1734915033.2311890125274658203125 HTTP/1.1" 200 0 "-" "WordPress/6.7.1; https://misswavenigeria.com"
66.249.79.105 - - [22/Dec/2024:19:50:33 -0500] "GET /goods/Y462486?k=product HTTP/1.1" 301 0 "-" "Mozilla/5.0 (Linux; Android 6.0.1; Nexus 5X Build/MMB29P) AppleWebKit/537.36 (KHTML, like Gecko) Chrome/131.0.6778.139 Mobile Safari/537.36 (compatible; Googlebot/2.1; +http://www.google.com/bot.html)"
66.29.132.124 - - [22/Dec/2024:19:50:33 -0500] "POST /wp-admin/admin-ajax.php?action=async_litespeed&nonce=u5DxnIYECodDiBL40Ljc1HrFoYQYiY7K&litespeed_type=imgoptm HTTP/1.1" 200 21 "-" "WordPress/6.7.1; https://misswavenigeria.com"
66.249.79.130 - - [22/Dec/2024:19:50:33 -0500] "GET /goods/Y462486?k=product HTTP/1.1" 404 15610 "-" "Mozilla/5.0 (Linux; Android 6.0.1; Nexus 5X Build/MMB29P) AppleWebKit/537.36 (KHTML, like Gecko) Chrome/131.0.6778.139 Mobile Safari/537.36 (compatible; Googlebot/2.1; +http://www.google.com/bot.html)"
66.249.79.105 - - [22/Dec/2024:19:50:49 -0500] "GET /goods/W124432?k=product HTTP/1.1" 301 0 "-" "Mozilla/5.0 (Linux; Android 6.0.1; Nexus 5X Build/MMB29P) AppleWebKit/537.36 (KHTML, like Gecko) Chrome/131.0.6778.139 Mobile Safari/537.36 (compatible; Googlebot/2.1; +http://www.google.com/bot.html)"
66.249.79.130 - - [22/Dec/2024:19:50:49 -0500] "GET /goods/W124432?k=product HTTP/1.1" 404 15610 "-" "Mozilla/5.0 (Linux; Android 6.0.1; Nexus 5X Build/MMB29P) AppleWebKit/537.36 (KHTML, like Gecko) Chrome/131.0.6778.139 Mobile Safari/537.36 (compatible; Googlebot/2.1; +http://www.google.com/bot.html)"
66.249.79.105 - - [22/Dec/2024:19:50:53 -0500] "GET /goods/V761509?k=product HTTP/1.1" 301 0 "-" "Mozilla/5.0 (Linux; Android 6.0.1; Nexus 5X Build/MMB29P) AppleWebKit/537.36 (KHTML, like Gecko) Chrome/131.0.6778.139 Mobile Safari/537.36 (compatible; Googlebot/2.1; +http://www.google.com/bot.html)"
66.249.79.130 - - [22/Dec/2024:19:50:53 -0500] "GET /goods/V761509?k=product HTTP/1.1" 404 15610 "-" "Mozilla/5.0 (Linux; Android 6.0.1; Nexus 5X Build/MMB29P) AppleWebKit/537.36 (KHTML, like Gecko) Chrome/131.0.6778.139 Mobile Safari/537.36 (compatible; Googlebot/2.1; +http://www.google.com/bot.html)"
66.249.79.105 - - [22/Dec/2024:19:50:57 -0500] "GET /goods/I326464?k=product HTTP/1.1" 301 0 "-" "Mozilla/5.0 (Linux; Android 6.0.1; Nexus 5X Build/MMB29P) AppleWebKit/537.36 (KHTML, like Gecko) Chrome/131.0.6778.139 Mobile Safari/537.36 (compatible; Googlebot/2.1; +http://www.google.com/bot.html)"
