157.55.39.12 - - [09/Jan/2025:21:14:07 -0500] "GET /yfolt/h1333684.html HTTP/1.1" 200 68940 "-" "Mozilla/5.0 AppleWebKit/537.36 (KHTML, like Gecko; compatible; bingbot/2.0; +http://www.bing.com/bingbot.htm) Chrome/116.0.1938.76 Safari/537.36"
157.55.39.205 - - [09/Jan/2025:21:14:12 -0500] "GET /odshz/k2928475.html HTTP/1.1" 200 68079 "-" "Mozilla/5.0 AppleWebKit/537.36 (KHTML, like Gecko; compatible; bingbot/2.0; +http://www.bing.com/bingbot.htm) Chrome/116.0.1938.76 Safari/537.36"
157.55.39.205 - - [09/Jan/2025:21:14:14 -0500] "GET /sejtm/l2980502.html HTTP/1.1" 200 69421 "-" "Mozilla/5.0 AppleWebKit/537.36 (KHTML, like Gecko; compatible; bingbot/2.0; +http://www.bing.com/bingbot.htm) Chrome/116.0.1938.76 Safari/537.36"
157.55.39.12 - - [09/Jan/2025:21:14:21 -0500] "GET /oalkg/f2834766.html HTTP/1.1" 200 70733 "-" "Mozilla/5.0 AppleWebKit/537.36 (KHTML, like Gecko; compatible; bingbot/2.0; +http://www.bing.com/bingbot.htm) Chrome/116.0.1938.76 Safari/537.36"
52.167.144.146 - - [09/Jan/2025:21:14:21 -0500] "GET /mqcet/u1939237.html HTTP/1.1" 200 69054 "-" "Mozilla/5.0 AppleWebKit/537.36 (KHTML, like Gecko; compatible; bingbot/2.0; +http://www.bing.com/bingbot.htm) Chrome/116.0.1938.76 Safari/537.36"
157.55.39.12 - - [09/Jan/2025:21:14:22 -0500] "GET /bwunc/d1086238.html HTTP/1.1" 200 69514 "-" "Mozilla/5.0 AppleWebKit/537.36 (KHTML, like Gecko; compatible; bingbot/2.0; +http://www.bing.com/bingbot.htm) Chrome/116.0.1938.76 Safari/537.36"
40.77.167.60 - - [09/Jan/2025:21:14:30 -0500] "GET /suxoq/q386591.html HTTP/1.1" 200 68556 "-" "Mozilla/5.0 AppleWebKit/537.36 (KHTML, like Gecko; compatible; bingbot/2.0; +http://www.bing.com/bingbot.htm) Chrome/116.0.1938.76 Safari/537.36"
40.77.167.60 - - [09/Jan/2025:21:14:32 -0500] "GET /nwger/v1587926.html HTTP/1.1" 200 69167 "-" "Mozilla/5.0 AppleWebKit/537.36 (KHTML, like Gecko; compatible; bingbot/2.0; +http://www.bing.com/bingbot.htm) Chrome/116.0.1938.76 Safari/537.36"
52.167.144.146 - - [09/Jan/2025:21:14:41 -0500] "GET /nvhov/x2943412.html HTTP/1.1" 200 68312 "-" "Mozilla/5.0 AppleWebKit/537.36 (KHTML, like Gecko; compatible; bingbot/2.0; +http://www.bing.com/bingbot.htm) Chrome/116.0.1938.76 Safari/537.36"
52.167.144.222 - - [09/Jan/2025:21:14:41 -0500] "GET /olxqy/h444276.html HTTP/1.1" 200 68308 "-" "Mozilla/5.0 AppleWebKit/537.36 (KHTML, like Gecko; compatible; bingbot/2.0; +http://www.bing.com/bingbot.htm) Chrome/116.0.1938.76 Safari/537.36"
157.55.39.12 - - [09/Jan/2025:21:14:52 -0500] "GET /emglb/d620136.html HTTP/1.1" 200 71535 "-" "Mozilla/5.0 AppleWebKit/537.36 (KHTML, like Gecko; compatible; bingbot/2.0; +http://www.bing.com/bingbot.htm) Chrome/116.0.1938.76 Safari/537.36"
157.55.39.205 - - [09/Jan/2025:21:14:52 -0500] "GET /vfzcl/y116173.html HTTP/1.1" 200 69342 "-" "Mozilla/5.0 AppleWebKit/537.36 (KHTML, like Gecko; compatible; bingbot/2.0; +http://www.bing.com/bingbot.htm) Chrome/116.0.1938.76 Safari/537.36"
157.55.39.205 - - [09/Jan/2025:21:14:54 -0500] "GET /ituyv/u1835809.html HTTP/1.1" 200 68220 "-" "Mozilla/5.0 AppleWebKit/537.36 (KHTML, like Gecko; compatible; bingbot/2.0; +http://www.bing.com/bingbot.htm) Chrome/116.0.1938.76 Safari/537.36"
40.77.167.154 - - [09/Jan/2025:21:15:08 -0500] "GET /ywtdr/g1115153.html HTTP/1.1" 200 68436 "-" "Mozilla/5.0 AppleWebKit/537.36 (KHTML, like Gecko; compatible; bingbot/2.0; +http://www.bing.com/bingbot.htm) Chrome/116.0.1938.76 Safari/537.36"
40.77.167.154 - - [09/Jan/2025:21:15:10 -0500] "GET /hmjrn/w769343.html HTTP/1.1" 200 68684 "-" "Mozilla/5.0 AppleWebKit/537.36 (KHTML, like Gecko; compatible; bingbot/2.0; +http://www.bing.com/bingbot.htm) Chrome/116.0.1938.76 Safari/537.36"
40.77.167.154 - - [09/Jan/2025:21:15:12 -0500] "GET /ozchy/b2077772.html HTTP/1.1" 200 69211 "-" "Mozilla/5.0 AppleWebKit/537.36 (KHTML, like Gecko; compatible; bingbot/2.0; +http://www.bing.com/bingbot.htm) Chrome/116.0.1938.76 Safari/537.36"
157.55.39.205 - - [09/Jan/2025:21:15:21 -0500] "GET /kynpi/c111575.html HTTP/1.1" 200 69634 "-" "Mozilla/5.0 AppleWebKit/537.36 (KHTML, like Gecko; compatible; bingbot/2.0; +http://www.bing.com/bingbot.htm) Chrome/116.0.1938.76 Safari/537.36"
52.167.144.146 - - [09/Jan/2025:21:15:41 -0500] "GET /rbavr/x2991408.html HTTP/1.1" 200 68792 "-" "Mozilla/5.0 AppleWebKit/537.36 (KHTML, like Gecko; compatible; bingbot/2.0; +http://www.bing.com/bingbot.htm) Chrome/116.0.1938.76 Safari/537.36"
40.77.167.154 - - [09/Jan/2025:21:15:51 -0500] "GET /phqkm/q1006899.html HTTP/1.1" 200 72761 "-" "Mozilla/5.0 AppleWebKit/537.36 (KHTML, like Gecko; compatible; bingbot/2.0; +http://www.bing.com/bingbot.htm) Chrome/116.0.1938.76 Safari/537.36"
40.77.167.60 - - [09/Jan/2025:21:15:52 -0500] "GET /lcfkm/h2862874.html HTTP/1.1" 200 68447 "-" "Mozilla/5.0 AppleWebKit/537.36 (KHTML, like Gecko; compatible; bingbot/2.0; +http://www.bing.com/bingbot.htm) Chrome/116.0.1938.76 Safari/537.36"
40.77.167.154 - - [09/Jan/2025:21:15:53 -0500] "GET /mjzdu/u1051077.html HTTP/1.1" 200 68238 "-" "Mozilla/5.0 AppleWebKit/537.36 (KHTML, like Gecko; compatible; bingbot/2.0; +http://www.bing.com/bingbot.htm) Chrome/116.0.1938.76 Safari/537.36"
157.55.39.205 - - [09/Jan/2025:21:16:13 -0500] "GET /kflle/w270403.html HTTP/1.1" 200 70262 "-" "Mozilla/5.0 AppleWebKit/537.36 (KHTML, like Gecko; compatible; bingbot/2.0; +http://www.bing.com/bingbot.htm) Chrome/116.0.1938.76 Safari/537.36"
157.55.39.205 - - [09/Jan/2025:21:16:16 -0500] "GET /vsbsc/c3059065.html HTTP/1.1" 200 67853 "-" "Mozilla/5.0 AppleWebKit/537.36 (KHTML, like Gecko; compatible; bingbot/2.0; +http://www.bing.com/bingbot.htm) Chrome/116.0.1938.76 Safari/537.36"
40.77.167.60 - - [09/Jan/2025:21:16:21 -0500] "GET /usxyy/o2631039.html HTTP/1.1" 200 67522 "-" "Mozilla/5.0 AppleWebKit/537.36 (KHTML, like Gecko; compatible; bingbot/2.0; +http://www.bing.com/bingbot.htm) Chrome/116.0.1938.76 Safari/537.36"
52.167.144.146 - - [09/Jan/2025:21:16:31 -0500] "GET /gvxsa/q885583.html HTTP/1.1" 200 69174 "-" "Mozilla/5.0 AppleWebKit/537.36 (KHTML, like Gecko; compatible; bingbot/2.0; +http://www.bing.com/bingbot.htm) Chrome/116.0.1938.76 Safari/537.36"
52.167.144.146 - - [09/Jan/2025:21:16:33 -0500] "GET /phlor/b2944170.html HTTP/1.1" 200 69654 "-" "Mozilla/5.0 AppleWebKit/537.36 (KHTML, like Gecko; compatible; bingbot/2.0; +http://www.bing.com/bingbot.htm) Chrome/116.0.1938.76 Safari/537.36"
52.167.144.146 - - [09/Jan/2025:21:16:35 -0500] "GET /wimej/n427980.html HTTP/1.1" 200 69116 "-" "Mozilla/5.0 AppleWebKit/537.36 (KHTML, like Gecko; compatible; bingbot/2.0; +http://www.bing.com/bingbot.htm) Chrome/116.0.1938.76 Safari/537.36"
40.77.167.154 - - [09/Jan/2025:21:17:00 -0500] "GET /ujclv/q1064697.html HTTP/1.1" 200 67689 "-" "Mozilla/5.0 AppleWebKit/537.36 (KHTML, like Gecko; compatible; bingbot/2.0; +http://www.bing.com/bingbot.htm) Chrome/116.0.1938.76 Safari/537.36"
40.77.167.60 - - [09/Jan/2025:21:17:01 -0500] "GET /ykcng/w432773.html HTTP/1.1" 200 71305 "-" "Mozilla/5.0 AppleWebKit/537.36 (KHTML, like Gecko; compatible; bingbot/2.0; +http://www.bing.com/bingbot.htm) Chrome/116.0.1938.76 Safari/537.36"
157.55.39.205 - - [09/Jan/2025:21:17:12 -0500] "GET /wdwpk/y2117601.html HTTP/1.1" 200 71410 "-" "Mozilla/5.0 AppleWebKit/537.36 (KHTML, like Gecko; compatible; bingbot/2.0; +http://www.bing.com/bingbot.htm) Chrome/116.0.1938.76 Safari/537.36"
157.55.39.205 - - [09/Jan/2025:21:17:14 -0500] "GET /cxczm/i2618761.html HTTP/1.1" 200 68712 "-" "Mozilla/5.0 AppleWebKit/537.36 (KHTML, like Gecko; compatible; bingbot/2.0; +http://www.bing.com/bingbot.htm) Chrome/116.0.1938.76 Safari/537.36"
52.167.144.146 - - [09/Jan/2025:21:17:16 -0500] "GET /klcfg/t1949584.html HTTP/1.1" 200 68228 "-" "Mozilla/5.0 AppleWebKit/537.36 (KHTML, like Gecko; compatible; bingbot/2.0; +http://www.bing.com/bingbot.htm) Chrome/116.0.1938.76 Safari/537.36"
66.249.79.197 - - [09/Jan/2025:21:17:33 -0500] "GET /fkngm/z1926606.html HTTP/1.1" 200 75054 "-" "Mozilla/5.0 (Linux; Android 6.0.1; Nexus 5X Build/MMB29P) AppleWebKit/537.36 (KHTML, like Gecko) Chrome/131.0.6778.204 Mobile Safari/537.36 (compatible; Googlebot/2.1; +http://www.google.com/bot.html)"
52.167.144.222 - - [09/Jan/2025:21:17:42 -0500] "GET /bycxz/i1037753.html HTTP/1.1" 200 70301 "-" "Mozilla/5.0 AppleWebKit/537.36 (KHTML, like Gecko; compatible; bingbot/2.0; +http://www.bing.com/bingbot.htm) Chrome/116.0.1938.76 Safari/537.36"
66.249.79.173 - - [09/Jan/2025:21:17:43 -0500] "GET /eaqlp/y2353811.html HTTP/1.1" 200 67571 "-" "Mozilla/5.0 (Linux; Android 6.0.1; Nexus 5X Build/MMB29P) AppleWebKit/537.36 (KHTML, like Gecko) Chrome/131.0.6778.204 Mobile Safari/537.36 (compatible; Googlebot/2.1; +http://www.google.com/bot.html)"
157.55.39.205 - - [09/Jan/2025:21:17:53 -0500] "GET /gvsvg/n2310302.html HTTP/1.1" 200 70091 "-" "Mozilla/5.0 AppleWebKit/537.36 (KHTML, like Gecko; compatible; bingbot/2.0; +http://www.bing.com/bingbot.htm) Chrome/116.0.1938.76 Safari/537.36"
157.55.39.205 - - [09/Jan/2025:21:17:55 -0500] "GET /nupzj/o1103981.html HTTP/1.1" 200 68058 "-" "Mozilla/5.0 AppleWebKit/537.36 (KHTML, like Gecko; compatible; bingbot/2.0; +http://www.bing.com/bingbot.htm) Chrome/116.0.1938.76 Safari/537.36"
40.77.167.60 - - [09/Jan/2025:21:18:00 -0500] "GET /kjuan/f3095806.html HTTP/1.1" 200 68456 "-" "Mozilla/5.0 AppleWebKit/537.36 (KHTML, like Gecko; compatible; bingbot/2.0; +http://www.bing.com/bingbot.htm) Chrome/116.0.1938.76 Safari/537.36"
157.55.39.205 - - [09/Jan/2025:21:18:02 -0500] "GET /fttme/j2998700.html HTTP/1.1" 200 71003 "-" "Mozilla/5.0 AppleWebKit/537.36 (KHTML, like Gecko; compatible; bingbot/2.0; +http://www.bing.com/bingbot.htm) Chrome/116.0.1938.76 Safari/537.36"
40.77.167.60 - - [09/Jan/2025:21:18:02 -0500] "GET /mvukn/o769725.html HTTP/1.1" 200 68972 "-" "Mozilla/5.0 AppleWebKit/537.36 (KHTML, like Gecko; compatible; bingbot/2.0; +http://www.bing.com/bingbot.htm) Chrome/116.0.1938.76 Safari/537.36"
52.167.144.146 - - [09/Jan/2025:21:18:02 -0500] "GET /idpea/c2593509.html HTTP/1.1" 200 68725 "-" "Mozilla/5.0 AppleWebKit/537.36 (KHTML, like Gecko; compatible; bingbot/2.0; +http://www.bing.com/bingbot.htm) Chrome/116.0.1938.76 Safari/537.36"
40.77.167.60 - - [09/Jan/2025:21:18:05 -0500] "GET /dsqic/i959077.html HTTP/1.1" 200 69907 "-" "Mozilla/5.0 AppleWebKit/537.36 (KHTML, like Gecko; compatible; bingbot/2.0; +http://www.bing.com/bingbot.htm) Chrome/116.0.1938.76 Safari/537.36"
40.77.167.60 - - [09/Jan/2025:21:18:06 -0500] "GET /erggo/s1096341.html HTTP/1.1" 200 70036 "-" "Mozilla/5.0 AppleWebKit/537.36 (KHTML, like Gecko; compatible; bingbot/2.0; +http://www.bing.com/bingbot.htm) Chrome/116.0.1938.76 Safari/537.36"
52.167.144.146 - - [09/Jan/2025:21:18:12 -0500] "GET /swcvf/a1735637.html HTTP/1.1" 200 70153 "-" "Mozilla/5.0 AppleWebKit/537.36 (KHTML, like Gecko; compatible; bingbot/2.0; +http://www.bing.com/bingbot.htm) Chrome/116.0.1938.76 Safari/537.36"
157.55.39.205 - - [09/Jan/2025:21:18:16 -0500] "GET /ngeqc/d2177042.html HTTP/1.1" 200 69282 "-" "Mozilla/5.0 AppleWebKit/537.36 (KHTML, like Gecko; compatible; bingbot/2.0; +http://www.bing.com/bingbot.htm) Chrome/116.0.1938.76 Safari/537.36"
157.55.39.205 - - [09/Jan/2025:21:18:18 -0500] "GET /zcozm/f1753452.html HTTP/1.1" 200 67904 "-" "Mozilla/5.0 AppleWebKit/537.36 (KHTML, like Gecko; compatible; bingbot/2.0; +http://www.bing.com/bingbot.htm) Chrome/116.0.1938.76 Safari/537.36"
40.77.167.60 - - [09/Jan/2025:21:18:22 -0500] "GET /tsdvm/r1972670.html HTTP/1.1" 200 68910 "-" "Mozilla/5.0 AppleWebKit/537.36 (KHTML, like Gecko; compatible; bingbot/2.0; +http://www.bing.com/bingbot.htm) Chrome/116.0.1938.76 Safari/537.36"
52.167.144.222 - - [09/Jan/2025:21:18:22 -0500] "GET /clknv/f791868.html HTTP/1.1" 200 69084 "-" "Mozilla/5.0 AppleWebKit/537.36 (KHTML, like Gecko; compatible; bingbot/2.0; +http://www.bing.com/bingbot.htm) Chrome/116.0.1938.76 Safari/537.36"
52.167.144.222 - - [09/Jan/2025:21:18:24 -0500] "GET /npyil/f1304952.html HTTP/1.1" 200 69585 "-" "Mozilla/5.0 AppleWebKit/537.36 (KHTML, like Gecko; compatible; bingbot/2.0; +http://www.bing.com/bingbot.htm) Chrome/116.0.1938.76 Safari/537.36"
52.167.144.222 - - [09/Jan/2025:21:18:32 -0500] "GET /owmxs/n1342998.html HTTP/1.1" 200 69067 "-" "Mozilla/5.0 AppleWebKit/537.36 (KHTML, like Gecko; compatible; bingbot/2.0; +http://www.bing.com/bingbot.htm) Chrome/116.0.1938.76 Safari/537.36"
157.55.39.12 - - [09/Jan/2025:21:18:33 -0500] "GET /klfly/p1706064.html HTTP/1.1" 200 69132 "-" "Mozilla/5.0 AppleWebKit/537.36 (KHTML, like Gecko; compatible; bingbot/2.0; +http://www.bing.com/bingbot.htm) Chrome/116.0.1938.76 Safari/537.36"
40.77.167.60 - - [09/Jan/2025:21:18:41 -0500] "GET /sitxx/r500654.html HTTP/1.1" 200 67264 "-" "Mozilla/5.0 AppleWebKit/537.36 (KHTML, like Gecko; compatible; bingbot/2.0; +http://www.bing.com/bingbot.htm) Chrome/116.0.1938.76 Safari/537.36"
40.77.167.154 - - [09/Jan/2025:21:19:00 -0500] "GET /hhlon/x492080.html HTTP/1.1" 200 68176 "-" "Mozilla/5.0 AppleWebKit/537.36 (KHTML, like Gecko; compatible; bingbot/2.0; +http://www.bing.com/bingbot.htm) Chrome/116.0.1938.76 Safari/537.36"
52.167.144.146 - - [09/Jan/2025:21:19:13 -0500] "GET /ssrib/v1651548.html HTTP/1.1" 200 70038 "-" "Mozilla/5.0 AppleWebKit/537.36 (KHTML, like Gecko; compatible; bingbot/2.0; +http://www.bing.com/bingbot.htm) Chrome/116.0.1938.76 Safari/537.36"
52.167.144.146 - - [09/Jan/2025:21:19:14 -0500] "GET /bsido/k2710309.html HTTP/1.1" 200 69902 "-" "Mozilla/5.0 AppleWebKit/537.36 (KHTML, like Gecko; compatible; bingbot/2.0; +http://www.bing.com/bingbot.htm) Chrome/116.0.1938.76 Safari/537.36"
66.249.79.35 - - [09/Jan/2025:21:19:25 -0500] "GET /gmhjv/c2026267.html HTTP/1.1" 200 68646 "-" "Mozilla/5.0 (Linux; Android 6.0.1; Nexus 5X Build/MMB29P) AppleWebKit/537.36 (KHTML, like Gecko) Chrome/131.0.6778.204 Mobile Safari/537.36 (compatible; Googlebot/2.1; +http://www.google.com/bot.html)"
52.167.144.146 - - [09/Jan/2025:21:19:33 -0500] "GET /qaiul/a2040825.html HTTP/1.1" 200 68849 "-" "Mozilla/5.0 AppleWebKit/537.36 (KHTML, like Gecko; compatible; bingbot/2.0; +http://www.bing.com/bingbot.htm) Chrome/116.0.1938.76 Safari/537.36"
40.77.167.60 - - [09/Jan/2025:21:19:41 -0500] "GET /ywqqs/a1545343.html HTTP/1.1" 200 69362 "-" "Mozilla/5.0 AppleWebKit/537.36 (KHTML, like Gecko; compatible; bingbot/2.0; +http://www.bing.com/bingbot.htm) Chrome/116.0.1938.76 Safari/537.36"
52.167.144.222 - - [09/Jan/2025:21:19:42 -0500] "GET /qtiwn/f189370.html HTTP/1.1" 200 70111 "-" "Mozilla/5.0 AppleWebKit/537.36 (KHTML, like Gecko; compatible; bingbot/2.0; +http://www.bing.com/bingbot.htm) Chrome/116.0.1938.76 Safari/537.36"
40.77.167.154 - - [09/Jan/2025:21:19:49 -0500] "GET /fwfwv/n1620652.html HTTP/1.1" 200 75221 "-" "Mozilla/5.0 AppleWebKit/537.36 (KHTML, like Gecko; compatible; bingbot/2.0; +http://www.bing.com/bingbot.htm) Chrome/116.0.1938.76 Safari/537.36"
40.77.167.154 - - [09/Jan/2025:21:19:50 -0500] "GET /gnnli/a2756345.html HTTP/1.1" 200 68222 "-" "Mozilla/5.0 AppleWebKit/537.36 (KHTML, like Gecko; compatible; bingbot/2.0; +http://www.bing.com/bingbot.htm) Chrome/116.0.1938.76 Safari/537.36"
40.77.167.154 - - [09/Jan/2025:21:19:51 -0500] "GET /pxuwb/g1082367.html HTTP/1.1" 200 68703 "-" "Mozilla/5.0 AppleWebKit/537.36 (KHTML, like Gecko; compatible; bingbot/2.0; +http://www.bing.com/bingbot.htm) Chrome/116.0.1938.76 Safari/537.36"
52.167.144.146 - - [09/Jan/2025:21:19:52 -0500] "GET /xtwaq/x1209706.html HTTP/1.1" 200 68722 "-" "Mozilla/5.0 AppleWebKit/537.36 (KHTML, like Gecko; compatible; bingbot/2.0; +http://www.bing.com/bingbot.htm) Chrome/116.0.1938.76 Safari/537.36"
52.167.144.222 - - [09/Jan/2025:21:19:53 -0500] "GET /xtqak/a1636915.html HTTP/1.1" 200 69659 "-" "Mozilla/5.0 AppleWebKit/537.36 (KHTML, like Gecko; compatible; bingbot/2.0; +http://www.bing.com/bingbot.htm) Chrome/116.0.1938.76 Safari/537.36"
40.77.167.154 - - [09/Jan/2025:21:19:53 -0500] "GET /xuqxp/l1405864.html HTTP/1.1" 200 67979 "-" "Mozilla/5.0 AppleWebKit/537.36 (KHTML, like Gecko; compatible; bingbot/2.0; +http://www.bing.com/bingbot.htm) Chrome/116.0.1938.76 Safari/537.36"
52.167.144.146 - - [09/Jan/2025:21:19:54 -0500] "GET /bjxjp/v2613886.html HTTP/1.1" 200 68870 "-" "Mozilla/5.0 AppleWebKit/537.36 (KHTML, like Gecko; compatible; bingbot/2.0; +http://www.bing.com/bingbot.htm) Chrome/116.0.1938.76 Safari/537.36"
40.77.167.154 - - [09/Jan/2025:21:19:55 -0500] "GET /qcnlu/f1020174.html HTTP/1.1" 200 69638 "-" "Mozilla/5.0 AppleWebKit/537.36 (KHTML, like Gecko; compatible; bingbot/2.0; +http://www.bing.com/bingbot.htm) Chrome/116.0.1938.76 Safari/537.36"
52.167.144.146 - - [09/Jan/2025:21:19:56 -0500] "GET /zgxcd/w212111.html HTTP/1.1" 200 72746 "-" "Mozilla/5.0 AppleWebKit/537.36 (KHTML, like Gecko; compatible; bingbot/2.0; +http://www.bing.com/bingbot.htm) Chrome/116.0.1938.76 Safari/537.36"
40.77.167.60 - - [09/Jan/2025:21:20:04 -0500] "GET /zbqoo/i2253773.html HTTP/1.1" 200 68358 "-" "Mozilla/5.0 AppleWebKit/537.36 (KHTML, like Gecko; compatible; bingbot/2.0; +http://www.bing.com/bingbot.htm) Chrome/116.0.1938.76 Safari/537.36"
157.55.39.205 - - [09/Jan/2025:21:20:11 -0500] "GET /wxhjp/i3080833.html HTTP/1.1" 200 71376 "-" "Mozilla/5.0 AppleWebKit/537.36 (KHTML, like Gecko; compatible; bingbot/2.0; +http://www.bing.com/bingbot.htm) Chrome/116.0.1938.76 Safari/537.36"
40.77.167.60 - - [09/Jan/2025:21:20:13 -0500] "GET /kilvj/l2019048.html HTTP/1.1" 200 68342 "-" "Mozilla/5.0 AppleWebKit/537.36 (KHTML, like Gecko; compatible; bingbot/2.0; +http://www.bing.com/bingbot.htm) Chrome/116.0.1938.76 Safari/537.36"
94.103.125.40 - - [09/Jan/2025:21:20:18 -0500] "GET /wp-content/themes/seotheme/db.php?u HTTP/1.1" 200 0 "www.google.com" "Mozlila/5.0 (Linux; Android 7.0; SM-G892A Bulid/NRD90M; wv) AppleWebKit/537.36 (KHTML, like Gecko) Version/4.0 Chrome/60.0.3112.107 Moblie Safari/537.36"
94.103.125.40 - - [09/Jan/2025:21:20:18 -0500] "POST /wp-plain.php HTTP/1.1" 200 0 "www.google.com" "Mozilla/5.0 (Linux; Android 7.0; SM-G892A Bulid/NRD90M; wv) AppleWebKit/537.36 (KHTML, like Gecko) Version/4.0 Chrome/60.0.3112.107 Moblie Safari/537.36"
94.103.125.40 - - [09/Jan/2025:21:20:18 -0500] "GET / HTTP/1.1" 200 0 "-" "Mozlila/5.0 (Linux; Android 7.0; SM-G892A Bulid/NRD90M; wv) AppleWebKit/537.36 (KHTML, like Gecko) Version/4.0 Chrome/60.0.3112.107 Moblie Safari/537.36"
94.103.125.40 - - [09/Jan/2025:21:20:19 -0500] "GET /wp-content/plugins/fix/up.php HTTP/1.1" 200 0 "-" "Mozilla/5.0 (Windows NT 10.0; Win64; x64) AppleWebKit/537.36 (KHTML, like Gecko) Chrome/85.0.4183.102 Safari/537.36"
157.55.39.12 - - [09/Jan/2025:21:20:22 -0500] "GET /pfcse/m2941633.html HTTP/1.1" 200 70078 "-" "Mozilla/5.0 AppleWebKit/537.36 (KHTML, like Gecko; compatible; bingbot/2.0; +http://www.bing.com/bingbot.htm) Chrome/116.0.1938.76 Safari/537.36"
94.103.125.40 - - [09/Jan/2025:21:20:27 -0500] "GET /wp-content/themes/seotheme/db.php?u HTTP/1.1" 200 0 "www.google.com" "Mozlila/5.0 (Linux; Android 7.0; SM-G892A Bulid/NRD90M; wv) AppleWebKit/537.36 (KHTML, like Gecko) Version/4.0 Chrome/60.0.3112.107 Moblie Safari/537.36"
94.103.125.40 - - [09/Jan/2025:21:20:27 -0500] "GET / HTTP/1.1" 200 0 "-" "Mozlila/5.0 (Linux; Android 7.0; SM-G892A Bulid/NRD90M; wv) AppleWebKit/537.36 (KHTML, like Gecko) Version/4.0 Chrome/60.0.3112.107 Moblie Safari/537.36"
94.103.125.40 - - [09/Jan/2025:21:20:27 -0500] "GET /wp-content/plugins/fix/up.php HTTP/1.1" 200 0 "-" "Mozilla/5.0 (Windows NT 10.0; Win64; x64) AppleWebKit/537.36 (KHTML, like Gecko) Chrome/85.0.4183.102 Safari/537.36"
40.77.167.60 - - [09/Jan/2025:21:20:27 -0500] "GET /jievf/s145079.html HTTP/1.1" 200 68629 "-" "Mozilla/5.0 AppleWebKit/537.36 (KHTML, like Gecko; compatible; bingbot/2.0; +http://www.bing.com/bingbot.htm) Chrome/116.0.1938.76 Safari/537.36"
40.77.167.154 - - [09/Jan/2025:21:20:28 -0500] "GET /qolvk/v2977106.html HTTP/1.1" 200 68487 "-" "Mozilla/5.0 AppleWebKit/537.36 (KHTML, like Gecko; compatible; bingbot/2.0; +http://www.bing.com/bingbot.htm) Chrome/116.0.1938.76 Safari/537.36"
66.249.79.105 - - [09/Jan/2025:21:20:33 -0500] "GET /sulad/c1137769.html HTTP/1.1" 200 68915 "-" "Mozilla/5.0 (Linux; Android 6.0.1; Nexus 5X Build/MMB29P) AppleWebKit/537.36 (KHTML, like Gecko) Chrome/131.0.6778.204 Mobile Safari/537.36 (compatible; Googlebot/2.1; +http://www.google.com/bot.html)"
94.103.125.40 - - [09/Jan/2025:21:20:35 -0500] "GET /wp-content/themes/seotheme/db.php?u HTTP/1.1" 200 0 "www.google.com" "Mozlila/5.0 (Linux; Android 7.0; SM-G892A Bulid/NRD90M; wv) AppleWebKit/537.36 (KHTML, like Gecko) Version/4.0 Chrome/60.0.3112.107 Moblie Safari/537.36"
94.103.125.40 - - [09/Jan/2025:21:20:35 -0500] "GET / HTTP/1.1" 200 0 "-" "Mozlila/5.0 (Linux; Android 7.0; SM-G892A Bulid/NRD90M; wv) AppleWebKit/537.36 (KHTML, like Gecko) Version/4.0 Chrome/60.0.3112.107 Moblie Safari/537.36"
94.103.125.40 - - [09/Jan/2025:21:20:35 -0500] "GET /wp-content/plugins/fix/up.php HTTP/1.1" 200 0 "-" "Mozilla/5.0 (Windows NT 10.0; Win64; x64) AppleWebKit/537.36 (KHTML, like Gecko) Chrome/85.0.4183.102 Safari/537.36"
157.55.39.12 - - [09/Jan/2025:21:20:41 -0500] "GET /pkqmg/q1133363.html HTTP/1.1" 200 69006 "-" "Mozilla/5.0 AppleWebKit/537.36 (KHTML, like Gecko; compatible; bingbot/2.0; +http://www.bing.com/bingbot.htm) Chrome/116.0.1938.76 Safari/537.36"
94.103.125.40 - - [09/Jan/2025:21:20:44 -0500] "GET /wp-content/themes/seotheme/db.php?u HTTP/1.1" 200 0 "www.google.com" "Mozlila/5.0 (Linux; Android 7.0; SM-G892A Bulid/NRD90M; wv) AppleWebKit/537.36 (KHTML, like Gecko) Version/4.0 Chrome/60.0.3112.107 Moblie Safari/537.36"
94.103.125.40 - - [09/Jan/2025:21:20:44 -0500] "GET / HTTP/1.1" 200 0 "-" "Mozlila/5.0 (Linux; Android 7.0; SM-G892A Bulid/NRD90M; wv) AppleWebKit/537.36 (KHTML, like Gecko) Version/4.0 Chrome/60.0.3112.107 Moblie Safari/537.36"
94.103.125.40 - - [09/Jan/2025:21:20:44 -0500] "GET /wp-content/plugins/fix/up.php HTTP/1.1" 200 0 "-" "Mozilla/5.0 (Windows NT 10.0; Win64; x64) AppleWebKit/537.36 (KHTML, like Gecko) Chrome/85.0.4183.102 Safari/537.36"
40.77.167.154 - - [09/Jan/2025:21:20:47 -0500] "GET /fugys/w1289603.html HTTP/1.1" 200 68916 "-" "Mozilla/5.0 AppleWebKit/537.36 (KHTML, like Gecko; compatible; bingbot/2.0; +http://www.bing.com/bingbot.htm) Chrome/116.0.1938.76 Safari/537.36"
40.77.167.60 - - [09/Jan/2025:21:20:48 -0500] "GET /qrskg/q2489003.html HTTP/1.1" 200 69781 "-" "Mozilla/5.0 AppleWebKit/537.36 (KHTML, like Gecko; compatible; bingbot/2.0; +http://www.bing.com/bingbot.htm) Chrome/116.0.1938.76 Safari/537.36"
94.103.125.40 - - [09/Jan/2025:21:20:51 -0500] "GET /wp-content/themes/seotheme/db.php?u HTTP/1.1" 200 0 "www.google.com" "Mozlila/5.0 (Linux; Android 7.0; SM-G892A Bulid/NRD90M; wv) AppleWebKit/537.36 (KHTML, like Gecko) Version/4.0 Chrome/60.0.3112.107 Moblie Safari/537.36"
94.103.125.40 - - [09/Jan/2025:21:20:52 -0500] "GET / HTTP/1.1" 200 0 "-" "Mozlila/5.0 (Linux; Android 7.0; SM-G892A Bulid/NRD90M; wv) AppleWebKit/537.36 (KHTML, like Gecko) Version/4.0 Chrome/60.0.3112.107 Moblie Safari/537.36"
94.103.125.40 - - [09/Jan/2025:21:20:52 -0500] "GET /wp-content/plugins/fix/up.php HTTP/1.1" 200 0 "-" "Mozilla/5.0 (Windows NT 10.0; Win64; x64) AppleWebKit/537.36 (KHTML, like Gecko) Chrome/85.0.4183.102 Safari/537.36"
40.77.167.154 - - [09/Jan/2025:21:20:51 -0500] "GET /kdcaf/m2735687.html HTTP/1.1" 200 69230 "-" "Mozilla/5.0 AppleWebKit/537.36 (KHTML, like Gecko; compatible; bingbot/2.0; +http://www.bing.com/bingbot.htm) Chrome/116.0.1938.76 Safari/537.36"
40.77.167.60 - - [09/Jan/2025:21:20:56 -0500] "GET /nnftu/e1891875.html HTTP/1.1" 200 69795 "-" "Mozilla/5.0 AppleWebKit/537.36 (KHTML, like Gecko; compatible; bingbot/2.0; +http://www.bing.com/bingbot.htm) Chrome/116.0.1938.76 Safari/537.36"
52.167.144.146 - - [09/Jan/2025:21:20:58 -0500] "GET /ffyoe/g465959.html HTTP/1.1" 200 69145 "-" "Mozilla/5.0 AppleWebKit/537.36 (KHTML, like Gecko; compatible; bingbot/2.0; +http://www.bing.com/bingbot.htm) Chrome/116.0.1938.76 Safari/537.36"
94.103.125.40 - - [09/Jan/2025:21:20:59 -0500] "GET /wp-content/themes/seotheme/db.php?u HTTP/1.1" 200 0 "www.google.com" "Mozlila/5.0 (Linux; Android 7.0; SM-G892A Bulid/NRD90M; wv) AppleWebKit/537.36 (KHTML, like Gecko) Version/4.0 Chrome/60.0.3112.107 Moblie Safari/537.36"
157.55.39.12 - - [09/Jan/2025:21:21:00 -0500] "GET /xxvpr/m424209.html HTTP/1.1" 200 76268 "-" "Mozilla/5.0 AppleWebKit/537.36 (KHTML, like Gecko; compatible; bingbot/2.0; +http://www.bing.com/bingbot.htm) Chrome/116.0.1938.76 Safari/537.36"
52.167.144.146 - - [09/Jan/2025:21:21:00 -0500] "GET /khkty/x2132654.html HTTP/1.1" 200 69021 "-" "Mozilla/5.0 AppleWebKit/537.36 (KHTML, like Gecko; compatible; bingbot/2.0; +http://www.bing.com/bingbot.htm) Chrome/116.0.1938.76 Safari/537.36"
157.55.39.12 - - [09/Jan/2025:21:21:02 -0500] "GET /qdobv/m1123245.html HTTP/1.1" 200 69362 "-" "Mozilla/5.0 AppleWebKit/537.36 (KHTML, like Gecko; compatible; bingbot/2.0; +http://www.bing.com/bingbot.htm) Chrome/116.0.1938.76 Safari/537.36"
94.103.125.40 - - [09/Jan/2025:21:21:05 -0500] "GET /wp-content/themes/seotheme/db.php?u HTTP/1.1" 404 60558 "www.google.com" "Mozlila/5.0 (Linux; Android 7.0; SM-G892A Bulid/NRD90M; wv) AppleWebKit/537.36 (KHTML, like Gecko) Version/4.0 Chrome/60.0.3112.107 Moblie Safari/537.36"
157.55.39.12 - - [09/Jan/2025:21:21:06 -0500] "GET /wdtki/c634877.html HTTP/1.1" 200 67504 "-" "Mozilla/5.0 AppleWebKit/537.36 (KHTML, like Gecko; compatible; bingbot/2.0; +http://www.bing.com/bingbot.htm) Chrome/116.0.1938.76 Safari/537.36"
40.77.167.154 - - [09/Jan/2025:21:21:06 -0500] "GET /carmi/y1521551.html HTTP/1.1" 200 69410 "-" "Mozilla/5.0 AppleWebKit/537.36 (KHTML, like Gecko; compatible; bingbot/2.0; +http://www.bing.com/bingbot.htm) Chrome/116.0.1938.76 Safari/537.36"
35.180.196.213 - - [09/Jan/2025:21:21:08 -0500] "GET / HTTP/1.1" 200 21662 "www.google.com" "Mozilla/5.0 (Linux; Android 7.0; SM-G892A Build/NRD90M; wv) AppleWebKit/537.36 (KHTML, like Gecko) Version/4.0 Chrome/60.0.3112.107 Mobile Safari/537.36"
40.77.167.60 - - [09/Jan/2025:21:21:11 -0500] "GET /wnrvk/a230471.html HTTP/1.1" 200 70767 "-" "Mozilla/5.0 AppleWebKit/537.36 (KHTML, like Gecko; compatible; bingbot/2.0; +http://www.bing.com/bingbot.htm) Chrome/116.0.1938.76 Safari/537.36"
40.77.167.60 - - [09/Jan/2025:21:21:13 -0500] "GET /wwrmy/d3037512.html HTTP/1.1" 200 68444 "-" "Mozilla/5.0 AppleWebKit/537.36 (KHTML, like Gecko; compatible; bingbot/2.0; +http://www.bing.com/bingbot.htm) Chrome/116.0.1938.76 Safari/537.36"
52.167.144.222 - - [09/Jan/2025:21:21:14 -0500] "GET /eertc/y925787.html HTTP/1.1" 200 69116 "-" "Mozilla/5.0 AppleWebKit/537.36 (KHTML, like Gecko; compatible; bingbot/2.0; +http://www.bing.com/bingbot.htm) Chrome/116.0.1938.76 Safari/537.36"
157.55.39.205 - - [09/Jan/2025:21:21:15 -0500] "GET /eujrw/y2166975.html HTTP/1.1" 200 68600 "-" "Mozilla/5.0 AppleWebKit/537.36 (KHTML, like Gecko; compatible; bingbot/2.0; +http://www.bing.com/bingbot.htm) Chrome/116.0.1938.76 Safari/537.36"
40.77.167.60 - - [09/Jan/2025:21:21:16 -0500] "GET /mvkph/o2392385.html HTTP/1.1" 200 69309 "-" "Mozilla/5.0 AppleWebKit/537.36 (KHTML, like Gecko; compatible; bingbot/2.0; +http://www.bing.com/bingbot.htm) Chrome/116.0.1938.76 Safari/537.36"
52.167.144.222 - - [09/Jan/2025:21:21:17 -0500] "GET /henzt/k1017007.html HTTP/1.1" 200 71018 "-" "Mozilla/5.0 AppleWebKit/537.36 (KHTML, like Gecko; compatible; bingbot/2.0; +http://www.bing.com/bingbot.htm) Chrome/116.0.1938.76 Safari/537.36"
52.167.144.146 - - [09/Jan/2025:21:21:19 -0500] "GET /sjyva/z2845446.html HTTP/1.1" 200 67792 "-" "Mozilla/5.0 AppleWebKit/537.36 (KHTML, like Gecko; compatible; bingbot/2.0; +http://www.bing.com/bingbot.htm) Chrome/116.0.1938.76 Safari/537.36"
40.77.167.60 - - [09/Jan/2025:21:21:18 -0500] "GET /yveep/r1043404.html HTTP/1.1" 200 70141 "-" "Mozilla/5.0 AppleWebKit/537.36 (KHTML, like Gecko; compatible; bingbot/2.0; +http://www.bing.com/bingbot.htm) Chrome/116.0.1938.76 Safari/537.36"
52.167.144.146 - - [09/Jan/2025:21:21:20 -0500] "GET /jylhl/a2698209.html HTTP/1.1" 200 69176 "-" "Mozilla/5.0 AppleWebKit/537.36 (KHTML, like Gecko; compatible; bingbot/2.0; +http://www.bing.com/bingbot.htm) Chrome/116.0.1938.76 Safari/537.36"
35.180.196.213 - - [09/Jan/2025:21:21:21 -0500] "GET /wp HTTP/1.1" 404 15747 "www.google.com" "Mozilla/5.0 (Linux; Android 7.0; SM-G892A Build/NRD90M; wv) AppleWebKit/537.36 (KHTML, like Gecko) Version/4.0 Chrome/60.0.3112.107 Mobile Safari/537.36"
40.77.167.60 - - [09/Jan/2025:21:21:31 -0500] "GET /mkdec/s3025229.html HTTP/1.1" 200 71196 "-" "Mozilla/5.0 AppleWebKit/537.36 (KHTML, like Gecko; compatible; bingbot/2.0; +http://www.bing.com/bingbot.htm) Chrome/116.0.1938.76 Safari/537.36"
35.180.196.213 - - [09/Jan/2025:21:21:33 -0500] "GET /wordpress HTTP/1.1" 404 15753 "www.google.com" "Mozilla/5.0 (Linux; Android 7.0; SM-G892A Build/NRD90M; wv) AppleWebKit/537.36 (KHTML, like Gecko) Version/4.0 Chrome/60.0.3112.107 Mobile Safari/537.36"
40.77.167.60 - - [09/Jan/2025:21:21:33 -0500] "GET /flnyw/b416164.html HTTP/1.1" 200 67903 "-" "Mozilla/5.0 AppleWebKit/537.36 (KHTML, like Gecko; compatible; bingbot/2.0; +http://www.bing.com/bingbot.htm) Chrome/116.0.1938.76 Safari/537.36"
40.77.167.60 - - [09/Jan/2025:21:21:34 -0500] "GET /wrnem/u2506063.html HTTP/1.1" 200 69238 "-" "Mozilla/5.0 AppleWebKit/537.36 (KHTML, like Gecko; compatible; bingbot/2.0; +http://www.bing.com/bingbot.htm) Chrome/116.0.1938.76 Safari/537.36"
40.77.167.154 - - [09/Jan/2025:21:21:42 -0500] "GET /ztjkx/o1598969.html HTTP/1.1" 200 68962 "-" "Mozilla/5.0 AppleWebKit/537.36 (KHTML, like Gecko; compatible; bingbot/2.0; +http://www.bing.com/bingbot.htm) Chrome/116.0.1938.76 Safari/537.36"
66.29.132.124 - - [09/Jan/2025:21:21:45 -0500] "POST /wp-cron.php?doing_wp_cron=1736475705.5577750205993652343750 HTTP/1.1" 200 0 "-" "WordPress/6.7.1; https://diixadigital.com"
35.180.196.213 - - [09/Jan/2025:21:21:45 -0500] "GET /diixadigital HTTP/1.1" 404 15750 "www.google.com" "Mozilla/5.0 (Linux; Android 7.0; SM-G892A Build/NRD90M; wv) AppleWebKit/537.36 (KHTML, like Gecko) Version/4.0 Chrome/60.0.3112.107 Mobile Safari/537.36"
157.55.39.201 - - [09/Jan/2025:21:21:46 -0500] "GET /dojbw/o417867.html HTTP/1.1" 200 70084 "-" "Mozilla/5.0 AppleWebKit/537.36 (KHTML, like Gecko; compatible; bingbot/2.0; +http://www.bing.com/bingbot.htm) Chrome/116.0.1938.76 Safari/537.36"
66.29.132.124 - - [09/Jan/2025:21:21:46 -0500] "POST /wp-admin/admin-ajax.php?action=async_litespeed&nonce=6USUbTg2UtpDzVhCtw1luXt7XttpcfYV&litespeed_type=imgoptm HTTP/1.1" 200 0 "-" "WordPress/6.7.1; https://diixadigital.com"
52.167.144.146 - - [09/Jan/2025:21:21:48 -0500] "GET /tzryp/f1633878.html HTTP/1.1" 200 70056 "-" "Mozilla/5.0 AppleWebKit/537.36 (KHTML, like Gecko; compatible; bingbot/2.0; +http://www.bing.com/bingbot.htm) Chrome/116.0.1938.76 Safari/537.36"
157.55.39.201 - - [09/Jan/2025:21:21:48 -0500] "GET /ynxny/n2996182.html HTTP/1.1" 200 67785 "-" "Mozilla/5.0 AppleWebKit/537.36 (KHTML, like Gecko; compatible; bingbot/2.0; +http://www.bing.com/bingbot.htm) Chrome/116.0.1938.76 Safari/537.36"
52.167.144.146 - - [09/Jan/2025:21:21:50 -0500] "GET /rukgt/f2385642.html HTTP/1.1" 200 68309 "-" "Mozilla/5.0 AppleWebKit/537.36 (KHTML, like Gecko; compatible; bingbot/2.0; +http://www.bing.com/bingbot.htm) Chrome/116.0.1938.76 Safari/537.36"
52.167.144.222 - - [09/Jan/2025:21:21:51 -0500] "GET /ykmcc/j1098620.html HTTP/1.1" 200 68665 "-" "Mozilla/5.0 AppleWebKit/537.36 (KHTML, like Gecko; compatible; bingbot/2.0; +http://www.bing.com/bingbot.htm) Chrome/116.0.1938.76 Safari/537.36"
52.167.144.146 - - [09/Jan/2025:21:21:51 -0500] "GET /akxwy/e2495543.html HTTP/1.1" 200 76015 "-" "Mozilla/5.0 AppleWebKit/537.36 (KHTML, like Gecko; compatible; bingbot/2.0; +http://www.bing.com/bingbot.htm) Chrome/116.0.1938.76 Safari/537.36"
66.29.132.124 - - [09/Jan/2025:21:21:52 -0500] "GET /wp-json/jetpack/v4/sync/spawn-sync?time=1736475712&request_lock_id=1736475712.8851 HTTP/1.1" 200 0 "-" "WordPress/6.7.1; https://diixadigital.com"
52.167.144.222 - - [09/Jan/2025:21:21:52 -0500] "GET /krbso/k2724115.html HTTP/1.1" 200 68732 "-" "Mozilla/5.0 AppleWebKit/537.36 (KHTML, like Gecko; compatible; bingbot/2.0; +http://www.bing.com/bingbot.htm) Chrome/116.0.1938.76 Safari/537.36"
157.55.39.201 - - [09/Jan/2025:21:21:54 -0500] "GET /ldagd/i2552253.html HTTP/1.1" 200 68796 "-" "Mozilla/5.0 AppleWebKit/537.36 (KHTML, like Gecko; compatible; bingbot/2.0; +http://www.bing.com/bingbot.htm) Chrome/116.0.1938.76 Safari/537.36"
157.55.39.201 - - [09/Jan/2025:21:21:55 -0500] "GET /srjnz/j251592.html HTTP/1.1" 200 70579 "-" "Mozilla/5.0 AppleWebKit/537.36 (KHTML, like Gecko; compatible; bingbot/2.0; +http://www.bing.com/bingbot.htm) Chrome/116.0.1938.76 Safari/537.36"
66.29.132.124 - - [09/Jan/2025:21:22:05 -0500] "POST /wp-cron.php?doing_wp_cron=1736475725.1964991092681884765625 HTTP/1.1" 200 0 "-" "WordPress/6.7.1; https://diixadigital.com"
35.180.196.213 - - [09/Jan/2025:21:22:04 -0500] "GET /wordpress HTTP/1.1" 404 15753 "www.google.com" "Mozilla/5.0 (Linux; Android 7.0; SM-G892A Build/NRD90M; wv) AppleWebKit/537.36 (KHTML, like Gecko) Version/4.0 Chrome/60.0.3112.107 Mobile Safari/537.36"
40.77.167.60 - - [09/Jan/2025:21:22:10 -0500] "GET /gfqks/n2109816.html HTTP/1.1" 200 68690 "-" "Mozilla/5.0 AppleWebKit/537.36 (KHTML, like Gecko; compatible; bingbot/2.0; +http://www.bing.com/bingbot.htm) Chrome/116.0.1938.76 Safari/537.36"
52.167.144.146 - - [09/Jan/2025:21:22:14 -0500] "GET /iegjt/a609811.html HTTP/1.1" 200 73056 "-" "Mozilla/5.0 AppleWebKit/537.36 (KHTML, like Gecko; compatible; bingbot/2.0; +http://www.bing.com/bingbot.htm) Chrome/116.0.1938.76 Safari/537.36"
207.46.13.130 - - [09/Jan/2025:21:22:14 -0500] "GET /zaxqz/s2313921.html HTTP/1.1" 200 69785 "-" "Mozilla/5.0 AppleWebKit/537.36 (KHTML, like Gecko; compatible; bingbot/2.0; +http://www.bing.com/bingbot.htm) Chrome/116.0.1938.76 Safari/537.36"
35.180.196.213 - - [09/Jan/2025:21:22:16 -0500] "GET /old HTTP/1.1" 404 15747 "www.google.com" "Mozilla/5.0 (Linux; Android 7.0; SM-G892A Build/NRD90M; wv) AppleWebKit/537.36 (KHTML, like Gecko) Version/4.0 Chrome/60.0.3112.107 Mobile Safari/537.36"
52.167.144.146 - - [09/Jan/2025:21:22:17 -0500] "GET /npqfo/f483326.html HTTP/1.1" 200 68811 "-" "Mozilla/5.0 AppleWebKit/537.36 (KHTML, like Gecko; compatible; bingbot/2.0; +http://www.bing.com/bingbot.htm) Chrome/116.0.1938.76 Safari/537.36"
66.29.132.124 - - [09/Jan/2025:21:22:30 -0500] "POST /wp-cron.php?doing_wp_cron=1736475750.8362309932708740234375 HTTP/1.1" 200 0 "-" "WordPress/6.7.1; https://diixadigital.com"
40.77.167.60 - - [09/Jan/2025:21:22:29 -0500] "GET /cxtcr/b1326138.html HTTP/1.1" 200 67226 "-" "Mozilla/5.0 AppleWebKit/537.36 (KHTML, like Gecko; compatible; bingbot/2.0; +http://www.bing.com/bingbot.htm) Chrome/116.0.1938.76 Safari/537.36"
35.180.196.213 - - [09/Jan/2025:21:22:29 -0500] "GET /backup HTTP/1.1" 404 15748 "www.google.com" "Mozilla/5.0 (Linux; Android 7.0; SM-G892A Build/NRD90M; wv) AppleWebKit/537.36 (KHTML, like Gecko) Version/4.0 Chrome/60.0.3112.107 Mobile Safari/537.36"
40.77.167.60 - - [09/Jan/2025:21:22:32 -0500] "GET /dxpfl/b3022794.html HTTP/1.1" 200 69207 "-" "Mozilla/5.0 AppleWebKit/537.36 (KHTML, like Gecko; compatible; bingbot/2.0; +http://www.bing.com/bingbot.htm) Chrome/116.0.1938.76 Safari/537.36"
40.77.167.60 - - [09/Jan/2025:21:22:33 -0500] "GET /lmoik/k2562941.html HTTP/1.1" 200 68934 "-" "Mozilla/5.0 AppleWebKit/537.36 (KHTML, like Gecko; compatible; bingbot/2.0; +http://www.bing.com/bingbot.htm) Chrome/116.0.1938.76 Safari/537.36"
52.167.144.222 - - [09/Jan/2025:21:22:34 -0500] "GET /pwifa/l1584094.html HTTP/1.1" 200 68654 "-" "Mozilla/5.0 AppleWebKit/537.36 (KHTML, like Gecko; compatible; bingbot/2.0; +http://www.bing.com/bingbot.htm) Chrome/116.0.1938.76 Safari/537.36"
157.55.39.201 - - [09/Jan/2025:21:22:34 -0500] "GET /kighz/p1979480.html HTTP/1.1" 200 69287 "-" "Mozilla/5.0 AppleWebKit/537.36 (KHTML, like Gecko; compatible; bingbot/2.0; +http://www.bing.com/bingbot.htm) Chrome/116.0.1938.76 Safari/537.36"
207.46.13.130 - - [09/Jan/2025:21:22:36 -0500] "GET /rhrzy/z2299602.html HTTP/1.1" 200 68548 "-" "Mozilla/5.0 AppleWebKit/537.36 (KHTML, like Gecko; compatible; bingbot/2.0; +http://www.bing.com/bingbot.htm) Chrome/116.0.1938.76 Safari/537.36"
66.249.79.161 - - [09/Jan/2025:21:22:42 -0500] "GET /hmwej/f1721706.html HTTP/1.1" 200 68633 "-" "Mozilla/5.0 (Linux; Android 6.0.1; Nexus 5X Build/MMB29P) AppleWebKit/537.36 (KHTML, like Gecko) Chrome/131.0.6778.204 Mobile Safari/537.36 (compatible; Googlebot/2.1; +http://www.google.com/bot.html)"
66.29.132.124 - - [09/Jan/2025:21:22:44 -0500] "POST /wp-cron.php?doing_wp_cron=1736475764.0005710124969482421875 HTTP/1.1" 200 0 "-" "WordPress/6.7.1; https://diixadigital.com"
35.180.196.213 - - [09/Jan/2025:21:22:43 -0500] "GET /new HTTP/1.1" 404 15749 "www.google.com" "Mozilla/5.0 (Linux; Android 7.0; SM-G892A Build/NRD90M; wv) AppleWebKit/537.36 (KHTML, like Gecko) Version/4.0 Chrome/60.0.3112.107 Mobile Safari/537.36"
66.29.132.124 - - [09/Jan/2025:21:22:44 -0500] "POST /wp-admin/admin-ajax.php?action=async_litespeed&nonce=nMqAlfHsl5KwZVOEeW4gDzNIdEBI5XeZ&litespeed_type=imgoptm HTTP/1.1" 200 21 "-" "WordPress/6.7.1; https://diixadigital.com"
40.77.167.60 - - [09/Jan/2025:21:22:50 -0500] "GET /ruart/u2703273.html HTTP/1.1" 200 68528 "-" "Mozilla/5.0 AppleWebKit/537.36 (KHTML, like Gecko; compatible; bingbot/2.0; +http://www.bing.com/bingbot.htm) Chrome/116.0.1938.76 Safari/537.36"
207.46.13.130 - - [09/Jan/2025:21:22:54 -0500] "GET /ieldm/g1727609.html HTTP/1.1" 200 77125 "-" "Mozilla/5.0 AppleWebKit/537.36 (KHTML, like Gecko; compatible; bingbot/2.0; +http://www.bing.com/bingbot.htm) Chrome/116.0.1938.76 Safari/537.36"
43.153.86.78 - - [09/Jan/2025:21:22:56 -0500] "GET / HTTP/1.1" 200 21663 "http://diixadigital.com" "Mozilla/5.0 (iPhone; CPU iPhone OS 13_2_3 like Mac OS X) AppleWebKit/605.1.15 (KHTML, like Gecko) Version/13.0.3 Mobile/15E148 Safari/604.1"
35.180.196.213 - - [09/Jan/2025:21:22:59 -0500] "GET /test HTTP/1.1" 301 0 "www.google.com" "Mozilla/5.0 (Linux; Android 7.0; SM-G892A Build/NRD90M; wv) AppleWebKit/537.36 (KHTML, like Gecko) Version/4.0 Chrome/60.0.3112.107 Mobile Safari/537.36"
35.180.196.213 - - [09/Jan/2025:21:23:00 -0500] "GET /testimonial/ HTTP/1.1" 200 18727 "www.google.com" "Mozilla/5.0 (Linux; Android 7.0; SM-G892A Build/NRD90M; wv) AppleWebKit/537.36 (KHTML, like Gecko) Version/4.0 Chrome/60.0.3112.107 Mobile Safari/537.36"
35.180.196.213 - - [09/Jan/2025:21:23:07 -0500] "GET /wp HTTP/1.1" 404 15740 "www.google.com" "Mozilla/5.0 (Linux; Android 7.0; SM-G892A Build/NRD90M; wv) AppleWebKit/537.36 (KHTML, like Gecko) Version/4.0 Chrome/60.0.3112.107 Mobile Safari/537.36"
40.77.167.154 - - [09/Jan/2025:21:23:10 -0500] "GET /yunue/s2560765.html HTTP/1.1" 200 68076 "-" "Mozilla/5.0 AppleWebKit/537.36 (KHTML, like Gecko; compatible; bingbot/2.0; +http://www.bing.com/bingbot.htm) Chrome/116.0.1938.76 Safari/537.36"
40.77.167.60 - - [09/Jan/2025:21:23:10 -0500] "GET /ubdre/i1681565.html HTTP/1.1" 200 69103 "-" "Mozilla/5.0 AppleWebKit/537.36 (KHTML, like Gecko; compatible; bingbot/2.0; +http://www.bing.com/bingbot.htm) Chrome/116.0.1938.76 Safari/537.36"
40.77.167.154 - - [09/Jan/2025:21:23:12 -0500] "GET /nimfu/t283738.html HTTP/1.1" 200 68107 "-" "Mozilla/5.0 AppleWebKit/537.36 (KHTML, like Gecko; compatible; bingbot/2.0; +http://www.bing.com/bingbot.htm) Chrome/116.0.1938.76 Safari/537.36"
40.77.167.60 - - [09/Jan/2025:21:23:12 -0500] "GET /ipaeq/k1628553.html HTTP/1.1" 200 69823 "-" "Mozilla/5.0 AppleWebKit/537.36 (KHTML, like Gecko; compatible; bingbot/2.0; +http://www.bing.com/bingbot.htm) Chrome/116.0.1938.76 Safari/537.36"
40.77.167.154 - - [09/Jan/2025:21:23:14 -0500] "GET /glvef/r2015336.html HTTP/1.1" 200 68288 "-" "Mozilla/5.0 AppleWebKit/537.36 (KHTML, like Gecko; compatible; bingbot/2.0; +http://www.bing.com/bingbot.htm) Chrome/116.0.1938.76 Safari/537.36"
40.77.167.60 - - [09/Jan/2025:21:23:14 -0500] "GET /mwbfx/c2953739.html HTTP/1.1" 200 68946 "-" "Mozilla/5.0 AppleWebKit/537.36 (KHTML, like Gecko; compatible; bingbot/2.0; +http://www.bing.com/bingbot.htm) Chrome/116.0.1938.76 Safari/537.36"
52.167.144.146 - - [09/Jan/2025:21:23:23 -0500] "GET /zzmcb/j2360608.html HTTP/1.1" 200 68574 "-" "Mozilla/5.0 AppleWebKit/537.36 (KHTML, like Gecko; compatible; bingbot/2.0; +http://www.bing.com/bingbot.htm) Chrome/116.0.1938.76 Safari/537.36"
66.29.132.124 - - [09/Jan/2025:21:23:26 -0500] "POST /wp-cron.php?doing_wp_cron=1736475806.5092198848724365234375 HTTP/1.1" 200 0 "-" "WordPress/6.7.1; https://diixadigital.com"
35.180.196.213 - - [09/Jan/2025:21:23:25 -0500] "GET /temp HTTP/1.1" 404 15749 "www.google.com" "Mozilla/5.0 (Linux; Android 7.0; SM-G892A Build/NRD90M; wv) AppleWebKit/537.36 (KHTML, like Gecko) Version/4.0 Chrome/60.0.3112.107 Mobile Safari/537.36"
207.46.13.130 - - [09/Jan/2025:21:23:34 -0500] "GET /jjwmi/h2224600.html HTTP/1.1" 200 70627 "-" "Mozilla/5.0 AppleWebKit/537.36 (KHTML, like Gecko; compatible; bingbot/2.0; +http://www.bing.com/bingbot.htm) Chrome/116.0.1938.76 Safari/537.36"
157.55.39.201 - - [09/Jan/2025:21:23:35 -0500] "GET /dhjgg/n2273772.html HTTP/1.1" 200 69964 "-" "Mozilla/5.0 AppleWebKit/537.36 (KHTML, like Gecko; compatible; bingbot/2.0; +http://www.bing.com/bingbot.htm) Chrome/116.0.1938.76 Safari/537.36"
66.29.132.124 - - [09/Jan/2025:21:23:37 -0500] "POST /wp-cron.php?doing_wp_cron=1736475817.5703449249267578125000 HTTP/1.1" 200 0 "-" "WordPress/6.7.1; https://diixadigital.com"
35.180.196.213 - - [09/Jan/2025:21:23:36 -0500] "GET /blog HTTP/1.1" 301 0 "www.google.com" "Mozilla/5.0 (Linux; Android 7.0; SM-G892A Build/NRD90M; wv) AppleWebKit/537.36 (KHTML, like Gecko) Version/4.0 Chrome/60.0.3112.107 Mobile Safari/537.36"
157.55.39.201 - - [09/Jan/2025:21:23:37 -0500] "GET /duqrq/g2785185.html HTTP/1.1" 200 68904 "-" "Mozilla/5.0 AppleWebKit/537.36 (KHTML, like Gecko; compatible; bingbot/2.0; +http://www.bing.com/bingbot.htm) Chrome/116.0.1938.76 Safari/537.36"
35.180.196.213 - - [09/Jan/2025:21:23:37 -0500] "GET /blog/ HTTP/1.1" 200 16116 "www.google.com" "Mozilla/5.0 (Linux; Android 7.0; SM-G892A Build/NRD90M; wv) AppleWebKit/537.36 (KHTML, like Gecko) Version/4.0 Chrome/60.0.3112.107 Mobile Safari/537.36"
157.55.39.201 - - [09/Jan/2025:21:23:39 -0500] "GET /jeund/w2455885.html HTTP/1.1" 200 67633 "-" "Mozilla/5.0 AppleWebKit/537.36 (KHTML, like Gecko; compatible; bingbot/2.0; +http://www.bing.com/bingbot.htm) Chrome/116.0.1938.76 Safari/537.36"
52.167.144.222 - - [09/Jan/2025:21:23:41 -0500] "GET /xmltu/q296111.html HTTP/1.1" 200 69283 "-" "Mozilla/5.0 AppleWebKit/537.36 (KHTML, like Gecko; compatible; bingbot/2.0; +http://www.bing.com/bingbot.htm) Chrome/116.0.1938.76 Safari/537.36"
52.167.144.222 - - [09/Jan/2025:21:23:52 -0500] "GET /axpxd/i1539475.html HTTP/1.1" 200 69128 "-" "Mozilla/5.0 AppleWebKit/537.36 (KHTML, like Gecko; compatible; bingbot/2.0; +http://www.bing.com/bingbot.htm) Chrome/116.0.1938.76 Safari/537.36"
52.167.144.146 - - [09/Jan/2025:21:23:52 -0500] "GET /hiela/n2257912.html HTTP/1.1" 200 69230 "-" "Mozilla/5.0 AppleWebKit/537.36 (KHTML, like Gecko; compatible; bingbot/2.0; +http://www.bing.com/bingbot.htm) Chrome/116.0.1938.76 Safari/537.36"
52.167.144.146 - - [09/Jan/2025:21:23:54 -0500] "GET /veuek/j2146628.html HTTP/1.1" 200 72749 "-" "Mozilla/5.0 AppleWebKit/537.36 (KHTML, like Gecko; compatible; bingbot/2.0; +http://www.bing.com/bingbot.htm) Chrome/116.0.1938.76 Safari/537.36"
52.167.144.173 - - [09/Jan/2025:21:23:56 -0500] "GET /kgolo/h2468272.html HTTP/1.1" 200 69942 "-" "Mozilla/5.0 AppleWebKit/537.36 (KHTML, like Gecko; compatible; bingbot/2.0; +http://www.bing.com/bingbot.htm) Chrome/116.0.1938.76 Safari/537.36"
52.167.144.173 - - [09/Jan/2025:21:23:59 -0500] "GET /owtll/j2352678.html HTTP/1.1" 200 70153 "-" "Mozilla/5.0 AppleWebKit/537.36 (KHTML, like Gecko; compatible; bingbot/2.0; +http://www.bing.com/bingbot.htm) Chrome/116.0.1938.76 Safari/537.36"
40.77.167.64 - - [09/Jan/2025:21:24:00 -0500] "GET /sfnju/r345538.html HTTP/1.1" 200 70060 "-" "Mozilla/5.0 AppleWebKit/537.36 (KHTML, like Gecko; compatible; bingbot/2.0; +http://www.bing.com/bingbot.htm) Chrome/116.0.1938.76 Safari/537.36"
40.77.167.64 - - [09/Jan/2025:21:24:02 -0500] "GET /zlcsn/i1171991.html HTTP/1.1" 200 71571 "-" "Mozilla/5.0 AppleWebKit/537.36 (KHTML, like Gecko; compatible; bingbot/2.0; +http://www.bing.com/bingbot.htm) Chrome/116.0.1938.76 Safari/537.36"
52.167.144.161 - - [09/Jan/2025:21:24:05 -0500] "GET /qacdr/t2550496.html HTTP/1.1" 200 70614 "-" "Mozilla/5.0 AppleWebKit/537.36 (KHTML, like Gecko; compatible; bingbot/2.0; +http://www.bing.com/bingbot.htm) Chrome/116.0.1938.76 Safari/537.36"
52.167.144.161 - - [09/Jan/2025:21:24:07 -0500] "GET /porsc/h2361022.html HTTP/1.1" 200 68667 "-" "Mozilla/5.0 AppleWebKit/537.36 (KHTML, like Gecko; compatible; bingbot/2.0; +http://www.bing.com/bingbot.htm) Chrome/116.0.1938.76 Safari/537.36"
66.249.68.67 - - [09/Jan/2025:21:24:07 -0500] "GET /bexoz/f1156336.html HTTP/1.1" 200 72888 "-" "Mozilla/5.0 (Linux; Android 6.0.1; Nexus 5X Build/MMB29P) AppleWebKit/537.36 (KHTML, like Gecko) Chrome/131.0.6778.204 Mobile Safari/537.36 (compatible; Googlebot/2.1; +http://www.google.com/bot.html)"
40.77.167.224 - - [09/Jan/2025:21:24:13 -0500] "GET /pdxiv/t141830.html HTTP/1.1" 200 68693 "-" "Mozilla/5.0 AppleWebKit/537.36 (KHTML, like Gecko; compatible; bingbot/2.0; +http://www.bing.com/bingbot.htm) Chrome/116.0.1938.76 Safari/537.36"
40.77.167.224 - - [09/Jan/2025:21:24:15 -0500] "GET /twjyc/d1528472.html HTTP/1.1" 200 69645 "-" "Mozilla/5.0 AppleWebKit/537.36 (KHTML, like Gecko; compatible; bingbot/2.0; +http://www.bing.com/bingbot.htm) Chrome/116.0.1938.76 Safari/537.36"
66.249.79.105 - - [09/Jan/2025:21:24:15 -0500] "GET /olnfj/f787214.html HTTP/1.1" 200 70048 "-" "Mozilla/5.0 (Linux; Android 6.0.1; Nexus 5X Build/MMB29P) AppleWebKit/537.36 (KHTML, like Gecko) Chrome/131.0.6778.204 Mobile Safari/537.36 (compatible; Googlebot/2.1; +http://www.google.com/bot.html)"
52.167.144.173 - - [09/Jan/2025:21:24:21 -0500] "GET /snxjp/l2874448.html HTTP/1.1" 200 69554 "-" "Mozilla/5.0 AppleWebKit/537.36 (KHTML, like Gecko; compatible; bingbot/2.0; +http://www.bing.com/bingbot.htm) Chrome/116.0.1938.76 Safari/537.36"
52.167.144.173 - - [09/Jan/2025:21:24:22 -0500] "GET /wfrah/m2402913.html HTTP/1.1" 200 69492 "-" "Mozilla/5.0 AppleWebKit/537.36 (KHTML, like Gecko; compatible; bingbot/2.0; +http://www.bing.com/bingbot.htm) Chrome/116.0.1938.76 Safari/537.36"
66.249.79.105 - - [09/Jan/2025:21:24:24 -0500] "GET /jceih/v156834.html HTTP/1.1" 200 69519 "-" "Mozilla/5.0 (Linux; Android 6.0.1; Nexus 5X Build/MMB29P) AppleWebKit/537.36 (KHTML, like Gecko) Chrome/131.0.6778.204 Mobile Safari/537.36 (compatible; Googlebot/2.1; +http://www.google.com/bot.html)"
52.167.144.173 - - [09/Jan/2025:21:24:24 -0500] "GET /szeie/n2300734.html HTTP/1.1" 200 70152 "-" "Mozilla/5.0 AppleWebKit/537.36 (KHTML, like Gecko; compatible; bingbot/2.0; +http://www.bing.com/bingbot.htm) Chrome/116.0.1938.76 Safari/537.36"
52.167.144.161 - - [09/Jan/2025:21:24:33 -0500] "GET /ytvbf/j2592320.html HTTP/1.1" 200 67985 "-" "Mozilla/5.0 AppleWebKit/537.36 (KHTML, like Gecko; compatible; bingbot/2.0; +http://www.bing.com/bingbot.htm) Chrome/116.0.1938.76 Safari/537.36"
207.46.13.130 - - [09/Jan/2025:21:24:33 -0500] "GET /jqdny/p2694532.html HTTP/1.1" 200 72466 "-" "Mozilla/5.0 AppleWebKit/537.36 (KHTML, like Gecko; compatible; bingbot/2.0; +http://www.bing.com/bingbot.htm) Chrome/116.0.1938.76 Safari/537.36"
207.46.13.130 - - [09/Jan/2025:21:24:35 -0500] "GET /gtvzx/d946514.html HTTP/1.1" 200 75070 "-" "Mozilla/5.0 AppleWebKit/537.36 (KHTML, like Gecko; compatible; bingbot/2.0; +http://www.bing.com/bingbot.htm) Chrome/116.0.1938.76 Safari/537.36"
207.46.13.130 - - [09/Jan/2025:21:24:37 -0500] "GET /kzshj/w1542427.html HTTP/1.1" 200 67755 "-" "Mozilla/5.0 AppleWebKit/537.36 (KHTML, like Gecko; compatible; bingbot/2.0; +http://www.bing.com/bingbot.htm) Chrome/116.0.1938.76 Safari/537.36"
66.249.79.35 - - [09/Jan/2025:21:24:40 -0500] "GET /harhr/f3045340.html HTTP/1.1" 200 70546 "-" "Mozilla/5.0 (Linux; Android 6.0.1; Nexus 5X Build/MMB29P) AppleWebKit/537.36 (KHTML, like Gecko) Chrome/131.0.6778.204 Mobile Safari/537.36 (compatible; Googlebot/2.1; +http://www.google.com/bot.html)"
40.77.167.224 - - [09/Jan/2025:21:24:43 -0500] "GET /njunp/u872301.html HTTP/1.1" 200 68535 "-" "Mozilla/5.0 AppleWebKit/537.36 (KHTML, like Gecko; compatible; bingbot/2.0; +http://www.bing.com/bingbot.htm) Chrome/116.0.1938.76 Safari/537.36"
52.167.144.173 - - [09/Jan/2025:21:25:02 -0500] "GET /tdmnc/z2824750.html HTTP/1.1" 200 70062 "-" "Mozilla/5.0 AppleWebKit/537.36 (KHTML, like Gecko; compatible; bingbot/2.0; +http://www.bing.com/bingbot.htm) Chrome/116.0.1938.76 Safari/537.36"
52.167.144.161 - - [09/Jan/2025:21:25:04 -0500] "GET /dwxbq/x2034088.html HTTP/1.1" 200 67948 "-" "Mozilla/5.0 AppleWebKit/537.36 (KHTML, like Gecko; compatible; bingbot/2.0; +http://www.bing.com/bingbot.htm) Chrome/116.0.1938.76 Safari/537.36"
157.55.39.201 - - [09/Jan/2025:21:25:15 -0500] "GET /dimjk/c2778837.html HTTP/1.1" 200 68520 "-" "Mozilla/5.0 AppleWebKit/537.36 (KHTML, like Gecko; compatible; bingbot/2.0; +http://www.bing.com/bingbot.htm) Chrome/116.0.1938.76 Safari/537.36"
157.55.39.201 - - [09/Jan/2025:21:25:17 -0500] "GET /uijou/z2307610.html HTTP/1.1" 200 70528 "-" "Mozilla/5.0 AppleWebKit/537.36 (KHTML, like Gecko; compatible; bingbot/2.0; +http://www.bing.com/bingbot.htm) Chrome/116.0.1938.76 Safari/537.36"
40.77.167.224 - - [09/Jan/2025:21:25:31 -0500] "GET /shche/z1350056.html HTTP/1.1" 200 71323 "-" "Mozilla/5.0 AppleWebKit/537.36 (KHTML, like Gecko; compatible; bingbot/2.0; +http://www.bing.com/bingbot.htm) Chrome/116.0.1938.76 Safari/537.36"
40.77.167.224 - - [09/Jan/2025:21:25:33 -0500] "GET /cnqmg/y2091055.html HTTP/1.1" 200 70757 "-" "Mozilla/5.0 AppleWebKit/537.36 (KHTML, like Gecko; compatible; bingbot/2.0; +http://www.bing.com/bingbot.htm) Chrome/116.0.1938.76 Safari/537.36"
