207.46.13.154 - - [09/Jan/2025:23:37:48 -0500] "GET /cgekl/x2187410.html HTTP/1.1" 200 69484 "-" "Mozilla/5.0 AppleWebKit/537.36 (KHTML, like Gecko; compatible; bingbot/2.0; +http://www.bing.com/bingbot.htm) Chrome/116.0.1938.76 Safari/537.36"
207.46.13.154 - - [09/Jan/2025:23:37:51 -0500] "GET /lncpc/c1134519.html HTTP/1.1" 200 69765 "-" "Mozilla/5.0 AppleWebKit/537.36 (KHTML, like Gecko; compatible; bingbot/2.0; +http://www.bing.com/bingbot.htm) Chrome/116.0.1938.76 Safari/537.36"
66.249.79.35 - - [09/Jan/2025:23:37:52 -0500] "GET /drbjl/t2307786.html HTTP/1.1" 200 70354 "-" "Mozilla/5.0 (Linux; Android 6.0.1; Nexus 5X Build/MMB29P) AppleWebKit/537.36 (KHTML, like Gecko) Chrome/131.0.6778.204 Mobile Safari/537.36 (compatible; Googlebot/2.1; +http://www.google.com/bot.html)"
66.249.79.195 - - [09/Jan/2025:23:38:08 -0500] "GET /mrzna/l1569924.html HTTP/1.1" 200 69829 "-" "Mozilla/5.0 (Linux; Android 6.0.1; Nexus 5X Build/MMB29P) AppleWebKit/537.36 (KHTML, like Gecko) Chrome/131.0.6778.204 Mobile Safari/537.36 (compatible; Googlebot/2.1; +http://www.google.com/bot.html)"
52.167.144.187 - - [09/Jan/2025:23:38:09 -0500] "GET /bycjd/e1335163.html HTTP/1.1" 200 68486 "-" "Mozilla/5.0 AppleWebKit/537.36 (KHTML, like Gecko; compatible; bingbot/2.0; +http://www.bing.com/bingbot.htm) Chrome/116.0.1938.76 Safari/537.36"
66.249.79.173 - - [09/Jan/2025:23:38:14 -0500] "GET /hvjwz/q1558905.html HTTP/1.1" 200 69687 "-" "Mozilla/5.0 (Linux; Android 6.0.1; Nexus 5X Build/MMB29P) AppleWebKit/537.36 (KHTML, like Gecko) Chrome/131.0.6778.204 Mobile Safari/537.36 (compatible; Googlebot/2.1; +http://www.google.com/bot.html)"
207.46.13.31 - - [09/Jan/2025:23:38:19 -0500] "GET /flbdb/a2601697.html HTTP/1.1" 200 69601 "-" "Mozilla/5.0 AppleWebKit/537.36 (KHTML, like Gecko; compatible; bingbot/2.0; +http://www.bing.com/bingbot.htm) Chrome/116.0.1938.76 Safari/537.36"
66.249.68.2 - - [09/Jan/2025:23:38:20 -0500] "GET /nmcim/t2782390.html HTTP/1.1" 200 69719 "-" "Mozilla/5.0 (Linux; Android 6.0.1; Nexus 5X Build/MMB29P) AppleWebKit/537.36 (KHTML, like Gecko) Chrome/131.0.6778.204 Mobile Safari/537.36 (compatible; Googlebot/2.1; +http://www.google.com/bot.html)"
66.249.79.195 - - [09/Jan/2025:23:38:33 -0500] "GET /yndcj/p1169138.html HTTP/1.1" 200 73719 "-" "Mozilla/5.0 (Linux; Android 6.0.1; Nexus 5X Build/MMB29P) AppleWebKit/537.36 (KHTML, like Gecko) Chrome/131.0.6778.204 Mobile Safari/537.36 (compatible; Googlebot/2.1; +http://www.google.com/bot.html)"
40.77.167.25 - - [09/Jan/2025:23:38:34 -0500] "GET /sxahq/a1283991.html HTTP/1.1" 200 68747 "-" "Mozilla/5.0 AppleWebKit/537.36 (KHTML, like Gecko; compatible; bingbot/2.0; +http://www.bing.com/bingbot.htm) Chrome/116.0.1938.76 Safari/537.36"
66.249.79.105 - - [09/Jan/2025:23:38:47 -0500] "GET /abkdu/y797139.html HTTP/1.1" 200 70765 "-" "Mozilla/5.0 (Linux; Android 6.0.1; Nexus 5X Build/MMB29P) AppleWebKit/537.36 (KHTML, like Gecko) Chrome/131.0.6778.204 Mobile Safari/537.36 (compatible; Googlebot/2.1; +http://www.google.com/bot.html)"
52.167.144.187 - - [09/Jan/2025:23:39:10 -0500] "GET /bjven/w2830909.html HTTP/1.1" 200 67647 "-" "Mozilla/5.0 AppleWebKit/537.36 (KHTML, like Gecko; compatible; bingbot/2.0; +http://www.bing.com/bingbot.htm) Chrome/116.0.1938.76 Safari/537.36"
66.249.79.105 - - [09/Jan/2025:23:39:23 -0500] "GET /xswxp/d218800.html HTTP/1.1" 200 70964 "-" "Mozilla/5.0 (Linux; Android 6.0.1; Nexus 5X Build/MMB29P) AppleWebKit/537.36 (KHTML, like Gecko) Chrome/131.0.6778.204 Mobile Safari/537.36 (compatible; Googlebot/2.1; +http://www.google.com/bot.html)"
52.167.144.187 - - [09/Jan/2025:23:39:29 -0500] "GET /gnvuq/f882426.html HTTP/1.1" 200 69369 "-" "Mozilla/5.0 AppleWebKit/537.36 (KHTML, like Gecko; compatible; bingbot/2.0; +http://www.bing.com/bingbot.htm) Chrome/116.0.1938.76 Safari/537.36"
52.167.144.187 - - [09/Jan/2025:23:39:48 -0500] "GET /tdnwe/e2401943.html HTTP/1.1" 200 70017 "-" "Mozilla/5.0 AppleWebKit/537.36 (KHTML, like Gecko; compatible; bingbot/2.0; +http://www.bing.com/bingbot.htm) Chrome/116.0.1938.76 Safari/537.36"
52.167.144.187 - - [09/Jan/2025:23:40:09 -0500] "GET /imfjy/e541903.html HTTP/1.1" 200 68665 "-" "Mozilla/5.0 AppleWebKit/537.36 (KHTML, like Gecko; compatible; bingbot/2.0; +http://www.bing.com/bingbot.htm) Chrome/116.0.1938.76 Safari/537.36"
52.167.144.187 - - [09/Jan/2025:23:40:10 -0500] "GET /xovek/p130048.html HTTP/1.1" 200 71838 "-" "Mozilla/5.0 AppleWebKit/537.36 (KHTML, like Gecko; compatible; bingbot/2.0; +http://www.bing.com/bingbot.htm) Chrome/116.0.1938.76 Safari/537.36"
66.249.79.195 - - [09/Jan/2025:23:40:12 -0500] "GET /frgkr/n1574320.html HTTP/1.1" 200 68857 "-" "Mozilla/5.0 (Linux; Android 6.0.1; Nexus 5X Build/MMB29P) AppleWebKit/537.36 (KHTML, like Gecko) Chrome/131.0.6778.204 Mobile Safari/537.36 (compatible; Googlebot/2.1; +http://www.google.com/bot.html)"
52.167.144.187 - - [09/Jan/2025:23:40:13 -0500] "GET /nbyrc/m2339239.html HTTP/1.1" 200 68727 "-" "Mozilla/5.0 AppleWebKit/537.36 (KHTML, like Gecko; compatible; bingbot/2.0; +http://www.bing.com/bingbot.htm) Chrome/116.0.1938.76 Safari/537.36"
66.249.68.67 - - [09/Jan/2025:23:40:25 -0500] "GET /adxaz/i634233.html HTTP/1.1" 200 76331 "-" "Mozilla/5.0 (Linux; Android 6.0.1; Nexus 5X Build/MMB29P) AppleWebKit/537.36 (KHTML, like Gecko) Chrome/131.0.6778.204 Mobile Safari/537.36 (compatible; Googlebot/2.1; +http://www.google.com/bot.html)"
66.249.68.2 - - [09/Jan/2025:23:40:37 -0500] "GET /crcgd/q2230511.html HTTP/1.1" 200 72793 "-" "Mozilla/5.0 (Linux; Android 6.0.1; Nexus 5X Build/MMB29P) AppleWebKit/537.36 (KHTML, like Gecko) Chrome/131.0.6778.204 Mobile Safari/537.36 (compatible; Googlebot/2.1; +http://www.google.com/bot.html)"
52.167.144.187 - - [09/Jan/2025:23:40:39 -0500] "GET /gcjci/s1382523.html HTTP/1.1" 200 72414 "-" "Mozilla/5.0 AppleWebKit/537.36 (KHTML, like Gecko; compatible; bingbot/2.0; +http://www.bing.com/bingbot.htm) Chrome/116.0.1938.76 Safari/537.36"
66.249.79.173 - - [09/Jan/2025:23:40:42 -0500] "GET /gkuvw/g2748993.html HTTP/1.1" 200 67556 "-" "Mozilla/5.0 (Linux; Android 6.0.1; Nexus 5X Build/MMB29P) AppleWebKit/537.36 (KHTML, like Gecko) Chrome/131.0.6778.204 Mobile Safari/537.36 (compatible; Googlebot/2.1; +http://www.google.com/bot.html)"
66.249.68.33 - - [09/Jan/2025:23:40:46 -0500] "GET /kpmvn/t1663558.html HTTP/1.1" 200 69735 "-" "Mozilla/5.0 (Linux; Android 6.0.1; Nexus 5X Build/MMB29P) AppleWebKit/537.36 (KHTML, like Gecko) Chrome/131.0.6778.204 Mobile Safari/537.36 (compatible; Googlebot/2.1; +http://www.google.com/bot.html)"
66.249.79.195 - - [09/Jan/2025:23:41:02 -0500] "GET /xsqax/b297240.html HTTP/1.1" 200 69289 "-" "Mozilla/5.0 (Linux; Android 6.0.1; Nexus 5X Build/MMB29P) AppleWebKit/537.36 (KHTML, like Gecko) Chrome/131.0.6778.204 Mobile Safari/537.36 (compatible; Googlebot/2.1; +http://www.google.com/bot.html)"
207.46.13.154 - - [09/Jan/2025:23:41:20 -0500] "GET /miibu/f903122.html HTTP/1.1" 200 74097 "-" "Mozilla/5.0 AppleWebKit/537.36 (KHTML, like Gecko; compatible; bingbot/2.0; +http://www.bing.com/bingbot.htm) Chrome/116.0.1938.76 Safari/537.36"
207.46.13.154 - - [09/Jan/2025:23:41:23 -0500] "GET /dztsx/z1335184.html HTTP/1.1" 200 69389 "-" "Mozilla/5.0 AppleWebKit/537.36 (KHTML, like Gecko; compatible; bingbot/2.0; +http://www.bing.com/bingbot.htm) Chrome/116.0.1938.76 Safari/537.36"
52.167.144.187 - - [09/Jan/2025:23:41:30 -0500] "GET /fscfz/p108104.html HTTP/1.1" 200 70839 "-" "Mozilla/5.0 AppleWebKit/537.36 (KHTML, like Gecko; compatible; bingbot/2.0; +http://www.bing.com/bingbot.htm) Chrome/116.0.1938.76 Safari/537.36"
66.249.68.66 - - [09/Jan/2025:23:41:43 -0500] "GET /akhlo/w326875.html HTTP/1.1" 200 68872 "-" "Mozilla/5.0 (Linux; Android 6.0.1; Nexus 5X Build/MMB29P) AppleWebKit/537.36 (KHTML, like Gecko) Chrome/131.0.6778.204 Mobile Safari/537.36 (compatible; Googlebot/2.1; +http://www.google.com/bot.html)"
66.249.79.35 - - [09/Jan/2025:23:41:55 -0500] "GET /dyidq/r279264.html HTTP/1.1" 200 69050 "-" "Mozilla/5.0 (Linux; Android 6.0.1; Nexus 5X Build/MMB29P) AppleWebKit/537.36 (KHTML, like Gecko) Chrome/131.0.6778.204 Mobile Safari/537.36 (compatible; Googlebot/2.1; +http://www.google.com/bot.html)"
66.249.79.195 - - [09/Jan/2025:23:42:08 -0500] "GET /iyrjz/j1448840.html HTTP/1.1" 200 70398 "-" "Mozilla/5.0 (Linux; Android 6.0.1; Nexus 5X Build/MMB29P) AppleWebKit/537.36 (KHTML, like Gecko) Chrome/131.0.6778.204 Mobile Safari/537.36 (compatible; Googlebot/2.1; +http://www.google.com/bot.html)"
66.249.68.33 - - [09/Jan/2025:23:42:14 -0500] "GET /igeuy/b1351280.html HTTP/1.1" 200 68254 "-" "Mozilla/5.0 (Linux; Android 6.0.1; Nexus 5X Build/MMB29P) AppleWebKit/537.36 (KHTML, like Gecko) Chrome/131.0.6778.204 Mobile Safari/537.36 (compatible; Googlebot/2.1; +http://www.google.com/bot.html)"
66.249.79.195 - - [09/Jan/2025:23:42:22 -0500] "GET /gysmq/b687552.html HTTP/1.1" 200 71589 "-" "Mozilla/5.0 (Linux; Android 6.0.1; Nexus 5X Build/MMB29P) AppleWebKit/537.36 (KHTML, like Gecko) Chrome/131.0.6778.204 Mobile Safari/537.36 (compatible; Googlebot/2.1; +http://www.google.com/bot.html)"
207.46.13.154 - - [09/Jan/2025:23:42:48 -0500] "GET /hsubi/t1466062.html HTTP/1.1" 200 70095 "-" "Mozilla/5.0 AppleWebKit/537.36 (KHTML, like Gecko; compatible; bingbot/2.0; +http://www.bing.com/bingbot.htm) Chrome/116.0.1938.76 Safari/537.36"
52.167.144.187 - - [09/Jan/2025:23:42:49 -0500] "GET /trlpn/p2307392.html HTTP/1.1" 200 70360 "-" "Mozilla/5.0 AppleWebKit/537.36 (KHTML, like Gecko; compatible; bingbot/2.0; +http://www.bing.com/bingbot.htm) Chrome/116.0.1938.76 Safari/537.36"
66.249.68.66 - - [09/Jan/2025:23:42:58 -0500] "GET /aulie/b104606.html HTTP/1.1" 200 68348 "-" "Mozilla/5.0 (Linux; Android 6.0.1; Nexus 5X Build/MMB29P) AppleWebKit/537.36 (KHTML, like Gecko) Chrome/131.0.6778.204 Mobile Safari/537.36 (compatible; Googlebot/2.1; +http://www.google.com/bot.html)"
207.46.13.31 - - [09/Jan/2025:23:43:08 -0500] "GET /avhpb/h1332670.html HTTP/1.1" 200 68227 "-" "Mozilla/5.0 AppleWebKit/537.36 (KHTML, like Gecko; compatible; bingbot/2.0; +http://www.bing.com/bingbot.htm) Chrome/116.0.1938.76 Safari/537.36"
66.249.79.105 - - [09/Jan/2025:23:43:15 -0500] "GET /cxjaj/x1642346.html HTTP/1.1" 200 70371 "-" "Mozilla/5.0 (Linux; Android 6.0.1; Nexus 5X Build/MMB29P) AppleWebKit/537.36 (KHTML, like Gecko) Chrome/131.0.6778.204 Mobile Safari/537.36 (compatible; Googlebot/2.1; +http://www.google.com/bot.html)"
52.167.144.187 - - [09/Jan/2025:23:43:20 -0500] "GET /njpkl/k196863.html HTTP/1.1" 200 68601 "-" "Mozilla/5.0 AppleWebKit/537.36 (KHTML, like Gecko; compatible; bingbot/2.0; +http://www.bing.com/bingbot.htm) Chrome/116.0.1938.76 Safari/537.36"
66.249.79.173 - - [09/Jan/2025:23:43:36 -0500] "GET /rcocx/l2744916.html HTTP/1.1" 200 68906 "-" "Mozilla/5.0 (Linux; Android 6.0.1; Nexus 5X Build/MMB29P) AppleWebKit/537.36 (KHTML, like Gecko) Chrome/131.0.6778.204 Mobile Safari/537.36 (compatible; Googlebot/2.1; +http://www.google.com/bot.html)"
66.249.79.195 - - [09/Jan/2025:23:44:24 -0500] "GET /qatoo/l1137622.html HTTP/1.1" 200 70470 "-" "Mozilla/5.0 (Linux; Android 6.0.1; Nexus 5X Build/MMB29P) AppleWebKit/537.36 (KHTML, like Gecko) Chrome/131.0.6778.204 Mobile Safari/537.36 (compatible; Googlebot/2.1; +http://www.google.com/bot.html)"
66.249.79.195 - - [09/Jan/2025:23:44:30 -0500] "GET /nzfef/v2085150.html HTTP/1.1" 200 72956 "-" "Mozilla/5.0 (Linux; Android 6.0.1; Nexus 5X Build/MMB29P) AppleWebKit/537.36 (KHTML, like Gecko) Chrome/131.0.6778.204 Mobile Safari/537.36 (compatible; Googlebot/2.1; +http://www.google.com/bot.html)"
66.249.79.173 - - [09/Jan/2025:23:44:49 -0500] "GET /untou/g1495793.html HTTP/1.1" 200 69160 "-" "Mozilla/5.0 (Linux; Android 6.0.1; Nexus 5X Build/MMB29P) AppleWebKit/537.36 (KHTML, like Gecko) Chrome/131.0.6778.204 Mobile Safari/537.36 (compatible; Googlebot/2.1; +http://www.google.com/bot.html)"
52.167.144.187 - - [09/Jan/2025:23:44:50 -0500] "GET /nkyre/c1774223.html HTTP/1.1" 200 67467 "-" "Mozilla/5.0 AppleWebKit/537.36 (KHTML, like Gecko; compatible; bingbot/2.0; +http://www.bing.com/bingbot.htm) Chrome/116.0.1938.76 Safari/537.36"
52.167.144.187 - - [09/Jan/2025:23:45:10 -0500] "GET /fosnb/o2770945.html HTTP/1.1" 200 69362 "-" "Mozilla/5.0 AppleWebKit/537.36 (KHTML, like Gecko; compatible; bingbot/2.0; +http://www.bing.com/bingbot.htm) Chrome/116.0.1938.76 Safari/537.36"
207.46.13.157 - - [09/Jan/2025:23:45:29 -0500] "GET /lajqn/z1510736.html HTTP/1.1" 200 69685 "-" "Mozilla/5.0 AppleWebKit/537.36 (KHTML, like Gecko; compatible; bingbot/2.0; +http://www.bing.com/bingbot.htm) Chrome/116.0.1938.76 Safari/537.36"
52.167.144.187 - - [09/Jan/2025:23:45:30 -0500] "GET /tarnw/p366024.html HTTP/1.1" 200 70198 "-" "Mozilla/5.0 AppleWebKit/537.36 (KHTML, like Gecko; compatible; bingbot/2.0; +http://www.bing.com/bingbot.htm) Chrome/116.0.1938.76 Safari/537.36"
66.249.68.66 - - [09/Jan/2025:23:45:42 -0500] "GET /apzba/j1800386.html HTTP/1.1" 200 68929 "-" "Mozilla/5.0 (Linux; Android 6.0.1; Nexus 5X Build/MMB29P) AppleWebKit/537.36 (KHTML, like Gecko) Chrome/131.0.6778.204 Mobile Safari/537.36 (compatible; Googlebot/2.1; +http://www.google.com/bot.html)"
66.249.68.35 - - [09/Jan/2025:23:46:09 -0500] "GET /rrjog/o729113.html HTTP/1.1" 200 68995 "-" "Mozilla/5.0 (Linux; Android 6.0.1; Nexus 5X Build/MMB29P) AppleWebKit/537.36 (KHTML, like Gecko) Chrome/131.0.6778.204 Mobile Safari/537.36 (compatible; Googlebot/2.1; +http://www.google.com/bot.html)"
207.46.13.87 - - [09/Jan/2025:23:46:10 -0500] "GET /jrhfm/l287786.html HTTP/1.1" 200 69240 "-" "Mozilla/5.0 AppleWebKit/537.36 (KHTML, like Gecko; compatible; bingbot/2.0; +http://www.bing.com/bingbot.htm) Chrome/116.0.1938.76 Safari/537.36"
207.46.13.87 - - [09/Jan/2025:23:46:29 -0500] "GET /rkfgq/z1708102.html HTTP/1.1" 200 69449 "-" "Mozilla/5.0 AppleWebKit/537.36 (KHTML, like Gecko; compatible; bingbot/2.0; +http://www.bing.com/bingbot.htm) Chrome/116.0.1938.76 Safari/537.36"
52.167.144.187 - - [09/Jan/2025:23:46:30 -0500] "GET /jwuwp/t1337648.html HTTP/1.1" 200 71480 "-" "Mozilla/5.0 AppleWebKit/537.36 (KHTML, like Gecko; compatible; bingbot/2.0; +http://www.bing.com/bingbot.htm) Chrome/116.0.1938.76 Safari/537.36"
207.46.13.87 - - [09/Jan/2025:23:46:31 -0500] "GET /grzbc/k1763415.html HTTP/1.1" 200 70880 "-" "Mozilla/5.0 AppleWebKit/537.36 (KHTML, like Gecko; compatible; bingbot/2.0; +http://www.bing.com/bingbot.htm) Chrome/116.0.1938.76 Safari/537.36"
207.46.13.87 - - [09/Jan/2025:23:46:32 -0500] "GET /vjzix/l2271612.html HTTP/1.1" 200 69556 "-" "Mozilla/5.0 AppleWebKit/537.36 (KHTML, like Gecko; compatible; bingbot/2.0; +http://www.bing.com/bingbot.htm) Chrome/116.0.1938.76 Safari/537.36"
207.46.13.87 - - [09/Jan/2025:23:46:34 -0500] "GET /gpnni/e2562051.html HTTP/1.1" 200 69561 "-" "Mozilla/5.0 AppleWebKit/537.36 (KHTML, like Gecko; compatible; bingbot/2.0; +http://www.bing.com/bingbot.htm) Chrome/116.0.1938.76 Safari/537.36"
66.249.79.37 - - [09/Jan/2025:23:46:38 -0500] "GET /krlqo/h2908348.html HTTP/1.1" 200 74504 "-" "Mozilla/5.0 (Linux; Android 6.0.1; Nexus 5X Build/MMB29P) AppleWebKit/537.36 (KHTML, like Gecko) Chrome/131.0.6778.204 Mobile Safari/537.36 (compatible; Googlebot/2.1; +http://www.google.com/bot.html)"
207.46.13.157 - - [09/Jan/2025:23:46:38 -0500] "GET /fmnjc/p446312.html HTTP/1.1" 200 70219 "-" "Mozilla/5.0 AppleWebKit/537.36 (KHTML, like Gecko; compatible; bingbot/2.0; +http://www.bing.com/bingbot.htm) Chrome/116.0.1938.76 Safari/537.36"
207.46.13.87 - - [09/Jan/2025:23:46:39 -0500] "GET /osmbc/i1644359.html HTTP/1.1" 200 69043 "-" "Mozilla/5.0 AppleWebKit/537.36 (KHTML, like Gecko; compatible; bingbot/2.0; +http://www.bing.com/bingbot.htm) Chrome/116.0.1938.76 Safari/537.36"
207.46.13.157 - - [09/Jan/2025:23:46:40 -0500] "GET /tswft/q1059653.html HTTP/1.1" 200 68466 "-" "Mozilla/5.0 AppleWebKit/537.36 (KHTML, like Gecko; compatible; bingbot/2.0; +http://www.bing.com/bingbot.htm) Chrome/116.0.1938.76 Safari/537.36"
40.77.167.25 - - [09/Jan/2025:23:46:43 -0500] "GET /asixg/y2755901.html HTTP/1.1" 200 68611 "-" "Mozilla/5.0 AppleWebKit/537.36 (KHTML, like Gecko; compatible; bingbot/2.0; +http://www.bing.com/bingbot.htm) Chrome/116.0.1938.76 Safari/537.36"
66.249.79.195 - - [09/Jan/2025:23:46:54 -0500] "GET /bxrtt/k290125.html HTTP/1.1" 200 73351 "-" "Mozilla/5.0 (Linux; Android 6.0.1; Nexus 5X Build/MMB29P) AppleWebKit/537.36 (KHTML, like Gecko) Chrome/131.0.6778.204 Mobile Safari/537.36 (compatible; Googlebot/2.1; +http://www.google.com/bot.html)"
40.77.167.42 - - [09/Jan/2025:23:47:10 -0500] "GET /azaqp/h291812.html HTTP/1.1" 200 69364 "-" "Mozilla/5.0 AppleWebKit/537.36 (KHTML, like Gecko; compatible; bingbot/2.0; +http://www.bing.com/bingbot.htm) Chrome/116.0.1938.76 Safari/537.36"
52.167.144.17 - - [09/Jan/2025:23:47:11 -0500] "GET /zzrgq/g2878473.html HTTP/1.1" 200 67909 "-" "Mozilla/5.0 AppleWebKit/537.36 (KHTML, like Gecko; compatible; bingbot/2.0; +http://www.bing.com/bingbot.htm) Chrome/116.0.1938.76 Safari/537.36"
40.77.167.42 - - [09/Jan/2025:23:47:12 -0500] "GET /xzvkb/x1567882.html HTTP/1.1" 200 69320 "-" "Mozilla/5.0 AppleWebKit/537.36 (KHTML, like Gecko; compatible; bingbot/2.0; +http://www.bing.com/bingbot.htm) Chrome/116.0.1938.76 Safari/537.36"
40.77.167.16 - - [09/Jan/2025:23:47:13 -0500] "GET /drhsr/a566937.html HTTP/1.1" 200 68110 "-" "Mozilla/5.0 AppleWebKit/537.36 (KHTML, like Gecko; compatible; bingbot/2.0; +http://www.bing.com/bingbot.htm) Chrome/116.0.1938.76 Safari/537.36"
52.167.144.17 - - [09/Jan/2025:23:47:21 -0500] "GET /hydbg/g2703883.html HTTP/1.1" 200 68595 "-" "Mozilla/5.0 AppleWebKit/537.36 (KHTML, like Gecko; compatible; bingbot/2.0; +http://www.bing.com/bingbot.htm) Chrome/116.0.1938.76 Safari/537.36"
40.77.167.16 - - [09/Jan/2025:23:47:24 -0500] "GET /ppqef/k624719.html HTTP/1.1" 200 70813 "-" "Mozilla/5.0 AppleWebKit/537.36 (KHTML, like Gecko; compatible; bingbot/2.0; +http://www.bing.com/bingbot.htm) Chrome/116.0.1938.76 Safari/537.36"
66.249.79.105 - - [09/Jan/2025:23:47:25 -0500] "GET /gwfgc/t1173614.html HTTP/1.1" 200 70789 "-" "Mozilla/5.0 (Linux; Android 6.0.1; Nexus 5X Build/MMB29P) AppleWebKit/537.36 (KHTML, like Gecko) Chrome/131.0.6778.204 Mobile Safari/537.36 (compatible; Googlebot/2.1; +http://www.google.com/bot.html)"
207.46.13.87 - - [09/Jan/2025:23:47:30 -0500] "GET /jmsqt/c272099.html HTTP/1.1" 200 68247 "-" "Mozilla/5.0 AppleWebKit/537.36 (KHTML, like Gecko; compatible; bingbot/2.0; +http://www.bing.com/bingbot.htm) Chrome/116.0.1938.76 Safari/537.36"
207.46.13.87 - - [09/Jan/2025:23:47:32 -0500] "GET /sreju/w2299937.html HTTP/1.1" 200 68631 "-" "Mozilla/5.0 AppleWebKit/537.36 (KHTML, like Gecko; compatible; bingbot/2.0; +http://www.bing.com/bingbot.htm) Chrome/116.0.1938.76 Safari/537.36"
40.77.167.42 - - [09/Jan/2025:23:47:33 -0500] "GET /pubbk/g920777.html HTTP/1.1" 200 67712 "-" "Mozilla/5.0 AppleWebKit/537.36 (KHTML, like Gecko; compatible; bingbot/2.0; +http://www.bing.com/bingbot.htm) Chrome/116.0.1938.76 Safari/537.36"
40.77.167.131 - - [09/Jan/2025:23:47:35 -0500] "GET /agrvr/b2061704.html HTTP/1.1" 200 69745 "-" "Mozilla/5.0 AppleWebKit/537.36 (KHTML, like Gecko; compatible; bingbot/2.0; +http://www.bing.com/bingbot.htm) Chrome/116.0.1938.76 Safari/537.36"
207.46.13.87 - - [09/Jan/2025:23:47:40 -0500] "GET /gsost/d577028.html HTTP/1.1" 200 68275 "-" "Mozilla/5.0 AppleWebKit/537.36 (KHTML, like Gecko; compatible; bingbot/2.0; +http://www.bing.com/bingbot.htm) Chrome/116.0.1938.76 Safari/537.36"
66.249.79.195 - - [09/Jan/2025:23:47:40 -0500] "GET /vjvvf/b2706270.html HTTP/1.1" 200 67881 "-" "Mozilla/5.0 (Linux; Android 6.0.1; Nexus 5X Build/MMB29P) AppleWebKit/537.36 (KHTML, like Gecko) Chrome/131.0.6778.204 Mobile Safari/537.36 (compatible; Googlebot/2.1; +http://www.google.com/bot.html)"
52.167.144.17 - - [09/Jan/2025:23:47:42 -0500] "GET /vdokl/u2394913.html HTTP/1.1" 200 68118 "-" "Mozilla/5.0 AppleWebKit/537.36 (KHTML, like Gecko; compatible; bingbot/2.0; +http://www.bing.com/bingbot.htm) Chrome/116.0.1938.76 Safari/537.36"
66.249.79.105 - - [09/Jan/2025:23:47:51 -0500] "GET /hhexo/f515150.html HTTP/1.1" 200 68142 "-" "Mozilla/5.0 (Linux; Android 6.0.1; Nexus 5X Build/MMB29P) AppleWebKit/537.36 (KHTML, like Gecko) Chrome/131.0.6778.204 Mobile Safari/537.36 (compatible; Googlebot/2.1; +http://www.google.com/bot.html)"
40.77.167.131 - - [09/Jan/2025:23:47:55 -0500] "GET /lzsgt/j2206454.html HTTP/1.1" 200 67094 "-" "Mozilla/5.0 AppleWebKit/537.36 (KHTML, like Gecko; compatible; bingbot/2.0; +http://www.bing.com/bingbot.htm) Chrome/116.0.1938.76 Safari/537.36"
40.77.167.131 - - [09/Jan/2025:23:47:58 -0500] "GET /qzhcx/s2025633.html HTTP/1.1" 200 67227 "-" "Mozilla/5.0 AppleWebKit/537.36 (KHTML, like Gecko; compatible; bingbot/2.0; +http://www.bing.com/bingbot.htm) Chrome/116.0.1938.76 Safari/537.36"
40.77.167.131 - - [09/Jan/2025:23:48:00 -0500] "GET /cyktv/a2000187.html HTTP/1.1" 200 68390 "-" "Mozilla/5.0 AppleWebKit/537.36 (KHTML, like Gecko; compatible; bingbot/2.0; +http://www.bing.com/bingbot.htm) Chrome/116.0.1938.76 Safari/537.36"
207.46.13.87 - - [09/Jan/2025:23:48:00 -0500] "GET /cmwjs/g2723279.html HTTP/1.1" 200 69343 "-" "Mozilla/5.0 AppleWebKit/537.36 (KHTML, like Gecko; compatible; bingbot/2.0; +http://www.bing.com/bingbot.htm) Chrome/116.0.1938.76 Safari/537.36"
40.77.167.16 - - [09/Jan/2025:23:48:04 -0500] "GET /cnwnn/o228171.html HTTP/1.1" 200 68930 "-" "Mozilla/5.0 AppleWebKit/537.36 (KHTML, like Gecko; compatible; bingbot/2.0; +http://www.bing.com/bingbot.htm) Chrome/116.0.1938.76 Safari/537.36"
40.77.167.16 - - [09/Jan/2025:23:48:05 -0500] "GET /isxyd/q1445077.html HTTP/1.1" 200 69203 "-" "Mozilla/5.0 AppleWebKit/537.36 (KHTML, like Gecko; compatible; bingbot/2.0; +http://www.bing.com/bingbot.htm) Chrome/116.0.1938.76 Safari/537.36"
40.77.167.16 - - [09/Jan/2025:23:48:07 -0500] "GET /lcexr/h377560.html HTTP/1.1" 200 69804 "-" "Mozilla/5.0 AppleWebKit/537.36 (KHTML, like Gecko; compatible; bingbot/2.0; +http://www.bing.com/bingbot.htm) Chrome/116.0.1938.76 Safari/537.36"
207.46.13.157 - - [09/Jan/2025:23:48:13 -0500] "GET /ojcft/n1024186.html HTTP/1.1" 200 67741 "-" "Mozilla/5.0 AppleWebKit/537.36 (KHTML, like Gecko; compatible; bingbot/2.0; +http://www.bing.com/bingbot.htm) Chrome/116.0.1938.76 Safari/537.36"
66.249.79.105 - - [09/Jan/2025:23:48:13 -0500] "GET /hhyhe/a220019.html HTTP/1.1" 200 67497 "-" "Mozilla/5.0 (Linux; Android 6.0.1; Nexus 5X Build/MMB29P) AppleWebKit/537.36 (KHTML, like Gecko) Chrome/131.0.6778.204 Mobile Safari/537.36 (compatible; Googlebot/2.1; +http://www.google.com/bot.html)"
207.46.13.157 - - [09/Jan/2025:23:48:14 -0500] "GET /yjofj/g2779153.html HTTP/1.1" 200 68379 "-" "Mozilla/5.0 AppleWebKit/537.36 (KHTML, like Gecko; compatible; bingbot/2.0; +http://www.bing.com/bingbot.htm) Chrome/116.0.1938.76 Safari/537.36"
40.77.167.131 - - [09/Jan/2025:23:48:14 -0500] "GET /toyrg/i807965.html HTTP/1.1" 200 70200 "-" "Mozilla/5.0 AppleWebKit/537.36 (KHTML, like Gecko; compatible; bingbot/2.0; +http://www.bing.com/bingbot.htm) Chrome/116.0.1938.76 Safari/537.36"
207.46.13.87 - - [09/Jan/2025:23:48:21 -0500] "GET /nkgdz/z2013030.html HTTP/1.1" 200 70056 "-" "Mozilla/5.0 AppleWebKit/537.36 (KHTML, like Gecko; compatible; bingbot/2.0; +http://www.bing.com/bingbot.htm) Chrome/116.0.1938.76 Safari/537.36"
207.46.13.87 - - [09/Jan/2025:23:48:23 -0500] "GET /chkgf/s1124785.html HTTP/1.1" 200 69899 "-" "Mozilla/5.0 AppleWebKit/537.36 (KHTML, like Gecko; compatible; bingbot/2.0; +http://www.bing.com/bingbot.htm) Chrome/116.0.1938.76 Safari/537.36"
52.167.144.17 - - [09/Jan/2025:23:48:25 -0500] "GET /coxjt/l493368.html HTTP/1.1" 200 70522 "-" "Mozilla/5.0 AppleWebKit/537.36 (KHTML, like Gecko; compatible; bingbot/2.0; +http://www.bing.com/bingbot.htm) Chrome/116.0.1938.76 Safari/537.36"
40.77.167.16 - - [09/Jan/2025:23:48:34 -0500] "GET /lnthr/e2261985.html HTTP/1.1" 200 69918 "-" "Mozilla/5.0 AppleWebKit/537.36 (KHTML, like Gecko; compatible; bingbot/2.0; +http://www.bing.com/bingbot.htm) Chrome/116.0.1938.76 Safari/537.36"
40.77.167.131 - - [09/Jan/2025:23:48:35 -0500] "GET /odozg/k189661.html HTTP/1.1" 200 67841 "-" "Mozilla/5.0 AppleWebKit/537.36 (KHTML, like Gecko; compatible; bingbot/2.0; +http://www.bing.com/bingbot.htm) Chrome/116.0.1938.76 Safari/537.36"
207.46.13.87 - - [09/Jan/2025:23:48:49 -0500] "GET /bdjoa/n1105696.html HTTP/1.1" 200 67357 "-" "Mozilla/5.0 AppleWebKit/537.36 (KHTML, like Gecko; compatible; bingbot/2.0; +http://www.bing.com/bingbot.htm) Chrome/116.0.1938.76 Safari/537.36"
207.46.13.87 - - [09/Jan/2025:23:48:51 -0500] "GET /jiwpd/t563810.html HTTP/1.1" 200 68903 "-" "Mozilla/5.0 AppleWebKit/537.36 (KHTML, like Gecko; compatible; bingbot/2.0; +http://www.bing.com/bingbot.htm) Chrome/116.0.1938.76 Safari/537.36"
66.249.68.33 - - [09/Jan/2025:23:48:55 -0500] "GET /wjvnw/n822374.html HTTP/1.1" 200 67723 "-" "Mozilla/5.0 (Linux; Android 6.0.1; Nexus 5X Build/MMB29P) AppleWebKit/537.36 (KHTML, like Gecko) Chrome/131.0.6778.204 Mobile Safari/537.36 (compatible; Googlebot/2.1; +http://www.google.com/bot.html)"
40.77.167.16 - - [09/Jan/2025:23:49:04 -0500] "GET /bmjpp/x1553816.html HTTP/1.1" 200 68168 "-" "Mozilla/5.0 AppleWebKit/537.36 (KHTML, like Gecko; compatible; bingbot/2.0; +http://www.bing.com/bingbot.htm) Chrome/116.0.1938.76 Safari/537.36"
52.167.144.17 - - [09/Jan/2025:23:49:13 -0500] "GET /surqw/s2312673.html HTTP/1.1" 200 67595 "-" "Mozilla/5.0 AppleWebKit/537.36 (KHTML, like Gecko; compatible; bingbot/2.0; +http://www.bing.com/bingbot.htm) Chrome/116.0.1938.76 Safari/537.36"
40.77.167.16 - - [09/Jan/2025:23:49:13 -0500] "GET /pvkox/w1813581.html HTTP/1.1" 200 70153 "-" "Mozilla/5.0 AppleWebKit/537.36 (KHTML, like Gecko; compatible; bingbot/2.0; +http://www.bing.com/bingbot.htm) Chrome/116.0.1938.76 Safari/537.36"
207.46.13.87 - - [09/Jan/2025:23:49:21 -0500] "GET /ydjtv/y529469.html HTTP/1.1" 200 68631 "-" "Mozilla/5.0 AppleWebKit/537.36 (KHTML, like Gecko; compatible; bingbot/2.0; +http://www.bing.com/bingbot.htm) Chrome/116.0.1938.76 Safari/537.36"
207.46.13.157 - - [09/Jan/2025:23:49:20 -0500] "GET /nbdbq/m2550281.html HTTP/1.1" 200 76220 "-" "Mozilla/5.0 AppleWebKit/537.36 (KHTML, like Gecko; compatible; bingbot/2.0; +http://www.bing.com/bingbot.htm) Chrome/116.0.1938.76 Safari/537.36"
207.46.13.87 - - [09/Jan/2025:23:49:22 -0500] "GET /xbkpf/q3048055.html HTTP/1.1" 200 70377 "-" "Mozilla/5.0 AppleWebKit/537.36 (KHTML, like Gecko; compatible; bingbot/2.0; +http://www.bing.com/bingbot.htm) Chrome/116.0.1938.76 Safari/537.36"
52.167.144.17 - - [09/Jan/2025:23:49:33 -0500] "GET /zcmbd/r2317066.html HTTP/1.1" 200 69307 "-" "Mozilla/5.0 AppleWebKit/537.36 (KHTML, like Gecko; compatible; bingbot/2.0; +http://www.bing.com/bingbot.htm) Chrome/116.0.1938.76 Safari/537.36"
66.249.68.2 - - [09/Jan/2025:23:49:37 -0500] "GET /qxxns/k1501023.html HTTP/1.1" 200 70122 "-" "Mozilla/5.0 (Linux; Android 6.0.1; Nexus 5X Build/MMB29P) AppleWebKit/537.36 (KHTML, like Gecko) Chrome/131.0.6778.204 Mobile Safari/537.36 (compatible; Googlebot/2.1; +http://www.google.com/bot.html)"
207.46.13.87 - - [09/Jan/2025:23:49:40 -0500] "GET /tkeoo/s1430441.html HTTP/1.1" 200 68067 "-" "Mozilla/5.0 AppleWebKit/537.36 (KHTML, like Gecko; compatible; bingbot/2.0; +http://www.bing.com/bingbot.htm) Chrome/116.0.1938.76 Safari/537.36"
66.249.79.173 - - [09/Jan/2025:23:49:43 -0500] "GET /hpcig/b1205160.html HTTP/1.1" 200 68856 "-" "Mozilla/5.0 (Linux; Android 6.0.1; Nexus 5X Build/MMB29P) AppleWebKit/537.36 (KHTML, like Gecko) Chrome/131.0.6778.204 Mobile Safari/537.36 (compatible; Googlebot/2.1; +http://www.google.com/bot.html)"
40.77.167.42 - - [09/Jan/2025:23:49:43 -0500] "GET /cenzo/c135937.html HTTP/1.1" 200 70428 "-" "Mozilla/5.0 AppleWebKit/537.36 (KHTML, like Gecko; compatible; bingbot/2.0; +http://www.bing.com/bingbot.htm) Chrome/116.0.1938.76 Safari/537.36"
40.77.167.16 - - [09/Jan/2025:23:49:45 -0500] "GET /lpvcj/d379610.html HTTP/1.1" 200 71772 "-" "Mozilla/5.0 AppleWebKit/537.36 (KHTML, like Gecko; compatible; bingbot/2.0; +http://www.bing.com/bingbot.htm) Chrome/116.0.1938.76 Safari/537.36"
207.46.13.87 - - [09/Jan/2025:23:49:52 -0500] "GET /etaau/k2735113.html HTTP/1.1" 200 69044 "-" "Mozilla/5.0 AppleWebKit/537.36 (KHTML, like Gecko; compatible; bingbot/2.0; +http://www.bing.com/bingbot.htm) Chrome/116.0.1938.76 Safari/537.36"
207.46.13.87 - - [09/Jan/2025:23:49:53 -0500] "GET /afeqe/e1543033.html HTTP/1.1" 200 67164 "-" "Mozilla/5.0 AppleWebKit/537.36 (KHTML, like Gecko; compatible; bingbot/2.0; +http://www.bing.com/bingbot.htm) Chrome/116.0.1938.76 Safari/537.36"
40.77.167.131 - - [09/Jan/2025:23:49:58 -0500] "GET /anztn/a501131.html HTTP/1.1" 200 69788 "-" "Mozilla/5.0 AppleWebKit/537.36 (KHTML, like Gecko; compatible; bingbot/2.0; +http://www.bing.com/bingbot.htm) Chrome/116.0.1938.76 Safari/537.36"
66.249.68.68 - - [09/Jan/2025:23:50:07 -0500] "GET /prgtw/f1282228.html HTTP/1.1" 200 69924 "-" "Mozilla/5.0 (Linux; Android 6.0.1; Nexus 5X Build/MMB29P) AppleWebKit/537.36 (KHTML, like Gecko) Chrome/131.0.6778.204 Mobile Safari/537.36 (compatible; Googlebot/2.1; +http://www.google.com/bot.html)"
52.167.144.17 - - [09/Jan/2025:23:50:12 -0500] "GET /ekics/h690054.html HTTP/1.1" 200 69800 "-" "Mozilla/5.0 AppleWebKit/537.36 (KHTML, like Gecko; compatible; bingbot/2.0; +http://www.bing.com/bingbot.htm) Chrome/116.0.1938.76 Safari/537.36"
52.167.144.17 - - [09/Jan/2025:23:50:24 -0500] "GET /mdbpu/n2997170.html HTTP/1.1" 200 67990 "-" "Mozilla/5.0 AppleWebKit/537.36 (KHTML, like Gecko; compatible; bingbot/2.0; +http://www.bing.com/bingbot.htm) Chrome/116.0.1938.76 Safari/537.36"
66.249.68.66 - - [09/Jan/2025:23:50:30 -0500] "GET /hkmiv/b2092228.html HTTP/1.1" 200 69571 "-" "Mozilla/5.0 (Linux; Android 6.0.1; Nexus 5X Build/MMB29P) AppleWebKit/537.36 (KHTML, like Gecko) Chrome/131.0.6778.204 Mobile Safari/537.36 (compatible; Googlebot/2.1; +http://www.google.com/bot.html)"
52.167.144.17 - - [09/Jan/2025:23:50:42 -0500] "GET /aqimv/e2489017.html HTTP/1.1" 200 67576 "-" "Mozilla/5.0 AppleWebKit/537.36 (KHTML, like Gecko; compatible; bingbot/2.0; +http://www.bing.com/bingbot.htm) Chrome/116.0.1938.76 Safari/537.36"
52.167.144.17 - - [09/Jan/2025:23:50:45 -0500] "GET /xygmi/o538975.html HTTP/1.1" 200 70878 "-" "Mozilla/5.0 AppleWebKit/537.36 (KHTML, like Gecko; compatible; bingbot/2.0; +http://www.bing.com/bingbot.htm) Chrome/116.0.1938.76 Safari/537.36"
40.77.167.16 - - [09/Jan/2025:23:50:46 -0500] "GET /pchim/z1501142.html HTTP/1.1" 200 66984 "-" "Mozilla/5.0 AppleWebKit/537.36 (KHTML, like Gecko; compatible; bingbot/2.0; +http://www.bing.com/bingbot.htm) Chrome/116.0.1938.76 Safari/537.36"
40.77.167.16 - - [09/Jan/2025:23:50:47 -0500] "GET /aczth/f2811392.html HTTP/1.1" 200 67822 "-" "Mozilla/5.0 AppleWebKit/537.36 (KHTML, like Gecko; compatible; bingbot/2.0; +http://www.bing.com/bingbot.htm) Chrome/116.0.1938.76 Safari/537.36"
66.249.68.66 - - [09/Jan/2025:23:50:51 -0500] "GET /hppbd/d2668858.html HTTP/1.1" 200 70459 "-" "Mozilla/5.0 (Linux; Android 6.0.1; Nexus 5X Build/MMB29P) AppleWebKit/537.36 (KHTML, like Gecko) Chrome/131.0.6778.204 Mobile Safari/537.36 (compatible; Googlebot/2.1; +http://www.google.com/bot.html)"
66.249.79.161 - - [09/Jan/2025:23:51:00 -0500] "GET /kbuzm/r747160.html HTTP/1.1" 200 68193 "-" "Mozilla/5.0 (Linux; Android 6.0.1; Nexus 5X Build/MMB29P) AppleWebKit/537.36 (KHTML, like Gecko) Chrome/131.0.6778.204 Mobile Safari/537.36 (compatible; Googlebot/2.1; +http://www.google.com/bot.html)"
40.77.167.131 - - [09/Jan/2025:23:51:03 -0500] "GET /qqbdq/g1827839.html HTTP/1.1" 200 68136 "-" "Mozilla/5.0 AppleWebKit/537.36 (KHTML, like Gecko; compatible; bingbot/2.0; +http://www.bing.com/bingbot.htm) Chrome/116.0.1938.76 Safari/537.36"
66.249.68.33 - - [09/Jan/2025:23:51:05 -0500] "GET /qenst/x1164258.html HTTP/1.1" 200 70508 "-" "Mozilla/5.0 (Linux; Android 6.0.1; Nexus 5X Build/MMB29P) AppleWebKit/537.36 (KHTML, like Gecko) Chrome/131.0.6778.204 Mobile Safari/537.36 (compatible; Googlebot/2.1; +http://www.google.com/bot.html)"
40.77.167.42 - - [09/Jan/2025:23:51:11 -0500] "GET /azsea/e158793.html HTTP/1.1" 200 68351 "-" "Mozilla/5.0 AppleWebKit/537.36 (KHTML, like Gecko; compatible; bingbot/2.0; +http://www.bing.com/bingbot.htm) Chrome/116.0.1938.76 Safari/537.36"
40.77.167.42 - - [09/Jan/2025:23:51:14 -0500] "GET /lbcwh/d1727918.html HTTP/1.1" 200 68771 "-" "Mozilla/5.0 AppleWebKit/537.36 (KHTML, like Gecko; compatible; bingbot/2.0; +http://www.bing.com/bingbot.htm) Chrome/116.0.1938.76 Safari/537.36"
207.46.13.157 - - [09/Jan/2025:23:51:16 -0500] "GET /cyxom/q2644431.html HTTP/1.1" 200 69788 "-" "Mozilla/5.0 AppleWebKit/537.36 (KHTML, like Gecko; compatible; bingbot/2.0; +http://www.bing.com/bingbot.htm) Chrome/116.0.1938.76 Safari/537.36"
66.249.79.2 - - [09/Jan/2025:23:51:17 -0500] "GET /uzver/p1988736.html HTTP/1.1" 200 68323 "-" "Mozilla/5.0 (Linux; Android 6.0.1; Nexus 5X Build/MMB29P) AppleWebKit/537.36 (KHTML, like Gecko) Chrome/131.0.6778.204 Mobile Safari/537.36 (compatible; Googlebot/2.1; +http://www.google.com/bot.html)"
40.77.167.42 - - [09/Jan/2025:23:51:32 -0500] "GET /jwuju/b1513442.html HTTP/1.1" 200 68473 "-" "Mozilla/5.0 AppleWebKit/537.36 (KHTML, like Gecko; compatible; bingbot/2.0; +http://www.bing.com/bingbot.htm) Chrome/116.0.1938.76 Safari/537.36"
52.167.144.17 - - [09/Jan/2025:23:51:33 -0500] "GET /kuydq/h127362.html HTTP/1.1" 200 68051 "-" "Mozilla/5.0 AppleWebKit/537.36 (KHTML, like Gecko; compatible; bingbot/2.0; +http://www.bing.com/bingbot.htm) Chrome/116.0.1938.76 Safari/537.36"
52.167.144.17 - - [09/Jan/2025:23:51:34 -0500] "GET /fkwdg/f2573050.html HTTP/1.1" 200 69483 "-" "Mozilla/5.0 AppleWebKit/537.36 (KHTML, like Gecko; compatible; bingbot/2.0; +http://www.bing.com/bingbot.htm) Chrome/116.0.1938.76 Safari/537.36"
52.167.144.17 - - [09/Jan/2025:23:51:35 -0500] "GET /apuig/x2845548.html HTTP/1.1" 200 76015 "-" "Mozilla/5.0 AppleWebKit/537.36 (KHTML, like Gecko; compatible; bingbot/2.0; +http://www.bing.com/bingbot.htm) Chrome/116.0.1938.76 Safari/537.36"
207.46.13.87 - - [09/Jan/2025:23:51:36 -0500] "GET /sycmh/k2104249.html HTTP/1.1" 200 69462 "-" "Mozilla/5.0 AppleWebKit/537.36 (KHTML, like Gecko; compatible; bingbot/2.0; +http://www.bing.com/bingbot.htm) Chrome/116.0.1938.76 Safari/537.36"
40.77.167.16 - - [09/Jan/2025:23:51:36 -0500] "GET /mulkv/e241317.html HTTP/1.1" 200 69797 "-" "Mozilla/5.0 AppleWebKit/537.36 (KHTML, like Gecko; compatible; bingbot/2.0; +http://www.bing.com/bingbot.htm) Chrome/116.0.1938.76 Safari/537.36"
40.77.167.131 - - [09/Jan/2025:23:51:36 -0500] "GET /sayuw/w1895299.html HTTP/1.1" 200 67418 "-" "Mozilla/5.0 AppleWebKit/537.36 (KHTML, like Gecko; compatible; bingbot/2.0; +http://www.bing.com/bingbot.htm) Chrome/116.0.1938.76 Safari/537.36"
40.77.167.16 - - [09/Jan/2025:23:51:38 -0500] "GET /bdedw/l2857288.html HTTP/1.1" 200 68751 "-" "Mozilla/5.0 AppleWebKit/537.36 (KHTML, like Gecko; compatible; bingbot/2.0; +http://www.bing.com/bingbot.htm) Chrome/116.0.1938.76 Safari/537.36"
66.249.79.105 - - [09/Jan/2025:23:51:39 -0500] "GET /lonhs/s2026439.html HTTP/1.1" 200 69242 "-" "Mozilla/5.0 (Linux; Android 6.0.1; Nexus 5X Build/MMB29P) AppleWebKit/537.36 (KHTML, like Gecko) Chrome/131.0.6778.204 Mobile Safari/537.36 (compatible; Googlebot/2.1; +http://www.google.com/bot.html)"
40.77.167.42 - - [09/Jan/2025:23:51:43 -0500] "GET /eshfu/q859063.html HTTP/1.1" 200 69964 "-" "Mozilla/5.0 AppleWebKit/537.36 (KHTML, like Gecko; compatible; bingbot/2.0; +http://www.bing.com/bingbot.htm) Chrome/116.0.1938.76 Safari/537.36"
40.77.167.131 - - [09/Jan/2025:23:51:44 -0500] "GET /diobo/j715718.html HTTP/1.1" 200 69311 "-" "Mozilla/5.0 AppleWebKit/537.36 (KHTML, like Gecko; compatible; bingbot/2.0; +http://www.bing.com/bingbot.htm) Chrome/116.0.1938.76 Safari/537.36"
66.249.68.33 - - [09/Jan/2025:23:51:45 -0500] "GET /imohg/h531844.html HTTP/1.1" 200 72568 "-" "Mozilla/5.0 (Linux; Android 6.0.1; Nexus 5X Build/MMB29P) AppleWebKit/537.36 (KHTML, like Gecko) Chrome/131.0.6778.204 Mobile Safari/537.36 (compatible; Googlebot/2.1; +http://www.google.com/bot.html)"
52.167.144.17 - - [09/Jan/2025:23:51:54 -0500] "GET /wksop/g2134873.html HTTP/1.1" 200 69321 "-" "Mozilla/5.0 AppleWebKit/537.36 (KHTML, like Gecko; compatible; bingbot/2.0; +http://www.bing.com/bingbot.htm) Chrome/116.0.1938.76 Safari/537.36"
52.167.144.17 - - [09/Jan/2025:23:51:56 -0500] "GET /emypw/g2746653.html HTTP/1.1" 200 68336 "-" "Mozilla/5.0 AppleWebKit/537.36 (KHTML, like Gecko; compatible; bingbot/2.0; +http://www.bing.com/bingbot.htm) Chrome/116.0.1938.76 Safari/537.36"
52.167.144.17 - - [09/Jan/2025:23:51:58 -0500] "GET /ihlxu/w3074789.html HTTP/1.1" 200 68128 "-" "Mozilla/5.0 AppleWebKit/537.36 (KHTML, like Gecko; compatible; bingbot/2.0; +http://www.bing.com/bingbot.htm) Chrome/116.0.1938.76 Safari/537.36"
207.46.13.157 - - [09/Jan/2025:23:52:02 -0500] "GET /csgqx/u2896739.html HTTP/1.1" 200 69011 "-" "Mozilla/5.0 AppleWebKit/537.36 (KHTML, like Gecko; compatible; bingbot/2.0; +http://www.bing.com/bingbot.htm) Chrome/116.0.1938.76 Safari/537.36"
40.77.167.16 - - [09/Jan/2025:23:52:08 -0500] "GET /csnmf/j1016538.html HTTP/1.1" 200 71920 "-" "Mozilla/5.0 AppleWebKit/537.36 (KHTML, like Gecko; compatible; bingbot/2.0; +http://www.bing.com/bingbot.htm) Chrome/116.0.1938.76 Safari/537.36"
40.77.167.131 - - [09/Jan/2025:23:52:18 -0500] "GET /yipiz/h579814.html HTTP/1.1" 200 68510 "-" "Mozilla/5.0 AppleWebKit/537.36 (KHTML, like Gecko; compatible; bingbot/2.0; +http://www.bing.com/bingbot.htm) Chrome/116.0.1938.76 Safari/537.36"
40.77.167.131 - - [09/Jan/2025:23:52:18 -0500] "GET /rgoem/h2094106.html HTTP/1.1" 200 68354 "-" "Mozilla/5.0 AppleWebKit/537.36 (KHTML, like Gecko; compatible; bingbot/2.0; +http://www.bing.com/bingbot.htm) Chrome/116.0.1938.76 Safari/537.36"
66.249.68.2 - - [09/Jan/2025:23:52:20 -0500] "GET /cmzeb/r2875572.html HTTP/1.1" 200 69801 "-" "Mozilla/5.0 (Linux; Android 6.0.1; Nexus 5X Build/MMB29P) AppleWebKit/537.36 (KHTML, like Gecko) Chrome/131.0.6778.204 Mobile Safari/537.36 (compatible; Googlebot/2.1; +http://www.google.com/bot.html)"
40.77.167.131 - - [09/Jan/2025:23:52:20 -0500] "GET /hxgqr/t1120730.html HTTP/1.1" 200 68123 "-" "Mozilla/5.0 AppleWebKit/537.36 (KHTML, like Gecko; compatible; bingbot/2.0; +http://www.bing.com/bingbot.htm) Chrome/116.0.1938.76 Safari/537.36"
40.77.167.131 - - [09/Jan/2025:23:52:21 -0500] "GET /oyuyy/t1803906.html HTTP/1.1" 200 70502 "-" "Mozilla/5.0 AppleWebKit/537.36 (KHTML, like Gecko; compatible; bingbot/2.0; +http://www.bing.com/bingbot.htm) Chrome/116.0.1938.76 Safari/537.36"
40.77.167.131 - - [09/Jan/2025:23:52:23 -0500] "GET /uhjle/h1914186.html HTTP/1.1" 200 68411 "-" "Mozilla/5.0 AppleWebKit/537.36 (KHTML, like Gecko; compatible; bingbot/2.0; +http://www.bing.com/bingbot.htm) Chrome/116.0.1938.76 Safari/537.36"
207.46.13.87 - - [09/Jan/2025:23:52:23 -0500] "GET /vkqsn/m2436583.html HTTP/1.1" 200 68842 "-" "Mozilla/5.0 AppleWebKit/537.36 (KHTML, like Gecko; compatible; bingbot/2.0; +http://www.bing.com/bingbot.htm) Chrome/116.0.1938.76 Safari/537.36"
207.46.13.87 - - [09/Jan/2025:23:52:25 -0500] "GET /cyncb/j2122656.html HTTP/1.1" 200 69278 "-" "Mozilla/5.0 AppleWebKit/537.36 (KHTML, like Gecko; compatible; bingbot/2.0; +http://www.bing.com/bingbot.htm) Chrome/116.0.1938.76 Safari/537.36"
40.77.167.42 - - [09/Jan/2025:23:52:33 -0500] "GET /becao/r210988.html HTTP/1.1" 200 69652 "-" "Mozilla/5.0 AppleWebKit/537.36 (KHTML, like Gecko; compatible; bingbot/2.0; +http://www.bing.com/bingbot.htm) Chrome/116.0.1938.76 Safari/537.36"
52.167.144.17 - - [09/Jan/2025:23:52:33 -0500] "GET /zjsjb/w2271753.html HTTP/1.1" 200 71271 "-" "Mozilla/5.0 AppleWebKit/537.36 (KHTML, like Gecko; compatible; bingbot/2.0; +http://www.bing.com/bingbot.htm) Chrome/116.0.1938.76 Safari/537.36"
40.77.167.16 - - [09/Jan/2025:23:52:38 -0500] "GET /pykze/s1262143.html HTTP/1.1" 200 71197 "-" "Mozilla/5.0 AppleWebKit/537.36 (KHTML, like Gecko; compatible; bingbot/2.0; +http://www.bing.com/bingbot.htm) Chrome/116.0.1938.76 Safari/537.36"
40.77.167.16 - - [09/Jan/2025:23:52:40 -0500] "GET /vuspy/s1415335.html HTTP/1.1" 200 69579 "-" "Mozilla/5.0 AppleWebKit/537.36 (KHTML, like Gecko; compatible; bingbot/2.0; +http://www.bing.com/bingbot.htm) Chrome/116.0.1938.76 Safari/537.36"
40.77.167.131 - - [09/Jan/2025:23:52:42 -0500] "GET /lqbob/g2479373.html HTTP/1.1" 200 69629 "-" "Mozilla/5.0 AppleWebKit/537.36 (KHTML, like Gecko; compatible; bingbot/2.0; +http://www.bing.com/bingbot.htm) Chrome/116.0.1938.76 Safari/537.36"
66.249.68.2 - - [09/Jan/2025:23:52:48 -0500] "GET /auqgi/b1322238.html HTTP/1.1" 200 69701 "-" "Mozilla/5.0 (Linux; Android 6.0.1; Nexus 5X Build/MMB29P) AppleWebKit/537.36 (KHTML, like Gecko) Chrome/131.0.6778.204 Mobile Safari/537.36 (compatible; Googlebot/2.1; +http://www.google.com/bot.html)"
40.77.167.42 - - [09/Jan/2025:23:52:53 -0500] "GET /xblqk/a1147127.html HTTP/1.1" 200 68713 "-" "Mozilla/5.0 AppleWebKit/537.36 (KHTML, like Gecko; compatible; bingbot/2.0; +http://www.bing.com/bingbot.htm) Chrome/116.0.1938.76 Safari/537.36"
52.167.144.17 - - [09/Jan/2025:23:52:53 -0500] "GET /fzafo/r316652.html HTTP/1.1" 200 70136 "-" "Mozilla/5.0 AppleWebKit/537.36 (KHTML, like Gecko; compatible; bingbot/2.0; +http://www.bing.com/bingbot.htm) Chrome/116.0.1938.76 Safari/537.36"
207.46.13.87 - - [09/Jan/2025:23:53:01 -0500] "GET /hnzvu/d974464.html HTTP/1.1" 200 70010 "-" "Mozilla/5.0 AppleWebKit/537.36 (KHTML, like Gecko; compatible; bingbot/2.0; +http://www.bing.com/bingbot.htm) Chrome/116.0.1938.76 Safari/537.36"
207.46.13.87 - - [09/Jan/2025:23:53:04 -0500] "GET /soqha/s2641937.html HTTP/1.1" 200 68106 "-" "Mozilla/5.0 AppleWebKit/537.36 (KHTML, like Gecko; compatible; bingbot/2.0; +http://www.bing.com/bingbot.htm) Chrome/116.0.1938.76 Safari/537.36"
66.249.68.4 - - [09/Jan/2025:23:53:05 -0500] "GET /ytyrg/c2041711.html HTTP/1.1" 200 70415 "-" "Mozilla/5.0 (Linux; Android 6.0.1; Nexus 5X Build/MMB29P) AppleWebKit/537.36 (KHTML, like Gecko) Chrome/131.0.6778.204 Mobile Safari/537.36 (compatible; Googlebot/2.1; +http://www.google.com/bot.html)"
207.46.13.87 - - [09/Jan/2025:23:53:05 -0500] "GET /fvjvw/t266838.html HTTP/1.1" 200 68297 "-" "Mozilla/5.0 AppleWebKit/537.36 (KHTML, like Gecko; compatible; bingbot/2.0; +http://www.bing.com/bingbot.htm) Chrome/116.0.1938.76 Safari/537.36"
40.77.167.16 - - [09/Jan/2025:23:53:09 -0500] "GET /shgzk/w2920427.html HTTP/1.1" 200 68348 "-" "Mozilla/5.0 AppleWebKit/537.36 (KHTML, like Gecko; compatible; bingbot/2.0; +http://www.bing.com/bingbot.htm) Chrome/116.0.1938.76 Safari/537.36"
207.46.13.157 - - [09/Jan/2025:23:53:11 -0500] "GET /wvzxa/e169089.html HTTP/1.1" 200 69022 "-" "Mozilla/5.0 AppleWebKit/537.36 (KHTML, like Gecko; compatible; bingbot/2.0; +http://www.bing.com/bingbot.htm) Chrome/116.0.1938.76 Safari/537.36"
207.46.13.87 - - [09/Jan/2025:23:53:21 -0500] "GET /tmbrr/p714268.html HTTP/1.1" 200 67729 "-" "Mozilla/5.0 AppleWebKit/537.36 (KHTML, like Gecko; compatible; bingbot/2.0; +http://www.bing.com/bingbot.htm) Chrome/116.0.1938.76 Safari/537.36"
40.77.167.16 - - [09/Jan/2025:23:53:28 -0500] "GET /wxgcr/h593412.html HTTP/1.1" 200 69716 "-" "Mozilla/5.0 AppleWebKit/537.36 (KHTML, like Gecko; compatible; bingbot/2.0; +http://www.bing.com/bingbot.htm) Chrome/116.0.1938.76 Safari/537.36"
66.29.132.124 - - [09/Jan/2025:23:53:32 -0500] "POST /wp-cron.php?doing_wp_cron=1736484812.3527040481567382812500 HTTP/1.1" 200 0 "-" "WordPress/6.7.1; https://diixadigital.com"
92.255.57.103 - - [09/Jan/2025:23:53:22 -0500] "GET / HTTP/1.1" 200 21672 "https://google.com/" "Mozilla/5.0 (Macintosh; Intel Mac OS X 10_15_7) AppleWebKit/537.36 (KHTML, like Gecko) Chrome/128.0.0.0 Safari/537.36"
66.249.68.33 - - [09/Jan/2025:23:53:31 -0500] "GET /rgekz/s2883685.html HTTP/1.1" 200 69493 "-" "Mozilla/5.0 (Linux; Android 6.0.1; Nexus 5X Build/MMB29P) AppleWebKit/537.36 (KHTML, like Gecko) Chrome/131.0.6778.204 Mobile Safari/537.36 (compatible; Googlebot/2.1; +http://www.google.com/bot.html)"
66.29.132.124 - - [09/Jan/2025:23:53:33 -0500] "POST /wp-admin/admin-ajax.php?action=async_litespeed&nonce=t65i3LEymAfPscc71CtwylHy13JR1upO&litespeed_type=imgoptm HTTP/1.1" 200 0 "-" "WordPress/6.7.1; https://diixadigital.com"
52.167.144.17 - - [09/Jan/2025:23:53:34 -0500] "GET /coemq/b2127510.html HTTP/1.1" 200 71882 "-" "Mozilla/5.0 AppleWebKit/537.36 (KHTML, like Gecko; compatible; bingbot/2.0; +http://www.bing.com/bingbot.htm) Chrome/116.0.1938.76 Safari/537.36"
92.255.57.103 - - [09/Jan/2025:23:53:37 -0500] "GET /wp-login.php HTTP/1.1" 200 2506 "https://diixadigital.com/wp-login.php" "Mozilla/5.0 (Windows NT 10.0; Win64; x64; rv:128.0) Gecko/20100101 Firefox/128.0"
207.46.13.87 - - [09/Jan/2025:23:53:40 -0500] "GET /tcoav/o1307977.html HTTP/1.1" 200 67779 "-" "Mozilla/5.0 AppleWebKit/537.36 (KHTML, like Gecko; compatible; bingbot/2.0; +http://www.bing.com/bingbot.htm) Chrome/116.0.1938.76 Safari/537.36"
92.255.57.103 - - [09/Jan/2025:23:53:42 -0500] "GET /wp-json/wp/v2/users/ HTTP/1.1" 200 8944 "https://diixadigital.com/" "Mozilla/5.0 (Windows NT 10.0; Win64; x64; rv:128.0) Gecko/20100101 Firefox/128.0"
52.167.144.17 - - [09/Jan/2025:23:53:44 -0500] "GET /purtj/y949655.html HTTP/1.1" 200 69912 "-" "Mozilla/5.0 AppleWebKit/537.36 (KHTML, like Gecko; compatible; bingbot/2.0; +http://www.bing.com/bingbot.htm) Chrome/116.0.1938.76 Safari/537.36"
52.167.144.17 - - [09/Jan/2025:23:53:46 -0500] "GET /iamdb/p438798.html HTTP/1.1" 200 70130 "-" "Mozilla/5.0 AppleWebKit/537.36 (KHTML, like Gecko; compatible; bingbot/2.0; +http://www.bing.com/bingbot.htm) Chrome/116.0.1938.76 Safari/537.36"
66.29.132.124 - - [09/Jan/2025:23:53:49 -0500] "POST /wp-cron.php?doing_wp_cron=1736484829.4219129085540771484375 HTTP/1.1" 200 0 "-" "WordPress/6.7.1; https://diixadigital.com"
92.255.57.103 - - [09/Jan/2025:23:53:48 -0500] "GET /?author=2 HTTP/1.1" 404 15757 "https://diixadigital.com/" "Mozilla/5.0 (Windows NT 10.0; Win64; x64) AppleWebKit/537.36 (KHTML, like Gecko) Chrome/129.0.0.0 Safari/537.36"
66.29.132.124 - - [09/Jan/2025:23:53:50 -0500] "POST /wp-admin/admin-ajax.php?action=async_litespeed&nonce=ZFNmqrv3cJTKT6OqKGhQNSJ0Je38lhOk&litespeed_type=imgoptm HTTP/1.1" 200 21 "-" "WordPress/6.7.1; https://diixadigital.com"
92.255.57.103 - - [09/Jan/2025:23:53:53 -0500] "GET /?author=3 HTTP/1.1" 404 15750 "https://diixadigital.com/" "Mozilla/5.0 (Windows NT 10.0; Win64; x64; rv:130.0) Gecko/20100101 Firefox/130.0"
92.255.57.103 - - [09/Jan/2025:23:53:58 -0500] "GET /?author=4 HTTP/1.1" 404 15756 "https://diixadigital.com/" "Mozilla/5.0 (Macintosh; Intel Mac OS X 10.15; rv:131.0) Gecko/20100101 Firefox/131.0"
92.255.57.103 - - [09/Jan/2025:23:54:03 -0500] "GET /?author=5 HTTP/1.1" 404 15751 "https://diixadigital.com/" "Mozilla/5.0 (X11; Linux x86_64) AppleWebKit/537.36 (KHTML, like Gecko) Chrome/126.0.0.0 Safari/537.36"
52.167.144.17 - - [09/Jan/2025:23:54:03 -0500] "GET /qcjck/s3024397.html HTTP/1.1" 200 68555 "-" "Mozilla/5.0 AppleWebKit/537.36 (KHTML, like Gecko; compatible; bingbot/2.0; +http://www.bing.com/bingbot.htm) Chrome/116.0.1938.76 Safari/537.36"
207.46.13.87 - - [09/Jan/2025:23:54:10 -0500] "GET /rnyvs/r2995380.html HTTP/1.1" 200 68630 "-" "Mozilla/5.0 AppleWebKit/537.36 (KHTML, like Gecko; compatible; bingbot/2.0; +http://www.bing.com/bingbot.htm) Chrome/116.0.1938.76 Safari/537.36"
40.77.167.16 - - [09/Jan/2025:23:54:17 -0500] "GET /bxzko/m1206939.html HTTP/1.1" 200 68488 "-" "Mozilla/5.0 AppleWebKit/537.36 (KHTML, like Gecko; compatible; bingbot/2.0; +http://www.bing.com/bingbot.htm) Chrome/116.0.1938.76 Safari/537.36"
66.249.79.32 - - [09/Jan/2025:23:54:19 -0500] "GET /wbafo/t1755208.html HTTP/1.1" 200 68692 "-" "Mozilla/5.0 (Linux; Android 6.0.1; Nexus 5X Build/MMB29P) AppleWebKit/537.36 (KHTML, like Gecko) Chrome/131.0.6778.204 Mobile Safari/537.36 (compatible; Googlebot/2.1; +http://www.google.com/bot.html)"
207.46.13.87 - - [09/Jan/2025:23:54:20 -0500] "GET /dusxv/i2775879.html HTTP/1.1" 200 70607 "-" "Mozilla/5.0 AppleWebKit/537.36 (KHTML, like Gecko; compatible; bingbot/2.0; +http://www.bing.com/bingbot.htm) Chrome/116.0.1938.76 Safari/537.36"
40.77.167.131 - - [09/Jan/2025:23:54:25 -0500] "GET /mtrck/v1772188.html HTTP/1.1" 200 70132 "-" "Mozilla/5.0 AppleWebKit/537.36 (KHTML, like Gecko; compatible; bingbot/2.0; +http://www.bing.com/bingbot.htm) Chrome/116.0.1938.76 Safari/537.36"
207.46.13.157 - - [09/Jan/2025:23:54:31 -0500] "GET /vulth/p1378750.html HTTP/1.1" 200 69611 "-" "Mozilla/5.0 AppleWebKit/537.36 (KHTML, like Gecko; compatible; bingbot/2.0; +http://www.bing.com/bingbot.htm) Chrome/116.0.1938.76 Safari/537.36"
66.249.79.173 - - [09/Jan/2025:23:54:32 -0500] "GET /ojbnw/k2275719.html HTTP/1.1" 200 68176 "-" "Mozilla/5.0 (Linux; Android 6.0.1; Nexus 5X Build/MMB29P) AppleWebKit/537.36 (KHTML, like Gecko) Chrome/131.0.6778.204 Mobile Safari/537.36 (compatible; Googlebot/2.1; +http://www.google.com/bot.html)"
40.77.167.16 - - [09/Jan/2025:23:54:39 -0500] "GET /olmvm/t200564.html HTTP/1.1" 200 74912 "-" "Mozilla/5.0 AppleWebKit/537.36 (KHTML, like Gecko; compatible; bingbot/2.0; +http://www.bing.com/bingbot.htm) Chrome/116.0.1938.76 Safari/537.36"
207.46.13.157 - - [09/Jan/2025:23:54:50 -0500] "GET /tpcsj/p1132712.html HTTP/1.1" 200 69589 "-" "Mozilla/5.0 AppleWebKit/537.36 (KHTML, like Gecko; compatible; bingbot/2.0; +http://www.bing.com/bingbot.htm) Chrome/116.0.1938.76 Safari/537.36"
207.46.13.157 - - [09/Jan/2025:23:54:52 -0500] "GET /wvgws/i2068159.html HTTP/1.1" 200 70498 "-" "Mozilla/5.0 AppleWebKit/537.36 (KHTML, like Gecko; compatible; bingbot/2.0; +http://www.bing.com/bingbot.htm) Chrome/116.0.1938.76 Safari/537.36"
52.167.144.17 - - [09/Jan/2025:23:54:55 -0500] "GET /vovgv/e2217655.html HTTP/1.1" 200 71582 "-" "Mozilla/5.0 AppleWebKit/537.36 (KHTML, like Gecko; compatible; bingbot/2.0; +http://www.bing.com/bingbot.htm) Chrome/116.0.1938.76 Safari/537.36"
