157.55.39.196 - - [09/Jan/2025:23:10:36 -0500] "GET /svywn/f1684240.html HTTP/1.1" 200 67242 "-" "Mozilla/5.0 AppleWebKit/537.36 (KHTML, like Gecko; compatible; bingbot/2.0; +http://www.bing.com/bingbot.htm) Chrome/116.0.1938.76 Safari/537.36"
66.29.132.124 - - [09/Jan/2025:23:10:36 -0500] "POST /wp-admin/admin-ajax.php?action=async_litespeed&nonce=dnuUta1I7ixtHzuoUHZmGjNTl1Y7VoFh&litespeed_type=imgoptm HTTP/1.1" 200 21 "-" "WordPress/6.7.1; https://diixadigital.com"
147.185.132.99 - - [09/Jan/2025:23:10:32 -0500] "GET / HTTP/1.1" 200 87424 "-" "Expanse, a Palo Alto Networks company, searches across the global IPv4 space multiple times per day to identify customers' presences on the Internet. If you would like to be excluded from our scans, please send IP addresses/domains to: scaninfo@paloaltonetworks.com"
157.55.39.196 - - [09/Jan/2025:23:10:38 -0500] "GET /dhzlq/c717531.html HTTP/1.1" 200 67743 "-" "Mozilla/5.0 AppleWebKit/537.36 (KHTML, like Gecko; compatible; bingbot/2.0; +http://www.bing.com/bingbot.htm) Chrome/116.0.1938.76 Safari/537.36"
157.55.39.196 - - [09/Jan/2025:23:10:40 -0500] "GET /dhsia/p1298488.html HTTP/1.1" 200 68785 "-" "Mozilla/5.0 AppleWebKit/537.36 (KHTML, like Gecko; compatible; bingbot/2.0; +http://www.bing.com/bingbot.htm) Chrome/116.0.1938.76 Safari/537.36"
66.249.79.35 - - [09/Jan/2025:23:10:51 -0500] "GET /elsad/x2947754.html HTTP/1.1" 200 69886 "-" "Mozilla/5.0 (Linux; Android 6.0.1; Nexus 5X Build/MMB29P) AppleWebKit/537.36 (KHTML, like Gecko) Chrome/131.0.6778.204 Mobile Safari/537.36 (compatible; Googlebot/2.1; +http://www.google.com/bot.html)"
52.167.144.225 - - [09/Jan/2025:23:10:54 -0500] "GET /qifug/b2612852.html HTTP/1.1" 200 69302 "-" "Mozilla/5.0 AppleWebKit/537.36 (KHTML, like Gecko; compatible; bingbot/2.0; +http://www.bing.com/bingbot.htm) Chrome/116.0.1938.76 Safari/537.36"
66.249.68.33 - - [09/Jan/2025:23:11:00 -0500] "GET /ewxzy/g380965.html HTTP/1.1" 200 70431 "-" "Mozilla/5.0 (Linux; Android 6.0.1; Nexus 5X Build/MMB29P) AppleWebKit/537.36 (KHTML, like Gecko) Chrome/131.0.6778.204 Mobile Safari/537.36 (compatible; Googlebot/2.1; +http://www.google.com/bot.html)"
157.55.39.196 - - [09/Jan/2025:23:11:06 -0500] "GET /nuadw/p2045936.html HTTP/1.1" 200 73953 "-" "Mozilla/5.0 AppleWebKit/537.36 (KHTML, like Gecko; compatible; bingbot/2.0; +http://www.bing.com/bingbot.htm) Chrome/116.0.1938.76 Safari/537.36"
52.167.144.18 - - [09/Jan/2025:23:11:13 -0500] "GET /pakqx/g749827.html HTTP/1.1" 200 69875 "-" "Mozilla/5.0 AppleWebKit/537.36 (KHTML, like Gecko; compatible; bingbot/2.0; +http://www.bing.com/bingbot.htm) Chrome/116.0.1938.76 Safari/537.36"
52.167.144.159 - - [09/Jan/2025:23:11:14 -0500] "GET /awbli/b2154836.html HTTP/1.1" 200 70768 "-" "Mozilla/5.0 AppleWebKit/537.36 (KHTML, like Gecko; compatible; bingbot/2.0; +http://www.bing.com/bingbot.htm) Chrome/116.0.1938.76 Safari/537.36"
157.55.39.60 - - [09/Jan/2025:23:11:17 -0500] "GET /ldlte/h2471886.html HTTP/1.1" 200 68653 "-" "Mozilla/5.0 AppleWebKit/537.36 (KHTML, like Gecko; compatible; bingbot/2.0; +http://www.bing.com/bingbot.htm) Chrome/116.0.1938.76 Safari/537.36"
66.249.79.195 - - [09/Jan/2025:23:11:18 -0500] "GET /jzenp/z108634.html HTTP/1.1" 200 73781 "-" "Mozilla/5.0 (Linux; Android 6.0.1; Nexus 5X Build/MMB29P) AppleWebKit/537.36 (KHTML, like Gecko) Chrome/131.0.6778.204 Mobile Safari/537.36 (compatible; Googlebot/2.1; +http://www.google.com/bot.html)"
66.249.68.33 - - [09/Jan/2025:23:11:27 -0500] "GET /cdpqh/w2010037.html HTTP/1.1" 200 68275 "-" "Mozilla/5.0 (Linux; Android 6.0.1; Nexus 5X Build/MMB29P) AppleWebKit/537.36 (KHTML, like Gecko) Chrome/131.0.6778.204 Mobile Safari/537.36 (compatible; Googlebot/2.1; +http://www.google.com/bot.html)"
52.167.144.181 - - [09/Jan/2025:23:11:44 -0500] "GET /hwlrw/v479988.html HTTP/1.1" 200 69559 "-" "Mozilla/5.0 AppleWebKit/537.36 (KHTML, like Gecko; compatible; bingbot/2.0; +http://www.bing.com/bingbot.htm) Chrome/116.0.1938.76 Safari/537.36"
66.249.68.33 - - [09/Jan/2025:23:11:45 -0500] "GET /ltsdf/j1045060.html HTTP/1.1" 200 69286 "-" "Mozilla/5.0 (Linux; Android 6.0.1; Nexus 5X Build/MMB29P) AppleWebKit/537.36 (KHTML, like Gecko) Chrome/131.0.6778.204 Mobile Safari/537.36 (compatible; Googlebot/2.1; +http://www.google.com/bot.html)"
52.167.144.181 - - [09/Jan/2025:23:11:46 -0500] "GET /nqmty/o2833761.html HTTP/1.1" 200 70071 "-" "Mozilla/5.0 AppleWebKit/537.36 (KHTML, like Gecko; compatible; bingbot/2.0; +http://www.bing.com/bingbot.htm) Chrome/116.0.1938.76 Safari/537.36"
66.29.132.124 - - [09/Jan/2025:23:11:52 -0500] "POST /wp-cron.php?doing_wp_cron=1736482312.7403829097747802734375 HTTP/1.1" 200 0 "-" "WordPress/6.7.1; https://diixadigital.com"
13.74.119.213 - - [09/Jan/2025:23:11:52 -0500] "GET /autoload_classmap.php HTTP/1.1" 404 60545 "-" "-"
13.74.119.213 - - [09/Jan/2025:23:11:53 -0500] "GET /post.php HTTP/1.1" 404 59584 "-" "-"
66.29.132.124 - - [09/Jan/2025:23:11:53 -0500] "POST /wp-admin/admin-ajax.php?action=async_litespeed&nonce=ArJgtFIcsGZGasTG6oe8UpnW9uW1ypU5&litespeed_type=imgoptm HTTP/1.1" 200 21 "-" "WordPress/6.7.1; https://diixadigital.com"
66.249.68.66 - - [09/Jan/2025:23:11:54 -0500] "GET /pepgc/t839228.html HTTP/1.1" 200 69789 "-" "Mozilla/5.0 (Linux; Android 6.0.1; Nexus 5X Build/MMB29P) AppleWebKit/537.36 (KHTML, like Gecko) Chrome/131.0.6778.204 Mobile Safari/537.36 (compatible; Googlebot/2.1; +http://www.google.com/bot.html)"
13.74.119.213 - - [09/Jan/2025:23:11:54 -0500] "GET /1.php HTTP/1.1" 404 59584 "-" "-"
13.74.119.213 - - [09/Jan/2025:23:11:56 -0500] "GET /flower.php HTTP/1.1" 404 59584 "-" "-"
13.74.119.213 - - [09/Jan/2025:23:11:58 -0500] "GET /admin.php HTTP/1.1" 404 59584 "-" "-"
13.74.119.213 - - [09/Jan/2025:23:11:59 -0500] "GET /file.php HTTP/1.1" 404 59584 "-" "-"
13.74.119.213 - - [09/Jan/2025:23:12:00 -0500] "GET /meta.php HTTP/1.1" 404 59584 "-" "-"
13.74.119.213 - - [09/Jan/2025:23:12:02 -0500] "GET /index.php HTTP/1.1" 301 0 "-" "-"
13.74.119.213 - - [09/Jan/2025:23:12:02 -0500] "GET / HTTP/1.1" 200 86484 "-" "-"
13.74.119.213 - - [09/Jan/2025:23:12:04 -0500] "GET /about.php HTTP/1.1" 404 59584 "-" "-"
13.74.119.213 - - [09/Jan/2025:23:12:05 -0500] "GET /randkeyword.php HTTP/1.1" 404 59584 "-" "-"
52.167.144.181 - - [09/Jan/2025:23:12:06 -0500] "GET /pamah/g2547311.html HTTP/1.1" 200 69672 "-" "Mozilla/5.0 AppleWebKit/537.36 (KHTML, like Gecko; compatible; bingbot/2.0; +http://www.bing.com/bingbot.htm) Chrome/116.0.1938.76 Safari/537.36"
13.74.119.213 - - [09/Jan/2025:23:12:07 -0500] "GET /goods.php HTTP/1.1" 404 59584 "-" "-"
13.74.119.213 - - [09/Jan/2025:23:12:09 -0500] "GET /hehe.php HTTP/1.1" 404 59584 "-" "-"
13.74.119.213 - - [09/Jan/2025:23:12:11 -0500] "GET /user.php HTTP/1.1" 404 59584 "-" "-"
13.74.119.213 - - [09/Jan/2025:23:12:12 -0500] "GET /wp-2019.php HTTP/1.1" 404 59584 "-" "-"
13.74.119.213 - - [09/Jan/2025:23:12:14 -0500] "GET /chosen.php HTTP/1.1" 404 59584 "-" "-"
13.74.119.213 - - [09/Jan/2025:23:12:15 -0500] "GET /functions.php HTTP/1.1" 404 59584 "-" "-"
52.167.144.225 - - [09/Jan/2025:23:12:15 -0500] "GET /arapu/i2895635.html HTTP/1.1" 200 69389 "-" "Mozilla/5.0 AppleWebKit/537.36 (KHTML, like Gecko; compatible; bingbot/2.0; +http://www.bing.com/bingbot.htm) Chrome/116.0.1938.76 Safari/537.36"
13.74.119.213 - - [09/Jan/2025:23:12:17 -0500] "GET /cron.php HTTP/1.1" 404 59584 "-" "-"
13.74.119.213 - - [09/Jan/2025:23:12:18 -0500] "GET /edit.php HTTP/1.1" 404 59584 "-" "-"
13.74.119.213 - - [09/Jan/2025:23:12:19 -0500] "GET /gecko-new.php HTTP/1.1" 404 59584 "-" "-"
66.249.68.2 - - [09/Jan/2025:23:12:19 -0500] "GET /mksyv/d2307562.html HTTP/1.1" 200 70147 "-" "Mozilla/5.0 (Linux; Android 6.0.1; Nexus 5X Build/MMB29P) AppleWebKit/537.36 (KHTML, like Gecko) Chrome/131.0.6778.204 Mobile Safari/537.36 (compatible; Googlebot/2.1; +http://www.google.com/bot.html)"
13.74.119.213 - - [09/Jan/2025:23:12:20 -0500] "GET /cookie.php HTTP/1.1" 404 59584 "-" "-"
13.74.119.213 - - [09/Jan/2025:23:12:22 -0500] "GET /xleet.php HTTP/1.1" 404 59584 "-" "-"
13.74.119.213 - - [09/Jan/2025:23:12:23 -0500] "GET /spip.php HTTP/1.1" 404 59584 "-" "-"
13.74.119.213 - - [09/Jan/2025:23:12:24 -0500] "GET /22.php HTTP/1.1" 404 59584 "-" "-"
13.74.119.213 - - [09/Jan/2025:23:12:26 -0500] "GET /room.php HTTP/1.1" 404 59584 "-" "-"
52.167.144.181 - - [09/Jan/2025:23:12:27 -0500] "GET /ueufz/g159211.html HTTP/1.1" 200 68534 "-" "Mozilla/5.0 AppleWebKit/537.36 (KHTML, like Gecko; compatible; bingbot/2.0; +http://www.bing.com/bingbot.htm) Chrome/116.0.1938.76 Safari/537.36"
66.29.132.124 - - [09/Jan/2025:23:12:28 -0500] "POST /wp-cron.php?doing_wp_cron=1736482348.7245659828186035156250 HTTP/1.1" 200 0 "-" "WordPress/6.7.1; https://diixadigital.com"
13.74.119.213 - - [09/Jan/2025:23:12:28 -0500] "GET /disagreed.php HTTP/1.1" 404 59584 "-" "-"
52.167.144.181 - - [09/Jan/2025:23:12:28 -0500] "GET /eouks/f2150602.html HTTP/1.1" 200 76953 "-" "Mozilla/5.0 AppleWebKit/537.36 (KHTML, like Gecko; compatible; bingbot/2.0; +http://www.bing.com/bingbot.htm) Chrome/116.0.1938.76 Safari/537.36"
157.55.39.195 - - [09/Jan/2025:23:12:28 -0500] "GET /fcetz/b2822958.html HTTP/1.1" 200 68843 "-" "Mozilla/5.0 AppleWebKit/537.36 (KHTML, like Gecko; compatible; bingbot/2.0; +http://www.bing.com/bingbot.htm) Chrome/116.0.1938.76 Safari/537.36"
66.29.132.124 - - [09/Jan/2025:23:12:30 -0500] "POST /wp-cron.php?doing_wp_cron=1736482350.2241520881652832031250 HTTP/1.1" 200 0 "-" "WordPress/6.7.1; https://diixadigital.com"
13.74.119.213 - - [09/Jan/2025:23:12:29 -0500] "GET /text.php HTTP/1.1" 404 59584 "-" "-"
13.74.119.213 - - [09/Jan/2025:23:12:31 -0500] "GET /alfa-rex.php HTTP/1.1" 404 59584 "-" "-"
13.74.119.213 - - [09/Jan/2025:23:12:32 -0500] "GET /alfa-rex.php7 HTTP/1.1" 404 59584 "-" "-"
13.74.119.213 - - [09/Jan/2025:23:12:34 -0500] "GET /feeds.php HTTP/1.1" 404 59584 "-" "-"
13.74.119.213 - - [09/Jan/2025:23:12:35 -0500] "GET /radio.php HTTP/1.1" 404 59584 "-" "-"
13.74.119.213 - - [09/Jan/2025:23:12:36 -0500] "GET /dropdown.php HTTP/1.1" 404 59584 "-" "-"
13.74.119.213 - - [09/Jan/2025:23:12:38 -0500] "GET /defaults.php HTTP/1.1" 404 59584 "-" "-"
13.74.119.213 - - [09/Jan/2025:23:12:39 -0500] "GET /system.php HTTP/1.1" 404 59584 "-" "-"
13.74.119.213 - - [09/Jan/2025:23:12:40 -0500] "GET /xmlrpc.php HTTP/1.1" 405 42 "-" "-"
13.74.119.213 - - [09/Jan/2025:23:12:41 -0500] "GET /xmlrpc.php0 HTTP/1.1" 404 59584 "-" "-"
52.167.144.18 - - [09/Jan/2025:23:12:41 -0500] "GET /nxezn/e193243.html HTTP/1.1" 200 68079 "-" "Mozilla/5.0 AppleWebKit/537.36 (KHTML, like Gecko; compatible; bingbot/2.0; +http://www.bing.com/bingbot.htm) Chrome/116.0.1938.76 Safari/537.36"
13.74.119.213 - - [09/Jan/2025:23:12:42 -0500] "GET /colors.php HTTP/1.1" 404 59584 "-" "-"
66.29.132.124 - - [09/Jan/2025:23:12:44 -0500] "POST /wp-cron.php?doing_wp_cron=1736482364.2127981185913085937500 HTTP/1.1" 200 0 "-" "WordPress/6.7.1; https://diixadigital.com"
13.74.119.213 - - [09/Jan/2025:23:12:43 -0500] "GET /updates.php HTTP/1.1" 404 59584 "-" "-"
66.29.132.124 - - [09/Jan/2025:23:12:44 -0500] "POST /wp-admin/admin-ajax.php?action=async_litespeed&nonce=1B1EqFcArrZgl9JcAb5MhWroEWGTOWPb&litespeed_type=imgoptm HTTP/1.1" 200 21 "-" "WordPress/6.7.1; https://diixadigital.com"
52.167.144.225 - - [09/Jan/2025:23:12:45 -0500] "GET /uqvyi/p1431608.html HTTP/1.1" 200 69861 "-" "Mozilla/5.0 AppleWebKit/537.36 (KHTML, like Gecko; compatible; bingbot/2.0; +http://www.bing.com/bingbot.htm) Chrome/116.0.1938.76 Safari/537.36"
13.74.119.213 - - [09/Jan/2025:23:12:45 -0500] "GET /alfa-rex1.php HTTP/1.1" 404 59584 "-" "-"
52.167.144.225 - - [09/Jan/2025:23:12:46 -0500] "GET /oezsg/d712358.html HTTP/1.1" 200 69819 "-" "Mozilla/5.0 AppleWebKit/537.36 (KHTML, like Gecko; compatible; bingbot/2.0; +http://www.bing.com/bingbot.htm) Chrome/116.0.1938.76 Safari/537.36"
13.74.119.213 - - [09/Jan/2025:23:12:46 -0500] "GET /wp-index.php HTTP/1.1" 404 59584 "-" "-"
13.74.119.213 - - [09/Jan/2025:23:12:48 -0500] "GET /wp-admin.php HTTP/1.1" 404 59584 "-" "-"
13.74.119.213 - - [09/Jan/2025:23:12:49 -0500] "GET /alfa.php HTTP/1.1" 404 59584 "-" "-"
52.167.144.159 - - [09/Jan/2025:23:12:49 -0500] "GET /tkchv/z3061012.html HTTP/1.1" 200 68964 "-" "Mozilla/5.0 AppleWebKit/537.36 (KHTML, like Gecko; compatible; bingbot/2.0; +http://www.bing.com/bingbot.htm) Chrome/116.0.1938.76 Safari/537.36"
13.74.119.213 - - [09/Jan/2025:23:12:50 -0500] "GET /alfanew.php7 HTTP/1.1" 404 59584 "-" "-"
13.74.119.213 - - [09/Jan/2025:23:12:51 -0500] "GET /locale.php HTTP/1.1" 404 59584 "-" "-"
13.74.119.213 - - [09/Jan/2025:23:12:52 -0500] "GET /wxo.php HTTP/1.1" 404 59584 "-" "-"
52.167.144.159 - - [09/Jan/2025:23:12:51 -0500] "GET /myoun/b2687888.html HTTP/1.1" 200 67545 "-" "Mozilla/5.0 AppleWebKit/537.36 (KHTML, like Gecko; compatible; bingbot/2.0; +http://www.bing.com/bingbot.htm) Chrome/116.0.1938.76 Safari/537.36"
13.74.119.213 - - [09/Jan/2025:23:12:53 -0500] "GET /colour.php HTTP/1.1" 404 59584 "-" "-"
13.74.119.213 - - [09/Jan/2025:23:12:54 -0500] "GET /files.php HTTP/1.1" 404 59584 "-" "-"
13.74.119.213 - - [09/Jan/2025:23:12:55 -0500] "GET /install.php HTTP/1.1" 404 59584 "-" "-"
13.74.119.213 - - [09/Jan/2025:23:12:56 -0500] "GET /wp-contentt.php HTTP/1.1" 404 59584 "-" "-"
157.55.39.195 - - [09/Jan/2025:23:12:56 -0500] "GET /hwile/l2965448.html HTTP/1.1" 200 69402 "-" "Mozilla/5.0 AppleWebKit/537.36 (KHTML, like Gecko; compatible; bingbot/2.0; +http://www.bing.com/bingbot.htm) Chrome/116.0.1938.76 Safari/537.36"
52.167.144.181 - - [09/Jan/2025:23:12:57 -0500] "GET /gazhb/c1354817.html HTTP/1.1" 200 68829 "-" "Mozilla/5.0 AppleWebKit/537.36 (KHTML, like Gecko; compatible; bingbot/2.0; +http://www.bing.com/bingbot.htm) Chrome/116.0.1938.76 Safari/537.36"
157.55.39.195 - - [09/Jan/2025:23:12:57 -0500] "GET /ezqgw/r1647020.html HTTP/1.1" 200 69545 "-" "Mozilla/5.0 AppleWebKit/537.36 (KHTML, like Gecko; compatible; bingbot/2.0; +http://www.bing.com/bingbot.htm) Chrome/116.0.1938.76 Safari/537.36"
13.74.119.213 - - [09/Jan/2025:23:12:58 -0500] "GET /config.php7 HTTP/1.1" 404 59584 "-" "-"
13.74.119.213 - - [09/Jan/2025:23:12:59 -0500] "GET /config.php HTTP/1.1" 404 59584 "-" "-"
52.167.144.181 - - [09/Jan/2025:23:12:58 -0500] "GET /rphwy/v499150.html HTTP/1.1" 200 69575 "-" "Mozilla/5.0 AppleWebKit/537.36 (KHTML, like Gecko; compatible; bingbot/2.0; +http://www.bing.com/bingbot.htm) Chrome/116.0.1938.76 Safari/537.36"
13.74.119.213 - - [09/Jan/2025:23:13:00 -0500] "GET /theme.php HTTP/1.1" 404 59584 "-" "-"
13.74.119.213 - - [09/Jan/2025:23:13:01 -0500] "GET /block-bindings.php HTTP/1.1" 404 59584 "-" "-"
13.74.119.213 - - [09/Jan/2025:23:13:02 -0500] "GET /class_api.php HTTP/1.1" 404 59584 "-" "-"
13.74.119.213 - - [09/Jan/2025:23:13:03 -0500] "GET /inputs.php HTTP/1.1" 404 59584 "-" "-"
13.74.119.213 - - [09/Jan/2025:23:13:04 -0500] "GET /root.php HTTP/1.1" 404 59584 "-" "-"
13.74.119.213 - - [09/Jan/2025:23:13:05 -0500] "GET /menu.php HTTP/1.1" 404 59584 "-" "-"
13.74.119.213 - - [09/Jan/2025:23:13:06 -0500] "GET /plugin.php HTTP/1.1" 404 59584 "-" "-"
13.74.119.213 - - [09/Jan/2025:23:13:07 -0500] "GET /cloud.php HTTP/1.1" 404 59584 "-" "-"
13.74.119.213 - - [09/Jan/2025:23:13:08 -0500] "GET /configs.php HTTP/1.1" 404 59584 "-" "-"
13.74.119.213 - - [09/Jan/2025:23:13:10 -0500] "GET /wp-configs.php HTTP/1.1" 404 59584 "-" "-"
13.74.119.213 - - [09/Jan/2025:23:13:11 -0500] "GET /update.php HTTP/1.1" 404 59584 "-" "-"
13.74.119.213 - - [09/Jan/2025:23:13:12 -0500] "GET /2.php HTTP/1.1" 404 59584 "-" "-"
13.74.119.213 - - [09/Jan/2025:23:13:13 -0500] "GET /input.php HTTP/1.1" 404 59584 "-" "-"
13.74.119.213 - - [09/Jan/2025:23:13:15 -0500] "GET /aaa.php HTTP/1.1" 404 59584 "-" "-"
66.249.79.106 - - [09/Jan/2025:23:13:16 -0500] "GET /syifn/n1228364.html HTTP/1.1" 200 68554 "-" "Mozilla/5.0 (Linux; Android 6.0.1; Nexus 5X Build/MMB29P) AppleWebKit/537.36 (KHTML, like Gecko) Chrome/131.0.6778.204 Mobile Safari/537.36 (compatible; Googlebot/2.1; +http://www.google.com/bot.html)"
52.167.144.159 - - [09/Jan/2025:23:13:22 -0500] "GET /rcemu/l2148632.html HTTP/1.1" 200 76417 "-" "Mozilla/5.0 AppleWebKit/537.36 (KHTML, like Gecko; compatible; bingbot/2.0; +http://www.bing.com/bingbot.htm) Chrome/116.0.1938.76 Safari/537.36"
52.167.144.181 - - [09/Jan/2025:23:13:28 -0500] "GET /lqkio/j2984946.html HTTP/1.1" 200 69291 "-" "Mozilla/5.0 AppleWebKit/537.36 (KHTML, like Gecko; compatible; bingbot/2.0; +http://www.bing.com/bingbot.htm) Chrome/116.0.1938.76 Safari/537.36"
66.249.79.195 - - [09/Jan/2025:23:13:32 -0500] "GET /jqtzo/v1159914.html HTTP/1.1" 200 69069 "-" "Mozilla/5.0 (Linux; Android 6.0.1; Nexus 5X Build/MMB29P) AppleWebKit/537.36 (KHTML, like Gecko) Chrome/131.0.6778.204 Mobile Safari/537.36 (compatible; Googlebot/2.1; +http://www.google.com/bot.html)"
52.167.144.225 - - [09/Jan/2025:23:13:35 -0500] "GET /trsgb/v1130248.html HTTP/1.1" 200 69757 "-" "Mozilla/5.0 AppleWebKit/537.36 (KHTML, like Gecko; compatible; bingbot/2.0; +http://www.bing.com/bingbot.htm) Chrome/116.0.1938.76 Safari/537.36"
52.167.144.18 - - [09/Jan/2025:23:13:44 -0500] "GET /sofoi/n2663252.html HTTP/1.1" 200 68892 "-" "Mozilla/5.0 AppleWebKit/537.36 (KHTML, like Gecko; compatible; bingbot/2.0; +http://www.bing.com/bingbot.htm) Chrome/116.0.1938.76 Safari/537.36"
52.167.144.181 - - [09/Jan/2025:23:13:48 -0500] "GET /rimsw/f1871310.html HTTP/1.1" 200 72234 "-" "Mozilla/5.0 AppleWebKit/537.36 (KHTML, like Gecko; compatible; bingbot/2.0; +http://www.bing.com/bingbot.htm) Chrome/116.0.1938.76 Safari/537.36"
157.55.39.195 - - [09/Jan/2025:23:13:48 -0500] "GET /ltfha/z888478.html HTTP/1.1" 200 71839 "-" "Mozilla/5.0 AppleWebKit/537.36 (KHTML, like Gecko; compatible; bingbot/2.0; +http://www.bing.com/bingbot.htm) Chrome/116.0.1938.76 Safari/537.36"
52.167.144.175 - - [09/Jan/2025:23:13:53 -0500] "GET /emzwn/f2445286.html HTTP/1.1" 200 67205 "-" "Mozilla/5.0 AppleWebKit/537.36 (KHTML, like Gecko; compatible; bingbot/2.0; +http://www.bing.com/bingbot.htm) Chrome/116.0.1938.76 Safari/537.36"
66.249.79.35 - - [09/Jan/2025:23:13:53 -0500] "GET /plzkd/j2027106.html HTTP/1.1" 200 69003 "-" "Mozilla/5.0 (Linux; Android 6.0.1; Nexus 5X Build/MMB29P) AppleWebKit/537.36 (KHTML, like Gecko) Chrome/131.0.6778.204 Mobile Safari/537.36 (compatible; Googlebot/2.1; +http://www.google.com/bot.html)"
52.167.144.175 - - [09/Jan/2025:23:13:54 -0500] "GET /eixzz/p1344768.html HTTP/1.1" 200 69325 "-" "Mozilla/5.0 AppleWebKit/537.36 (KHTML, like Gecko; compatible; bingbot/2.0; +http://www.bing.com/bingbot.htm) Chrome/116.0.1938.76 Safari/537.36"
52.167.144.175 - - [09/Jan/2025:23:13:55 -0500] "GET /jlcrc/u116819.html HTTP/1.1" 200 67685 "-" "Mozilla/5.0 AppleWebKit/537.36 (KHTML, like Gecko; compatible; bingbot/2.0; +http://www.bing.com/bingbot.htm) Chrome/116.0.1938.76 Safari/537.36"
157.55.39.195 - - [09/Jan/2025:23:13:56 -0500] "GET /jpcrv/c2580379.html HTTP/1.1" 200 68740 "-" "Mozilla/5.0 AppleWebKit/537.36 (KHTML, like Gecko; compatible; bingbot/2.0; +http://www.bing.com/bingbot.htm) Chrome/116.0.1938.76 Safari/537.36"
52.167.144.175 - - [09/Jan/2025:23:14:07 -0500] "GET /spgba/m2067097.html HTTP/1.1" 200 69121 "-" "Mozilla/5.0 AppleWebKit/537.36 (KHTML, like Gecko; compatible; bingbot/2.0; +http://www.bing.com/bingbot.htm) Chrome/116.0.1938.76 Safari/537.36"
40.77.167.71 - - [09/Jan/2025:23:14:11 -0500] "GET /fqyfl/f2964558.html HTTP/1.1" 200 73652 "-" "Mozilla/5.0 AppleWebKit/537.36 (KHTML, like Gecko; compatible; bingbot/2.0; +http://www.bing.com/bingbot.htm) Chrome/116.0.1938.76 Safari/537.36"
40.77.167.71 - - [09/Jan/2025:23:14:12 -0500] "GET /hcold/c3031037.html HTTP/1.1" 200 67844 "-" "Mozilla/5.0 AppleWebKit/537.36 (KHTML, like Gecko; compatible; bingbot/2.0; +http://www.bing.com/bingbot.htm) Chrome/116.0.1938.76 Safari/537.36"
66.249.79.32 - - [09/Jan/2025:23:14:17 -0500] "GET /fbgge/f426542.html HTTP/1.1" 200 68241 "-" "Mozilla/5.0 (Linux; Android 6.0.1; Nexus 5X Build/MMB29P) AppleWebKit/537.36 (KHTML, like Gecko) Chrome/131.0.6778.204 Mobile Safari/537.36 (compatible; Googlebot/2.1; +http://www.google.com/bot.html)"
52.167.144.175 - - [09/Jan/2025:23:14:22 -0500] "GET /uuwik/j2608024.html HTTP/1.1" 200 72168 "-" "Mozilla/5.0 AppleWebKit/537.36 (KHTML, like Gecko; compatible; bingbot/2.0; +http://www.bing.com/bingbot.htm) Chrome/116.0.1938.76 Safari/537.36"
40.77.167.71 - - [09/Jan/2025:23:14:23 -0500] "GET /fwjjh/u1296829.html HTTP/1.1" 200 68873 "-" "Mozilla/5.0 AppleWebKit/537.36 (KHTML, like Gecko; compatible; bingbot/2.0; +http://www.bing.com/bingbot.htm) Chrome/116.0.1938.76 Safari/537.36"
52.167.144.175 - - [09/Jan/2025:23:14:23 -0500] "GET /uhnmc/d2057000.html HTTP/1.1" 200 71296 "-" "Mozilla/5.0 AppleWebKit/537.36 (KHTML, like Gecko; compatible; bingbot/2.0; +http://www.bing.com/bingbot.htm) Chrome/116.0.1938.76 Safari/537.36"
52.167.144.175 - - [09/Jan/2025:23:14:24 -0500] "GET /ubgyo/z2752158.html HTTP/1.1" 200 67878 "-" "Mozilla/5.0 AppleWebKit/537.36 (KHTML, like Gecko; compatible; bingbot/2.0; +http://www.bing.com/bingbot.htm) Chrome/116.0.1938.76 Safari/537.36"
52.167.144.138 - - [09/Jan/2025:23:14:26 -0500] "GET /fktyx/y2456407.html HTTP/1.1" 200 71040 "-" "Mozilla/5.0 AppleWebKit/537.36 (KHTML, like Gecko; compatible; bingbot/2.0; +http://www.bing.com/bingbot.htm) Chrome/116.0.1938.76 Safari/537.36"
157.55.39.195 - - [09/Jan/2025:23:14:28 -0500] "GET /psjrb/t2421094.html HTTP/1.1" 200 68965 "-" "Mozilla/5.0 AppleWebKit/537.36 (KHTML, like Gecko; compatible; bingbot/2.0; +http://www.bing.com/bingbot.htm) Chrome/116.0.1938.76 Safari/537.36"
52.167.144.138 - - [09/Jan/2025:23:14:29 -0500] "GET /guhfj/b1182852.html HTTP/1.1" 200 68721 "-" "Mozilla/5.0 AppleWebKit/537.36 (KHTML, like Gecko; compatible; bingbot/2.0; +http://www.bing.com/bingbot.htm) Chrome/116.0.1938.76 Safari/537.36"
157.55.39.195 - - [09/Jan/2025:23:14:31 -0500] "GET /vsutl/i1127973.html HTTP/1.1" 200 69016 "-" "Mozilla/5.0 AppleWebKit/537.36 (KHTML, like Gecko; compatible; bingbot/2.0; +http://www.bing.com/bingbot.htm) Chrome/116.0.1938.76 Safari/537.36"
40.77.167.71 - - [09/Jan/2025:23:14:32 -0500] "GET /ijvly/a1130149.html HTTP/1.1" 200 68452 "-" "Mozilla/5.0 AppleWebKit/537.36 (KHTML, like Gecko; compatible; bingbot/2.0; +http://www.bing.com/bingbot.htm) Chrome/116.0.1938.76 Safari/537.36"
66.249.79.173 - - [09/Jan/2025:23:14:45 -0500] "GET /pshbk/l3087284.html HTTP/1.1" 200 69855 "-" "Mozilla/5.0 (Linux; Android 6.0.1; Nexus 5X Build/MMB29P) AppleWebKit/537.36 (KHTML, like Gecko) Chrome/131.0.6778.204 Mobile Safari/537.36 (compatible; Googlebot/2.1; +http://www.google.com/bot.html)"
40.77.167.71 - - [09/Jan/2025:23:14:50 -0500] "GET /usmgj/y1251541.html HTTP/1.1" 200 70459 "-" "Mozilla/5.0 AppleWebKit/537.36 (KHTML, like Gecko; compatible; bingbot/2.0; +http://www.bing.com/bingbot.htm) Chrome/116.0.1938.76 Safari/537.36"
52.167.144.138 - - [09/Jan/2025:23:14:54 -0500] "GET /jhwuv/d2726162.html HTTP/1.1" 200 69061 "-" "Mozilla/5.0 AppleWebKit/537.36 (KHTML, like Gecko; compatible; bingbot/2.0; +http://www.bing.com/bingbot.htm) Chrome/116.0.1938.76 Safari/537.36"
157.55.39.195 - - [09/Jan/2025:23:14:58 -0500] "GET /aqlqr/i1125139.html HTTP/1.1" 200 69422 "-" "Mozilla/5.0 AppleWebKit/537.36 (KHTML, like Gecko; compatible; bingbot/2.0; +http://www.bing.com/bingbot.htm) Chrome/116.0.1938.76 Safari/537.36"
66.249.68.4 - - [09/Jan/2025:23:15:11 -0500] "GET /optsj/q1487275.html HTTP/1.1" 200 69306 "-" "Mozilla/5.0 (Linux; Android 6.0.1; Nexus 5X Build/MMB29P) AppleWebKit/537.36 (KHTML, like Gecko) Chrome/131.0.6778.204 Mobile Safari/537.36 (compatible; Googlebot/2.1; +http://www.google.com/bot.html)"
40.77.167.71 - - [09/Jan/2025:23:15:12 -0500] "GET /daqqk/w694333.html HTTP/1.1" 200 70708 "-" "Mozilla/5.0 AppleWebKit/537.36 (KHTML, like Gecko; compatible; bingbot/2.0; +http://www.bing.com/bingbot.htm) Chrome/116.0.1938.76 Safari/537.36"
157.55.39.195 - - [09/Jan/2025:23:15:15 -0500] "GET /ugdpq/n91878.html HTTP/1.1" 200 69216 "-" "Mozilla/5.0 AppleWebKit/537.36 (KHTML, like Gecko; compatible; bingbot/2.0; +http://www.bing.com/bingbot.htm) Chrome/116.0.1938.76 Safari/537.36"
40.77.167.14 - - [09/Jan/2025:23:15:20 -0500] "GET /tigvi/l2853674.html HTTP/1.1" 200 69289 "-" "Mozilla/5.0 AppleWebKit/537.36 (KHTML, like Gecko; compatible; bingbot/2.0; +http://www.bing.com/bingbot.htm) Chrome/116.0.1938.76 Safari/537.36"
40.77.167.14 - - [09/Jan/2025:23:15:23 -0500] "GET /hqxae/b2465302.html HTTP/1.1" 200 69011 "-" "Mozilla/5.0 AppleWebKit/537.36 (KHTML, like Gecko; compatible; bingbot/2.0; +http://www.bing.com/bingbot.htm) Chrome/116.0.1938.76 Safari/537.36"
40.77.167.14 - - [09/Jan/2025:23:15:25 -0500] "GET /gnepc/o2535177.html HTTP/1.1" 200 68360 "-" "Mozilla/5.0 AppleWebKit/537.36 (KHTML, like Gecko; compatible; bingbot/2.0; +http://www.bing.com/bingbot.htm) Chrome/116.0.1938.76 Safari/537.36"
40.77.167.71 - - [09/Jan/2025:23:15:25 -0500] "GET /loium/n1726602.html HTTP/1.1" 200 68183 "-" "Mozilla/5.0 AppleWebKit/537.36 (KHTML, like Gecko; compatible; bingbot/2.0; +http://www.bing.com/bingbot.htm) Chrome/116.0.1938.76 Safari/537.36"
157.55.39.195 - - [09/Jan/2025:23:15:27 -0500] "GET /putax/r2217642.html HTTP/1.1" 200 68892 "-" "Mozilla/5.0 AppleWebKit/537.36 (KHTML, like Gecko; compatible; bingbot/2.0; +http://www.bing.com/bingbot.htm) Chrome/116.0.1938.76 Safari/537.36"
52.167.144.175 - - [09/Jan/2025:23:15:34 -0500] "GET /qcxaw/v2834938.html HTTP/1.1" 200 67584 "-" "Mozilla/5.0 AppleWebKit/537.36 (KHTML, like Gecko; compatible; bingbot/2.0; +http://www.bing.com/bingbot.htm) Chrome/116.0.1938.76 Safari/537.36"
157.55.39.195 - - [09/Jan/2025:23:15:36 -0500] "GET /atexg/k2348961.html HTTP/1.1" 200 67355 "-" "Mozilla/5.0 AppleWebKit/537.36 (KHTML, like Gecko; compatible; bingbot/2.0; +http://www.bing.com/bingbot.htm) Chrome/116.0.1938.76 Safari/537.36"
52.167.144.175 - - [09/Jan/2025:23:15:36 -0500] "GET /rghab/w232651.html HTTP/1.1" 200 68094 "-" "Mozilla/5.0 AppleWebKit/537.36 (KHTML, like Gecko; compatible; bingbot/2.0; +http://www.bing.com/bingbot.htm) Chrome/116.0.1938.76 Safari/537.36"
40.77.167.14 - - [09/Jan/2025:23:15:37 -0500] "GET /uchxb/a2195057.html HTTP/1.1" 200 68617 "-" "Mozilla/5.0 AppleWebKit/537.36 (KHTML, like Gecko; compatible; bingbot/2.0; +http://www.bing.com/bingbot.htm) Chrome/116.0.1938.76 Safari/537.36"
157.55.39.195 - - [09/Jan/2025:23:15:37 -0500] "GET /dfjuz/m2694711.html HTTP/1.1" 200 71862 "-" "Mozilla/5.0 AppleWebKit/537.36 (KHTML, like Gecko; compatible; bingbot/2.0; +http://www.bing.com/bingbot.htm) Chrome/116.0.1938.76 Safari/537.36"
40.77.167.14 - - [09/Jan/2025:23:15:47 -0500] "GET /fimjg/e2067557.html HTTP/1.1" 200 76262 "-" "Mozilla/5.0 AppleWebKit/537.36 (KHTML, like Gecko; compatible; bingbot/2.0; +http://www.bing.com/bingbot.htm) Chrome/116.0.1938.76 Safari/537.36"
40.77.167.14 - - [09/Jan/2025:23:15:49 -0500] "GET /ykusr/b2795658.html HTTP/1.1" 200 67535 "-" "Mozilla/5.0 AppleWebKit/537.36 (KHTML, like Gecko; compatible; bingbot/2.0; +http://www.bing.com/bingbot.htm) Chrome/116.0.1938.76 Safari/537.36"
52.167.144.175 - - [09/Jan/2025:23:15:54 -0500] "GET /nifwr/n2473582.html HTTP/1.1" 200 67570 "-" "Mozilla/5.0 AppleWebKit/537.36 (KHTML, like Gecko; compatible; bingbot/2.0; +http://www.bing.com/bingbot.htm) Chrome/116.0.1938.76 Safari/537.36"
66.249.79.195 - - [09/Jan/2025:23:15:55 -0500] "GET /whtme/y501545.html HTTP/1.1" 200 70406 "-" "Mozilla/5.0 (Linux; Android 6.0.1; Nexus 5X Build/MMB29P) AppleWebKit/537.36 (KHTML, like Gecko) Chrome/131.0.6778.204 Mobile Safari/537.36 (compatible; Googlebot/2.1; +http://www.google.com/bot.html)"
40.77.167.71 - - [09/Jan/2025:23:16:03 -0500] "GET /exvxs/u2652911.html HTTP/1.1" 200 67247 "-" "Mozilla/5.0 AppleWebKit/537.36 (KHTML, like Gecko; compatible; bingbot/2.0; +http://www.bing.com/bingbot.htm) Chrome/116.0.1938.76 Safari/537.36"
52.167.144.175 - - [09/Jan/2025:23:16:11 -0500] "GET /hfdgk/t2199704.html HTTP/1.1" 200 67371 "-" "Mozilla/5.0 AppleWebKit/537.36 (KHTML, like Gecko; compatible; bingbot/2.0; +http://www.bing.com/bingbot.htm) Chrome/116.0.1938.76 Safari/537.36"
66.249.68.3 - - [09/Jan/2025:23:16:13 -0500] "GET /efsrn/b1879990.html HTTP/1.1" 200 67473 "-" "Mozilla/5.0 (Linux; Android 6.0.1; Nexus 5X Build/MMB29P) AppleWebKit/537.36 (KHTML, like Gecko) Chrome/131.0.6778.204 Mobile Safari/537.36 (compatible; Googlebot/2.1; +http://www.google.com/bot.html)"
52.167.144.175 - - [09/Jan/2025:23:16:14 -0500] "GET /qosbs/m1805147.html HTTP/1.1" 200 68810 "-" "Mozilla/5.0 AppleWebKit/537.36 (KHTML, like Gecko; compatible; bingbot/2.0; +http://www.bing.com/bingbot.htm) Chrome/116.0.1938.76 Safari/537.36"
157.55.39.195 - - [09/Jan/2025:23:16:17 -0500] "GET /gibmx/q1551261.html HTTP/1.1" 200 70059 "-" "Mozilla/5.0 AppleWebKit/537.36 (KHTML, like Gecko; compatible; bingbot/2.0; +http://www.bing.com/bingbot.htm) Chrome/116.0.1938.76 Safari/537.36"
157.55.39.195 - - [09/Jan/2025:23:16:19 -0500] "GET /pftwm/f86982.html HTTP/1.1" 200 69194 "-" "Mozilla/5.0 AppleWebKit/537.36 (KHTML, like Gecko; compatible; bingbot/2.0; +http://www.bing.com/bingbot.htm) Chrome/116.0.1938.76 Safari/537.36"
157.55.39.195 - - [09/Jan/2025:23:16:21 -0500] "GET /ddjam/x480952.html HTTP/1.1" 200 67780 "-" "Mozilla/5.0 AppleWebKit/537.36 (KHTML, like Gecko; compatible; bingbot/2.0; +http://www.bing.com/bingbot.htm) Chrome/116.0.1938.76 Safari/537.36"
40.77.167.71 - - [09/Jan/2025:23:16:23 -0500] "GET /xnrbj/z2284600.html HTTP/1.1" 200 68339 "-" "Mozilla/5.0 AppleWebKit/537.36 (KHTML, like Gecko; compatible; bingbot/2.0; +http://www.bing.com/bingbot.htm) Chrome/116.0.1938.76 Safari/537.36"
40.77.167.14 - - [09/Jan/2025:23:16:29 -0500] "GET /krwlb/a2324797.html HTTP/1.1" 200 68539 "-" "Mozilla/5.0 AppleWebKit/537.36 (KHTML, like Gecko; compatible; bingbot/2.0; +http://www.bing.com/bingbot.htm) Chrome/116.0.1938.76 Safari/537.36"
157.55.39.195 - - [09/Jan/2025:23:16:30 -0500] "GET /wyvra/f2954704.html HTTP/1.1" 200 67946 "-" "Mozilla/5.0 AppleWebKit/537.36 (KHTML, like Gecko; compatible; bingbot/2.0; +http://www.bing.com/bingbot.htm) Chrome/116.0.1938.76 Safari/537.36"
157.55.39.195 - - [09/Jan/2025:23:16:33 -0500] "GET /ytglr/b2449598.html HTTP/1.1" 200 70037 "-" "Mozilla/5.0 AppleWebKit/537.36 (KHTML, like Gecko; compatible; bingbot/2.0; +http://www.bing.com/bingbot.htm) Chrome/116.0.1938.76 Safari/537.36"
52.167.144.138 - - [09/Jan/2025:23:16:36 -0500] "GET /jewal/g1413763.html HTTP/1.1" 200 70533 "-" "Mozilla/5.0 AppleWebKit/537.36 (KHTML, like Gecko; compatible; bingbot/2.0; +http://www.bing.com/bingbot.htm) Chrome/116.0.1938.76 Safari/537.36"
40.77.167.14 - - [09/Jan/2025:23:16:44 -0500] "GET /tipli/z1841482.html HTTP/1.1" 200 71131 "-" "Mozilla/5.0 AppleWebKit/537.36 (KHTML, like Gecko; compatible; bingbot/2.0; +http://www.bing.com/bingbot.htm) Chrome/116.0.1938.76 Safari/537.36"
40.77.167.71 - - [09/Jan/2025:23:16:45 -0500] "GET /msxae/s171703.html HTTP/1.1" 200 69928 "-" "Mozilla/5.0 AppleWebKit/537.36 (KHTML, like Gecko; compatible; bingbot/2.0; +http://www.bing.com/bingbot.htm) Chrome/116.0.1938.76 Safari/537.36"
66.249.79.35 - - [09/Jan/2025:23:16:46 -0500] "GET /eneys/p971538.html HTTP/1.1" 200 68946 "-" "Mozilla/5.0 (Linux; Android 6.0.1; Nexus 5X Build/MMB29P) AppleWebKit/537.36 (KHTML, like Gecko) Chrome/131.0.6778.204 Mobile Safari/537.36 (compatible; Googlebot/2.1; +http://www.google.com/bot.html)"
157.55.39.195 - - [09/Jan/2025:23:16:47 -0500] "GET /fqdzx/n1385300.html HTTP/1.1" 200 68290 "-" "Mozilla/5.0 AppleWebKit/537.36 (KHTML, like Gecko; compatible; bingbot/2.0; +http://www.bing.com/bingbot.htm) Chrome/116.0.1938.76 Safari/537.36"
52.167.144.175 - - [09/Jan/2025:23:16:55 -0500] "GET /ncmfp/k1038587.html HTTP/1.1" 200 67634 "-" "Mozilla/5.0 AppleWebKit/537.36 (KHTML, like Gecko; compatible; bingbot/2.0; +http://www.bing.com/bingbot.htm) Chrome/116.0.1938.76 Safari/537.36"
40.77.167.14 - - [09/Jan/2025:23:16:58 -0500] "GET /pdjai/z2918792.html HTTP/1.1" 200 68089 "-" "Mozilla/5.0 AppleWebKit/537.36 (KHTML, like Gecko; compatible; bingbot/2.0; +http://www.bing.com/bingbot.htm) Chrome/116.0.1938.76 Safari/537.36"
40.77.167.71 - - [09/Jan/2025:23:17:12 -0500] "GET /kvztg/d2716230.html HTTP/1.1" 200 69903 "-" "Mozilla/5.0 AppleWebKit/537.36 (KHTML, like Gecko; compatible; bingbot/2.0; +http://www.bing.com/bingbot.htm) Chrome/116.0.1938.76 Safari/537.36"
52.167.144.175 - - [09/Jan/2025:23:17:12 -0500] "GET /ixajp/a213597.html HTTP/1.1" 200 69811 "-" "Mozilla/5.0 AppleWebKit/537.36 (KHTML, like Gecko; compatible; bingbot/2.0; +http://www.bing.com/bingbot.htm) Chrome/116.0.1938.76 Safari/537.36"
40.77.167.71 - - [09/Jan/2025:23:17:14 -0500] "GET /jdlte/p528706.html HTTP/1.1" 200 68650 "-" "Mozilla/5.0 AppleWebKit/537.36 (KHTML, like Gecko; compatible; bingbot/2.0; +http://www.bing.com/bingbot.htm) Chrome/116.0.1938.76 Safari/537.36"
40.77.167.71 - - [09/Jan/2025:23:17:23 -0500] "GET /bmuas/e1401853.html HTTP/1.1" 200 68224 "-" "Mozilla/5.0 AppleWebKit/537.36 (KHTML, like Gecko; compatible; bingbot/2.0; +http://www.bing.com/bingbot.htm) Chrome/116.0.1938.76 Safari/537.36"
52.167.144.138 - - [09/Jan/2025:23:17:35 -0500] "GET /ydbge/c2709001.html HTTP/1.1" 200 68395 "-" "Mozilla/5.0 AppleWebKit/537.36 (KHTML, like Gecko; compatible; bingbot/2.0; +http://www.bing.com/bingbot.htm) Chrome/116.0.1938.76 Safari/537.36"
157.55.39.195 - - [09/Jan/2025:23:17:36 -0500] "GET /moxbv/r2235608.html HTTP/1.1" 200 67830 "-" "Mozilla/5.0 AppleWebKit/537.36 (KHTML, like Gecko; compatible; bingbot/2.0; +http://www.bing.com/bingbot.htm) Chrome/116.0.1938.76 Safari/537.36"
52.167.144.138 - - [09/Jan/2025:23:17:37 -0500] "GET /ckeyi/n2236696.html HTTP/1.1" 200 68179 "-" "Mozilla/5.0 AppleWebKit/537.36 (KHTML, like Gecko; compatible; bingbot/2.0; +http://www.bing.com/bingbot.htm) Chrome/116.0.1938.76 Safari/537.36"
157.55.39.195 - - [09/Jan/2025:23:17:40 -0500] "GET /vnuxo/p2470620.html HTTP/1.1" 200 70067 "-" "Mozilla/5.0 AppleWebKit/537.36 (KHTML, like Gecko; compatible; bingbot/2.0; +http://www.bing.com/bingbot.htm) Chrome/116.0.1938.76 Safari/537.36"
66.249.79.37 - - [09/Jan/2025:23:17:41 -0500] "GET /lutkw/e232295.html HTTP/1.1" 200 68397 "-" "Mozilla/5.0 (Linux; Android 6.0.1; Nexus 5X Build/MMB29P) AppleWebKit/537.36 (KHTML, like Gecko) Chrome/131.0.6778.204 Mobile Safari/537.36 (compatible; Googlebot/2.1; +http://www.google.com/bot.html)"
40.77.167.14 - - [09/Jan/2025:23:17:46 -0500] "GET /xbmfp/y2104627.html HTTP/1.1" 200 70587 "-" "Mozilla/5.0 AppleWebKit/537.36 (KHTML, like Gecko; compatible; bingbot/2.0; +http://www.bing.com/bingbot.htm) Chrome/116.0.1938.76 Safari/537.36"
40.77.167.14 - - [09/Jan/2025:23:17:49 -0500] "GET /pkhyv/e2912531.html HTTP/1.1" 200 75513 "-" "Mozilla/5.0 AppleWebKit/537.36 (KHTML, like Gecko; compatible; bingbot/2.0; +http://www.bing.com/bingbot.htm) Chrome/116.0.1938.76 Safari/537.36"
40.77.167.14 - - [09/Jan/2025:23:17:50 -0500] "GET /pzidm/b2860866.html HTTP/1.1" 200 69764 "-" "Mozilla/5.0 AppleWebKit/537.36 (KHTML, like Gecko; compatible; bingbot/2.0; +http://www.bing.com/bingbot.htm) Chrome/116.0.1938.76 Safari/537.36"
157.55.39.195 - - [09/Jan/2025:23:18:17 -0500] "GET /dpcsp/o2302737.html HTTP/1.1" 200 70098 "-" "Mozilla/5.0 AppleWebKit/537.36 (KHTML, like Gecko; compatible; bingbot/2.0; +http://www.bing.com/bingbot.htm) Chrome/116.0.1938.76 Safari/537.36"
157.55.39.195 - - [09/Jan/2025:23:18:19 -0500] "GET /senta/f2523624.html HTTP/1.1" 200 69343 "-" "Mozilla/5.0 AppleWebKit/537.36 (KHTML, like Gecko; compatible; bingbot/2.0; +http://www.bing.com/bingbot.htm) Chrome/116.0.1938.76 Safari/537.36"
40.77.167.71 - - [09/Jan/2025:23:18:34 -0500] "GET /nvrcw/n996496.html HTTP/1.1" 200 74613 "-" "Mozilla/5.0 AppleWebKit/537.36 (KHTML, like Gecko; compatible; bingbot/2.0; +http://www.bing.com/bingbot.htm) Chrome/116.0.1938.76 Safari/537.36"
157.55.39.195 - - [09/Jan/2025:23:18:36 -0500] "GET /idbml/b2867444.html HTTP/1.1" 200 68395 "-" "Mozilla/5.0 AppleWebKit/537.36 (KHTML, like Gecko; compatible; bingbot/2.0; +http://www.bing.com/bingbot.htm) Chrome/116.0.1938.76 Safari/537.36"
157.55.39.195 - - [09/Jan/2025:23:18:38 -0500] "GET /qwbgb/r2005352.html HTTP/1.1" 200 68847 "-" "Mozilla/5.0 AppleWebKit/537.36 (KHTML, like Gecko; compatible; bingbot/2.0; +http://www.bing.com/bingbot.htm) Chrome/116.0.1938.76 Safari/537.36"
157.55.39.195 - - [09/Jan/2025:23:18:40 -0500] "GET /qhiqj/q1404023.html HTTP/1.1" 200 70130 "-" "Mozilla/5.0 AppleWebKit/537.36 (KHTML, like Gecko; compatible; bingbot/2.0; +http://www.bing.com/bingbot.htm) Chrome/116.0.1938.76 Safari/537.36"
52.167.144.175 - - [09/Jan/2025:23:18:41 -0500] "GET /ritdx/h3041000.html HTTP/1.1" 200 69239 "-" "Mozilla/5.0 AppleWebKit/537.36 (KHTML, like Gecko; compatible; bingbot/2.0; +http://www.bing.com/bingbot.htm) Chrome/116.0.1938.76 Safari/537.36"
157.55.39.195 - - [09/Jan/2025:23:18:46 -0500] "GET /uewms/e1367195.html HTTP/1.1" 200 67441 "-" "Mozilla/5.0 AppleWebKit/537.36 (KHTML, like Gecko; compatible; bingbot/2.0; +http://www.bing.com/bingbot.htm) Chrome/116.0.1938.76 Safari/537.36"
52.167.144.175 - - [09/Jan/2025:23:18:45 -0500] "GET /dkjcd/u2970735.html HTTP/1.1" 200 69940 "-" "Mozilla/5.0 AppleWebKit/537.36 (KHTML, like Gecko; compatible; bingbot/2.0; +http://www.bing.com/bingbot.htm) Chrome/116.0.1938.76 Safari/537.36"
40.77.167.14 - - [09/Jan/2025:23:18:47 -0500] "GET /oovyz/e2100759.html HTTP/1.1" 200 72169 "-" "Mozilla/5.0 AppleWebKit/537.36 (KHTML, like Gecko; compatible; bingbot/2.0; +http://www.bing.com/bingbot.htm) Chrome/116.0.1938.76 Safari/537.36"
40.77.167.14 - - [09/Jan/2025:23:18:50 -0500] "GET /wgmea/v2906126.html HTTP/1.1" 200 72139 "-" "Mozilla/5.0 AppleWebKit/537.36 (KHTML, like Gecko; compatible; bingbot/2.0; +http://www.bing.com/bingbot.htm) Chrome/116.0.1938.76 Safari/537.36"
40.77.167.14 - - [09/Jan/2025:23:18:52 -0500] "GET /knoss/t2832622.html HTTP/1.1" 200 68025 "-" "Mozilla/5.0 AppleWebKit/537.36 (KHTML, like Gecko; compatible; bingbot/2.0; +http://www.bing.com/bingbot.htm) Chrome/116.0.1938.76 Safari/537.36"
157.55.39.195 - - [09/Jan/2025:23:19:18 -0500] "GET /vgknk/r1287908.html HTTP/1.1" 200 68346 "-" "Mozilla/5.0 AppleWebKit/537.36 (KHTML, like Gecko; compatible; bingbot/2.0; +http://www.bing.com/bingbot.htm) Chrome/116.0.1938.76 Safari/537.36"
157.55.39.195 - - [09/Jan/2025:23:19:19 -0500] "GET /yhbct/k284405.html HTTP/1.1" 200 70129 "-" "Mozilla/5.0 AppleWebKit/537.36 (KHTML, like Gecko; compatible; bingbot/2.0; +http://www.bing.com/bingbot.htm) Chrome/116.0.1938.76 Safari/537.36"
52.167.144.138 - - [09/Jan/2025:23:19:27 -0500] "GET /tqtsk/g2665975.html HTTP/1.1" 200 69466 "-" "Mozilla/5.0 AppleWebKit/537.36 (KHTML, like Gecko; compatible; bingbot/2.0; +http://www.bing.com/bingbot.htm) Chrome/116.0.1938.76 Safari/537.36"
157.55.39.195 - - [09/Jan/2025:23:19:29 -0500] "GET /hysuq/f1762188.html HTTP/1.1" 200 69885 "-" "Mozilla/5.0 AppleWebKit/537.36 (KHTML, like Gecko; compatible; bingbot/2.0; +http://www.bing.com/bingbot.htm) Chrome/116.0.1938.76 Safari/537.36"
157.55.39.195 - - [09/Jan/2025:23:19:38 -0500] "GET /cimle/f856244.html HTTP/1.1" 200 67687 "-" "Mozilla/5.0 AppleWebKit/537.36 (KHTML, like Gecko; compatible; bingbot/2.0; +http://www.bing.com/bingbot.htm) Chrome/116.0.1938.76 Safari/537.36"
52.167.144.175 - - [09/Jan/2025:23:19:41 -0500] "GET /apxfb/m137455.html HTTP/1.1" 200 68250 "-" "Mozilla/5.0 AppleWebKit/537.36 (KHTML, like Gecko; compatible; bingbot/2.0; +http://www.bing.com/bingbot.htm) Chrome/116.0.1938.76 Safari/537.36"
66.249.79.37 - - [09/Jan/2025:23:19:44 -0500] "GET /srjsb/i1723815.html HTTP/1.1" 200 70162 "-" "Mozilla/5.0 (Linux; Android 6.0.1; Nexus 5X Build/MMB29P) AppleWebKit/537.36 (KHTML, like Gecko) Chrome/131.0.6778.204 Mobile Safari/537.36 (compatible; Googlebot/2.1; +http://www.google.com/bot.html)"
40.77.167.71 - - [09/Jan/2025:23:19:55 -0500] "GET /itxal/q153813.html HTTP/1.1" 200 68319 "-" "Mozilla/5.0 AppleWebKit/537.36 (KHTML, like Gecko; compatible; bingbot/2.0; +http://www.bing.com/bingbot.htm) Chrome/116.0.1938.76 Safari/537.36"
52.167.144.175 - - [09/Jan/2025:23:20:03 -0500] "GET /tsgxb/c2074887.html HTTP/1.1" 200 68156 "-" "Mozilla/5.0 AppleWebKit/537.36 (KHTML, like Gecko; compatible; bingbot/2.0; +http://www.bing.com/bingbot.htm) Chrome/116.0.1938.76 Safari/537.36"
40.77.167.14 - - [09/Jan/2025:23:20:07 -0500] "GET /ohqsd/e1576755.html HTTP/1.1" 200 68445 "-" "Mozilla/5.0 AppleWebKit/537.36 (KHTML, like Gecko; compatible; bingbot/2.0; +http://www.bing.com/bingbot.htm) Chrome/116.0.1938.76 Safari/537.36"
40.77.167.71 - - [09/Jan/2025:23:20:12 -0500] "GET /riheb/v133590.html HTTP/1.1" 200 69836 "-" "Mozilla/5.0 AppleWebKit/537.36 (KHTML, like Gecko; compatible; bingbot/2.0; +http://www.bing.com/bingbot.htm) Chrome/116.0.1938.76 Safari/537.36"
66.249.79.197 - - [09/Jan/2025:23:20:21 -0500] "GET /qdkto/a2259641.html HTTP/1.1" 200 70215 "-" "Mozilla/5.0 (Linux; Android 6.0.1; Nexus 5X Build/MMB29P) AppleWebKit/537.36 (KHTML, like Gecko) Chrome/131.0.6778.204 Mobile Safari/537.36 (compatible; Googlebot/2.1; +http://www.google.com/bot.html)"
52.167.144.175 - - [09/Jan/2025:23:20:23 -0500] "GET /difoo/c1436951.html HTTP/1.1" 200 69751 "-" "Mozilla/5.0 AppleWebKit/537.36 (KHTML, like Gecko; compatible; bingbot/2.0; +http://www.bing.com/bingbot.htm) Chrome/116.0.1938.76 Safari/537.36"
52.167.144.175 - - [09/Jan/2025:23:20:24 -0500] "GET /qmnxs/m637357.html HTTP/1.1" 200 70234 "-" "Mozilla/5.0 AppleWebKit/537.36 (KHTML, like Gecko; compatible; bingbot/2.0; +http://www.bing.com/bingbot.htm) Chrome/116.0.1938.76 Safari/537.36"
52.167.144.175 - - [09/Jan/2025:23:20:26 -0500] "GET /lyvjn/f2707912.html HTTP/1.1" 200 67957 "-" "Mozilla/5.0 AppleWebKit/537.36 (KHTML, like Gecko; compatible; bingbot/2.0; +http://www.bing.com/bingbot.htm) Chrome/116.0.1938.76 Safari/537.36"
52.167.144.175 - - [09/Jan/2025:23:20:28 -0500] "GET /hlubo/p2501040.html HTTP/1.1" 200 70097 "-" "Mozilla/5.0 AppleWebKit/537.36 (KHTML, like Gecko; compatible; bingbot/2.0; +http://www.bing.com/bingbot.htm) Chrome/116.0.1938.76 Safari/537.36"
157.55.39.195 - - [09/Jan/2025:23:20:36 -0500] "GET /qgyll/b2848308.html HTTP/1.1" 200 73474 "-" "Mozilla/5.0 AppleWebKit/537.36 (KHTML, like Gecko; compatible; bingbot/2.0; +http://www.bing.com/bingbot.htm) Chrome/116.0.1938.76 Safari/537.36"
52.167.144.175 - - [09/Jan/2025:23:20:42 -0500] "GET /ijwen/d330990.html HTTP/1.1" 200 68147 "-" "Mozilla/5.0 AppleWebKit/537.36 (KHTML, like Gecko; compatible; bingbot/2.0; +http://www.bing.com/bingbot.htm) Chrome/116.0.1938.76 Safari/537.36"
52.167.144.175 - - [09/Jan/2025:23:20:44 -0500] "GET /vhxmp/h532416.html HTTP/1.1" 200 69244 "-" "Mozilla/5.0 AppleWebKit/537.36 (KHTML, like Gecko; compatible; bingbot/2.0; +http://www.bing.com/bingbot.htm) Chrome/116.0.1938.76 Safari/537.36"
157.55.39.195 - - [09/Jan/2025:23:20:48 -0500] "GET /qnydk/d2499078.html HTTP/1.1" 200 72642 "-" "Mozilla/5.0 AppleWebKit/537.36 (KHTML, like Gecko; compatible; bingbot/2.0; +http://www.bing.com/bingbot.htm) Chrome/116.0.1938.76 Safari/537.36"
157.55.39.195 - - [09/Jan/2025:23:20:50 -0500] "GET /eiify/b2488624.html HTTP/1.1" 200 69840 "-" "Mozilla/5.0 AppleWebKit/537.36 (KHTML, like Gecko; compatible; bingbot/2.0; +http://www.bing.com/bingbot.htm) Chrome/116.0.1938.76 Safari/537.36"
157.55.39.195 - - [09/Jan/2025:23:20:52 -0500] "GET /qjfln/t354640.html HTTP/1.1" 200 68951 "-" "Mozilla/5.0 AppleWebKit/537.36 (KHTML, like Gecko; compatible; bingbot/2.0; +http://www.bing.com/bingbot.htm) Chrome/116.0.1938.76 Safari/537.36"
157.55.39.195 - - [09/Jan/2025:23:20:59 -0500] "GET /rwjzm/r247492.html HTTP/1.1" 200 68683 "-" "Mozilla/5.0 AppleWebKit/537.36 (KHTML, like Gecko; compatible; bingbot/2.0; +http://www.bing.com/bingbot.htm) Chrome/116.0.1938.76 Safari/537.36"
40.77.167.14 - - [09/Jan/2025:23:21:06 -0500] "GET /dlzgr/g2543359.html HTTP/1.1" 200 70706 "-" "Mozilla/5.0 AppleWebKit/537.36 (KHTML, like Gecko; compatible; bingbot/2.0; +http://www.bing.com/bingbot.htm) Chrome/116.0.1938.76 Safari/537.36"
40.77.167.14 - - [09/Jan/2025:23:21:08 -0500] "GET /cbeyl/x3042628.html HTTP/1.1" 200 72187 "-" "Mozilla/5.0 AppleWebKit/537.36 (KHTML, like Gecko; compatible; bingbot/2.0; +http://www.bing.com/bingbot.htm) Chrome/116.0.1938.76 Safari/537.36"
66.249.79.3 - - [09/Jan/2025:23:21:08 -0500] "GET /uodnk/r541006.html HTTP/1.1" 200 68312 "-" "Mozilla/5.0 (Linux; Android 6.0.1; Nexus 5X Build/MMB29P) AppleWebKit/537.36 (KHTML, like Gecko) Chrome/131.0.6778.204 Mobile Safari/537.36 (compatible; Googlebot/2.1; +http://www.google.com/bot.html)"
40.77.167.14 - - [09/Jan/2025:23:21:10 -0500] "GET /xmqcd/h2665898.html HTTP/1.1" 200 68647 "-" "Mozilla/5.0 AppleWebKit/537.36 (KHTML, like Gecko; compatible; bingbot/2.0; +http://www.bing.com/bingbot.htm) Chrome/116.0.1938.76 Safari/537.36"
157.55.39.195 - - [09/Jan/2025:23:21:19 -0500] "GET /ezdxo/v1744524.html HTTP/1.1" 200 70020 "-" "Mozilla/5.0 AppleWebKit/537.36 (KHTML, like Gecko; compatible; bingbot/2.0; +http://www.bing.com/bingbot.htm) Chrome/116.0.1938.76 Safari/537.36"
157.55.39.195 - - [09/Jan/2025:23:21:20 -0500] "GET /bdmjy/t1700426.html HTTP/1.1" 200 70565 "-" "Mozilla/5.0 AppleWebKit/537.36 (KHTML, like Gecko; compatible; bingbot/2.0; +http://www.bing.com/bingbot.htm) Chrome/116.0.1938.76 Safari/537.36"
52.167.144.175 - - [09/Jan/2025:23:21:21 -0500] "GET /zuixy/k97907.html HTTP/1.1" 200 69690 "-" "Mozilla/5.0 AppleWebKit/537.36 (KHTML, like Gecko; compatible; bingbot/2.0; +http://www.bing.com/bingbot.htm) Chrome/116.0.1938.76 Safari/537.36"
66.249.79.195 - - [09/Jan/2025:23:21:22 -0500] "GET /epabb/k1864113.html HTTP/1.1" 200 70032 "-" "Mozilla/5.0 (Linux; Android 6.0.1; Nexus 5X Build/MMB29P) AppleWebKit/537.36 (KHTML, like Gecko) Chrome/131.0.6778.204 Mobile Safari/537.36 (compatible; Googlebot/2.1; +http://www.google.com/bot.html)"
52.167.144.175 - - [09/Jan/2025:23:21:23 -0500] "GET /jvjho/n275308.html HTTP/1.1" 200 69850 "-" "Mozilla/5.0 AppleWebKit/537.36 (KHTML, like Gecko; compatible; bingbot/2.0; +http://www.bing.com/bingbot.htm) Chrome/116.0.1938.76 Safari/537.36"
66.249.79.195 - - [09/Jan/2025:23:21:38 -0500] "GET /fgczs/a2266063.html HTTP/1.1" 200 68429 "-" "Mozilla/5.0 (Linux; Android 6.0.1; Nexus 5X Build/MMB29P) AppleWebKit/537.36 (KHTML, like Gecko) Chrome/131.0.6778.204 Mobile Safari/537.36 (compatible; Googlebot/2.1; +http://www.google.com/bot.html)"
40.77.167.71 - - [09/Jan/2025:23:21:42 -0500] "GET /isnpb/q1032873.html HTTP/1.1" 200 69897 "-" "Mozilla/5.0 AppleWebKit/537.36 (KHTML, like Gecko; compatible; bingbot/2.0; +http://www.bing.com/bingbot.htm) Chrome/116.0.1938.76 Safari/537.36"
40.77.167.71 - - [09/Jan/2025:23:21:44 -0500] "GET /crhrc/q946657.html HTTP/1.1" 200 69519 "-" "Mozilla/5.0 AppleWebKit/537.36 (KHTML, like Gecko; compatible; bingbot/2.0; +http://www.bing.com/bingbot.htm) Chrome/116.0.1938.76 Safari/537.36"
66.249.79.195 - - [09/Jan/2025:23:21:45 -0500] "GET /tntwy/j2513020.html HTTP/1.1" 200 71284 "-" "Mozilla/5.0 (Linux; Android 6.0.1; Nexus 5X Build/MMB29P) AppleWebKit/537.36 (KHTML, like Gecko) Chrome/131.0.6778.204 Mobile Safari/537.36 (compatible; Googlebot/2.1; +http://www.google.com/bot.html)"
66.249.79.2 - - [09/Jan/2025:23:21:58 -0500] "GET /tulus/o1567951.html HTTP/1.1" 200 73290 "-" "Mozilla/5.0 (Linux; Android 6.0.1; Nexus 5X Build/MMB29P) AppleWebKit/537.36 (KHTML, like Gecko) Chrome/131.0.6778.204 Mobile Safari/537.36 (compatible; Googlebot/2.1; +http://www.google.com/bot.html)"
40.77.167.14 - - [09/Jan/2025:23:22:06 -0500] "GET /glwps/l2994672.html HTTP/1.1" 200 67980 "-" "Mozilla/5.0 AppleWebKit/537.36 (KHTML, like Gecko; compatible; bingbot/2.0; +http://www.bing.com/bingbot.htm) Chrome/116.0.1938.76 Safari/537.36"
157.55.39.195 - - [09/Jan/2025:23:22:09 -0500] "GET /vdlyr/u464959.html HTTP/1.1" 200 72839 "-" "Mozilla/5.0 AppleWebKit/537.36 (KHTML, like Gecko; compatible; bingbot/2.0; +http://www.bing.com/bingbot.htm) Chrome/116.0.1938.76 Safari/537.36"
157.55.39.195 - - [09/Jan/2025:23:22:10 -0500] "GET /kpfgl/b251246.html HTTP/1.1" 200 68247 "-" "Mozilla/5.0 AppleWebKit/537.36 (KHTML, like Gecko; compatible; bingbot/2.0; +http://www.bing.com/bingbot.htm) Chrome/116.0.1938.76 Safari/537.36"
40.77.167.71 - - [09/Jan/2025:23:22:12 -0500] "GET /pswae/p1581940.html HTTP/1.1" 200 72199 "-" "Mozilla/5.0 AppleWebKit/537.36 (KHTML, like Gecko; compatible; bingbot/2.0; +http://www.bing.com/bingbot.htm) Chrome/116.0.1938.76 Safari/537.36"
157.55.39.195 - - [09/Jan/2025:23:22:12 -0500] "GET /nszee/y1731657.html HTTP/1.1" 200 68791 "-" "Mozilla/5.0 AppleWebKit/537.36 (KHTML, like Gecko; compatible; bingbot/2.0; +http://www.bing.com/bingbot.htm) Chrome/116.0.1938.76 Safari/537.36"
66.249.68.2 - - [09/Jan/2025:23:22:13 -0500] "GET /oakjv/s2218813.html HTTP/1.1" 200 68806 "-" "Mozilla/5.0 (Linux; Android 6.0.1; Nexus 5X Build/MMB29P) AppleWebKit/537.36 (KHTML, like Gecko) Chrome/131.0.6778.204 Mobile Safari/537.36 (compatible; Googlebot/2.1; +http://www.google.com/bot.html)"
157.55.39.195 - - [09/Jan/2025:23:22:18 -0500] "GET /avvgq/n212076.html HTTP/1.1" 200 69966 "-" "Mozilla/5.0 AppleWebKit/537.36 (KHTML, like Gecko; compatible; bingbot/2.0; +http://www.bing.com/bingbot.htm) Chrome/116.0.1938.76 Safari/537.36"
157.55.39.195 - - [09/Jan/2025:23:22:19 -0500] "GET /ykkvc/n854302.html HTTP/1.1" 200 68548 "-" "Mozilla/5.0 AppleWebKit/537.36 (KHTML, like Gecko; compatible; bingbot/2.0; +http://www.bing.com/bingbot.htm) Chrome/116.0.1938.76 Safari/537.36"
66.249.79.105 - - [09/Jan/2025:23:22:27 -0500] "GET /igpnc/r2784104.html HTTP/1.1" 200 68881 "-" "Mozilla/5.0 (Linux; Android 6.0.1; Nexus 5X Build/MMB29P) AppleWebKit/537.36 (KHTML, like Gecko) Chrome/131.0.6778.204 Mobile Safari/537.36 (compatible; Googlebot/2.1; +http://www.google.com/bot.html)"
40.77.167.14 - - [09/Jan/2025:23:22:28 -0500] "GET /bmjuz/e2484415.html HTTP/1.1" 200 70457 "-" "Mozilla/5.0 AppleWebKit/537.36 (KHTML, like Gecko; compatible; bingbot/2.0; +http://www.bing.com/bingbot.htm) Chrome/116.0.1938.76 Safari/537.36"
