52.167.144.138 - - [10/Jan/2025:00:55:01 -0500] "GET /engte/j951980.html HTTP/1.1" 200 70172 "-" "Mozilla/5.0 AppleWebKit/537.36 (KHTML, like Gecko; compatible; bingbot/2.0; +http://www.bing.com/bingbot.htm) Chrome/116.0.1938.76 Safari/537.36"
52.167.144.138 - - [10/Jan/2025:00:55:03 -0500] "GET /ohoaj/a1344701.html HTTP/1.1" 200 69049 "-" "Mozilla/5.0 AppleWebKit/537.36 (KHTML, like Gecko; compatible; bingbot/2.0; +http://www.bing.com/bingbot.htm) Chrome/116.0.1938.76 Safari/537.36"
40.77.167.28 - - [10/Jan/2025:00:55:05 -0500] "GET /ucpgk/f3067466.html HTTP/1.1" 200 68314 "-" "Mozilla/5.0 AppleWebKit/537.36 (KHTML, like Gecko; compatible; bingbot/2.0; +http://www.bing.com/bingbot.htm) Chrome/116.0.1938.76 Safari/537.36"
52.167.144.138 - - [10/Jan/2025:00:55:10 -0500] "GET /expgb/t2585856.html HTTP/1.1" 200 68840 "-" "Mozilla/5.0 AppleWebKit/537.36 (KHTML, like Gecko; compatible; bingbot/2.0; +http://www.bing.com/bingbot.htm) Chrome/116.0.1938.76 Safari/537.36"
52.167.144.138 - - [10/Jan/2025:00:55:13 -0500] "GET /qdmwj/n857838.html HTTP/1.1" 200 67326 "-" "Mozilla/5.0 AppleWebKit/537.36 (KHTML, like Gecko; compatible; bingbot/2.0; +http://www.bing.com/bingbot.htm) Chrome/116.0.1938.76 Safari/537.36"
52.167.144.172 - - [10/Jan/2025:00:55:22 -0500] "GET /xnhrz/k344465.html HTTP/1.1" 200 68841 "-" "Mozilla/5.0 AppleWebKit/537.36 (KHTML, like Gecko; compatible; bingbot/2.0; +http://www.bing.com/bingbot.htm) Chrome/116.0.1938.76 Safari/537.36"
66.249.68.33 - - [10/Jan/2025:00:55:27 -0500] "GET /vytjw/s761695.html HTTP/1.1" 200 70054 "-" "Mozilla/5.0 (Linux; Android 6.0.1; Nexus 5X Build/MMB29P) AppleWebKit/537.36 (KHTML, like Gecko) Chrome/131.0.6778.204 Mobile Safari/537.36 (compatible; Googlebot/2.1; +http://www.google.com/bot.html)"
40.77.167.10 - - [10/Jan/2025:00:55:33 -0500] "GET /piyce/i850475.html HTTP/1.1" 200 68838 "-" "Mozilla/5.0 AppleWebKit/537.36 (KHTML, like Gecko; compatible; bingbot/2.0; +http://www.bing.com/bingbot.htm) Chrome/116.0.1938.76 Safari/537.36"
40.77.167.10 - - [10/Jan/2025:00:55:35 -0500] "GET /urafh/k2116261.html HTTP/1.1" 200 70680 "-" "Mozilla/5.0 AppleWebKit/537.36 (KHTML, like Gecko; compatible; bingbot/2.0; +http://www.bing.com/bingbot.htm) Chrome/116.0.1938.76 Safari/537.36"
40.77.167.10 - - [10/Jan/2025:00:55:54 -0500] "GET /lbycb/b582902.html HTTP/1.1" 200 66758 "-" "Mozilla/5.0 AppleWebKit/537.36 (KHTML, like Gecko; compatible; bingbot/2.0; +http://www.bing.com/bingbot.htm) Chrome/116.0.1938.76 Safari/537.36"
40.77.167.10 - - [10/Jan/2025:00:55:57 -0500] "GET /nykvz/v2533364.html HTTP/1.1" 200 68936 "-" "Mozilla/5.0 AppleWebKit/537.36 (KHTML, like Gecko; compatible; bingbot/2.0; +http://www.bing.com/bingbot.htm) Chrome/116.0.1938.76 Safari/537.36"
40.77.167.10 - - [10/Jan/2025:00:55:58 -0500] "GET /eodam/j2538578.html HTTP/1.1" 200 69087 "-" "Mozilla/5.0 AppleWebKit/537.36 (KHTML, like Gecko; compatible; bingbot/2.0; +http://www.bing.com/bingbot.htm) Chrome/116.0.1938.76 Safari/537.36"
52.167.144.138 - - [10/Jan/2025:00:56:01 -0500] "GET /uqjln/q2759117.html HTTP/1.1" 200 70776 "-" "Mozilla/5.0 AppleWebKit/537.36 (KHTML, like Gecko; compatible; bingbot/2.0; +http://www.bing.com/bingbot.htm) Chrome/116.0.1938.76 Safari/537.36"
40.77.167.10 - - [10/Jan/2025:00:56:04 -0500] "GET /nlfco/c1239013.html HTTP/1.1" 200 70260 "-" "Mozilla/5.0 AppleWebKit/537.36 (KHTML, like Gecko; compatible; bingbot/2.0; +http://www.bing.com/bingbot.htm) Chrome/116.0.1938.76 Safari/537.36"
40.77.167.10 - - [10/Jan/2025:00:56:14 -0500] "GET /lnocs/z2901424.html HTTP/1.1" 200 70498 "-" "Mozilla/5.0 AppleWebKit/537.36 (KHTML, like Gecko; compatible; bingbot/2.0; +http://www.bing.com/bingbot.htm) Chrome/116.0.1938.76 Safari/537.36"
40.77.167.10 - - [10/Jan/2025:00:56:16 -0500] "GET /afawi/j102300.html HTTP/1.1" 200 72161 "-" "Mozilla/5.0 AppleWebKit/537.36 (KHTML, like Gecko; compatible; bingbot/2.0; +http://www.bing.com/bingbot.htm) Chrome/116.0.1938.76 Safari/537.36"
66.249.68.33 - - [10/Jan/2025:00:56:22 -0500] "GET /vndip/a2200101.html HTTP/1.1" 200 68880 "-" "Mozilla/5.0 (Linux; Android 6.0.1; Nexus 5X Build/MMB29P) AppleWebKit/537.36 (KHTML, like Gecko) Chrome/131.0.6778.204 Mobile Safari/537.36 (compatible; Googlebot/2.1; +http://www.google.com/bot.html)"
52.167.144.138 - - [10/Jan/2025:00:56:22 -0500] "GET /tblzh/u1522275.html HTTP/1.1" 200 67661 "-" "Mozilla/5.0 AppleWebKit/537.36 (KHTML, like Gecko; compatible; bingbot/2.0; +http://www.bing.com/bingbot.htm) Chrome/116.0.1938.76 Safari/537.36"
52.167.144.172 - - [10/Jan/2025:00:56:22 -0500] "GET /kncxs/t823498.html HTTP/1.1" 200 68421 "-" "Mozilla/5.0 AppleWebKit/537.36 (KHTML, like Gecko; compatible; bingbot/2.0; +http://www.bing.com/bingbot.htm) Chrome/116.0.1938.76 Safari/537.36"
52.167.144.138 - - [10/Jan/2025:00:56:31 -0500] "GET /psjoa/e1306927.html HTTP/1.1" 200 67182 "-" "Mozilla/5.0 AppleWebKit/537.36 (KHTML, like Gecko; compatible; bingbot/2.0; +http://www.bing.com/bingbot.htm) Chrome/116.0.1938.76 Safari/537.36"
40.77.167.10 - - [10/Jan/2025:00:56:35 -0500] "GET /thshs/x2826152.html HTTP/1.1" 200 71251 "-" "Mozilla/5.0 AppleWebKit/537.36 (KHTML, like Gecko; compatible; bingbot/2.0; +http://www.bing.com/bingbot.htm) Chrome/116.0.1938.76 Safari/537.36"
52.167.144.172 - - [10/Jan/2025:00:56:41 -0500] "GET /vnfzs/l176974.html HTTP/1.1" 200 70523 "-" "Mozilla/5.0 AppleWebKit/537.36 (KHTML, like Gecko; compatible; bingbot/2.0; +http://www.bing.com/bingbot.htm) Chrome/116.0.1938.76 Safari/537.36"
52.167.144.172 - - [10/Jan/2025:00:56:42 -0500] "GET /qjdpx/i1462281.html HTTP/1.1" 200 70587 "-" "Mozilla/5.0 AppleWebKit/537.36 (KHTML, like Gecko; compatible; bingbot/2.0; +http://www.bing.com/bingbot.htm) Chrome/116.0.1938.76 Safari/537.36"
40.77.167.10 - - [10/Jan/2025:00:56:54 -0500] "GET /raueq/m2213035.html HTTP/1.1" 200 68381 "-" "Mozilla/5.0 AppleWebKit/537.36 (KHTML, like Gecko; compatible; bingbot/2.0; +http://www.bing.com/bingbot.htm) Chrome/116.0.1938.76 Safari/537.36"
40.77.167.28 - - [10/Jan/2025:00:56:55 -0500] "GET /jiwnx/s1246933.html HTTP/1.1" 200 68751 "-" "Mozilla/5.0 AppleWebKit/537.36 (KHTML, like Gecko; compatible; bingbot/2.0; +http://www.bing.com/bingbot.htm) Chrome/116.0.1938.76 Safari/537.36"
40.77.167.10 - - [10/Jan/2025:00:56:56 -0500] "GET /xtwjw/u389039.html HTTP/1.1" 200 73913 "-" "Mozilla/5.0 AppleWebKit/537.36 (KHTML, like Gecko; compatible; bingbot/2.0; +http://www.bing.com/bingbot.htm) Chrome/116.0.1938.76 Safari/537.36"
40.77.167.28 - - [10/Jan/2025:00:56:57 -0500] "GET /rwcxr/w1694579.html HTTP/1.1" 200 68764 "-" "Mozilla/5.0 AppleWebKit/537.36 (KHTML, like Gecko; compatible; bingbot/2.0; +http://www.bing.com/bingbot.htm) Chrome/116.0.1938.76 Safari/537.36"
52.167.144.138 - - [10/Jan/2025:00:57:10 -0500] "GET /hsefa/u997517.html HTTP/1.1" 200 68909 "-" "Mozilla/5.0 AppleWebKit/537.36 (KHTML, like Gecko; compatible; bingbot/2.0; +http://www.bing.com/bingbot.htm) Chrome/116.0.1938.76 Safari/537.36"
52.167.144.138 - - [10/Jan/2025:00:57:13 -0500] "GET /xlmlo/b1175000.html HTTP/1.1" 200 72867 "-" "Mozilla/5.0 AppleWebKit/537.36 (KHTML, like Gecko; compatible; bingbot/2.0; +http://www.bing.com/bingbot.htm) Chrome/116.0.1938.76 Safari/537.36"
40.77.167.10 - - [10/Jan/2025:00:57:14 -0500] "GET /xbrpd/a2053487.html HTTP/1.1" 200 69540 "-" "Mozilla/5.0 AppleWebKit/537.36 (KHTML, like Gecko; compatible; bingbot/2.0; +http://www.bing.com/bingbot.htm) Chrome/116.0.1938.76 Safari/537.36"
66.249.68.33 - - [10/Jan/2025:00:57:21 -0500] "GET /zqlye/x1819354.html HTTP/1.1" 200 69733 "-" "Mozilla/5.0 (Linux; Android 6.0.1; Nexus 5X Build/MMB29P) AppleWebKit/537.36 (KHTML, like Gecko) Chrome/131.0.6778.204 Mobile Safari/537.36 (compatible; Googlebot/2.1; +http://www.google.com/bot.html)"
40.77.167.10 - - [10/Jan/2025:00:57:34 -0500] "GET /rcgli/p702750.html HTTP/1.1" 200 70621 "-" "Mozilla/5.0 AppleWebKit/537.36 (KHTML, like Gecko; compatible; bingbot/2.0; +http://www.bing.com/bingbot.htm) Chrome/116.0.1938.76 Safari/537.36"
40.77.167.10 - - [10/Jan/2025:00:57:36 -0500] "GET /yzwzl/k2044631.html HTTP/1.1" 200 69963 "-" "Mozilla/5.0 AppleWebKit/537.36 (KHTML, like Gecko; compatible; bingbot/2.0; +http://www.bing.com/bingbot.htm) Chrome/116.0.1938.76 Safari/537.36"
52.167.144.138 - - [10/Jan/2025:00:57:50 -0500] "GET /xqezj/w817755.html HTTP/1.1" 200 70853 "-" "Mozilla/5.0 AppleWebKit/537.36 (KHTML, like Gecko; compatible; bingbot/2.0; +http://www.bing.com/bingbot.htm) Chrome/116.0.1938.76 Safari/537.36"
52.167.144.172 - - [10/Jan/2025:00:57:51 -0500] "GET /mkzyq/b2329842.html HTTP/1.1" 200 71394 "-" "Mozilla/5.0 AppleWebKit/537.36 (KHTML, like Gecko; compatible; bingbot/2.0; +http://www.bing.com/bingbot.htm) Chrome/116.0.1938.76 Safari/537.36"
52.167.144.172 - - [10/Jan/2025:00:58:02 -0500] "GET /egnpe/k2316851.html HTTP/1.1" 200 70655 "-" "Mozilla/5.0 AppleWebKit/537.36 (KHTML, like Gecko; compatible; bingbot/2.0; +http://www.bing.com/bingbot.htm) Chrome/116.0.1938.76 Safari/537.36"
66.249.68.33 - - [10/Jan/2025:00:58:28 -0500] "GET /isnkp/z2904596.html HTTP/1.1" 200 71533 "-" "Mozilla/5.0 (Linux; Android 6.0.1; Nexus 5X Build/MMB29P) AppleWebKit/537.36 (KHTML, like Gecko) Chrome/131.0.6778.204 Mobile Safari/537.36 (compatible; Googlebot/2.1; +http://www.google.com/bot.html)"
52.167.144.172 - - [10/Jan/2025:00:58:33 -0500] "GET /tbsyy/p2301958.html HTTP/1.1" 200 68130 "-" "Mozilla/5.0 AppleWebKit/537.36 (KHTML, like Gecko; compatible; bingbot/2.0; +http://www.bing.com/bingbot.htm) Chrome/116.0.1938.76 Safari/537.36"
40.77.167.28 - - [10/Jan/2025:00:58:43 -0500] "GET /alxhz/b2310186.html HTTP/1.1" 200 67839 "-" "Mozilla/5.0 AppleWebKit/537.36 (KHTML, like Gecko; compatible; bingbot/2.0; +http://www.bing.com/bingbot.htm) Chrome/116.0.1938.76 Safari/537.36"
40.77.167.10 - - [10/Jan/2025:00:58:43 -0500] "GET /ehpbd/r459288.html HTTP/1.1" 200 68988 "-" "Mozilla/5.0 AppleWebKit/537.36 (KHTML, like Gecko; compatible; bingbot/2.0; +http://www.bing.com/bingbot.htm) Chrome/116.0.1938.76 Safari/537.36"
40.77.167.28 - - [10/Jan/2025:00:58:45 -0500] "GET /kptop/h784304.html HTTP/1.1" 200 68739 "-" "Mozilla/5.0 AppleWebKit/537.36 (KHTML, like Gecko; compatible; bingbot/2.0; +http://www.bing.com/bingbot.htm) Chrome/116.0.1938.76 Safari/537.36"
40.77.167.28 - - [10/Jan/2025:00:58:47 -0500] "GET /hrbva/c1344313.html HTTP/1.1" 200 69229 "-" "Mozilla/5.0 AppleWebKit/537.36 (KHTML, like Gecko; compatible; bingbot/2.0; +http://www.bing.com/bingbot.htm) Chrome/116.0.1938.76 Safari/537.36"
52.167.144.172 - - [10/Jan/2025:00:58:50 -0500] "GET /lvzzd/c695665.html HTTP/1.1" 200 67826 "-" "Mozilla/5.0 AppleWebKit/537.36 (KHTML, like Gecko; compatible; bingbot/2.0; +http://www.bing.com/bingbot.htm) Chrome/116.0.1938.76 Safari/537.36"
40.77.167.28 - - [10/Jan/2025:00:58:54 -0500] "GET /guqte/f1295488.html HTTP/1.1" 200 68007 "-" "Mozilla/5.0 AppleWebKit/537.36 (KHTML, like Gecko; compatible; bingbot/2.0; +http://www.bing.com/bingbot.htm) Chrome/116.0.1938.76 Safari/537.36"
66.249.68.33 - - [10/Jan/2025:00:58:59 -0500] "GET /eevwg/a807801.html HTTP/1.1" 200 67999 "-" "Mozilla/5.0 (Linux; Android 6.0.1; Nexus 5X Build/MMB29P) AppleWebKit/537.36 (KHTML, like Gecko) Chrome/131.0.6778.204 Mobile Safari/537.36 (compatible; Googlebot/2.1; +http://www.google.com/bot.html)"
40.77.167.10 - - [10/Jan/2025:00:59:04 -0500] "GET /bnzvn/z769710.html HTTP/1.1" 200 68677 "-" "Mozilla/5.0 AppleWebKit/537.36 (KHTML, like Gecko; compatible; bingbot/2.0; +http://www.bing.com/bingbot.htm) Chrome/116.0.1938.76 Safari/537.36"
40.77.167.28 - - [10/Jan/2025:00:59:05 -0500] "GET /smtof/q1543487.html HTTP/1.1" 200 68365 "-" "Mozilla/5.0 AppleWebKit/537.36 (KHTML, like Gecko; compatible; bingbot/2.0; +http://www.bing.com/bingbot.htm) Chrome/116.0.1938.76 Safari/537.36"
52.167.144.172 - - [10/Jan/2025:00:59:22 -0500] "GET /lqqfi/h2615068.html HTTP/1.1" 200 68370 "-" "Mozilla/5.0 AppleWebKit/537.36 (KHTML, like Gecko; compatible; bingbot/2.0; +http://www.bing.com/bingbot.htm) Chrome/116.0.1938.76 Safari/537.36"
66.249.68.33 - - [10/Jan/2025:00:59:28 -0500] "GET /gdesv/z2514882.html HTTP/1.1" 200 69317 "-" "Mozilla/5.0 (Linux; Android 6.0.1; Nexus 5X Build/MMB29P) AppleWebKit/537.36 (KHTML, like Gecko) Chrome/131.0.6778.204 Mobile Safari/537.36 (compatible; Googlebot/2.1; +http://www.google.com/bot.html)"
40.77.167.10 - - [10/Jan/2025:00:59:34 -0500] "GET /vvpwn/i2293631.html HTTP/1.1" 200 71752 "-" "Mozilla/5.0 AppleWebKit/537.36 (KHTML, like Gecko; compatible; bingbot/2.0; +http://www.bing.com/bingbot.htm) Chrome/116.0.1938.76 Safari/537.36"
52.167.144.172 - - [10/Jan/2025:00:59:41 -0500] "GET /jatgc/r2851080.html HTTP/1.1" 200 68771 "-" "Mozilla/5.0 AppleWebKit/537.36 (KHTML, like Gecko; compatible; bingbot/2.0; +http://www.bing.com/bingbot.htm) Chrome/116.0.1938.76 Safari/537.36"
52.167.144.172 - - [10/Jan/2025:00:59:43 -0500] "GET /snkad/w2983711.html HTTP/1.1" 200 68693 "-" "Mozilla/5.0 AppleWebKit/537.36 (KHTML, like Gecko; compatible; bingbot/2.0; +http://www.bing.com/bingbot.htm) Chrome/116.0.1938.76 Safari/537.36"
40.77.167.10 - - [10/Jan/2025:00:59:45 -0500] "GET /lvvry/n2663460.html HTTP/1.1" 200 69357 "-" "Mozilla/5.0 AppleWebKit/537.36 (KHTML, like Gecko; compatible; bingbot/2.0; +http://www.bing.com/bingbot.htm) Chrome/116.0.1938.76 Safari/537.36"
40.77.167.10 - - [10/Jan/2025:00:59:48 -0500] "GET /smclm/m3077119.html HTTP/1.1" 200 68350 "-" "Mozilla/5.0 AppleWebKit/537.36 (KHTML, like Gecko; compatible; bingbot/2.0; +http://www.bing.com/bingbot.htm) Chrome/116.0.1938.76 Safari/537.36"
52.167.144.138 - - [10/Jan/2025:00:59:51 -0500] "GET /rjcpi/s1505789.html HTTP/1.1" 200 68470 "-" "Mozilla/5.0 AppleWebKit/537.36 (KHTML, like Gecko; compatible; bingbot/2.0; +http://www.bing.com/bingbot.htm) Chrome/116.0.1938.76 Safari/537.36"
40.77.167.28 - - [10/Jan/2025:01:00:06 -0500] "GET /gbjea/r2009148.html HTTP/1.1" 200 69308 "-" "Mozilla/5.0 AppleWebKit/537.36 (KHTML, like Gecko; compatible; bingbot/2.0; +http://www.bing.com/bingbot.htm) Chrome/116.0.1938.76 Safari/537.36"
40.77.167.28 - - [10/Jan/2025:01:00:10 -0500] "GET /yjnrz/n949176.html HTTP/1.1" 200 68442 "-" "Mozilla/5.0 AppleWebKit/537.36 (KHTML, like Gecko; compatible; bingbot/2.0; +http://www.bing.com/bingbot.htm) Chrome/116.0.1938.76 Safari/537.36"
66.249.68.35 - - [10/Jan/2025:01:00:11 -0500] "GET /qvyti/m2642581.html HTTP/1.1" 200 69015 "-" "Mozilla/5.0 (Linux; Android 6.0.1; Nexus 5X Build/MMB29P) AppleWebKit/537.36 (KHTML, like Gecko) Chrome/131.0.6778.204 Mobile Safari/537.36 (compatible; Googlebot/2.1; +http://www.google.com/bot.html)"
66.249.68.33 - - [10/Jan/2025:01:00:40 -0500] "GET /pfzvc/o1082713.html HTTP/1.1" 200 69282 "-" "Mozilla/5.0 (Linux; Android 6.0.1; Nexus 5X Build/MMB29P) AppleWebKit/537.36 (KHTML, like Gecko) Chrome/131.0.6778.204 Mobile Safari/537.36 (compatible; Googlebot/2.1; +http://www.google.com/bot.html)"
52.167.144.172 - - [10/Jan/2025:01:00:41 -0500] "GET /sewro/f2974438.html HTTP/1.1" 200 68362 "-" "Mozilla/5.0 AppleWebKit/537.36 (KHTML, like Gecko; compatible; bingbot/2.0; +http://www.bing.com/bingbot.htm) Chrome/116.0.1938.76 Safari/537.36"
52.167.144.172 - - [10/Jan/2025:01:00:45 -0500] "GET /gfncq/h711634.html HTTP/1.1" 200 73793 "-" "Mozilla/5.0 AppleWebKit/537.36 (KHTML, like Gecko; compatible; bingbot/2.0; +http://www.bing.com/bingbot.htm) Chrome/116.0.1938.76 Safari/537.36"
40.77.167.10 - - [10/Jan/2025:01:00:46 -0500] "GET /vtldj/a2276463.html HTTP/1.1" 200 68656 "-" "Mozilla/5.0 AppleWebKit/537.36 (KHTML, like Gecko; compatible; bingbot/2.0; +http://www.bing.com/bingbot.htm) Chrome/116.0.1938.76 Safari/537.36"
52.167.144.172 - - [10/Jan/2025:01:01:00 -0500] "GET /rgkwl/p522856.html HTTP/1.1" 200 68038 "-" "Mozilla/5.0 AppleWebKit/537.36 (KHTML, like Gecko; compatible; bingbot/2.0; +http://www.bing.com/bingbot.htm) Chrome/116.0.1938.76 Safari/537.36"
66.249.68.33 - - [10/Jan/2025:01:01:22 -0500] "GET /vjjdd/v2931996.html HTTP/1.1" 200 70118 "-" "Mozilla/5.0 (Linux; Android 6.0.1; Nexus 5X Build/MMB29P) AppleWebKit/537.36 (KHTML, like Gecko) Chrome/131.0.6778.204 Mobile Safari/537.36 (compatible; Googlebot/2.1; +http://www.google.com/bot.html)"
66.249.68.33 - - [10/Jan/2025:01:01:24 -0500] "GET /sztue/p2457022.html HTTP/1.1" 200 68297 "-" "Mozilla/5.0 (Linux; Android 6.0.1; Nexus 5X Build/MMB29P) AppleWebKit/537.36 (KHTML, like Gecko) Chrome/131.0.6778.204 Mobile Safari/537.36 (compatible; Googlebot/2.1; +http://www.google.com/bot.html)"
66.249.68.33 - - [10/Jan/2025:01:01:27 -0500] "GET /xkuxc/d447938.html HTTP/1.1" 200 67660 "-" "Mozilla/5.0 (Linux; Android 6.0.1; Nexus 5X Build/MMB29P) AppleWebKit/537.36 (KHTML, like Gecko) Chrome/131.0.6778.204 Mobile Safari/537.36 (compatible; Googlebot/2.1; +http://www.google.com/bot.html)"
52.167.144.138 - - [10/Jan/2025:01:01:30 -0500] "GET /ubopb/g782665.html HTTP/1.1" 200 69685 "-" "Mozilla/5.0 AppleWebKit/537.36 (KHTML, like Gecko; compatible; bingbot/2.0; +http://www.bing.com/bingbot.htm) Chrome/116.0.1938.76 Safari/537.36"
52.167.144.138 - - [10/Jan/2025:01:01:39 -0500] "GET /ayphq/p2518954.html HTTP/1.1" 200 68789 "-" "Mozilla/5.0 AppleWebKit/537.36 (KHTML, like Gecko; compatible; bingbot/2.0; +http://www.bing.com/bingbot.htm) Chrome/116.0.1938.76 Safari/537.36"
66.249.68.33 - - [10/Jan/2025:01:01:41 -0500] "GET /iokos/i2028977.html HTTP/1.1" 200 75749 "-" "Mozilla/5.0 (Linux; Android 6.0.1; Nexus 5X Build/MMB29P) AppleWebKit/537.36 (KHTML, like Gecko) Chrome/131.0.6778.204 Mobile Safari/537.36 (compatible; Googlebot/2.1; +http://www.google.com/bot.html)"
66.249.68.33 - - [10/Jan/2025:01:01:55 -0500] "GET /rwpli/v2916292.html HTTP/1.1" 200 69822 "-" "Mozilla/5.0 (Linux; Android 6.0.1; Nexus 5X Build/MMB29P) AppleWebKit/537.36 (KHTML, like Gecko) Chrome/131.0.6778.204 Mobile Safari/537.36 (compatible; Googlebot/2.1; +http://www.google.com/bot.html)"
195.191.219.130 - - [10/Jan/2025:01:02:18 -0500] "GET /robots.txt HTTP/1.1" 200 1922 "-" "Mozilla/5.0 (compatible; MJ12bot/v1.4.8; http://mj12bot.com/)"
52.167.144.172 - - [10/Jan/2025:01:02:20 -0500] "GET /igxfa/a862999.html HTTP/1.1" 200 68920 "-" "Mozilla/5.0 AppleWebKit/537.36 (KHTML, like Gecko; compatible; bingbot/2.0; +http://www.bing.com/bingbot.htm) Chrome/116.0.1938.76 Safari/537.36"
52.167.144.138 - - [10/Jan/2025:01:02:21 -0500] "GET /phuic/s990339.html HTTP/1.1" 200 67311 "-" "Mozilla/5.0 AppleWebKit/537.36 (KHTML, like Gecko; compatible; bingbot/2.0; +http://www.bing.com/bingbot.htm) Chrome/116.0.1938.76 Safari/537.36"
52.167.144.138 - - [10/Jan/2025:01:02:24 -0500] "GET /azimg/o1961669.html HTTP/1.1" 200 68161 "-" "Mozilla/5.0 AppleWebKit/537.36 (KHTML, like Gecko; compatible; bingbot/2.0; +http://www.bing.com/bingbot.htm) Chrome/116.0.1938.76 Safari/537.36"
66.249.68.33 - - [10/Jan/2025:01:02:25 -0500] "GET /jvyyu/u3033707.html HTTP/1.1" 200 67894 "-" "Mozilla/5.0 (Linux; Android 6.0.1; Nexus 5X Build/MMB29P) AppleWebKit/537.36 (KHTML, like Gecko) Chrome/131.0.6778.204 Mobile Safari/537.36 (compatible; Googlebot/2.1; +http://www.google.com/bot.html)"
40.77.167.28 - - [10/Jan/2025:01:02:25 -0500] "GET /mvavj/u1363285.html HTTP/1.1" 200 68787 "-" "Mozilla/5.0 AppleWebKit/537.36 (KHTML, like Gecko; compatible; bingbot/2.0; +http://www.bing.com/bingbot.htm) Chrome/116.0.1938.76 Safari/537.36"
66.29.132.124 - - [10/Jan/2025:01:02:26 -0500] "POST /wp-cron.php?doing_wp_cron=1736488946.7725179195404052734375 HTTP/1.1" 200 0 "-" "WordPress/6.7.1; https://diixadigital.com"
195.191.219.130 - - [10/Jan/2025:01:02:22 -0500] "GET / HTTP/1.1" 301 0 "-" "Mozilla/5.0 (compatible; MJ12bot/v1.4.8; http://mj12bot.com/)"
40.77.167.10 - - [10/Jan/2025:01:02:26 -0500] "GET /onpor/p2921122.html HTTP/1.1" 200 68225 "-" "Mozilla/5.0 AppleWebKit/537.36 (KHTML, like Gecko; compatible; bingbot/2.0; +http://www.bing.com/bingbot.htm) Chrome/116.0.1938.76 Safari/537.36"
66.29.132.124 - - [10/Jan/2025:01:02:27 -0500] "POST /wp-admin/admin-ajax.php?action=async_litespeed&nonce=8TU37EWDoYLCcWSB9FMQCKG1pIt5dvYB&litespeed_type=imgoptm HTTP/1.1" 200 0 "-" "WordPress/6.7.1; https://diixadigital.com"
195.191.219.130 - - [10/Jan/2025:01:02:29 -0500] "GET /robots.txt HTTP/1.1" 200 1922 "-" "Mozilla/5.0 (compatible; MJ12bot/v1.4.8; http://mj12bot.com/)"
66.29.132.124 - - [10/Jan/2025:01:02:31 -0500] "POST /wp-cron.php?doing_wp_cron=1736488951.5964479446411132812500 HTTP/1.1" 200 0 "-" "WordPress/6.7.1; https://diixadigital.com"
195.191.219.130 - - [10/Jan/2025:01:02:30 -0500] "GET / HTTP/1.1" 200 18250 "-" "Mozilla/5.0 (compatible; MJ12bot/v1.4.8; http://mj12bot.com/)"
66.249.68.33 - - [10/Jan/2025:01:02:38 -0500] "GET /qfyar/b1214884.html HTTP/1.1" 200 69142 "-" "Mozilla/5.0 (Linux; Android 6.0.1; Nexus 5X Build/MMB29P) AppleWebKit/537.36 (KHTML, like Gecko) Chrome/131.0.6778.204 Mobile Safari/537.36 (compatible; Googlebot/2.1; +http://www.google.com/bot.html)"
66.249.68.33 - - [10/Jan/2025:01:02:55 -0500] "GET /zzofh/n2372078.html HTTP/1.1" 200 69234 "-" "Mozilla/5.0 (Linux; Android 6.0.1; Nexus 5X Build/MMB29P) AppleWebKit/537.36 (KHTML, like Gecko) Chrome/131.0.6778.204 Mobile Safari/537.36 (compatible; Googlebot/2.1; +http://www.google.com/bot.html)"
66.249.68.34 - - [10/Jan/2025:01:03:04 -0500] "GET /xgssn/a440369.html HTTP/1.1" 200 67860 "-" "Mozilla/5.0 (Linux; Android 6.0.1; Nexus 5X Build/MMB29P) AppleWebKit/537.36 (KHTML, like Gecko) Chrome/131.0.6778.204 Mobile Safari/537.36 (compatible; Googlebot/2.1; +http://www.google.com/bot.html)"
40.77.167.28 - - [10/Jan/2025:01:03:15 -0500] "GET /djftp/k2185343.html HTTP/1.1" 200 67344 "-" "Mozilla/5.0 AppleWebKit/537.36 (KHTML, like Gecko; compatible; bingbot/2.0; +http://www.bing.com/bingbot.htm) Chrome/116.0.1938.76 Safari/537.36"
40.77.167.28 - - [10/Jan/2025:01:03:16 -0500] "GET /bmsfo/v2856180.html HTTP/1.1" 200 70426 "-" "Mozilla/5.0 AppleWebKit/537.36 (KHTML, like Gecko; compatible; bingbot/2.0; +http://www.bing.com/bingbot.htm) Chrome/116.0.1938.76 Safari/537.36"
66.249.68.33 - - [10/Jan/2025:01:03:44 -0500] "GET /ztmdj/b2790068.html HTTP/1.1" 200 68636 "-" "Mozilla/5.0 (Linux; Android 6.0.1; Nexus 5X Build/MMB29P) AppleWebKit/537.36 (KHTML, like Gecko) Chrome/131.0.6778.204 Mobile Safari/537.36 (compatible; Googlebot/2.1; +http://www.google.com/bot.html)"
66.249.68.33 - - [10/Jan/2025:01:04:12 -0500] "GET /pobsa/o2035639.html HTTP/1.1" 200 71123 "-" "Mozilla/5.0 (Linux; Android 6.0.1; Nexus 5X Build/MMB29P) AppleWebKit/537.36 (KHTML, like Gecko) Chrome/131.0.6778.204 Mobile Safari/537.36 (compatible; Googlebot/2.1; +http://www.google.com/bot.html)"
66.249.68.34 - - [10/Jan/2025:01:04:14 -0500] "GET /efiit/d2094492.html HTTP/1.1" 200 68347 "-" "Mozilla/5.0 (Linux; Android 6.0.1; Nexus 5X Build/MMB29P) AppleWebKit/537.36 (KHTML, like Gecko) Chrome/131.0.6778.204 Mobile Safari/537.36 (compatible; Googlebot/2.1; +http://www.google.com/bot.html)"
40.77.167.241 - - [10/Jan/2025:01:04:20 -0500] "GET /vkfrw/c652921.html HTTP/1.1" 200 68254 "-" "Mozilla/5.0 AppleWebKit/537.36 (KHTML, like Gecko; compatible; bingbot/2.0; +http://www.bing.com/bingbot.htm) Chrome/116.0.1938.76 Safari/537.36"
66.249.68.33 - - [10/Jan/2025:01:04:27 -0500] "GET /bbnuu/j2739116.html HTTP/1.1" 200 70515 "-" "Mozilla/5.0 (Linux; Android 6.0.1; Nexus 5X Build/MMB29P) AppleWebKit/537.36 (KHTML, like Gecko) Chrome/131.0.6778.204 Mobile Safari/537.36 (compatible; Googlebot/2.1; +http://www.google.com/bot.html)"
66.249.68.33 - - [10/Jan/2025:01:04:54 -0500] "GET /ofsvk/z622550.html HTTP/1.1" 200 74356 "-" "Mozilla/5.0 (Linux; Android 6.0.1; Nexus 5X Build/MMB29P) AppleWebKit/537.36 (KHTML, like Gecko) Chrome/131.0.6778.204 Mobile Safari/537.36 (compatible; Googlebot/2.1; +http://www.google.com/bot.html)"
40.77.167.241 - - [10/Jan/2025:01:05:00 -0500] "GET /ltoio/k2260951.html HTTP/1.1" 200 71726 "-" "Mozilla/5.0 AppleWebKit/537.36 (KHTML, like Gecko; compatible; bingbot/2.0; +http://www.bing.com/bingbot.htm) Chrome/116.0.1938.76 Safari/537.36"
66.249.68.34 - - [10/Jan/2025:01:05:15 -0500] "GET /klamc/o965271.html HTTP/1.1" 200 69090 "-" "Mozilla/5.0 (Linux; Android 6.0.1; Nexus 5X Build/MMB29P) AppleWebKit/537.36 (KHTML, like Gecko) Chrome/131.0.6778.204 Mobile Safari/537.36 (compatible; Googlebot/2.1; +http://www.google.com/bot.html)"
40.77.167.241 - - [10/Jan/2025:01:05:20 -0500] "GET /qpqec/v2547170.html HTTP/1.1" 200 69347 "-" "Mozilla/5.0 AppleWebKit/537.36 (KHTML, like Gecko; compatible; bingbot/2.0; +http://www.bing.com/bingbot.htm) Chrome/116.0.1938.76 Safari/537.36"
40.77.167.241 - - [10/Jan/2025:01:05:22 -0500] "GET /srhym/i2224263.html HTTP/1.1" 200 74510 "-" "Mozilla/5.0 AppleWebKit/537.36 (KHTML, like Gecko; compatible; bingbot/2.0; +http://www.bing.com/bingbot.htm) Chrome/116.0.1938.76 Safari/537.36"
66.249.68.33 - - [10/Jan/2025:01:05:43 -0500] "GET /hiqsb/l2716966.html HTTP/1.1" 200 69901 "-" "Mozilla/5.0 (Linux; Android 6.0.1; Nexus 5X Build/MMB29P) AppleWebKit/537.36 (KHTML, like Gecko) Chrome/131.0.6778.204 Mobile Safari/537.36 (compatible; Googlebot/2.1; +http://www.google.com/bot.html)"
52.167.144.157 - - [10/Jan/2025:01:05:45 -0500] "GET /yadbi/w2750855.html HTTP/1.1" 200 68836 "-" "Mozilla/5.0 AppleWebKit/537.36 (KHTML, like Gecko; compatible; bingbot/2.0; +http://www.bing.com/bingbot.htm) Chrome/116.0.1938.76 Safari/537.36"
40.77.167.35 - - [10/Jan/2025:01:05:45 -0500] "GET /vaufx/g2473549.html HTTP/1.1" 200 69686 "-" "Mozilla/5.0 AppleWebKit/537.36 (KHTML, like Gecko; compatible; bingbot/2.0; +http://www.bing.com/bingbot.htm) Chrome/116.0.1938.76 Safari/537.36"
66.249.68.33 - - [10/Jan/2025:01:06:23 -0500] "GET /xdwms/g1680445.html HTTP/1.1" 200 68843 "-" "Mozilla/5.0 (Linux; Android 6.0.1; Nexus 5X Build/MMB29P) AppleWebKit/537.36 (KHTML, like Gecko) Chrome/131.0.6778.204 Mobile Safari/537.36 (compatible; Googlebot/2.1; +http://www.google.com/bot.html)"
66.249.68.33 - - [10/Jan/2025:01:06:40 -0500] "GET /qdpis/d105726.html HTTP/1.1" 200 68453 "-" "Mozilla/5.0 (Linux; Android 6.0.1; Nexus 5X Build/MMB29P) AppleWebKit/537.36 (KHTML, like Gecko) Chrome/131.0.6778.204 Mobile Safari/537.36 (compatible; Googlebot/2.1; +http://www.google.com/bot.html)"
66.249.68.33 - - [10/Jan/2025:01:07:36 -0500] "GET /nnweo/y977735.html HTTP/1.1" 200 68189 "-" "Mozilla/5.0 (Linux; Android 6.0.1; Nexus 5X Build/MMB29P) AppleWebKit/537.36 (KHTML, like Gecko) Chrome/131.0.6778.204 Mobile Safari/537.36 (compatible; Googlebot/2.1; +http://www.google.com/bot.html)"
66.249.68.33 - - [10/Jan/2025:01:07:48 -0500] "GET /pdidi/d2260034.html HTTP/1.1" 200 68816 "-" "Mozilla/5.0 (Linux; Android 6.0.1; Nexus 5X Build/MMB29P) AppleWebKit/537.36 (KHTML, like Gecko) Chrome/131.0.6778.204 Mobile Safari/537.36 (compatible; Googlebot/2.1; +http://www.google.com/bot.html)"
52.167.144.213 - - [10/Jan/2025:01:08:20 -0500] "GET /dwhyz/t1206062.html HTTP/1.1" 200 67220 "-" "Mozilla/5.0 AppleWebKit/537.36 (KHTML, like Gecko; compatible; bingbot/2.0; +http://www.bing.com/bingbot.htm) Chrome/116.0.1938.76 Safari/537.36"
66.249.68.33 - - [10/Jan/2025:01:08:29 -0500] "GET /rbemg/r1406130.html HTTP/1.1" 200 73505 "-" "Mozilla/5.0 (Linux; Android 6.0.1; Nexus 5X Build/MMB29P) AppleWebKit/537.36 (KHTML, like Gecko) Chrome/131.0.6778.204 Mobile Safari/537.36 (compatible; Googlebot/2.1; +http://www.google.com/bot.html)"
66.249.68.33 - - [10/Jan/2025:01:08:31 -0500] "GET /lleks/d487874.html HTTP/1.1" 200 68353 "-" "Mozilla/5.0 (Linux; Android 6.0.1; Nexus 5X Build/MMB29P) AppleWebKit/537.36 (KHTML, like Gecko) Chrome/131.0.6778.204 Mobile Safari/537.36 (compatible; Googlebot/2.1; +http://www.google.com/bot.html)"
66.249.68.33 - - [10/Jan/2025:01:08:57 -0500] "GET /mwmrg/v727898.html HTTP/1.1" 200 69802 "-" "Mozilla/5.0 (Linux; Android 6.0.1; Nexus 5X Build/MMB29P) AppleWebKit/537.36 (KHTML, like Gecko) Chrome/131.0.6778.204 Mobile Safari/537.36 (compatible; Googlebot/2.1; +http://www.google.com/bot.html)"
66.249.68.33 - - [10/Jan/2025:01:09:12 -0500] "GET /ubamk/e848911.html HTTP/1.1" 200 69391 "-" "Mozilla/5.0 (Linux; Android 6.0.1; Nexus 5X Build/MMB29P) AppleWebKit/537.36 (KHTML, like Gecko) Chrome/131.0.6778.204 Mobile Safari/537.36 (compatible; Googlebot/2.1; +http://www.google.com/bot.html)"
66.249.68.33 - - [10/Jan/2025:01:09:38 -0500] "GET /zdlla/y2200749.html HTTP/1.1" 200 69270 "-" "Mozilla/5.0 (Linux; Android 6.0.1; Nexus 5X Build/MMB29P) AppleWebKit/537.36 (KHTML, like Gecko) Chrome/131.0.6778.204 Mobile Safari/537.36 (compatible; Googlebot/2.1; +http://www.google.com/bot.html)"
66.249.68.33 - - [10/Jan/2025:01:09:49 -0500] "GET /dswbs/r3080426.html HTTP/1.1" 200 68844 "-" "Mozilla/5.0 (Linux; Android 6.0.1; Nexus 5X Build/MMB29P) AppleWebKit/537.36 (KHTML, like Gecko) Chrome/131.0.6778.204 Mobile Safari/537.36 (compatible; Googlebot/2.1; +http://www.google.com/bot.html)"
207.46.13.157 - - [10/Jan/2025:01:09:54 -0500] "GET /ehomf/a2176805.html HTTP/1.1" 200 66891 "-" "Mozilla/5.0 AppleWebKit/537.36 (KHTML, like Gecko; compatible; bingbot/2.0; +http://www.bing.com/bingbot.htm) Chrome/116.0.1938.76 Safari/537.36"
207.46.13.14 - - [10/Jan/2025:01:09:55 -0500] "GET /eahao/e2505995.html HTTP/1.1" 200 69074 "-" "Mozilla/5.0 AppleWebKit/537.36 (KHTML, like Gecko; compatible; bingbot/2.0; +http://www.bing.com/bingbot.htm) Chrome/116.0.1938.76 Safari/537.36"
207.46.13.157 - - [10/Jan/2025:01:09:56 -0500] "GET /jgtmb/w906649.html HTTP/1.1" 200 71268 "-" "Mozilla/5.0 AppleWebKit/537.36 (KHTML, like Gecko; compatible; bingbot/2.0; +http://www.bing.com/bingbot.htm) Chrome/116.0.1938.76 Safari/537.36"
207.46.13.14 - - [10/Jan/2025:01:09:57 -0500] "GET /ojwko/b389670.html HTTP/1.1" 200 69861 "-" "Mozilla/5.0 AppleWebKit/537.36 (KHTML, like Gecko; compatible; bingbot/2.0; +http://www.bing.com/bingbot.htm) Chrome/116.0.1938.76 Safari/537.36"
207.46.13.157 - - [10/Jan/2025:01:09:58 -0500] "GET /ljocz/y2351133.html HTTP/1.1" 200 69325 "-" "Mozilla/5.0 AppleWebKit/537.36 (KHTML, like Gecko; compatible; bingbot/2.0; +http://www.bing.com/bingbot.htm) Chrome/116.0.1938.76 Safari/537.36"
207.46.13.157 - - [10/Jan/2025:01:09:59 -0500] "GET /laqma/s1747407.html HTTP/1.1" 200 68500 "-" "Mozilla/5.0 AppleWebKit/537.36 (KHTML, like Gecko; compatible; bingbot/2.0; +http://www.bing.com/bingbot.htm) Chrome/116.0.1938.76 Safari/537.36"
207.46.13.14 - - [10/Jan/2025:01:09:59 -0500] "GET /pobjr/b2441486.html HTTP/1.1" 200 70349 "-" "Mozilla/5.0 AppleWebKit/537.36 (KHTML, like Gecko; compatible; bingbot/2.0; +http://www.bing.com/bingbot.htm) Chrome/116.0.1938.76 Safari/537.36"
207.46.13.157 - - [10/Jan/2025:01:10:00 -0500] "GET /chfsf/w345361.html HTTP/1.1" 200 68546 "-" "Mozilla/5.0 AppleWebKit/537.36 (KHTML, like Gecko; compatible; bingbot/2.0; +http://www.bing.com/bingbot.htm) Chrome/116.0.1938.76 Safari/537.36"
207.46.13.14 - - [10/Jan/2025:01:10:01 -0500] "GET /czlcv/f639976.html HTTP/1.1" 200 68444 "-" "Mozilla/5.0 AppleWebKit/537.36 (KHTML, like Gecko; compatible; bingbot/2.0; +http://www.bing.com/bingbot.htm) Chrome/116.0.1938.76 Safari/537.36"
207.46.13.157 - - [10/Jan/2025:01:10:01 -0500] "GET /faoin/s1001753.html HTTP/1.1" 200 68475 "-" "Mozilla/5.0 AppleWebKit/537.36 (KHTML, like Gecko; compatible; bingbot/2.0; +http://www.bing.com/bingbot.htm) Chrome/116.0.1938.76 Safari/537.36"
207.46.13.14 - - [10/Jan/2025:01:10:01 -0500] "GET /xvrsu/c2782113.html HTTP/1.1" 200 73777 "-" "Mozilla/5.0 AppleWebKit/537.36 (KHTML, like Gecko; compatible; bingbot/2.0; +http://www.bing.com/bingbot.htm) Chrome/116.0.1938.76 Safari/537.36"
207.46.13.157 - - [10/Jan/2025:01:10:03 -0500] "GET /zdnqj/o2289555.html HTTP/1.1" 200 68133 "-" "Mozilla/5.0 AppleWebKit/537.36 (KHTML, like Gecko; compatible; bingbot/2.0; +http://www.bing.com/bingbot.htm) Chrome/116.0.1938.76 Safari/537.36"
207.46.13.157 - - [10/Jan/2025:01:10:04 -0500] "GET /awnpy/u100699.html HTTP/1.1" 200 69125 "-" "Mozilla/5.0 AppleWebKit/537.36 (KHTML, like Gecko; compatible; bingbot/2.0; +http://www.bing.com/bingbot.htm) Chrome/116.0.1938.76 Safari/537.36"
207.46.13.14 - - [10/Jan/2025:01:10:04 -0500] "GET /baipt/j537774.html HTTP/1.1" 200 68565 "-" "Mozilla/5.0 AppleWebKit/537.36 (KHTML, like Gecko; compatible; bingbot/2.0; +http://www.bing.com/bingbot.htm) Chrome/116.0.1938.76 Safari/537.36"
207.46.13.14 - - [10/Jan/2025:01:10:06 -0500] "GET /zgexr/s2046147.html HTTP/1.1" 200 69652 "-" "Mozilla/5.0 AppleWebKit/537.36 (KHTML, like Gecko; compatible; bingbot/2.0; +http://www.bing.com/bingbot.htm) Chrome/116.0.1938.76 Safari/537.36"
207.46.13.157 - - [10/Jan/2025:01:10:06 -0500] "GET /ybbwx/n1151014.html HTTP/1.1" 200 70002 "-" "Mozilla/5.0 AppleWebKit/537.36 (KHTML, like Gecko; compatible; bingbot/2.0; +http://www.bing.com/bingbot.htm) Chrome/116.0.1938.76 Safari/537.36"
207.46.13.14 - - [10/Jan/2025:01:10:09 -0500] "GET /qnnlv/x2630502.html HTTP/1.1" 200 68854 "-" "Mozilla/5.0 AppleWebKit/537.36 (KHTML, like Gecko; compatible; bingbot/2.0; +http://www.bing.com/bingbot.htm) Chrome/116.0.1938.76 Safari/537.36"
207.46.13.157 - - [10/Jan/2025:01:10:09 -0500] "GET /vasrk/z1812310.html HTTP/1.1" 200 68518 "-" "Mozilla/5.0 AppleWebKit/537.36 (KHTML, like Gecko; compatible; bingbot/2.0; +http://www.bing.com/bingbot.htm) Chrome/116.0.1938.76 Safari/537.36"
40.77.167.35 - - [10/Jan/2025:01:10:26 -0500] "GET /gwgva/p246164.html HTTP/1.1" 200 67547 "-" "Mozilla/5.0 AppleWebKit/537.36 (KHTML, like Gecko; compatible; bingbot/2.0; +http://www.bing.com/bingbot.htm) Chrome/116.0.1938.76 Safari/537.36"
66.249.68.33 - - [10/Jan/2025:01:10:30 -0500] "GET /nomhk/n450340.html HTTP/1.1" 200 69178 "-" "Mozilla/5.0 (Linux; Android 6.0.1; Nexus 5X Build/MMB29P) AppleWebKit/537.36 (KHTML, like Gecko) Chrome/131.0.6778.204 Mobile Safari/537.36 (compatible; Googlebot/2.1; +http://www.google.com/bot.html)"
207.46.13.157 - - [10/Jan/2025:01:10:29 -0500] "GET /jnucf/h2117974.html HTTP/1.1" 200 67152 "-" "Mozilla/5.0 AppleWebKit/537.36 (KHTML, like Gecko; compatible; bingbot/2.0; +http://www.bing.com/bingbot.htm) Chrome/116.0.1938.76 Safari/537.36"
207.46.13.14 - - [10/Jan/2025:01:10:30 -0500] "GET /eltpq/p1686486.html HTTP/1.1" 200 68620 "-" "Mozilla/5.0 AppleWebKit/537.36 (KHTML, like Gecko; compatible; bingbot/2.0; +http://www.bing.com/bingbot.htm) Chrome/116.0.1938.76 Safari/537.36"
207.46.13.157 - - [10/Jan/2025:01:10:32 -0500] "GET /bfclk/r1721042.html HTTP/1.1" 200 68725 "-" "Mozilla/5.0 AppleWebKit/537.36 (KHTML, like Gecko; compatible; bingbot/2.0; +http://www.bing.com/bingbot.htm) Chrome/116.0.1938.76 Safari/537.36"
207.46.13.14 - - [10/Jan/2025:01:10:32 -0500] "GET /qbmar/o197595.html HTTP/1.1" 200 71027 "-" "Mozilla/5.0 AppleWebKit/537.36 (KHTML, like Gecko; compatible; bingbot/2.0; +http://www.bing.com/bingbot.htm) Chrome/116.0.1938.76 Safari/537.36"
207.46.13.157 - - [10/Jan/2025:01:10:33 -0500] "GET /sbivu/e2246515.html HTTP/1.1" 200 75047 "-" "Mozilla/5.0 AppleWebKit/537.36 (KHTML, like Gecko; compatible; bingbot/2.0; +http://www.bing.com/bingbot.htm) Chrome/116.0.1938.76 Safari/537.36"
207.46.13.157 - - [10/Jan/2025:01:10:34 -0500] "GET /tohza/j1328304.html HTTP/1.1" 200 67487 "-" "Mozilla/5.0 AppleWebKit/537.36 (KHTML, like Gecko; compatible; bingbot/2.0; +http://www.bing.com/bingbot.htm) Chrome/116.0.1938.76 Safari/537.36"
207.46.13.14 - - [10/Jan/2025:01:10:34 -0500] "GET /weitt/r2111614.html HTTP/1.1" 200 71905 "-" "Mozilla/5.0 AppleWebKit/537.36 (KHTML, like Gecko; compatible; bingbot/2.0; +http://www.bing.com/bingbot.htm) Chrome/116.0.1938.76 Safari/537.36"
207.46.13.157 - - [10/Jan/2025:01:10:35 -0500] "GET /jpiec/r2052568.html HTTP/1.1" 200 69573 "-" "Mozilla/5.0 AppleWebKit/537.36 (KHTML, like Gecko; compatible; bingbot/2.0; +http://www.bing.com/bingbot.htm) Chrome/116.0.1938.76 Safari/537.36"
207.46.13.14 - - [10/Jan/2025:01:10:36 -0500] "GET /wnetz/p2464796.html HTTP/1.1" 200 68254 "-" "Mozilla/5.0 AppleWebKit/537.36 (KHTML, like Gecko; compatible; bingbot/2.0; +http://www.bing.com/bingbot.htm) Chrome/116.0.1938.76 Safari/537.36"
207.46.13.157 - - [10/Jan/2025:01:10:36 -0500] "GET /cpmiu/e1046251.html HTTP/1.1" 200 67961 "-" "Mozilla/5.0 AppleWebKit/537.36 (KHTML, like Gecko; compatible; bingbot/2.0; +http://www.bing.com/bingbot.htm) Chrome/116.0.1938.76 Safari/537.36"
207.46.13.157 - - [10/Jan/2025:01:10:37 -0500] "GET /kwnos/g636415.html HTTP/1.1" 200 69364 "-" "Mozilla/5.0 AppleWebKit/537.36 (KHTML, like Gecko; compatible; bingbot/2.0; +http://www.bing.com/bingbot.htm) Chrome/116.0.1938.76 Safari/537.36"
207.46.13.14 - - [10/Jan/2025:01:10:37 -0500] "GET /udzyd/c2056011.html HTTP/1.1" 200 70269 "-" "Mozilla/5.0 AppleWebKit/537.36 (KHTML, like Gecko; compatible; bingbot/2.0; +http://www.bing.com/bingbot.htm) Chrome/116.0.1938.76 Safari/537.36"
66.249.68.33 - - [10/Jan/2025:01:10:40 -0500] "GET /fgeko/s2195855.html HTTP/1.1" 200 68629 "-" "Mozilla/5.0 (Linux; Android 6.0.1; Nexus 5X Build/MMB29P) AppleWebKit/537.36 (KHTML, like Gecko) Chrome/131.0.6778.204 Mobile Safari/537.36 (compatible; Googlebot/2.1; +http://www.google.com/bot.html)"
207.46.13.14 - - [10/Jan/2025:01:10:42 -0500] "GET /bjvea/h2355354.html HTTP/1.1" 200 68551 "-" "Mozilla/5.0 AppleWebKit/537.36 (KHTML, like Gecko; compatible; bingbot/2.0; +http://www.bing.com/bingbot.htm) Chrome/116.0.1938.76 Safari/537.36"
207.46.13.14 - - [10/Jan/2025:01:10:45 -0500] "GET /mvgkz/o2054645.html HTTP/1.1" 200 68404 "-" "Mozilla/5.0 AppleWebKit/537.36 (KHTML, like Gecko; compatible; bingbot/2.0; +http://www.bing.com/bingbot.htm) Chrome/116.0.1938.76 Safari/537.36"
207.46.13.14 - - [10/Jan/2025:01:10:47 -0500] "GET /pzuyu/o2179133.html HTTP/1.1" 200 72523 "-" "Mozilla/5.0 AppleWebKit/537.36 (KHTML, like Gecko; compatible; bingbot/2.0; +http://www.bing.com/bingbot.htm) Chrome/116.0.1938.76 Safari/537.36"
66.249.68.33 - - [10/Jan/2025:01:10:48 -0500] "GET /hdqhi/m1454901.html HTTP/1.1" 200 68206 "-" "Mozilla/5.0 (Linux; Android 6.0.1; Nexus 5X Build/MMB29P) AppleWebKit/537.36 (KHTML, like Gecko) Chrome/131.0.6778.204 Mobile Safari/537.36 (compatible; Googlebot/2.1; +http://www.google.com/bot.html)"
207.46.13.14 - - [10/Jan/2025:01:10:48 -0500] "GET /nlmgx/p2378710.html HTTP/1.1" 200 68139 "-" "Mozilla/5.0 AppleWebKit/537.36 (KHTML, like Gecko; compatible; bingbot/2.0; +http://www.bing.com/bingbot.htm) Chrome/116.0.1938.76 Safari/537.36"
207.46.13.14 - - [10/Jan/2025:01:10:50 -0500] "GET /zwkdu/y135491.html HTTP/1.1" 200 67931 "-" "Mozilla/5.0 AppleWebKit/537.36 (KHTML, like Gecko; compatible; bingbot/2.0; +http://www.bing.com/bingbot.htm) Chrome/116.0.1938.76 Safari/537.36"
207.46.13.14 - - [10/Jan/2025:01:10:50 -0500] "GET /jygim/o835869.html HTTP/1.1" 200 68798 "-" "Mozilla/5.0 AppleWebKit/537.36 (KHTML, like Gecko; compatible; bingbot/2.0; +http://www.bing.com/bingbot.htm) Chrome/116.0.1938.76 Safari/537.36"
207.46.13.14 - - [10/Jan/2025:01:10:52 -0500] "GET /kzlqh/f2815682.html HTTP/1.1" 200 68151 "-" "Mozilla/5.0 AppleWebKit/537.36 (KHTML, like Gecko; compatible; bingbot/2.0; +http://www.bing.com/bingbot.htm) Chrome/116.0.1938.76 Safari/537.36"
207.46.13.14 - - [10/Jan/2025:01:10:52 -0500] "GET /tluie/j2089896.html HTTP/1.1" 200 69647 "-" "Mozilla/5.0 AppleWebKit/537.36 (KHTML, like Gecko; compatible; bingbot/2.0; +http://www.bing.com/bingbot.htm) Chrome/116.0.1938.76 Safari/537.36"
207.46.13.14 - - [10/Jan/2025:01:10:54 -0500] "GET /fuizz/d2989308.html HTTP/1.1" 200 71118 "-" "Mozilla/5.0 AppleWebKit/537.36 (KHTML, like Gecko; compatible; bingbot/2.0; +http://www.bing.com/bingbot.htm) Chrome/116.0.1938.76 Safari/537.36"
207.46.13.14 - - [10/Jan/2025:01:10:54 -0500] "GET /ijiqt/z1455720.html HTTP/1.1" 200 68838 "-" "Mozilla/5.0 AppleWebKit/537.36 (KHTML, like Gecko; compatible; bingbot/2.0; +http://www.bing.com/bingbot.htm) Chrome/116.0.1938.76 Safari/537.36"
207.46.13.14 - - [10/Jan/2025:01:10:56 -0500] "GET /xkxnp/z1449844.html HTTP/1.1" 200 69604 "-" "Mozilla/5.0 AppleWebKit/537.36 (KHTML, like Gecko; compatible; bingbot/2.0; +http://www.bing.com/bingbot.htm) Chrome/116.0.1938.76 Safari/537.36"
207.46.13.14 - - [10/Jan/2025:01:10:56 -0500] "GET /euiap/z2324588.html HTTP/1.1" 200 68423 "-" "Mozilla/5.0 AppleWebKit/537.36 (KHTML, like Gecko; compatible; bingbot/2.0; +http://www.bing.com/bingbot.htm) Chrome/116.0.1938.76 Safari/537.36"
207.46.13.14 - - [10/Jan/2025:01:10:57 -0500] "GET /mzegz/n2075002.html HTTP/1.1" 200 67988 "-" "Mozilla/5.0 AppleWebKit/537.36 (KHTML, like Gecko; compatible; bingbot/2.0; +http://www.bing.com/bingbot.htm) Chrome/116.0.1938.76 Safari/537.36"
207.46.13.14 - - [10/Jan/2025:01:10:58 -0500] "GET /ihnez/q2699967.html HTTP/1.1" 200 68656 "-" "Mozilla/5.0 AppleWebKit/537.36 (KHTML, like Gecko; compatible; bingbot/2.0; +http://www.bing.com/bingbot.htm) Chrome/116.0.1938.76 Safari/537.36"
207.46.13.14 - - [10/Jan/2025:01:10:59 -0500] "GET /fvbym/n2496592.html HTTP/1.1" 200 67145 "-" "Mozilla/5.0 AppleWebKit/537.36 (KHTML, like Gecko; compatible; bingbot/2.0; +http://www.bing.com/bingbot.htm) Chrome/116.0.1938.76 Safari/537.36"
207.46.13.14 - - [10/Jan/2025:01:11:01 -0500] "GET /cjtfn/u1863993.html HTTP/1.1" 200 69350 "-" "Mozilla/5.0 AppleWebKit/537.36 (KHTML, like Gecko; compatible; bingbot/2.0; +http://www.bing.com/bingbot.htm) Chrome/116.0.1938.76 Safari/537.36"
207.46.13.14 - - [10/Jan/2025:01:11:01 -0500] "GET /pzrkp/g2601235.html HTTP/1.1" 200 67908 "-" "Mozilla/5.0 AppleWebKit/537.36 (KHTML, like Gecko; compatible; bingbot/2.0; +http://www.bing.com/bingbot.htm) Chrome/116.0.1938.76 Safari/537.36"
207.46.13.14 - - [10/Jan/2025:01:11:03 -0500] "GET /zraej/l2352602.html HTTP/1.1" 200 68782 "-" "Mozilla/5.0 AppleWebKit/537.36 (KHTML, like Gecko; compatible; bingbot/2.0; +http://www.bing.com/bingbot.htm) Chrome/116.0.1938.76 Safari/537.36"
207.46.13.14 - - [10/Jan/2025:01:11:03 -0500] "GET /gyyzh/e2254549.html HTTP/1.1" 200 73659 "-" "Mozilla/5.0 AppleWebKit/537.36 (KHTML, like Gecko; compatible; bingbot/2.0; +http://www.bing.com/bingbot.htm) Chrome/116.0.1938.76 Safari/537.36"
207.46.13.157 - - [10/Jan/2025:01:11:09 -0500] "GET /itnmr/q1470193.html HTTP/1.1" 200 68044 "-" "Mozilla/5.0 AppleWebKit/537.36 (KHTML, like Gecko; compatible; bingbot/2.0; +http://www.bing.com/bingbot.htm) Chrome/116.0.1938.76 Safari/537.36"
66.249.68.34 - - [10/Jan/2025:01:11:18 -0500] "GET /lzhwg/d2602506.html HTTP/1.1" 200 70156 "-" "Mozilla/5.0 (Linux; Android 6.0.1; Nexus 5X Build/MMB29P) AppleWebKit/537.36 (KHTML, like Gecko) Chrome/131.0.6778.204 Mobile Safari/537.36 (compatible; Googlebot/2.1; +http://www.google.com/bot.html)"
207.46.13.14 - - [10/Jan/2025:01:11:19 -0500] "GET /mcetz/u2819987.html HTTP/1.1" 200 68302 "-" "Mozilla/5.0 AppleWebKit/537.36 (KHTML, like Gecko; compatible; bingbot/2.0; +http://www.bing.com/bingbot.htm) Chrome/116.0.1938.76 Safari/537.36"
40.77.167.35 - - [10/Jan/2025:01:11:26 -0500] "GET /ectqj/d2172778.html HTTP/1.1" 200 68508 "-" "Mozilla/5.0 AppleWebKit/537.36 (KHTML, like Gecko; compatible; bingbot/2.0; +http://www.bing.com/bingbot.htm) Chrome/116.0.1938.76 Safari/537.36"
40.77.167.35 - - [10/Jan/2025:01:11:28 -0500] "GET /lonus/i3025843.html HTTP/1.1" 200 68848 "-" "Mozilla/5.0 AppleWebKit/537.36 (KHTML, like Gecko; compatible; bingbot/2.0; +http://www.bing.com/bingbot.htm) Chrome/116.0.1938.76 Safari/537.36"
66.249.68.33 - - [10/Jan/2025:01:11:38 -0500] "GET /ksecq/k1753171.html HTTP/1.1" 200 67396 "-" "Mozilla/5.0 (Linux; Android 6.0.1; Nexus 5X Build/MMB29P) AppleWebKit/537.36 (KHTML, like Gecko) Chrome/131.0.6778.204 Mobile Safari/537.36 (compatible; Googlebot/2.1; +http://www.google.com/bot.html)"
40.77.167.241 - - [10/Jan/2025:01:11:41 -0500] "GET /uoibp/k2403379.html HTTP/1.1" 200 68781 "-" "Mozilla/5.0 AppleWebKit/537.36 (KHTML, like Gecko; compatible; bingbot/2.0; +http://www.bing.com/bingbot.htm) Chrome/116.0.1938.76 Safari/537.36"
207.46.13.157 - - [10/Jan/2025:01:11:42 -0500] "GET /iqhph/p2066034.html HTTP/1.1" 200 70516 "-" "Mozilla/5.0 AppleWebKit/537.36 (KHTML, like Gecko; compatible; bingbot/2.0; +http://www.bing.com/bingbot.htm) Chrome/116.0.1938.76 Safari/537.36"
40.77.167.241 - - [10/Jan/2025:01:11:43 -0500] "GET /nrokx/v263018.html HTTP/1.1" 200 68665 "-" "Mozilla/5.0 AppleWebKit/537.36 (KHTML, like Gecko; compatible; bingbot/2.0; +http://www.bing.com/bingbot.htm) Chrome/116.0.1938.76 Safari/537.36"
40.77.167.241 - - [10/Jan/2025:01:11:45 -0500] "GET /ihygf/a2133541.html HTTP/1.1" 200 67415 "-" "Mozilla/5.0 AppleWebKit/537.36 (KHTML, like Gecko; compatible; bingbot/2.0; +http://www.bing.com/bingbot.htm) Chrome/116.0.1938.76 Safari/537.36"
207.46.13.14 - - [10/Jan/2025:01:11:50 -0500] "GET /hkzpt/a2065265.html HTTP/1.1" 200 68871 "-" "Mozilla/5.0 AppleWebKit/537.36 (KHTML, like Gecko; compatible; bingbot/2.0; +http://www.bing.com/bingbot.htm) Chrome/116.0.1938.76 Safari/537.36"
52.167.144.213 - - [10/Jan/2025:01:11:51 -0500] "GET /hknfs/b2576270.html HTTP/1.1" 200 70214 "-" "Mozilla/5.0 AppleWebKit/537.36 (KHTML, like Gecko; compatible; bingbot/2.0; +http://www.bing.com/bingbot.htm) Chrome/116.0.1938.76 Safari/537.36"
207.46.13.14 - - [10/Jan/2025:01:11:52 -0500] "GET /amkcw/u1636025.html HTTP/1.1" 200 68625 "-" "Mozilla/5.0 AppleWebKit/537.36 (KHTML, like Gecko; compatible; bingbot/2.0; +http://www.bing.com/bingbot.htm) Chrome/116.0.1938.76 Safari/537.36"
207.46.13.14 - - [10/Jan/2025:01:11:53 -0500] "GET /bncdk/v2150202.html HTTP/1.1" 200 68076 "-" "Mozilla/5.0 AppleWebKit/537.36 (KHTML, like Gecko; compatible; bingbot/2.0; +http://www.bing.com/bingbot.htm) Chrome/116.0.1938.76 Safari/537.36"
40.77.167.241 - - [10/Jan/2025:01:12:01 -0500] "GET /lsdsi/w1989835.html HTTP/1.1" 200 71897 "-" "Mozilla/5.0 AppleWebKit/537.36 (KHTML, like Gecko; compatible; bingbot/2.0; +http://www.bing.com/bingbot.htm) Chrome/116.0.1938.76 Safari/537.36"
66.249.68.33 - - [10/Jan/2025:01:12:05 -0500] "GET /vlyig/o665153.html HTTP/1.1" 200 68226 "-" "Mozilla/5.0 (Linux; Android 6.0.1; Nexus 5X Build/MMB29P) AppleWebKit/537.36 (KHTML, like Gecko) Chrome/131.0.6778.204 Mobile Safari/537.36 (compatible; Googlebot/2.1; +http://www.google.com/bot.html)"
40.77.167.35 - - [10/Jan/2025:01:12:17 -0500] "GET /rnsgb/v2907270.html HTTP/1.1" 200 71388 "-" "Mozilla/5.0 AppleWebKit/537.36 (KHTML, like Gecko; compatible; bingbot/2.0; +http://www.bing.com/bingbot.htm) Chrome/116.0.1938.76 Safari/537.36"
40.77.167.35 - - [10/Jan/2025:01:12:20 -0500] "GET /ycwtb/w2191985.html HTTP/1.1" 200 69012 "-" "Mozilla/5.0 AppleWebKit/537.36 (KHTML, like Gecko; compatible; bingbot/2.0; +http://www.bing.com/bingbot.htm) Chrome/116.0.1938.76 Safari/537.36"
52.167.144.157 - - [10/Jan/2025:01:12:28 -0500] "GET /ccvsf/g1143571.html HTTP/1.1" 200 68389 "-" "Mozilla/5.0 AppleWebKit/537.36 (KHTML, like Gecko; compatible; bingbot/2.0; +http://www.bing.com/bingbot.htm) Chrome/116.0.1938.76 Safari/537.36"
52.167.144.213 - - [10/Jan/2025:01:12:32 -0500] "GET /yyldf/w228543.html HTTP/1.1" 200 68115 "-" "Mozilla/5.0 AppleWebKit/537.36 (KHTML, like Gecko; compatible; bingbot/2.0; +http://www.bing.com/bingbot.htm) Chrome/116.0.1938.76 Safari/537.36"
66.249.68.33 - - [10/Jan/2025:01:12:32 -0500] "GET /hmatb/l1249682.html HTTP/1.1" 200 70867 "-" "Mozilla/5.0 (Linux; Android 6.0.1; Nexus 5X Build/MMB29P) AppleWebKit/537.36 (KHTML, like Gecko) Chrome/131.0.6778.204 Mobile Safari/537.36 (compatible; Googlebot/2.1; +http://www.google.com/bot.html)"
207.46.13.157 - - [10/Jan/2025:01:12:32 -0500] "GET /kvfwu/a240351.html HTTP/1.1" 200 70742 "-" "Mozilla/5.0 AppleWebKit/537.36 (KHTML, like Gecko; compatible; bingbot/2.0; +http://www.bing.com/bingbot.htm) Chrome/116.0.1938.76 Safari/537.36"
66.249.68.33 - - [10/Jan/2025:01:12:39 -0500] "GET /shmqv/n692010.html HTTP/1.1" 200 67734 "-" "Mozilla/5.0 (Linux; Android 6.0.1; Nexus 5X Build/MMB29P) AppleWebKit/537.36 (KHTML, like Gecko) Chrome/131.0.6778.204 Mobile Safari/537.36 (compatible; Googlebot/2.1; +http://www.google.com/bot.html)"
207.46.13.157 - - [10/Jan/2025:01:12:41 -0500] "GET /ykbmo/n310226.html HTTP/1.1" 200 67963 "-" "Mozilla/5.0 AppleWebKit/537.36 (KHTML, like Gecko; compatible; bingbot/2.0; +http://www.bing.com/bingbot.htm) Chrome/116.0.1938.76 Safari/537.36"
52.167.144.157 - - [10/Jan/2025:01:12:46 -0500] "GET /ksgms/k1464103.html HTTP/1.1" 200 69198 "-" "Mozilla/5.0 AppleWebKit/537.36 (KHTML, like Gecko; compatible; bingbot/2.0; +http://www.bing.com/bingbot.htm) Chrome/116.0.1938.76 Safari/537.36"
40.77.167.35 - - [10/Jan/2025:01:12:58 -0500] "GET /ihtse/y96933.html HTTP/1.1" 200 68988 "-" "Mozilla/5.0 AppleWebKit/537.36 (KHTML, like Gecko; compatible; bingbot/2.0; +http://www.bing.com/bingbot.htm) Chrome/116.0.1938.76 Safari/537.36"
40.77.167.35 - - [10/Jan/2025:01:13:00 -0500] "GET /ihpkr/l2775986.html HTTP/1.1" 200 68806 "-" "Mozilla/5.0 AppleWebKit/537.36 (KHTML, like Gecko; compatible; bingbot/2.0; +http://www.bing.com/bingbot.htm) Chrome/116.0.1938.76 Safari/537.36"
40.77.167.241 - - [10/Jan/2025:01:13:02 -0500] "GET /bnbie/o2428447.html HTTP/1.1" 200 69029 "-" "Mozilla/5.0 AppleWebKit/537.36 (KHTML, like Gecko; compatible; bingbot/2.0; +http://www.bing.com/bingbot.htm) Chrome/116.0.1938.76 Safari/537.36"
66.249.68.34 - - [10/Jan/2025:01:13:05 -0500] "GET /pwtws/j1819990.html HTTP/1.1" 200 68838 "-" "Mozilla/5.0 (Linux; Android 6.0.1; Nexus 5X Build/MMB29P) AppleWebKit/537.36 (KHTML, like Gecko) Chrome/131.0.6778.204 Mobile Safari/537.36 (compatible; Googlebot/2.1; +http://www.google.com/bot.html)"
207.46.13.157 - - [10/Jan/2025:01:13:19 -0500] "GET /wcbjw/e340533.html HTTP/1.1" 200 69916 "-" "Mozilla/5.0 AppleWebKit/537.36 (KHTML, like Gecko; compatible; bingbot/2.0; +http://www.bing.com/bingbot.htm) Chrome/116.0.1938.76 Safari/537.36"
40.77.167.241 - - [10/Jan/2025:01:13:22 -0500] "GET /qwwzb/t2378532.html HTTP/1.1" 200 70749 "-" "Mozilla/5.0 AppleWebKit/537.36 (KHTML, like Gecko; compatible; bingbot/2.0; +http://www.bing.com/bingbot.htm) Chrome/116.0.1938.76 Safari/537.36"
52.167.144.213 - - [10/Jan/2025:01:13:22 -0500] "GET /rhgvr/n2524256.html HTTP/1.1" 200 69880 "-" "Mozilla/5.0 AppleWebKit/537.36 (KHTML, like Gecko; compatible; bingbot/2.0; +http://www.bing.com/bingbot.htm) Chrome/116.0.1938.76 Safari/537.36"
