40.77.167.48 - - [10/Jan/2025:09:35:48 -0500] "GET /zmapc/l2348988.html HTTP/1.1" 200 68217 "-" "Mozilla/5.0 AppleWebKit/537.36 (KHTML, like Gecko; compatible; bingbot/2.0; +http://www.bing.com/bingbot.htm) Chrome/116.0.1938.76 Safari/537.36"
52.167.144.221 - - [10/Jan/2025:09:35:59 -0500] "GET /ittkx/a2252491.html HTTP/1.1" 200 68733 "-" "Mozilla/5.0 AppleWebKit/537.36 (KHTML, like Gecko; compatible; bingbot/2.0; +http://www.bing.com/bingbot.htm) Chrome/116.0.1938.76 Safari/537.36"
66.249.68.33 - - [10/Jan/2025:09:36:02 -0500] "GET /rodyq/d230266.html HTTP/1.1" 200 72083 "-" "Mozilla/5.0 (Linux; Android 6.0.1; Nexus 5X Build/MMB29P) AppleWebKit/537.36 (KHTML, like Gecko) Chrome/131.0.6778.204 Mobile Safari/537.36 (compatible; Googlebot/2.1; +http://www.google.com/bot.html)"
157.55.39.51 - - [10/Jan/2025:09:36:08 -0500] "GET /yoezw/e487797.html HTTP/1.1" 200 68233 "-" "Mozilla/5.0 AppleWebKit/537.36 (KHTML, like Gecko; compatible; bingbot/2.0; +http://www.bing.com/bingbot.htm) Chrome/116.0.1938.76 Safari/537.36"
52.167.144.159 - - [10/Jan/2025:09:36:12 -0500] "GET /uauml/s2178981.html HTTP/1.1" 200 68453 "-" "Mozilla/5.0 AppleWebKit/537.36 (KHTML, like Gecko; compatible; bingbot/2.0; +http://www.bing.com/bingbot.htm) Chrome/116.0.1938.76 Safari/537.36"
52.167.144.159 - - [10/Jan/2025:09:36:14 -0500] "GET /xjtik/u514827.html HTTP/1.1" 200 68727 "-" "Mozilla/5.0 AppleWebKit/537.36 (KHTML, like Gecko; compatible; bingbot/2.0; +http://www.bing.com/bingbot.htm) Chrome/116.0.1938.76 Safari/537.36"
52.167.144.17 - - [10/Jan/2025:09:36:22 -0500] "GET /jfmaa/l421062.html HTTP/1.1" 200 69385 "-" "Mozilla/5.0 AppleWebKit/537.36 (KHTML, like Gecko; compatible; bingbot/2.0; +http://www.bing.com/bingbot.htm) Chrome/116.0.1938.76 Safari/537.36"
157.55.39.51 - - [10/Jan/2025:09:36:47 -0500] "GET /rsecn/a3012289.html HTTP/1.1" 200 68811 "-" "Mozilla/5.0 AppleWebKit/537.36 (KHTML, like Gecko; compatible; bingbot/2.0; +http://www.bing.com/bingbot.htm) Chrome/116.0.1938.76 Safari/537.36"
40.77.167.48 - - [10/Jan/2025:09:36:51 -0500] "GET /tsarp/q441971.html HTTP/1.1" 200 71300 "-" "Mozilla/5.0 AppleWebKit/537.36 (KHTML, like Gecko; compatible; bingbot/2.0; +http://www.bing.com/bingbot.htm) Chrome/116.0.1938.76 Safari/537.36"
52.167.144.159 - - [10/Jan/2025:09:37:01 -0500] "GET /foxjo/o121935.html HTTP/1.1" 200 69386 "-" "Mozilla/5.0 AppleWebKit/537.36 (KHTML, like Gecko; compatible; bingbot/2.0; +http://www.bing.com/bingbot.htm) Chrome/116.0.1938.76 Safari/537.36"
52.167.144.159 - - [10/Jan/2025:09:37:03 -0500] "GET /dfpca/n140368.html HTTP/1.1" 200 69809 "-" "Mozilla/5.0 AppleWebKit/537.36 (KHTML, like Gecko; compatible; bingbot/2.0; +http://www.bing.com/bingbot.htm) Chrome/116.0.1938.76 Safari/537.36"
52.167.144.159 - - [10/Jan/2025:09:37:08 -0500] "GET /bgodc/n983080.html HTTP/1.1" 200 71914 "-" "Mozilla/5.0 AppleWebKit/537.36 (KHTML, like Gecko; compatible; bingbot/2.0; +http://www.bing.com/bingbot.htm) Chrome/116.0.1938.76 Safari/537.36"
52.167.144.17 - - [10/Jan/2025:09:37:11 -0500] "GET /hqqfa/r1260738.html HTTP/1.1" 200 67149 "-" "Mozilla/5.0 AppleWebKit/537.36 (KHTML, like Gecko; compatible; bingbot/2.0; +http://www.bing.com/bingbot.htm) Chrome/116.0.1938.76 Safari/537.36"
66.249.68.33 - - [10/Jan/2025:09:37:30 -0500] "GET /xsvvg/m2734205.html HTTP/1.1" 200 69937 "-" "Mozilla/5.0 (Linux; Android 6.0.1; Nexus 5X Build/MMB29P) AppleWebKit/537.36 (KHTML, like Gecko) Chrome/131.0.6778.204 Mobile Safari/537.36 (compatible; Googlebot/2.1; +http://www.google.com/bot.html)"
157.55.39.60 - - [10/Jan/2025:09:37:36 -0500] "GET /umwih/j1813594.html HTTP/1.1" 200 69266 "-" "Mozilla/5.0 AppleWebKit/537.36 (KHTML, like Gecko; compatible; bingbot/2.0; +http://www.bing.com/bingbot.htm) Chrome/116.0.1938.76 Safari/537.36"
52.167.144.221 - - [10/Jan/2025:09:37:40 -0500] "GET /dicjf/x2373024.html HTTP/1.1" 200 69930 "-" "Mozilla/5.0 AppleWebKit/537.36 (KHTML, like Gecko; compatible; bingbot/2.0; +http://www.bing.com/bingbot.htm) Chrome/116.0.1938.76 Safari/537.36"
52.167.144.221 - - [10/Jan/2025:09:37:49 -0500] "GET /ioktb/u3065089.html HTTP/1.1" 200 68092 "-" "Mozilla/5.0 AppleWebKit/537.36 (KHTML, like Gecko; compatible; bingbot/2.0; +http://www.bing.com/bingbot.htm) Chrome/116.0.1938.76 Safari/537.36"
157.55.39.51 - - [10/Jan/2025:09:37:55 -0500] "GET /mkjmx/m353931.html HTTP/1.1" 200 68106 "-" "Mozilla/5.0 AppleWebKit/537.36 (KHTML, like Gecko; compatible; bingbot/2.0; +http://www.bing.com/bingbot.htm) Chrome/116.0.1938.76 Safari/537.36"
157.55.39.51 - - [10/Jan/2025:09:37:59 -0500] "GET /tlvmt/w812633.html HTTP/1.1" 200 69515 "-" "Mozilla/5.0 AppleWebKit/537.36 (KHTML, like Gecko; compatible; bingbot/2.0; +http://www.bing.com/bingbot.htm) Chrome/116.0.1938.76 Safari/537.36"
66.249.68.35 - - [10/Jan/2025:09:38:24 -0500] "GET /hyfmj/p2331286.html HTTP/1.1" 200 70111 "-" "Mozilla/5.0 (Linux; Android 6.0.1; Nexus 5X Build/MMB29P) AppleWebKit/537.36 (KHTML, like Gecko) Chrome/131.0.6778.204 Mobile Safari/537.36 (compatible; Googlebot/2.1; +http://www.google.com/bot.html)"
157.55.39.196 - - [10/Jan/2025:09:38:35 -0500] "GET /ehlqf/t2995200.html HTTP/1.1" 200 68547 "-" "Mozilla/5.0 AppleWebKit/537.36 (KHTML, like Gecko; compatible; bingbot/2.0; +http://www.bing.com/bingbot.htm) Chrome/116.0.1938.76 Safari/537.36"
52.167.144.159 - - [10/Jan/2025:09:38:40 -0500] "GET /khviu/u1822549.html HTTP/1.1" 200 71751 "-" "Mozilla/5.0 AppleWebKit/537.36 (KHTML, like Gecko; compatible; bingbot/2.0; +http://www.bing.com/bingbot.htm) Chrome/116.0.1938.76 Safari/537.36"
52.167.144.17 - - [10/Jan/2025:09:38:41 -0500] "GET /aqyaj/n1709962.html HTTP/1.1" 200 67100 "-" "Mozilla/5.0 AppleWebKit/537.36 (KHTML, like Gecko; compatible; bingbot/2.0; +http://www.bing.com/bingbot.htm) Chrome/116.0.1938.76 Safari/537.36"
157.55.39.60 - - [10/Jan/2025:09:39:16 -0500] "GET /ebscz/j1285742.html HTTP/1.1" 200 69045 "-" "Mozilla/5.0 AppleWebKit/537.36 (KHTML, like Gecko; compatible; bingbot/2.0; +http://www.bing.com/bingbot.htm) Chrome/116.0.1938.76 Safari/537.36"
66.249.68.35 - - [10/Jan/2025:09:40:10 -0500] "GET /xfdik/u2209247.html HTTP/1.1" 200 68533 "-" "Mozilla/5.0 (Linux; Android 6.0.1; Nexus 5X Build/MMB29P) AppleWebKit/537.36 (KHTML, like Gecko) Chrome/131.0.6778.204 Mobile Safari/537.36 (compatible; Googlebot/2.1; +http://www.google.com/bot.html)"
66.249.68.35 - - [10/Jan/2025:09:47:39 -0500] "GET /emkbi/p2135454.html HTTP/1.1" 200 69217 "-" "Mozilla/5.0 (Linux; Android 6.0.1; Nexus 5X Build/MMB29P) AppleWebKit/537.36 (KHTML, like Gecko) Chrome/131.0.6778.204 Mobile Safari/537.36 (compatible; Googlebot/2.1; +http://www.google.com/bot.html)"
66.249.68.35 - - [10/Jan/2025:09:49:07 -0500] "GET /yfwyt/c719325.html HTTP/1.1" 200 70052 "-" "Mozilla/5.0 (Linux; Android 6.0.1; Nexus 5X Build/MMB29P) AppleWebKit/537.36 (KHTML, like Gecko) Chrome/131.0.6778.204 Mobile Safari/537.36 (compatible; Googlebot/2.1; +http://www.google.com/bot.html)"
52.167.144.209 - - [10/Jan/2025:09:49:17 -0500] "GET /rlbdp/b186402.html HTTP/1.1" 200 67990 "-" "Mozilla/5.0 AppleWebKit/537.36 (KHTML, like Gecko; compatible; bingbot/2.0; +http://www.bing.com/bingbot.htm) Chrome/116.0.1938.76 Safari/537.36"
66.249.68.35 - - [10/Jan/2025:09:51:38 -0500] "GET /cjkou/n2873930.html HTTP/1.1" 200 71168 "-" "Mozilla/5.0 (Linux; Android 6.0.1; Nexus 5X Build/MMB29P) AppleWebKit/537.36 (KHTML, like Gecko) Chrome/131.0.6778.204 Mobile Safari/537.36 (compatible; Googlebot/2.1; +http://www.google.com/bot.html)"
66.249.68.35 - - [10/Jan/2025:09:53:13 -0500] "GET /vhvdh/g884559.html HTTP/1.1" 200 68752 "-" "Mozilla/5.0 (Linux; Android 6.0.1; Nexus 5X Build/MMB29P) AppleWebKit/537.36 (KHTML, like Gecko) Chrome/131.0.6778.204 Mobile Safari/537.36 (compatible; Googlebot/2.1; +http://www.google.com/bot.html)"
40.77.167.241 - - [10/Jan/2025:09:58:55 -0500] "GET /dzuej/q2620745.html HTTP/1.1" 200 69847 "-" "Mozilla/5.0 AppleWebKit/537.36 (KHTML, like Gecko; compatible; bingbot/2.0; +http://www.bing.com/bingbot.htm) Chrome/116.0.1938.76 Safari/537.36"
52.167.144.167 - - [10/Jan/2025:09:59:21 -0500] "GET /atlsp/f729806.html HTTP/1.1" 200 68141 "-" "Mozilla/5.0 AppleWebKit/537.36 (KHTML, like Gecko; compatible; bingbot/2.0; +http://www.bing.com/bingbot.htm) Chrome/116.0.1938.76 Safari/537.36"
207.46.13.157 - - [10/Jan/2025:09:59:38 -0500] "GET /vmwob/k2647883.html HTTP/1.1" 200 69489 "-" "Mozilla/5.0 AppleWebKit/537.36 (KHTML, like Gecko; compatible; bingbot/2.0; +http://www.bing.com/bingbot.htm) Chrome/116.0.1938.76 Safari/537.36"
207.46.13.157 - - [10/Jan/2025:10:00:20 -0500] "GET /rxsna/e2868513.html HTTP/1.1" 200 71584 "-" "Mozilla/5.0 AppleWebKit/537.36 (KHTML, like Gecko; compatible; bingbot/2.0; +http://www.bing.com/bingbot.htm) Chrome/116.0.1938.76 Safari/537.36"
157.55.39.9 - - [10/Jan/2025:10:00:28 -0500] "GET /ctauq/r204852.html HTTP/1.1" 200 68005 "-" "Mozilla/5.0 AppleWebKit/537.36 (KHTML, like Gecko; compatible; bingbot/2.0; +http://www.bing.com/bingbot.htm) Chrome/116.0.1938.76 Safari/537.36"
52.167.144.159 - - [10/Jan/2025:10:00:36 -0500] "GET /xywxr/n1817264.html HTTP/1.1" 200 69470 "-" "Mozilla/5.0 AppleWebKit/537.36 (KHTML, like Gecko; compatible; bingbot/2.0; +http://www.bing.com/bingbot.htm) Chrome/116.0.1938.76 Safari/537.36"
52.167.144.159 - - [10/Jan/2025:10:00:38 -0500] "GET /pnwvd/a382623.html HTTP/1.1" 200 70638 "-" "Mozilla/5.0 AppleWebKit/537.36 (KHTML, like Gecko; compatible; bingbot/2.0; +http://www.bing.com/bingbot.htm) Chrome/116.0.1938.76 Safari/537.36"
40.77.167.15 - - [10/Jan/2025:10:00:40 -0500] "GET /rqjvt/y2690225.html HTTP/1.1" 200 69007 "-" "Mozilla/5.0 AppleWebKit/537.36 (KHTML, like Gecko; compatible; bingbot/2.0; +http://www.bing.com/bingbot.htm) Chrome/116.0.1938.76 Safari/537.36"
40.77.167.241 - - [10/Jan/2025:10:00:58 -0500] "GET /efuwt/q1416633.html HTTP/1.1" 200 67646 "-" "Mozilla/5.0 AppleWebKit/537.36 (KHTML, like Gecko; compatible; bingbot/2.0; +http://www.bing.com/bingbot.htm) Chrome/116.0.1938.76 Safari/537.36"
52.167.144.167 - - [10/Jan/2025:10:01:19 -0500] "GET /vconp/n608472.html HTTP/1.1" 200 69613 "-" "Mozilla/5.0 AppleWebKit/537.36 (KHTML, like Gecko; compatible; bingbot/2.0; +http://www.bing.com/bingbot.htm) Chrome/116.0.1938.76 Safari/537.36"
157.55.39.9 - - [10/Jan/2025:10:01:20 -0500] "GET /wlrbd/f2806764.html HTTP/1.1" 200 68060 "-" "Mozilla/5.0 AppleWebKit/537.36 (KHTML, like Gecko; compatible; bingbot/2.0; +http://www.bing.com/bingbot.htm) Chrome/116.0.1938.76 Safari/537.36"
157.55.39.9 - - [10/Jan/2025:10:01:21 -0500] "GET /ykhso/m1572785.html HTTP/1.1" 200 68470 "-" "Mozilla/5.0 AppleWebKit/537.36 (KHTML, like Gecko; compatible; bingbot/2.0; +http://www.bing.com/bingbot.htm) Chrome/116.0.1938.76 Safari/537.36"
85.208.96.197 - - [10/Jan/2025:10:01:28 -0500] "GET /robots.txt HTTP/1.1" 200 237 "-" "Mozilla/5.0 (compatible; SemrushBot/7~bl; +http://www.semrush.com/bot.html)"
40.77.167.15 - - [10/Jan/2025:10:01:31 -0500] "GET /qatwv/w2039651.html HTTP/1.1" 200 74557 "-" "Mozilla/5.0 AppleWebKit/537.36 (KHTML, like Gecko; compatible; bingbot/2.0; +http://www.bing.com/bingbot.htm) Chrome/116.0.1938.76 Safari/537.36"
40.77.167.15 - - [10/Jan/2025:10:01:34 -0500] "GET /jvasx/h510056.html HTTP/1.1" 200 68468 "-" "Mozilla/5.0 AppleWebKit/537.36 (KHTML, like Gecko; compatible; bingbot/2.0; +http://www.bing.com/bingbot.htm) Chrome/116.0.1938.76 Safari/537.36"
40.77.167.241 - - [10/Jan/2025:10:01:37 -0500] "GET /cxtee/s2400995.html HTTP/1.1" 200 68316 "-" "Mozilla/5.0 AppleWebKit/537.36 (KHTML, like Gecko; compatible; bingbot/2.0; +http://www.bing.com/bingbot.htm) Chrome/116.0.1938.76 Safari/537.36"
40.77.167.241 - - [10/Jan/2025:10:01:39 -0500] "GET /vccoy/a2973445.html HTTP/1.1" 200 69568 "-" "Mozilla/5.0 AppleWebKit/537.36 (KHTML, like Gecko; compatible; bingbot/2.0; +http://www.bing.com/bingbot.htm) Chrome/116.0.1938.76 Safari/537.36"
207.46.13.31 - - [10/Jan/2025:10:01:48 -0500] "GET /lefso/e1811951.html HTTP/1.1" 200 66934 "-" "Mozilla/5.0 AppleWebKit/537.36 (KHTML, like Gecko; compatible; bingbot/2.0; +http://www.bing.com/bingbot.htm) Chrome/116.0.1938.76 Safari/537.36"
207.46.13.31 - - [10/Jan/2025:10:01:51 -0500] "GET /fdoin/q1298359.html HTTP/1.1" 200 75201 "-" "Mozilla/5.0 AppleWebKit/537.36 (KHTML, like Gecko; compatible; bingbot/2.0; +http://www.bing.com/bingbot.htm) Chrome/116.0.1938.76 Safari/537.36"
52.167.144.167 - - [10/Jan/2025:10:02:10 -0500] "GET /eeozc/t1818258.html HTTP/1.1" 200 67094 "-" "Mozilla/5.0 AppleWebKit/537.36 (KHTML, like Gecko; compatible; bingbot/2.0; +http://www.bing.com/bingbot.htm) Chrome/116.0.1938.76 Safari/537.36"
52.167.144.167 - - [10/Jan/2025:10:02:12 -0500] "GET /ufmcf/a918223.html HTTP/1.1" 200 72272 "-" "Mozilla/5.0 AppleWebKit/537.36 (KHTML, like Gecko; compatible; bingbot/2.0; +http://www.bing.com/bingbot.htm) Chrome/116.0.1938.76 Safari/537.36"
52.167.144.167 - - [10/Jan/2025:10:02:15 -0500] "GET /avtti/f3010058.html HTTP/1.1" 200 70154 "-" "Mozilla/5.0 AppleWebKit/537.36 (KHTML, like Gecko; compatible; bingbot/2.0; +http://www.bing.com/bingbot.htm) Chrome/116.0.1938.76 Safari/537.36"
85.208.96.194 - - [10/Jan/2025:10:01:29 -0500] "GET /diixa_team/christina-tores-3/ HTTP/1.1" 200 0 "-" "Mozilla/5.0 (compatible; SemrushBot/7~bl; +http://www.semrush.com/bot.html)"
157.55.39.9 - - [10/Jan/2025:10:02:19 -0500] "GET /qniil/q97783.html HTTP/1.1" 200 67810 "-" "Mozilla/5.0 AppleWebKit/537.36 (KHTML, like Gecko; compatible; bingbot/2.0; +http://www.bing.com/bingbot.htm) Chrome/116.0.1938.76 Safari/537.36"
66.29.132.124 - - [10/Jan/2025:10:02:23 -0500] "POST /wp-cron.php?doing_wp_cron=1736521343.3443450927734375000000 HTTP/1.1" 200 0 "-" "WordPress/6.7.1; https://diixadigital.com"
40.77.167.241 - - [10/Jan/2025:10:02:28 -0500] "GET /meugi/b1791408.html HTTP/1.1" 200 71773 "-" "Mozilla/5.0 AppleWebKit/537.36 (KHTML, like Gecko; compatible; bingbot/2.0; +http://www.bing.com/bingbot.htm) Chrome/116.0.1938.76 Safari/537.36"
85.208.96.194 - - [10/Jan/2025:10:02:19 -0500] "GET /diixa_team/christina-tores-3/ HTTP/1.1" 200 17890 "-" "Mozilla/5.0 (compatible; SemrushBot/7~bl; +http://www.semrush.com/bot.html)"
66.29.132.124 - - [10/Jan/2025:10:02:34 -0500] "POST /wp-admin/admin-ajax.php?action=async_litespeed&nonce=TyKN92Dl2THXFXienQ0QMFwRjOwx7VX4&litespeed_type=imgoptm HTTP/1.1" 200 0 "-" "WordPress/6.7.1; https://diixadigital.com"
40.77.167.15 - - [10/Jan/2025:10:02:34 -0500] "GET /pgchp/v2524446.html HTTP/1.1" 200 69078 "-" "Mozilla/5.0 AppleWebKit/537.36 (KHTML, like Gecko; compatible; bingbot/2.0; +http://www.bing.com/bingbot.htm) Chrome/116.0.1938.76 Safari/537.36"
40.77.167.15 - - [10/Jan/2025:10:02:36 -0500] "GET /atsjw/d1989244.html HTTP/1.1" 200 68372 "-" "Mozilla/5.0 AppleWebKit/537.36 (KHTML, like Gecko; compatible; bingbot/2.0; +http://www.bing.com/bingbot.htm) Chrome/116.0.1938.76 Safari/537.36"
52.167.144.159 - - [10/Jan/2025:10:02:38 -0500] "GET /aphjo/z92774.html HTTP/1.1" 200 68228 "-" "Mozilla/5.0 AppleWebKit/537.36 (KHTML, like Gecko; compatible; bingbot/2.0; +http://www.bing.com/bingbot.htm) Chrome/116.0.1938.76 Safari/537.36"
40.77.167.241 - - [10/Jan/2025:10:03:06 -0500] "GET /iplyx/i1725115.html HTTP/1.1" 200 68261 "-" "Mozilla/5.0 AppleWebKit/537.36 (KHTML, like Gecko; compatible; bingbot/2.0; +http://www.bing.com/bingbot.htm) Chrome/116.0.1938.76 Safari/537.36"
52.167.144.159 - - [10/Jan/2025:10:03:07 -0500] "GET /koftj/z2790300.html HTTP/1.1" 200 71004 "-" "Mozilla/5.0 AppleWebKit/537.36 (KHTML, like Gecko; compatible; bingbot/2.0; +http://www.bing.com/bingbot.htm) Chrome/116.0.1938.76 Safari/537.36"
40.77.167.241 - - [10/Jan/2025:10:03:08 -0500] "GET /ojpmq/k324861.html HTTP/1.1" 200 69565 "-" "Mozilla/5.0 AppleWebKit/537.36 (KHTML, like Gecko; compatible; bingbot/2.0; +http://www.bing.com/bingbot.htm) Chrome/116.0.1938.76 Safari/537.36"
40.77.167.241 - - [10/Jan/2025:10:03:10 -0500] "GET /kvebw/x2569064.html HTTP/1.1" 200 69250 "-" "Mozilla/5.0 AppleWebKit/537.36 (KHTML, like Gecko; compatible; bingbot/2.0; +http://www.bing.com/bingbot.htm) Chrome/116.0.1938.76 Safari/537.36"
157.55.39.9 - - [10/Jan/2025:10:03:11 -0500] "GET /daakr/m478809.html HTTP/1.1" 200 69570 "-" "Mozilla/5.0 AppleWebKit/537.36 (KHTML, like Gecko; compatible; bingbot/2.0; +http://www.bing.com/bingbot.htm) Chrome/116.0.1938.76 Safari/537.36"
52.167.144.210 - - [10/Jan/2025:10:03:11 -0500] "GET /ejpoe/l2415002.html HTTP/1.1" 200 68823 "-" "Mozilla/5.0 AppleWebKit/537.36 (KHTML, like Gecko; compatible; bingbot/2.0; +http://www.bing.com/bingbot.htm) Chrome/116.0.1938.76 Safari/537.36"
207.46.13.31 - - [10/Jan/2025:10:03:11 -0500] "GET /kedmi/e93195.html HTTP/1.1" 200 68562 "-" "Mozilla/5.0 AppleWebKit/537.36 (KHTML, like Gecko; compatible; bingbot/2.0; +http://www.bing.com/bingbot.htm) Chrome/116.0.1938.76 Safari/537.36"
157.55.39.9 - - [10/Jan/2025:10:03:20 -0500] "GET /hvnzx/u238473.html HTTP/1.1" 200 70400 "-" "Mozilla/5.0 AppleWebKit/537.36 (KHTML, like Gecko; compatible; bingbot/2.0; +http://www.bing.com/bingbot.htm) Chrome/116.0.1938.76 Safari/537.36"
157.55.39.9 - - [10/Jan/2025:10:03:22 -0500] "GET /otumz/b1636110.html HTTP/1.1" 200 73548 "-" "Mozilla/5.0 AppleWebKit/537.36 (KHTML, like Gecko; compatible; bingbot/2.0; +http://www.bing.com/bingbot.htm) Chrome/116.0.1938.76 Safari/537.36"
157.55.39.9 - - [10/Jan/2025:10:03:23 -0500] "GET /putam/q2608967.html HTTP/1.1" 200 68102 "-" "Mozilla/5.0 AppleWebKit/537.36 (KHTML, like Gecko; compatible; bingbot/2.0; +http://www.bing.com/bingbot.htm) Chrome/116.0.1938.76 Safari/537.36"
40.77.167.79 - - [10/Jan/2025:10:03:39 -0500] "GET /ookwy/y2617217.html HTTP/1.1" 200 68063 "-" "Mozilla/5.0 AppleWebKit/537.36 (KHTML, like Gecko; compatible; bingbot/2.0; +http://www.bing.com/bingbot.htm) Chrome/116.0.1938.76 Safari/537.36"
207.46.13.31 - - [10/Jan/2025:10:03:39 -0500] "GET /seodf/a212401.html HTTP/1.1" 200 68118 "-" "Mozilla/5.0 AppleWebKit/537.36 (KHTML, like Gecko; compatible; bingbot/2.0; +http://www.bing.com/bingbot.htm) Chrome/116.0.1938.76 Safari/537.36"
40.77.167.79 - - [10/Jan/2025:10:03:41 -0500] "GET /spmus/y2382645.html HTTP/1.1" 200 68848 "-" "Mozilla/5.0 AppleWebKit/537.36 (KHTML, like Gecko; compatible; bingbot/2.0; +http://www.bing.com/bingbot.htm) Chrome/116.0.1938.76 Safari/537.36"
207.46.13.31 - - [10/Jan/2025:10:03:42 -0500] "GET /dzibc/f2569280.html HTTP/1.1" 200 70083 "-" "Mozilla/5.0 AppleWebKit/537.36 (KHTML, like Gecko; compatible; bingbot/2.0; +http://www.bing.com/bingbot.htm) Chrome/116.0.1938.76 Safari/537.36"
52.167.144.210 - - [10/Jan/2025:10:03:51 -0500] "GET /znpce/g2749513.html HTTP/1.1" 200 69038 "-" "Mozilla/5.0 AppleWebKit/537.36 (KHTML, like Gecko; compatible; bingbot/2.0; +http://www.bing.com/bingbot.htm) Chrome/116.0.1938.76 Safari/537.36"
52.167.144.210 - - [10/Jan/2025:10:03:53 -0500] "GET /ngvxn/p2362460.html HTTP/1.1" 200 68003 "-" "Mozilla/5.0 AppleWebKit/537.36 (KHTML, like Gecko; compatible; bingbot/2.0; +http://www.bing.com/bingbot.htm) Chrome/116.0.1938.76 Safari/537.36"
157.55.39.9 - - [10/Jan/2025:10:03:58 -0500] "GET /ohivq/z2201296.html HTTP/1.1" 200 68432 "-" "Mozilla/5.0 AppleWebKit/537.36 (KHTML, like Gecko; compatible; bingbot/2.0; +http://www.bing.com/bingbot.htm) Chrome/116.0.1938.76 Safari/537.36"
52.167.144.210 - - [10/Jan/2025:10:04:02 -0500] "GET /ixtlj/x2512150.html HTTP/1.1" 200 70393 "-" "Mozilla/5.0 AppleWebKit/537.36 (KHTML, like Gecko; compatible; bingbot/2.0; +http://www.bing.com/bingbot.htm) Chrome/116.0.1938.76 Safari/537.36"
40.77.167.79 - - [10/Jan/2025:10:04:08 -0500] "GET /cbdah/p883684.html HTTP/1.1" 200 70803 "-" "Mozilla/5.0 AppleWebKit/537.36 (KHTML, like Gecko; compatible; bingbot/2.0; +http://www.bing.com/bingbot.htm) Chrome/116.0.1938.76 Safari/537.36"
66.249.68.33 - - [10/Jan/2025:10:04:33 -0500] "GET /uytol/i627161.html HTTP/1.1" 200 68564 "-" "Mozilla/5.0 (Linux; Android 6.0.1; Nexus 5X Build/MMB29P) AppleWebKit/537.36 (KHTML, like Gecko) Chrome/131.0.6778.204 Mobile Safari/537.36 (compatible; Googlebot/2.1; +http://www.google.com/bot.html)"
207.46.13.31 - - [10/Jan/2025:10:04:39 -0500] "GET /xwpxg/u1164177.html HTTP/1.1" 200 67709 "-" "Mozilla/5.0 AppleWebKit/537.36 (KHTML, like Gecko; compatible; bingbot/2.0; +http://www.bing.com/bingbot.htm) Chrome/116.0.1938.76 Safari/537.36"
66.249.68.34 - - [10/Jan/2025:10:06:11 -0500] "GET /lgspx/n2903232.html HTTP/1.1" 200 68473 "-" "Mozilla/5.0 (Linux; Android 6.0.1; Nexus 5X Build/MMB29P) AppleWebKit/537.36 (KHTML, like Gecko) Chrome/131.0.6778.204 Mobile Safari/537.36 (compatible; Googlebot/2.1; +http://www.google.com/bot.html)"
52.167.144.17 - - [10/Jan/2025:10:06:37 -0500] "GET /kamsa/l1030294.html HTTP/1.1" 200 68506 "-" "Mozilla/5.0 AppleWebKit/537.36 (KHTML, like Gecko; compatible; bingbot/2.0; +http://www.bing.com/bingbot.htm) Chrome/116.0.1938.76 Safari/537.36"
66.249.68.35 - - [10/Jan/2025:10:12:32 -0500] "GET /qyevz/d2100758.html HTTP/1.1" 200 68685 "-" "Mozilla/5.0 (Linux; Android 6.0.1; Nexus 5X Build/MMB29P) AppleWebKit/537.36 (KHTML, like Gecko) Chrome/131.0.6778.204 Mobile Safari/537.36 (compatible; Googlebot/2.1; +http://www.google.com/bot.html)"
66.249.79.160 - - [10/Jan/2025:10:22:19 -0500] "GET /poqfa/z545980.html HTTP/1.1" 200 67816 "-" "Mozilla/5.0 (Linux; Android 6.0.1; Nexus 5X Build/MMB29P) AppleWebKit/537.36 (KHTML, like Gecko) Chrome/131.0.6778.204 Mobile Safari/537.36 (compatible; Googlebot/2.1; +http://www.google.com/bot.html)"
66.249.68.2 - - [10/Jan/2025:10:26:56 -0500] "GET /sstvy/l2204714.html HTTP/1.1" 200 68471 "-" "Mozilla/5.0 (Linux; Android 6.0.1; Nexus 5X Build/MMB29P) AppleWebKit/537.36 (KHTML, like Gecko) Chrome/131.0.6778.204 Mobile Safari/537.36 (compatible; Googlebot/2.1; +http://www.google.com/bot.html)"
66.249.79.196 - - [10/Jan/2025:10:28:29 -0500] "GET /zmjsq/s2547869.html HTTP/1.1" 200 68655 "-" "Mozilla/5.0 (Linux; Android 6.0.1; Nexus 5X Build/MMB29P) AppleWebKit/537.36 (KHTML, like Gecko) Chrome/131.0.6778.204 Mobile Safari/537.36 (compatible; Googlebot/2.1; +http://www.google.com/bot.html)"
66.249.79.105 - - [10/Jan/2025:10:28:46 -0500] "GET /bwwgo/n1638826.html HTTP/1.1" 200 68233 "-" "Mozilla/5.0 (Linux; Android 6.0.1; Nexus 5X Build/MMB29P) AppleWebKit/537.36 (KHTML, like Gecko) Chrome/131.0.6778.204 Mobile Safari/537.36 (compatible; Googlebot/2.1; +http://www.google.com/bot.html)"
66.249.79.3 - - [10/Jan/2025:10:29:36 -0500] "GET /nsihk/t2255240.html HTTP/1.1" 200 68114 "-" "Mozilla/5.0 (Linux; Android 6.0.1; Nexus 5X Build/MMB29P) AppleWebKit/537.36 (KHTML, like Gecko) Chrome/131.0.6778.204 Mobile Safari/537.36 (compatible; Googlebot/2.1; +http://www.google.com/bot.html)"
66.249.68.34 - - [10/Jan/2025:10:30:06 -0500] "GET /ydqxs/j1809564.html HTTP/1.1" 200 67536 "-" "Mozilla/5.0 (Linux; Android 6.0.1; Nexus 5X Build/MMB29P) AppleWebKit/537.36 (KHTML, like Gecko) Chrome/131.0.6778.204 Mobile Safari/537.36 (compatible; Googlebot/2.1; +http://www.google.com/bot.html)"
52.167.144.157 - - [10/Jan/2025:10:33:13 -0500] "GET /xyyag/g135759.html HTTP/1.1" 200 69357 "-" "Mozilla/5.0 AppleWebKit/537.36 (KHTML, like Gecko; compatible; bingbot/2.0; +http://www.bing.com/bingbot.htm) Chrome/116.0.1938.76 Safari/537.36"
52.167.144.183 - - [10/Jan/2025:10:33:32 -0500] "GET /oioil/v766482.html HTTP/1.1" 200 67813 "-" "Mozilla/5.0 AppleWebKit/537.36 (KHTML, like Gecko; compatible; bingbot/2.0; +http://www.bing.com/bingbot.htm) Chrome/116.0.1938.76 Safari/537.36"
52.167.144.183 - - [10/Jan/2025:10:33:35 -0500] "GET /jrary/o2497633.html HTTP/1.1" 200 69638 "-" "Mozilla/5.0 AppleWebKit/537.36 (KHTML, like Gecko; compatible; bingbot/2.0; +http://www.bing.com/bingbot.htm) Chrome/116.0.1938.76 Safari/537.36"
52.167.144.183 - - [10/Jan/2025:10:33:42 -0500] "GET /qczrb/r2467268.html HTTP/1.1" 200 69128 "-" "Mozilla/5.0 AppleWebKit/537.36 (KHTML, like Gecko; compatible; bingbot/2.0; +http://www.bing.com/bingbot.htm) Chrome/116.0.1938.76 Safari/537.36"
52.167.144.157 - - [10/Jan/2025:10:33:47 -0500] "GET /tommb/k2795017.html HTTP/1.1" 200 69956 "-" "Mozilla/5.0 AppleWebKit/537.36 (KHTML, like Gecko; compatible; bingbot/2.0; +http://www.bing.com/bingbot.htm) Chrome/116.0.1938.76 Safari/537.36"
207.46.13.31 - - [10/Jan/2025:10:34:02 -0500] "GET /dmzpr/x481966.html HTTP/1.1" 200 69520 "-" "Mozilla/5.0 AppleWebKit/537.36 (KHTML, like Gecko; compatible; bingbot/2.0; +http://www.bing.com/bingbot.htm) Chrome/116.0.1938.76 Safari/537.36"
207.46.13.31 - - [10/Jan/2025:10:34:04 -0500] "GET /svjbk/a1545941.html HTTP/1.1" 200 70134 "-" "Mozilla/5.0 AppleWebKit/537.36 (KHTML, like Gecko; compatible; bingbot/2.0; +http://www.bing.com/bingbot.htm) Chrome/116.0.1938.76 Safari/537.36"
207.46.13.157 - - [10/Jan/2025:10:34:32 -0500] "GET /cwbrn/f1193178.html HTTP/1.1" 200 69603 "-" "Mozilla/5.0 AppleWebKit/537.36 (KHTML, like Gecko; compatible; bingbot/2.0; +http://www.bing.com/bingbot.htm) Chrome/116.0.1938.76 Safari/537.36"
52.167.144.183 - - [10/Jan/2025:10:34:42 -0500] "GET /lkakg/p429412.html HTTP/1.1" 200 68589 "-" "Mozilla/5.0 AppleWebKit/537.36 (KHTML, like Gecko; compatible; bingbot/2.0; +http://www.bing.com/bingbot.htm) Chrome/116.0.1938.76 Safari/537.36"
207.46.13.157 - - [10/Jan/2025:10:34:43 -0500] "GET /irtvk/l990306.html HTTP/1.1" 200 71744 "-" "Mozilla/5.0 AppleWebKit/537.36 (KHTML, like Gecko; compatible; bingbot/2.0; +http://www.bing.com/bingbot.htm) Chrome/116.0.1938.76 Safari/537.36"
52.167.144.157 - - [10/Jan/2025:10:34:46 -0500] "GET /pphwj/c2113549.html HTTP/1.1" 200 68689 "-" "Mozilla/5.0 AppleWebKit/537.36 (KHTML, like Gecko; compatible; bingbot/2.0; +http://www.bing.com/bingbot.htm) Chrome/116.0.1938.76 Safari/537.36"
52.167.144.157 - - [10/Jan/2025:10:34:49 -0500] "GET /peozz/z300514.html HTTP/1.1" 200 70386 "-" "Mozilla/5.0 AppleWebKit/537.36 (KHTML, like Gecko; compatible; bingbot/2.0; +http://www.bing.com/bingbot.htm) Chrome/116.0.1938.76 Safari/537.36"
52.167.144.183 - - [10/Jan/2025:10:35:03 -0500] "GET /lfkav/e2538651.html HTTP/1.1" 200 68678 "-" "Mozilla/5.0 AppleWebKit/537.36 (KHTML, like Gecko; compatible; bingbot/2.0; +http://www.bing.com/bingbot.htm) Chrome/116.0.1938.76 Safari/537.36"
40.77.167.20 - - [10/Jan/2025:10:35:03 -0500] "GET /jyoml/k682413.html HTTP/1.1" 200 69941 "-" "Mozilla/5.0 AppleWebKit/537.36 (KHTML, like Gecko; compatible; bingbot/2.0; +http://www.bing.com/bingbot.htm) Chrome/116.0.1938.76 Safari/537.36"
52.167.144.183 - - [10/Jan/2025:10:35:05 -0500] "GET /qhkil/h2332344.html HTTP/1.1" 200 70148 "-" "Mozilla/5.0 AppleWebKit/537.36 (KHTML, like Gecko; compatible; bingbot/2.0; +http://www.bing.com/bingbot.htm) Chrome/116.0.1938.76 Safari/537.36"
52.167.144.183 - - [10/Jan/2025:10:35:13 -0500] "GET /clxba/y1662237.html HTTP/1.1" 200 68115 "-" "Mozilla/5.0 AppleWebKit/537.36 (KHTML, like Gecko; compatible; bingbot/2.0; +http://www.bing.com/bingbot.htm) Chrome/116.0.1938.76 Safari/537.36"
52.167.144.172 - - [10/Jan/2025:10:35:14 -0500] "GET /ikynw/q2545293.html HTTP/1.1" 200 68547 "-" "Mozilla/5.0 AppleWebKit/537.36 (KHTML, like Gecko; compatible; bingbot/2.0; +http://www.bing.com/bingbot.htm) Chrome/116.0.1938.76 Safari/537.36"
52.167.144.157 - - [10/Jan/2025:10:35:18 -0500] "GET /zuscn/x2595012.html HTTP/1.1" 200 71013 "-" "Mozilla/5.0 AppleWebKit/537.36 (KHTML, like Gecko; compatible; bingbot/2.0; +http://www.bing.com/bingbot.htm) Chrome/116.0.1938.76 Safari/537.36"
52.167.144.157 - - [10/Jan/2025:10:35:20 -0500] "GET /sttfh/u396917.html HTTP/1.1" 200 68355 "-" "Mozilla/5.0 AppleWebKit/537.36 (KHTML, like Gecko; compatible; bingbot/2.0; +http://www.bing.com/bingbot.htm) Chrome/116.0.1938.76 Safari/537.36"
52.167.144.172 - - [10/Jan/2025:10:35:22 -0500] "GET /jcgcz/v1239604.html HTTP/1.1" 200 68805 "-" "Mozilla/5.0 AppleWebKit/537.36 (KHTML, like Gecko; compatible; bingbot/2.0; +http://www.bing.com/bingbot.htm) Chrome/116.0.1938.76 Safari/537.36"
52.167.144.157 - - [10/Jan/2025:10:35:22 -0500] "GET /jithb/p144920.html HTTP/1.1" 200 68284 "-" "Mozilla/5.0 AppleWebKit/537.36 (KHTML, like Gecko; compatible; bingbot/2.0; +http://www.bing.com/bingbot.htm) Chrome/116.0.1938.76 Safari/537.36"
40.77.167.20 - - [10/Jan/2025:10:35:26 -0500] "GET /hqhtw/j938642.html HTTP/1.1" 200 69763 "-" "Mozilla/5.0 AppleWebKit/537.36 (KHTML, like Gecko; compatible; bingbot/2.0; +http://www.bing.com/bingbot.htm) Chrome/116.0.1938.76 Safari/537.36"
40.77.167.20 - - [10/Jan/2025:10:35:28 -0500] "GET /vmzun/i2998335.html HTTP/1.1" 200 68750 "-" "Mozilla/5.0 AppleWebKit/537.36 (KHTML, like Gecko; compatible; bingbot/2.0; +http://www.bing.com/bingbot.htm) Chrome/116.0.1938.76 Safari/537.36"
207.46.13.157 - - [10/Jan/2025:10:35:33 -0500] "GET /sgoxu/z341126.html HTTP/1.1" 200 69614 "-" "Mozilla/5.0 AppleWebKit/537.36 (KHTML, like Gecko; compatible; bingbot/2.0; +http://www.bing.com/bingbot.htm) Chrome/116.0.1938.76 Safari/537.36"
66.249.79.160 - - [10/Jan/2025:10:35:34 -0500] "GET /kokzx/e1571529.html HTTP/1.1" 200 70868 "-" "Mozilla/5.0 (Linux; Android 6.0.1; Nexus 5X Build/MMB29P) AppleWebKit/537.36 (KHTML, like Gecko) Chrome/131.0.6778.204 Mobile Safari/537.36 (compatible; Googlebot/2.1; +http://www.google.com/bot.html)"
207.46.13.157 - - [10/Jan/2025:10:35:35 -0500] "GET /ifcpp/k1133487.html HTTP/1.1" 200 68638 "-" "Mozilla/5.0 AppleWebKit/537.36 (KHTML, like Gecko; compatible; bingbot/2.0; +http://www.bing.com/bingbot.htm) Chrome/116.0.1938.76 Safari/537.36"
207.46.13.157 - - [10/Jan/2025:10:35:36 -0500] "GET /zlooe/s935115.html HTTP/1.1" 200 69977 "-" "Mozilla/5.0 AppleWebKit/537.36 (KHTML, like Gecko; compatible; bingbot/2.0; +http://www.bing.com/bingbot.htm) Chrome/116.0.1938.76 Safari/537.36"
207.46.13.31 - - [10/Jan/2025:10:35:43 -0500] "GET /wkjla/j209160.html HTTP/1.1" 200 67996 "-" "Mozilla/5.0 AppleWebKit/537.36 (KHTML, like Gecko; compatible; bingbot/2.0; +http://www.bing.com/bingbot.htm) Chrome/116.0.1938.76 Safari/537.36"
207.46.13.31 - - [10/Jan/2025:10:35:45 -0500] "GET /yjznp/n1983508.html HTTP/1.1" 200 69721 "-" "Mozilla/5.0 AppleWebKit/537.36 (KHTML, like Gecko; compatible; bingbot/2.0; +http://www.bing.com/bingbot.htm) Chrome/116.0.1938.76 Safari/537.36"
40.77.167.20 - - [10/Jan/2025:10:35:45 -0500] "GET /lbloj/a1680985.html HTTP/1.1" 200 68307 "-" "Mozilla/5.0 AppleWebKit/537.36 (KHTML, like Gecko; compatible; bingbot/2.0; +http://www.bing.com/bingbot.htm) Chrome/116.0.1938.76 Safari/537.36"
52.167.144.172 - - [10/Jan/2025:10:35:49 -0500] "GET /nnhgz/b1816862.html HTTP/1.1" 200 69177 "-" "Mozilla/5.0 AppleWebKit/537.36 (KHTML, like Gecko; compatible; bingbot/2.0; +http://www.bing.com/bingbot.htm) Chrome/116.0.1938.76 Safari/537.36"
52.167.144.172 - - [10/Jan/2025:10:35:51 -0500] "GET /nbmpl/o2595471.html HTTP/1.1" 200 69412 "-" "Mozilla/5.0 AppleWebKit/537.36 (KHTML, like Gecko; compatible; bingbot/2.0; +http://www.bing.com/bingbot.htm) Chrome/116.0.1938.76 Safari/537.36"
52.167.144.183 - - [10/Jan/2025:10:35:54 -0500] "GET /nxohg/n2304582.html HTTP/1.1" 200 68642 "-" "Mozilla/5.0 AppleWebKit/537.36 (KHTML, like Gecko; compatible; bingbot/2.0; +http://www.bing.com/bingbot.htm) Chrome/116.0.1938.76 Safari/537.36"
207.46.13.157 - - [10/Jan/2025:10:35:54 -0500] "GET /cqitb/c2660927.html HTTP/1.1" 200 70411 "-" "Mozilla/5.0 AppleWebKit/537.36 (KHTML, like Gecko; compatible; bingbot/2.0; +http://www.bing.com/bingbot.htm) Chrome/116.0.1938.76 Safari/537.36"
52.167.144.183 - - [10/Jan/2025:10:35:56 -0500] "GET /puzhd/p2405880.html HTTP/1.1" 200 67834 "-" "Mozilla/5.0 AppleWebKit/537.36 (KHTML, like Gecko; compatible; bingbot/2.0; +http://www.bing.com/bingbot.htm) Chrome/116.0.1938.76 Safari/537.36"
52.167.144.183 - - [10/Jan/2025:10:35:58 -0500] "GET /epiqt/t237276.html HTTP/1.1" 200 69680 "-" "Mozilla/5.0 AppleWebKit/537.36 (KHTML, like Gecko; compatible; bingbot/2.0; +http://www.bing.com/bingbot.htm) Chrome/116.0.1938.76 Safari/537.36"
52.167.144.234 - - [10/Jan/2025:10:36:05 -0500] "GET /ybkwo/i2975091.html HTTP/1.1" 200 68644 "-" "Mozilla/5.0 AppleWebKit/537.36 (KHTML, like Gecko; compatible; bingbot/2.0; +http://www.bing.com/bingbot.htm) Chrome/116.0.1938.76 Safari/537.36"
40.77.167.18 - - [10/Jan/2025:10:36:13 -0500] "GET /tekhz/t144144.html HTTP/1.1" 200 70043 "-" "Mozilla/5.0 AppleWebKit/537.36 (KHTML, like Gecko; compatible; bingbot/2.0; +http://www.bing.com/bingbot.htm) Chrome/116.0.1938.76 Safari/537.36"
40.77.167.18 - - [10/Jan/2025:10:36:15 -0500] "GET /lpqky/i2253929.html HTTP/1.1" 200 68161 "-" "Mozilla/5.0 AppleWebKit/537.36 (KHTML, like Gecko; compatible; bingbot/2.0; +http://www.bing.com/bingbot.htm) Chrome/116.0.1938.76 Safari/537.36"
40.77.167.18 - - [10/Jan/2025:10:36:17 -0500] "GET /bcwon/w1088233.html HTTP/1.1" 200 68154 "-" "Mozilla/5.0 AppleWebKit/537.36 (KHTML, like Gecko; compatible; bingbot/2.0; +http://www.bing.com/bingbot.htm) Chrome/116.0.1938.76 Safari/537.36"
52.167.144.225 - - [10/Jan/2025:10:36:33 -0500] "GET /tvcvr/l527454.html HTTP/1.1" 200 67786 "-" "Mozilla/5.0 AppleWebKit/537.36 (KHTML, like Gecko; compatible; bingbot/2.0; +http://www.bing.com/bingbot.htm) Chrome/116.0.1938.76 Safari/537.36"
52.167.144.157 - - [10/Jan/2025:10:36:37 -0500] "GET /agxwc/y1015799.html HTTP/1.1" 200 69969 "-" "Mozilla/5.0 AppleWebKit/537.36 (KHTML, like Gecko; compatible; bingbot/2.0; +http://www.bing.com/bingbot.htm) Chrome/116.0.1938.76 Safari/537.36"
52.167.144.157 - - [10/Jan/2025:10:36:39 -0500] "GET /ekfvr/w3007293.html HTTP/1.1" 200 70088 "-" "Mozilla/5.0 AppleWebKit/537.36 (KHTML, like Gecko; compatible; bingbot/2.0; +http://www.bing.com/bingbot.htm) Chrome/116.0.1938.76 Safari/537.36"
40.77.167.18 - - [10/Jan/2025:10:36:44 -0500] "GET /qvjed/r669836.html HTTP/1.1" 200 68620 "-" "Mozilla/5.0 AppleWebKit/537.36 (KHTML, like Gecko; compatible; bingbot/2.0; +http://www.bing.com/bingbot.htm) Chrome/116.0.1938.76 Safari/537.36"
207.46.13.157 - - [10/Jan/2025:10:36:45 -0500] "GET /nqkpb/z1941374.html HTTP/1.1" 200 69281 "-" "Mozilla/5.0 AppleWebKit/537.36 (KHTML, like Gecko; compatible; bingbot/2.0; +http://www.bing.com/bingbot.htm) Chrome/116.0.1938.76 Safari/537.36"
40.77.167.18 - - [10/Jan/2025:10:36:47 -0500] "GET /zekak/h2377142.html HTTP/1.1" 200 70336 "-" "Mozilla/5.0 AppleWebKit/537.36 (KHTML, like Gecko; compatible; bingbot/2.0; +http://www.bing.com/bingbot.htm) Chrome/116.0.1938.76 Safari/537.36"
207.46.13.157 - - [10/Jan/2025:10:36:47 -0500] "GET /nnzlt/w792431.html HTTP/1.1" 200 67816 "-" "Mozilla/5.0 AppleWebKit/537.36 (KHTML, like Gecko; compatible; bingbot/2.0; +http://www.bing.com/bingbot.htm) Chrome/116.0.1938.76 Safari/537.36"
52.167.144.157 - - [10/Jan/2025:10:36:54 -0500] "GET /pxvnp/u2127399.html HTTP/1.1" 200 71743 "-" "Mozilla/5.0 AppleWebKit/537.36 (KHTML, like Gecko; compatible; bingbot/2.0; +http://www.bing.com/bingbot.htm) Chrome/116.0.1938.76 Safari/537.36"
207.46.13.157 - - [10/Jan/2025:10:37:05 -0500] "GET /cvsko/j576826.html HTTP/1.1" 200 68825 "-" "Mozilla/5.0 AppleWebKit/537.36 (KHTML, like Gecko; compatible; bingbot/2.0; +http://www.bing.com/bingbot.htm) Chrome/116.0.1938.76 Safari/537.36"
52.167.144.234 - - [10/Jan/2025:10:37:06 -0500] "GET /evndt/k1960209.html HTTP/1.1" 200 69737 "-" "Mozilla/5.0 AppleWebKit/537.36 (KHTML, like Gecko; compatible; bingbot/2.0; +http://www.bing.com/bingbot.htm) Chrome/116.0.1938.76 Safari/537.36"
52.167.144.234 - - [10/Jan/2025:10:37:14 -0500] "GET /nivff/t2867904.html HTTP/1.1" 200 68837 "-" "Mozilla/5.0 AppleWebKit/537.36 (KHTML, like Gecko; compatible; bingbot/2.0; +http://www.bing.com/bingbot.htm) Chrome/116.0.1938.76 Safari/537.36"
207.46.13.157 - - [10/Jan/2025:10:37:22 -0500] "GET /dqksh/b2900932.html HTTP/1.1" 200 68099 "-" "Mozilla/5.0 AppleWebKit/537.36 (KHTML, like Gecko; compatible; bingbot/2.0; +http://www.bing.com/bingbot.htm) Chrome/116.0.1938.76 Safari/537.36"
207.46.13.157 - - [10/Jan/2025:10:37:23 -0500] "GET /zlesa/g1231087.html HTTP/1.1" 200 68001 "-" "Mozilla/5.0 AppleWebKit/537.36 (KHTML, like Gecko; compatible; bingbot/2.0; +http://www.bing.com/bingbot.htm) Chrome/116.0.1938.76 Safari/537.36"
52.167.144.157 - - [10/Jan/2025:10:37:24 -0500] "GET /zuoos/a2111181.html HTTP/1.1" 200 68668 "-" "Mozilla/5.0 AppleWebKit/537.36 (KHTML, like Gecko; compatible; bingbot/2.0; +http://www.bing.com/bingbot.htm) Chrome/116.0.1938.76 Safari/537.36"
40.77.167.18 - - [10/Jan/2025:10:37:26 -0500] "GET /pdvmq/y2844145.html HTTP/1.1" 200 69381 "-" "Mozilla/5.0 AppleWebKit/537.36 (KHTML, like Gecko; compatible; bingbot/2.0; +http://www.bing.com/bingbot.htm) Chrome/116.0.1938.76 Safari/537.36"
40.77.167.18 - - [10/Jan/2025:10:37:27 -0500] "GET /xtqyc/y2495069.html HTTP/1.1" 200 70566 "-" "Mozilla/5.0 AppleWebKit/537.36 (KHTML, like Gecko; compatible; bingbot/2.0; +http://www.bing.com/bingbot.htm) Chrome/116.0.1938.76 Safari/537.36"
40.77.167.18 - - [10/Jan/2025:10:37:33 -0500] "GET /ntoqu/h2796158.html HTTP/1.1" 200 69444 "-" "Mozilla/5.0 AppleWebKit/537.36 (KHTML, like Gecko; compatible; bingbot/2.0; +http://www.bing.com/bingbot.htm) Chrome/116.0.1938.76 Safari/537.36"
66.249.68.35 - - [10/Jan/2025:10:37:40 -0500] "GET /xtmah/g242905.html HTTP/1.1" 200 68378 "-" "Mozilla/5.0 (Linux; Android 6.0.1; Nexus 5X Build/MMB29P) AppleWebKit/537.36 (KHTML, like Gecko) Chrome/131.0.6778.204 Mobile Safari/537.36 (compatible; Googlebot/2.1; +http://www.google.com/bot.html)"
207.46.13.157 - - [10/Jan/2025:10:37:43 -0500] "GET /mflej/m911111.html HTTP/1.1" 200 69478 "-" "Mozilla/5.0 AppleWebKit/537.36 (KHTML, like Gecko; compatible; bingbot/2.0; +http://www.bing.com/bingbot.htm) Chrome/116.0.1938.76 Safari/537.36"
40.77.167.18 - - [10/Jan/2025:10:37:54 -0500] "GET /xnztv/m2261057.html HTTP/1.1" 200 71303 "-" "Mozilla/5.0 AppleWebKit/537.36 (KHTML, like Gecko; compatible; bingbot/2.0; +http://www.bing.com/bingbot.htm) Chrome/116.0.1938.76 Safari/537.36"
52.167.144.225 - - [10/Jan/2025:10:37:55 -0500] "GET /lbdpc/n662578.html HTTP/1.1" 200 70504 "-" "Mozilla/5.0 AppleWebKit/537.36 (KHTML, like Gecko; compatible; bingbot/2.0; +http://www.bing.com/bingbot.htm) Chrome/116.0.1938.76 Safari/537.36"
52.167.144.234 - - [10/Jan/2025:10:38:04 -0500] "GET /fchmu/d814980.html HTTP/1.1" 200 74681 "-" "Mozilla/5.0 AppleWebKit/537.36 (KHTML, like Gecko; compatible; bingbot/2.0; +http://www.bing.com/bingbot.htm) Chrome/116.0.1938.76 Safari/537.36"
52.167.144.157 - - [10/Jan/2025:10:38:05 -0500] "GET /sdazl/z305038.html HTTP/1.1" 200 69877 "-" "Mozilla/5.0 AppleWebKit/537.36 (KHTML, like Gecko; compatible; bingbot/2.0; +http://www.bing.com/bingbot.htm) Chrome/116.0.1938.76 Safari/537.36"
66.249.68.68 - - [10/Jan/2025:10:38:12 -0500] "GET /wpudm/m2731007.html HTTP/1.1" 200 69604 "-" "Mozilla/5.0 (Linux; Android 6.0.1; Nexus 5X Build/MMB29P) AppleWebKit/537.36 (KHTML, like Gecko) Chrome/131.0.6778.204 Mobile Safari/537.36 (compatible; Googlebot/2.1; +http://www.google.com/bot.html)"
207.46.13.31 - - [10/Jan/2025:10:38:15 -0500] "GET /evpwb/w2755275.html HTTP/1.1" 200 69453 "-" "Mozilla/5.0 AppleWebKit/537.36 (KHTML, like Gecko; compatible; bingbot/2.0; +http://www.bing.com/bingbot.htm) Chrome/116.0.1938.76 Safari/537.36"
40.77.167.18 - - [10/Jan/2025:10:38:17 -0500] "GET /yjtpf/c2561763.html HTTP/1.1" 200 71786 "-" "Mozilla/5.0 AppleWebKit/537.36 (KHTML, like Gecko; compatible; bingbot/2.0; +http://www.bing.com/bingbot.htm) Chrome/116.0.1938.76 Safari/537.36"
207.46.13.31 - - [10/Jan/2025:10:38:17 -0500] "GET /jxazx/u2834469.html HTTP/1.1" 200 68220 "-" "Mozilla/5.0 AppleWebKit/537.36 (KHTML, like Gecko; compatible; bingbot/2.0; +http://www.bing.com/bingbot.htm) Chrome/116.0.1938.76 Safari/537.36"
40.77.167.18 - - [10/Jan/2025:10:38:19 -0500] "GET /mnbrm/o2986719.html HTTP/1.1" 200 67952 "-" "Mozilla/5.0 AppleWebKit/537.36 (KHTML, like Gecko; compatible; bingbot/2.0; +http://www.bing.com/bingbot.htm) Chrome/116.0.1938.76 Safari/537.36"
52.167.144.157 - - [10/Jan/2025:10:38:27 -0500] "GET /yonet/t95264.html HTTP/1.1" 200 73476 "-" "Mozilla/5.0 AppleWebKit/537.36 (KHTML, like Gecko; compatible; bingbot/2.0; +http://www.bing.com/bingbot.htm) Chrome/116.0.1938.76 Safari/537.36"
52.167.144.234 - - [10/Jan/2025:10:38:27 -0500] "GET /xvmjl/o2959731.html HTTP/1.1" 200 68976 "-" "Mozilla/5.0 AppleWebKit/537.36 (KHTML, like Gecko; compatible; bingbot/2.0; +http://www.bing.com/bingbot.htm) Chrome/116.0.1938.76 Safari/537.36"
207.46.13.157 - - [10/Jan/2025:10:38:33 -0500] "GET /pnbut/i2699413.html HTTP/1.1" 200 75298 "-" "Mozilla/5.0 AppleWebKit/537.36 (KHTML, like Gecko; compatible; bingbot/2.0; +http://www.bing.com/bingbot.htm) Chrome/116.0.1938.76 Safari/537.36"
207.46.13.31 - - [10/Jan/2025:10:38:35 -0500] "GET /uutgz/s2362879.html HTTP/1.1" 200 67790 "-" "Mozilla/5.0 AppleWebKit/537.36 (KHTML, like Gecko; compatible; bingbot/2.0; +http://www.bing.com/bingbot.htm) Chrome/116.0.1938.76 Safari/537.36"
207.46.13.157 - - [10/Jan/2025:10:38:35 -0500] "GET /xojrg/o2228481.html HTTP/1.1" 200 67672 "-" "Mozilla/5.0 AppleWebKit/537.36 (KHTML, like Gecko; compatible; bingbot/2.0; +http://www.bing.com/bingbot.htm) Chrome/116.0.1938.76 Safari/537.36"
207.46.13.31 - - [10/Jan/2025:10:38:36 -0500] "GET /cdkqf/u1020241.html HTTP/1.1" 200 70591 "-" "Mozilla/5.0 AppleWebKit/537.36 (KHTML, like Gecko; compatible; bingbot/2.0; +http://www.bing.com/bingbot.htm) Chrome/116.0.1938.76 Safari/537.36"
40.77.167.18 - - [10/Jan/2025:10:38:42 -0500] "GET /lzynd/x2817000.html HTTP/1.1" 200 70902 "-" "Mozilla/5.0 AppleWebKit/537.36 (KHTML, like Gecko; compatible; bingbot/2.0; +http://www.bing.com/bingbot.htm) Chrome/116.0.1938.76 Safari/537.36"
52.167.144.225 - - [10/Jan/2025:10:38:44 -0500] "GET /kanne/d2884814.html HTTP/1.1" 200 67817 "-" "Mozilla/5.0 AppleWebKit/537.36 (KHTML, like Gecko; compatible; bingbot/2.0; +http://www.bing.com/bingbot.htm) Chrome/116.0.1938.76 Safari/537.36"
52.167.144.234 - - [10/Jan/2025:10:38:47 -0500] "GET /uasgp/c2574659.html HTTP/1.1" 200 69321 "-" "Mozilla/5.0 AppleWebKit/537.36 (KHTML, like Gecko; compatible; bingbot/2.0; +http://www.bing.com/bingbot.htm) Chrome/116.0.1938.76 Safari/537.36"
52.167.144.225 - - [10/Jan/2025:10:38:47 -0500] "GET /tzebm/p2467110.html HTTP/1.1" 200 69266 "-" "Mozilla/5.0 AppleWebKit/537.36 (KHTML, like Gecko; compatible; bingbot/2.0; +http://www.bing.com/bingbot.htm) Chrome/116.0.1938.76 Safari/537.36"
207.46.13.157 - - [10/Jan/2025:10:38:52 -0500] "GET /kavgi/a949397.html HTTP/1.1" 200 68468 "-" "Mozilla/5.0 AppleWebKit/537.36 (KHTML, like Gecko; compatible; bingbot/2.0; +http://www.bing.com/bingbot.htm) Chrome/116.0.1938.76 Safari/537.36"
40.77.167.18 - - [10/Jan/2025:10:39:05 -0500] "GET /zifnd/g1912495.html HTTP/1.1" 200 69020 "-" "Mozilla/5.0 AppleWebKit/537.36 (KHTML, like Gecko; compatible; bingbot/2.0; +http://www.bing.com/bingbot.htm) Chrome/116.0.1938.76 Safari/537.36"
52.167.144.157 - - [10/Jan/2025:10:39:15 -0500] "GET /mkpyr/p1652010.html HTTP/1.1" 200 70288 "-" "Mozilla/5.0 AppleWebKit/537.36 (KHTML, like Gecko; compatible; bingbot/2.0; +http://www.bing.com/bingbot.htm) Chrome/116.0.1938.76 Safari/537.36"
207.46.13.157 - - [10/Jan/2025:10:39:24 -0500] "GET /aryej/n2427562.html HTTP/1.1" 200 72937 "-" "Mozilla/5.0 AppleWebKit/537.36 (KHTML, like Gecko; compatible; bingbot/2.0; +http://www.bing.com/bingbot.htm) Chrome/116.0.1938.76 Safari/537.36"
52.167.144.234 - - [10/Jan/2025:10:39:25 -0500] "GET /tmfut/f278836.html HTTP/1.1" 200 69900 "-" "Mozilla/5.0 AppleWebKit/537.36 (KHTML, like Gecko; compatible; bingbot/2.0; +http://www.bing.com/bingbot.htm) Chrome/116.0.1938.76 Safari/537.36"
207.46.13.157 - - [10/Jan/2025:10:39:27 -0500] "GET /unjee/u2921439.html HTTP/1.1" 200 68752 "-" "Mozilla/5.0 AppleWebKit/537.36 (KHTML, like Gecko; compatible; bingbot/2.0; +http://www.bing.com/bingbot.htm) Chrome/116.0.1938.76 Safari/537.36"
40.77.167.18 - - [10/Jan/2025:10:39:36 -0500] "GET /pjzuq/r536066.html HTTP/1.1" 200 70061 "-" "Mozilla/5.0 AppleWebKit/537.36 (KHTML, like Gecko; compatible; bingbot/2.0; +http://www.bing.com/bingbot.htm) Chrome/116.0.1938.76 Safari/537.36"
40.77.167.18 - - [10/Jan/2025:10:39:58 -0500] "GET /uctjm/u2198535.html HTTP/1.1" 200 69209 "-" "Mozilla/5.0 AppleWebKit/537.36 (KHTML, like Gecko; compatible; bingbot/2.0; +http://www.bing.com/bingbot.htm) Chrome/116.0.1938.76 Safari/537.36"
52.167.144.234 - - [10/Jan/2025:10:39:58 -0500] "GET /rjtqa/h1220298.html HTTP/1.1" 200 67894 "-" "Mozilla/5.0 AppleWebKit/537.36 (KHTML, like Gecko; compatible; bingbot/2.0; +http://www.bing.com/bingbot.htm) Chrome/116.0.1938.76 Safari/537.36"
52.167.144.225 - - [10/Jan/2025:10:40:03 -0500] "GET /yijca/f2597958.html HTTP/1.1" 200 67994 "-" "Mozilla/5.0 AppleWebKit/537.36 (KHTML, like Gecko; compatible; bingbot/2.0; +http://www.bing.com/bingbot.htm) Chrome/116.0.1938.76 Safari/537.36"
52.167.144.234 - - [10/Jan/2025:10:40:17 -0500] "GET /nbkga/p2201208.html HTTP/1.1" 200 70895 "-" "Mozilla/5.0 AppleWebKit/537.36 (KHTML, like Gecko; compatible; bingbot/2.0; +http://www.bing.com/bingbot.htm) Chrome/116.0.1938.76 Safari/537.36"
52.167.144.157 - - [10/Jan/2025:10:40:33 -0500] "GET /nfupd/o758857.html HTTP/1.1" 200 67349 "-" "Mozilla/5.0 AppleWebKit/537.36 (KHTML, like Gecko; compatible; bingbot/2.0; +http://www.bing.com/bingbot.htm) Chrome/116.0.1938.76 Safari/537.36"
52.167.144.157 - - [10/Jan/2025:10:40:36 -0500] "GET /tsuoo/v663600.html HTTP/1.1" 200 68923 "-" "Mozilla/5.0 AppleWebKit/537.36 (KHTML, like Gecko; compatible; bingbot/2.0; +http://www.bing.com/bingbot.htm) Chrome/116.0.1938.76 Safari/537.36"
40.77.167.18 - - [10/Jan/2025:10:40:56 -0500] "GET /mufqo/k1922327.html HTTP/1.1" 200 67184 "-" "Mozilla/5.0 AppleWebKit/537.36 (KHTML, like Gecko; compatible; bingbot/2.0; +http://www.bing.com/bingbot.htm) Chrome/116.0.1938.76 Safari/537.36"
52.167.144.225 - - [10/Jan/2025:10:41:04 -0500] "GET /wqnqx/c625127.html HTTP/1.1" 200 68488 "-" "Mozilla/5.0 AppleWebKit/537.36 (KHTML, like Gecko; compatible; bingbot/2.0; +http://www.bing.com/bingbot.htm) Chrome/116.0.1938.76 Safari/537.36"
52.167.144.225 - - [10/Jan/2025:10:41:06 -0500] "GET /qnwsh/f1259894.html HTTP/1.1" 200 71876 "-" "Mozilla/5.0 AppleWebKit/537.36 (KHTML, like Gecko; compatible; bingbot/2.0; +http://www.bing.com/bingbot.htm) Chrome/116.0.1938.76 Safari/537.36"
207.46.13.157 - - [10/Jan/2025:10:43:51 -0500] "GET /scrby/f1211508.html HTTP/1.1" 200 69945 "-" "Mozilla/5.0 AppleWebKit/537.36 (KHTML, like Gecko; compatible; bingbot/2.0; +http://www.bing.com/bingbot.htm) Chrome/116.0.1938.76 Safari/537.36"
66.249.79.196 - - [10/Jan/2025:10:48:24 -0500] "GET /lbppv/c2565195.html HTTP/1.1" 200 74037 "-" "Mozilla/5.0 (Linux; Android 6.0.1; Nexus 5X Build/MMB29P) AppleWebKit/537.36 (KHTML, like Gecko) Chrome/131.0.6778.204 Mobile Safari/537.36 (compatible; Googlebot/2.1; +http://www.google.com/bot.html)"
66.29.132.124 - - [10/Jan/2025:10:56:25 -0500] "POST /wp-cron.php?doing_wp_cron=1736524584.4745919704437255859375 HTTP/1.1" 200 0 "-" "WordPress/6.7.1; https://diixadigital.com"
169.150.205.139 - - [10/Jan/2025:10:55:18 -0500] "GET /contact-us HTTP/1.1" 301 0 "-" "Mozilla/5.0 (Windows NT 10.0; Win64; x64) AppleWebKit/537.36 (KHTML, like Gecko) Chrome/114.0.0.0 Safari/537.36 Edg/114.0.1264.71"
66.29.132.124 - - [10/Jan/2025:10:56:33 -0500] "POST /wp-admin/admin-ajax.php?action=async_litespeed&nonce=WDJGZVmk0wSOWnUttqlNl2Q0UsvEaNpT&litespeed_type=imgoptm HTTP/1.1" 200 0 "-" "WordPress/6.7.1; https://diixadigital.com"
169.150.205.139 - - [10/Jan/2025:10:56:28 -0500] "GET /contact-us/ HTTP/1.1" 200 16267 "https://diixadigital.com/contact-us" "Mozilla/5.0 (Windows NT 10.0; Win64; x64) AppleWebKit/537.36 (KHTML, like Gecko) Chrome/114.0.0.0 Safari/537.36 Edg/114.0.1264.71"
169.150.205.139 - - [10/Jan/2025:10:56:47 -0500] "GET /wp-content/plugins/contact-form-7/includes/js/index.js?ver=6.0.2 HTTP/1.1" 200 4008 "https://diixadigital.com/contact-us/" "Mozilla/5.0 (Windows NT 10.0; Win64; x64) AppleWebKit/537.36 (KHTML, like Gecko) Chrome/114.0.0.0 Safari/537.36 Edg/114.0.1264.71"
66.29.132.124 - - [10/Jan/2025:10:57:00 -0500] "POST /wp-cron.php?doing_wp_cron=1736524619.5090711116790771484375 HTTP/1.1" 200 0 "-" "WordPress/6.7.1; https://diixadigital.com"
66.29.132.124 - - [10/Jan/2025:10:57:12 -0500] "POST /wp-admin/admin-ajax.php?action=async_litespeed&nonce=392Vg7TcpcNNYa3Lz451KmIKEbez0ZV0&litespeed_type=imgoptm HTTP/1.1" 200 0 "-" "WordPress/6.7.1; https://diixadigital.com"
169.150.205.139 - - [10/Jan/2025:10:56:48 -0500] "POST /wp-json/contact-form-7/v1/contact-forms/407/feedback HTTP/1.1" 200 233 "https://diixadigital.com/contact-us/" "Mozilla/5.0 (Windows NT 10.0; Win64; x64) AppleWebKit/537.36 (KHTML, like Gecko) Chrome/114.0.0.0 Safari/537.36 Edg/114.0.1264.71"
5.255.231.41 - - [10/Jan/2025:10:59:20 -0500] "GET /robots.txt HTTP/1.1" 200 1922 "-" "Mozilla/5.0 (compatible; YandexBot/3.0; +http://yandex.com/bots)"
5.255.231.82 - - [10/Jan/2025:10:59:46 -0500] "GET /sitemap482.xml HTTP/1.1" 200 19234 "-" "Mozilla/5.0 (compatible; YandexBot/3.0; +http://yandex.com/bots)"
66.29.132.124 - - [10/Jan/2025:10:59:49 -0500] "POST /wp-cron.php?doing_wp_cron=1736524789.0267701148986816406250 HTTP/1.1" 200 0 "-" "WordPress/6.7.1; https://diixadigital.com"
213.180.203.190 - - [10/Jan/2025:10:59:46 -0500] "GET /sitemap-4.xml HTTP/1.1" 200 19086 "-" "Mozilla/5.0 (compatible; YandexBot/3.0; +http://yandex.com/bots)"
95.108.213.169 - - [10/Jan/2025:10:59:47 -0500] "GET /sitemap-1.xml HTTP/1.1" 200 19297 "-" "Mozilla/5.0 (compatible; YandexBot/3.0; +http://yandex.com/bots)"
213.180.203.8 - - [10/Jan/2025:10:59:49 -0500] "GET /sitemap-6.xml HTTP/1.1" 200 19264 "-" "Mozilla/5.0 (compatible; YandexBot/3.0; +http://yandex.com/bots)"
95.108.213.239 - - [10/Jan/2025:10:59:20 -0500] "GET /wp-content/uploads/2023/12/cropped-DIIXA-LOGO-1-32x32.png HTTP/1.1" 404 15344 "-" "Mozilla/5.0 (compatible; YandexFavicons/1.0; +http://yandex.com/bots)"
5.255.231.108 - - [10/Jan/2025:10:59:49 -0500] "GET /sitemap-17.xml HTTP/1.1" 200 19151 "-" "Mozilla/5.0 (compatible; YandexBot/3.0; +http://yandex.com/bots)"
95.108.213.243 - - [10/Jan/2025:10:59:49 -0500] "GET /sitemap-12.xml HTTP/1.1" 200 19350 "-" "Mozilla/5.0 (compatible; YandexBot/3.0; +http://yandex.com/bots)"
