136.243.228.179 - - [20/Jan/2025:05:31:05 -0500] "GET /goods/1123839 HTTP/1.1" 200 0 "-" "Mozilla/5.0 (compatible; DataForSeoBot/1.0; +https://dataforseo.com/dataforseo-bot)"
136.243.228.179 - - [20/Jan/2025:05:31:57 -0500] "GET /goods/1488572 HTTP/1.1" 200 0 "-" "Mozilla/5.0 (compatible; DataForSeoBot/1.0; +https://dataforseo.com/dataforseo-bot)"
185.191.171.18 - - [20/Jan/2025:05:32:33 -0500] "GET /goods/2475363 HTTP/1.1" 200 0 "-" "Mozilla/5.0 (compatible; SemrushBot/7~bl; +http://www.semrush.com/bot.html)"
136.243.228.179 - - [20/Jan/2025:05:32:47 -0500] "GET /goods/1619837 HTTP/1.1" 200 0 "-" "Mozilla/5.0 (compatible; DataForSeoBot/1.0; +https://dataforseo.com/dataforseo-bot)"
185.191.171.18 - - [20/Jan/2025:05:33:23 -0500] "GET /goods/2475363 HTTP/1.1" 200 0 "-" "Mozilla/5.0 (compatible; SemrushBot/7~bl; +http://www.semrush.com/bot.html)"
51.222.253.9 - - [20/Jan/2025:05:34:16 -0500] "GET /wp-content/plugins/elementor/assets/lib/nouislider/ HTTP/1.1" 200 667 "-" "Mozilla/5.0 (compatible; AhrefsBot/7.0; +http://ahrefs.com/robot/)"
136.243.228.179 - - [20/Jan/2025:05:33:39 -0500] "GET /goods/2350686 HTTP/1.1" 200 0 "-" "Mozilla/5.0 (compatible; DataForSeoBot/1.0; +https://dataforseo.com/dataforseo-bot)"
47.128.118.210 - - [20/Jan/2025:05:34:59 -0500] "GET /wp-content/plugins/elementor/core/settings/base/model.php HTTP/1.1" 403 1242 "-" "Mozilla/5.0 (Linux; Android 5.0) AppleWebKit/537.36 (KHTML, like Gecko) Mobile Safari/537.36 (compatible; Bytespider; spider-feedback@bytedance.com)"
136.243.228.179 - - [20/Jan/2025:05:34:30 -0500] "GET /goods/1453084 HTTP/1.1" 200 0 "-" "Mozilla/5.0 (compatible; DataForSeoBot/1.0; +https://dataforseo.com/dataforseo-bot)"
185.191.171.6 - - [20/Jan/2025:05:35:15 -0500] "GET /goods/4030467 HTTP/1.1" 200 0 "-" "Mozilla/5.0 (compatible; SemrushBot/7~bl; +http://www.semrush.com/bot.html)"
136.243.228.179 - - [20/Jan/2025:05:35:20 -0500] "GET /goods/2570245 HTTP/1.1" 200 0 "-" "Mozilla/5.0 (compatible; DataForSeoBot/1.0; +https://dataforseo.com/dataforseo-bot)"
185.191.171.6 - - [20/Jan/2025:05:36:05 -0500] "GET /goods/4030467 HTTP/1.1" 200 0 "-" "Mozilla/5.0 (compatible; SemrushBot/7~bl; +http://www.semrush.com/bot.html)"
136.243.228.179 - - [20/Jan/2025:05:36:12 -0500] "GET /goods/4308652 HTTP/1.1" 200 0 "-" "Mozilla/5.0 (compatible; DataForSeoBot/1.0; +https://dataforseo.com/dataforseo-bot)"
85.208.96.198 - - [20/Jan/2025:05:37:30 -0500] "GET /robots.txt HTTP/1.1" 200 136 "-" "Mozilla/5.0 (compatible; SemrushBot/7~bl; +http://www.semrush.com/bot.html)"
136.243.228.179 - - [20/Jan/2025:05:37:04 -0500] "GET /goods/1030069 HTTP/1.1" 200 0 "-" "Mozilla/5.0 (compatible; DataForSeoBot/1.0; +https://dataforseo.com/dataforseo-bot)"
136.243.228.179 - - [20/Jan/2025:05:37:55 -0500] "GET /goods/4313434 HTTP/1.1" 200 0 "-" "Mozilla/5.0 (compatible; DataForSeoBot/1.0; +https://dataforseo.com/dataforseo-bot)"
185.191.171.12 - - [20/Jan/2025:05:37:56 -0500] "GET /goods/1192144 HTTP/1.1" 200 0 "-" "Mozilla/5.0 (compatible; SemrushBot/7~bl; +http://www.semrush.com/bot.html)"
136.243.228.179 - - [20/Jan/2025:05:38:46 -0500] "GET /goods/1884066 HTTP/1.1" 200 0 "-" "Mozilla/5.0 (compatible; DataForSeoBot/1.0; +https://dataforseo.com/dataforseo-bot)"
185.191.171.12 - - [20/Jan/2025:05:38:47 -0500] "GET /goods/1192144 HTTP/1.1" 200 0 "-" "Mozilla/5.0 (compatible; SemrushBot/7~bl; +http://www.semrush.com/bot.html)"
47.128.115.27 - - [20/Jan/2025:05:40:07 -0500] "GET /wp-content/plugins/elementor/modules/notifications/module.php HTTP/1.1" 403 1242 "-" "Mozilla/5.0 (Linux; Android 5.0) AppleWebKit/537.36 (KHTML, like Gecko) Mobile Safari/537.36 (compatible; Bytespider; spider-feedback@bytedance.com)"
136.243.228.179 - - [20/Jan/2025:05:39:36 -0500] "GET /goods/984729 HTTP/1.1" 200 0 "-" "Mozilla/5.0 (compatible; DataForSeoBot/1.0; +https://dataforseo.com/dataforseo-bot)"
136.243.228.179 - - [20/Jan/2025:05:40:27 -0500] "GET /goods/57563 HTTP/1.1" 200 0 "-" "Mozilla/5.0 (compatible; DataForSeoBot/1.0; +https://dataforseo.com/dataforseo-bot)"
185.191.171.8 - - [20/Jan/2025:05:40:39 -0500] "GET /goods/3469041 HTTP/1.1" 200 0 "-" "Mozilla/5.0 (compatible; SemrushBot/7~bl; +http://www.semrush.com/bot.html)"
136.243.228.179 - - [20/Jan/2025:05:41:18 -0500] "GET /goods/34951 HTTP/1.1" 200 0 "-" "Mozilla/5.0 (compatible; DataForSeoBot/1.0; +https://dataforseo.com/dataforseo-bot)"
185.191.171.8 - - [20/Jan/2025:05:41:33 -0500] "GET /goods/3469041 HTTP/1.1" 200 0 "-" "Mozilla/5.0 (compatible; SemrushBot/7~bl; +http://www.semrush.com/bot.html)"
136.243.228.179 - - [20/Jan/2025:05:42:14 -0500] "GET /goods/3870625 HTTP/1.1" 200 0 "-" "Mozilla/5.0 (compatible; DataForSeoBot/1.0; +https://dataforseo.com/dataforseo-bot)"
136.243.228.179 - - [20/Jan/2025:05:43:04 -0500] "GET /goods/347388 HTTP/1.1" 200 0 "-" "Mozilla/5.0 (compatible; DataForSeoBot/1.0; +https://dataforseo.com/dataforseo-bot)"
185.191.171.15 - - [20/Jan/2025:05:43:22 -0500] "GET /chaplaincy/metallographical1000935.html HTTP/1.1" 200 0 "-" "Mozilla/5.0 (compatible; SemrushBot/7~bl; +http://www.semrush.com/bot.html)"
51.222.253.14 - - [20/Jan/2025:05:44:16 -0500] "GET /wp-content/plugins/elementor/app/modules/import-export/assets/js/shared/file-process/?NA HTTP/1.1" 200 663 "-" "Mozilla/5.0 (compatible; AhrefsBot/7.0; +http://ahrefs.com/robot/)"
136.243.228.179 - - [20/Jan/2025:05:43:52 -0500] "GET /goods/1633188 HTTP/1.1" 200 0 "-" "Mozilla/5.0 (compatible; DataForSeoBot/1.0; +https://dataforseo.com/dataforseo-bot)"
47.128.39.250 - - [20/Jan/2025:05:44:06 -0500] "GET / HTTP/1.1" 200 0 "-" "Mozilla/5.0 (Linux; Android 5.0) AppleWebKit/537.36 (KHTML, like Gecko) Mobile Safari/537.36 (compatible; Bytespider; spider-feedback@bytedance.com)"
185.191.171.15 - - [20/Jan/2025:05:44:11 -0500] "GET /chaplaincy/metallographical1000935.html HTTP/1.1" 200 0 "-" "Mozilla/5.0 (compatible; SemrushBot/7~bl; +http://www.semrush.com/bot.html)"
136.243.228.179 - - [20/Jan/2025:05:44:43 -0500] "GET /goods/1652908 HTTP/1.1" 200 0 "-" "Mozilla/5.0 (compatible; DataForSeoBot/1.0; +https://dataforseo.com/dataforseo-bot)"
136.243.228.179 - - [20/Jan/2025:05:45:34 -0500] "GET /goods/1237254 HTTP/1.1" 200 0 "-" "Mozilla/5.0 (compatible; DataForSeoBot/1.0; +https://dataforseo.com/dataforseo-bot)"
185.191.171.11 - - [20/Jan/2025:05:46:03 -0500] "GET /goods/3299821 HTTP/1.1" 200 0 "-" "Mozilla/5.0 (compatible; SemrushBot/7~bl; +http://www.semrush.com/bot.html)"
136.243.228.179 - - [20/Jan/2025:05:46:25 -0500] "GET /goods/666215 HTTP/1.1" 200 0 "-" "Mozilla/5.0 (compatible; DataForSeoBot/1.0; +https://dataforseo.com/dataforseo-bot)"
185.191.171.11 - - [20/Jan/2025:05:46:54 -0500] "GET /goods/3299821 HTTP/1.1" 200 0 "-" "Mozilla/5.0 (compatible; SemrushBot/7~bl; +http://www.semrush.com/bot.html)"
136.243.228.179 - - [20/Jan/2025:05:47:16 -0500] "GET /goods/3498203 HTTP/1.1" 200 0 "-" "Mozilla/5.0 (compatible; DataForSeoBot/1.0; +https://dataforseo.com/dataforseo-bot)"
136.243.228.179 - - [20/Jan/2025:05:48:07 -0500] "GET /goods/3726844 HTTP/1.1" 200 0 "-" "Mozilla/5.0 (compatible; DataForSeoBot/1.0; +https://dataforseo.com/dataforseo-bot)"
51.222.253.20 - - [20/Jan/2025:05:49:01 -0500] "GET /wp-content/plugins/elementor/app/assets/js/loader/commands/?NA HTTP/1.1" 200 701 "-" "Mozilla/5.0 (compatible; AhrefsBot/7.0; +http://ahrefs.com/robot/)"
185.191.171.13 - - [20/Jan/2025:05:48:45 -0500] "GET /goods/112082 HTTP/1.1" 200 0 "-" "Mozilla/5.0 (compatible; SemrushBot/7~bl; +http://www.semrush.com/bot.html)"
136.243.228.179 - - [20/Jan/2025:05:48:58 -0500] "GET /goods/2933942 HTTP/1.1" 200 0 "-" "Mozilla/5.0 (compatible; DataForSeoBot/1.0; +https://dataforseo.com/dataforseo-bot)"
185.191.171.13 - - [20/Jan/2025:05:49:35 -0500] "GET /goods/112082 HTTP/1.1" 200 0 "-" "Mozilla/5.0 (compatible; SemrushBot/7~bl; +http://www.semrush.com/bot.html)"
136.243.228.179 - - [20/Jan/2025:05:49:50 -0500] "GET /goods/3347326 HTTP/1.1" 200 0 "-" "Mozilla/5.0 (compatible; DataForSeoBot/1.0; +https://dataforseo.com/dataforseo-bot)"
136.243.228.179 - - [20/Jan/2025:05:50:40 -0500] "GET /goods/2816964 HTTP/1.1" 200 0 "-" "Mozilla/5.0 (compatible; DataForSeoBot/1.0; +https://dataforseo.com/dataforseo-bot)"
85.208.96.209 - - [20/Jan/2025:05:51:26 -0500] "GET /goods/4691531 HTTP/1.1" 200 0 "-" "Mozilla/5.0 (compatible; SemrushBot/7~bl; +http://www.semrush.com/bot.html)"
136.243.228.179 - - [20/Jan/2025:05:51:31 -0500] "GET /goods/3236626 HTTP/1.1" 200 0 "-" "Mozilla/5.0 (compatible; DataForSeoBot/1.0; +https://dataforseo.com/dataforseo-bot)"
216.244.66.247 - - [20/Jan/2025:05:52:45 -0500] "GET /robots.txt HTTP/1.1" 200 762 "-" "Mozilla/5.0 (compatible; DotBot/1.2; +https://opensiteexplorer.org/dotbot; help@moz.com)"
85.208.96.209 - - [20/Jan/2025:05:52:16 -0500] "GET /goods/4691531 HTTP/1.1" 200 0 "-" "Mozilla/5.0 (compatible; SemrushBot/7~bl; +http://www.semrush.com/bot.html)"
136.243.228.179 - - [20/Jan/2025:05:52:23 -0500] "GET /goods/3635890 HTTP/1.1" 200 0 "-" "Mozilla/5.0 (compatible; DataForSeoBot/1.0; +https://dataforseo.com/dataforseo-bot)"
51.222.253.16 - - [20/Jan/2025:05:53:36 -0500] "GET /wp-content/plugins/elementor/app/modules/kit-library/assets/js/pages/overview/?ND HTTP/1.1" 200 1095 "-" "Mozilla/5.0 (compatible; AhrefsBot/7.0; +http://ahrefs.com/robot/)"
136.243.228.179 - - [20/Jan/2025:05:53:14 -0500] "GET /goods/596832 HTTP/1.1" 200 0 "-" "Mozilla/5.0 (compatible; DataForSeoBot/1.0; +https://dataforseo.com/dataforseo-bot)"
136.243.228.179 - - [20/Jan/2025:05:54:04 -0500] "GET /goods/706975 HTTP/1.1" 200 0 "-" "Mozilla/5.0 (compatible; DataForSeoBot/1.0; +https://dataforseo.com/dataforseo-bot)"
85.208.96.201 - - [20/Jan/2025:05:54:06 -0500] "GET /goods/1361284 HTTP/1.1" 200 0 "-" "Mozilla/5.0 (compatible; SemrushBot/7~bl; +http://www.semrush.com/bot.html)"
85.208.96.201 - - [20/Jan/2025:05:54:57 -0500] "GET /goods/1361284 HTTP/1.1" 200 0 "-" "Mozilla/5.0 (compatible; SemrushBot/7~bl; +http://www.semrush.com/bot.html)"
136.243.228.179 - - [20/Jan/2025:05:54:57 -0500] "GET /goods/3545487 HTTP/1.1" 200 0 "-" "Mozilla/5.0 (compatible; DataForSeoBot/1.0; +https://dataforseo.com/dataforseo-bot)"
47.128.46.234 - - [20/Jan/2025:05:55:10 -0500] "GET / HTTP/1.1" 200 0 "-" "Mozilla/5.0 (Linux; Android 5.0) AppleWebKit/537.36 (KHTML, like Gecko) Mobile Safari/537.36 (compatible; Bytespider; spider-feedback@bytedance.com)"
136.243.228.179 - - [20/Jan/2025:05:55:48 -0500] "GET /goods/4179323 HTTP/1.1" 200 0 "-" "Mozilla/5.0 (compatible; DataForSeoBot/1.0; +https://dataforseo.com/dataforseo-bot)"
136.243.228.179 - - [20/Jan/2025:05:56:39 -0500] "GET /goods/4115464 HTTP/1.1" 200 0 "-" "Mozilla/5.0 (compatible; DataForSeoBot/1.0; +https://dataforseo.com/dataforseo-bot)"
185.191.171.13 - - [20/Jan/2025:05:56:49 -0500] "GET /metallographical/isomagnetic1457645.html HTTP/1.1" 200 0 "-" "Mozilla/5.0 (compatible; SemrushBot/7~bl; +http://www.semrush.com/bot.html)"
185.191.171.18 - - [20/Jan/2025:05:58:01 -0500] "GET /robots.txt HTTP/1.1" 200 136 "-" "Mozilla/5.0 (compatible; SemrushBot/7~bl; +http://www.semrush.com/bot.html)"
136.243.228.179 - - [20/Jan/2025:05:57:29 -0500] "GET /goods/4124342 HTTP/1.1" 200 0 "-" "Mozilla/5.0 (compatible; DataForSeoBot/1.0; +https://dataforseo.com/dataforseo-bot)"
185.191.171.13 - - [20/Jan/2025:05:57:40 -0500] "GET /metallographical/isomagnetic1457645.html HTTP/1.1" 200 0 "-" "Mozilla/5.0 (compatible; SemrushBot/7~bl; +http://www.semrush.com/bot.html)"
51.222.253.13 - - [20/Jan/2025:05:58:34 -0500] "GET /wp-content/plugins/elementor/packages/elementor-ui/styles/_maps/?MA HTTP/1.1" 200 697 "-" "Mozilla/5.0 (compatible; AhrefsBot/7.0; +http://ahrefs.com/robot/)"
136.243.228.179 - - [20/Jan/2025:05:58:20 -0500] "GET /goods/4240609 HTTP/1.1" 200 0 "-" "Mozilla/5.0 (compatible; DataForSeoBot/1.0; +https://dataforseo.com/dataforseo-bot)"
136.243.228.179 - - [20/Jan/2025:05:59:12 -0500] "GET /goods/2242303 HTTP/1.1" 200 0 "-" "Mozilla/5.0 (compatible; DataForSeoBot/1.0; +https://dataforseo.com/dataforseo-bot)"
85.208.96.195 - - [20/Jan/2025:05:59:30 -0500] "GET /goods/1054763 HTTP/1.1" 200 0 "-" "Mozilla/5.0 (compatible; SemrushBot/7~bl; +http://www.semrush.com/bot.html)"
136.243.228.179 - - [20/Jan/2025:06:00:03 -0500] "GET /goods/4367168 HTTP/1.1" 200 0 "-" "Mozilla/5.0 (compatible; DataForSeoBot/1.0; +https://dataforseo.com/dataforseo-bot)"
85.208.96.195 - - [20/Jan/2025:06:00:21 -0500] "GET /goods/1054763 HTTP/1.1" 200 0 "-" "Mozilla/5.0 (compatible; SemrushBot/7~bl; +http://www.semrush.com/bot.html)"
136.243.228.179 - - [20/Jan/2025:06:00:53 -0500] "GET /goods/1985327 HTTP/1.1" 200 0 "-" "Mozilla/5.0 (compatible; DataForSeoBot/1.0; +https://dataforseo.com/dataforseo-bot)"
135.148.100.196 - - [20/Jan/2025:06:01:52 -0500] "GET / HTTP/1.1" 200 0 "-" "-"
136.243.228.179 - - [20/Jan/2025:06:01:44 -0500] "GET /goods/2618025 HTTP/1.1" 200 0 "-" "Mozilla/5.0 (compatible; DataForSeoBot/1.0; +https://dataforseo.com/dataforseo-bot)"
51.222.253.2 - - [20/Jan/2025:06:02:57 -0500] "GET /wp-content/plugins/elementor/core/frontend/render-modes/?MA HTTP/1.1" 200 676 "-" "Mozilla/5.0 (compatible; AhrefsBot/7.0; +http://ahrefs.com/robot/)"
185.191.171.7 - - [20/Jan/2025:06:02:11 -0500] "GET /chaplaincy/metallographical859090.html HTTP/1.1" 200 0 "-" "Mozilla/5.0 (compatible; SemrushBot/7~bl; +http://www.semrush.com/bot.html)"
136.243.228.179 - - [20/Jan/2025:06:02:35 -0500] "GET /goods/3613833 HTTP/1.1" 200 0 "-" "Mozilla/5.0 (compatible; DataForSeoBot/1.0; +https://dataforseo.com/dataforseo-bot)"
185.191.171.7 - - [20/Jan/2025:06:03:02 -0500] "GET /chaplaincy/metallographical859090.html HTTP/1.1" 200 0 "-" "Mozilla/5.0 (compatible; SemrushBot/7~bl; +http://www.semrush.com/bot.html)"
136.243.228.179 - - [20/Jan/2025:06:03:27 -0500] "GET /goods/1391769 HTTP/1.1" 200 0 "-" "Mozilla/5.0 (compatible; DataForSeoBot/1.0; +https://dataforseo.com/dataforseo-bot)"
136.243.228.179 - - [20/Jan/2025:06:04:17 -0500] "GET /goods/2167953 HTTP/1.1" 200 0 "-" "Mozilla/5.0 (compatible; DataForSeoBot/1.0; +https://dataforseo.com/dataforseo-bot)"
185.191.171.8 - - [20/Jan/2025:06:04:53 -0500] "GET /goods/2759977 HTTP/1.1" 200 0 "-" "Mozilla/5.0 (compatible; SemrushBot/7~bl; +http://www.semrush.com/bot.html)"
136.243.228.179 - - [20/Jan/2025:06:05:11 -0500] "GET /goods/2355448 HTTP/1.1" 200 0 "-" "Mozilla/5.0 (compatible; DataForSeoBot/1.0; +https://dataforseo.com/dataforseo-bot)"
216.244.66.247 - - [20/Jan/2025:06:06:23 -0500] "GET /wp-content/plugins/elementor/app/modules/import-export/assets/js/pages/import/import-complete/components/failed-plugins-notice/failed-plugins-notice.scss HTTP/1.1" 200 69 "-" "Mozilla/5.0 (compatible; DotBot/1.2; +https://opensiteexplorer.org/dotbot; help@moz.com)"
185.191.171.8 - - [20/Jan/2025:06:05:44 -0500] "GET /goods/2759977 HTTP/1.1" 200 0 "-" "Mozilla/5.0 (compatible; SemrushBot/7~bl; +http://www.semrush.com/bot.html)"
136.243.228.179 - - [20/Jan/2025:06:05:59 -0500] "GET /goods/1399977 HTTP/1.1" 200 0 "-" "Mozilla/5.0 (compatible; DataForSeoBot/1.0; +https://dataforseo.com/dataforseo-bot)"
47.128.29.39 - - [20/Jan/2025:06:06:37 -0500] "GET / HTTP/1.1" 200 0 "-" "Mozilla/5.0 (Linux; Android 5.0) AppleWebKit/537.36 (KHTML, like Gecko) Mobile Safari/537.36 (compatible; Bytespider; spider-feedback@bytedance.com)"
216.244.66.247 - - [20/Jan/2025:06:07:40 -0500] "GET /wp-content/plugins/elementor/app/modules/import-export/assets/js/pages/import/import-complete/components/failed-plugins-notice/?SA HTTP/1.1" 200 2477 "-" "Mozilla/5.0 (compatible; DotBot/1.2; +https://opensiteexplorer.org/dotbot; help@moz.com)"
85.208.96.196 - - [20/Jan/2025:06:07:35 -0500] "GET /haberdash/Majagga743300.html HTTP/1.1" 200 0 "-" "Mozilla/5.0 (compatible; SemrushBot/7~bl; +http://www.semrush.com/bot.html)"
85.208.96.196 - - [20/Jan/2025:06:08:25 -0500] "GET /haberdash/Majagga743300.html HTTP/1.1" 200 0 "-" "Mozilla/5.0 (compatible; SemrushBot/7~bl; +http://www.semrush.com/bot.html)"
77.75.79.62 - - [20/Jan/2025:06:10:09 -0500] "GET /goods/3728968 HTTP/1.1" 200 0 "-" "Mozilla/5.0 (compatible; SeznamBot/4.0; +http://napoveda.seznam.cz/seznambot-intro/)"
185.191.171.9 - - [20/Jan/2025:06:10:15 -0500] "GET /gibberish/homometrically716267.html HTTP/1.1" 200 0 "-" "Mozilla/5.0 (compatible; SemrushBot/7~bl; +http://www.semrush.com/bot.html)"
185.191.171.9 - - [20/Jan/2025:06:11:06 -0500] "GET /gibberish/homometrically716267.html HTTP/1.1" 200 0 "-" "Mozilla/5.0 (compatible; SemrushBot/7~bl; +http://www.semrush.com/bot.html)"
85.208.96.193 - - [20/Jan/2025:06:12:57 -0500] "GET /goods/4304733 HTTP/1.1" 200 0 "-" "Mozilla/5.0 (compatible; SemrushBot/7~bl; +http://www.semrush.com/bot.html)"
51.222.253.6 - - [20/Jan/2025:06:13:48 -0500] "GET /wp-content/plugins/elementor/core/kits/documents/?MA HTTP/1.1" 200 703 "-" "Mozilla/5.0 (compatible; AhrefsBot/7.0; +http://ahrefs.com/robot/)"
85.208.96.193 - - [20/Jan/2025:06:13:47 -0500] "GET /goods/4304733 HTTP/1.1" 200 0 "-" "Mozilla/5.0 (compatible; SemrushBot/7~bl; +http://www.semrush.com/bot.html)"
216.244.66.247 - - [20/Jan/2025:06:14:54 -0500] "GET /wp-content/plugins/elementor/app/modules/import-export/assets/js/pages/import/import-plugins/components/pro-banner/?SD HTTP/1.1" 200 2366 "-" "Mozilla/5.0 (compatible; DotBot/1.2; +https://opensiteexplorer.org/dotbot; help@moz.com)"
85.208.96.211 - - [20/Jan/2025:06:15:37 -0500] "GET /innateness/cosmos1325907.html HTTP/1.1" 200 0 "-" "Mozilla/5.0 (compatible; SemrushBot/7~bl; +http://www.semrush.com/bot.html)"
85.208.96.211 - - [20/Jan/2025:06:16:27 -0500] "GET /innateness/cosmos1325907.html HTTP/1.1" 200 0 "-" "Mozilla/5.0 (compatible; SemrushBot/7~bl; +http://www.semrush.com/bot.html)"
47.128.57.130 - - [20/Jan/2025:06:16:59 -0500] "GET / HTTP/1.1" 200 0 "-" "Mozilla/5.0 (Linux; Android 5.0) AppleWebKit/537.36 (KHTML, like Gecko) Mobile Safari/537.36 (compatible; Bytespider; spider-feedback@bytedance.com)"
185.191.171.6 - - [20/Jan/2025:06:18:53 -0500] "GET /robots.txt HTTP/1.1" 200 136 "-" "Mozilla/5.0 (compatible; SemrushBot/7~bl; +http://www.semrush.com/bot.html)"
85.208.96.210 - - [20/Jan/2025:06:18:20 -0500] "GET /affreightment/balaustre619798.html HTTP/1.1" 200 0 "-" "Mozilla/5.0 (compatible; SemrushBot/7~bl; +http://www.semrush.com/bot.html)"
85.208.96.210 - - [20/Jan/2025:06:19:14 -0500] "GET /affreightment/balaustre619798.html HTTP/1.1" 200 0 "-" "Mozilla/5.0 (compatible; SemrushBot/7~bl; +http://www.semrush.com/bot.html)"
85.208.96.202 - - [20/Jan/2025:06:21:05 -0500] "GET /goods/4780027 HTTP/1.1" 200 0 "-" "Mozilla/5.0 (compatible; SemrushBot/7~bl; +http://www.semrush.com/bot.html)"
85.208.96.202 - - [20/Jan/2025:06:21:55 -0500] "GET /goods/4780027 HTTP/1.1" 200 0 "-" "Mozilla/5.0 (compatible; SemrushBot/7~bl; +http://www.semrush.com/bot.html)"
185.191.171.7 - - [20/Jan/2025:06:23:46 -0500] "GET /goods/1516647 HTTP/1.1" 200 0 "-" "Mozilla/5.0 (compatible; SemrushBot/7~bl; +http://www.semrush.com/bot.html)"
185.191.171.7 - - [20/Jan/2025:06:24:36 -0500] "GET /goods/1516647 HTTP/1.1" 200 0 "-" "Mozilla/5.0 (compatible; SemrushBot/7~bl; +http://www.semrush.com/bot.html)"
185.191.171.6 - - [20/Jan/2025:06:26:27 -0500] "GET /Caryophyllaceae/furyl566944.html HTTP/1.1" 200 0 "-" "Mozilla/5.0 (compatible; SemrushBot/7~bl; +http://www.semrush.com/bot.html)"
185.191.171.6 - - [20/Jan/2025:06:27:18 -0500] "GET /Caryophyllaceae/furyl566944.html HTTP/1.1" 200 0 "-" "Mozilla/5.0 (compatible; SemrushBot/7~bl; +http://www.semrush.com/bot.html)"
51.222.253.2 - - [20/Jan/2025:06:28:25 -0500] "GET /wp-content/plugins/elementor/assets/lib/e-gallery/js/?NA HTTP/1.1" 200 667 "-" "Mozilla/5.0 (compatible; AhrefsBot/7.0; +http://ahrefs.com/robot/)"
185.191.171.16 - - [20/Jan/2025:06:29:09 -0500] "GET /goods/1667764 HTTP/1.1" 200 0 "-" "Mozilla/5.0 (compatible; SemrushBot/7~bl; +http://www.semrush.com/bot.html)"
52.167.144.203 - - [20/Jan/2025:06:30:45 -0500] "GET /goods/606291 HTTP/1.1" 200 68894 "-" "Mozilla/5.0 AppleWebKit/537.36 (KHTML, like Gecko; compatible; bingbot/2.0; +http://www.bing.com/bingbot.htm) Chrome/116.0.1938.76 Safari/537.36"
185.191.171.16 - - [20/Jan/2025:06:30:00 -0500] "GET /goods/1667764 HTTP/1.1" 200 0 "-" "Mozilla/5.0 (compatible; SemrushBot/7~bl; +http://www.semrush.com/bot.html)"
47.128.18.213 - - [20/Jan/2025:06:29:59 -0500] "GET / HTTP/1.1" 200 0 "-" "Mozilla/5.0 (Linux; Android 5.0) AppleWebKit/537.36 (KHTML, like Gecko) Mobile Safari/537.36 (compatible; Bytespider; spider-feedback@bytedance.com)"
85.208.96.209 - - [20/Jan/2025:06:31:49 -0500] "GET /goods/1519369 HTTP/1.1" 200 0 "-" "Mozilla/5.0 (compatible; SemrushBot/7~bl; +http://www.semrush.com/bot.html)"
51.222.253.14 - - [20/Jan/2025:06:33:25 -0500] "GET /wp-content/plugins/elementor/assets/lib/eicons/?ND HTTP/1.1" 200 700 "-" "Mozilla/5.0 (compatible; AhrefsBot/7.0; +http://ahrefs.com/robot/)"
85.208.96.209 - - [20/Jan/2025:06:32:40 -0500] "GET /goods/1519369 HTTP/1.1" 200 0 "-" "Mozilla/5.0 (compatible; SemrushBot/7~bl; +http://www.semrush.com/bot.html)"
185.191.171.17 - - [20/Jan/2025:06:34:31 -0500] "GET /extraplanetary/disjunctively216193.html HTTP/1.1" 200 0 "-" "Mozilla/5.0 (compatible; SemrushBot/7~bl; +http://www.semrush.com/bot.html)"
185.191.171.17 - - [20/Jan/2025:06:35:22 -0500] "GET /extraplanetary/disjunctively216193.html HTTP/1.1" 200 0 "-" "Mozilla/5.0 (compatible; SemrushBot/7~bl; +http://www.semrush.com/bot.html)"
136.243.228.179 - - [20/Jan/2025:06:36:46 -0500] "GET /goods/4853622 HTTP/1.1" 200 0 "-" "Mozilla/5.0 (compatible; DataForSeoBot/1.0; +https://dataforseo.com/dataforseo-bot)"
185.191.171.3 - - [20/Jan/2025:06:37:12 -0500] "GET /goods/1662565 HTTP/1.1" 200 0 "-" "Mozilla/5.0 (compatible; SemrushBot/7~bl; +http://www.semrush.com/bot.html)"
136.243.228.179 - - [20/Jan/2025:06:37:36 -0500] "GET /goods/4663484 HTTP/1.1" 200 0 "-" "Mozilla/5.0 (compatible; DataForSeoBot/1.0; +https://dataforseo.com/dataforseo-bot)"
185.191.171.3 - - [20/Jan/2025:06:38:04 -0500] "GET /goods/1662565 HTTP/1.1" 200 0 "-" "Mozilla/5.0 (compatible; SemrushBot/7~bl; +http://www.semrush.com/bot.html)"
136.243.228.179 - - [20/Jan/2025:06:38:27 -0500] "GET /goods/4349527 HTTP/1.1" 200 0 "-" "Mozilla/5.0 (compatible; DataForSeoBot/1.0; +https://dataforseo.com/dataforseo-bot)"
136.243.228.179 - - [20/Jan/2025:06:39:18 -0500] "GET /goods/4609672 HTTP/1.1" 200 0 "-" "Mozilla/5.0 (compatible; DataForSeoBot/1.0; +https://dataforseo.com/dataforseo-bot)"
185.191.171.13 - - [20/Jan/2025:06:40:35 -0500] "GET /robots.txt HTTP/1.1" 200 136 "-" "Mozilla/5.0 (compatible; SemrushBot/7~bl; +http://www.semrush.com/bot.html)"
185.191.171.2 - - [20/Jan/2025:06:39:54 -0500] "GET /goods/4535099 HTTP/1.1" 200 0 "-" "Mozilla/5.0 (compatible; SemrushBot/7~bl; +http://www.semrush.com/bot.html)"
47.128.38.69 - - [20/Jan/2025:06:40:58 -0500] "GET /wp-content/plugins/elementor/app/view.php HTTP/1.1" 403 1242 "-" "Mozilla/5.0 (Linux; Android 5.0) AppleWebKit/537.36 (KHTML, like Gecko) Mobile Safari/537.36 (compatible; Bytespider; spider-feedback@bytedance.com)"
136.243.228.179 - - [20/Jan/2025:06:40:09 -0500] "GET /goods/4527671 HTTP/1.1" 200 0 "-" "Mozilla/5.0 (compatible; DataForSeoBot/1.0; +https://dataforseo.com/dataforseo-bot)"
185.191.171.2 - - [20/Jan/2025:06:40:45 -0500] "GET /goods/4535099 HTTP/1.1" 200 0 "-" "Mozilla/5.0 (compatible; SemrushBot/7~bl; +http://www.semrush.com/bot.html)"
136.243.228.179 - - [20/Jan/2025:06:41:00 -0500] "GET /goods/4661193 HTTP/1.1" 200 0 "-" "Mozilla/5.0 (compatible; DataForSeoBot/1.0; +https://dataforseo.com/dataforseo-bot)"
136.243.228.179 - - [20/Jan/2025:06:41:52 -0500] "GET /goods/2912022 HTTP/1.1" 200 0 "-" "Mozilla/5.0 (compatible; DataForSeoBot/1.0; +https://dataforseo.com/dataforseo-bot)"
51.222.253.7 - - [20/Jan/2025:06:42:59 -0500] "GET /wp-content/plugins/elementor/app/modules/import-export/assets/js/context/shared-context/?ND HTTP/1.1" 200 683 "-" "Mozilla/5.0 (compatible; AhrefsBot/7.0; +http://ahrefs.com/robot/)"
185.191.171.10 - - [20/Jan/2025:06:42:36 -0500] "GET /goods/2121131 HTTP/1.1" 200 0 "-" "Mozilla/5.0 (compatible; SemrushBot/7~bl; +http://www.semrush.com/bot.html)"
136.243.228.179 - - [20/Jan/2025:06:42:43 -0500] "GET /goods/1803586 HTTP/1.1" 200 0 "-" "Mozilla/5.0 (compatible; DataForSeoBot/1.0; +https://dataforseo.com/dataforseo-bot)"
185.191.171.10 - - [20/Jan/2025:06:43:26 -0500] "GET /goods/2121131 HTTP/1.1" 200 0 "-" "Mozilla/5.0 (compatible; SemrushBot/7~bl; +http://www.semrush.com/bot.html)"
136.243.228.179 - - [20/Jan/2025:06:43:34 -0500] "GET /goods/2217548 HTTP/1.1" 200 0 "-" "Mozilla/5.0 (compatible; DataForSeoBot/1.0; +https://dataforseo.com/dataforseo-bot)"
47.128.17.110 - - [20/Jan/2025:06:44:59 -0500] "GET /wp-content/plugins/elementor/core/dynamic-tags/dynamic-css.php HTTP/1.1" 403 1242 "-" "Mozilla/5.0 (Linux; Android 5.0) AppleWebKit/537.36 (KHTML, like Gecko) Mobile Safari/537.36 (compatible; Bytespider; spider-feedback@bytedance.com)"
136.243.228.179 - - [20/Jan/2025:06:44:27 -0500] "GET /goods/2812496 HTTP/1.1" 200 0 "-" "Mozilla/5.0 (compatible; DataForSeoBot/1.0; +https://dataforseo.com/dataforseo-bot)"
185.191.171.13 - - [20/Jan/2025:06:45:17 -0500] "GET /goods/423744 HTTP/1.1" 200 0 "-" "Mozilla/5.0 (compatible; SemrushBot/7~bl; +http://www.semrush.com/bot.html)"
136.243.228.179 - - [20/Jan/2025:06:45:18 -0500] "GET /goods/3849906 HTTP/1.1" 200 0 "-" "Mozilla/5.0 (compatible; DataForSeoBot/1.0; +https://dataforseo.com/dataforseo-bot)"
185.191.171.13 - - [20/Jan/2025:06:46:08 -0500] "GET /goods/423744 HTTP/1.1" 200 0 "-" "Mozilla/5.0 (compatible; SemrushBot/7~bl; +http://www.semrush.com/bot.html)"
136.243.228.179 - - [20/Jan/2025:06:46:09 -0500] "GET /goods/2320334 HTTP/1.1" 200 0 "-" "Mozilla/5.0 (compatible; DataForSeoBot/1.0; +https://dataforseo.com/dataforseo-bot)"
136.243.228.179 - - [20/Jan/2025:06:47:00 -0500] "GET /goods/2631509 HTTP/1.1" 200 0 "-" "Mozilla/5.0 (compatible; DataForSeoBot/1.0; +https://dataforseo.com/dataforseo-bot)"
136.243.228.179 - - [20/Jan/2025:06:47:52 -0500] "GET /goods/3380724 HTTP/1.1" 200 0 "-" "Mozilla/5.0 (compatible; DataForSeoBot/1.0; +https://dataforseo.com/dataforseo-bot)"
85.208.96.210 - - [20/Jan/2025:06:47:53 -0500] "GET /chaplaincy/metallographical1522170.html HTTP/1.1" 200 0 "-" "Mozilla/5.0 (compatible; SemrushBot/7~bl; +http://www.semrush.com/bot.html)"
85.208.96.210 - - [20/Jan/2025:06:48:43 -0500] "GET /chaplaincy/metallographical1522170.html HTTP/1.1" 200 0 "-" "Mozilla/5.0 (compatible; SemrushBot/7~bl; +http://www.semrush.com/bot.html)"
136.243.228.179 - - [20/Jan/2025:06:48:43 -0500] "GET /goods/2488740 HTTP/1.1" 200 0 "-" "Mozilla/5.0 (compatible; DataForSeoBot/1.0; +https://dataforseo.com/dataforseo-bot)"
47.128.122.92 - - [20/Jan/2025:06:48:59 -0500] "GET / HTTP/1.1" 200 0 "-" "Mozilla/5.0 (Linux; Android 5.0) AppleWebKit/537.36 (KHTML, like Gecko) Mobile Safari/537.36 (compatible; Bytespider; spider-feedback@bytedance.com)"
136.243.228.179 - - [20/Jan/2025:06:49:43 -0500] "GET /goods/3646637 HTTP/1.1" 200 0 "-" "Mozilla/5.0 (compatible; DataForSeoBot/1.0; +https://dataforseo.com/dataforseo-bot)"
51.222.253.12 - - [20/Jan/2025:06:50:58 -0500] "GET /wp-content/plugins/elementor/core/kits/?ND HTTP/1.1" 200 726 "-" "Mozilla/5.0 (compatible; AhrefsBot/7.0; +http://ahrefs.com/robot/)"
136.243.228.179 - - [20/Jan/2025:06:50:26 -0500] "GET /goods/4372976 HTTP/1.1" 200 0 "-" "Mozilla/5.0 (compatible; DataForSeoBot/1.0; +https://dataforseo.com/dataforseo-bot)"
85.208.96.203 - - [20/Jan/2025:06:50:34 -0500] "GET /isomagnetic/caroline1537220.html HTTP/1.1" 200 0 "-" "Mozilla/5.0 (compatible; SemrushBot/7~bl; +http://www.semrush.com/bot.html)"
136.243.228.179 - - [20/Jan/2025:06:51:18 -0500] "GET /goods/2636304 HTTP/1.1" 200 0 "-" "Mozilla/5.0 (compatible; DataForSeoBot/1.0; +https://dataforseo.com/dataforseo-bot)"
85.208.96.203 - - [20/Jan/2025:06:51:24 -0500] "GET /isomagnetic/caroline1537220.html HTTP/1.1" 200 0 "-" "Mozilla/5.0 (compatible; SemrushBot/7~bl; +http://www.semrush.com/bot.html)"
136.243.228.179 - - [20/Jan/2025:06:52:09 -0500] "GET /goods/1302317 HTTP/1.1" 200 0 "-" "Mozilla/5.0 (compatible; DataForSeoBot/1.0; +https://dataforseo.com/dataforseo-bot)"
47.128.120.65 - - [20/Jan/2025:06:53:00 -0500] "GET /wp-content/plugins/elementor/core/editor/editor-loader.php HTTP/1.1" 403 1242 "-" "Mozilla/5.0 (Linux; Android 5.0) AppleWebKit/537.36 (KHTML, like Gecko) Mobile Safari/537.36 (compatible; Bytespider; spider-feedback@bytedance.com)"
136.243.228.179 - - [20/Jan/2025:06:53:00 -0500] "GET /goods/1490904 HTTP/1.1" 200 0 "-" "Mozilla/5.0 (compatible; DataForSeoBot/1.0; +https://dataforseo.com/dataforseo-bot)"
85.208.96.193 - - [20/Jan/2025:06:53:14 -0500] "GET /goods/3172042 HTTP/1.1" 200 0 "-" "Mozilla/5.0 (compatible; SemrushBot/7~bl; +http://www.semrush.com/bot.html)"
136.243.228.179 - - [20/Jan/2025:06:53:51 -0500] "GET /goods/2856012 HTTP/1.1" 200 0 "-" "Mozilla/5.0 (compatible; DataForSeoBot/1.0; +https://dataforseo.com/dataforseo-bot)"
85.208.96.193 - - [20/Jan/2025:06:54:05 -0500] "GET /goods/3172042 HTTP/1.1" 200 0 "-" "Mozilla/5.0 (compatible; SemrushBot/7~bl; +http://www.semrush.com/bot.html)"
136.243.228.179 - - [20/Jan/2025:06:54:42 -0500] "GET /goods/2873924 HTTP/1.1" 200 0 "-" "Mozilla/5.0 (compatible; DataForSeoBot/1.0; +https://dataforseo.com/dataforseo-bot)"
51.222.253.18 - - [20/Jan/2025:06:55:36 -0500] "GET /wp-content/plugins/elementor/app/modules/site-editor/assets/js/pages/?ND HTTP/1.1" 200 705 "-" "Mozilla/5.0 (compatible; AhrefsBot/7.0; +http://ahrefs.com/robot/)"
136.243.228.179 - - [20/Jan/2025:06:55:33 -0500] "GET /goods/3649341 HTTP/1.1" 200 0 "-" "Mozilla/5.0 (compatible; DataForSeoBot/1.0; +https://dataforseo.com/dataforseo-bot)"
85.208.96.206 - - [20/Jan/2025:06:55:55 -0500] "GET /diatomic/cutleress1658304.html HTTP/1.1" 200 0 "-" "Mozilla/5.0 (compatible; SemrushBot/7~bl; +http://www.semrush.com/bot.html)"
136.243.228.179 - - [20/Jan/2025:06:56:24 -0500] "GET /goods/459891 HTTP/1.1" 200 0 "-" "Mozilla/5.0 (compatible; DataForSeoBot/1.0; +https://dataforseo.com/dataforseo-bot)"
85.208.96.206 - - [20/Jan/2025:06:56:48 -0500] "GET /diatomic/cutleress1658304.html HTTP/1.1" 200 0 "-" "Mozilla/5.0 (compatible; SemrushBot/7~bl; +http://www.semrush.com/bot.html)"
47.128.30.39 - - [20/Jan/2025:06:57:01 -0500] "GET / HTTP/1.1" 200 0 "-" "Mozilla/5.0 (Linux; Android 5.0) AppleWebKit/537.36 (KHTML, like Gecko) Mobile Safari/537.36 (compatible; Bytespider; spider-feedback@bytedance.com)"
136.243.228.179 - - [20/Jan/2025:06:57:15 -0500] "GET /goods/344777 HTTP/1.1" 200 0 "-" "Mozilla/5.0 (compatible; DataForSeoBot/1.0; +https://dataforseo.com/dataforseo-bot)"
36.41.75.167 - - [20/Jan/2025:06:57:54 -0500] "GET / HTTP/1.1" 200 0 "http://www.wavestudioz.com" "Mozilla/5.0 (iPhone; CPU iPhone OS 13_2_3 like Mac OS X) AppleWebKit/605.1.15 (KHTML, like Gecko) Version/13.0.3 Mobile/15E148 Safari/604.1"
136.243.228.179 - - [20/Jan/2025:06:58:07 -0500] "GET /goods/613703 HTTP/1.1" 200 0 "-" "Mozilla/5.0 (compatible; DataForSeoBot/1.0; +https://dataforseo.com/dataforseo-bot)"
185.191.171.16 - - [20/Jan/2025:06:58:40 -0500] "GET /disjunctively/bitterness1466828.html HTTP/1.1" 200 0 "-" "Mozilla/5.0 (compatible; SemrushBot/7~bl; +http://www.semrush.com/bot.html)"
136.243.228.179 - - [20/Jan/2025:06:58:57 -0500] "GET /goods/4792103 HTTP/1.1" 200 0 "-" "Mozilla/5.0 (compatible; DataForSeoBot/1.0; +https://dataforseo.com/dataforseo-bot)"
51.222.253.5 - - [20/Jan/2025:06:59:50 -0500] "GET /wp-content/plugins/elementor/core/utils/import-export/parsers/?ND HTTP/1.1" 200 728 "-" "Mozilla/5.0 (compatible; AhrefsBot/7.0; +http://ahrefs.com/robot/)"
185.191.171.16 - - [20/Jan/2025:06:59:29 -0500] "GET /disjunctively/bitterness1466828.html HTTP/1.1" 200 0 "-" "Mozilla/5.0 (compatible; SemrushBot/7~bl; +http://www.semrush.com/bot.html)"
136.243.228.179 - - [20/Jan/2025:06:59:49 -0500] "GET /goods/4662751 HTTP/1.1" 200 0 "-" "Mozilla/5.0 (compatible; DataForSeoBot/1.0; +https://dataforseo.com/dataforseo-bot)"
47.128.52.171 - - [20/Jan/2025:07:01:00 -0500] "GET /wp-content/plugins/elementor/core/experiments/wrap-core-dependency.php HTTP/1.1" 403 1242 "-" "Mozilla/5.0 (Linux; Android 5.0) AppleWebKit/537.36 (KHTML, like Gecko) Mobile Safari/537.36 (compatible; Bytespider; spider-feedback@bytedance.com)"
185.191.171.5 - - [20/Jan/2025:07:01:17 -0500] "GET /robots.txt HTTP/1.1" 200 136 "-" "Mozilla/5.0 (compatible; SemrushBot/7~bl; +http://www.semrush.com/bot.html)"
136.243.228.179 - - [20/Jan/2025:07:00:39 -0500] "GET /goods/4715061 HTTP/1.1" 200 0 "-" "Mozilla/5.0 (compatible; DataForSeoBot/1.0; +https://dataforseo.com/dataforseo-bot)"
185.191.171.10 - - [20/Jan/2025:07:01:20 -0500] "GET /goods/2067318 HTTP/1.1" 200 0 "-" "Mozilla/5.0 (compatible; SemrushBot/7~bl; +http://www.semrush.com/bot.html)"
136.243.228.179 - - [20/Jan/2025:07:01:29 -0500] "GET /goods/3299692 HTTP/1.1" 200 0 "-" "Mozilla/5.0 (compatible; DataForSeoBot/1.0; +https://dataforseo.com/dataforseo-bot)"
185.191.171.10 - - [20/Jan/2025:07:02:10 -0500] "GET /goods/2067318 HTTP/1.1" 200 0 "-" "Mozilla/5.0 (compatible; SemrushBot/7~bl; +http://www.semrush.com/bot.html)"
136.243.228.179 - - [20/Jan/2025:07:02:21 -0500] "GET /goods/1567085 HTTP/1.1" 200 0 "-" "Mozilla/5.0 (compatible; DataForSeoBot/1.0; +https://dataforseo.com/dataforseo-bot)"
51.222.253.6 - - [20/Jan/2025:07:03:54 -0500] "GET /wp-content/plugins/elementor/assets/lib/swiper/v8/css/?NA HTTP/1.1" 200 669 "-" "Mozilla/5.0 (compatible; AhrefsBot/7.0; +http://ahrefs.com/robot/)"
136.243.228.179 - - [20/Jan/2025:07:03:21 -0500] "GET /goods/987905 HTTP/1.1" 200 0 "-" "Mozilla/5.0 (compatible; DataForSeoBot/1.0; +https://dataforseo.com/dataforseo-bot)"
213.180.203.123 - - [20/Jan/2025:07:04:14 -0500] "GET /robots.txt HTTP/1.1" 200 762 "-" "Mozilla/5.0 (compatible; YandexBot/3.0; +http://yandex.com/bots)"
185.191.171.8 - - [20/Jan/2025:07:04:01 -0500] "GET /goods/3409853 HTTP/1.1" 200 0 "-" "Mozilla/5.0 (compatible; SemrushBot/7~bl; +http://www.semrush.com/bot.html)"
136.243.228.179 - - [20/Jan/2025:07:04:03 -0500] "GET /goods/2707620 HTTP/1.1" 200 0 "-" "Mozilla/5.0 (compatible; DataForSeoBot/1.0; +https://dataforseo.com/dataforseo-bot)"
47.128.98.221 - - [20/Jan/2025:07:05:01 -0500] "GET /wp-content/plugins/elementor/modules/system-info/reporters/server.php HTTP/1.1" 403 1242 "-" "Mozilla/5.0 (Linux; Android 5.0) AppleWebKit/537.36 (KHTML, like Gecko) Mobile Safari/537.36 (compatible; Bytespider; spider-feedback@bytedance.com)"
185.191.171.8 - - [20/Jan/2025:07:04:51 -0500] "GET /goods/3409853 HTTP/1.1" 200 0 "-" "Mozilla/5.0 (compatible; SemrushBot/7~bl; +http://www.semrush.com/bot.html)"
136.243.228.179 - - [20/Jan/2025:07:04:54 -0500] "GET /goods/4074548 HTTP/1.1" 200 0 "-" "Mozilla/5.0 (compatible; DataForSeoBot/1.0; +https://dataforseo.com/dataforseo-bot)"
5.255.231.6 - - [20/Jan/2025:07:04:15 -0500] "GET /?i=a-x2Pz2Nt2 HTTP/1.1" 500 1083 "-" "Mozilla/5.0 (compatible; YandexBot/3.0; +http://yandex.com/bots)"
136.243.228.179 - - [20/Jan/2025:07:05:46 -0500] "GET /goods/1001042 HTTP/1.1" 200 0 "-" "Mozilla/5.0 (compatible; DataForSeoBot/1.0; +https://dataforseo.com/dataforseo-bot)"
136.243.228.179 - - [20/Jan/2025:07:06:37 -0500] "GET /goods/2963300 HTTP/1.1" 200 0 "-" "Mozilla/5.0 (compatible; DataForSeoBot/1.0; +https://dataforseo.com/dataforseo-bot)"
85.208.96.204 - - [20/Jan/2025:07:06:41 -0500] "GET /Dryopes/philogeant1603106.html HTTP/1.1" 200 0 "-" "Mozilla/5.0 (compatible; SemrushBot/7~bl; +http://www.semrush.com/bot.html)"
51.222.253.8 - - [20/Jan/2025:07:08:13 -0500] "GET /wp-content/plugins/elementor/assets/js/packages/editor-documents/?ND HTTP/1.1" 200 794 "-" "Mozilla/5.0 (compatible; AhrefsBot/7.0; +http://ahrefs.com/robot/)"
136.243.228.179 - - [20/Jan/2025:07:07:28 -0500] "GET /goods/3839549 HTTP/1.1" 200 0 "-" "Mozilla/5.0 (compatible; DataForSeoBot/1.0; +https://dataforseo.com/dataforseo-bot)"
85.208.96.204 - - [20/Jan/2025:07:07:32 -0500] "GET /Dryopes/philogeant1603106.html HTTP/1.1" 200 0 "-" "Mozilla/5.0 (compatible; SemrushBot/7~bl; +http://www.semrush.com/bot.html)"
136.243.228.179 - - [20/Jan/2025:07:08:19 -0500] "GET /goods/3083309 HTTP/1.1" 200 0 "-" "Mozilla/5.0 (compatible; DataForSeoBot/1.0; +https://dataforseo.com/dataforseo-bot)"
136.243.228.179 - - [20/Jan/2025:07:09:11 -0500] "GET /goods/161182 HTTP/1.1" 200 0 "-" "Mozilla/5.0 (compatible; DataForSeoBot/1.0; +https://dataforseo.com/dataforseo-bot)"
185.191.171.1 - - [20/Jan/2025:07:09:23 -0500] "GET /innateness/cosmos897072.html HTTP/1.1" 200 0 "-" "Mozilla/5.0 (compatible; SemrushBot/7~bl; +http://www.semrush.com/bot.html)"
136.243.228.179 - - [20/Jan/2025:07:10:05 -0500] "GET /goods/2275436 HTTP/1.1" 200 0 "-" "Mozilla/5.0 (compatible; DataForSeoBot/1.0; +https://dataforseo.com/dataforseo-bot)"
185.191.171.1 - - [20/Jan/2025:07:10:14 -0500] "GET /innateness/cosmos897072.html HTTP/1.1" 200 0 "-" "Mozilla/5.0 (compatible; SemrushBot/7~bl; +http://www.semrush.com/bot.html)"
136.243.228.179 - - [20/Jan/2025:07:10:53 -0500] "GET /goods/1991378 HTTP/1.1" 200 0 "-" "Mozilla/5.0 (compatible; DataForSeoBot/1.0; +https://dataforseo.com/dataforseo-bot)"
51.222.253.20 - - [20/Jan/2025:07:12:20 -0500] "GET /wp-content/plugins/elementor/modules/styleguide/?NA HTTP/1.1" 200 692 "-" "Mozilla/5.0 (compatible; AhrefsBot/7.0; +http://ahrefs.com/robot/)"
136.243.228.179 - - [20/Jan/2025:07:11:47 -0500] "GET /goods/4510251 HTTP/1.1" 200 0 "-" "Mozilla/5.0 (compatible; DataForSeoBot/1.0; +https://dataforseo.com/dataforseo-bot)"
185.191.171.16 - - [20/Jan/2025:07:12:04 -0500] "GET /goods/3735381 HTTP/1.1" 200 0 "-" "Mozilla/5.0 (compatible; SemrushBot/7~bl; +http://www.semrush.com/bot.html)"
136.243.228.179 - - [20/Jan/2025:07:12:36 -0500] "GET /goods/4424104 HTTP/1.1" 200 0 "-" "Mozilla/5.0 (compatible; DataForSeoBot/1.0; +https://dataforseo.com/dataforseo-bot)"
47.128.37.220 - - [20/Jan/2025:07:12:40 -0500] "GET / HTTP/1.1" 200 0 "-" "Mozilla/5.0 (Linux; Android 5.0) AppleWebKit/537.36 (KHTML, like Gecko) Mobile Safari/537.36 (compatible; Bytespider; spider-feedback@bytedance.com)"
185.191.171.16 - - [20/Jan/2025:07:12:54 -0500] "GET /goods/3735381 HTTP/1.1" 200 0 "-" "Mozilla/5.0 (compatible; SemrushBot/7~bl; +http://www.semrush.com/bot.html)"
136.243.228.179 - - [20/Jan/2025:07:13:27 -0500] "GET /goods/3074652 HTTP/1.1" 200 0 "-" "Mozilla/5.0 (compatible; DataForSeoBot/1.0; +https://dataforseo.com/dataforseo-bot)"
136.243.228.179 - - [20/Jan/2025:07:14:18 -0500] "GET /goods/3354638 HTTP/1.1" 200 0 "-" "Mozilla/5.0 (compatible; DataForSeoBot/1.0; +https://dataforseo.com/dataforseo-bot)"
185.191.171.13 - - [20/Jan/2025:07:14:47 -0500] "GET /goods/2731366 HTTP/1.1" 200 0 "-" "Mozilla/5.0 (compatible; SemrushBot/7~bl; +http://www.semrush.com/bot.html)"
136.243.228.179 - - [20/Jan/2025:07:15:10 -0500] "GET /goods/2585466 HTTP/1.1" 200 0 "-" "Mozilla/5.0 (compatible; DataForSeoBot/1.0; +https://dataforseo.com/dataforseo-bot)"
185.191.171.13 - - [20/Jan/2025:07:15:38 -0500] "GET /goods/2731366 HTTP/1.1" 200 0 "-" "Mozilla/5.0 (compatible; SemrushBot/7~bl; +http://www.semrush.com/bot.html)"
136.243.228.179 - - [20/Jan/2025:07:16:00 -0500] "GET /goods/2367399 HTTP/1.1" 200 0 "-" "Mozilla/5.0 (compatible; DataForSeoBot/1.0; +https://dataforseo.com/dataforseo-bot)"
136.243.228.179 - - [20/Jan/2025:07:16:50 -0500] "GET /goods/1184288 HTTP/1.1" 200 0 "-" "Mozilla/5.0 (compatible; DataForSeoBot/1.0; +https://dataforseo.com/dataforseo-bot)"
185.191.171.14 - - [20/Jan/2025:07:17:02 -0500] "GET /goods/725645 HTTP/1.1" 200 0 "-" "Mozilla/5.0 (compatible; SemrushBot/7~bl; +http://www.semrush.com/bot.html)"
136.243.228.179 - - [20/Jan/2025:07:17:41 -0500] "GET /goods/2081485 HTTP/1.1" 200 0 "-" "Mozilla/5.0 (compatible; DataForSeoBot/1.0; +https://dataforseo.com/dataforseo-bot)"
185.191.171.14 - - [20/Jan/2025:07:17:53 -0500] "GET /goods/725645 HTTP/1.1" 200 0 "-" "Mozilla/5.0 (compatible; SemrushBot/7~bl; +http://www.semrush.com/bot.html)"
51.222.253.18 - - [20/Jan/2025:07:19:07 -0500] "GET /wp-content/plugins/elementor/assets/lib/color-thief/?NA HTTP/1.1" 200 636 "-" "Mozilla/5.0 (compatible; AhrefsBot/7.0; +http://ahrefs.com/robot/)"
136.243.228.179 - - [20/Jan/2025:07:18:33 -0500] "GET /goods/3315731 HTTP/1.1" 200 0 "-" "Mozilla/5.0 (compatible; DataForSeoBot/1.0; +https://dataforseo.com/dataforseo-bot)"
136.243.228.179 - - [20/Jan/2025:07:19:25 -0500] "GET /goods/4086450 HTTP/1.1" 200 0 "-" "Mozilla/5.0 (compatible; DataForSeoBot/1.0; +https://dataforseo.com/dataforseo-bot)"
185.191.171.19 - - [20/Jan/2025:07:19:44 -0500] "GET /goods/2762205 HTTP/1.1" 200 0 "-" "Mozilla/5.0 (compatible; SemrushBot/7~bl; +http://www.semrush.com/bot.html)"
136.243.228.179 - - [20/Jan/2025:07:20:16 -0500] "GET /goods/3022947 HTTP/1.1" 200 0 "-" "Mozilla/5.0 (compatible; DataForSeoBot/1.0; +https://dataforseo.com/dataforseo-bot)"
185.191.171.19 - - [20/Jan/2025:07:20:35 -0500] "GET /goods/2762205 HTTP/1.1" 200 0 "-" "Mozilla/5.0 (compatible; SemrushBot/7~bl; +http://www.semrush.com/bot.html)"
136.243.228.179 - - [20/Jan/2025:07:21:07 -0500] "GET /goods/2962469 HTTP/1.1" 200 0 "-" "Mozilla/5.0 (compatible; DataForSeoBot/1.0; +https://dataforseo.com/dataforseo-bot)"
185.191.171.13 - - [20/Jan/2025:07:22:20 -0500] "GET /robots.txt HTTP/1.1" 200 136 "-" "Mozilla/5.0 (compatible; SemrushBot/7~bl; +http://www.semrush.com/bot.html)"
136.243.228.179 - - [20/Jan/2025:07:21:58 -0500] "GET /goods/4010030 HTTP/1.1" 200 0 "-" "Mozilla/5.0 (compatible; DataForSeoBot/1.0; +https://dataforseo.com/dataforseo-bot)"
47.128.58.63 - - [20/Jan/2025:07:21:57 -0500] "GET / HTTP/1.1" 200 0 "-" "Mozilla/5.0 (Linux; Android 5.0) AppleWebKit/537.36 (KHTML, like Gecko) Mobile Safari/537.36 (compatible; Bytespider; spider-feedback@bytedance.com)"
185.191.171.13 - - [20/Jan/2025:07:22:26 -0500] "GET /goods/295636 HTTP/1.1" 200 0 "-" "Mozilla/5.0 (compatible; SemrushBot/7~bl; +http://www.semrush.com/bot.html)"
136.243.228.179 - - [20/Jan/2025:07:22:50 -0500] "GET /goods/2884867 HTTP/1.1" 200 0 "-" "Mozilla/5.0 (compatible; DataForSeoBot/1.0; +https://dataforseo.com/dataforseo-bot)"
185.191.171.13 - - [20/Jan/2025:07:23:17 -0500] "GET /goods/295636 HTTP/1.1" 200 0 "-" "Mozilla/5.0 (compatible; SemrushBot/7~bl; +http://www.semrush.com/bot.html)"
136.243.228.179 - - [20/Jan/2025:07:23:41 -0500] "GET /goods/624369 HTTP/1.1" 200 0 "-" "Mozilla/5.0 (compatible; DataForSeoBot/1.0; +https://dataforseo.com/dataforseo-bot)"
136.243.228.179 - - [20/Jan/2025:07:24:33 -0500] "GET /goods/2243476 HTTP/1.1" 200 0 "-" "Mozilla/5.0 (compatible; DataForSeoBot/1.0; +https://dataforseo.com/dataforseo-bot)"
185.191.171.15 - - [20/Jan/2025:07:25:09 -0500] "GET /knifeless/affreightment582628.html HTTP/1.1" 200 0 "-" "Mozilla/5.0 (compatible; SemrushBot/7~bl; +http://www.semrush.com/bot.html)"
136.243.228.179 - - [20/Jan/2025:07:25:24 -0500] "GET /goods/2699683 HTTP/1.1" 200 0 "-" "Mozilla/5.0 (compatible; DataForSeoBot/1.0; +https://dataforseo.com/dataforseo-bot)"
185.191.171.15 - - [20/Jan/2025:07:26:00 -0500] "GET /knifeless/affreightment582628.html HTTP/1.1" 200 0 "-" "Mozilla/5.0 (compatible; SemrushBot/7~bl; +http://www.semrush.com/bot.html)"
136.243.228.179 - - [20/Jan/2025:07:26:15 -0500] "GET /goods/2541651 HTTP/1.1" 200 0 "-" "Mozilla/5.0 (compatible; DataForSeoBot/1.0; +https://dataforseo.com/dataforseo-bot)"
136.243.228.179 - - [20/Jan/2025:07:27:07 -0500] "GET /goods/2831684 HTTP/1.1" 200 0 "-" "Mozilla/5.0 (compatible; DataForSeoBot/1.0; +https://dataforseo.com/dataforseo-bot)"
167.172.82.44 - - [20/Jan/2025:07:28:25 -0500] "GET /wp-content/plugins/pwnd/pwnd.php HTTP/1.1" 200 0 "-" "Mozilla/5.0 (Linux; Android 7.0; SM-G892A Build/NRD90M; wv) AppleWebKit/537.36 (KHTML, like Gecko) Version/4.0 Chrome/60.0.3112.107 Mobile Safari/537.36"
85.208.96.204 - - [20/Jan/2025:07:27:51 -0500] "GET /chaplaincy/metallographical1514250.html HTTP/1.1" 200 0 "-" "Mozilla/5.0 (compatible; SemrushBot/7~bl; +http://www.semrush.com/bot.html)"
136.243.228.179 - - [20/Jan/2025:07:27:57 -0500] "GET /goods/238354 HTTP/1.1" 200 0 "-" "Mozilla/5.0 (compatible; DataForSeoBot/1.0; +https://dataforseo.com/dataforseo-bot)"
85.208.96.204 - - [20/Jan/2025:07:28:41 -0500] "GET /chaplaincy/metallographical1514250.html HTTP/1.1" 200 0 "-" "Mozilla/5.0 (compatible; SemrushBot/7~bl; +http://www.semrush.com/bot.html)"
136.243.228.179 - - [20/Jan/2025:07:28:49 -0500] "GET /goods/3198618 HTTP/1.1" 200 0 "-" "Mozilla/5.0 (compatible; DataForSeoBot/1.0; +https://dataforseo.com/dataforseo-bot)"
136.243.228.179 - - [20/Jan/2025:07:29:43 -0500] "GET /goods/1882340 HTTP/1.1" 200 0 "-" "Mozilla/5.0 (compatible; DataForSeoBot/1.0; +https://dataforseo.com/dataforseo-bot)"
185.191.171.1 - - [20/Jan/2025:07:30:34 -0500] "GET /goods/112137 HTTP/1.1" 200 0 "-" "Mozilla/5.0 (compatible; SemrushBot/7~bl; +http://www.semrush.com/bot.html)"
136.243.228.179 - - [20/Jan/2025:07:30:34 -0500] "GET /goods/2329090 HTTP/1.1" 200 0 "-" "Mozilla/5.0 (compatible; DataForSeoBot/1.0; +https://dataforseo.com/dataforseo-bot)"
185.191.171.1 - - [20/Jan/2025:07:31:22 -0500] "GET /goods/112137 HTTP/1.1" 200 0 "-" "Mozilla/5.0 (compatible; SemrushBot/7~bl; +http://www.semrush.com/bot.html)"
136.243.228.179 - - [20/Jan/2025:07:31:23 -0500] "GET /goods/4810485 HTTP/1.1" 200 0 "-" "Mozilla/5.0 (compatible; DataForSeoBot/1.0; +https://dataforseo.com/dataforseo-bot)"
51.222.253.19 - - [20/Jan/2025:07:32:49 -0500] "GET /wp-content/plugins/elementor/core/kits/documents/?NA HTTP/1.1" 200 696 "-" "Mozilla/5.0 (compatible; AhrefsBot/7.0; +http://ahrefs.com/robot/)"
136.243.228.179 - - [20/Jan/2025:07:32:13 -0500] "GET /goods/4519905 HTTP/1.1" 200 0 "-" "Mozilla/5.0 (compatible; DataForSeoBot/1.0; +https://dataforseo.com/dataforseo-bot)"
136.243.228.179 - - [20/Jan/2025:07:33:05 -0500] "GET /goods/3638073 HTTP/1.1" 200 0 "-" "Mozilla/5.0 (compatible; DataForSeoBot/1.0; +https://dataforseo.com/dataforseo-bot)"
185.191.171.1 - - [20/Jan/2025:07:33:13 -0500] "GET /journalist/chancery1112755.html HTTP/1.1" 200 0 "-" "Mozilla/5.0 (compatible; SemrushBot/7~bl; +http://www.semrush.com/bot.html)"
136.243.228.179 - - [20/Jan/2025:07:33:55 -0500] "GET /goods/1652735 HTTP/1.1" 200 0 "-" "Mozilla/5.0 (compatible; DataForSeoBot/1.0; +https://dataforseo.com/dataforseo-bot)"
185.191.171.1 - - [20/Jan/2025:07:34:04 -0500] "GET /journalist/chancery1112755.html HTTP/1.1" 200 0 "-" "Mozilla/5.0 (compatible; SemrushBot/7~bl; +http://www.semrush.com/bot.html)"
136.243.228.179 - - [20/Jan/2025:07:34:47 -0500] "GET /goods/4448797 HTTP/1.1" 200 0 "-" "Mozilla/5.0 (compatible; DataForSeoBot/1.0; +https://dataforseo.com/dataforseo-bot)"
136.243.228.179 - - [20/Jan/2025:07:35:38 -0500] "GET /goods/3934650 HTTP/1.1" 200 0 "-" "Mozilla/5.0 (compatible; DataForSeoBot/1.0; +https://dataforseo.com/dataforseo-bot)"
185.191.171.1 - - [20/Jan/2025:07:35:55 -0500] "GET /goods/3320647 HTTP/1.1" 200 0 "-" "Mozilla/5.0 (compatible; SemrushBot/7~bl; +http://www.semrush.com/bot.html)"
136.243.228.179 - - [20/Jan/2025:07:36:29 -0500] "GET /goods/3455576 HTTP/1.1" 200 0 "-" "Mozilla/5.0 (compatible; DataForSeoBot/1.0; +https://dataforseo.com/dataforseo-bot)"
51.222.253.15 - - [20/Jan/2025:07:37:34 -0500] "GET /wp-content/plugins/elementor/modules/gutenberg/?MA HTTP/1.1" 200 642 "-" "Mozilla/5.0 (compatible; AhrefsBot/7.0; +http://ahrefs.com/robot/)"
185.191.171.1 - - [20/Jan/2025:07:36:45 -0500] "GET /goods/3320647 HTTP/1.1" 200 0 "-" "Mozilla/5.0 (compatible; SemrushBot/7~bl; +http://www.semrush.com/bot.html)"
136.243.228.179 - - [20/Jan/2025:07:37:20 -0500] "GET /goods/1921275 HTTP/1.1" 200 0 "-" "Mozilla/5.0 (compatible; DataForSeoBot/1.0; +https://dataforseo.com/dataforseo-bot)"
47.128.110.213 - - [20/Jan/2025:07:37:46 -0500] "GET / HTTP/1.1" 200 0 "-" "Mozilla/5.0 (Linux; Android 5.0) AppleWebKit/537.36 (KHTML, like Gecko) Mobile Safari/537.36 (compatible; Bytespider; spider-feedback@bytedance.com)"
136.243.228.179 - - [20/Jan/2025:07:38:11 -0500] "GET /goods/2035964 HTTP/1.1" 200 0 "-" "Mozilla/5.0 (compatible; DataForSeoBot/1.0; +https://dataforseo.com/dataforseo-bot)"
185.191.171.17 - - [20/Jan/2025:07:38:36 -0500] "GET /goods/1568133 HTTP/1.1" 200 0 "-" "Mozilla/5.0 (compatible; SemrushBot/7~bl; +http://www.semrush.com/bot.html)"
136.243.228.179 - - [20/Jan/2025:07:39:02 -0500] "GET /goods/3514712 HTTP/1.1" 200 0 "-" "Mozilla/5.0 (compatible; DataForSeoBot/1.0; +https://dataforseo.com/dataforseo-bot)"
185.191.171.17 - - [20/Jan/2025:07:39:26 -0500] "GET /goods/1568133 HTTP/1.1" 200 0 "-" "Mozilla/5.0 (compatible; SemrushBot/7~bl; +http://www.semrush.com/bot.html)"
136.243.228.179 - - [20/Jan/2025:07:39:53 -0500] "GET /goods/1517216 HTTP/1.1" 200 0 "-" "Mozilla/5.0 (compatible; DataForSeoBot/1.0; +https://dataforseo.com/dataforseo-bot)"
136.243.228.179 - - [20/Jan/2025:07:40:44 -0500] "GET /goods/215377 HTTP/1.1" 200 0 "-" "Mozilla/5.0 (compatible; DataForSeoBot/1.0; +https://dataforseo.com/dataforseo-bot)"
51.222.253.18 - - [20/Jan/2025:07:41:59 -0500] "GET /wp-content/plugins/elementor/includes/template-library/sources/?ND HTTP/1.1" 200 802 "-" "Mozilla/5.0 (compatible; AhrefsBot/7.0; +http://ahrefs.com/robot/)"
85.208.96.195 - - [20/Jan/2025:07:41:17 -0500] "GET /dishonorary/microphotograph1622573.html HTTP/1.1" 200 0 "-" "Mozilla/5.0 (compatible; SemrushBot/7~bl; +http://www.semrush.com/bot.html)"
136.243.228.179 - - [20/Jan/2025:07:41:36 -0500] "GET /goods/1272452 HTTP/1.1" 200 0 "-" "Mozilla/5.0 (compatible; DataForSeoBot/1.0; +https://dataforseo.com/dataforseo-bot)"
85.208.96.195 - - [20/Jan/2025:07:42:07 -0500] "GET /dishonorary/microphotograph1622573.html HTTP/1.1" 200 0 "-" "Mozilla/5.0 (compatible; SemrushBot/7~bl; +http://www.semrush.com/bot.html)"
85.208.96.194 - - [20/Jan/2025:07:43:14 -0500] "GET /robots.txt HTTP/1.1" 200 136 "-" "Mozilla/5.0 (compatible; SemrushBot/7~bl; +http://www.semrush.com/bot.html)"
136.243.228.179 - - [20/Jan/2025:07:42:28 -0500] "GET /goods/4340953 HTTP/1.1" 200 0 "-" "Mozilla/5.0 (compatible; DataForSeoBot/1.0; +https://dataforseo.com/dataforseo-bot)"
