136.243.228.179 - - [20/Jan/2025:11:51:23 -0500] "GET /goods/3419796 HTTP/1.1" 200 0 "-" "Mozilla/5.0 (compatible; DataForSeoBot/1.0; +https://dataforseo.com/dataforseo-bot)"
85.208.96.198 - - [20/Jan/2025:11:51:31 -0500] "GET /extraplanetary/disjunctively724778.html HTTP/1.1" 200 0 "-" "Mozilla/5.0 (compatible; SemrushBot/7~bl; +http://www.semrush.com/bot.html)"
136.243.228.179 - - [20/Jan/2025:11:52:14 -0500] "GET /goods/3648819 HTTP/1.1" 200 0 "-" "Mozilla/5.0 (compatible; DataForSeoBot/1.0; +https://dataforseo.com/dataforseo-bot)"
85.208.96.198 - - [20/Jan/2025:11:52:22 -0500] "GET /extraplanetary/disjunctively724778.html HTTP/1.1" 200 0 "-" "Mozilla/5.0 (compatible; SemrushBot/7~bl; +http://www.semrush.com/bot.html)"
136.243.228.179 - - [20/Jan/2025:11:53:05 -0500] "GET /goods/1851928 HTTP/1.1" 200 0 "-" "Mozilla/5.0 (compatible; DataForSeoBot/1.0; +https://dataforseo.com/dataforseo-bot)"
136.243.228.179 - - [20/Jan/2025:11:53:57 -0500] "GET /goods/1756116 HTTP/1.1" 200 0 "-" "Mozilla/5.0 (compatible; DataForSeoBot/1.0; +https://dataforseo.com/dataforseo-bot)"
85.208.96.202 - - [20/Jan/2025:11:54:13 -0500] "GET /gibberish/homometrically320322.html HTTP/1.1" 200 0 "-" "Mozilla/5.0 (compatible; SemrushBot/7~bl; +http://www.semrush.com/bot.html)"
136.243.228.179 - - [20/Jan/2025:11:54:46 -0500] "GET /goods/3949178 HTTP/1.1" 200 0 "-" "Mozilla/5.0 (compatible; DataForSeoBot/1.0; +https://dataforseo.com/dataforseo-bot)"
85.208.96.200 - - [20/Jan/2025:11:55:50 -0500] "GET /robots.txt HTTP/1.1" 200 136 "-" "Mozilla/5.0 (compatible; SemrushBot/7~bl; +http://www.semrush.com/bot.html)"
47.128.20.14 - - [20/Jan/2025:11:54:59 -0500] "GET / HTTP/1.1" 200 0 "-" "Mozilla/5.0 (Linux; Android 5.0) AppleWebKit/537.36 (KHTML, like Gecko) Mobile Safari/537.36 (compatible; Bytespider; spider-feedback@bytedance.com)"
85.208.96.202 - - [20/Jan/2025:11:55:04 -0500] "GET /gibberish/homometrically320322.html HTTP/1.1" 200 0 "-" "Mozilla/5.0 (compatible; SemrushBot/7~bl; +http://www.semrush.com/bot.html)"
136.243.228.179 - - [20/Jan/2025:11:55:41 -0500] "GET /goods/284459 HTTP/1.1" 200 0 "-" "Mozilla/5.0 (compatible; DataForSeoBot/1.0; +https://dataforseo.com/dataforseo-bot)"
51.222.253.14 - - [20/Jan/2025:11:56:49 -0500] "GET /wp-content/plugins/elementor/core/editor/config-providers/ HTTP/1.1" 200 1150 "-" "Mozilla/5.0 (compatible; AhrefsBot/7.0; +http://ahrefs.com/robot/)"
136.243.228.179 - - [20/Jan/2025:11:56:31 -0500] "GET /goods/1642266 HTTP/1.1" 200 0 "-" "Mozilla/5.0 (compatible; DataForSeoBot/1.0; +https://dataforseo.com/dataforseo-bot)"
223.244.35.77 - - [20/Jan/2025:11:57:07 -0500] "GET / HTTP/1.1" 200 0 "http://wavestudioz.com" "Mozilla/5.0 (iPhone; CPU iPhone OS 13_2_3 like Mac OS X) AppleWebKit/605.1.15 (KHTML, like Gecko) Version/13.0.3 Mobile/15E148 Safari/604.1"
85.208.96.210 - - [20/Jan/2025:11:56:53 -0500] "GET /goods/2001367 HTTP/1.1" 200 0 "-" "Mozilla/5.0 (compatible; SemrushBot/7~bl; +http://www.semrush.com/bot.html)"
136.243.228.179 - - [20/Jan/2025:11:57:21 -0500] "GET /goods/2042173 HTTP/1.1" 200 0 "-" "Mozilla/5.0 (compatible; DataForSeoBot/1.0; +https://dataforseo.com/dataforseo-bot)"
85.208.96.210 - - [20/Jan/2025:11:57:45 -0500] "GET /goods/2001367 HTTP/1.1" 200 0 "-" "Mozilla/5.0 (compatible; SemrushBot/7~bl; +http://www.semrush.com/bot.html)"
136.243.228.179 - - [20/Jan/2025:11:58:13 -0500] "GET /goods/915590 HTTP/1.1" 200 0 "-" "Mozilla/5.0 (compatible; DataForSeoBot/1.0; +https://dataforseo.com/dataforseo-bot)"
136.243.228.179 - - [20/Jan/2025:11:59:04 -0500] "GET /goods/4547677 HTTP/1.1" 200 0 "-" "Mozilla/5.0 (compatible; DataForSeoBot/1.0; +https://dataforseo.com/dataforseo-bot)"
85.208.96.209 - - [20/Jan/2025:11:59:35 -0500] "GET /affreightment/balaustre555833.html HTTP/1.1" 200 0 "-" "Mozilla/5.0 (compatible; SemrushBot/7~bl; +http://www.semrush.com/bot.html)"
136.243.228.179 - - [20/Jan/2025:11:59:56 -0500] "GET /goods/4817492 HTTP/1.1" 200 0 "-" "Mozilla/5.0 (compatible; DataForSeoBot/1.0; +https://dataforseo.com/dataforseo-bot)"
85.208.96.209 - - [20/Jan/2025:12:00:31 -0500] "GET /affreightment/balaustre555833.html HTTP/1.1" 200 0 "-" "Mozilla/5.0 (compatible; SemrushBot/7~bl; +http://www.semrush.com/bot.html)"
136.243.228.179 - - [20/Jan/2025:12:00:53 -0500] "GET /goods/9947 HTTP/1.1" 200 0 "-" "Mozilla/5.0 (compatible; DataForSeoBot/1.0; +https://dataforseo.com/dataforseo-bot)"
216.244.66.247 - - [20/Jan/2025:12:02:01 -0500] "GET /wp-content/plugins/elementor/app/modules/import-export/assets/js/pages/import/import-content/components/import-content-display/?NA HTTP/1.1" 200 2078 "-" "Mozilla/5.0 (compatible; DotBot/1.2; +https://opensiteexplorer.org/dotbot; help@moz.com)"
136.243.228.179 - - [20/Jan/2025:12:01:41 -0500] "GET /goods/2114753 HTTP/1.1" 200 0 "-" "Mozilla/5.0 (compatible; DataForSeoBot/1.0; +https://dataforseo.com/dataforseo-bot)"
51.222.253.15 - - [20/Jan/2025:12:02:30 -0500] "GET /wp-admin/images/ HTTP/1.1" 200 2322 "-" "Mozilla/5.0 (compatible; AhrefsBot/7.0; +http://ahrefs.com/robot/)"
185.191.171.18 - - [20/Jan/2025:12:02:15 -0500] "GET /gibberish/homometrically683652.html HTTP/1.1" 200 0 "-" "Mozilla/5.0 (compatible; SemrushBot/7~bl; +http://www.semrush.com/bot.html)"
136.243.228.179 - - [20/Jan/2025:12:02:30 -0500] "GET /goods/3144453 HTTP/1.1" 200 0 "-" "Mozilla/5.0 (compatible; DataForSeoBot/1.0; +https://dataforseo.com/dataforseo-bot)"
185.191.171.18 - - [20/Jan/2025:12:03:08 -0500] "GET /gibberish/homometrically683652.html HTTP/1.1" 200 0 "-" "Mozilla/5.0 (compatible; SemrushBot/7~bl; +http://www.semrush.com/bot.html)"
136.243.228.179 - - [20/Jan/2025:12:03:21 -0500] "GET /goods/1549034 HTTP/1.1" 200 0 "-" "Mozilla/5.0 (compatible; DataForSeoBot/1.0; +https://dataforseo.com/dataforseo-bot)"
136.243.228.179 - - [20/Jan/2025:12:04:14 -0500] "GET /goods/2865423 HTTP/1.1" 200 0 "-" "Mozilla/5.0 (compatible; DataForSeoBot/1.0; +https://dataforseo.com/dataforseo-bot)"
85.208.96.198 - - [20/Jan/2025:12:04:57 -0500] "GET /goods/405407 HTTP/1.1" 200 0 "-" "Mozilla/5.0 (compatible; SemrushBot/7~bl; +http://www.semrush.com/bot.html)"
136.243.228.179 - - [20/Jan/2025:12:05:05 -0500] "GET /goods/307046 HTTP/1.1" 200 0 "-" "Mozilla/5.0 (compatible; DataForSeoBot/1.0; +https://dataforseo.com/dataforseo-bot)"
40.77.167.101 - - [20/Jan/2025:12:05:57 -0500] "GET /robots.txt HTTP/1.1" 200 98 "-" "Mozilla/5.0 AppleWebKit/537.36 (KHTML, like Gecko; compatible; bingbot/2.0; +http://www.bing.com/bingbot.htm) Chrome/116.0.1938.76 Safari/537.36"
40.77.167.101 - - [20/Jan/2025:12:05:58 -0500] "GET /robots.txt HTTP/1.1" 200 98 "-" "Mozilla/5.0 AppleWebKit/537.36 (KHTML, like Gecko; compatible; bingbot/2.0; +http://www.bing.com/bingbot.htm) Chrome/116.0.1938.76 Safari/537.36"
157.55.39.59 - - [20/Jan/2025:12:06:00 -0500] "GET /sitemap-10.xml HTTP/1.1" 200 14679 "-" "Mozilla/5.0 AppleWebKit/537.36 (KHTML, like Gecko; compatible; bingbot/2.0; +http://www.bing.com/bingbot.htm) Chrome/116.0.1938.76 Safari/537.36"
40.77.167.7 - - [20/Jan/2025:12:06:06 -0500] "GET /sitemap-11.xml HTTP/1.1" 200 14679 "-" "Mozilla/5.0 AppleWebKit/537.36 (KHTML, like Gecko; compatible; bingbot/2.0; +http://www.bing.com/bingbot.htm) Chrome/116.0.1938.76 Safari/537.36"
40.77.167.243 - - [20/Jan/2025:12:06:06 -0500] "GET /sitemap-1.xml HTTP/1.1" 200 14635 "-" "Mozilla/5.0 AppleWebKit/537.36 (KHTML, like Gecko; compatible; bingbot/2.0; +http://www.bing.com/bingbot.htm) Chrome/116.0.1938.76 Safari/537.36"
157.55.39.59 - - [20/Jan/2025:12:06:06 -0500] "GET /sitemap-9.xml HTTP/1.1" 200 14617 "-" "Mozilla/5.0 AppleWebKit/537.36 (KHTML, like Gecko; compatible; bingbot/2.0; +http://www.bing.com/bingbot.htm) Chrome/116.0.1938.76 Safari/537.36"
40.77.167.7 - - [20/Jan/2025:12:06:10 -0500] "GET /sitemap-14.xml HTTP/1.1" 200 14639 "-" "Mozilla/5.0 AppleWebKit/537.36 (KHTML, like Gecko; compatible; bingbot/2.0; +http://www.bing.com/bingbot.htm) Chrome/116.0.1938.76 Safari/537.36"
157.55.39.59 - - [20/Jan/2025:12:06:10 -0500] "GET /sitemap-13.xml HTTP/1.1" 200 14655 "-" "Mozilla/5.0 AppleWebKit/537.36 (KHTML, like Gecko; compatible; bingbot/2.0; +http://www.bing.com/bingbot.htm) Chrome/116.0.1938.76 Safari/537.36"
40.77.167.243 - - [20/Jan/2025:12:06:15 -0500] "GET /sitemap-2.xml HTTP/1.1" 200 14657 "-" "Mozilla/5.0 AppleWebKit/537.36 (KHTML, like Gecko; compatible; bingbot/2.0; +http://www.bing.com/bingbot.htm) Chrome/116.0.1938.76 Safari/537.36"
40.77.167.243 - - [20/Jan/2025:12:06:19 -0500] "GET /sitemap-3.xml HTTP/1.1" 200 14692 "-" "Mozilla/5.0 AppleWebKit/537.36 (KHTML, like Gecko; compatible; bingbot/2.0; +http://www.bing.com/bingbot.htm) Chrome/116.0.1938.76 Safari/537.36"
40.77.167.243 - - [20/Jan/2025:12:06:21 -0500] "GET /sitemap-4.xml HTTP/1.1" 200 14682 "-" "Mozilla/5.0 AppleWebKit/537.36 (KHTML, like Gecko; compatible; bingbot/2.0; +http://www.bing.com/bingbot.htm) Chrome/116.0.1938.76 Safari/537.36"
40.77.167.243 - - [20/Jan/2025:12:06:23 -0500] "GET /sitemap-12.xml HTTP/1.1" 200 14698 "-" "Mozilla/5.0 AppleWebKit/537.36 (KHTML, like Gecko; compatible; bingbot/2.0; +http://www.bing.com/bingbot.htm) Chrome/116.0.1938.76 Safari/537.36"
85.208.96.198 - - [20/Jan/2025:12:05:47 -0500] "GET /goods/405407 HTTP/1.1" 200 0 "-" "Mozilla/5.0 (compatible; SemrushBot/7~bl; +http://www.semrush.com/bot.html)"
136.243.228.179 - - [20/Jan/2025:12:05:54 -0500] "GET /goods/1074394 HTTP/1.1" 200 0 "-" "Mozilla/5.0 (compatible; DataForSeoBot/1.0; +https://dataforseo.com/dataforseo-bot)"
51.222.253.9 - - [20/Jan/2025:12:07:17 -0500] "GET /wp-content/plugins/elementor/app/modules/import-export/assets/js/pages/export/?SA HTTP/1.1" 200 704 "-" "Mozilla/5.0 (compatible; AhrefsBot/7.0; +http://ahrefs.com/robot/)"
136.243.228.179 - - [20/Jan/2025:12:06:46 -0500] "GET /goods/1379354 HTTP/1.1" 200 0 "-" "Mozilla/5.0 (compatible; DataForSeoBot/1.0; +https://dataforseo.com/dataforseo-bot)"
136.243.228.179 - - [20/Jan/2025:12:07:37 -0500] "GET /goods/4634772 HTTP/1.1" 200 0 "-" "Mozilla/5.0 (compatible; DataForSeoBot/1.0; +https://dataforseo.com/dataforseo-bot)"
85.208.96.207 - - [20/Jan/2025:12:07:37 -0500] "GET /goods/152434 HTTP/1.1" 200 0 "-" "Mozilla/5.0 (compatible; SemrushBot/7~bl; +http://www.semrush.com/bot.html)"
85.208.96.207 - - [20/Jan/2025:12:08:27 -0500] "GET /goods/152434 HTTP/1.1" 200 0 "-" "Mozilla/5.0 (compatible; SemrushBot/7~bl; +http://www.semrush.com/bot.html)"
136.243.228.179 - - [20/Jan/2025:12:08:27 -0500] "GET /goods/342375 HTTP/1.1" 200 0 "-" "Mozilla/5.0 (compatible; DataForSeoBot/1.0; +https://dataforseo.com/dataforseo-bot)"
136.243.228.179 - - [20/Jan/2025:12:09:19 -0500] "GET /goods/4394508 HTTP/1.1" 200 0 "-" "Mozilla/5.0 (compatible; DataForSeoBot/1.0; +https://dataforseo.com/dataforseo-bot)"
136.243.228.179 - - [20/Jan/2025:12:10:12 -0500] "GET /goods/1752776 HTTP/1.1" 200 0 "-" "Mozilla/5.0 (compatible; DataForSeoBot/1.0; +https://dataforseo.com/dataforseo-bot)"
85.208.96.199 - - [20/Jan/2025:12:10:20 -0500] "GET /goods/2625217 HTTP/1.1" 200 0 "-" "Mozilla/5.0 (compatible; SemrushBot/7~bl; +http://www.semrush.com/bot.html)"
136.243.228.179 - - [20/Jan/2025:12:11:01 -0500] "GET /goods/2066349 HTTP/1.1" 200 0 "-" "Mozilla/5.0 (compatible; DataForSeoBot/1.0; +https://dataforseo.com/dataforseo-bot)"
85.208.96.199 - - [20/Jan/2025:12:11:08 -0500] "GET /goods/2625217 HTTP/1.1" 200 0 "-" "Mozilla/5.0 (compatible; SemrushBot/7~bl; +http://www.semrush.com/bot.html)"
47.128.54.147 - - [20/Jan/2025:12:11:37 -0500] "GET / HTTP/1.1" 200 0 "-" "Mozilla/5.0 (Linux; Android 5.0) AppleWebKit/537.36 (KHTML, like Gecko) Mobile Safari/537.36 (compatible; Bytespider; spider-feedback@bytedance.com)"
51.222.253.6 - - [20/Jan/2025:12:12:33 -0500] "GET /wp-content/plugins/elementor/modules/nested-tabs/widgets/?MA HTTP/1.1" 200 652 "-" "Mozilla/5.0 (compatible; AhrefsBot/7.0; +http://ahrefs.com/robot/)"
136.243.228.179 - - [20/Jan/2025:12:11:53 -0500] "GET /goods/2694797 HTTP/1.1" 200 0 "-" "Mozilla/5.0 (compatible; DataForSeoBot/1.0; +https://dataforseo.com/dataforseo-bot)"
136.243.228.179 - - [20/Jan/2025:12:12:45 -0500] "GET /goods/3367844 HTTP/1.1" 200 0 "-" "Mozilla/5.0 (compatible; DataForSeoBot/1.0; +https://dataforseo.com/dataforseo-bot)"
85.208.96.206 - - [20/Jan/2025:12:12:58 -0500] "GET /goods/3352544 HTTP/1.1" 200 0 "-" "Mozilla/5.0 (compatible; SemrushBot/7~bl; +http://www.semrush.com/bot.html)"
136.243.228.179 - - [20/Jan/2025:12:13:33 -0500] "GET /goods/2391081 HTTP/1.1" 200 0 "-" "Mozilla/5.0 (compatible; DataForSeoBot/1.0; +https://dataforseo.com/dataforseo-bot)"
85.208.96.206 - - [20/Jan/2025:12:13:48 -0500] "GET /goods/3352544 HTTP/1.1" 200 0 "-" "Mozilla/5.0 (compatible; SemrushBot/7~bl; +http://www.semrush.com/bot.html)"
136.243.228.179 - - [20/Jan/2025:12:14:24 -0500] "GET /goods/642488 HTTP/1.1" 200 0 "-" "Mozilla/5.0 (compatible; DataForSeoBot/1.0; +https://dataforseo.com/dataforseo-bot)"
136.243.228.179 - - [20/Jan/2025:12:15:17 -0500] "GET /goods/1467256 HTTP/1.1" 200 0 "-" "Mozilla/5.0 (compatible; DataForSeoBot/1.0; +https://dataforseo.com/dataforseo-bot)"
85.208.96.200 - - [20/Jan/2025:12:16:24 -0500] "GET /robots.txt HTTP/1.1" 200 136 "-" "Mozilla/5.0 (compatible; SemrushBot/7~bl; +http://www.semrush.com/bot.html)"
185.191.171.8 - - [20/Jan/2025:12:15:39 -0500] "GET /goods/1817190 HTTP/1.1" 200 0 "-" "Mozilla/5.0 (compatible; SemrushBot/7~bl; +http://www.semrush.com/bot.html)"
136.243.228.179 - - [20/Jan/2025:12:16:06 -0500] "GET /goods/1381977 HTTP/1.1" 200 0 "-" "Mozilla/5.0 (compatible; DataForSeoBot/1.0; +https://dataforseo.com/dataforseo-bot)"
185.191.171.8 - - [20/Jan/2025:12:16:30 -0500] "GET /goods/1817190 HTTP/1.1" 200 0 "-" "Mozilla/5.0 (compatible; SemrushBot/7~bl; +http://www.semrush.com/bot.html)"
136.243.228.179 - - [20/Jan/2025:12:16:58 -0500] "GET /goods/4018032 HTTP/1.1" 200 0 "-" "Mozilla/5.0 (compatible; DataForSeoBot/1.0; +https://dataforseo.com/dataforseo-bot)"
136.243.228.179 - - [20/Jan/2025:12:17:50 -0500] "GET /goods/2054982 HTTP/1.1" 200 0 "-" "Mozilla/5.0 (compatible; DataForSeoBot/1.0; +https://dataforseo.com/dataforseo-bot)"
185.191.171.17 - - [20/Jan/2025:12:18:21 -0500] "GET /goods/132438 HTTP/1.1" 200 0 "-" "Mozilla/5.0 (compatible; SemrushBot/7~bl; +http://www.semrush.com/bot.html)"
136.243.228.179 - - [20/Jan/2025:12:18:42 -0500] "GET /goods/95112 HTTP/1.1" 200 0 "-" "Mozilla/5.0 (compatible; DataForSeoBot/1.0; +https://dataforseo.com/dataforseo-bot)"
185.191.171.17 - - [20/Jan/2025:12:19:12 -0500] "GET /goods/132438 HTTP/1.1" 200 0 "-" "Mozilla/5.0 (compatible; SemrushBot/7~bl; +http://www.semrush.com/bot.html)"
136.243.228.179 - - [20/Jan/2025:12:19:32 -0500] "GET /goods/4068184 HTTP/1.1" 200 0 "-" "Mozilla/5.0 (compatible; DataForSeoBot/1.0; +https://dataforseo.com/dataforseo-bot)"
136.243.228.179 - - [20/Jan/2025:12:20:24 -0500] "GET /goods/1782814 HTTP/1.1" 200 0 "-" "Mozilla/5.0 (compatible; DataForSeoBot/1.0; +https://dataforseo.com/dataforseo-bot)"
47.128.45.50 - - [20/Jan/2025:12:20:54 -0500] "GET / HTTP/1.1" 200 0 "-" "Mozilla/5.0 (Linux; Android 5.0) AppleWebKit/537.36 (KHTML, like Gecko) Mobile Safari/537.36 (compatible; Bytespider; spider-feedback@bytedance.com)"
85.208.96.193 - - [20/Jan/2025:12:21:02 -0500] "GET /goods/814560 HTTP/1.1" 200 0 "-" "Mozilla/5.0 (compatible; SemrushBot/7~bl; +http://www.semrush.com/bot.html)"
136.243.228.179 - - [20/Jan/2025:12:21:15 -0500] "GET /goods/3482744 HTTP/1.1" 200 0 "-" "Mozilla/5.0 (compatible; DataForSeoBot/1.0; +https://dataforseo.com/dataforseo-bot)"
85.208.96.193 - - [20/Jan/2025:12:21:52 -0500] "GET /goods/814560 HTTP/1.1" 200 0 "-" "Mozilla/5.0 (compatible; SemrushBot/7~bl; +http://www.semrush.com/bot.html)"
136.243.228.179 - - [20/Jan/2025:12:22:05 -0500] "GET /goods/4715693 HTTP/1.1" 200 0 "-" "Mozilla/5.0 (compatible; DataForSeoBot/1.0; +https://dataforseo.com/dataforseo-bot)"
136.243.228.179 - - [20/Jan/2025:12:22:57 -0500] "GET /goods/3789474 HTTP/1.1" 200 0 "-" "Mozilla/5.0 (compatible; DataForSeoBot/1.0; +https://dataforseo.com/dataforseo-bot)"
85.208.96.208 - - [20/Jan/2025:12:23:43 -0500] "GET /gauzily/extraplanetary1381928.html HTTP/1.1" 200 0 "-" "Mozilla/5.0 (compatible; SemrushBot/7~bl; +http://www.semrush.com/bot.html)"
136.243.228.179 - - [20/Jan/2025:12:23:48 -0500] "GET /goods/866078 HTTP/1.1" 200 0 "-" "Mozilla/5.0 (compatible; DataForSeoBot/1.0; +https://dataforseo.com/dataforseo-bot)"
85.208.96.208 - - [20/Jan/2025:12:24:34 -0500] "GET /gauzily/extraplanetary1381928.html HTTP/1.1" 200 0 "-" "Mozilla/5.0 (compatible; SemrushBot/7~bl; +http://www.semrush.com/bot.html)"
136.243.228.179 - - [20/Jan/2025:12:24:40 -0500] "GET /goods/3451160 HTTP/1.1" 200 0 "-" "Mozilla/5.0 (compatible; DataForSeoBot/1.0; +https://dataforseo.com/dataforseo-bot)"
77.75.79.62 - - [20/Jan/2025:12:25:44 -0500] "GET /robots.txt HTTP/1.1" 200 136 "-" "Mozilla/5.0 (compatible; SeznamBot/4.0; +http://napoveda.seznam.cz/seznambot-intro/)"
77.75.79.62 - - [20/Jan/2025:12:25:44 -0500] "GET /goods/1266848 HTTP/1.1" 200 0 "-" "Mozilla/5.0 (compatible; SeznamBot/4.0; +http://napoveda.seznam.cz/seznambot-intro/)"
136.243.228.179 - - [20/Jan/2025:12:25:30 -0500] "GET /goods/1652384 HTTP/1.1" 200 0 "-" "Mozilla/5.0 (compatible; DataForSeoBot/1.0; +https://dataforseo.com/dataforseo-bot)"
136.243.228.179 - - [20/Jan/2025:12:26:22 -0500] "GET /goods/1652484 HTTP/1.1" 200 0 "-" "Mozilla/5.0 (compatible; DataForSeoBot/1.0; +https://dataforseo.com/dataforseo-bot)"
185.191.171.14 - - [20/Jan/2025:12:26:25 -0500] "GET /goods/938931 HTTP/1.1" 200 0 "-" "Mozilla/5.0 (compatible; SemrushBot/7~bl; +http://www.semrush.com/bot.html)"
185.191.171.14 - - [20/Jan/2025:12:27:16 -0500] "GET /goods/938931 HTTP/1.1" 200 0 "-" "Mozilla/5.0 (compatible; SemrushBot/7~bl; +http://www.semrush.com/bot.html)"
136.243.228.179 - - [20/Jan/2025:12:27:13 -0500] "GET /goods/2521345 HTTP/1.1" 200 0 "-" "Mozilla/5.0 (compatible; DataForSeoBot/1.0; +https://dataforseo.com/dataforseo-bot)"
51.222.253.14 - - [20/Jan/2025:12:28:10 -0500] "GET /wp-content/plugins/elementor/app/assets/js/url-actions/?SD HTTP/1.1" 200 646 "-" "Mozilla/5.0 (compatible; AhrefsBot/7.0; +http://ahrefs.com/robot/)"
136.243.228.179 - - [20/Jan/2025:12:28:04 -0500] "GET /goods/2058162 HTTP/1.1" 200 0 "-" "Mozilla/5.0 (compatible; DataForSeoBot/1.0; +https://dataforseo.com/dataforseo-bot)"
136.243.228.179 - - [20/Jan/2025:12:28:55 -0500] "GET /goods/3535664 HTTP/1.1" 200 0 "-" "Mozilla/5.0 (compatible; DataForSeoBot/1.0; +https://dataforseo.com/dataforseo-bot)"
185.191.171.2 - - [20/Jan/2025:12:29:04 -0500] "GET /goods/4414069 HTTP/1.1" 200 0 "-" "Mozilla/5.0 (compatible; SemrushBot/7~bl; +http://www.semrush.com/bot.html)"
136.243.228.179 - - [20/Jan/2025:12:29:47 -0500] "GET /goods/2869985 HTTP/1.1" 200 0 "-" "Mozilla/5.0 (compatible; DataForSeoBot/1.0; +https://dataforseo.com/dataforseo-bot)"
185.191.171.2 - - [20/Jan/2025:12:29:54 -0500] "GET /goods/4414069 HTTP/1.1" 200 0 "-" "Mozilla/5.0 (compatible; SemrushBot/7~bl; +http://www.semrush.com/bot.html)"
136.243.228.179 - - [20/Jan/2025:12:30:38 -0500] "GET /goods/1639487 HTTP/1.1" 200 0 "-" "Mozilla/5.0 (compatible; DataForSeoBot/1.0; +https://dataforseo.com/dataforseo-bot)"
136.243.228.179 - - [20/Jan/2025:12:31:29 -0500] "GET /goods/1587444 HTTP/1.1" 200 0 "-" "Mozilla/5.0 (compatible; DataForSeoBot/1.0; +https://dataforseo.com/dataforseo-bot)"
185.191.171.15 - - [20/Jan/2025:12:31:45 -0500] "GET /goods/3679991 HTTP/1.1" 200 0 "-" "Mozilla/5.0 (compatible; SemrushBot/7~bl; +http://www.semrush.com/bot.html)"
136.243.228.179 - - [20/Jan/2025:12:32:20 -0500] "GET /goods/4488728 HTTP/1.1" 200 0 "-" "Mozilla/5.0 (compatible; DataForSeoBot/1.0; +https://dataforseo.com/dataforseo-bot)"
185.191.171.15 - - [20/Jan/2025:12:32:36 -0500] "GET /goods/3679991 HTTP/1.1" 200 0 "-" "Mozilla/5.0 (compatible; SemrushBot/7~bl; +http://www.semrush.com/bot.html)"
136.243.228.179 - - [20/Jan/2025:12:33:12 -0500] "GET /goods/709364 HTTP/1.1" 200 0 "-" "Mozilla/5.0 (compatible; DataForSeoBot/1.0; +https://dataforseo.com/dataforseo-bot)"
136.243.228.179 - - [20/Jan/2025:12:34:03 -0500] "GET /goods/2437269 HTTP/1.1" 200 0 "-" "Mozilla/5.0 (compatible; DataForSeoBot/1.0; +https://dataforseo.com/dataforseo-bot)"
185.191.171.12 - - [20/Jan/2025:12:34:27 -0500] "GET /goods/2068700 HTTP/1.1" 200 0 "-" "Mozilla/5.0 (compatible; SemrushBot/7~bl; +http://www.semrush.com/bot.html)"
136.243.228.179 - - [20/Jan/2025:12:34:55 -0500] "GET /goods/4384302 HTTP/1.1" 200 0 "-" "Mozilla/5.0 (compatible; DataForSeoBot/1.0; +https://dataforseo.com/dataforseo-bot)"
185.191.171.12 - - [20/Jan/2025:12:35:20 -0500] "GET /goods/2068700 HTTP/1.1" 200 0 "-" "Mozilla/5.0 (compatible; SemrushBot/7~bl; +http://www.semrush.com/bot.html)"
47.128.25.166 - - [20/Jan/2025:12:35:32 -0500] "GET / HTTP/1.1" 200 0 "-" "Mozilla/5.0 (Linux; Android 5.0) AppleWebKit/537.36 (KHTML, like Gecko) Mobile Safari/537.36 (compatible; Bytespider; spider-feedback@bytedance.com)"
136.243.228.179 - - [20/Jan/2025:12:35:47 -0500] "GET /goods/4274477 HTTP/1.1" 200 0 "-" "Mozilla/5.0 (compatible; DataForSeoBot/1.0; +https://dataforseo.com/dataforseo-bot)"
216.244.66.247 - - [20/Jan/2025:12:36:46 -0500] "GET /robots.txt HTTP/1.1" 200 762 "-" "Mozilla/5.0 (compatible; DotBot/1.2; +https://opensiteexplorer.org/dotbot; help@moz.com)"
136.243.228.179 - - [20/Jan/2025:12:36:38 -0500] "GET /goods/1756786 HTTP/1.1" 200 0 "-" "Mozilla/5.0 (compatible; DataForSeoBot/1.0; +https://dataforseo.com/dataforseo-bot)"
51.222.253.7 - - [20/Jan/2025:12:37:52 -0500] "GET /wp-admin/images/?ND HTTP/1.1" 200 2415 "-" "Mozilla/5.0 (compatible; AhrefsBot/7.0; +http://ahrefs.com/robot/)"
85.208.96.199 - - [20/Jan/2025:12:37:09 -0500] "GET /goods/88525 HTTP/1.1" 200 0 "-" "Mozilla/5.0 (compatible; SemrushBot/7~bl; +http://www.semrush.com/bot.html)"
85.208.96.205 - - [20/Jan/2025:12:38:13 -0500] "GET /robots.txt HTTP/1.1" 200 136 "-" "Mozilla/5.0 (compatible; SemrushBot/7~bl; +http://www.semrush.com/bot.html)"
136.243.228.179 - - [20/Jan/2025:12:37:29 -0500] "GET /goods/1966996 HTTP/1.1" 200 0 "-" "Mozilla/5.0 (compatible; DataForSeoBot/1.0; +https://dataforseo.com/dataforseo-bot)"
85.208.96.199 - - [20/Jan/2025:12:37:59 -0500] "GET /goods/88525 HTTP/1.1" 200 0 "-" "Mozilla/5.0 (compatible; SemrushBot/7~bl; +http://www.semrush.com/bot.html)"
136.243.228.179 - - [20/Jan/2025:12:38:21 -0500] "GET /goods/3920343 HTTP/1.1" 200 0 "-" "Mozilla/5.0 (compatible; DataForSeoBot/1.0; +https://dataforseo.com/dataforseo-bot)"
136.243.228.179 - - [20/Jan/2025:12:39:13 -0500] "GET /goods/563378 HTTP/1.1" 200 0 "-" "Mozilla/5.0 (compatible; DataForSeoBot/1.0; +https://dataforseo.com/dataforseo-bot)"
85.208.96.206 - - [20/Jan/2025:12:39:51 -0500] "GET /goods/58753 HTTP/1.1" 200 0 "-" "Mozilla/5.0 (compatible; SemrushBot/7~bl; +http://www.semrush.com/bot.html)"
47.128.52.77 - - [20/Jan/2025:12:40:53 -0500] "GET /wp-content/plugins/elementor/includes/beta-testers.php HTTP/1.1" 403 1242 "-" "Mozilla/5.0 (Linux; Android 5.0) AppleWebKit/537.36 (KHTML, like Gecko) Mobile Safari/537.36 (compatible; Bytespider; spider-feedback@bytedance.com)"
136.243.228.179 - - [20/Jan/2025:12:40:05 -0500] "GET /goods/142591 HTTP/1.1" 200 0 "-" "Mozilla/5.0 (compatible; DataForSeoBot/1.0; +https://dataforseo.com/dataforseo-bot)"
85.208.96.206 - - [20/Jan/2025:12:40:41 -0500] "GET /goods/58753 HTTP/1.1" 200 0 "-" "Mozilla/5.0 (compatible; SemrushBot/7~bl; +http://www.semrush.com/bot.html)"
136.243.228.179 - - [20/Jan/2025:12:40:55 -0500] "GET /goods/3452928 HTTP/1.1" 200 0 "-" "Mozilla/5.0 (compatible; DataForSeoBot/1.0; +https://dataforseo.com/dataforseo-bot)"
40.77.167.51 - - [20/Jan/2025:12:42:11 -0500] "GET /faculty/atoz/ HTTP/1.1" 200 68831 "-" "Mozilla/5.0 AppleWebKit/537.36 (KHTML, like Gecko; compatible; bingbot/2.0; +http://www.bing.com/bingbot.htm) Chrome/116.0.1938.76 Safari/537.36"
136.243.228.179 - - [20/Jan/2025:12:41:46 -0500] "GET /goods/3971399 HTTP/1.1" 200 0 "-" "Mozilla/5.0 (compatible; DataForSeoBot/1.0; +https://dataforseo.com/dataforseo-bot)"
185.191.171.3 - - [20/Jan/2025:12:42:32 -0500] "GET /goods/1698297 HTTP/1.1" 200 0 "-" "Mozilla/5.0 (compatible; SemrushBot/7~bl; +http://www.semrush.com/bot.html)"
136.243.228.179 - - [20/Jan/2025:12:42:37 -0500] "GET /goods/1348878 HTTP/1.1" 200 0 "-" "Mozilla/5.0 (compatible; DataForSeoBot/1.0; +https://dataforseo.com/dataforseo-bot)"
185.191.171.3 - - [20/Jan/2025:12:43:22 -0500] "GET /goods/1698297 HTTP/1.1" 200 0 "-" "Mozilla/5.0 (compatible; SemrushBot/7~bl; +http://www.semrush.com/bot.html)"
136.243.228.179 - - [20/Jan/2025:12:43:29 -0500] "GET /goods/2049574 HTTP/1.1" 200 0 "-" "Mozilla/5.0 (compatible; DataForSeoBot/1.0; +https://dataforseo.com/dataforseo-bot)"
47.128.99.111 - - [20/Jan/2025:12:44:53 -0500] "GET /wp-content/plugins/elementor/modules/promotions/widgets/pro-widget-promotion.php HTTP/1.1" 403 1242 "-" "Mozilla/5.0 (Linux; Android 5.0) AppleWebKit/537.36 (KHTML, like Gecko) Mobile Safari/537.36 (compatible; Bytespider; spider-feedback@bytedance.com)"
136.243.228.179 - - [20/Jan/2025:12:44:21 -0500] "GET /goods/2294022 HTTP/1.1" 200 0 "-" "Mozilla/5.0 (compatible; DataForSeoBot/1.0; +https://dataforseo.com/dataforseo-bot)"
136.243.228.179 - - [20/Jan/2025:12:45:11 -0500] "GET /goods/3905087 HTTP/1.1" 200 0 "-" "Mozilla/5.0 (compatible; DataForSeoBot/1.0; +https://dataforseo.com/dataforseo-bot)"
185.191.171.12 - - [20/Jan/2025:12:45:13 -0500] "GET /goods/1110627 HTTP/1.1" 200 0 "-" "Mozilla/5.0 (compatible; SemrushBot/7~bl; +http://www.semrush.com/bot.html)"
136.243.228.179 - - [20/Jan/2025:12:46:03 -0500] "GET /goods/2485117 HTTP/1.1" 200 0 "-" "Mozilla/5.0 (compatible; DataForSeoBot/1.0; +https://dataforseo.com/dataforseo-bot)"
185.191.171.12 - - [20/Jan/2025:12:46:04 -0500] "GET /goods/1110627 HTTP/1.1" 200 0 "-" "Mozilla/5.0 (compatible; SemrushBot/7~bl; +http://www.semrush.com/bot.html)"
51.222.253.3 - - [20/Jan/2025:12:47:41 -0500] "GET /wp-content/plugins/elementor/assets/js/packages/ui/?ND HTTP/1.1" 200 1071 "-" "Mozilla/5.0 (compatible; AhrefsBot/7.0; +http://ahrefs.com/robot/)"
136.243.228.179 - - [20/Jan/2025:12:46:54 -0500] "GET /goods/466039 HTTP/1.1" 200 0 "-" "Mozilla/5.0 (compatible; DataForSeoBot/1.0; +https://dataforseo.com/dataforseo-bot)"
136.243.228.179 - - [20/Jan/2025:12:47:45 -0500] "GET /goods/2882211 HTTP/1.1" 200 0 "-" "Mozilla/5.0 (compatible; DataForSeoBot/1.0; +https://dataforseo.com/dataforseo-bot)"
185.191.171.17 - - [20/Jan/2025:12:47:55 -0500] "GET /goods/572670 HTTP/1.1" 200 0 "-" "Mozilla/5.0 (compatible; SemrushBot/7~bl; +http://www.semrush.com/bot.html)"
216.244.66.247 - - [20/Jan/2025:12:49:12 -0500] "GET /wp-content/plugins/elementor/app/modules/import-export/assets/js/pages/export/export-kit/components/kit-information/components/kit-info-modal/kit-info-modal.js HTTP/1.1" 200 749 "-" "Mozilla/5.0 (compatible; DotBot/1.2; +https://opensiteexplorer.org/dotbot; help@moz.com)"
136.243.228.179 - - [20/Jan/2025:12:48:37 -0500] "GET /goods/555704 HTTP/1.1" 200 0 "-" "Mozilla/5.0 (compatible; DataForSeoBot/1.0; +https://dataforseo.com/dataforseo-bot)"
185.191.171.17 - - [20/Jan/2025:12:48:46 -0500] "GET /goods/572670 HTTP/1.1" 200 0 "-" "Mozilla/5.0 (compatible; SemrushBot/7~bl; +http://www.semrush.com/bot.html)"
47.128.124.36 - - [20/Jan/2025:12:48:54 -0500] "GET / HTTP/1.1" 200 0 "-" "Mozilla/5.0 (Linux; Android 5.0) AppleWebKit/537.36 (KHTML, like Gecko) Mobile Safari/537.36 (compatible; Bytespider; spider-feedback@bytedance.com)"
136.243.228.179 - - [20/Jan/2025:12:49:28 -0500] "GET /goods/1034236 HTTP/1.1" 200 0 "-" "Mozilla/5.0 (compatible; DataForSeoBot/1.0; +https://dataforseo.com/dataforseo-bot)"
136.243.228.179 - - [20/Jan/2025:12:50:19 -0500] "GET /goods/2823275 HTTP/1.1" 200 0 "-" "Mozilla/5.0 (compatible; DataForSeoBot/1.0; +https://dataforseo.com/dataforseo-bot)"
85.208.96.211 - - [20/Jan/2025:12:50:36 -0500] "GET /journalist/chancery558520.html HTTP/1.1" 200 0 "-" "Mozilla/5.0 (compatible; SemrushBot/7~bl; +http://www.semrush.com/bot.html)"
136.243.228.179 - - [20/Jan/2025:12:51:11 -0500] "GET /goods/4506909 HTTP/1.1" 200 0 "-" "Mozilla/5.0 (compatible; DataForSeoBot/1.0; +https://dataforseo.com/dataforseo-bot)"
85.208.96.211 - - [20/Jan/2025:12:51:26 -0500] "GET /journalist/chancery558520.html HTTP/1.1" 200 0 "-" "Mozilla/5.0 (compatible; SemrushBot/7~bl; +http://www.semrush.com/bot.html)"
51.222.253.19 - - [20/Jan/2025:12:52:26 -0500] "GET /wp-content/plugins/elementor/app/modules/import-export/assets/js/pages/export/export-complete/ HTTP/1.1" 200 694 "-" "Mozilla/5.0 (compatible; AhrefsBot/7.0; +http://ahrefs.com/robot/)"
136.243.228.179 - - [20/Jan/2025:12:52:02 -0500] "GET /goods/430591 HTTP/1.1" 200 0 "-" "Mozilla/5.0 (compatible; DataForSeoBot/1.0; +https://dataforseo.com/dataforseo-bot)"
47.128.20.72 - - [20/Jan/2025:12:52:54 -0500] "GET /wp-content/plugins/elementor/core/files/assets/manager.php HTTP/1.1" 403 1242 "-" "Mozilla/5.0 (Linux; Android 5.0) AppleWebKit/537.36 (KHTML, like Gecko) Mobile Safari/537.36 (compatible; Bytespider; spider-feedback@bytedance.com)"
136.243.228.179 - - [20/Jan/2025:12:52:52 -0500] "GET /goods/517665 HTTP/1.1" 200 0 "-" "Mozilla/5.0 (compatible; DataForSeoBot/1.0; +https://dataforseo.com/dataforseo-bot)"
185.191.171.2 - - [20/Jan/2025:12:53:17 -0500] "GET /goods/246597 HTTP/1.1" 200 0 "-" "Mozilla/5.0 (compatible; SemrushBot/7~bl; +http://www.semrush.com/bot.html)"
136.243.228.179 - - [20/Jan/2025:12:53:43 -0500] "GET /goods/4142829 HTTP/1.1" 200 0 "-" "Mozilla/5.0 (compatible; DataForSeoBot/1.0; +https://dataforseo.com/dataforseo-bot)"
185.191.171.2 - - [20/Jan/2025:12:54:07 -0500] "GET /goods/246597 HTTP/1.1" 200 0 "-" "Mozilla/5.0 (compatible; SemrushBot/7~bl; +http://www.semrush.com/bot.html)"
136.243.228.179 - - [20/Jan/2025:12:54:34 -0500] "GET /goods/3797436 HTTP/1.1" 200 0 "-" "Mozilla/5.0 (compatible; DataForSeoBot/1.0; +https://dataforseo.com/dataforseo-bot)"
136.243.228.179 - - [20/Jan/2025:12:55:25 -0500] "GET /goods/914711 HTTP/1.1" 200 0 "-" "Mozilla/5.0 (compatible; DataForSeoBot/1.0; +https://dataforseo.com/dataforseo-bot)"
85.208.96.208 - - [20/Jan/2025:12:55:59 -0500] "GET /goods/482189 HTTP/1.1" 200 0 "-" "Mozilla/5.0 (compatible; SemrushBot/7~bl; +http://www.semrush.com/bot.html)"
136.243.228.179 - - [20/Jan/2025:12:56:17 -0500] "GET /goods/4415027 HTTP/1.1" 200 0 "-" "Mozilla/5.0 (compatible; DataForSeoBot/1.0; +https://dataforseo.com/dataforseo-bot)"
85.208.96.208 - - [20/Jan/2025:12:56:50 -0500] "GET /goods/482189 HTTP/1.1" 200 0 "-" "Mozilla/5.0 (compatible; SemrushBot/7~bl; +http://www.semrush.com/bot.html)"
47.128.111.14 - - [20/Jan/2025:12:56:55 -0500] "GET / HTTP/1.1" 200 0 "-" "Mozilla/5.0 (Linux; Android 5.0) AppleWebKit/537.36 (KHTML, like Gecko) Mobile Safari/537.36 (compatible; Bytespider; spider-feedback@bytedance.com)"
136.243.228.179 - - [20/Jan/2025:12:57:08 -0500] "GET /goods/4282806 HTTP/1.1" 200 0 "-" "Mozilla/5.0 (compatible; DataForSeoBot/1.0; +https://dataforseo.com/dataforseo-bot)"
136.243.228.179 - - [20/Jan/2025:12:57:59 -0500] "GET /goods/269264 HTTP/1.1" 200 0 "-" "Mozilla/5.0 (compatible; DataForSeoBot/1.0; +https://dataforseo.com/dataforseo-bot)"
85.208.96.193 - - [20/Jan/2025:12:59:13 -0500] "GET /robots.txt HTTP/1.1" 200 136 "-" "Mozilla/5.0 (compatible; SemrushBot/7~bl; +http://www.semrush.com/bot.html)"
185.191.171.7 - - [20/Jan/2025:12:58:41 -0500] "GET /Meletian/Algaroth975376.html HTTP/1.1" 200 0 "-" "Mozilla/5.0 (compatible; SemrushBot/7~bl; +http://www.semrush.com/bot.html)"
136.243.228.179 - - [20/Jan/2025:12:58:49 -0500] "GET /goods/580854 HTTP/1.1" 200 0 "-" "Mozilla/5.0 (compatible; DataForSeoBot/1.0; +https://dataforseo.com/dataforseo-bot)"
185.191.171.7 - - [20/Jan/2025:12:59:32 -0500] "GET /Meletian/Algaroth975376.html HTTP/1.1" 200 0 "-" "Mozilla/5.0 (compatible; SemrushBot/7~bl; +http://www.semrush.com/bot.html)"
136.243.228.179 - - [20/Jan/2025:12:59:41 -0500] "GET /goods/4007228 HTTP/1.1" 200 0 "-" "Mozilla/5.0 (compatible; DataForSeoBot/1.0; +https://dataforseo.com/dataforseo-bot)"
47.128.114.147 - - [20/Jan/2025:13:00:55 -0500] "GET /wp-content/plugins/elementor/core/common/modules/finder/categories/tools.php HTTP/1.1" 403 1242 "-" "Mozilla/5.0 (Linux; Android 5.0) AppleWebKit/537.36 (KHTML, like Gecko) Mobile Safari/537.36 (compatible; Bytespider; spider-feedback@bytedance.com)"
136.243.228.179 - - [20/Jan/2025:13:00:31 -0500] "GET /goods/634572 HTTP/1.1" 200 0 "-" "Mozilla/5.0 (compatible; DataForSeoBot/1.0; +https://dataforseo.com/dataforseo-bot)"
85.208.96.194 - - [20/Jan/2025:13:01:22 -0500] "GET /metallographical/isomagnetic1439385.html HTTP/1.1" 200 0 "-" "Mozilla/5.0 (compatible; SemrushBot/7~bl; +http://www.semrush.com/bot.html)"
136.243.228.179 - - [20/Jan/2025:13:01:22 -0500] "GET /goods/3813336 HTTP/1.1" 200 0 "-" "Mozilla/5.0 (compatible; DataForSeoBot/1.0; +https://dataforseo.com/dataforseo-bot)"
51.222.253.15 - - [20/Jan/2025:13:02:25 -0500] "GET /wp-content/plugins/elementor/assets/js/packages/editor-site-navigation/?ND HTTP/1.1" 200 761 "-" "Mozilla/5.0 (compatible; AhrefsBot/7.0; +http://ahrefs.com/robot/)"
85.208.96.194 - - [20/Jan/2025:13:02:12 -0500] "GET /metallographical/isomagnetic1439385.html HTTP/1.1" 200 0 "-" "Mozilla/5.0 (compatible; SemrushBot/7~bl; +http://www.semrush.com/bot.html)"
136.243.228.179 - - [20/Jan/2025:13:02:14 -0500] "GET /goods/3161009 HTTP/1.1" 200 0 "-" "Mozilla/5.0 (compatible; DataForSeoBot/1.0; +https://dataforseo.com/dataforseo-bot)"
136.243.228.179 - - [20/Jan/2025:13:03:05 -0500] "GET /goods/4630280 HTTP/1.1" 200 0 "-" "Mozilla/5.0 (compatible; DataForSeoBot/1.0; +https://dataforseo.com/dataforseo-bot)"
136.243.228.179 - - [20/Jan/2025:13:03:56 -0500] "GET /goods/1079554 HTTP/1.1" 200 0 "-" "Mozilla/5.0 (compatible; DataForSeoBot/1.0; +https://dataforseo.com/dataforseo-bot)"
185.191.171.10 - - [20/Jan/2025:13:04:03 -0500] "GET /goods/516490 HTTP/1.1" 200 0 "-" "Mozilla/5.0 (compatible; SemrushBot/7~bl; +http://www.semrush.com/bot.html)"
136.243.228.179 - - [20/Jan/2025:13:04:47 -0500] "GET /goods/3307325 HTTP/1.1" 200 0 "-" "Mozilla/5.0 (compatible; DataForSeoBot/1.0; +https://dataforseo.com/dataforseo-bot)"
185.191.171.10 - - [20/Jan/2025:13:04:54 -0500] "GET /goods/516490 HTTP/1.1" 200 0 "-" "Mozilla/5.0 (compatible; SemrushBot/7~bl; +http://www.semrush.com/bot.html)"
136.243.228.179 - - [20/Jan/2025:13:05:39 -0500] "GET /goods/172724 HTTP/1.1" 200 0 "-" "Mozilla/5.0 (compatible; DataForSeoBot/1.0; +https://dataforseo.com/dataforseo-bot)"
47.128.47.12 - - [20/Jan/2025:13:05:59 -0500] "GET / HTTP/1.1" 200 0 "-" "Mozilla/5.0 (Linux; Android 5.0) AppleWebKit/537.36 (KHTML, like Gecko) Mobile Safari/537.36 (compatible; Bytespider; spider-feedback@bytedance.com)"
136.243.228.179 - - [20/Jan/2025:13:06:30 -0500] "GET /goods/2876651 HTTP/1.1" 200 0 "-" "Mozilla/5.0 (compatible; DataForSeoBot/1.0; +https://dataforseo.com/dataforseo-bot)"
85.208.96.206 - - [20/Jan/2025:13:06:45 -0500] "GET /goods/3044650 HTTP/1.1" 200 0 "-" "Mozilla/5.0 (compatible; SemrushBot/7~bl; +http://www.semrush.com/bot.html)"
136.243.228.179 - - [20/Jan/2025:13:07:21 -0500] "GET /goods/2621461 HTTP/1.1" 200 0 "-" "Mozilla/5.0 (compatible; DataForSeoBot/1.0; +https://dataforseo.com/dataforseo-bot)"
85.208.96.206 - - [20/Jan/2025:13:07:36 -0500] "GET /goods/3044650 HTTP/1.1" 200 0 "-" "Mozilla/5.0 (compatible; SemrushBot/7~bl; +http://www.semrush.com/bot.html)"
136.243.228.179 - - [20/Jan/2025:13:08:13 -0500] "GET /goods/2403517 HTTP/1.1" 200 0 "-" "Mozilla/5.0 (compatible; DataForSeoBot/1.0; +https://dataforseo.com/dataforseo-bot)"
136.243.228.179 - - [20/Jan/2025:13:09:03 -0500] "GET /goods/2178162 HTTP/1.1" 200 0 "-" "Mozilla/5.0 (compatible; DataForSeoBot/1.0; +https://dataforseo.com/dataforseo-bot)"
185.191.171.3 - - [20/Jan/2025:13:09:29 -0500] "GET /dishonorary/microphotograph1122843.html HTTP/1.1" 200 0 "-" "Mozilla/5.0 (compatible; SemrushBot/7~bl; +http://www.semrush.com/bot.html)"
136.243.228.179 - - [20/Jan/2025:13:09:55 -0500] "GET /goods/1195581 HTTP/1.1" 200 0 "-" "Mozilla/5.0 (compatible; DataForSeoBot/1.0; +https://dataforseo.com/dataforseo-bot)"
185.191.171.3 - - [20/Jan/2025:13:10:19 -0500] "GET /dishonorary/microphotograph1122843.html HTTP/1.1" 200 0 "-" "Mozilla/5.0 (compatible; SemrushBot/7~bl; +http://www.semrush.com/bot.html)"
136.243.228.179 - - [20/Jan/2025:13:10:46 -0500] "GET /goods/3009282 HTTP/1.1" 200 0 "-" "Mozilla/5.0 (compatible; DataForSeoBot/1.0; +https://dataforseo.com/dataforseo-bot)"
136.243.228.179 - - [20/Jan/2025:13:11:36 -0500] "GET /goods/3526594 HTTP/1.1" 200 0 "-" "Mozilla/5.0 (compatible; DataForSeoBot/1.0; +https://dataforseo.com/dataforseo-bot)"
185.191.171.16 - - [20/Jan/2025:13:12:11 -0500] "GET /goods/3429322 HTTP/1.1" 200 0 "-" "Mozilla/5.0 (compatible; SemrushBot/7~bl; +http://www.semrush.com/bot.html)"
136.243.228.179 - - [20/Jan/2025:13:12:28 -0500] "GET /goods/1961163 HTTP/1.1" 200 0 "-" "Mozilla/5.0 (compatible; DataForSeoBot/1.0; +https://dataforseo.com/dataforseo-bot)"
185.191.171.16 - - [20/Jan/2025:13:13:01 -0500] "GET /goods/3429322 HTTP/1.1" 200 0 "-" "Mozilla/5.0 (compatible; SemrushBot/7~bl; +http://www.semrush.com/bot.html)"
136.243.228.179 - - [20/Jan/2025:13:13:19 -0500] "GET /goods/248939 HTTP/1.1" 200 0 "-" "Mozilla/5.0 (compatible; DataForSeoBot/1.0; +https://dataforseo.com/dataforseo-bot)"
136.243.228.179 - - [20/Jan/2025:13:14:11 -0500] "GET /goods/3712845 HTTP/1.1" 200 0 "-" "Mozilla/5.0 (compatible; DataForSeoBot/1.0; +https://dataforseo.com/dataforseo-bot)"
185.191.171.17 - - [20/Jan/2025:13:14:52 -0500] "GET /goods/455493 HTTP/1.1" 200 0 "-" "Mozilla/5.0 (compatible; SemrushBot/7~bl; +http://www.semrush.com/bot.html)"
136.243.228.179 - - [20/Jan/2025:13:15:03 -0500] "GET /goods/4526481 HTTP/1.1" 200 0 "-" "Mozilla/5.0 (compatible; DataForSeoBot/1.0; +https://dataforseo.com/dataforseo-bot)"
51.222.253.5 - - [20/Jan/2025:13:16:26 -0500] "GET /wp-content/plugins/elementor/app/modules/kit-library/data/kits/endpoints/?NA HTTP/1.1" 200 693 "-" "Mozilla/5.0 (compatible; AhrefsBot/7.0; +http://ahrefs.com/robot/)"
185.191.171.17 - - [20/Jan/2025:13:15:43 -0500] "GET /goods/455493 HTTP/1.1" 200 0 "-" "Mozilla/5.0 (compatible; SemrushBot/7~bl; +http://www.semrush.com/bot.html)"
136.243.228.179 - - [20/Jan/2025:13:15:54 -0500] "GET /goods/1597576 HTTP/1.1" 200 0 "-" "Mozilla/5.0 (compatible; DataForSeoBot/1.0; +https://dataforseo.com/dataforseo-bot)"
136.243.228.179 - - [20/Jan/2025:13:16:46 -0500] "GET /goods/508708 HTTP/1.1" 200 0 "-" "Mozilla/5.0 (compatible; DataForSeoBot/1.0; +https://dataforseo.com/dataforseo-bot)"
85.208.96.194 - - [20/Jan/2025:13:17:33 -0500] "GET /goods/92472 HTTP/1.1" 200 0 "-" "Mozilla/5.0 (compatible; SemrushBot/7~bl; +http://www.semrush.com/bot.html)"
136.243.228.179 - - [20/Jan/2025:13:17:36 -0500] "GET /goods/1991081 HTTP/1.1" 200 0 "-" "Mozilla/5.0 (compatible; DataForSeoBot/1.0; +https://dataforseo.com/dataforseo-bot)"
85.208.96.194 - - [20/Jan/2025:13:18:23 -0500] "GET /goods/92472 HTTP/1.1" 200 0 "-" "Mozilla/5.0 (compatible; SemrushBot/7~bl; +http://www.semrush.com/bot.html)"
136.243.228.179 - - [20/Jan/2025:13:18:28 -0500] "GET /goods/1761884 HTTP/1.1" 200 0 "-" "Mozilla/5.0 (compatible; DataForSeoBot/1.0; +https://dataforseo.com/dataforseo-bot)"
104.195.230.245 - - [20/Jan/2025:13:18:54 -0500] "GET / HTTP/1.1" 200 0 "-" "Mozilla/5.0 (Linux; Android 5.0; SM-G900P Build/LRX21T) AppleWebKit/537.36 (KHTML, like Gecko) Chrome/53.0.3430.1031 Mobile Safari/537.36"
185.191.171.1 - - [20/Jan/2025:13:20:04 -0500] "GET /robots.txt HTTP/1.1" 200 136 "-" "Mozilla/5.0 (compatible; SemrushBot/7~bl; +http://www.semrush.com/bot.html)"
136.243.228.179 - - [20/Jan/2025:13:19:19 -0500] "GET /goods/1469041 HTTP/1.1" 200 0 "-" "Mozilla/5.0 (compatible; DataForSeoBot/1.0; +https://dataforseo.com/dataforseo-bot)"
47.128.49.57 - - [20/Jan/2025:13:19:59 -0500] "GET / HTTP/1.1" 200 0 "-" "Mozilla/5.0 (Linux; Android 5.0) AppleWebKit/537.36 (KHTML, like Gecko) Mobile Safari/537.36 (compatible; Bytespider; spider-feedback@bytedance.com)"
136.243.228.179 - - [20/Jan/2025:13:20:14 -0500] "GET /goods/2832296 HTTP/1.1" 200 0 "-" "Mozilla/5.0 (compatible; DataForSeoBot/1.0; +https://dataforseo.com/dataforseo-bot)"
185.191.171.19 - - [20/Jan/2025:13:20:15 -0500] "GET /criticism/equidurable98166.html HTTP/1.1" 200 0 "-" "Mozilla/5.0 (compatible; SemrushBot/7~bl; +http://www.semrush.com/bot.html)"
136.243.228.179 - - [20/Jan/2025:13:21:04 -0500] "GET /goods/2444753 HTTP/1.1" 200 0 "-" "Mozilla/5.0 (compatible; DataForSeoBot/1.0; +https://dataforseo.com/dataforseo-bot)"
185.191.171.19 - - [20/Jan/2025:13:21:05 -0500] "GET /criticism/equidurable98166.html HTTP/1.1" 200 0 "-" "Mozilla/5.0 (compatible; SemrushBot/7~bl; +http://www.semrush.com/bot.html)"
51.222.253.10 - - [20/Jan/2025:13:22:29 -0500] "GET /wp-content/plugins/elementor/includes/template-library/sources/admin-menu-items/?ND HTTP/1.1" 200 721 "-" "Mozilla/5.0 (compatible; AhrefsBot/7.0; +http://ahrefs.com/robot/)"
136.243.228.179 - - [20/Jan/2025:13:21:54 -0500] "GET /goods/4710443 HTTP/1.1" 200 0 "-" "Mozilla/5.0 (compatible; DataForSeoBot/1.0; +https://dataforseo.com/dataforseo-bot)"
85.208.96.204 - - [20/Jan/2025:13:22:55 -0500] "GET /distrainable/dishonorary1508843.html HTTP/1.1" 200 0 "-" "Mozilla/5.0 (compatible; SemrushBot/7~bl; +http://www.semrush.com/bot.html)"
136.243.228.179 - - [20/Jan/2025:13:23:03 -0500] "GET /goods/3037530 HTTP/1.1" 200 0 "-" "Mozilla/5.0 (compatible; DataForSeoBot/1.0; +https://dataforseo.com/dataforseo-bot)"
85.208.96.204 - - [20/Jan/2025:13:23:45 -0500] "GET /distrainable/dishonorary1508843.html HTTP/1.1" 200 0 "-" "Mozilla/5.0 (compatible; SemrushBot/7~bl; +http://www.semrush.com/bot.html)"
136.243.228.179 - - [20/Jan/2025:13:23:54 -0500] "GET /goods/1383876 HTTP/1.1" 200 0 "-" "Mozilla/5.0 (compatible; DataForSeoBot/1.0; +https://dataforseo.com/dataforseo-bot)"
136.243.228.179 - - [20/Jan/2025:13:24:45 -0500] "GET /goods/2863784 HTTP/1.1" 200 0 "-" "Mozilla/5.0 (compatible; DataForSeoBot/1.0; +https://dataforseo.com/dataforseo-bot)"
156.228.83.130 - - [20/Jan/2025:13:25:47 -0500] "GET /vendor/phpunit/phpunit/LICENSE HTTP/1.1" 200 0 "-" "Mozilla/5.0 (Windows NT 10.0; Win64; x64) AppleWebKit/537.36 (KHTML, like Gecko) Chrome/106.0.0.0 Safari/537.36"
185.191.171.3 - - [20/Jan/2025:13:25:36 -0500] "GET /goods/4812015 HTTP/1.1" 200 0 "-" "Mozilla/5.0 (compatible; SemrushBot/7~bl; +http://www.semrush.com/bot.html)"
136.243.228.179 - - [20/Jan/2025:13:25:36 -0500] "GET /goods/3816088 HTTP/1.1" 200 0 "-" "Mozilla/5.0 (compatible; DataForSeoBot/1.0; +https://dataforseo.com/dataforseo-bot)"
185.191.171.3 - - [20/Jan/2025:13:26:27 -0500] "GET /goods/4812015 HTTP/1.1" 200 0 "-" "Mozilla/5.0 (compatible; SemrushBot/7~bl; +http://www.semrush.com/bot.html)"
136.243.228.179 - - [20/Jan/2025:13:26:27 -0500] "GET /goods/2917696 HTTP/1.1" 200 0 "-" "Mozilla/5.0 (compatible; DataForSeoBot/1.0; +https://dataforseo.com/dataforseo-bot)"
136.243.228.179 - - [20/Jan/2025:13:27:18 -0500] "GET /goods/3946468 HTTP/1.1" 200 0 "-" "Mozilla/5.0 (compatible; DataForSeoBot/1.0; +https://dataforseo.com/dataforseo-bot)"
51.222.253.8 - - [20/Jan/2025:13:28:54 -0500] "GET /wp-content/plugins/elementor/app/assets/styles/themes/dark/tokens/?SA HTTP/1.1" 200 754 "-" "Mozilla/5.0 (compatible; AhrefsBot/7.0; +http://ahrefs.com/robot/)"
136.243.228.179 - - [20/Jan/2025:13:28:09 -0500] "GET /goods/3325259 HTTP/1.1" 200 0 "-" "Mozilla/5.0 (compatible; DataForSeoBot/1.0; +https://dataforseo.com/dataforseo-bot)"
185.191.171.5 - - [20/Jan/2025:13:28:18 -0500] "GET /gibberish/homometrically363552.html HTTP/1.1" 200 0 "-" "Mozilla/5.0 (compatible; SemrushBot/7~bl; +http://www.semrush.com/bot.html)"
136.243.228.179 - - [20/Jan/2025:13:29:00 -0500] "GET /goods/4409632 HTTP/1.1" 200 0 "-" "Mozilla/5.0 (compatible; DataForSeoBot/1.0; +https://dataforseo.com/dataforseo-bot)"
185.191.171.5 - - [20/Jan/2025:13:29:09 -0500] "GET /gibberish/homometrically363552.html HTTP/1.1" 200 0 "-" "Mozilla/5.0 (compatible; SemrushBot/7~bl; +http://www.semrush.com/bot.html)"
136.243.228.179 - - [20/Jan/2025:13:29:51 -0500] "GET /goods/358899 HTTP/1.1" 200 0 "-" "Mozilla/5.0 (compatible; DataForSeoBot/1.0; +https://dataforseo.com/dataforseo-bot)"
47.128.120.178 - - [20/Jan/2025:13:29:58 -0500] "GET / HTTP/1.1" 200 0 "-" "Mozilla/5.0 (Linux; Android 5.0) AppleWebKit/537.36 (KHTML, like Gecko) Mobile Safari/537.36 (compatible; Bytespider; spider-feedback@bytedance.com)"
136.243.228.179 - - [20/Jan/2025:13:30:43 -0500] "GET /goods/2765708 HTTP/1.1" 200 0 "-" "Mozilla/5.0 (compatible; DataForSeoBot/1.0; +https://dataforseo.com/dataforseo-bot)"
185.191.171.1 - - [20/Jan/2025:13:31:00 -0500] "GET /balaustre/mechanalize1009958.html HTTP/1.1" 200 0 "-" "Mozilla/5.0 (compatible; SemrushBot/7~bl; +http://www.semrush.com/bot.html)"
136.243.228.179 - - [20/Jan/2025:13:31:33 -0500] "GET /goods/196554 HTTP/1.1" 200 0 "-" "Mozilla/5.0 (compatible; DataForSeoBot/1.0; +https://dataforseo.com/dataforseo-bot)"
185.191.171.1 - - [20/Jan/2025:13:31:50 -0500] "GET /balaustre/mechanalize1009958.html HTTP/1.1" 200 0 "-" "Mozilla/5.0 (compatible; SemrushBot/7~bl; +http://www.semrush.com/bot.html)"
136.243.228.179 - - [20/Jan/2025:13:32:24 -0500] "GET /goods/2039067 HTTP/1.1" 200 0 "-" "Mozilla/5.0 (compatible; DataForSeoBot/1.0; +https://dataforseo.com/dataforseo-bot)"
136.243.228.179 - - [20/Jan/2025:13:33:16 -0500] "GET /goods/4502038 HTTP/1.1" 200 0 "-" "Mozilla/5.0 (compatible; DataForSeoBot/1.0; +https://dataforseo.com/dataforseo-bot)"
185.191.171.4 - - [20/Jan/2025:13:33:41 -0500] "GET /disjunctively/bitterness284988.html HTTP/1.1" 200 0 "-" "Mozilla/5.0 (compatible; SemrushBot/7~bl; +http://www.semrush.com/bot.html)"
136.243.228.179 - - [20/Jan/2025:13:34:06 -0500] "GET /goods/4612161 HTTP/1.1" 200 0 "-" "Mozilla/5.0 (compatible; DataForSeoBot/1.0; +https://dataforseo.com/dataforseo-bot)"
185.191.171.4 - - [20/Jan/2025:13:34:31 -0500] "GET /disjunctively/bitterness284988.html HTTP/1.1" 200 0 "-" "Mozilla/5.0 (compatible; SemrushBot/7~bl; +http://www.semrush.com/bot.html)"
136.243.228.179 - - [20/Jan/2025:13:34:58 -0500] "GET /goods/1949146 HTTP/1.1" 200 0 "-" "Mozilla/5.0 (compatible; DataForSeoBot/1.0; +https://dataforseo.com/dataforseo-bot)"
136.243.228.179 - - [20/Jan/2025:13:35:49 -0500] "GET /goods/727072 HTTP/1.1" 200 0 "-" "Mozilla/5.0 (compatible; DataForSeoBot/1.0; +https://dataforseo.com/dataforseo-bot)"
185.191.171.5 - - [20/Jan/2025:13:36:23 -0500] "GET /goods/2265218 HTTP/1.1" 200 0 "-" "Mozilla/5.0 (compatible; SemrushBot/7~bl; +http://www.semrush.com/bot.html)"
136.243.228.179 - - [20/Jan/2025:13:36:40 -0500] "GET /goods/3274337 HTTP/1.1" 200 0 "-" "Mozilla/5.0 (compatible; DataForSeoBot/1.0; +https://dataforseo.com/dataforseo-bot)"
185.191.171.5 - - [20/Jan/2025:13:37:13 -0500] "GET /goods/2265218 HTTP/1.1" 200 0 "-" "Mozilla/5.0 (compatible; SemrushBot/7~bl; +http://www.semrush.com/bot.html)"
136.243.228.179 - - [20/Jan/2025:13:37:30 -0500] "GET /goods/2240233 HTTP/1.1" 200 0 "-" "Mozilla/5.0 (compatible; DataForSeoBot/1.0; +https://dataforseo.com/dataforseo-bot)"
136.243.228.179 - - [20/Jan/2025:13:38:21 -0500] "GET /goods/1279377 HTTP/1.1" 200 0 "-" "Mozilla/5.0 (compatible; DataForSeoBot/1.0; +https://dataforseo.com/dataforseo-bot)"
85.208.96.210 - - [20/Jan/2025:13:39:05 -0500] "GET /chaplaincy/metallographical1073315.html HTTP/1.1" 200 0 "-" "Mozilla/5.0 (compatible; SemrushBot/7~bl; +http://www.semrush.com/bot.html)"
136.243.228.179 - - [20/Jan/2025:13:39:12 -0500] "GET /goods/3565391 HTTP/1.1" 200 0 "-" "Mozilla/5.0 (compatible; DataForSeoBot/1.0; +https://dataforseo.com/dataforseo-bot)"
85.208.96.210 - - [20/Jan/2025:13:39:58 -0500] "GET /chaplaincy/metallographical1073315.html HTTP/1.1" 200 0 "-" "Mozilla/5.0 (compatible; SemrushBot/7~bl; +http://www.semrush.com/bot.html)"
185.191.171.3 - - [20/Jan/2025:13:40:49 -0500] "GET /robots.txt HTTP/1.1" 200 136 "-" "Mozilla/5.0 (compatible; SemrushBot/7~bl; +http://www.semrush.com/bot.html)"
136.243.228.179 - - [20/Jan/2025:13:40:05 -0500] "GET /goods/4668456 HTTP/1.1" 200 0 "-" "Mozilla/5.0 (compatible; DataForSeoBot/1.0; +https://dataforseo.com/dataforseo-bot)"
136.243.228.179 - - [20/Jan/2025:13:40:56 -0500] "GET /goods/2225439 HTTP/1.1" 200 0 "-" "Mozilla/5.0 (compatible; DataForSeoBot/1.0; +https://dataforseo.com/dataforseo-bot)"
185.191.171.13 - - [20/Jan/2025:13:41:49 -0500] "GET /coynye/chaplaincy560285.html HTTP/1.1" 200 0 "-" "Mozilla/5.0 (compatible; SemrushBot/7~bl; +http://www.semrush.com/bot.html)"
136.243.228.179 - - [20/Jan/2025:13:41:49 -0500] "GET /goods/2022992 HTTP/1.1" 200 0 "-" "Mozilla/5.0 (compatible; DataForSeoBot/1.0; +https://dataforseo.com/dataforseo-bot)"
185.191.171.13 - - [20/Jan/2025:13:42:40 -0500] "GET /coynye/chaplaincy560285.html HTTP/1.1" 200 0 "-" "Mozilla/5.0 (compatible; SemrushBot/7~bl; +http://www.semrush.com/bot.html)"
136.243.228.179 - - [20/Jan/2025:13:42:41 -0500] "GET /goods/3969839 HTTP/1.1" 200 0 "-" "Mozilla/5.0 (compatible; DataForSeoBot/1.0; +https://dataforseo.com/dataforseo-bot)"
136.243.228.179 - - [20/Jan/2025:13:43:33 -0500] "GET /goods/2352090 HTTP/1.1" 200 0 "-" "Mozilla/5.0 (compatible; DataForSeoBot/1.0; +https://dataforseo.com/dataforseo-bot)"
47.128.115.127 - - [20/Jan/2025:13:43:44 -0500] "GET / HTTP/1.1" 200 0 "-" "Mozilla/5.0 (Linux; Android 5.0) AppleWebKit/537.36 (KHTML, like Gecko) Mobile Safari/537.36 (compatible; Bytespider; spider-feedback@bytedance.com)"
136.243.228.179 - - [20/Jan/2025:13:44:25 -0500] "GET /goods/1578293 HTTP/1.1" 200 0 "-" "Mozilla/5.0 (compatible; DataForSeoBot/1.0; +https://dataforseo.com/dataforseo-bot)"
85.208.96.200 - - [20/Jan/2025:13:44:30 -0500] "GET /goods/3714898 HTTP/1.1" 200 0 "-" "Mozilla/5.0 (compatible; SemrushBot/7~bl; +http://www.semrush.com/bot.html)"
136.243.228.179 - - [20/Jan/2025:13:45:17 -0500] "GET /goods/1351546 HTTP/1.1" 200 0 "-" "Mozilla/5.0 (compatible; DataForSeoBot/1.0; +https://dataforseo.com/dataforseo-bot)"
