86.160.15.41 - - [05/Jan/2025:10:49:36 -0500] "GET /wp-content/plugins/contact-form-7/includes/js/index.js?ver=6.0.2 HTTP/1.1" 304 0 "https://cynthiaadediran.com/?elementor-preview=100&ver=1736092169" "Mozilla/5.0 (Macintosh; Intel Mac OS X 10_15_7) AppleWebKit/605.1.15 (KHTML, like Gecko) Version/18.1 Safari/605.1.15"
86.160.15.41 - - [05/Jan/2025:10:49:36 -0500] "GET /wp-content/plugins/elementor/assets/js/webpack.runtime.min.js?ver=3.26.3 HTTP/1.1" 304 0 "https://cynthiaadediran.com/?elementor-preview=100&ver=1736092169" "Mozilla/5.0 (Macintosh; Intel Mac OS X 10_15_7) AppleWebKit/605.1.15 (KHTML, like Gecko) Version/18.1 Safari/605.1.15"
86.160.15.41 - - [05/Jan/2025:10:49:36 -0500] "GET /wp-content/plugins/elementor/assets/js/frontend-modules.min.js?ver=3.26.3 HTTP/1.1" 304 0 "https://cynthiaadediran.com/?elementor-preview=100&ver=1736092169" "Mozilla/5.0 (Macintosh; Intel Mac OS X 10_15_7) AppleWebKit/605.1.15 (KHTML, like Gecko) Version/18.1 Safari/605.1.15"
86.160.15.41 - - [05/Jan/2025:10:49:36 -0500] "GET /wp-content/plugins/all-in-one-seo-pack/dist/Lite/assets/seo-preview.ff233c94.js?ver=4.7.7 HTTP/1.1" 200 7500 "https://cynthiaadediran.com/?elementor-preview=100&ver=1736092169" "Mozilla/5.0 (Macintosh; Intel Mac OS X 10_15_7) AppleWebKit/605.1.15 (KHTML, like Gecko) Version/18.1 Safari/605.1.15"
86.160.15.41 - - [05/Jan/2025:10:49:36 -0500] "GET /wp-content/fonts/sora/xMQ9uFFYT72X5wkB_18qmnndmSdSnh2BAfO5mnuyOo1lfiQwV6-x.woff2 HTTP/1.1" 200 25064 "https://cynthiaadediran.com/?elementor-preview=100&ver=1736092169" "Mozilla/5.0 (Macintosh; Intel Mac OS X 10_15_7) AppleWebKit/605.1.15 (KHTML, like Gecko) Version/18.1 Safari/605.1.15"
86.160.15.41 - - [05/Jan/2025:10:49:36 -0500] "GET /wp-content/plugins/all-in-one-seo-pack/dist/Lite/assets/js/Google.8021a4a0.js HTTP/1.1" 200 1198 "https://cynthiaadediran.com/?elementor-preview=100&ver=1736092169" "Mozilla/5.0 (Macintosh; Intel Mac OS X 10_15_7) AppleWebKit/605.1.15 (KHTML, like Gecko) Version/18.1 Safari/605.1.15"
86.160.15.41 - - [05/Jan/2025:10:49:36 -0500] "GET /wp-content/plugins/all-in-one-seo-pack/dist/Lite/assets/js/Facebook.c0193ddb.js HTTP/1.1" 200 448 "https://cynthiaadediran.com/?elementor-preview=100&ver=1736092169" "Mozilla/5.0 (Macintosh; Intel Mac OS X 10_15_7) AppleWebKit/605.1.15 (KHTML, like Gecko) Version/18.1 Safari/605.1.15"
86.160.15.41 - - [05/Jan/2025:10:49:36 -0500] "GET /wp-content/plugins/all-in-one-seo-pack/dist/Lite/assets/css/seo-preview.202e7eb5.css HTTP/1.1" 200 2546 "https://cynthiaadediran.com/?elementor-preview=100&ver=1736092169" "Mozilla/5.0 (Macintosh; Intel Mac OS X 10_15_7) AppleWebKit/605.1.15 (KHTML, like Gecko) Version/18.1 Safari/605.1.15"
86.160.15.41 - - [05/Jan/2025:10:49:37 -0500] "GET /wp-content/plugins/all-in-one-seo-pack/dist/Lite/assets/css/Tabs.a9f48f04.css HTTP/1.1" 200 1542 "https://cynthiaadediran.com/?elementor-preview=100&ver=1736092169" "Mozilla/5.0 (Macintosh; Intel Mac OS X 10_15_7) AppleWebKit/605.1.15 (KHTML, like Gecko) Version/18.1 Safari/605.1.15"
86.160.15.41 - - [05/Jan/2025:10:49:37 -0500] "GET /wp-content/plugins/all-in-one-seo-pack/dist/Lite/assets/css/Index.e7e7e5d8.css HTTP/1.1" 200 969 "https://cynthiaadediran.com/?elementor-preview=100&ver=1736092169" "Mozilla/5.0 (Macintosh; Intel Mac OS X 10_15_7) AppleWebKit/605.1.15 (KHTML, like Gecko) Version/18.1 Safari/605.1.15"
86.160.15.41 - - [05/Jan/2025:10:49:37 -0500] "GET /wp-content/plugins/all-in-one-seo-pack/dist/Lite/assets/css/FacebookPreview.a19706d8.css HTTP/1.1" 200 820 "https://cynthiaadediran.com/?elementor-preview=100&ver=1736092169" "Mozilla/5.0 (Macintosh; Intel Mac OS X 10_15_7) AppleWebKit/605.1.15 (KHTML, like Gecko) Version/18.1 Safari/605.1.15"
86.160.15.41 - - [05/Jan/2025:10:49:37 -0500] "GET /wp-content/plugins/all-in-one-seo-pack/dist/Lite/assets/css/GoogleSearchPreview.022beafc.css HTTP/1.1" 200 1210 "https://cynthiaadediran.com/?elementor-preview=100&ver=1736092169" "Mozilla/5.0 (Macintosh; Intel Mac OS X 10_15_7) AppleWebKit/605.1.15 (KHTML, like Gecko) Version/18.1 Safari/605.1.15"
86.160.15.41 - - [05/Jan/2025:10:49:37 -0500] "GET /wp-content/plugins/all-in-one-seo-pack/dist/Lite/assets/css/TwitterPreview.171ce642.css HTTP/1.1" 200 843 "https://cynthiaadediran.com/?elementor-preview=100&ver=1736092169" "Mozilla/5.0 (Macintosh; Intel Mac OS X 10_15_7) AppleWebKit/605.1.15 (KHTML, like Gecko) Version/18.1 Safari/605.1.15"
86.160.15.41 - - [05/Jan/2025:10:49:37 -0500] "GET /wp-content/plugins/all-in-one-seo-pack/dist/Lite/assets/css/ProBadge.6500bcec.css HTTP/1.1" 200 183 "https://cynthiaadediran.com/?elementor-preview=100&ver=1736092169" "Mozilla/5.0 (Macintosh; Intel Mac OS X 10_15_7) AppleWebKit/605.1.15 (KHTML, like Gecko) Version/18.1 Safari/605.1.15"
86.160.15.41 - - [05/Jan/2025:10:49:37 -0500] "GET /wp-content/plugins/all-in-one-seo-pack/dist/Lite/assets/css/Caret.97928141.css HTTP/1.1" 200 1265 "https://cynthiaadediran.com/?elementor-preview=100&ver=1736092169" "Mozilla/5.0 (Macintosh; Intel Mac OS X 10_15_7) AppleWebKit/605.1.15 (KHTML, like Gecko) Version/18.1 Safari/605.1.15"
86.160.15.41 - - [05/Jan/2025:10:49:37 -0500] "GET /favicon.ico HTTP/1.1" 404 1251 "https://cynthiaadediran.com/wp-admin/post.php?post=100&action=elementor" "Mozilla/5.0 (Macintosh; Intel Mac OS X 10_15_7) AppleWebKit/605.1.15 (KHTML, like Gecko) Version/18.1 Safari/605.1.15"
86.160.15.41 - - [05/Jan/2025:10:49:37 -0500] "GET /wp-json/elementor/v1/globals HTTP/1.1" 200 884 "https://cynthiaadediran.com/wp-admin/post.php?post=100&action=elementor" "Mozilla/5.0 (Macintosh; Intel Mac OS X 10_15_7) AppleWebKit/605.1.15 (KHTML, like Gecko) Version/18.1 Safari/605.1.15"
86.160.15.41 - - [05/Jan/2025:10:49:39 -0500] "GET /wp-content/plugins/elementor/assets/images/logo-panel.svg HTTP/1.1" 200 1226 "https://cynthiaadediran.com/wp-admin/post.php?post=100&action=elementor" "Mozilla/5.0 (Macintosh; Intel Mac OS X 10_15_7) AppleWebKit/605.1.15 (KHTML, like Gecko) Version/18.1 Safari/605.1.15"
86.160.15.41 - - [05/Jan/2025:10:49:40 -0500] "GET /wp-content/plugins/elementor/assets/images/unlock-sticky.svg HTTP/1.1" 200 4853 "https://cynthiaadediran.com/wp-admin/post.php?post=100&action=elementor" "Mozilla/5.0 (Macintosh; Intel Mac OS X 10_15_7) AppleWebKit/605.1.15 (KHTML, like Gecko) Version/18.1 Safari/605.1.15"
86.160.15.41 - - [05/Jan/2025:10:49:42 -0500] "GET /wp-content/plugins/elementor/assets/js/container.5fec4cc7e93888371208.bundle.min.js HTTP/1.1" 200 2780 "https://cynthiaadediran.com/?elementor-preview=100&ver=1736092169" "Mozilla/5.0 (Macintosh; Intel Mac OS X 10_15_7) AppleWebKit/605.1.15 (KHTML, like Gecko) Version/18.1 Safari/605.1.15"
86.160.15.41 - - [05/Jan/2025:10:49:42 -0500] "GET /wp-content/themes/gerold/assets/fonts/flaticon_gerold.woff2?5df17bbe8cd19f777619d1e48053f6e5 HTTP/1.1" 200 8740 "https://cynthiaadediran.com/?elementor-preview=100&ver=1736092169" "Mozilla/5.0 (Macintosh; Intel Mac OS X 10_15_7) AppleWebKit/605.1.15 (KHTML, like Gecko) Version/18.1 Safari/605.1.15"
86.160.15.41 - - [05/Jan/2025:10:49:44 -0500] "GET /wp-content/plugins/tj-gerold-core/inc/icons/flaticon/css/flaticon_gerold.css?ver=1.0.0 HTTP/1.1" 200 797 "https://cynthiaadediran.com/?elementor-preview=100&ver=1736092169" "Mozilla/5.0 (Macintosh; Intel Mac OS X 10_15_7) AppleWebKit/605.1.15 (KHTML, like Gecko) Version/18.1 Safari/605.1.15"
86.160.15.41 - - [05/Jan/2025:10:49:44 -0500] "GET /wp-content/plugins/tj-gerold-core/inc/icons/flaticon/fonts/flaticon_gerold.woff2?9ece749f93b45dc5cc6e2c206d60c453 HTTP/1.1" 304 0 "https://cynthiaadediran.com/wp-admin/post.php?post=100&action=elementor" "Mozilla/5.0 (Macintosh; Intel Mac OS X 10_15_7) AppleWebKit/605.1.15 (KHTML, like Gecko) Version/18.1 Safari/605.1.15"
86.160.15.41 - - [05/Jan/2025:10:49:48 -0500] "GET /wp-content/themes/gerold/assets/images/icons/down-arrow.svg HTTP/1.1" 200 455 "https://cynthiaadediran.com/?elementor-preview=100&ver=1736092169" "Mozilla/5.0 (Macintosh; Intel Mac OS X 10_15_7) AppleWebKit/605.1.15 (KHTML, like Gecko) Version/18.1 Safari/605.1.15"
86.160.15.41 - - [05/Jan/2025:10:49:49 -0500] "POST /wp-admin/admin-ajax.php HTTP/1.1" 200 1980 "https://cynthiaadediran.com/wp-admin/post.php?post=100&action=elementor" "Mozilla/5.0 (Macintosh; Intel Mac OS X 10_15_7) AppleWebKit/605.1.15 (KHTML, like Gecko) Version/18.1 Safari/605.1.15"
86.160.15.41 - - [05/Jan/2025:10:49:50 -0500] "POST /wp-admin/admin-ajax.php HTTP/1.1" 200 77 "https://cynthiaadediran.com/wp-admin/post.php?post=100&action=elementor" "Mozilla/5.0 (Macintosh; Intel Mac OS X 10_15_7) AppleWebKit/605.1.15 (KHTML, like Gecko) Version/18.1 Safari/605.1.15"
86.160.15.41 - - [05/Jan/2025:10:49:52 -0500] "GET /wp-content/plugins/elementor/assets/lib/font-awesome/css/fontawesome.min.css?ver=5.15.3 HTTP/1.1" 200 12164 "https://cynthiaadediran.com/wp-admin/post.php?post=100&action=elementor" "Mozilla/5.0 (Macintosh; Intel Mac OS X 10_15_7) AppleWebKit/605.1.15 (KHTML, like Gecko) Version/18.1 Safari/605.1.15"
86.160.15.41 - - [05/Jan/2025:10:49:52 -0500] "GET /wp-content/plugins/elementor/assets/lib/font-awesome/css/regular.min.css?ver=5.15.3 HTTP/1.1" 200 283 "https://cynthiaadediran.com/wp-admin/post.php?post=100&action=elementor" "Mozilla/5.0 (Macintosh; Intel Mac OS X 10_15_7) AppleWebKit/605.1.15 (KHTML, like Gecko) Version/18.1 Safari/605.1.15"
86.160.15.41 - - [05/Jan/2025:10:49:52 -0500] "GET /wp-content/plugins/elementor/assets/lib/font-awesome/css/solid.min.css?ver=5.15.3 HTTP/1.1" 200 286 "https://cynthiaadediran.com/wp-admin/post.php?post=100&action=elementor" "Mozilla/5.0 (Macintosh; Intel Mac OS X 10_15_7) AppleWebKit/605.1.15 (KHTML, like Gecko) Version/18.1 Safari/605.1.15"
86.160.15.41 - - [05/Jan/2025:10:49:52 -0500] "GET /wp-content/plugins/tj-gerold-core/inc/icons/font-awesome/fonts/font-awesome.json HTTP/1.1" 200 31242 "https://cynthiaadediran.com/wp-admin/post.php?post=100&action=elementor" "Mozilla/5.0 (Macintosh; Intel Mac OS X 10_15_7) AppleWebKit/605.1.15 (KHTML, like Gecko) Version/18.1 Safari/605.1.15"
86.160.15.41 - - [05/Jan/2025:10:49:52 -0500] "GET /wp-content/plugins/elementor/assets/lib/font-awesome/css/brands.min.css?ver=5.15.3 HTTP/1.1" 200 284 "https://cynthiaadediran.com/wp-admin/post.php?post=100&action=elementor" "Mozilla/5.0 (Macintosh; Intel Mac OS X 10_15_7) AppleWebKit/605.1.15 (KHTML, like Gecko) Version/18.1 Safari/605.1.15"
86.160.15.41 - - [05/Jan/2025:10:49:52 -0500] "GET /wp-content/plugins/tj-gerold-core/inc/icons/flaticon/fonts/flaticon.json HTTP/1.1" 200 553 "https://cynthiaadediran.com/wp-admin/post.php?post=100&action=elementor" "Mozilla/5.0 (Macintosh; Intel Mac OS X 10_15_7) AppleWebKit/605.1.15 (KHTML, like Gecko) Version/18.1 Safari/605.1.15"
86.160.15.41 - - [05/Jan/2025:10:49:52 -0500] "GET /wp-content/plugins/tj-gerold-core/inc/icons/font-awesome/css/fontawesome-all.min.css?ver=1.0.0 HTTP/1.1" 200 96869 "https://cynthiaadediran.com/wp-admin/post.php?post=100&action=elementor" "Mozilla/5.0 (Macintosh; Intel Mac OS X 10_15_7) AppleWebKit/605.1.15 (KHTML, like Gecko) Version/18.1 Safari/605.1.15"
86.160.15.41 - - [05/Jan/2025:10:49:52 -0500] "GET /wp-content/plugins/elementor/assets/lib/font-awesome/js/regular.js HTTP/1.1" 200 720 "https://cynthiaadediran.com/wp-admin/post.php?post=100&action=elementor" "Mozilla/5.0 (Macintosh; Intel Mac OS X 10_15_7) AppleWebKit/605.1.15 (KHTML, like Gecko) Version/18.1 Safari/605.1.15"
86.160.15.41 - - [05/Jan/2025:10:49:52 -0500] "GET /wp-content/plugins/elementor/assets/lib/font-awesome/js/solid.js HTTP/1.1" 200 4373 "https://cynthiaadediran.com/wp-admin/post.php?post=100&action=elementor" "Mozilla/5.0 (Macintosh; Intel Mac OS X 10_15_7) AppleWebKit/605.1.15 (KHTML, like Gecko) Version/18.1 Safari/605.1.15"
86.160.15.41 - - [05/Jan/2025:10:49:52 -0500] "GET /wp-content/plugins/elementor/assets/lib/font-awesome/js/brands.js HTTP/1.1" 200 2246 "https://cynthiaadediran.com/wp-admin/post.php?post=100&action=elementor" "Mozilla/5.0 (Macintosh; Intel Mac OS X 10_15_7) AppleWebKit/605.1.15 (KHTML, like Gecko) Version/18.1 Safari/605.1.15"
86.160.15.41 - - [05/Jan/2025:10:49:55 -0500] "POST /wp-admin/admin-ajax.php HTTP/1.1" 200 0 "https://cynthiaadediran.com/wp-admin/post.php?post=100&action=elementor" "Mozilla/5.0 (Macintosh; Intel Mac OS X 10_15_7) AppleWebKit/605.1.15 (KHTML, like Gecko) Version/18.1 Safari/605.1.15"
52.167.144.187 - - [05/Jan/2025:10:49:56 -0500] "GET /kfazc/i874389.html HTTP/1.1" 200 44399 "-" "Mozilla/5.0 AppleWebKit/537.36 (KHTML, like Gecko; compatible; bingbot/2.0; +http://www.bing.com/bingbot.htm) Chrome/116.0.1938.76 Safari/537.36"
86.160.15.41 - - [05/Jan/2025:10:49:56 -0500] "POST /wp-admin/admin-ajax.php HTTP/1.1" 200 0 "https://cynthiaadediran.com/wp-admin/post.php?post=100&action=elementor" "Mozilla/5.0 (Macintosh; Intel Mac OS X 10_15_7) AppleWebKit/605.1.15 (KHTML, like Gecko) Version/18.1 Safari/605.1.15"
86.160.15.41 - - [05/Jan/2025:10:49:57 -0500] "POST /wp-admin/admin-ajax.php HTTP/1.1" 200 1630 "https://cynthiaadediran.com/wp-admin/post.php?post=100&action=elementor" "Mozilla/5.0 (Macintosh; Intel Mac OS X 10_15_7) AppleWebKit/605.1.15 (KHTML, like Gecko) Version/18.1 Safari/605.1.15"
66.29.132.124 - - [05/Jan/2025:10:49:59 -0500] "POST /wp-cron.php?doing_wp_cron=1736092199.3716549873352050781250 HTTP/1.1" 200 0 "-" "WordPress/6.7.1; https://cynthiaadediran.com"
86.160.15.41 - - [05/Jan/2025:10:49:58 -0500] "POST /wp-admin/admin-ajax.php HTTP/1.1" 200 1633 "https://cynthiaadediran.com/wp-admin/post.php?post=100&action=elementor" "Mozilla/5.0 (Macintosh; Intel Mac OS X 10_15_7) AppleWebKit/605.1.15 (KHTML, like Gecko) Version/18.1 Safari/605.1.15"
66.29.132.124 - - [05/Jan/2025:10:49:59 -0500] "POST /wp-admin/admin-ajax.php?action=async_litespeed&nonce=Bl2yJgvmS24G2Im1pDFX9WNLjxpkqDeF&litespeed_type=imgoptm HTTP/1.1" 200 21 "-" "WordPress/6.7.1; https://cynthiaadediran.com"
86.160.15.41 - - [05/Jan/2025:10:50:06 -0500] "POST /wp-admin/admin-ajax.php HTTP/1.1" 200 77 "https://cynthiaadediran.com/wp-admin/post.php?post=100&action=elementor" "Mozilla/5.0 (Macintosh; Intel Mac OS X 10_15_7) AppleWebKit/605.1.15 (KHTML, like Gecko) Version/18.1 Safari/605.1.15"
86.160.15.41 - - [05/Jan/2025:10:50:09 -0500] "POST /wp-admin/admin-ajax.php HTTP/1.1" 200 1617 "https://cynthiaadediran.com/wp-admin/post.php?post=100&action=elementor" "Mozilla/5.0 (Macintosh; Intel Mac OS X 10_15_7) AppleWebKit/605.1.15 (KHTML, like Gecko) Version/18.1 Safari/605.1.15"
66.29.132.124 - - [05/Jan/2025:10:50:19 -0500] "POST /wp-cron.php?doing_wp_cron=1736092218.9256498813629150390625 HTTP/1.1" 200 0 "-" "WordPress/6.7.1; https://cynthiaadediran.com"
86.160.15.41 - - [05/Jan/2025:10:50:17 -0500] "POST /wp-admin/admin-ajax.php HTTP/1.1" 200 47 "https://cynthiaadediran.com/wp-admin/edit.php?post_type=page" "Mozilla/5.0 (Macintosh; Intel Mac OS X 10_15_7) AppleWebKit/605.1.15 (KHTML, like Gecko) Version/18.1 Safari/605.1.15"
86.160.15.41 - - [05/Jan/2025:10:50:20 -0500] "POST /wp-admin/admin-ajax.php HTTP/1.1" 200 77 "https://cynthiaadediran.com/wp-admin/post.php?post=100&action=elementor" "Mozilla/5.0 (Macintosh; Intel Mac OS X 10_15_7) AppleWebKit/605.1.15 (KHTML, like Gecko) Version/18.1 Safari/605.1.15"
86.160.15.41 - - [05/Jan/2025:10:50:25 -0500] "GET /wp-admin/upload.php HTTP/1.1" 200 107561 "https://cynthiaadediran.com/wp-admin/edit.php?post_type=page" "Mozilla/5.0 (Macintosh; Intel Mac OS X 10_15_7) AppleWebKit/605.1.15 (KHTML, like Gecko) Version/18.1 Safari/605.1.15"
86.160.15.41 - - [05/Jan/2025:10:50:27 -0500] "POST /wp-admin/admin-ajax.php HTTP/1.1" 200 128262 "https://cynthiaadediran.com/wp-admin/upload.php" "Mozilla/5.0 (Macintosh; Intel Mac OS X 10_15_7) AppleWebKit/605.1.15 (KHTML, like Gecko) Version/18.1 Safari/605.1.15"
86.160.15.41 - - [05/Jan/2025:10:50:27 -0500] "POST /wp-json/extendify/v1/help-center/router-data?_locale=user HTTP/1.1" 200 133 "https://cynthiaadediran.com/wp-admin/upload.php" "Mozilla/5.0 (Macintosh; Intel Mac OS X 10_15_7) AppleWebKit/605.1.15 (KHTML, like Gecko) Version/18.1 Safari/605.1.15"
52.167.144.187 - - [05/Jan/2025:10:50:35 -0500] "GET /xqpsq/r1601124.html HTTP/1.1" 200 43792 "-" "Mozilla/5.0 AppleWebKit/537.36 (KHTML, like Gecko; compatible; bingbot/2.0; +http://www.bing.com/bingbot.htm) Chrome/116.0.1938.76 Safari/537.36"
86.160.15.41 - - [05/Jan/2025:10:50:35 -0500] "POST /wp-admin/admin-ajax.php HTTP/1.1" 200 77 "https://cynthiaadediran.com/wp-admin/post.php?post=100&action=elementor" "Mozilla/5.0 (Macintosh; Intel Mac OS X 10_15_7) AppleWebKit/605.1.15 (KHTML, like Gecko) Version/18.1 Safari/605.1.15"
86.160.15.41 - - [05/Jan/2025:10:50:37 -0500] "POST /wp-admin/admin-ajax.php HTTP/1.1" 200 1651 "https://cynthiaadediran.com/wp-admin/post.php?post=100&action=elementor" "Mozilla/5.0 (Macintosh; Intel Mac OS X 10_15_7) AppleWebKit/605.1.15 (KHTML, like Gecko) Version/18.1 Safari/605.1.15"
86.160.15.41 - - [05/Jan/2025:10:50:42 -0500] "POST /wp-admin/admin-ajax.php HTTP/1.1" 200 1652 "https://cynthiaadediran.com/wp-admin/post.php?post=100&action=elementor" "Mozilla/5.0 (Macintosh; Intel Mac OS X 10_15_7) AppleWebKit/605.1.15 (KHTML, like Gecko) Version/18.1 Safari/605.1.15"
86.160.15.41 - - [05/Jan/2025:10:50:45 -0500] "POST /wp-admin/admin-ajax.php HTTP/1.1" 200 1651 "https://cynthiaadediran.com/wp-admin/post.php?post=100&action=elementor" "Mozilla/5.0 (Macintosh; Intel Mac OS X 10_15_7) AppleWebKit/605.1.15 (KHTML, like Gecko) Version/18.1 Safari/605.1.15"
86.160.15.41 - - [05/Jan/2025:10:50:50 -0500] "POST /wp-admin/admin-ajax.php HTTP/1.1" 200 77 "https://cynthiaadediran.com/wp-admin/post.php?post=100&action=elementor" "Mozilla/5.0 (Macintosh; Intel Mac OS X 10_15_7) AppleWebKit/605.1.15 (KHTML, like Gecko) Version/18.1 Safari/605.1.15"
86.160.15.41 - - [05/Jan/2025:10:50:53 -0500] "POST /wp-admin/admin-ajax.php HTTP/1.1" 200 642 "https://cynthiaadediran.com/wp-admin/post.php?post=100&action=elementor" "Mozilla/5.0 (Macintosh; Intel Mac OS X 10_15_7) AppleWebKit/605.1.15 (KHTML, like Gecko) Version/18.1 Safari/605.1.15"
66.29.132.124 - - [05/Jan/2025:10:50:59 -0500] "POST /wp-cron.php?doing_wp_cron=1736092259.1003251075744628906250 HTTP/1.1" 200 0 "-" "WordPress/6.7.1; https://cynthiaadediran.com"
86.160.15.41 - - [05/Jan/2025:10:50:58 -0500] "POST /wp-admin/admin-ajax.php HTTP/1.1" 200 937 "https://cynthiaadediran.com/wp-admin/post.php?post=100&action=elementor" "Mozilla/5.0 (Macintosh; Intel Mac OS X 10_15_7) AppleWebKit/605.1.15 (KHTML, like Gecko) Version/18.1 Safari/605.1.15"
66.29.132.124 - - [05/Jan/2025:10:50:59 -0500] "POST /wp-admin/admin-ajax.php?action=async_litespeed&nonce=nsuaaYSuKlpftZLjMijcxSaujNiY8smj&litespeed_type=imgoptm HTTP/1.1" 200 21 "-" "WordPress/6.7.1; https://cynthiaadediran.com"
86.160.15.41 - - [05/Jan/2025:10:51:01 -0500] "GET /wp-content/plugins/tj-gerold-core/inc/icons/font-awesome/fonts/fa-brands-400.woff2 HTTP/1.1" 200 72124 "https://cynthiaadediran.com/wp-admin/post.php?post=100&action=elementor" "Mozilla/5.0 (Macintosh; Intel Mac OS X 10_15_7) AppleWebKit/605.1.15 (KHTML, like Gecko) Version/18.1 Safari/605.1.15"
86.160.15.41 - - [05/Jan/2025:10:51:05 -0500] "POST /wp-admin/admin-ajax.php HTTP/1.1" 200 77 "https://cynthiaadediran.com/wp-admin/post.php?post=100&action=elementor" "Mozilla/5.0 (Macintosh; Intel Mac OS X 10_15_7) AppleWebKit/605.1.15 (KHTML, like Gecko) Version/18.1 Safari/605.1.15"
207.46.13.107 - - [05/Jan/2025:10:51:10 -0500] "GET /sdbkd/l777204.html HTTP/1.1" 200 44099 "-" "Mozilla/5.0 AppleWebKit/537.36 (KHTML, like Gecko; compatible; bingbot/2.0; +http://www.bing.com/bingbot.htm) Chrome/116.0.1938.76 Safari/537.36"
52.167.144.22 - - [05/Jan/2025:10:51:15 -0500] "GET /bcvoo/f1875594.html HTTP/1.1" 200 44281 "-" "Mozilla/5.0 AppleWebKit/537.36 (KHTML, like Gecko; compatible; bingbot/2.0; +http://www.bing.com/bingbot.htm) Chrome/116.0.1938.76 Safari/537.36"
52.167.144.22 - - [05/Jan/2025:10:51:15 -0500] "GET /tbtbp/j2329012.html HTTP/1.1" 200 45290 "-" "Mozilla/5.0 AppleWebKit/537.36 (KHTML, like Gecko; compatible; bingbot/2.0; +http://www.bing.com/bingbot.htm) Chrome/116.0.1938.76 Safari/537.36"
207.46.13.107 - - [05/Jan/2025:10:51:19 -0500] "GET /qszgf/s608887.html HTTP/1.1" 200 44003 "-" "Mozilla/5.0 AppleWebKit/537.36 (KHTML, like Gecko; compatible; bingbot/2.0; +http://www.bing.com/bingbot.htm) Chrome/116.0.1938.76 Safari/537.36"
66.29.132.124 - - [05/Jan/2025:10:51:21 -0500] "POST /wp-cron.php?doing_wp_cron=1736092281.2768781185150146484375 HTTP/1.1" 200 0 "-" "WordPress/6.7.1; https://cynthiaadediran.com"
86.160.15.41 - - [05/Jan/2025:10:51:20 -0500] "POST /wp-admin/admin-ajax.php HTTP/1.1" 200 77 "https://cynthiaadediran.com/wp-admin/post.php?post=100&action=elementor" "Mozilla/5.0 (Macintosh; Intel Mac OS X 10_15_7) AppleWebKit/605.1.15 (KHTML, like Gecko) Version/18.1 Safari/605.1.15"
86.160.15.41 - - [05/Jan/2025:10:51:25 -0500] "GET /wp-content/plugins/tj-gerold-core/inc/icons/font-awesome/fonts/fa-regular-400.woff2 HTTP/1.1" 200 145052 "https://cynthiaadediran.com/wp-admin/post.php?post=100&action=elementor" "Mozilla/5.0 (Macintosh; Intel Mac OS X 10_15_7) AppleWebKit/605.1.15 (KHTML, like Gecko) Version/18.1 Safari/605.1.15"
86.160.15.41 - - [05/Jan/2025:10:51:27 -0500] "POST /wp-admin/admin-ajax.php HTTP/1.1" 200 47 "https://cynthiaadediran.com/wp-admin/upload.php?item=1339" "Mozilla/5.0 (Macintosh; Intel Mac OS X 10_15_7) AppleWebKit/605.1.15 (KHTML, like Gecko) Version/18.1 Safari/605.1.15"
207.46.13.107 - - [05/Jan/2025:10:51:29 -0500] "GET /qntlh/v2961968.html HTTP/1.1" 200 44273 "-" "Mozilla/5.0 AppleWebKit/537.36 (KHTML, like Gecko; compatible; bingbot/2.0; +http://www.bing.com/bingbot.htm) Chrome/116.0.1938.76 Safari/537.36"
207.46.13.107 - - [05/Jan/2025:10:51:30 -0500] "GET /kpkqp/a2156285.html HTTP/1.1" 200 44652 "-" "Mozilla/5.0 AppleWebKit/537.36 (KHTML, like Gecko; compatible; bingbot/2.0; +http://www.bing.com/bingbot.htm) Chrome/116.0.1938.76 Safari/537.36"
86.160.15.41 - - [05/Jan/2025:10:51:33 -0500] "POST /wp-admin/admin-ajax.php HTTP/1.1" 200 1588 "https://cynthiaadediran.com/wp-admin/post.php?post=100&action=elementor" "Mozilla/5.0 (Macintosh; Intel Mac OS X 10_15_7) AppleWebKit/605.1.15 (KHTML, like Gecko) Version/18.1 Safari/605.1.15"
86.160.15.41 - - [05/Jan/2025:10:51:35 -0500] "POST /wp-admin/admin-ajax.php HTTP/1.1" 200 77 "https://cynthiaadediran.com/wp-admin/post.php?post=100&action=elementor" "Mozilla/5.0 (Macintosh; Intel Mac OS X 10_15_7) AppleWebKit/605.1.15 (KHTML, like Gecko) Version/18.1 Safari/605.1.15"
86.160.15.41 - - [05/Jan/2025:10:51:44 -0500] "POST /wp-admin/admin-ajax.php HTTP/1.1" 200 1167 "https://cynthiaadediran.com/wp-admin/post.php?post=100&action=elementor" "Mozilla/5.0 (Macintosh; Intel Mac OS X 10_15_7) AppleWebKit/605.1.15 (KHTML, like Gecko) Version/18.1 Safari/605.1.15"
86.160.15.41 - - [05/Jan/2025:10:51:49 -0500] "POST /wp-admin/admin-ajax.php HTTP/1.1" 200 640 "https://cynthiaadediran.com/wp-admin/post.php?post=100&action=elementor" "Mozilla/5.0 (Macintosh; Intel Mac OS X 10_15_7) AppleWebKit/605.1.15 (KHTML, like Gecko) Version/18.1 Safari/605.1.15"
86.160.15.41 - - [05/Jan/2025:10:51:50 -0500] "POST /wp-admin/admin-ajax.php HTTP/1.1" 200 77 "https://cynthiaadediran.com/wp-admin/post.php?post=100&action=elementor" "Mozilla/5.0 (Macintosh; Intel Mac OS X 10_15_7) AppleWebKit/605.1.15 (KHTML, like Gecko) Version/18.1 Safari/605.1.15"
66.29.132.124 - - [05/Jan/2025:10:52:06 -0500] "POST /wp-cron.php?doing_wp_cron=1736092326.5325670242309570312500 HTTP/1.1" 200 0 "-" "WordPress/6.7.1; https://cynthiaadediran.com"
86.160.15.41 - - [05/Jan/2025:10:52:05 -0500] "POST /wp-admin/admin-ajax.php HTTP/1.1" 200 77 "https://cynthiaadediran.com/wp-admin/post.php?post=100&action=elementor" "Mozilla/5.0 (Macintosh; Intel Mac OS X 10_15_7) AppleWebKit/605.1.15 (KHTML, like Gecko) Version/18.1 Safari/605.1.15"
66.29.132.124 - - [05/Jan/2025:10:52:07 -0500] "POST /wp-admin/admin-ajax.php?action=async_litespeed&nonce=Y9lTduOPWV9f2aoqamDyeEQvzhHwDAOp&litespeed_type=imgoptm HTTP/1.1" 200 0 "-" "WordPress/6.7.1; https://cynthiaadediran.com"
207.46.13.107 - - [05/Jan/2025:10:52:20 -0500] "GET /rdkrd/c157199.html HTTP/1.1" 200 43708 "-" "Mozilla/5.0 AppleWebKit/537.36 (KHTML, like Gecko; compatible; bingbot/2.0; +http://www.bing.com/bingbot.htm) Chrome/116.0.1938.76 Safari/537.36"
66.29.132.124 - - [05/Jan/2025:10:52:21 -0500] "POST /wp-cron.php?doing_wp_cron=1736092341.4884400367736816406250 HTTP/1.1" 200 0 "-" "WordPress/6.7.1; https://cynthiaadediran.com"
86.160.15.41 - - [05/Jan/2025:10:52:20 -0500] "POST /wp-admin/admin-ajax.php HTTP/1.1" 200 77 "https://cynthiaadediran.com/wp-admin/post.php?post=100&action=elementor" "Mozilla/5.0 (Macintosh; Intel Mac OS X 10_15_7) AppleWebKit/605.1.15 (KHTML, like Gecko) Version/18.1 Safari/605.1.15"
207.46.13.107 - - [05/Jan/2025:10:52:22 -0500] "GET /bvkuk/j2921656.html HTTP/1.1" 200 44051 "-" "Mozilla/5.0 AppleWebKit/537.36 (KHTML, like Gecko; compatible; bingbot/2.0; +http://www.bing.com/bingbot.htm) Chrome/116.0.1938.76 Safari/537.36"
86.160.15.41 - - [05/Jan/2025:10:52:35 -0500] "POST /wp-admin/admin-ajax.php HTTP/1.1" 200 77 "https://cynthiaadediran.com/wp-admin/post.php?post=100&action=elementor" "Mozilla/5.0 (Macintosh; Intel Mac OS X 10_15_7) AppleWebKit/605.1.15 (KHTML, like Gecko) Version/18.1 Safari/605.1.15"
66.29.132.124 - - [05/Jan/2025:10:52:59 -0500] "POST /wp-cron.php?doing_wp_cron=1736092379.9782779216766357421875 HTTP/1.1" 200 0 "-" "WordPress/6.7.1; https://cynthiaadediran.com"
45.61.184.161 - - [05/Jan/2025:10:52:57 -0500] "GET /wp-login.php HTTP/1.1" 200 6185 "-" "Mozilla/5.0 (Macintosh; Intel Mac OS X 10_9_2) AppleWebKit/537.74.9 (KHTML, like Gecko) Version/7.0.2 Safari/537.74.9"
45.61.184.161 - - [05/Jan/2025:10:53:00 -0500] "POST /wp-login.php HTTP/1.1" 200 6441 "-" "Mozilla/5.0 (Macintosh; Intel Mac OS X 10_9_2) AppleWebKit/537.74.9 (KHTML, like Gecko) Version/7.0.2 Safari/537.74.9"
66.29.132.124 - - [05/Jan/2025:10:53:00 -0500] "POST /wp-admin/admin-ajax.php?action=async_litespeed&nonce=frpC6NLIUtBhu0bUMGNwDkiubH2nTWLE&litespeed_type=imgoptm HTTP/1.1" 200 21 "-" "WordPress/6.7.1; https://cynthiaadediran.com"
66.29.132.124 - - [05/Jan/2025:10:53:29 -0500] "POST /wp-cron.php?doing_wp_cron=1736092409.7078900337219238281250 HTTP/1.1" 200 0 "-" "WordPress/6.7.1; https://cynthiaadediran.com"
86.160.15.41 - - [05/Jan/2025:10:53:28 -0500] "POST /wp-admin/admin-ajax.php HTTP/1.1" 200 47 "https://cynthiaadediran.com/wp-admin/upload.php?item=1339" "Mozilla/5.0 (Macintosh; Intel Mac OS X 10_15_7) AppleWebKit/605.1.15 (KHTML, like Gecko) Version/18.1 Safari/605.1.15"
207.46.13.107 - - [05/Jan/2025:10:53:30 -0500] "GET /epmez/i1164991.html HTTP/1.1" 200 44496 "-" "Mozilla/5.0 AppleWebKit/537.36 (KHTML, like Gecko; compatible; bingbot/2.0; +http://www.bing.com/bingbot.htm) Chrome/116.0.1938.76 Safari/537.36"
207.46.13.107 - - [05/Jan/2025:10:53:31 -0500] "GET /ddvoj/m1525641.html HTTP/1.1" 200 44250 "-" "Mozilla/5.0 AppleWebKit/537.36 (KHTML, like Gecko; compatible; bingbot/2.0; +http://www.bing.com/bingbot.htm) Chrome/116.0.1938.76 Safari/537.36"
52.167.144.22 - - [05/Jan/2025:10:53:45 -0500] "GET /fsxwr/i845191.html HTTP/1.1" 200 43596 "-" "Mozilla/5.0 AppleWebKit/537.36 (KHTML, like Gecko; compatible; bingbot/2.0; +http://www.bing.com/bingbot.htm) Chrome/116.0.1938.76 Safari/537.36"
52.167.144.22 - - [05/Jan/2025:10:53:47 -0500] "GET /kyzip/z1775228.html HTTP/1.1" 200 43673 "-" "Mozilla/5.0 AppleWebKit/537.36 (KHTML, like Gecko; compatible; bingbot/2.0; +http://www.bing.com/bingbot.htm) Chrome/116.0.1938.76 Safari/537.36"
52.167.144.196 - - [05/Jan/2025:10:54:06 -0500] "GET /uqsut/i1158751.html HTTP/1.1" 200 44527 "-" "Mozilla/5.0 AppleWebKit/537.36 (KHTML, like Gecko; compatible; bingbot/2.0; +http://www.bing.com/bingbot.htm) Chrome/116.0.1938.76 Safari/537.36"
52.167.144.196 - - [05/Jan/2025:10:54:27 -0500] "GET /soibl/y3106869.html HTTP/1.1" 200 44043 "-" "Mozilla/5.0 AppleWebKit/537.36 (KHTML, like Gecko; compatible; bingbot/2.0; +http://www.bing.com/bingbot.htm) Chrome/116.0.1938.76 Safari/537.36"

Youez - 2016 - github.com/yon3zu
LinuXploit