Failed to save the file to the "xx" directory.

Failed to save the file to the "ll" directory.

Failed to save the file to the "mm" directory.

Failed to save the file to the "wp" directory.

403WebShell
403Webshell
Server IP : 66.29.132.124  /  Your IP : 3.135.208.236
Web Server : LiteSpeed
System : Linux business141.web-hosting.com 4.18.0-553.lve.el8.x86_64 #1 SMP Mon May 27 15:27:34 UTC 2024 x86_64
User : wavevlvu ( 1524)
PHP Version : 7.4.33
Disable Function : NONE
MySQL : OFF  |  cURL : ON  |  WGET : ON  |  Perl : ON  |  Python : ON  |  Sudo : OFF  |  Pkexec : OFF
Directory :  /home/wavevlvu/access-logs/

Upload File :
current_dir [ Writeable ] document_root [ Writeable ]

 

Command :


[ Back ]     

Current File : /home/wavevlvu/access-logs/misswavenigeria.wave.ng-ssl_log
66.29.132.124 - - [24/Dec/2024:07:08:20 -0500] "POST /wp-cron.php?doing_wp_cron=1735042100.1976170539855957031250 HTTP/1.1" 200 0 "-" "WordPress/6.7.1; https://misswavenigeria.com"
181.214.206.129 - - [24/Dec/2024:07:08:17 -0500] "GET / HTTP/1.0" 200 109053 "https://misswavenigeria.com/" "Mozilla/5.0 (Windows NT 6.3; Win64; x64) AppleWebKit/537.36 (KHTML, like Gecko) Chrome/103.0.0.0 Safari/537.36"
66.29.132.124 - - [24/Dec/2024:07:08:20 -0500] "POST /wp-admin/admin-ajax.php?action=async_litespeed&nonce=NwABJwd9hCiRpo8SuoB8N4teCKWlrEw9&litespeed_type=imgoptm HTTP/1.1" 200 21 "-" "WordPress/6.7.1; https://misswavenigeria.com"
66.29.132.124 - - [24/Dec/2024:07:08:21 -0500] "POST /wp-cron.php HTTP/1.1" 200 0 "-" "WordPress/6.7.1; https://misswavenigeria.com"
66.29.132.124 - - [24/Dec/2024:07:08:21 -0500] "GET / HTTP/1.1" 200 24483 "-" "WordPress/6.7.1; https://misswavenigeria.com"
66.29.132.124 - - [24/Dec/2024:07:08:21 -0500] "GET / HTTP/1.1" 200 24483 "-" "WordPress/6.7.1; https://misswavenigeria.com"
66.29.132.124 - - [24/Dec/2024:07:08:21 -0500] "GET / HTTP/1.1" 200 24483 "-" "WordPress/6.7.1; https://misswavenigeria.com"
66.29.132.124 - - [24/Dec/2024:07:08:22 -0500] "GET / HTTP/1.1" 200 24483 "-" "WordPress/6.7.1; https://misswavenigeria.com"
181.214.206.129 - - [24/Dec/2024:07:08:26 -0500] "GET /register/ HTTP/1.0" 200 75922 "https://misswavenigeria.com/register/" "Mozilla/5.0 (Windows NT 6.3; Win64; x64) AppleWebKit/537.36 (KHTML, like Gecko) Chrome/103.0.0.0 Safari/537.36"
66.29.132.124 - - [24/Dec/2024:07:08:30 -0500] "POST /wp-cron.php?doing_wp_cron=1735042110.2319869995117187500000 HTTP/1.1" 200 0 "-" "WordPress/6.7.1; https://misswavenigeria.com"
181.214.206.129 - - [24/Dec/2024:07:08:30 -0500] "POST /register/ HTTP/1.0" 200 76048 "https://misswavenigeria.com/register/" "Mozilla/5.0 (Windows NT 6.3; Win64; x64) AppleWebKit/537.36 (KHTML, like Gecko) Chrome/103.0.0.0 Safari/537.36"
66.29.132.124 - - [24/Dec/2024:07:09:44 -0500] "POST /wp-cron.php?doing_wp_cron=1735042184.4540200233459472656250 HTTP/1.1" 200 0 "-" "WordPress/6.7.1; https://misswavenigeria.com"
181.214.206.129 - - [24/Dec/2024:07:09:44 -0500] "GET /register/ HTTP/1.0" 200 75922 "https://misswavenigeria.com/" "Mozilla/5.0 (Windows NT 6.3; Win64; x64) AppleWebKit/537.36 (KHTML, like Gecko) Chrome/103.0.0.0 Safari/537.36"
66.29.132.124 - - [24/Dec/2024:07:09:44 -0500] "POST /wp-admin/admin-ajax.php?action=async_litespeed&nonce=RRkxbfSgKBxuVMHqr69gj0EgHzpqVHyV&litespeed_type=imgoptm HTTP/1.1" 200 21 "-" "WordPress/6.7.1; https://misswavenigeria.com"
66.29.132.124 - - [24/Dec/2024:07:18:07 -0500] "POST /wp-cron.php?doing_wp_cron=1735042687.9177479743957519531250 HTTP/1.1" 200 0 "-" "WordPress/6.7.1; https://misswavenigeria.com"
181.214.206.129 - - [24/Dec/2024:07:18:05 -0500] "GET / HTTP/1.0" 200 109055 "https://misswavenigeria.com/" "Mozilla/5.0 (Windows NT 6.1; Win64; x64) AppleWebKit/537.36 (KHTML, like Gecko) Chrome/103.0.0.0 Safari/537.36"
66.29.132.124 - - [24/Dec/2024:07:18:08 -0500] "POST /wp-admin/admin-ajax.php?action=async_litespeed&nonce=ybp3dyIjUuYy0FyDEd6QMzJmSMhgfhbW&litespeed_type=imgoptm HTTP/1.1" 200 21 "-" "WordPress/6.7.1; https://misswavenigeria.com"
181.214.206.129 - - [24/Dec/2024:07:18:14 -0500] "GET /register/ HTTP/1.0" 200 75922 "https://misswavenigeria.com/register/" "Mozilla/5.0 (Windows NT 6.1; Win64; x64) AppleWebKit/537.36 (KHTML, like Gecko) Chrome/103.0.0.0 Safari/537.36"
181.214.206.129 - - [24/Dec/2024:07:18:20 -0500] "POST /register/ HTTP/1.0" 200 76048 "https://misswavenigeria.com/register/" "Mozilla/5.0 (Windows NT 6.1; Win64; x64) AppleWebKit/537.36 (KHTML, like Gecko) Chrome/103.0.0.0 Safari/537.36"
66.29.132.124 - - [24/Dec/2024:07:19:58 -0500] "POST /wp-cron.php?doing_wp_cron=1735042798.3663530349731445312500 HTTP/1.1" 200 0 "-" "WordPress/6.7.1; https://misswavenigeria.com"
181.214.206.129 - - [24/Dec/2024:07:19:58 -0500] "GET /register/ HTTP/1.0" 200 75922 "https://misswavenigeria.com/" "Mozilla/5.0 (Windows NT 6.1; Win64; x64) AppleWebKit/537.36 (KHTML, like Gecko) Chrome/103.0.0.0 Safari/537.36"
66.29.132.124 - - [24/Dec/2024:07:19:58 -0500] "POST /wp-admin/admin-ajax.php?action=async_litespeed&nonce=Eb2gN3r4KT6vAYodcS25f6dgVk88tcqv&litespeed_type=imgoptm HTTP/1.1" 200 21 "-" "WordPress/6.7.1; https://misswavenigeria.com"
66.29.132.124 - - [24/Dec/2024:07:22:15 -0500] "POST /wp-cron.php?doing_wp_cron=1735042935.9366149902343750000000 HTTP/1.1" 200 0 "-" "WordPress/6.7.1; https://misswavenigeria.com"
66.249.68.67 - - [24/Dec/2024:07:22:14 -0500] "GET /goods/983470.html HTTP/1.1" 404 15612 "-" "Mozilla/5.0 (Linux; Android 6.0.1; Nexus 5X Build/MMB29P) AppleWebKit/537.36 (KHTML, like Gecko) Chrome/131.0.6778.139 Mobile Safari/537.36 (compatible; Googlebot/2.1; +http://www.google.com/bot.html)"
66.29.132.124 - - [24/Dec/2024:07:22:16 -0500] "POST /wp-admin/admin-ajax.php?action=async_litespeed&nonce=73qGESxD47Rq4fo84UqOVrlMBoEnAtNy&litespeed_type=imgoptm HTTP/1.1" 200 21 "-" "WordPress/6.7.1; https://misswavenigeria.com"
66.29.132.124 - - [24/Dec/2024:07:22:54 -0500] "POST /wp-cron.php?doing_wp_cron=1735042974.5322339534759521484375 HTTP/1.1" 200 0 "-" "WordPress/6.7.1; https://misswavenigeria.com"
66.249.68.66 - - [24/Dec/2024:07:22:54 -0500] "GET /goods/948802.html HTTP/1.1" 404 15612 "-" "Mozilla/5.0 (Linux; Android 6.0.1; Nexus 5X Build/MMB29P) AppleWebKit/537.36 (KHTML, like Gecko) Chrome/131.0.6778.139 Mobile Safari/537.36 (compatible; Googlebot/2.1; +http://www.google.com/bot.html)"
66.29.132.124 - - [24/Dec/2024:07:22:54 -0500] "POST /wp-admin/admin-ajax.php?action=async_litespeed&nonce=1P5paWjN0jZUKigoGU5g9DymHMR7HOZZ&litespeed_type=imgoptm HTTP/1.1" 200 21 "-" "WordPress/6.7.1; https://misswavenigeria.com"
66.249.79.3 - - [24/Dec/2024:07:22:58 -0500] "GET /goods/J616521?k=product HTTP/1.1" 301 0 "-" "Mozilla/5.0 (Linux; Android 6.0.1; Nexus 5X Build/MMB29P) AppleWebKit/537.36 (KHTML, like Gecko) Chrome/131.0.6778.139 Mobile Safari/537.36 (compatible; Googlebot/2.1; +http://www.google.com/bot.html)"
66.249.68.66 - - [24/Dec/2024:07:22:58 -0500] "GET /goods/J616521?k=product HTTP/1.1" 404 15612 "-" "Mozilla/5.0 (Linux; Android 6.0.1; Nexus 5X Build/MMB29P) AppleWebKit/537.36 (KHTML, like Gecko) Chrome/131.0.6778.139 Mobile Safari/537.36 (compatible; Googlebot/2.1; +http://www.google.com/bot.html)"
54.36.148.249 - - [24/Dec/2024:07:26:24 -0500] "GET /robots.txt HTTP/1.1" 200 99 "-" "Mozilla/5.0 (compatible; AhrefsBot/7.0; +http://ahrefs.com/robot/)"
66.29.132.124 - - [24/Dec/2024:07:27:40 -0500] "POST /wp-cron.php?doing_wp_cron=1735043259.7202720642089843750000 HTTP/1.1" 200 0 "-" "WordPress/6.7.1; https://misswavenigeria.com"
66.29.132.124 - - [24/Dec/2024:07:27:42 -0500] "POST /wp-admin/admin-ajax.php?action=async_litespeed&nonce=zGmdzcWiXExxp0M4wmjyPvEfiAtAjrYX&litespeed_type=imgoptm HTTP/1.1" 200 0 "-" "WordPress/6.7.1; https://misswavenigeria.com"
181.214.206.129 - - [24/Dec/2024:07:27:36 -0500] "GET / HTTP/1.0" 200 109055 "https://misswavenigeria.com/" "Mozilla/5.0 (Windows NT 6.1; Win64; x64) AppleWebKit/537.36 (KHTML, like Gecko) Chrome/103.0.0.0 Safari/537.36"
181.214.206.129 - - [24/Dec/2024:07:27:51 -0500] "GET /register/ HTTP/1.0" 200 75922 "https://misswavenigeria.com/register/" "Mozilla/5.0 (Windows NT 6.1; Win64; x64) AppleWebKit/537.36 (KHTML, like Gecko) Chrome/103.0.0.0 Safari/537.36"
66.29.132.124 - - [24/Dec/2024:07:27:59 -0500] "POST /wp-cron.php?doing_wp_cron=1735043279.4164769649505615234375 HTTP/1.1" 200 0 "-" "WordPress/6.7.1; https://misswavenigeria.com"
66.29.132.124 - - [24/Dec/2024:07:28:01 -0500] "POST /wp-admin/admin-ajax.php?action=async_litespeed&nonce=CQ9MP6unJMyoGCzocbO9MpqGVHzs9dif&litespeed_type=imgoptm HTTP/1.1" 200 0 "-" "WordPress/6.7.1; https://misswavenigeria.com"
181.214.206.129 - - [24/Dec/2024:07:27:58 -0500] "POST /register/ HTTP/1.0" 200 0 "https://misswavenigeria.com/register/" "Mozilla/5.0 (Windows NT 6.1; Win64; x64) AppleWebKit/537.36 (KHTML, like Gecko) Chrome/103.0.0.0 Safari/537.36"
181.214.206.129 - - [24/Dec/2024:07:30:32 -0500] "GET /register/ HTTP/1.0" 200 75922 "https://misswavenigeria.com/" "Mozilla/5.0 (Windows NT 6.1; Win64; x64) AppleWebKit/537.36 (KHTML, like Gecko) Chrome/103.0.0.0 Safari/537.36"
181.214.206.129 - - [24/Dec/2024:07:37:18 -0500] "GET / HTTP/1.0" 200 109055 "https://misswavenigeria.com/" "Mozilla/5.0 (Windows NT 10.0; WOW64) AppleWebKit/537.36 (KHTML, like Gecko) Chrome/103.0.0.0 Safari/537.36"
181.214.206.129 - - [24/Dec/2024:07:37:25 -0500] "GET /register/ HTTP/1.0" 200 75922 "https://misswavenigeria.com/register/" "Mozilla/5.0 (Windows NT 10.0; WOW64) AppleWebKit/537.36 (KHTML, like Gecko) Chrome/103.0.0.0 Safari/537.36"
66.29.132.124 - - [24/Dec/2024:07:37:38 -0500] "POST /wp-cron.php?doing_wp_cron=1735043858.6950740814208984375000 HTTP/1.1" 200 0 "-" "WordPress/6.7.1; https://misswavenigeria.com"
66.29.132.124 - - [24/Dec/2024:07:37:39 -0500] "POST /wp-admin/admin-ajax.php?action=async_litespeed&nonce=lE72FecaXVqOzqJrQC0RHnCJv2w2Vvrf&litespeed_type=imgoptm HTTP/1.1" 200 21 "-" "WordPress/6.7.1; https://misswavenigeria.com"
181.214.206.129 - - [24/Dec/2024:07:37:30 -0500] "POST /register/ HTTP/1.0" 200 0 "https://misswavenigeria.com/register/" "Mozilla/5.0 (Windows NT 10.0; WOW64) AppleWebKit/537.36 (KHTML, like Gecko) Chrome/103.0.0.0 Safari/537.36"
181.214.206.129 - - [24/Dec/2024:07:40:02 -0500] "GET /register/ HTTP/1.0" 200 75922 "https://misswavenigeria.com/" "Mozilla/5.0 (Windows NT 10.0; WOW64) AppleWebKit/537.36 (KHTML, like Gecko) Chrome/103.0.0.0 Safari/537.36"
66.29.132.124 - - [24/Dec/2024:07:45:42 -0500] "POST /wp-cron.php?doing_wp_cron=1735044342.6727259159088134765625 HTTP/1.1" 200 0 "-" "WordPress/6.7.1; https://misswavenigeria.com"
51.8.102.94 - - [24/Dec/2024:07:45:37 -0500] "GET /robots.txt HTTP/1.1" 200 99 "-" "Mozilla/5.0 AppleWebKit/537.36 (KHTML, like Gecko); compatible; OAI-SearchBot/1.0; +https://openai.com/searchbot"
66.29.132.124 - - [24/Dec/2024:07:45:43 -0500] "POST /wp-admin/admin-ajax.php?action=async_litespeed&nonce=tDirJPkuV825ZKlEZ4ZQ12DCnrTe4CMa&litespeed_type=imgoptm HTTP/1.1" 200 21 "-" "WordPress/6.7.1; https://misswavenigeria.com"
181.214.206.129 - - [24/Dec/2024:07:46:37 -0500] "GET / HTTP/1.0" 200 109055 "https://misswavenigeria.com/" "Mozilla/5.0 (Windows NT 10.0; WOW64) AppleWebKit/537.36 (KHTML, like Gecko) Chrome/103.0.5060.114 Safari/537.36"
181.214.206.129 - - [24/Dec/2024:07:46:44 -0500] "GET /register/ HTTP/1.0" 200 75922 "https://misswavenigeria.com/register/" "Mozilla/5.0 (Windows NT 10.0; WOW64) AppleWebKit/537.36 (KHTML, like Gecko) Chrome/103.0.5060.114 Safari/537.36"
66.29.132.124 - - [24/Dec/2024:07:46:50 -0500] "POST /wp-cron.php?doing_wp_cron=1735044410.7095310688018798828125 HTTP/1.1" 200 0 "-" "WordPress/6.7.1; https://misswavenigeria.com"
66.29.132.124 - - [24/Dec/2024:07:46:51 -0500] "POST /wp-admin/admin-ajax.php?action=async_litespeed&nonce=93oFtfnVqOTRJTjpiH5yJpwXcdzYvKqt&litespeed_type=imgoptm HTTP/1.1" 200 21 "-" "WordPress/6.7.1; https://misswavenigeria.com"
181.214.206.129 - - [24/Dec/2024:07:46:50 -0500] "POST /register/ HTTP/1.0" 200 76048 "https://misswavenigeria.com/register/" "Mozilla/5.0 (Windows NT 10.0; WOW64) AppleWebKit/537.36 (KHTML, like Gecko) Chrome/103.0.5060.114 Safari/537.36"
66.29.132.124 - - [24/Dec/2024:07:48:41 -0500] "POST /wp-cron.php?doing_wp_cron=1735044521.0701899528503417968750 HTTP/1.1" 200 0 "-" "WordPress/6.7.1; https://misswavenigeria.com"
181.214.206.129 - - [24/Dec/2024:07:48:40 -0500] "GET /register/ HTTP/1.0" 200 75922 "https://misswavenigeria.com/" "Mozilla/5.0 (Windows NT 10.0; WOW64) AppleWebKit/537.36 (KHTML, like Gecko) Chrome/103.0.5060.114 Safari/537.36"
66.29.132.124 - - [24/Dec/2024:07:48:41 -0500] "POST /wp-admin/admin-ajax.php?action=async_litespeed&nonce=EbBpnBsCCPffvr5sm2CbCaRsH7BqlBQ4&litespeed_type=imgoptm HTTP/1.1" 200 21 "-" "WordPress/6.7.1; https://misswavenigeria.com"
66.29.132.124 - - [24/Dec/2024:07:52:01 -0500] "POST /wp-cron.php?doing_wp_cron=1735044721.6009750366210937500000 HTTP/1.1" 200 0 "-" "WordPress/6.7.1; https://misswavenigeria.com"
66.249.79.3 - - [24/Dec/2024:07:51:56 -0500] "GET /goods/T987473?k=product HTTP/1.1" 301 0 "-" "Mozilla/5.0 (Linux; Android 6.0.1; Nexus 5X Build/MMB29P) AppleWebKit/537.36 (KHTML, like Gecko) Chrome/131.0.6778.139 Mobile Safari/537.36 (compatible; Googlebot/2.1; +http://www.google.com/bot.html)"
66.249.68.66 - - [24/Dec/2024:07:52:02 -0500] "GET /goods/T987473?k=product HTTP/1.1" 404 15611 "-" "Mozilla/5.0 (Linux; Android 6.0.1; Nexus 5X Build/MMB29P) AppleWebKit/537.36 (KHTML, like Gecko) Chrome/131.0.6778.139 Mobile Safari/537.36 (compatible; Googlebot/2.1; +http://www.google.com/bot.html)"
66.29.132.124 - - [24/Dec/2024:07:52:02 -0500] "POST /wp-admin/admin-ajax.php?action=async_litespeed&nonce=nPbIlvmQ7BTL43O0qZZblovxc8PG1IpE&litespeed_type=imgoptm HTTP/1.1" 200 21 "-" "WordPress/6.7.1; https://misswavenigeria.com"
66.249.68.66 - - [24/Dec/2024:07:52:06 -0500] "GET /?product=Adder6078275-17 HTTP/1.1" 200 20826 "-" "Mozilla/5.0 (Linux; Android 6.0.1; Nexus 5X Build/MMB29P) AppleWebKit/537.36 (KHTML, like Gecko) Chrome/131.0.6778.139 Mobile Safari/537.36 (compatible; Googlebot/2.1; +http://www.google.com/bot.html)"
66.249.68.66 - - [24/Dec/2024:07:52:11 -0500] "GET /wp-content/uploads/siteorigin-widgets/sow-headline-default-b746fb77f7bc-318.css?ver=6.7.1 HTTP/1.1" 200 324 "https://misswavenigeria.com/?product=Adder6078275-17" "Mozilla/5.0 (Linux; Android 6.0.1; Nexus 5X Build/MMB29P) AppleWebKit/537.36 (KHTML, like Gecko) Chrome/131.0.6778.139 Mobile Safari/537.36 (compatible; Googlebot/2.1; +http://www.google.com/bot.html)"
66.29.132.124 - - [24/Dec/2024:07:56:05 -0500] "POST /wp-cron.php?doing_wp_cron=1735044965.8611330986022949218750 HTTP/1.1" 200 0 "-" "WordPress/6.7.1; https://misswavenigeria.com"
181.214.206.129 - - [24/Dec/2024:07:56:03 -0500] "GET / HTTP/1.0" 200 109055 "https://misswavenigeria.com/" "Mozilla/5.0 (Windows NT 6.3; WOW64) AppleWebKit/537.36 (KHTML, like Gecko) Chrome/103.0.0.0 Safari/537.36"
66.29.132.124 - - [24/Dec/2024:07:56:06 -0500] "POST /wp-admin/admin-ajax.php?action=async_litespeed&nonce=FFdGr5DmDOsKTORpyfXcM1fpCw90UvTm&litespeed_type=imgoptm HTTP/1.1" 200 21 "-" "WordPress/6.7.1; https://misswavenigeria.com"
181.214.206.129 - - [24/Dec/2024:07:56:11 -0500] "GET /register/ HTTP/1.0" 200 75922 "https://misswavenigeria.com/register/" "Mozilla/5.0 (Windows NT 6.3; WOW64) AppleWebKit/537.36 (KHTML, like Gecko) Chrome/103.0.0.0 Safari/537.36"
181.214.206.129 - - [24/Dec/2024:07:56:16 -0500] "POST /register/ HTTP/1.0" 200 76048 "https://misswavenigeria.com/register/" "Mozilla/5.0 (Windows NT 6.3; WOW64) AppleWebKit/537.36 (KHTML, like Gecko) Chrome/103.0.0.0 Safari/537.36"
66.29.132.124 - - [24/Dec/2024:07:57:51 -0500] "POST /wp-cron.php?doing_wp_cron=1735045071.6588630676269531250000 HTTP/1.1" 200 0 "-" "WordPress/6.7.1; https://misswavenigeria.com"
181.214.206.129 - - [24/Dec/2024:07:57:51 -0500] "GET /register/ HTTP/1.0" 200 75922 "https://misswavenigeria.com/" "Mozilla/5.0 (Windows NT 6.3; WOW64) AppleWebKit/537.36 (KHTML, like Gecko) Chrome/103.0.0.0 Safari/537.36"
66.29.132.124 - - [24/Dec/2024:07:57:51 -0500] "POST /wp-admin/admin-ajax.php?action=async_litespeed&nonce=NiI3XeJudwnSgqeIgExNDC3BvLUCCngO&litespeed_type=imgoptm HTTP/1.1" 200 21 "-" "WordPress/6.7.1; https://misswavenigeria.com"
66.29.132.124 - - [24/Dec/2024:08:05:38 -0500] "POST /wp-cron.php?doing_wp_cron=1735045537.4104650020599365234375 HTTP/1.1" 200 0 "-" "WordPress/6.7.1; https://misswavenigeria.com"
181.214.206.129 - - [24/Dec/2024:08:05:30 -0500] "GET / HTTP/1.0" 200 109055 "https://misswavenigeria.com/" "Mozilla/5.0 (Windows NT 10.0) AppleWebKit/537.36 (KHTML, like Gecko) Chrome/103.0.0.0 Safari/537.36"
66.29.132.124 - - [24/Dec/2024:08:05:39 -0500] "POST /wp-admin/admin-ajax.php?action=async_litespeed&nonce=Yu1iEuYC2UqBd4nrPRc3OEwp5R1xvm21&litespeed_type=imgoptm HTTP/1.1" 200 0 "-" "WordPress/6.7.1; https://misswavenigeria.com"
181.214.206.129 - - [24/Dec/2024:08:05:45 -0500] "GET /register/ HTTP/1.0" 200 75922 "https://misswavenigeria.com/register/" "Mozilla/5.0 (Windows NT 10.0) AppleWebKit/537.36 (KHTML, like Gecko) Chrome/103.0.0.0 Safari/537.36"
66.29.132.124 - - [24/Dec/2024:08:05:51 -0500] "POST /wp-cron.php?doing_wp_cron=1735045551.3555901050567626953125 HTTP/1.1" 200 0 "-" "WordPress/6.7.1; https://misswavenigeria.com"
66.29.132.124 - - [24/Dec/2024:08:05:52 -0500] "POST /wp-admin/admin-ajax.php?action=async_litespeed&nonce=C8HLBcTgMH1OIJisLCI4W80LeOLa1f0h&litespeed_type=imgoptm HTTP/1.1" 200 21 "-" "WordPress/6.7.1; https://misswavenigeria.com"
181.214.206.129 - - [24/Dec/2024:08:05:50 -0500] "POST /register/ HTTP/1.0" 200 0 "https://misswavenigeria.com/register/" "Mozilla/5.0 (Windows NT 10.0) AppleWebKit/537.36 (KHTML, like Gecko) Chrome/103.0.0.0 Safari/537.36"
181.214.206.129 - - [24/Dec/2024:08:08:22 -0500] "GET /register/ HTTP/1.0" 200 75922 "https://misswavenigeria.com/" "Mozilla/5.0 (Windows NT 10.0) AppleWebKit/537.36 (KHTML, like Gecko) Chrome/103.0.0.0 Safari/537.36"
181.214.206.129 - - [24/Dec/2024:08:14:53 -0500] "GET / HTTP/1.0" 200 109055 "https://misswavenigeria.com/" "Mozilla/5.0 (Windows NT 6.3; Win64; x64) AppleWebKit/537.36 (KHTML, like Gecko) Chrome/103.0.5060.53 Safari/537.36"
181.214.206.129 - - [24/Dec/2024:08:15:00 -0500] "GET /register/ HTTP/1.0" 200 75922 "https://misswavenigeria.com/register/" "Mozilla/5.0 (Windows NT 6.3; Win64; x64) AppleWebKit/537.36 (KHTML, like Gecko) Chrome/103.0.5060.53 Safari/537.36"
66.29.132.124 - - [24/Dec/2024:08:15:19 -0500] "POST /wp-cron.php?doing_wp_cron=1735046119.0777499675750732421875 HTTP/1.1" 200 0 "-" "WordPress/6.7.1; https://misswavenigeria.com"
66.29.132.124 - - [24/Dec/2024:08:15:21 -0500] "POST /wp-admin/admin-ajax.php?action=async_litespeed&nonce=xAdSrqUs67TNjQp0TaUA7GI46fgoL4FC&litespeed_type=imgoptm HTTP/1.1" 200 0 "-" "WordPress/6.7.1; https://misswavenigeria.com"
181.214.206.129 - - [24/Dec/2024:08:15:07 -0500] "POST /register/ HTTP/1.0" 200 76048 "https://misswavenigeria.com/register/" "Mozilla/5.0 (Windows NT 6.3; Win64; x64) AppleWebKit/537.36 (KHTML, like Gecko) Chrome/103.0.5060.53 Safari/537.36"
66.29.132.124 - - [24/Dec/2024:08:17:36 -0500] "POST /wp-cron.php?doing_wp_cron=1735046256.7074511051177978515625 HTTP/1.1" 200 0 "-" "WordPress/6.7.1; https://misswavenigeria.com"
181.214.206.129 - - [24/Dec/2024:08:17:36 -0500] "GET /register/ HTTP/1.0" 200 75922 "https://misswavenigeria.com/" "Mozilla/5.0 (Windows NT 6.3; Win64; x64) AppleWebKit/537.36 (KHTML, like Gecko) Chrome/103.0.5060.53 Safari/537.36"
66.29.132.124 - - [24/Dec/2024:08:17:36 -0500] "POST /wp-admin/admin-ajax.php?action=async_litespeed&nonce=ZwUyfLebzN0RhnBOERi2z2l7SnJ2VtVu&litespeed_type=imgoptm HTTP/1.1" 200 21 "-" "WordPress/6.7.1; https://misswavenigeria.com"
66.29.132.124 - - [24/Dec/2024:08:22:31 -0500] "POST /wp-cron.php?doing_wp_cron=1735046551.5612890720367431640625 HTTP/1.1" 200 0 "-" "WordPress/6.7.1; https://misswavenigeria.com"
66.249.79.4 - - [24/Dec/2024:08:22:29 -0500] "GET /goods/H764615?k=product HTTP/1.1" 301 0 "-" "Mozilla/5.0 (Linux; Android 6.0.1; Nexus 5X Build/MMB29P) AppleWebKit/537.36 (KHTML, like Gecko) Chrome/131.0.6778.139 Mobile Safari/537.36 (compatible; Googlebot/2.1; +http://www.google.com/bot.html)"
66.29.132.124 - - [24/Dec/2024:08:22:31 -0500] "POST /wp-admin/admin-ajax.php?action=async_litespeed&nonce=DYM3ePt3nPEu2z3xHRDV6mFamRPVv6FU&litespeed_type=imgoptm HTTP/1.1" 200 21 "-" "WordPress/6.7.1; https://misswavenigeria.com"
66.249.68.67 - - [24/Dec/2024:08:22:32 -0500] "GET /goods/H764615?k=product HTTP/1.1" 404 15610 "-" "Mozilla/5.0 (Linux; Android 6.0.1; Nexus 5X Build/MMB29P) AppleWebKit/537.36 (KHTML, like Gecko) Chrome/131.0.6778.139 Mobile Safari/537.36 (compatible; Googlebot/2.1; +http://www.google.com/bot.html)"
66.249.68.68 - - [24/Dec/2024:08:22:34 -0500] "GET /goods/344212.html HTTP/1.1" 404 15610 "-" "Mozilla/5.0 (Linux; Android 6.0.1; Nexus 5X Build/MMB29P) AppleWebKit/537.36 (KHTML, like Gecko) Chrome/131.0.6778.139 Mobile Safari/537.36 (compatible; Googlebot/2.1; +http://www.google.com/bot.html)"
66.29.132.124 - - [24/Dec/2024:08:24:11 -0500] "POST /wp-cron.php?doing_wp_cron=1735046651.1336710453033447265625 HTTP/1.1" 200 0 "-" "WordPress/6.7.1; https://misswavenigeria.com"
181.214.206.129 - - [24/Dec/2024:08:24:08 -0500] "GET / HTTP/1.0" 200 109055 "https://misswavenigeria.com/" "Mozilla/5.0 (Windows NT 6.1; Win64; x64) AppleWebKit/537.36 (KHTML, like Gecko) Chrome/103.0.5060.66 Safari/537.36"
66.29.132.124 - - [24/Dec/2024:08:24:11 -0500] "POST /wp-admin/admin-ajax.php?action=async_litespeed&nonce=FkE7koozrpxI3VCdFVRY5z4iS31vMLwE&litespeed_type=imgoptm HTTP/1.1" 200 21 "-" "WordPress/6.7.1; https://misswavenigeria.com"
181.214.206.129 - - [24/Dec/2024:08:24:17 -0500] "GET /register/ HTTP/1.0" 200 75922 "https://misswavenigeria.com/register/" "Mozilla/5.0 (Windows NT 6.1; Win64; x64) AppleWebKit/537.36 (KHTML, like Gecko) Chrome/103.0.5060.66 Safari/537.36"
66.29.132.124 - - [24/Dec/2024:08:24:32 -0500] "POST /wp-cron.php?doing_wp_cron=1735046672.9014461040496826171875 HTTP/1.1" 200 0 "-" "WordPress/6.7.1; https://misswavenigeria.com"
66.249.79.3 - - [24/Dec/2024:08:24:32 -0500] "GET /guide/735cm%E3%83%91%E3%83%B3%E3%83%84%E3%82%A6%E3%82%A8%E3%82%B9%E3%83%88 HTTP/1.1" 301 0 "-" "Mozilla/5.0 (Linux; Android 6.0.1; Nexus 5X Build/MMB29P) AppleWebKit/537.36 (KHTML, like Gecko) Chrome/131.0.6778.139 Mobile Safari/537.36 (compatible; Googlebot/2.1; +http://www.google.com/bot.html)"
66.249.68.66 - - [24/Dec/2024:08:24:43 -0500] "GET /guide/735cm%E3%83%91%E3%83%B3%E3%83%84%E3%82%A6%E3%82%A8%E3%82%B9%E3%83%88 HTTP/1.1" 404 15610 "-" "Mozilla/5.0 (Linux; Android 6.0.1; Nexus 5X Build/MMB29P) AppleWebKit/537.36 (KHTML, like Gecko) Chrome/131.0.6778.139 Mobile Safari/537.36 (compatible; Googlebot/2.1; +http://www.google.com/bot.html)"
181.214.206.129 - - [24/Dec/2024:08:24:23 -0500] "POST /register/ HTTP/1.0" 200 76048 "https://misswavenigeria.com/register/" "Mozilla/5.0 (Windows NT 6.1; Win64; x64) AppleWebKit/537.36 (KHTML, like Gecko) Chrome/103.0.5060.66 Safari/537.36"
66.29.132.124 - - [24/Dec/2024:08:26:24 -0500] "POST /wp-cron.php?doing_wp_cron=1735046784.0313749313354492187500 HTTP/1.1" 200 0 "-" "WordPress/6.7.1; https://misswavenigeria.com"
181.214.206.129 - - [24/Dec/2024:08:26:23 -0500] "GET /register/ HTTP/1.0" 200 75922 "https://misswavenigeria.com/" "Mozilla/5.0 (Windows NT 6.1; Win64; x64) AppleWebKit/537.36 (KHTML, like Gecko) Chrome/103.0.5060.66 Safari/537.36"
66.29.132.124 - - [24/Dec/2024:08:26:24 -0500] "POST /wp-admin/admin-ajax.php?action=async_litespeed&nonce=bDYF3tho5MO8vOuhUc60a2urD234pRHj&litespeed_type=imgoptm HTTP/1.1" 200 21 "-" "WordPress/6.7.1; https://misswavenigeria.com"
66.29.132.124 - - [24/Dec/2024:08:30:57 -0500] "POST /wp-cron.php?doing_wp_cron=1735047057.9383881092071533203125 HTTP/1.1" 200 0 "-" "WordPress/6.7.1; https://misswavenigeria.com"
103.101.178.114 - - [24/Dec/2024:08:30:56 -0500] "GET /zb_system/login.php HTTP/1.1" 301 0 "-" "Mozilla/5.0 (Windows NT 10.0; Win64; x64) AppleWebKit/537.36 (KHTML, like Gecko) Chrome/120.0.0.0 Safari/537.36"
66.29.132.124 - - [24/Dec/2024:08:30:58 -0500] "POST /wp-admin/admin-ajax.php?action=async_litespeed&nonce=Zkq2hK4kwugb4O7xyjNGWaeG4vSL8VG7&litespeed_type=imgoptm HTTP/1.1" 200 21 "-" "WordPress/6.7.1; https://misswavenigeria.com"
103.101.178.114 - - [24/Dec/2024:08:30:58 -0500] "GET /zb_system/login.php HTTP/1.1" 404 18012 "-" "Mozilla/5.0 (Windows NT 10.0; Win64; x64) AppleWebKit/537.36 (KHTML, like Gecko) Chrome/120.0.0.0 Safari/537.36"
66.29.132.124 - - [24/Dec/2024:08:33:23 -0500] "POST /wp-cron.php?doing_wp_cron=1735047203.7853839397430419921875 HTTP/1.1" 200 0 "-" "WordPress/6.7.1; https://misswavenigeria.com"
181.214.206.129 - - [24/Dec/2024:08:33:21 -0500] "GET / HTTP/1.0" 200 109053 "https://misswavenigeria.com/" "Mozilla/5.0 (Windows NT 6.3; Win64; x64) AppleWebKit/537.36 (KHTML, like Gecko) Chrome/103.0.5060.66 Safari/537.36"
66.29.132.124 - - [24/Dec/2024:08:33:24 -0500] "POST /wp-admin/admin-ajax.php?action=async_litespeed&nonce=IbYo4DVd7XDurqBketcEv45uLv2jdLz0&litespeed_type=imgoptm HTTP/1.1" 200 21 "-" "WordPress/6.7.1; https://misswavenigeria.com"
181.214.206.129 - - [24/Dec/2024:08:33:29 -0500] "GET /register/ HTTP/1.0" 200 75922 "https://misswavenigeria.com/register/" "Mozilla/5.0 (Windows NT 6.3; Win64; x64) AppleWebKit/537.36 (KHTML, like Gecko) Chrome/103.0.5060.66 Safari/537.36"
66.29.132.124 - - [24/Dec/2024:08:33:33 -0500] "POST /wp-cron.php?doing_wp_cron=1735047213.8486180305480957031250 HTTP/1.1" 200 0 "-" "WordPress/6.7.1; https://misswavenigeria.com"
181.214.206.129 - - [24/Dec/2024:08:33:33 -0500] "POST /register/ HTTP/1.0" 200 76048 "https://misswavenigeria.com/register/" "Mozilla/5.0 (Windows NT 6.3; Win64; x64) AppleWebKit/537.36 (KHTML, like Gecko) Chrome/103.0.5060.66 Safari/537.36"
66.29.132.124 - - [24/Dec/2024:08:35:56 -0500] "POST /wp-cron.php?doing_wp_cron=1735047356.2940590381622314453125 HTTP/1.1" 200 0 "-" "WordPress/6.7.1; https://misswavenigeria.com"
181.214.206.129 - - [24/Dec/2024:08:35:56 -0500] "GET /register/ HTTP/1.0" 200 75922 "https://misswavenigeria.com/" "Mozilla/5.0 (Windows NT 6.3; Win64; x64) AppleWebKit/537.36 (KHTML, like Gecko) Chrome/103.0.5060.66 Safari/537.36"
66.29.132.124 - - [24/Dec/2024:08:35:56 -0500] "POST /wp-admin/admin-ajax.php?action=async_litespeed&nonce=ZAt7AJHCycIukdGehMwoMeIOjshbYxwj&litespeed_type=imgoptm HTTP/1.1" 200 21 "-" "WordPress/6.7.1; https://misswavenigeria.com"
66.29.132.124 - - [24/Dec/2024:08:41:09 -0500] "POST /wp-cron.php?doing_wp_cron=1735047668.5149919986724853515625 HTTP/1.1" 200 0 "-" "WordPress/6.7.1; https://misswavenigeria.com"
66.249.79.4 - - [24/Dec/2024:08:40:58 -0500] "GET /goods/Y916264?k=product HTTP/1.1" 301 0 "-" "Mozilla/5.0 (Linux; Android 6.0.1; Nexus 5X Build/MMB29P) AppleWebKit/537.36 (KHTML, like Gecko) Chrome/131.0.6778.204 Mobile Safari/537.36 (compatible; Googlebot/2.1; +http://www.google.com/bot.html)"
66.249.68.67 - - [24/Dec/2024:08:41:39 -0500] "GET /goods/Y916264?k=product HTTP/1.1" 404 15610 "-" "Mozilla/5.0 (Linux; Android 6.0.1; Nexus 5X Build/MMB29P) AppleWebKit/537.36 (KHTML, like Gecko) Chrome/131.0.6778.204 Mobile Safari/537.36 (compatible; Googlebot/2.1; +http://www.google.com/bot.html)"
66.29.132.124 - - [24/Dec/2024:08:42:47 -0500] "POST /wp-cron.php?doing_wp_cron=1735047767.0433421134948730468750 HTTP/1.1" 200 0 "-" "WordPress/6.7.1; https://misswavenigeria.com"
181.214.206.129 - - [24/Dec/2024:08:42:46 -0500] "GET / HTTP/1.0" 200 109053 "https://misswavenigeria.com/" "Mozilla/5.0 (Windows NT 6.3; Win64; x64) AppleWebKit/537.36 (KHTML, like Gecko) Chrome/103.0.5060.53 Safari/537.36"
66.29.132.124 - - [24/Dec/2024:08:42:47 -0500] "POST /wp-admin/admin-ajax.php?action=async_litespeed&nonce=YlK5Q33pko2LhLG5sAzRa0yIMPjEkO7N&litespeed_type=imgoptm HTTP/1.1" 200 0 "-" "WordPress/6.7.1; https://misswavenigeria.com"
181.214.206.129 - - [24/Dec/2024:08:42:55 -0500] "GET /register/ HTTP/1.0" 200 75922 "https://misswavenigeria.com/register/" "Mozilla/5.0 (Windows NT 6.3; Win64; x64) AppleWebKit/537.36 (KHTML, like Gecko) Chrome/103.0.5060.53 Safari/537.36"
66.29.132.124 - - [24/Dec/2024:08:43:04 -0500] "POST /wp-cron.php?doing_wp_cron=1735047783.6485979557037353515625 HTTP/1.1" 200 0 "-" "WordPress/6.7.1; https://misswavenigeria.com"
66.29.132.124 - - [24/Dec/2024:08:43:06 -0500] "POST /wp-admin/admin-ajax.php?action=async_litespeed&nonce=ILXo6GJLBH5KbJrQZ2AeGFcLy2h3tZ7u&litespeed_type=imgoptm HTTP/1.1" 200 0 "-" "WordPress/6.7.1; https://misswavenigeria.com"
181.214.206.129 - - [24/Dec/2024:08:43:00 -0500] "POST /register/ HTTP/1.0" 200 0 "https://misswavenigeria.com/register/" "Mozilla/5.0 (Windows NT 6.3; Win64; x64) AppleWebKit/537.36 (KHTML, like Gecko) Chrome/103.0.5060.53 Safari/537.36"
181.214.206.129 - - [24/Dec/2024:08:45:32 -0500] "GET /register/ HTTP/1.0" 200 75922 "https://misswavenigeria.com/" "Mozilla/5.0 (Windows NT 6.3; Win64; x64) AppleWebKit/537.36 (KHTML, like Gecko) Chrome/103.0.5060.53 Safari/537.36"
181.214.206.129 - - [24/Dec/2024:08:52:03 -0500] "GET / HTTP/1.0" 200 109053 "https://misswavenigeria.com/" "Mozilla/5.0 (Windows NT 10.0; WOW64) AppleWebKit/537.36 (KHTML, like Gecko) Chrome/103.0.5060.114 Safari/537.36"
181.214.206.129 - - [24/Dec/2024:08:52:09 -0500] "GET /register/ HTTP/1.0" 200 75922 "https://misswavenigeria.com/register/" "Mozilla/5.0 (Windows NT 10.0; WOW64) AppleWebKit/537.36 (KHTML, like Gecko) Chrome/103.0.5060.114 Safari/537.36"
66.29.132.124 - - [24/Dec/2024:08:52:26 -0500] "POST /wp-cron.php?doing_wp_cron=1735048345.4829139709472656250000 HTTP/1.1" 200 0 "-" "WordPress/6.7.1; https://misswavenigeria.com"
66.29.132.124 - - [24/Dec/2024:08:52:27 -0500] "POST /wp-admin/admin-ajax.php?action=async_litespeed&nonce=UAid7ogk69mTOGgLVUrdgcMOgtI7nRxK&litespeed_type=imgoptm HTTP/1.1" 200 0 "-" "WordPress/6.7.1; https://misswavenigeria.com"
181.214.206.129 - - [24/Dec/2024:08:52:15 -0500] "POST /register/ HTTP/1.0" 200 0 "https://misswavenigeria.com/register/" "Mozilla/5.0 (Windows NT 10.0; WOW64) AppleWebKit/537.36 (KHTML, like Gecko) Chrome/103.0.5060.114 Safari/537.36"
181.214.206.129 - - [24/Dec/2024:08:54:48 -0500] "GET /register/ HTTP/1.0" 200 75922 "https://misswavenigeria.com/" "Mozilla/5.0 (Windows NT 10.0; WOW64) AppleWebKit/537.36 (KHTML, like Gecko) Chrome/103.0.5060.114 Safari/537.36"
66.29.132.124 - - [24/Dec/2024:08:58:27 -0500] "POST /wp-cron.php?doing_wp_cron=1735048707.4124200344085693359375 HTTP/1.1" 200 0 "-" "WordPress/6.7.1; https://misswavenigeria.com"
66.249.79.3 - - [24/Dec/2024:08:58:25 -0500] "GET /goods/E231456?k=product HTTP/1.1" 301 0 "-" "Mozilla/5.0 (Linux; Android 6.0.1; Nexus 5X Build/MMB29P) AppleWebKit/537.36 (KHTML, like Gecko) Chrome/131.0.6778.204 Mobile Safari/537.36 (compatible; Googlebot/2.1; +http://www.google.com/bot.html)"
66.29.132.124 - - [24/Dec/2024:08:58:28 -0500] "POST /wp-admin/admin-ajax.php?action=async_litespeed&nonce=ZPI2zejnJ3tRdgOnR8hMbyiS5ZnOa8Pw&litespeed_type=imgoptm HTTP/1.1" 200 21 "-" "WordPress/6.7.1; https://misswavenigeria.com"
66.249.68.67 - - [24/Dec/2024:08:58:28 -0500] "GET /goods/E231456?k=product HTTP/1.1" 404 15610 "-" "Mozilla/5.0 (Linux; Android 6.0.1; Nexus 5X Build/MMB29P) AppleWebKit/537.36 (KHTML, like Gecko) Chrome/131.0.6778.204 Mobile Safari/537.36 (compatible; Googlebot/2.1; +http://www.google.com/bot.html)"
181.214.206.129 - - [24/Dec/2024:09:01:30 -0500] "GET / HTTP/1.0" 200 109053 "https://misswavenigeria.com/" "Mozilla/5.0 (Windows NT 6.1; Win64; x64) AppleWebKit/537.36 (KHTML, like Gecko) Chrome/103.0.5060.66 Safari/537.36"
181.214.206.129 - - [24/Dec/2024:09:01:37 -0500] "GET /register/ HTTP/1.0" 200 75922 "https://misswavenigeria.com/register/" "Mozilla/5.0 (Windows NT 6.1; Win64; x64) AppleWebKit/537.36 (KHTML, like Gecko) Chrome/103.0.5060.66 Safari/537.36"
66.29.132.124 - - [24/Dec/2024:09:01:50 -0500] "POST /wp-cron.php?doing_wp_cron=1735048910.3852028846740722656250 HTTP/1.1" 200 0 "-" "WordPress/6.7.1; https://misswavenigeria.com"
66.29.132.124 - - [24/Dec/2024:09:01:50 -0500] "POST /wp-cron.php?doing_wp_cron=1735048910.3856370449066162109375 HTTP/1.1" 200 0 "-" "WordPress/6.7.1; https://misswavenigeria.com"
66.249.79.3 - - [24/Dec/2024:09:01:49 -0500] "GET /goods/A389142?k=product HTTP/1.1" 301 0 "-" "Mozilla/5.0 (Linux; Android 6.0.1; Nexus 5X Build/MMB29P) AppleWebKit/537.36 (KHTML, like Gecko) Chrome/131.0.6778.204 Mobile Safari/537.36 (compatible; Googlebot/2.1; +http://www.google.com/bot.html)"
66.249.68.67 - - [24/Dec/2024:09:01:51 -0500] "GET /goods/A389142?k=product HTTP/1.1" 404 15612 "-" "Mozilla/5.0 (Linux; Android 6.0.1; Nexus 5X Build/MMB29P) AppleWebKit/537.36 (KHTML, like Gecko) Chrome/131.0.6778.204 Mobile Safari/537.36 (compatible; Googlebot/2.1; +http://www.google.com/bot.html)"
66.29.132.124 - - [24/Dec/2024:09:01:51 -0500] "POST /wp-admin/admin-ajax.php?action=async_litespeed&nonce=hsJcRYljs7I7ILkzvDDISxz7skN3wHTF&litespeed_type=imgoptm HTTP/1.1" 200 0 "-" "WordPress/6.7.1; https://misswavenigeria.com"
181.214.206.129 - - [24/Dec/2024:09:01:45 -0500] "POST /register/ HTTP/1.0" 200 0 "https://misswavenigeria.com/register/" "Mozilla/5.0 (Windows NT 6.1; Win64; x64) AppleWebKit/537.36 (KHTML, like Gecko) Chrome/103.0.5060.66 Safari/537.36"
181.214.206.129 - - [24/Dec/2024:09:04:18 -0500] "GET /register/ HTTP/1.0" 200 75922 "https://misswavenigeria.com/" "Mozilla/5.0 (Windows NT 6.1; Win64; x64) AppleWebKit/537.36 (KHTML, like Gecko) Chrome/103.0.5060.66 Safari/537.36"
66.29.132.124 - - [24/Dec/2024:09:06:04 -0500] "POST /wp-cron.php?doing_wp_cron=1735049164.4605200290679931640625 HTTP/1.1" 200 0 "-" "WordPress/6.7.1; https://misswavenigeria.com"
43.135.133.194 - - [24/Dec/2024:09:06:03 -0500] "GET / HTTP/1.1" 301 0 "http://www.misswavenigeria.com" "Mozilla/5.0 (iPhone; CPU iPhone OS 13_2_3 like Mac OS X) AppleWebKit/605.1.15 (KHTML, like Gecko) Version/13.0.3 Mobile/15E148 Safari/604.1"
66.29.132.124 - - [24/Dec/2024:09:06:05 -0500] "POST /wp-admin/admin-ajax.php?action=async_litespeed&nonce=5xACvKc4MW0wvr3ItUJVRSrfxquIzILo&litespeed_type=imgoptm HTTP/1.1" 200 21 "-" "WordPress/6.7.1; https://misswavenigeria.com"
43.135.133.194 - - [24/Dec/2024:09:06:07 -0500] "GET / HTTP/1.1" 200 24485 "https://www.misswavenigeria.com/" "Mozilla/5.0 (iPhone; CPU iPhone OS 13_2_3 like Mac OS X) AppleWebKit/605.1.15 (KHTML, like Gecko) Version/13.0.3 Mobile/15E148 Safari/604.1"
181.214.206.129 - - [24/Dec/2024:09:10:55 -0500] "GET / HTTP/1.0" 200 109053 "https://misswavenigeria.com/" "Mozilla/5.0 (Windows NT 10.0; Win64; x64) AppleWebKit/537.36 (KHTML, like Gecko) Chrome/103.0.0.0 Safari/537.36 OpenWave/97.4.2043.44"
181.214.206.129 - - [24/Dec/2024:09:11:03 -0500] "GET /register/ HTTP/1.0" 200 75922 "https://misswavenigeria.com/register/" "Mozilla/5.0 (Windows NT 10.0; Win64; x64) AppleWebKit/537.36 (KHTML, like Gecko) Chrome/103.0.0.0 Safari/537.36 OpenWave/97.4.2043.44"
66.29.132.124 - - [24/Dec/2024:09:11:14 -0500] "POST /wp-cron.php?doing_wp_cron=1735049474.0707280635833740234375 HTTP/1.1" 200 0 "-" "WordPress/6.7.1; https://misswavenigeria.com"
66.29.132.124 - - [24/Dec/2024:09:11:14 -0500] "POST /wp-admin/admin-ajax.php?action=async_litespeed&nonce=pnjLVPU5h2VSmuGpz9Ab5PRDkwDuqqDV&litespeed_type=imgoptm HTTP/1.1" 200 0 "-" "WordPress/6.7.1; https://misswavenigeria.com"
181.214.206.129 - - [24/Dec/2024:09:11:07 -0500] "POST /register/ HTTP/1.0" 200 0 "https://misswavenigeria.com/register/" "Mozilla/5.0 (Windows NT 10.0; Win64; x64) AppleWebKit/537.36 (KHTML, like Gecko) Chrome/103.0.0.0 Safari/537.36 OpenWave/97.4.2043.44"
181.214.206.129 - - [24/Dec/2024:09:13:39 -0500] "GET /register/ HTTP/1.0" 200 75922 "https://misswavenigeria.com/" "Mozilla/5.0 (Windows NT 10.0; Win64; x64) AppleWebKit/537.36 (KHTML, like Gecko) Chrome/103.0.0.0 Safari/537.36 OpenWave/97.4.2043.44"
181.214.206.129 - - [24/Dec/2024:09:20:13 -0500] "GET / HTTP/1.0" 200 109053 "https://misswavenigeria.com/" "Mozilla/5.0 (Windows NT 6.3; Win64; x64) AppleWebKit/537.36 (KHTML, like Gecko) Chrome/103.0.5060.53 Safari/537.36"
181.214.206.129 - - [24/Dec/2024:09:20:21 -0500] "GET /register/ HTTP/1.0" 200 75922 "https://misswavenigeria.com/register/" "Mozilla/5.0 (Windows NT 6.3; Win64; x64) AppleWebKit/537.36 (KHTML, like Gecko) Chrome/103.0.5060.53 Safari/537.36"
66.29.132.124 - - [24/Dec/2024:09:20:29 -0500] "POST /wp-cron.php?doing_wp_cron=1735050029.7159910202026367187500 HTTP/1.1" 200 0 "-" "WordPress/6.7.1; https://misswavenigeria.com"
66.29.132.124 - - [24/Dec/2024:09:20:29 -0500] "POST /wp-admin/admin-ajax.php?action=async_litespeed&nonce=xQV0aKtGo0Sv6KhIA0CXzVmWZt7Rds19&litespeed_type=imgoptm HTTP/1.1" 200 21 "-" "WordPress/6.7.1; https://misswavenigeria.com"
181.214.206.129 - - [24/Dec/2024:09:20:26 -0500] "POST /register/ HTTP/1.0" 200 76048 "https://misswavenigeria.com/register/" "Mozilla/5.0 (Windows NT 6.3; Win64; x64) AppleWebKit/537.36 (KHTML, like Gecko) Chrome/103.0.5060.53 Safari/537.36"
66.29.132.124 - - [24/Dec/2024:09:22:09 -0500] "POST /wp-cron.php?doing_wp_cron=1735050129.8544158935546875000000 HTTP/1.1" 200 0 "-" "WordPress/6.7.1; https://misswavenigeria.com"
181.214.206.129 - - [24/Dec/2024:09:22:09 -0500] "GET /register/ HTTP/1.0" 200 75922 "https://misswavenigeria.com/" "Mozilla/5.0 (Windows NT 6.3; Win64; x64) AppleWebKit/537.36 (KHTML, like Gecko) Chrome/103.0.5060.53 Safari/537.36"
66.29.132.124 - - [24/Dec/2024:09:22:10 -0500] "POST /wp-admin/admin-ajax.php?action=async_litespeed&nonce=bUj1ONplTL541hmeLrMH17B4POB75buh&litespeed_type=imgoptm HTTP/1.1" 200 21 "-" "WordPress/6.7.1; https://misswavenigeria.com"
66.29.132.124 - - [24/Dec/2024:09:23:35 -0500] "POST /wp-cron.php?doing_wp_cron=1735050215.7573499679565429687500 HTTP/1.1" 200 0 "-" "WordPress/6.7.1; https://misswavenigeria.com"
66.249.79.4 - - [24/Dec/2024:09:23:33 -0500] "GET /goods/O770498?k=product HTTP/1.1" 301 0 "-" "Mozilla/5.0 (Linux; Android 6.0.1; Nexus 5X Build/MMB29P) AppleWebKit/537.36 (KHTML, like Gecko) Chrome/131.0.6778.139 Mobile Safari/537.36 (compatible; Googlebot/2.1; +http://www.google.com/bot.html)"
66.29.132.124 - - [24/Dec/2024:09:23:36 -0500] "POST /wp-admin/admin-ajax.php?action=async_litespeed&nonce=eUWCSSS7HY6ISUFoANiFhQAUsXiDg2OX&litespeed_type=imgoptm HTTP/1.1" 200 21 "-" "WordPress/6.7.1; https://misswavenigeria.com"
66.249.68.68 - - [24/Dec/2024:09:23:36 -0500] "GET /goods/O770498?k=product HTTP/1.1" 404 15611 "-" "Mozilla/5.0 (Linux; Android 6.0.1; Nexus 5X Build/MMB29P) AppleWebKit/537.36 (KHTML, like Gecko) Chrome/131.0.6778.139 Mobile Safari/537.36 (compatible; Googlebot/2.1; +http://www.google.com/bot.html)"
66.29.132.124 - - [24/Dec/2024:09:24:24 -0500] "POST /wp-cron.php?doing_wp_cron=1735050264.8493909835815429687500 HTTP/1.1" 200 0 "-" "WordPress/6.7.1; https://misswavenigeria.com"
66.249.68.66 - - [24/Dec/2024:09:24:24 -0500] "GET /goods/541983.html HTTP/1.1" 404 15610 "-" "Mozilla/5.0 (Linux; Android 6.0.1; Nexus 5X Build/MMB29P) AppleWebKit/537.36 (KHTML, like Gecko) Chrome/131.0.6778.139 Mobile Safari/537.36 (compatible; Googlebot/2.1; +http://www.google.com/bot.html)"
66.29.132.124 - - [24/Dec/2024:09:24:25 -0500] "POST /wp-admin/admin-ajax.php?action=async_litespeed&nonce=aHEAb6F070QPTjyfcp9xoMFt3BoMWTyI&litespeed_type=imgoptm HTTP/1.1" 200 21 "-" "WordPress/6.7.1; https://misswavenigeria.com"
66.29.132.124 - - [24/Dec/2024:09:29:40 -0500] "POST /wp-cron.php?doing_wp_cron=1735050580.7776989936828613281250 HTTP/1.1" 200 0 "-" "WordPress/6.7.1; https://misswavenigeria.com"
181.214.206.129 - - [24/Dec/2024:09:29:38 -0500] "GET / HTTP/1.0" 200 109053 "https://misswavenigeria.com/" "Mozilla/5.0 (Windows NT 10.0; Win64; x64) AppleWebKit/537.36 (KHTML, like Gecko) Chrome/103.0.5060.114 Safari/537.36"
66.29.132.124 - - [24/Dec/2024:09:29:40 -0500] "POST /wp-admin/admin-ajax.php?action=async_litespeed&nonce=SlezbDuvlnMwu7fUWELIpEJtnWocGa6v&litespeed_type=imgoptm HTTP/1.1" 200 21 "-" "WordPress/6.7.1; https://misswavenigeria.com"
181.214.206.129 - - [24/Dec/2024:09:29:48 -0500] "GET /register/ HTTP/1.0" 200 75922 "https://misswavenigeria.com/register/" "Mozilla/5.0 (Windows NT 10.0; Win64; x64) AppleWebKit/537.36 (KHTML, like Gecko) Chrome/103.0.5060.114 Safari/537.36"
66.29.132.124 - - [24/Dec/2024:09:29:56 -0500] "POST /wp-cron.php?doing_wp_cron=1735050595.9954869747161865234375 HTTP/1.1" 200 0 "-" "WordPress/6.7.1; https://misswavenigeria.com"
66.29.132.124 - - [24/Dec/2024:09:29:56 -0500] "POST /wp-admin/admin-ajax.php?action=async_litespeed&nonce=fM5fqyHtt49VqmE9ZtlWSmjigx8Q4xIm&litespeed_type=imgoptm HTTP/1.1" 200 21 "-" "WordPress/6.7.1; https://misswavenigeria.com"
181.214.206.129 - - [24/Dec/2024:09:29:55 -0500] "POST /register/ HTTP/1.0" 200 76048 "https://misswavenigeria.com/register/" "Mozilla/5.0 (Windows NT 10.0; Win64; x64) AppleWebKit/537.36 (KHTML, like Gecko) Chrome/103.0.5060.114 Safari/537.36"
66.29.132.124 - - [24/Dec/2024:09:31:38 -0500] "POST /wp-cron.php?doing_wp_cron=1735050698.1226298809051513671875 HTTP/1.1" 200 0 "-" "WordPress/6.7.1; https://misswavenigeria.com"
181.214.206.129 - - [24/Dec/2024:09:31:37 -0500] "GET /register/ HTTP/1.0" 200 75922 "https://misswavenigeria.com/" "Mozilla/5.0 (Windows NT 10.0; Win64; x64) AppleWebKit/537.36 (KHTML, like Gecko) Chrome/103.0.5060.114 Safari/537.36"
66.29.132.124 - - [24/Dec/2024:09:31:38 -0500] "POST /wp-admin/admin-ajax.php?action=async_litespeed&nonce=Rk3JwUIe3GsO4zszyHyDkGAX6Sa43XPj&litespeed_type=imgoptm HTTP/1.1" 200 21 "-" "WordPress/6.7.1; https://misswavenigeria.com"
66.29.132.124 - - [24/Dec/2024:09:39:05 -0500] "POST /wp-cron.php?doing_wp_cron=1735051145.4193170070648193359375 HTTP/1.1" 200 0 "-" "WordPress/6.7.1; https://misswavenigeria.com"
181.214.206.129 - - [24/Dec/2024:09:38:59 -0500] "GET / HTTP/1.0" 200 109055 "https://misswavenigeria.com/" "Mozilla/5.0 (Windows NT 6.1; Win64; x64) AppleWebKit/537.36 (KHTML, like Gecko) Chrome/103.0.5060.66 Safari/537.36"
66.29.132.124 - - [24/Dec/2024:09:39:05 -0500] "POST /wp-admin/admin-ajax.php?action=async_litespeed&nonce=UWWQBIMn9DWhoxRSJc0fOAqoQ7rmBTU9&litespeed_type=imgoptm HTTP/1.1" 200 21 "-" "WordPress/6.7.1; https://misswavenigeria.com"
181.214.206.129 - - [24/Dec/2024:09:39:11 -0500] "GET /register/ HTTP/1.0" 200 75922 "https://misswavenigeria.com/register/" "Mozilla/5.0 (Windows NT 6.1; Win64; x64) AppleWebKit/537.36 (KHTML, like Gecko) Chrome/103.0.5060.66 Safari/537.36"
181.214.206.129 - - [24/Dec/2024:09:39:16 -0500] "POST /register/ HTTP/1.0" 200 76048 "https://misswavenigeria.com/register/" "Mozilla/5.0 (Windows NT 6.1; Win64; x64) AppleWebKit/537.36 (KHTML, like Gecko) Chrome/103.0.5060.66 Safari/537.36"
66.29.132.124 - - [24/Dec/2024:09:41:29 -0500] "POST /wp-cron.php?doing_wp_cron=1735051289.5988171100616455078125 HTTP/1.1" 200 0 "-" "WordPress/6.7.1; https://misswavenigeria.com"
181.214.206.129 - - [24/Dec/2024:09:41:29 -0500] "GET /register/ HTTP/1.0" 200 75922 "https://misswavenigeria.com/" "Mozilla/5.0 (Windows NT 6.1; Win64; x64) AppleWebKit/537.36 (KHTML, like Gecko) Chrome/103.0.5060.66 Safari/537.36"
66.29.132.124 - - [24/Dec/2024:09:41:30 -0500] "POST /wp-admin/admin-ajax.php?action=async_litespeed&nonce=M2JXIDqbDTxAL2qRF61WUVbdstRXRFTJ&litespeed_type=imgoptm HTTP/1.1" 200 21 "-" "WordPress/6.7.1; https://misswavenigeria.com"
66.29.132.124 - - [24/Dec/2024:09:48:24 -0500] "POST /wp-cron.php?doing_wp_cron=1735051704.3294670581817626953125 HTTP/1.1" 200 0 "-" "WordPress/6.7.1; https://misswavenigeria.com"
181.214.206.129 - - [24/Dec/2024:09:48:20 -0500] "GET / HTTP/1.0" 200 109055 "https://misswavenigeria.com/" "Mozilla/5.0 (Windows NT 6.1; Win64; x64) AppleWebKit/537.36 (KHTML, like Gecko) Chrome/103.0.0.0 Safari/537.36"
66.29.132.124 - - [24/Dec/2024:09:48:24 -0500] "POST /wp-admin/admin-ajax.php?action=async_litespeed&nonce=pFJ0cCIojvf48GIo8Mzh7GQ4sY8CSWNB&litespeed_type=imgoptm HTTP/1.1" 200 21 "-" "WordPress/6.7.1; https://misswavenigeria.com"
181.214.206.129 - - [24/Dec/2024:09:48:31 -0500] "GET /register/ HTTP/1.0" 200 75922 "https://misswavenigeria.com/register/" "Mozilla/5.0 (Windows NT 6.1; Win64; x64) AppleWebKit/537.36 (KHTML, like Gecko) Chrome/103.0.0.0 Safari/537.36"
181.214.206.129 - - [24/Dec/2024:09:48:36 -0500] "POST /register/ HTTP/1.0" 200 76048 "https://misswavenigeria.com/register/" "Mozilla/5.0 (Windows NT 6.1; Win64; x64) AppleWebKit/537.36 (KHTML, like Gecko) Chrome/103.0.0.0 Safari/537.36"
66.29.132.124 - - [24/Dec/2024:09:50:34 -0500] "POST /wp-cron.php?doing_wp_cron=1735051834.8591959476470947265625 HTTP/1.1" 200 0 "-" "WordPress/6.7.1; https://misswavenigeria.com"
181.214.206.129 - - [24/Dec/2024:09:50:34 -0500] "GET /register/ HTTP/1.0" 200 75922 "https://misswavenigeria.com/" "Mozilla/5.0 (Windows NT 6.1; Win64; x64) AppleWebKit/537.36 (KHTML, like Gecko) Chrome/103.0.0.0 Safari/537.36"
66.29.132.124 - - [24/Dec/2024:09:50:35 -0500] "POST /wp-admin/admin-ajax.php?action=async_litespeed&nonce=l59gmWCZO5C4TWMyNUjse2bU99Qd4mRu&litespeed_type=imgoptm HTTP/1.1" 200 21 "-" "WordPress/6.7.1; https://misswavenigeria.com"
66.29.132.124 - - [24/Dec/2024:09:57:22 -0500] "POST /wp-cron.php?doing_wp_cron=1735052241.9550709724426269531250 HTTP/1.1" 200 0 "-" "WordPress/6.7.1; https://misswavenigeria.com"
66.249.79.2 - - [24/Dec/2024:09:57:15 -0500] "GET /buy/105464XS.html?product_id=436 HTTP/1.1" 301 0 "-" "Mozilla/5.0 (Linux; Android 6.0.1; Nexus 5X Build/MMB29P) AppleWebKit/537.36 (KHTML, like Gecko) Chrome/131.0.6778.139 Mobile Safari/537.36 (compatible; Googlebot/2.1; +http://www.google.com/bot.html)"
66.29.132.124 - - [24/Dec/2024:09:57:22 -0500] "POST /wp-admin/admin-ajax.php?action=async_litespeed&nonce=dHmYovH3d1SJM9Li5FjnOKcbBKMfJZk6&litespeed_type=imgoptm HTTP/1.1" 200 21 "-" "WordPress/6.7.1; https://misswavenigeria.com"
66.29.132.124 - - [24/Dec/2024:09:57:27 -0500] "POST /wp-cron.php?doing_wp_cron=1735052247.6494929790496826171875 HTTP/1.1" 200 0 "-" "WordPress/6.7.1; https://misswavenigeria.com"
66.249.68.67 - - [24/Dec/2024:09:57:27 -0500] "GET /buy/105464XS.html?product_id=436 HTTP/1.1" 404 15611 "-" "Mozilla/5.0 (Linux; Android 6.0.1; Nexus 5X Build/MMB29P) AppleWebKit/537.36 (KHTML, like Gecko) Chrome/131.0.6778.139 Mobile Safari/537.36 (compatible; Googlebot/2.1; +http://www.google.com/bot.html)"
66.29.132.124 - - [24/Dec/2024:09:57:59 -0500] "POST /wp-cron.php?doing_wp_cron=1735052279.3669021129608154296875 HTTP/1.1" 200 0 "-" "WordPress/6.7.1; https://misswavenigeria.com"
66.29.132.124 - - [24/Dec/2024:09:57:59 -0500] "POST /wp-admin/admin-ajax.php?action=async_litespeed&nonce=FWDimQH0KV1vN0S6iuDLLdT7kn7uFj0C&litespeed_type=imgoptm HTTP/1.1" 200 21 "-" "WordPress/6.7.1; https://misswavenigeria.com"
181.214.206.129 - - [24/Dec/2024:09:57:59 -0500] "GET / HTTP/1.0" 200 109055 "https://misswavenigeria.com/" "Mozilla/5.0 (Windows NT 10.0; WOW64) AppleWebKit/537.36 (KHTML, like Gecko) Chrome/103.0.0.0 Safari/537.36"
181.214.206.129 - - [24/Dec/2024:09:58:05 -0500] "GET /register/ HTTP/1.0" 200 75922 "https://misswavenigeria.com/register/" "Mozilla/5.0 (Windows NT 10.0; WOW64) AppleWebKit/537.36 (KHTML, like Gecko) Chrome/103.0.0.0 Safari/537.36"
181.214.206.129 - - [24/Dec/2024:09:58:10 -0500] "POST /register/ HTTP/1.0" 200 76048 "https://misswavenigeria.com/register/" "Mozilla/5.0 (Windows NT 10.0; WOW64) AppleWebKit/537.36 (KHTML, like Gecko) Chrome/103.0.0.0 Safari/537.36"
66.29.132.124 - - [24/Dec/2024:09:59:53 -0500] "POST /wp-cron.php?doing_wp_cron=1735052393.8091700077056884765625 HTTP/1.1" 200 0 "-" "WordPress/6.7.1; https://misswavenigeria.com"
181.214.206.129 - - [24/Dec/2024:09:59:53 -0500] "GET /register/ HTTP/1.0" 200 75922 "https://misswavenigeria.com/" "Mozilla/5.0 (Windows NT 10.0; WOW64) AppleWebKit/537.36 (KHTML, like Gecko) Chrome/103.0.0.0 Safari/537.36"
66.29.132.124 - - [24/Dec/2024:09:59:54 -0500] "POST /wp-admin/admin-ajax.php?action=async_litespeed&nonce=RSyd0Hy9vUyacwMcH1I1P9JShvpJ0P5l&litespeed_type=imgoptm HTTP/1.1" 200 21 "-" "WordPress/6.7.1; https://misswavenigeria.com"
66.29.132.124 - - [24/Dec/2024:10:07:22 -0500] "POST /wp-cron.php?doing_wp_cron=1735052842.7101469039916992187500 HTTP/1.1" 200 0 "-" "WordPress/6.7.1; https://misswavenigeria.com"
181.214.206.129 - - [24/Dec/2024:10:07:17 -0500] "GET / HTTP/1.0" 200 109055 "https://misswavenigeria.com/" "Mozilla/5.0 (Windows NT 6.3; Win64; x64) AppleWebKit/537.36 (KHTML, like Gecko) Chrome/103.0.5060.53 Safari/537.36"
66.29.132.124 - - [24/Dec/2024:10:07:23 -0500] "POST /wp-admin/admin-ajax.php?action=async_litespeed&nonce=gVYuwOkwgGOVs6oTSoud40FMDD8HjOAP&litespeed_type=imgoptm HTTP/1.1" 200 0 "-" "WordPress/6.7.1; https://misswavenigeria.com"
181.214.206.129 - - [24/Dec/2024:10:07:31 -0500] "GET /register/ HTTP/1.0" 200 75922 "https://misswavenigeria.com/register/" "Mozilla/5.0 (Windows NT 6.3; Win64; x64) AppleWebKit/537.36 (KHTML, like Gecko) Chrome/103.0.5060.53 Safari/537.36"
66.29.132.124 - - [24/Dec/2024:10:07:38 -0500] "POST /wp-cron.php?doing_wp_cron=1735052858.0627570152282714843750 HTTP/1.1" 200 0 "-" "WordPress/6.7.1; https://misswavenigeria.com"
66.29.132.124 - - [24/Dec/2024:10:09:01 -0500] "POST /wp-cron.php?doing_wp_cron=1735052941.0730500221252441406250 HTTP/1.1" 200 0 "-" "WordPress/6.7.1; https://misswavenigeria.com"
66.249.79.3 - - [24/Dec/2024:10:09:00 -0500] "GET /goods/S342464?k=product HTTP/1.1" 301 0 "-" "Mozilla/5.0 (Linux; Android 6.0.1; Nexus 5X Build/MMB29P) AppleWebKit/537.36 (KHTML, like Gecko) Chrome/131.0.6778.204 Mobile Safari/537.36 (compatible; Googlebot/2.1; +http://www.google.com/bot.html)"
66.29.132.124 - - [24/Dec/2024:10:09:01 -0500] "POST /wp-admin/admin-ajax.php?action=async_litespeed&nonce=mos7M73hPmxvxQgnYDhu4SSC4pbvHwCz&litespeed_type=imgoptm HTTP/1.1" 200 21 "-" "WordPress/6.7.1; https://misswavenigeria.com"
66.249.68.67 - - [24/Dec/2024:10:09:01 -0500] "GET /goods/S342464?k=product HTTP/1.1" 404 15612 "-" "Mozilla/5.0 (Linux; Android 6.0.1; Nexus 5X Build/MMB29P) AppleWebKit/537.36 (KHTML, like Gecko) Chrome/131.0.6778.204 Mobile Safari/537.36 (compatible; Googlebot/2.1; +http://www.google.com/bot.html)"
