66.249.68.66 - - [20/Jan/2025:03:21:21 -0500] "GET /goods/870537 HTTP/1.1" 200 69185 "-" "Mozilla/5.0 (Linux; Android 6.0.1; Nexus 5X Build/MMB29P) AppleWebKit/537.36 (KHTML, like Gecko) Chrome/132.0.6834.83 Mobile Safari/537.36 (compatible; Googlebot/2.1; +http://www.google.com/bot.html)"
47.128.111.75 - - [20/Jan/2025:03:21:26 -0500] "GET /wp-includes/default-filters.php HTTP/1.1" 500 0 "-" "Mozilla/5.0 (Linux; Android 5.0) AppleWebKit/537.36 (KHTML, like Gecko) Mobile Safari/537.36 (compatible; Bytespider; spider-feedback@bytedance.com)"
185.191.171.6 - - [20/Jan/2025:03:21:30 -0500] "GET /wp-includes/sodium_compat/namespaced/ HTTP/1.1" 200 959 "-" "Mozilla/5.0 (compatible; SemrushBot/7~bl; +http://www.semrush.com/bot.html)"
66.29.132.124 - - [20/Jan/2025:03:21:38 -0500] "POST /wp-cron.php?doing_wp_cron=1737361298.9088430404663085937500 HTTP/1.1" 200 0 "-" "WordPress/6.7.1; https://misswavenigeria.com"
185.191.171.16 - - [20/Jan/2025:03:21:38 -0500] "GET /goods/561028 HTTP/1.1" 404 18013 "-" "Mozilla/5.0 (compatible; SemrushBot/7~bl; +http://www.semrush.com/bot.html)"
66.29.132.124 - - [20/Jan/2025:03:21:39 -0500] "POST /wp-admin/admin-ajax.php?action=async_litespeed&nonce=ICCG7B7reNRksOB53PEJ6ONJYKOL8XF4&litespeed_type=imgoptm HTTP/1.1" 200 21 "-" "WordPress/6.7.1; https://misswavenigeria.com"
85.208.96.193 - - [20/Jan/2025:03:21:40 -0500] "GET /goods/3203545 HTTP/1.1" 404 18013 "-" "Mozilla/5.0 (compatible; SemrushBot/7~bl; +http://www.semrush.com/bot.html)"
85.208.96.208 - - [20/Jan/2025:03:21:51 -0500] "GET /goods/614012 HTTP/1.1" 404 18012 "-" "Mozilla/5.0 (compatible; SemrushBot/7~bl; +http://www.semrush.com/bot.html)"
85.208.96.209 - - [20/Jan/2025:03:21:53 -0500] "GET /goods/446122 HTTP/1.1" 404 18012 "-" "Mozilla/5.0 (compatible; SemrushBot/7~bl; +http://www.semrush.com/bot.html)"
66.249.68.67 - - [20/Jan/2025:03:21:54 -0500] "GET /?product=ambassador15404606-624 HTTP/1.1" 200 67599 "-" "Mozilla/5.0 (Linux; Android 6.0.1; Nexus 5X Build/MMB29P) AppleWebKit/537.36 (KHTML, like Gecko) Chrome/132.0.6834.83 Mobile Safari/537.36 (compatible; Googlebot/2.1; +http://www.google.com/bot.html)"
165.231.182.52 - - [20/Jan/2025:03:20:20 -0500] "POST /register/ HTTP/1.0" 200 76060 "https://misswavenigeria.com/register/" "Mozilla/5.0 (Windows NT 6.3; Win64; x64) AppleWebKit/537.36 (KHTML, like Gecko) Chrome/103.0.5060.114 Safari/537.36"
66.29.132.124 - - [20/Jan/2025:03:22:26 -0500] "POST /wp-cron.php?doing_wp_cron=1737361346.4426200389862060546875 HTTP/1.1" 200 0 "-" "WordPress/6.7.1; https://misswavenigeria.com"
165.231.182.52 - - [20/Jan/2025:03:22:26 -0500] "GET /register/ HTTP/1.0" 200 75934 "https://misswavenigeria.com/" "Mozilla/5.0 (Windows NT 6.3; Win64; x64) AppleWebKit/537.36 (KHTML, like Gecko) Chrome/103.0.5060.114 Safari/537.36"
66.29.132.124 - - [20/Jan/2025:03:22:26 -0500] "POST /wp-admin/admin-ajax.php?action=async_litespeed&nonce=bh8OuASKcEgVMH5b4AhwhKjV0LHAiL7E&litespeed_type=imgoptm HTTP/1.1" 200 21 "-" "WordPress/6.7.1; https://misswavenigeria.com"
66.249.68.68 - - [20/Jan/2025:03:22:47 -0500] "GET /goods/1459930 HTTP/1.1" 200 67875 "-" "Mozilla/5.0 (Linux; Android 6.0.1; Nexus 5X Build/MMB29P) AppleWebKit/537.36 (KHTML, like Gecko) Chrome/132.0.6834.83 Mobile Safari/537.36 (compatible; Googlebot/2.1; +http://www.google.com/bot.html)"
66.249.68.67 - - [20/Jan/2025:03:22:47 -0500] "GET /?product=shuttle11370825-715?keyword=Core HTTP/1.1" 200 75051 "-" "Mozilla/5.0 (Linux; Android 6.0.1; Nexus 5X Build/MMB29P) AppleWebKit/537.36 (KHTML, like Gecko) Chrome/132.0.6834.83 Mobile Safari/537.36 (compatible; Googlebot/2.1; +http://www.google.com/bot.html)"
66.29.132.124 - - [20/Jan/2025:03:23:13 -0500] "POST /wp-cron.php?doing_wp_cron=1737361393.8496260643005371093750 HTTP/1.1" 200 0 "-" "WordPress/6.7.1; https://misswavenigeria.com"
165.231.182.52 - - [20/Jan/2025:03:23:13 -0500] "GET / HTTP/1.0" 200 109067 "https://misswavenigeria.com/" "Mozilla/5.0 (Windows NT 6.3; Win64; x64) AppleWebKit/537.36 (KHTML, like Gecko) Chrome/103.0.0.0 Safari/537.36"
66.29.132.124 - - [20/Jan/2025:03:23:14 -0500] "POST /wp-admin/admin-ajax.php?action=async_litespeed&nonce=RDiWrSvvrEEfKhhDc4SPbYgd29dQM37S&litespeed_type=imgoptm HTTP/1.1" 200 21 "-" "WordPress/6.7.1; https://misswavenigeria.com"
165.231.182.52 - - [20/Jan/2025:03:23:16 -0500] "GET /register/ HTTP/1.0" 200 75934 "https://misswavenigeria.com/register/" "Mozilla/5.0 (Windows NT 6.3; Win64; x64) AppleWebKit/537.36 (KHTML, like Gecko) Chrome/103.0.0.0 Safari/537.36"
66.249.68.68 - - [20/Jan/2025:03:23:19 -0500] "GET /?product=forthcoming15404592-812 HTTP/1.1" 200 67749 "-" "Mozilla/5.0 (Linux; Android 6.0.1; Nexus 5X Build/MMB29P) AppleWebKit/537.36 (KHTML, like Gecko) Chrome/132.0.6834.83 Mobile Safari/537.36 (compatible; Googlebot/2.1; +http://www.google.com/bot.html)"
66.29.132.124 - - [20/Jan/2025:03:23:42 -0500] "POST /wp-cron.php?doing_wp_cron=1737361422.7454450130462646484375 HTTP/1.1" 200 0 "-" "WordPress/6.7.1; https://misswavenigeria.com"
185.191.171.13 - - [20/Jan/2025:03:23:42 -0500] "GET /goods/1657331 HTTP/1.1" 404 18013 "-" "Mozilla/5.0 (compatible; SemrushBot/7~bl; +http://www.semrush.com/bot.html)"
66.249.68.67 - - [20/Jan/2025:03:23:52 -0500] "GET /?product=shuttle11370825-715?keyword=Windows HTTP/1.1" 200 68579 "-" "Mozilla/5.0 (Linux; Android 6.0.1; Nexus 5X Build/MMB29P) AppleWebKit/537.36 (KHTML, like Gecko) Chrome/132.0.6834.83 Mobile Safari/537.36 (compatible; Googlebot/2.1; +http://www.google.com/bot.html)"
66.249.68.66 - - [20/Jan/2025:03:23:52 -0500] "GET /goods/2058809 HTTP/1.1" 200 70723 "-" "Mozilla/5.0 (Linux; Android 6.0.1; Nexus 5X Build/MMB29P) AppleWebKit/537.36 (KHTML, like Gecko) Chrome/132.0.6834.83 Mobile Safari/537.36 (compatible; Googlebot/2.1; +http://www.google.com/bot.html)"
66.249.68.35 - - [20/Jan/2025:03:23:54 -0500] "GET /?product=evaporation2063624-308?keyword=%E3%83%AC%E3%83%87%E3%82%A3%E3%83%BC%E3%82%B9 HTTP/1.1" 200 67771 "-" "Mozilla/5.0 (Linux; Android 6.0.1; Nexus 5X Build/MMB29P) AppleWebKit/537.36 (KHTML, like Gecko) Chrome/132.0.6834.83 Mobile Safari/537.36 (compatible; Googlebot/2.1; +http://www.google.com/bot.html)"
66.29.132.124 - - [20/Jan/2025:03:23:56 -0500] "POST /wp-cron.php?doing_wp_cron=1737361436.5838530063629150390625 HTTP/1.1" 200 0 "-" "WordPress/6.7.1; https://misswavenigeria.com"
185.191.171.15 - - [20/Jan/2025:03:23:56 -0500] "GET /goods/192960 HTTP/1.1" 404 18013 "-" "Mozilla/5.0 (compatible; SemrushBot/7~bl; +http://www.semrush.com/bot.html)"
185.191.171.5 - - [20/Jan/2025:03:24:00 -0500] "GET /goods/4039494 HTTP/1.1" 404 18013 "-" "Mozilla/5.0 (compatible; SemrushBot/7~bl; +http://www.semrush.com/bot.html)"
66.29.132.124 - - [20/Jan/2025:03:24:14 -0500] "POST /wp-cron.php?doing_wp_cron=1737361454.7079811096191406250000 HTTP/1.1" 200 0 "-" "WordPress/6.7.1; https://misswavenigeria.com"
185.191.171.6 - - [20/Jan/2025:03:24:14 -0500] "GET /goods/1771277 HTTP/1.1" 404 18013 "-" "Mozilla/5.0 (compatible; SemrushBot/7~bl; +http://www.semrush.com/bot.html)"
66.29.132.124 - - [20/Jan/2025:03:24:15 -0500] "POST /wp-admin/admin-ajax.php?action=async_litespeed&nonce=pnBSIly4BR9ISBAZ7YEJbPcNw2o4PIuY&litespeed_type=imgoptm HTTP/1.1" 200 21 "-" "WordPress/6.7.1; https://misswavenigeria.com"
66.249.68.67 - - [20/Jan/2025:03:24:27 -0500] "GET /?product=assessor4208603-708 HTTP/1.1" 200 69718 "-" "Mozilla/5.0 (Linux; Android 6.0.1; Nexus 5X Build/MMB29P) AppleWebKit/537.36 (KHTML, like Gecko) Chrome/132.0.6834.83 Mobile Safari/537.36 (compatible; Googlebot/2.1; +http://www.google.com/bot.html)"
66.249.68.66 - - [20/Jan/2025:03:24:30 -0500] "GET /goods/1836949 HTTP/1.1" 200 69389 "-" "Mozilla/5.0 (Linux; Android 6.0.1; Nexus 5X Build/MMB29P) AppleWebKit/537.36 (KHTML, like Gecko) Chrome/132.0.6834.83 Mobile Safari/537.36 (compatible; Googlebot/2.1; +http://www.google.com/bot.html)"
66.29.132.124 - - [20/Jan/2025:03:24:38 -0500] "POST /wp-cron.php?doing_wp_cron=1737361478.1523458957672119140625 HTTP/1.1" 200 0 "-" "WordPress/6.7.1; https://misswavenigeria.com"
185.191.171.6 - - [20/Jan/2025:03:24:37 -0500] "GET /goods/3760573 HTTP/1.1" 404 18013 "-" "Mozilla/5.0 (compatible; SemrushBot/7~bl; +http://www.semrush.com/bot.html)"
66.249.68.67 - - [20/Jan/2025:03:24:40 -0500] "GET /?product=shuttle11370825-715?keyword=Optiplex HTTP/1.1" 200 68027 "-" "Mozilla/5.0 (Linux; Android 6.0.1; Nexus 5X Build/MMB29P) AppleWebKit/537.36 (KHTML, like Gecko) Chrome/132.0.6834.83 Mobile Safari/537.36 (compatible; Googlebot/2.1; +http://www.google.com/bot.html)"
85.208.96.197 - - [20/Jan/2025:03:24:44 -0500] "GET /goods/4383437 HTTP/1.1" 404 18013 "-" "Mozilla/5.0 (compatible; SemrushBot/7~bl; +http://www.semrush.com/bot.html)"
66.249.68.34 - - [20/Jan/2025:03:24:56 -0500] "GET /show/28715?keyword=%E3%83%AC%E3%83%87%E3%82%A3%E3%83%BC%E3%82%B9 HTTP/1.1" 200 68851 "-" "Mozilla/5.0 (compatible; Googlebot/2.1; +http://www.google.com/bot.html)"
85.208.96.193 - - [20/Jan/2025:03:25:01 -0500] "GET /goods/3070990 HTTP/1.1" 404 18013 "-" "Mozilla/5.0 (compatible; SemrushBot/7~bl; +http://www.semrush.com/bot.html)"
185.191.171.12 - - [20/Jan/2025:03:25:05 -0500] "GET /goods/3635206 HTTP/1.1" 404 18013 "-" "Mozilla/5.0 (compatible; SemrushBot/7~bl; +http://www.semrush.com/bot.html)"
66.29.132.124 - - [20/Jan/2025:03:25:10 -0500] "POST /wp-cron.php?doing_wp_cron=1737361510.0762069225311279296875 HTTP/1.1" 200 0 "-" "WordPress/6.7.1; https://misswavenigeria.com"
185.191.171.6 - - [20/Jan/2025:03:25:09 -0500] "GET /goods/1876755 HTTP/1.1" 404 18012 "-" "Mozilla/5.0 (compatible; SemrushBot/7~bl; +http://www.semrush.com/bot.html)"
66.29.132.124 - - [20/Jan/2025:03:25:11 -0500] "POST /wp-admin/admin-ajax.php?action=async_litespeed&nonce=L6Idcev9L8UZRDl8tR3YZRAyyGgHIybM&litespeed_type=imgoptm HTTP/1.1" 200 21 "-" "WordPress/6.7.1; https://misswavenigeria.com"
185.191.171.2 - - [20/Jan/2025:03:25:14 -0500] "GET /goods/3458317 HTTP/1.1" 404 18013 "-" "Mozilla/5.0 (compatible; SemrushBot/7~bl; +http://www.semrush.com/bot.html)"
185.191.171.12 - - [20/Jan/2025:03:25:18 -0500] "GET /goods/406559 HTTP/1.1" 404 18013 "-" "Mozilla/5.0 (compatible; SemrushBot/7~bl; +http://www.semrush.com/bot.html)"
66.249.68.67 - - [20/Jan/2025:03:25:23 -0500] "GET /?product=monophonic1472812-574 HTTP/1.1" 200 68201 "-" "Mozilla/5.0 (Linux; Android 6.0.1; Nexus 5X Build/MMB29P) AppleWebKit/537.36 (KHTML, like Gecko) Chrome/132.0.6834.83 Mobile Safari/537.36 (compatible; Googlebot/2.1; +http://www.google.com/bot.html)"
165.231.182.52 - - [20/Jan/2025:03:23:18 -0500] "POST /register/ HTTP/1.0" 200 76060 "https://misswavenigeria.com/register/" "Mozilla/5.0 (Windows NT 6.3; Win64; x64) AppleWebKit/537.36 (KHTML, like Gecko) Chrome/103.0.0.0 Safari/537.36"
66.29.132.124 - - [20/Jan/2025:03:25:37 -0500] "POST /wp-cron.php?doing_wp_cron=1737361537.5179409980773925781250 HTTP/1.1" 200 0 "-" "WordPress/6.7.1; https://misswavenigeria.com"
165.231.182.52 - - [20/Jan/2025:03:25:37 -0500] "GET /register/ HTTP/1.0" 200 75934 "https://misswavenigeria.com/" "Mozilla/5.0 (Windows NT 6.3; Win64; x64) AppleWebKit/537.36 (KHTML, like Gecko) Chrome/103.0.0.0 Safari/537.36"
185.191.171.8 - - [20/Jan/2025:03:25:39 -0500] "GET /goods/3520841 HTTP/1.1" 404 18013 "-" "Mozilla/5.0 (compatible; SemrushBot/7~bl; +http://www.semrush.com/bot.html)"
66.249.68.66 - - [20/Jan/2025:03:25:47 -0500] "GET /?product=revamp11370822-643?keyword=Spade HTTP/1.1" 200 69861 "-" "Mozilla/5.0 (Linux; Android 6.0.1; Nexus 5X Build/MMB29P) AppleWebKit/537.36 (KHTML, like Gecko) Chrome/132.0.6834.83 Mobile Safari/537.36 (compatible; Googlebot/2.1; +http://www.google.com/bot.html)"
85.208.96.205 - - [20/Jan/2025:03:25:53 -0500] "GET /goods/325251 HTTP/1.1" 404 18012 "-" "Mozilla/5.0 (compatible; SemrushBot/7~bl; +http://www.semrush.com/bot.html)"
185.191.171.1 - - [20/Jan/2025:03:26:01 -0500] "GET /goods/4166801 HTTP/1.1" 404 18013 "-" "Mozilla/5.0 (compatible; SemrushBot/7~bl; +http://www.semrush.com/bot.html)"
66.249.68.66 - - [20/Jan/2025:03:26:01 -0500] "GET /goods/4230767 HTTP/1.1" 200 69609 "-" "Mozilla/5.0 (Linux; Android 6.0.1; Nexus 5X Build/MMB29P) AppleWebKit/537.36 (KHTML, like Gecko) Chrome/132.0.6834.83 Mobile Safari/537.36 (compatible; Googlebot/2.1; +http://www.google.com/bot.html)"
66.29.132.124 - - [20/Jan/2025:03:26:14 -0500] "POST /wp-cron.php?doing_wp_cron=1737361574.0967829227447509765625 HTTP/1.1" 200 0 "-" "WordPress/6.7.1; https://misswavenigeria.com"
165.231.182.52 - - [20/Jan/2025:03:26:13 -0500] "GET / HTTP/1.0" 200 109067 "https://misswavenigeria.com/" "Mozilla/5.0 (Windows NT 6.1; Win64; x64) AppleWebKit/537.36 (KHTML, like Gecko) Chrome/103.0.5060.66 Safari/537.36"
66.29.132.124 - - [20/Jan/2025:03:26:14 -0500] "POST /wp-admin/admin-ajax.php?action=async_litespeed&nonce=9Oa57To5KhZCZI7NjY70nOuDpxSEYidl&litespeed_type=imgoptm HTTP/1.1" 200 21 "-" "WordPress/6.7.1; https://misswavenigeria.com"
165.231.182.52 - - [20/Jan/2025:03:26:16 -0500] "GET /register/ HTTP/1.0" 200 75934 "https://misswavenigeria.com/register/" "Mozilla/5.0 (Windows NT 6.1; Win64; x64) AppleWebKit/537.36 (KHTML, like Gecko) Chrome/103.0.5060.66 Safari/537.36"
66.249.68.66 - - [20/Jan/2025:03:26:23 -0500] "GET /?product=teaspoonful7240851-985 HTTP/1.1" 200 68380 "-" "Mozilla/5.0 (Linux; Android 6.0.1; Nexus 5X Build/MMB29P) AppleWebKit/537.36 (KHTML, like Gecko) Chrome/132.0.6834.83 Mobile Safari/537.36 (compatible; Googlebot/2.1; +http://www.google.com/bot.html)"
66.249.79.168 - - [20/Jan/2025:03:26:56 -0500] "GET /?product=revamp11370822-643?keyword=%E3%83%95%E3%82%A1%E3%83%83%E3%82%B7%E3%83%A7%E3%83%B3 HTTP/1.1" 200 68385 "-" "Mozilla/5.0 (Linux; Android 6.0.1; Nexus 5X Build/MMB29P) AppleWebKit/537.36 (KHTML, like Gecko) Chrome/132.0.6834.83 Mobile Safari/537.36 (compatible; Googlebot/2.1; +http://www.google.com/bot.html)"
66.249.68.67 - - [20/Jan/2025:03:27:08 -0500] "GET /?product=capitation981008-567 HTTP/1.1" 200 68797 "-" "Mozilla/5.0 (Linux; Android 6.0.1; Nexus 5X Build/MMB29P) AppleWebKit/537.36 (KHTML, like Gecko) Chrome/132.0.6834.83 Mobile Safari/537.36 (compatible; Googlebot/2.1; +http://www.google.com/bot.html)"
66.249.68.67 - - [20/Jan/2025:03:27:20 -0500] "GET /goods/1896314 HTTP/1.1" 200 67830 "-" "Mozilla/5.0 (Linux; Android 6.0.1; Nexus 5X Build/MMB29P) AppleWebKit/537.36 (KHTML, like Gecko) Chrome/132.0.6834.83 Mobile Safari/537.36 (compatible; Googlebot/2.1; +http://www.google.com/bot.html)"
66.249.68.66 - - [20/Jan/2025:03:27:21 -0500] "GET /goods/1701671 HTTP/1.1" 200 68026 "-" "Mozilla/5.0 (Linux; Android 6.0.1; Nexus 5X Build/MMB29P) AppleWebKit/537.36 (KHTML, like Gecko) Chrome/132.0.6834.83 Mobile Safari/537.36 (compatible; Googlebot/2.1; +http://www.google.com/bot.html)"
66.249.68.66 - - [20/Jan/2025:03:27:43 -0500] "GET /?product=response11370842-196?keyword=%E3%82%B3%E3%83%B3%E3%83%97%E3%83%AA HTTP/1.1" 200 76325 "-" "Mozilla/5.0 (Linux; Android 6.0.1; Nexus 5X Build/MMB29P) AppleWebKit/537.36 (KHTML, like Gecko) Chrome/132.0.6834.83 Mobile Safari/537.36 (compatible; Googlebot/2.1; +http://www.google.com/bot.html)"
66.29.132.124 - - [20/Jan/2025:03:28:00 -0500] "POST /wp-cron.php?doing_wp_cron=1737361680.2367429733276367187500 HTTP/1.1" 200 0 "-" "WordPress/6.7.1; https://misswavenigeria.com"
185.191.171.8 - - [20/Jan/2025:03:28:00 -0500] "GET /goods/4287228 HTTP/1.1" 404 18012 "-" "Mozilla/5.0 (compatible; SemrushBot/7~bl; +http://www.semrush.com/bot.html)"
66.29.132.124 - - [20/Jan/2025:03:28:00 -0500] "POST /wp-admin/admin-ajax.php?action=async_litespeed&nonce=2H71XbXpTFLoyN3CfYPkRJRooANBcv7W&litespeed_type=imgoptm HTTP/1.1" 200 21 "-" "WordPress/6.7.1; https://misswavenigeria.com"
185.191.171.2 - - [20/Jan/2025:03:28:06 -0500] "GET /goods/3697253 HTTP/1.1" 404 18013 "-" "Mozilla/5.0 (compatible; SemrushBot/7~bl; +http://www.semrush.com/bot.html)"
66.29.132.124 - - [20/Jan/2025:03:28:12 -0500] "POST /wp-cron.php?doing_wp_cron=1737361691.9665980339050292968750 HTTP/1.1" 200 0 "-" "WordPress/6.7.1; https://misswavenigeria.com"
185.191.171.17 - - [20/Jan/2025:03:28:11 -0500] "GET /goods/4016915 HTTP/1.1" 404 18012 "-" "Mozilla/5.0 (compatible; SemrushBot/7~bl; +http://www.semrush.com/bot.html)"
66.29.132.124 - - [20/Jan/2025:03:28:12 -0500] "POST /wp-admin/admin-ajax.php?action=async_litespeed&nonce=kRPvQt5ApTB5OcrqyDkeJ24FxppZkJTT&litespeed_type=imgoptm HTTP/1.1" 200 21 "-" "WordPress/6.7.1; https://misswavenigeria.com"
185.191.171.15 - - [20/Jan/2025:03:28:19 -0500] "GET /goods/635644 HTTP/1.1" 404 18011 "-" "Mozilla/5.0 (compatible; SemrushBot/7~bl; +http://www.semrush.com/bot.html)"
66.29.132.124 - - [20/Jan/2025:03:28:25 -0500] "POST /wp-cron.php?doing_wp_cron=1737361705.0785329341888427734375 HTTP/1.1" 200 0 "-" "WordPress/6.7.1; https://misswavenigeria.com"
185.191.171.14 - - [20/Jan/2025:03:28:24 -0500] "GET /goods/1076024 HTTP/1.1" 404 18011 "-" "Mozilla/5.0 (compatible; SemrushBot/7~bl; +http://www.semrush.com/bot.html)"
85.208.96.210 - - [20/Jan/2025:03:28:30 -0500] "GET /goods/945568 HTTP/1.1" 404 18013 "-" "Mozilla/5.0 (compatible; SemrushBot/7~bl; +http://www.semrush.com/bot.html)"
165.231.182.52 - - [20/Jan/2025:03:26:18 -0500] "POST /register/ HTTP/1.0" 200 76060 "https://misswavenigeria.com/register/" "Mozilla/5.0 (Windows NT 6.1; Win64; x64) AppleWebKit/537.36 (KHTML, like Gecko) Chrome/103.0.5060.66 Safari/537.36"
165.231.182.52 - - [20/Jan/2025:03:28:37 -0500] "GET /register/ HTTP/1.0" 200 75934 "https://misswavenigeria.com/" "Mozilla/5.0 (Windows NT 6.1; Win64; x64) AppleWebKit/537.36 (KHTML, like Gecko) Chrome/103.0.5060.66 Safari/537.36"
66.249.68.68 - - [20/Jan/2025:03:28:36 -0500] "GET /?product=shuttle12103425-444 HTTP/1.1" 200 68409 "-" "Mozilla/5.0 (Linux; Android 6.0.1; Nexus 5X Build/MMB29P) AppleWebKit/537.36 (KHTML, like Gecko) Chrome/132.0.6834.83 Mobile Safari/537.36 (compatible; Googlebot/2.1; +http://www.google.com/bot.html)"
85.208.96.196 - - [20/Jan/2025:03:28:51 -0500] "GET /goods/701818 HTTP/1.1" 404 18012 "-" "Mozilla/5.0 (compatible; SemrushBot/7~bl; +http://www.semrush.com/bot.html)"
66.249.68.35 - - [20/Jan/2025:03:28:49 -0500] "GET /?product=response11370842-196?keyword=Engineering HTTP/1.1" 200 68510 "-" "Mozilla/5.0 (Linux; Android 6.0.1; Nexus 5X Build/MMB29P) AppleWebKit/537.36 (KHTML, like Gecko) Chrome/132.0.6834.83 Mobile Safari/537.36 (compatible; Googlebot/2.1; +http://www.google.com/bot.html)"
185.191.171.10 - - [20/Jan/2025:03:28:56 -0500] "GET /goods/4629032 HTTP/1.1" 404 18013 "-" "Mozilla/5.0 (compatible; SemrushBot/7~bl; +http://www.semrush.com/bot.html)"
85.208.96.200 - - [20/Jan/2025:03:28:58 -0500] "GET /goods/1887475 HTTP/1.1" 404 18012 "-" "Mozilla/5.0 (compatible; SemrushBot/7~bl; +http://www.semrush.com/bot.html)"
66.29.132.124 - - [20/Jan/2025:03:29:11 -0500] "POST /wp-cron.php?doing_wp_cron=1737361751.8546869754791259765625 HTTP/1.1" 200 0 "-" "WordPress/6.7.1; https://misswavenigeria.com"
85.208.96.200 - - [20/Jan/2025:03:29:11 -0500] "GET /goods/4521542 HTTP/1.1" 404 18012 "-" "Mozilla/5.0 (compatible; SemrushBot/7~bl; +http://www.semrush.com/bot.html)"
66.29.132.124 - - [20/Jan/2025:03:29:12 -0500] "POST /wp-admin/admin-ajax.php?action=async_litespeed&nonce=tEsZ8qTUdSHE4ePSuAr3DTXXX1wQw0gW&litespeed_type=imgoptm HTTP/1.1" 200 21 "-" "WordPress/6.7.1; https://misswavenigeria.com"
165.231.182.52 - - [20/Jan/2025:03:29:13 -0500] "GET / HTTP/1.0" 200 109067 "https://misswavenigeria.com/" "Mozilla/5.0 (Windows NT 10.0; Win64; x64) AppleWebKit/537.36 (KHTML, like Gecko) Chrome/103.0.5060.134 Safari/537.36"
165.231.182.52 - - [20/Jan/2025:03:29:15 -0500] "GET /register/ HTTP/1.0" 200 75934 "https://misswavenigeria.com/register/" "Mozilla/5.0 (Windows NT 10.0; Win64; x64) AppleWebKit/537.36 (KHTML, like Gecko) Chrome/103.0.5060.134 Safari/537.36"
66.29.132.124 - - [20/Jan/2025:03:29:27 -0500] "POST /wp-cron.php?doing_wp_cron=1737361767.8563439846038818359375 HTTP/1.1" 200 0 "-" "WordPress/6.7.1; https://misswavenigeria.com"
185.191.171.19 - - [20/Jan/2025:03:29:27 -0500] "GET /goods/425368 HTTP/1.1" 404 18013 "-" "Mozilla/5.0 (compatible; SemrushBot/7~bl; +http://www.semrush.com/bot.html)"
66.249.68.68 - - [20/Jan/2025:03:29:32 -0500] "GET /?product=Addict16409518-373 HTTP/1.1" 200 71506 "-" "Mozilla/5.0 (Linux; Android 6.0.1; Nexus 5X Build/MMB29P) AppleWebKit/537.36 (KHTML, like Gecko) Chrome/132.0.6834.83 Mobile Safari/537.36 (compatible; Googlebot/2.1; +http://www.google.com/bot.html)"
85.208.96.206 - - [20/Jan/2025:03:29:51 -0500] "GET /goods/3671582 HTTP/1.1" 404 18013 "-" "Mozilla/5.0 (compatible; SemrushBot/7~bl; +http://www.semrush.com/bot.html)"
185.191.171.7 - - [20/Jan/2025:03:29:54 -0500] "GET /goods/3325134 HTTP/1.1" 404 18013 "-" "Mozilla/5.0 (compatible; SemrushBot/7~bl; +http://www.semrush.com/bot.html)"
66.249.68.68 - - [20/Jan/2025:03:30:15 -0500] "GET /?product=response11370842-196?keyword=%E3%82%B9%E3%83%9A%E3%82%A2%E3%83%91%E3%83%BC%E3%83%84 HTTP/1.1" 200 68559 "-" "Mozilla/5.0 (Linux; Android 6.0.1; Nexus 5X Build/MMB29P) AppleWebKit/537.36 (KHTML, like Gecko) Chrome/132.0.6834.83 Mobile Safari/537.36 (compatible; Googlebot/2.1; +http://www.google.com/bot.html)"
66.249.68.66 - - [20/Jan/2025:03:30:29 -0500] "GET /goods/1191506 HTTP/1.1" 200 70730 "-" "Mozilla/5.0 (Linux; Android 6.0.1; Nexus 5X Build/MMB29P) AppleWebKit/537.36 (KHTML, like Gecko) Chrome/132.0.6834.83 Mobile Safari/537.36 (compatible; Googlebot/2.1; +http://www.google.com/bot.html)"
66.249.79.3 - - [20/Jan/2025:03:30:29 -0500] "GET /goods/U511804?k=product HTTP/1.1" 200 69765 "-" "Mozilla/5.0 (Linux; Android 6.0.1; Nexus 5X Build/MMB29P) AppleWebKit/537.36 (KHTML, like Gecko) Chrome/132.0.6834.83 Mobile Safari/537.36 (compatible; Googlebot/2.1; +http://www.google.com/bot.html)"
66.249.79.102 - - [20/Jan/2025:03:30:41 -0500] "GET /?product=reboot16409536-211 HTTP/1.1" 200 75790 "-" "Mozilla/5.0 (Linux; Android 6.0.1; Nexus 5X Build/MMB29P) AppleWebKit/537.36 (KHTML, like Gecko) Chrome/132.0.6834.83 Mobile Safari/537.36 (compatible; Googlebot/2.1; +http://www.google.com/bot.html)"
66.249.68.66 - - [20/Jan/2025:03:30:53 -0500] "GET /goods/3260354 HTTP/1.1" 200 69165 "-" "Mozilla/5.0 (Linux; Android 6.0.1; Nexus 5X Build/MMB29P) AppleWebKit/537.36 (KHTML, like Gecko) Chrome/132.0.6834.83 Mobile Safari/537.36 (compatible; Googlebot/2.1; +http://www.google.com/bot.html)"
66.249.68.66 - - [20/Jan/2025:03:30:55 -0500] "GET /?product=organization5651962-887?keyword=%E3%82%B3%E3%82%B9%E3%83%A1%E3%83%BB%E7%BE%8E%E5%AE%B9 HTTP/1.1" 200 71276 "-" "Mozilla/5.0 (Linux; Android 6.0.1; Nexus 5X Build/MMB29P) AppleWebKit/537.36 (KHTML, like Gecko) Chrome/132.0.6834.83 Mobile Safari/537.36 (compatible; Googlebot/2.1; +http://www.google.com/bot.html)"
66.249.68.68 - - [20/Jan/2025:03:31:17 -0500] "GET /?product=preference4131638-219 HTTP/1.1" 200 76436 "-" "Mozilla/5.0 (Linux; Android 6.0.1; Nexus 5X Build/MMB29P) AppleWebKit/537.36 (KHTML, like Gecko) Chrome/132.0.6834.83 Mobile Safari/537.36 (compatible; Googlebot/2.1; +http://www.google.com/bot.html)"
165.231.182.52 - - [20/Jan/2025:03:29:17 -0500] "POST /register/ HTTP/1.0" 200 76060 "https://misswavenigeria.com/register/" "Mozilla/5.0 (Windows NT 10.0; Win64; x64) AppleWebKit/537.36 (KHTML, like Gecko) Chrome/103.0.5060.134 Safari/537.36"
66.29.132.124 - - [20/Jan/2025:03:31:32 -0500] "POST /wp-cron.php?doing_wp_cron=1737361892.8829369544982910156250 HTTP/1.1" 200 0 "-" "WordPress/6.7.1; https://misswavenigeria.com"
165.231.182.52 - - [20/Jan/2025:03:31:32 -0500] "GET /register/ HTTP/1.0" 200 75934 "https://misswavenigeria.com/" "Mozilla/5.0 (Windows NT 10.0; Win64; x64) AppleWebKit/537.36 (KHTML, like Gecko) Chrome/103.0.5060.134 Safari/537.36"
66.29.132.124 - - [20/Jan/2025:03:31:33 -0500] "POST /wp-admin/admin-ajax.php?action=async_litespeed&nonce=ZAOUqXgjCNdOoJYmj3wC85k9qsGuK3Zu&litespeed_type=imgoptm HTTP/1.1" 200 21 "-" "WordPress/6.7.1; https://misswavenigeria.com"
185.191.171.1 - - [20/Jan/2025:03:31:51 -0500] "GET /goods/2018354 HTTP/1.1" 404 18013 "-" "Mozilla/5.0 (compatible; SemrushBot/7~bl; +http://www.semrush.com/bot.html)"
66.249.79.35 - - [20/Jan/2025:03:32:01 -0500] "GET /?product=traverse981026-35?keyword=%E3%81%9D%E3%81%AE%E4%BB%96 HTTP/1.1" 200 68054 "-" "Mozilla/5.0 (Linux; Android 6.0.1; Nexus 5X Build/MMB29P) AppleWebKit/537.36 (KHTML, like Gecko) Chrome/132.0.6834.83 Mobile Safari/537.36 (compatible; Googlebot/2.1; +http://www.google.com/bot.html)"
66.29.132.124 - - [20/Jan/2025:03:32:11 -0500] "POST /wp-cron.php?doing_wp_cron=1737361931.6655039787292480468750 HTTP/1.1" 200 0 "-" "WordPress/6.7.1; https://misswavenigeria.com"
185.191.171.13 - - [20/Jan/2025:03:32:11 -0500] "GET /goods/4459599 HTTP/1.1" 404 18012 "-" "Mozilla/5.0 (compatible; SemrushBot/7~bl; +http://www.semrush.com/bot.html)"
66.29.132.124 - - [20/Jan/2025:03:32:11 -0500] "POST /wp-admin/admin-ajax.php?action=async_litespeed&nonce=MT0kyvVc37purGGJpR8kc8BRku3Gvqxd&litespeed_type=imgoptm HTTP/1.1" 200 21 "-" "WordPress/6.7.1; https://misswavenigeria.com"
165.231.182.52 - - [20/Jan/2025:03:32:19 -0500] "GET / HTTP/1.0" 200 109067 "https://misswavenigeria.com/" "Mozilla/5.0 (Windows NT 6.3) AppleWebKit/537.36 (KHTML, like Gecko) Chrome/103.0.0.0 Safari/537.36"
165.231.182.52 - - [20/Jan/2025:03:32:21 -0500] "GET /register/ HTTP/1.0" 200 75934 "https://misswavenigeria.com/register/" "Mozilla/5.0 (Windows NT 6.3) AppleWebKit/537.36 (KHTML, like Gecko) Chrome/103.0.0.0 Safari/537.36"
66.249.68.66 - - [20/Jan/2025:03:32:23 -0500] "GET /?product=evaporation4131624-467 HTTP/1.1" 200 68932 "-" "Mozilla/5.0 (Linux; Android 6.0.1; Nexus 5X Build/MMB29P) AppleWebKit/537.36 (KHTML, like Gecko) Chrome/132.0.6834.83 Mobile Safari/537.36 (compatible; Googlebot/2.1; +http://www.google.com/bot.html)"
66.249.68.67 - - [20/Jan/2025:03:32:23 -0500] "GET /?product=ambassador17094406-606?keyword=%E3%80%90%E3%80%91Nikon HTTP/1.1" 200 72884 "-" "Mozilla/5.0 (Linux; Android 6.0.1; Nexus 5X Build/MMB29P) AppleWebKit/537.36 (KHTML, like Gecko) Chrome/132.0.6834.83 Mobile Safari/537.36 (compatible; Googlebot/2.1; +http://www.google.com/bot.html)"
66.29.132.124 - - [20/Jan/2025:03:32:32 -0500] "POST /wp-cron.php?doing_wp_cron=1737361952.2000269889831542968750 HTTP/1.1" 200 0 "-" "WordPress/6.7.1; https://misswavenigeria.com"
85.208.96.209 - - [20/Jan/2025:03:32:31 -0500] "GET /goods/37243 HTTP/1.1" 404 18011 "-" "Mozilla/5.0 (compatible; SemrushBot/7~bl; +http://www.semrush.com/bot.html)"
85.208.96.211 - - [20/Jan/2025:03:32:44 -0500] "GET /robots.txt HTTP/1.1" 200 142 "-" "Mozilla/5.0 (compatible; SemrushBot/7~bl; +http://www.semrush.com/bot.html)"
85.208.96.202 - - [20/Jan/2025:03:32:45 -0500] "GET /goods/2024474 HTTP/1.1" 404 18013 "-" "Mozilla/5.0 (compatible; SemrushBot/7~bl; +http://www.semrush.com/bot.html)"
185.191.171.1 - - [20/Jan/2025:03:32:56 -0500] "GET /goods/3348707 HTTP/1.1" 404 18013 "-" "Mozilla/5.0 (compatible; SemrushBot/7~bl; +http://www.semrush.com/bot.html)"
66.249.68.66 - - [20/Jan/2025:03:32:56 -0500] "GET /?product=traverse981026-35?keyword=%E3%83%80%E3%83%BC%E3%82%AF%E3%82%B0%E3%83%AC%E3%83%BC HTTP/1.1" 200 71253 "-" "Mozilla/5.0 (Linux; Android 6.0.1; Nexus 5X Build/MMB29P) AppleWebKit/537.36 (KHTML, like Gecko) Chrome/132.0.6834.83 Mobile Safari/537.36 (compatible; Googlebot/2.1; +http://www.google.com/bot.html)"
85.208.96.212 - - [20/Jan/2025:03:32:58 -0500] "GET /goods/4088840 HTTP/1.1" 404 18012 "-" "Mozilla/5.0 (compatible; SemrushBot/7~bl; +http://www.semrush.com/bot.html)"
185.191.171.11 - - [20/Jan/2025:03:33:07 -0500] "GET /goods/2761601 HTTP/1.1" 404 18013 "-" "Mozilla/5.0 (compatible; SemrushBot/7~bl; +http://www.semrush.com/bot.html)"
85.208.96.212 - - [20/Jan/2025:03:33:09 -0500] "GET /goods/4111381 HTTP/1.1" 404 18013 "-" "Mozilla/5.0 (compatible; SemrushBot/7~bl; +http://www.semrush.com/bot.html)"
66.29.132.124 - - [20/Jan/2025:03:33:14 -0500] "POST /wp-cron.php?doing_wp_cron=1737361994.4714860916137695312500 HTTP/1.1" 200 0 "-" "WordPress/6.7.1; https://misswavenigeria.com"
85.208.96.198 - - [20/Jan/2025:03:33:14 -0500] "GET /goods/1460830 HTTP/1.1" 404 18012 "-" "Mozilla/5.0 (compatible; SemrushBot/7~bl; +http://www.semrush.com/bot.html)"
66.29.132.124 - - [20/Jan/2025:03:33:14 -0500] "POST /wp-admin/admin-ajax.php?action=async_litespeed&nonce=AoLCypUi7OhYOKjg94hinPQaWYEbeVAb&litespeed_type=imgoptm HTTP/1.1" 200 21 "-" "WordPress/6.7.1; https://misswavenigeria.com"
66.249.68.67 - - [20/Jan/2025:03:33:29 -0500] "GET /?product=reboot11370836-537 HTTP/1.1" 200 69562 "-" "Mozilla/5.0 (Linux; Android 6.0.1; Nexus 5X Build/MMB29P) AppleWebKit/537.36 (KHTML, like Gecko) Chrome/132.0.6834.83 Mobile Safari/537.36 (compatible; Googlebot/2.1; +http://www.google.com/bot.html)"
66.249.68.66 - - [20/Jan/2025:03:33:41 -0500] "GET /?product=flight981028-229?keyword=%E3%83%94%E3%83%AC%E3%83%8D%E3%83%83%E3%82%AF%E3%82%B9 HTTP/1.1" 200 69405 "-" "Mozilla/5.0 (Linux; Android 6.0.1; Nexus 5X Build/MMB29P) AppleWebKit/537.36 (KHTML, like Gecko) Chrome/132.0.6834.83 Mobile Safari/537.36 (compatible; Googlebot/2.1; +http://www.google.com/bot.html)"
66.29.132.124 - - [20/Jan/2025:03:33:45 -0500] "POST /wp-cron.php?doing_wp_cron=1737362025.0580248832702636718750 HTTP/1.1" 200 0 "-" "WordPress/6.7.1; https://misswavenigeria.com"
85.208.96.200 - - [20/Jan/2025:03:33:44 -0500] "GET /goods/4215504 HTTP/1.1" 404 18013 "-" "Mozilla/5.0 (compatible; SemrushBot/7~bl; +http://www.semrush.com/bot.html)"
185.191.171.16 - - [20/Jan/2025:03:33:52 -0500] "GET /wp-includes/block-supports/generated-classname.php HTTP/1.1" 500 0 "-" "Mozilla/5.0 (compatible; SemrushBot/7~bl; +http://www.semrush.com/bot.html)"
185.191.171.12 - - [20/Jan/2025:03:34:01 -0500] "GET /goods/399187 HTTP/1.1" 404 18013 "-" "Mozilla/5.0 (compatible; SemrushBot/7~bl; +http://www.semrush.com/bot.html)"
66.249.68.68 - - [20/Jan/2025:03:34:04 -0500] "GET /show/1042663?keyword=jacket?keyword=%E6%8A%98%E3%82%8A%E7%95%B3%E3%81%BF%E5%BC%8F%E3%80%80%E3%83%88%E3%83%A9%E3%83%B3%E3%82%AF%E7%BD%AE%E3%81%8D%E3%83%BB%E4%BB%95%E4%BA%8B%E3%82%AB%E3%83%90%E3%83%B3%E7%BD%AE%E3%81%8D%E3%80%80%E3%83%9B%E3%83%86%E3%83%AB%E4%BB%95%E6%A7%98 HTTP/1.1" 200 69763 "-" "Mozilla/5.0 (Linux; Android 6.0.1; Nexus 5X Build/MMB29P) AppleWebKit/537.36 (KHTML, like Gecko) Chrome/132.0.6834.83 Mobile Safari/537.36 (compatible; Googlebot/2.1; +http://www.google.com/bot.html)"
66.249.68.66 - - [20/Jan/2025:03:34:14 -0500] "GET /?product=cowpox11370839-428 HTTP/1.1" 200 67946 "-" "Mozilla/5.0 (Linux; Android 6.0.1; Nexus 5X Build/MMB29P) AppleWebKit/537.36 (KHTML, like Gecko) Chrome/132.0.6834.83 Mobile Safari/537.36 (compatible; Googlebot/2.1; +http://www.google.com/bot.html)"
66.29.132.124 - - [20/Jan/2025:03:34:20 -0500] "POST /wp-cron.php?doing_wp_cron=1737362060.6107430458068847656250 HTTP/1.1" 200 0 "-" "WordPress/6.7.1; https://misswavenigeria.com"
185.191.171.5 - - [20/Jan/2025:03:34:20 -0500] "GET /goods/2435383 HTTP/1.1" 404 18013 "-" "Mozilla/5.0 (compatible; SemrushBot/7~bl; +http://www.semrush.com/bot.html)"
66.29.132.124 - - [20/Jan/2025:03:34:21 -0500] "POST /wp-admin/admin-ajax.php?action=async_litespeed&nonce=nzmbaMK2MsNJtXeHvlwoDeq7sYtQD9Re&litespeed_type=imgoptm HTTP/1.1" 200 21 "-" "WordPress/6.7.1; https://misswavenigeria.com"
66.249.68.66 - - [20/Jan/2025:03:34:24 -0500] "GET /static/3260870 HTTP/1.1" 200 67714 "-" "Mozilla/5.0 (Linux; Android 6.0.1; Nexus 5X Build/MMB29P) AppleWebKit/537.36 (KHTML, like Gecko) Chrome/132.0.6834.83 Mobile Safari/537.36 (compatible; Googlebot/2.1; +http://www.google.com/bot.html)"
165.231.182.52 - - [20/Jan/2025:03:32:23 -0500] "POST /register/ HTTP/1.0" 200 76060 "https://misswavenigeria.com/register/" "Mozilla/5.0 (Windows NT 6.3) AppleWebKit/537.36 (KHTML, like Gecko) Chrome/103.0.0.0 Safari/537.36"
66.29.132.124 - - [20/Jan/2025:03:34:32 -0500] "POST /wp-cron.php?doing_wp_cron=1737362072.8618700504302978515625 HTTP/1.1" 200 0 "-" "WordPress/6.7.1; https://misswavenigeria.com"
165.231.182.52 - - [20/Jan/2025:03:34:32 -0500] "GET /register/ HTTP/1.0" 200 75934 "https://misswavenigeria.com/" "Mozilla/5.0 (Windows NT 6.3) AppleWebKit/537.36 (KHTML, like Gecko) Chrome/103.0.0.0 Safari/537.36"
66.249.68.66 - - [20/Jan/2025:03:34:42 -0500] "GET /static/4526878?keyword=12/24GB?keyword=%E3%83%95%E3%82%A1%E3%83%83%E3%82%B7%E3%83%A7%E3%83%B3 HTTP/1.1" 200 68957 "-" "Mozilla/5.0 (Linux; Android 6.0.1; Nexus 5X Build/MMB29P) AppleWebKit/537.36 (KHTML, like Gecko) Chrome/132.0.6834.83 Mobile Safari/537.36 (compatible; Googlebot/2.1; +http://www.google.com/bot.html)"
66.249.68.66 - - [20/Jan/2025:03:34:46 -0500] "GET /goods/4473330 HTTP/1.1" 200 67665 "-" "Mozilla/5.0 (Linux; Android 6.0.1; Nexus 5X Build/MMB29P) AppleWebKit/537.36 (KHTML, like Gecko) Chrome/132.0.6834.83 Mobile Safari/537.36 (compatible; Googlebot/2.1; +http://www.google.com/bot.html)"
66.249.68.66 - - [20/Jan/2025:03:34:46 -0500] "GET /?product=traverse981026-35?keyword=%E3%83%8A%E3%82%A4%E3%82%AD/NAIKI HTTP/1.1" 200 68562 "-" "Mozilla/5.0 (Linux; Android 6.0.1; Nexus 5X Build/MMB29P) AppleWebKit/537.36 (KHTML, like Gecko) Chrome/132.0.6834.83 Mobile Safari/537.36 (compatible; Googlebot/2.1; +http://www.google.com/bot.html)"
85.208.96.208 - - [20/Jan/2025:03:35:06 -0500] "GET /goods/4010046 HTTP/1.1" 404 18013 "-" "Mozilla/5.0 (compatible; SemrushBot/7~bl; +http://www.semrush.com/bot.html)"
66.249.68.66 - - [20/Jan/2025:03:35:09 -0500] "GET /?product=rouge11370810-561 HTTP/1.1" 200 68722 "-" "Mozilla/5.0 (Linux; Android 6.0.1; Nexus 5X Build/MMB29P) AppleWebKit/537.36 (KHTML, like Gecko) Chrome/132.0.6834.83 Mobile Safari/537.36 (compatible; Googlebot/2.1; +http://www.google.com/bot.html)"
66.29.132.124 - - [20/Jan/2025:03:35:20 -0500] "POST /wp-cron.php?doing_wp_cron=1737362120.7935369014739990234375 HTTP/1.1" 200 0 "-" "WordPress/6.7.1; https://misswavenigeria.com"
165.231.182.52 - - [20/Jan/2025:03:35:20 -0500] "GET / HTTP/1.0" 200 109065 "https://misswavenigeria.com/" "Mozilla/5.0 (Windows NT 6.3; WOW64) AppleWebKit/537.36 (KHTML, like Gecko) Chrome/103.0.5060.114 Safari/537.36"
66.29.132.124 - - [20/Jan/2025:03:35:21 -0500] "POST /wp-admin/admin-ajax.php?action=async_litespeed&nonce=8TDDRS445JguI94ya0fUF5nplPLuKxhE&litespeed_type=imgoptm HTTP/1.1" 200 21 "-" "WordPress/6.7.1; https://misswavenigeria.com"
165.231.182.52 - - [20/Jan/2025:03:35:23 -0500] "GET /register/ HTTP/1.0" 200 75934 "https://misswavenigeria.com/register/" "Mozilla/5.0 (Windows NT 6.3; WOW64) AppleWebKit/537.36 (KHTML, like Gecko) Chrome/103.0.5060.114 Safari/537.36"
66.29.132.124 - - [20/Jan/2025:03:35:25 -0500] "POST /wp-cron.php?doing_wp_cron=1737362125.5015380382537841796875 HTTP/1.1" 200 0 "-" "WordPress/6.7.1; https://misswavenigeria.com"
185.191.171.13 - - [20/Jan/2025:03:35:51 -0500] "GET /goods/4748597 HTTP/1.1" 404 18012 "-" "Mozilla/5.0 (compatible; SemrushBot/7~bl; +http://www.semrush.com/bot.html)"
66.249.68.66 - - [20/Jan/2025:03:35:55 -0500] "GET /?product=traverse981026-35?keyword=E179FM-DGL HTTP/1.1" 200 69759 "-" "Mozilla/5.0 (Linux; Android 6.0.1; Nexus 5X Build/MMB29P) AppleWebKit/537.36 (KHTML, like Gecko) Chrome/132.0.6834.83 Mobile Safari/537.36 (compatible; Googlebot/2.1; +http://www.google.com/bot.html)"
66.249.79.3 - - [20/Jan/2025:03:36:17 -0500] "GET /goods/3618706 HTTP/1.1" 200 71034 "-" "Mozilla/5.0 (Linux; Android 6.0.1; Nexus 5X Build/MMB29P) AppleWebKit/537.36 (KHTML, like Gecko) Chrome/132.0.6834.83 Mobile Safari/537.36 (compatible; Googlebot/2.1; +http://www.google.com/bot.html)"
66.29.132.124 - - [20/Jan/2025:03:36:18 -0500] "POST /wp-cron.php?doing_wp_cron=1737362178.8231539726257324218750 HTTP/1.1" 200 0 "-" "WordPress/6.7.1; https://misswavenigeria.com"
85.208.96.205 - - [20/Jan/2025:03:36:18 -0500] "GET /goods/3891391 HTTP/1.1" 404 18013 "-" "Mozilla/5.0 (compatible; SemrushBot/7~bl; +http://www.semrush.com/bot.html)"
66.249.68.66 - - [20/Jan/2025:03:36:18 -0500] "GET /?product=cryptographic7346437-251?keyword=%E3%82%B1%E3%83%BC%E3%83%97%E3%82%B3%E3%83%BC%E3%83%88 HTTP/1.1" 200 69728 "-" "Mozilla/5.0 (Linux; Android 6.0.1; Nexus 5X Build/MMB29P) AppleWebKit/537.36 (KHTML, like Gecko) Chrome/132.0.6834.83 Mobile Safari/537.36 (compatible; Googlebot/2.1; +http://www.google.com/bot.html)"
66.29.132.124 - - [20/Jan/2025:03:36:19 -0500] "POST /wp-admin/admin-ajax.php?action=async_litespeed&nonce=VtZBD9fI0WSAVJ5uB5B8NVRxWlz039lf&litespeed_type=imgoptm HTTP/1.1" 200 21 "-" "WordPress/6.7.1; https://misswavenigeria.com"
85.208.96.196 - - [20/Jan/2025:03:36:20 -0500] "GET /goods/9866 HTTP/1.1" 404 18012 "-" "Mozilla/5.0 (compatible; SemrushBot/7~bl; +http://www.semrush.com/bot.html)"
66.249.79.3 - - [20/Jan/2025:03:36:29 -0500] "GET /?product=cryptographic11370837-703 HTTP/1.1" 200 69488 "-" "Mozilla/5.0 (Linux; Android 6.0.1; Nexus 5X Build/MMB29P) AppleWebKit/537.36 (KHTML, like Gecko) Chrome/132.0.6834.83 Mobile Safari/537.36 (compatible; Googlebot/2.1; +http://www.google.com/bot.html)"
66.29.132.124 - - [20/Jan/2025:03:36:37 -0500] "POST /wp-cron.php?doing_wp_cron=1737362197.5189781188964843750000 HTTP/1.1" 200 0 "-" "WordPress/6.7.1; https://misswavenigeria.com"
185.191.171.16 - - [20/Jan/2025:03:36:37 -0500] "GET /goods/173227 HTTP/1.1" 404 18013 "-" "Mozilla/5.0 (compatible; SemrushBot/7~bl; +http://www.semrush.com/bot.html)"
66.249.79.3 - - [20/Jan/2025:03:36:36 -0500] "GET /goods/2511395?keyword=%E9%A6%99%E6%B0%B4?keyword=Supreme HTTP/1.1" 200 67700 "-" "Mozilla/5.0 (compatible; Googlebot/2.1; +http://www.google.com/bot.html)"
66.249.68.66 - - [20/Jan/2025:03:36:41 -0500] "GET /?product=flight981028-229?keyword=%E3%82%B3%E3%83%BC%E3%83%88 HTTP/1.1" 200 73442 "-" "Mozilla/5.0 (Linux; Android 6.0.1; Nexus 5X Build/MMB29P) AppleWebKit/537.36 (KHTML, like Gecko) Chrome/132.0.6834.83 Mobile Safari/537.36 (compatible; Googlebot/2.1; +http://www.google.com/bot.html)"
85.208.96.206 - - [20/Jan/2025:03:37:06 -0500] "GET /goods/4155672 HTTP/1.1" 404 18013 "-" "Mozilla/5.0 (compatible; SemrushBot/7~bl; +http://www.semrush.com/bot.html)"
185.191.171.18 - - [20/Jan/2025:03:37:09 -0500] "GET /goods/1833887 HTTP/1.1" 404 18013 "-" "Mozilla/5.0 (compatible; SemrushBot/7~bl; +http://www.semrush.com/bot.html)"
66.29.132.124 - - [20/Jan/2025:03:37:13 -0500] "POST /wp-cron.php?doing_wp_cron=1737362233.4602680206298828125000 HTTP/1.1" 200 0 "-" "WordPress/6.7.1; https://misswavenigeria.com"
185.191.171.5 - - [20/Jan/2025:03:37:12 -0500] "GET /goods/4069506 HTTP/1.1" 404 18012 "-" "Mozilla/5.0 (compatible; SemrushBot/7~bl; +http://www.semrush.com/bot.html)"
66.29.132.124 - - [20/Jan/2025:03:37:14 -0500] "POST /wp-admin/admin-ajax.php?action=async_litespeed&nonce=egZNZ9fpajyDkoDNNOQYgmihHZeF3LeB&litespeed_type=imgoptm HTTP/1.1" 200 21 "-" "WordPress/6.7.1; https://misswavenigeria.com"
66.249.79.36 - - [20/Jan/2025:03:37:15 -0500] "GET /?product=troupe11370811-769 HTTP/1.1" 200 69066 "-" "Mozilla/5.0 (Linux; Android 6.0.1; Nexus 5X Build/MMB29P) AppleWebKit/537.36 (KHTML, like Gecko) Chrome/132.0.6834.83 Mobile Safari/537.36 (compatible; Googlebot/2.1; +http://www.google.com/bot.html)"
85.208.96.201 - - [20/Jan/2025:03:37:18 -0500] "GET /goods/2929545 HTTP/1.1" 404 18013 "-" "Mozilla/5.0 (compatible; SemrushBot/7~bl; +http://www.semrush.com/bot.html)"
66.29.132.124 - - [20/Jan/2025:03:37:38 -0500] "POST /wp-cron.php?doing_wp_cron=1737362258.8672640323638916015625 HTTP/1.1" 200 0 "-" "WordPress/6.7.1; https://misswavenigeria.com"
185.191.171.12 - - [20/Jan/2025:03:37:38 -0500] "GET /goods/4210797 HTTP/1.1" 404 18013 "-" "Mozilla/5.0 (compatible; SemrushBot/7~bl; +http://www.semrush.com/bot.html)"
66.249.68.67 - - [20/Jan/2025:03:37:49 -0500] "GET /?product=enquire17094389-281?keyword=spade HTTP/1.1" 200 70080 "-" "Mozilla/5.0 (Linux; Android 6.0.1; Nexus 5X Build/MMB29P) AppleWebKit/537.36 (KHTML, like Gecko) Chrome/132.0.6834.83 Mobile Safari/537.36 (compatible; Googlebot/2.1; +http://www.google.com/bot.html)"
85.208.96.194 - - [20/Jan/2025:03:37:51 -0500] "GET /goods/2651671 HTTP/1.1" 404 18013 "-" "Mozilla/5.0 (compatible; SemrushBot/7~bl; +http://www.semrush.com/bot.html)"
165.231.182.52 - - [20/Jan/2025:03:35:25 -0500] "POST /register/ HTTP/1.0" 200 0 "https://misswavenigeria.com/register/" "Mozilla/5.0 (Windows NT 6.3; WOW64) AppleWebKit/537.36 (KHTML, like Gecko) Chrome/103.0.5060.114 Safari/537.36"
165.231.182.52 - - [20/Jan/2025:03:37:55 -0500] "GET /register/ HTTP/1.0" 200 75934 "https://misswavenigeria.com/" "Mozilla/5.0 (Windows NT 6.3; WOW64) AppleWebKit/537.36 (KHTML, like Gecko) Chrome/103.0.5060.114 Safari/537.36"
52.167.144.64 - - [20/Jan/2025:03:37:57 -0500] "GET /robots.txt HTTP/1.1" 200 103 "-" "Mozilla/5.0 AppleWebKit/537.36 (KHTML, like Gecko; compatible; bingbot/2.0; +http://www.bing.com/bingbot.htm) Chrome/116.0.1938.76 Safari/537.36"
52.167.144.64 - - [20/Jan/2025:03:37:58 -0500] "GET /robots.txt HTTP/1.1" 200 103 "-" "Mozilla/5.0 AppleWebKit/537.36 (KHTML, like Gecko; compatible; bingbot/2.0; +http://www.bing.com/bingbot.htm) Chrome/116.0.1938.76 Safari/537.36"
66.249.68.67 - - [20/Jan/2025:03:38:02 -0500] "GET /?product=stepchild6682852-272 HTTP/1.1" 200 69571 "-" "Mozilla/5.0 (Linux; Android 6.0.1; Nexus 5X Build/MMB29P) AppleWebKit/537.36 (KHTML, like Gecko) Chrome/132.0.6834.83 Mobile Safari/537.36 (compatible; Googlebot/2.1; +http://www.google.com/bot.html)"
40.77.167.33 - - [20/Jan/2025:03:38:06 -0500] "GET /goods/826966 HTTP/1.1" 200 68798 "-" "Mozilla/5.0 AppleWebKit/537.36 (KHTML, like Gecko; compatible; bingbot/2.0; +http://www.bing.com/bingbot.htm) Chrome/116.0.1938.76 Safari/537.36"
66.29.132.124 - - [20/Jan/2025:03:38:14 -0500] "POST /wp-cron.php?doing_wp_cron=1737362293.9130320549011230468750 HTTP/1.1" 200 0 "-" "WordPress/6.7.1; https://misswavenigeria.com"
185.191.171.3 - - [20/Jan/2025:03:38:01 -0500] "GET /goods/102268 HTTP/1.1" 404 18013 "-" "Mozilla/5.0 (compatible; SemrushBot/7~bl; +http://www.semrush.com/bot.html)"
66.29.132.124 - - [20/Jan/2025:03:38:15 -0500] "POST /wp-admin/admin-ajax.php?action=async_litespeed&nonce=k5fqXj6p0DgtLmsvCNqNe2ZOR05Vlfuw&litespeed_type=imgoptm HTTP/1.1" 200 0 "-" "WordPress/6.7.1; https://misswavenigeria.com"
66.249.79.168 - - [20/Jan/2025:03:38:14 -0500] "GET /goods/3372732 HTTP/1.1" 200 68135 "-" "Mozilla/5.0 (Linux; Android 6.0.1; Nexus 5X Build/MMB29P) AppleWebKit/537.36 (KHTML, like Gecko) Chrome/132.0.6834.83 Mobile Safari/537.36 (compatible; Googlebot/2.1; +http://www.google.com/bot.html)"
185.191.171.2 - - [20/Jan/2025:03:38:18 -0500] "GET /goods/2826716 HTTP/1.1" 404 18013 "-" "Mozilla/5.0 (compatible; SemrushBot/7~bl; +http://www.semrush.com/bot.html)"
165.231.182.52 - - [20/Jan/2025:03:38:21 -0500] "GET / HTTP/1.0" 200 109065 "https://misswavenigeria.com/" "Mozilla/5.0 (Windows NT 10.0; WOW64) AppleWebKit/537.36 (KHTML, like Gecko) Chrome/103.0.0.0 Safari/537.36"
165.231.182.52 - - [20/Jan/2025:03:38:23 -0500] "GET /register/ HTTP/1.0" 200 75934 "https://misswavenigeria.com/register/" "Mozilla/5.0 (Windows NT 10.0; WOW64) AppleWebKit/537.36 (KHTML, like Gecko) Chrome/103.0.0.0 Safari/537.36"
66.29.132.124 - - [20/Jan/2025:03:38:25 -0500] "POST /wp-cron.php?doing_wp_cron=1737362305.6157109737396240234375 HTTP/1.1" 200 0 "-" "WordPress/6.7.1; https://misswavenigeria.com"
66.249.68.66 - - [20/Jan/2025:03:38:28 -0500] "GET /goods/689504 HTTP/1.1" 200 67581 "-" "Mozilla/5.0 (Linux; Android 6.0.1; Nexus 5X Build/MMB29P) AppleWebKit/537.36 (KHTML, like Gecko) Chrome/132.0.6834.83 Mobile Safari/537.36 (compatible; Googlebot/2.1; +http://www.google.com/bot.html)"
66.249.68.66 - - [20/Jan/2025:03:38:30 -0500] "GET /?product=seamless2763029-707?keyword=%E3%82%B9%E3%83%9D%E3%83%BC%E3%83%84 HTTP/1.1" 200 71973 "-" "Mozilla/5.0 (Linux; Android 6.0.1; Nexus 5X Build/MMB29P) AppleWebKit/537.36 (KHTML, like Gecko) Chrome/132.0.6834.83 Mobile Safari/537.36 (compatible; Googlebot/2.1; +http://www.google.com/bot.html)"
66.249.68.66 - - [20/Jan/2025:03:38:54 -0500] "GET /?product=ambassador17094406-606?keyword=%E3%83%95%E3%83%AB%E3%82%B5%E3%82%A4%E3%82%BA%E5%AF%BE%E5%BF%9C HTTP/1.1" 200 69234 "-" "Mozilla/5.0 (Linux; Android 6.0.1; Nexus 5X Build/MMB29P) AppleWebKit/537.36 (KHTML, like Gecko) Chrome/132.0.6834.83 Mobile Safari/537.36 (compatible; Googlebot/2.1; +http://www.google.com/bot.html)"
66.249.68.66 - - [20/Jan/2025:03:39:06 -0500] "GET /goods/99812 HTTP/1.1" 200 68357 "-" "Mozilla/5.0 (Linux; Android 6.0.1; Nexus 5X Build/MMB29P) AppleWebKit/537.36 (KHTML, like Gecko) Chrome/132.0.6834.83 Mobile Safari/537.36 (compatible; Googlebot/2.1; +http://www.google.com/bot.html)"
66.249.79.4 - - [20/Jan/2025:03:39:14 -0500] "GET /static/1117244 HTTP/1.1" 200 69651 "-" "Mozilla/5.0 (compatible; Googlebot/2.1; +http://www.google.com/bot.html)"
66.249.68.66 - - [20/Jan/2025:03:39:29 -0500] "GET /?product=cryptographic6705437-737 HTTP/1.1" 200 68408 "-" "Mozilla/5.0 (Linux; Android 6.0.1; Nexus 5X Build/MMB29P) AppleWebKit/537.36 (KHTML, like Gecko) Chrome/132.0.6834.83 Mobile Safari/537.36 (compatible; Googlebot/2.1; +http://www.google.com/bot.html)"
66.249.79.169 - - [20/Jan/2025:03:40:01 -0500] "GET /?product=mobilehome15265543-847?keyword= HTTP/1.1" 200 68250 "-" "Mozilla/5.0 (Linux; Android 6.0.1; Nexus 5X Build/MMB29P) AppleWebKit/537.36 (KHTML, like Gecko) Chrome/132.0.6834.83 Mobile Safari/537.36 (compatible; Googlebot/2.1; +http://www.google.com/bot.html)"
66.29.132.124 - - [20/Jan/2025:03:40:12 -0500] "POST /wp-cron.php?doing_wp_cron=1737362411.6709060668945312500000 HTTP/1.1" 200 0 "-" "WordPress/6.7.1; https://misswavenigeria.com"
185.191.171.5 - - [20/Jan/2025:03:40:10 -0500] "GET /goods/3247000 HTTP/1.1" 404 18012 "-" "Mozilla/5.0 (compatible; SemrushBot/7~bl; +http://www.semrush.com/bot.html)"
66.29.132.124 - - [20/Jan/2025:03:40:14 -0500] "POST /wp-admin/admin-ajax.php?action=async_litespeed&nonce=lDJgo9TNr8uI5xh51m1l1rHrhaCcduLE&litespeed_type=imgoptm HTTP/1.1" 200 0 "-" "WordPress/6.7.1; https://misswavenigeria.com"
185.191.171.15 - - [20/Jan/2025:03:40:16 -0500] "GET /goods/1740438 HTTP/1.1" 404 18013 "-" "Mozilla/5.0 (compatible; SemrushBot/7~bl; +http://www.semrush.com/bot.html)"
66.29.132.124 - - [20/Jan/2025:03:40:27 -0500] "POST /wp-cron.php?doing_wp_cron=1737362427.3128380775451660156250 HTTP/1.1" 200 0 "-" "WordPress/6.7.1; https://misswavenigeria.com"
85.208.96.206 - - [20/Jan/2025:03:40:27 -0500] "GET /goods/4708277 HTTP/1.1" 404 18013 "-" "Mozilla/5.0 (compatible; SemrushBot/7~bl; +http://www.semrush.com/bot.html)"
85.208.96.197 - - [20/Jan/2025:03:40:34 -0500] "GET /goods/2930810 HTTP/1.1" 404 18013 "-" "Mozilla/5.0 (compatible; SemrushBot/7~bl; +http://www.semrush.com/bot.html)"
66.249.68.66 - - [20/Jan/2025:03:40:37 -0500] "GET /?product=procurement9178233-427 HTTP/1.1" 200 68673 "-" "Mozilla/5.0 (Linux; Android 6.0.1; Nexus 5X Build/MMB29P) AppleWebKit/537.36 (KHTML, like Gecko) Chrome/132.0.6834.83 Mobile Safari/537.36 (compatible; Googlebot/2.1; +http://www.google.com/bot.html)"
66.249.68.67 - - [20/Jan/2025:03:40:37 -0500] "GET /?product=shuttle11370825-715?keyword=Pro%E6%90%AD%E8%BC%89 HTTP/1.1" 200 68947 "-" "Mozilla/5.0 (Linux; Android 6.0.1; Nexus 5X Build/MMB29P) AppleWebKit/537.36 (KHTML, like Gecko) Chrome/132.0.6834.83 Mobile Safari/537.36 (compatible; Googlebot/2.1; +http://www.google.com/bot.html)"
85.208.96.197 - - [20/Jan/2025:03:40:46 -0500] "GET /goods/1087415 HTTP/1.1" 404 18012 "-" "Mozilla/5.0 (compatible; SemrushBot/7~bl; +http://www.semrush.com/bot.html)"
66.249.79.204 - - [20/Jan/2025:03:40:49 -0500] "GET /goods/522472 HTTP/1.1" 200 70169 "-" "Mozilla/5.0 (Linux; Android 6.0.1; Nexus 5X Build/MMB29P) AppleWebKit/537.36 (KHTML, like Gecko) Chrome/132.0.6834.83 Mobile Safari/537.36 (compatible; Googlebot/2.1; +http://www.google.com/bot.html)"
165.231.182.52 - - [20/Jan/2025:03:38:25 -0500] "POST /register/ HTTP/1.0" 200 0 "https://misswavenigeria.com/register/" "Mozilla/5.0 (Windows NT 10.0; WOW64) AppleWebKit/537.36 (KHTML, like Gecko) Chrome/103.0.0.0 Safari/537.36"
165.231.182.52 - - [20/Jan/2025:03:40:56 -0500] "GET /register/ HTTP/1.0" 200 75934 "https://misswavenigeria.com/" "Mozilla/5.0 (Windows NT 10.0; WOW64) AppleWebKit/537.36 (KHTML, like Gecko) Chrome/103.0.0.0 Safari/537.36"
185.191.171.15 - - [20/Jan/2025:03:41:08 -0500] "GET /goods/773115 HTTP/1.1" 404 18013 "-" "Mozilla/5.0 (compatible; SemrushBot/7~bl; +http://www.semrush.com/bot.html)"
66.249.68.68 - - [20/Jan/2025:03:41:11 -0500] "GET /?product=rouge15281810-271?keyword=%E3%83%91%E3%83%BC%E3%82%AB%E3%83%BC HTTP/1.1" 200 68251 "-" "Mozilla/5.0 (Linux; Android 6.0.1; Nexus 5X Build/MMB29P) AppleWebKit/537.36 (KHTML, like Gecko) Chrome/132.0.6834.83 Mobile Safari/537.36 (compatible; Googlebot/2.1; +http://www.google.com/bot.html)"
165.231.182.52 - - [20/Jan/2025:03:41:18 -0500] "GET / HTTP/1.0" 200 109065 "https://misswavenigeria.com/" "Mozilla/5.0 (Windows NT 10.0; Win64; x64) AppleWebKit/537.36 (KHTML, like Gecko) Chrome/103.0.5042.0 Safari/537.36"
165.231.182.52 - - [20/Jan/2025:03:41:20 -0500] "GET /register/ HTTP/1.0" 200 75934 "https://misswavenigeria.com/register/" "Mozilla/5.0 (Windows NT 10.0; Win64; x64) AppleWebKit/537.36 (KHTML, like Gecko) Chrome/103.0.5042.0 Safari/537.36"
66.29.132.124 - - [20/Jan/2025:03:41:22 -0500] "POST /wp-cron.php?doing_wp_cron=1737362482.2169680595397949218750 HTTP/1.1" 200 0 "-" "WordPress/6.7.1; https://misswavenigeria.com"
66.29.132.124 - - [20/Jan/2025:03:41:22 -0500] "POST /wp-admin/admin-ajax.php?action=async_litespeed&nonce=naZ57GPaWRoqnCzrijQuh0UoiDzYSpzf&litespeed_type=imgoptm HTTP/1.1" 200 21 "-" "WordPress/6.7.1; https://misswavenigeria.com"
66.249.68.67 - - [20/Jan/2025:03:41:23 -0500] "GET /?product=reproduce6682855-61?keyword=Edition HTTP/1.1" 200 69335 "-" "Mozilla/5.0 (Linux; Android 6.0.1; Nexus 5X Build/MMB29P) AppleWebKit/537.36 (KHTML, like Gecko) Chrome/132.0.6834.83 Mobile Safari/537.36 (compatible; Googlebot/2.1; +http://www.google.com/bot.html)"
66.29.132.124 - - [20/Jan/2025:03:41:31 -0500] "POST /wp-cron.php?doing_wp_cron=1737362491.5340869426727294921875 HTTP/1.1" 200 0 "-" "WordPress/6.7.1; https://misswavenigeria.com"
