66.29.132.124 - - [20/Jan/2025:01:07:53 -0500] "POST /wp-cron.php?doing_wp_cron=1737353273.2824089527130126953125 HTTP/1.1" 200 0 "-" "WordPress/6.7.1; https://misswavenigeria.com"
185.191.171.15 - - [20/Jan/2025:01:07:53 -0500] "GET /goods/3103112 HTTP/1.1" 404 18012 "-" "Mozilla/5.0 (compatible; SemrushBot/7~bl; +http://www.semrush.com/bot.html)"
66.29.132.124 - - [20/Jan/2025:01:08:16 -0500] "POST /wp-cron.php?doing_wp_cron=1737353296.3069019317626953125000 HTTP/1.1" 200 0 "-" "WordPress/6.7.1; https://misswavenigeria.com"
165.231.182.52 - - [20/Jan/2025:01:08:16 -0500] "GET / HTTP/1.0" 200 109067 "https://misswavenigeria.com/" "Mozilla/5.0 (Windows NT 10.0; WOW64) AppleWebKit/537.36 (KHTML, like Gecko) Chrome/103.0.5060.114 Safari/537.36"
66.29.132.124 - - [20/Jan/2025:01:08:16 -0500] "POST /wp-admin/admin-ajax.php?action=async_litespeed&nonce=9ivq3FgRlS6pcJgcidKPdLKQTd1Ey6E5&litespeed_type=imgoptm HTTP/1.1" 200 21 "-" "WordPress/6.7.1; https://misswavenigeria.com"
165.231.182.52 - - [20/Jan/2025:01:08:18 -0500] "GET /register/ HTTP/1.0" 200 75934 "https://misswavenigeria.com/register/" "Mozilla/5.0 (Windows NT 10.0; WOW64) AppleWebKit/537.36 (KHTML, like Gecko) Chrome/103.0.5060.114 Safari/537.36"
185.191.171.19 - - [20/Jan/2025:01:08:18 -0500] "GET /goods/2991350 HTTP/1.1" 404 18013 "-" "Mozilla/5.0 (compatible; SemrushBot/7~bl; +http://www.semrush.com/bot.html)"
66.249.79.206 - - [20/Jan/2025:01:08:19 -0500] "GET /goods/1253848?keyword=BRIGHT?keyword=M%E3%82%B5%E3%82%A4%E3%82%BA HTTP/1.1" 200 67854 "-" "Mozilla/5.0 (Linux; Android 6.0.1; Nexus 5X Build/MMB29P) AppleWebKit/537.36 (KHTML, like Gecko) Chrome/132.0.6834.83 Mobile Safari/537.36 (compatible; Googlebot/2.1; +http://www.google.com/bot.html)"
85.208.96.194 - - [20/Jan/2025:01:08:23 -0500] "GET /goods/4245104 HTTP/1.1" 404 18013 "-" "Mozilla/5.0 (compatible; SemrushBot/7~bl; +http://www.semrush.com/bot.html)"
66.29.132.124 - - [20/Jan/2025:01:08:31 -0500] "POST /wp-cron.php?doing_wp_cron=1737353311.5947608947753906250000 HTTP/1.1" 200 0 "-" "WordPress/6.7.1; https://misswavenigeria.com"
85.208.96.197 - - [20/Jan/2025:01:08:31 -0500] "GET /goods/2612970 HTTP/1.1" 404 18013 "-" "Mozilla/5.0 (compatible; SemrushBot/7~bl; +http://www.semrush.com/bot.html)"
66.249.79.204 - - [20/Jan/2025:01:08:38 -0500] "GET /?product=monophonic11370812-917 HTTP/1.1" 200 79412 "-" "Mozilla/5.0 (Linux; Android 6.0.1; Nexus 5X Build/MMB29P) AppleWebKit/537.36 (KHTML, like Gecko) Chrome/132.0.6834.83 Mobile Safari/537.36 (compatible; Googlebot/2.1; +http://www.google.com/bot.html)"
66.249.79.205 - - [20/Jan/2025:01:09:05 -0500] "GET /?product=revamp11370822-643?keyword=%E3%82%AD%E3%83%AB%E3%83%86%E3%82%A3%E3%83%B3%E3%82%B0%E4%BA%8C%E3%81%A4%E6%8A%98%E3%82%8A%E8%B2%A1%E5%B8%83 HTTP/1.1" 200 71669 "-" "Mozilla/5.0 (Linux; Android 6.0.1; Nexus 5X Build/MMB29P) AppleWebKit/537.36 (KHTML, like Gecko) Chrome/132.0.6834.83 Mobile Safari/537.36 (compatible; Googlebot/2.1; +http://www.google.com/bot.html)"
66.249.79.102 - - [20/Jan/2025:01:09:11 -0500] "GET /show/1461546 HTTP/1.1" 200 67886 "-" "Mozilla/5.0 (Linux; Android 6.0.1; Nexus 5X Build/MMB29P) AppleWebKit/537.36 (KHTML, like Gecko) Chrome/132.0.6834.83 Mobile Safari/537.36 (compatible; Googlebot/2.1; +http://www.google.com/bot.html)"
66.29.132.124 - - [20/Jan/2025:01:09:17 -0500] "POST /wp-cron.php?doing_wp_cron=1737353357.3296771049499511718750 HTTP/1.1" 200 0 "-" "WordPress/6.7.1; https://misswavenigeria.com"
85.208.96.212 - - [20/Jan/2025:01:09:17 -0500] "GET /goods/104429 HTTP/1.1" 404 18013 "-" "Mozilla/5.0 (compatible; SemrushBot/7~bl; +http://www.semrush.com/bot.html)"
66.29.132.124 - - [20/Jan/2025:01:09:17 -0500] "POST /wp-admin/admin-ajax.php?action=async_litespeed&nonce=h6yjdg4l4fGCUiMFar5Y1wFkAulXuvKl&litespeed_type=imgoptm HTTP/1.1" 200 21 "-" "WordPress/6.7.1; https://misswavenigeria.com"
66.249.68.66 - - [20/Jan/2025:01:09:18 -0500] "GET /?product=traverse11370826-726 HTTP/1.1" 200 69059 "-" "Mozilla/5.0 (Linux; Android 6.0.1; Nexus 5X Build/MMB29P) AppleWebKit/537.36 (KHTML, like Gecko) Chrome/132.0.6834.83 Mobile Safari/537.36 (compatible; Googlebot/2.1; +http://www.google.com/bot.html)"
66.249.79.204 - - [20/Jan/2025:01:09:31 -0500] "GET /goods/2375275 HTTP/1.1" 200 70972 "-" "Mozilla/5.0 (Linux; Android 6.0.1; Nexus 5X Build/MMB29P) AppleWebKit/537.36 (KHTML, like Gecko) Chrome/132.0.6834.83 Mobile Safari/537.36 (compatible; Googlebot/2.1; +http://www.google.com/bot.html)"
66.29.132.124 - - [20/Jan/2025:01:09:37 -0500] "POST /wp-cron.php?doing_wp_cron=1737353377.1395339965820312500000 HTTP/1.1" 200 0 "-" "WordPress/6.7.1; https://misswavenigeria.com"
85.208.96.205 - - [20/Jan/2025:01:09:36 -0500] "GET /goods/4707172 HTTP/1.1" 404 18013 "-" "Mozilla/5.0 (compatible; SemrushBot/7~bl; +http://www.semrush.com/bot.html)"
165.231.182.52 - - [20/Jan/2025:01:08:20 -0500] "POST /register/ HTTP/1.0" 200 76060 "https://misswavenigeria.com/register/" "Mozilla/5.0 (Windows NT 10.0; WOW64) AppleWebKit/537.36 (KHTML, like Gecko) Chrome/103.0.5060.114 Safari/537.36"
165.231.182.52 - - [20/Jan/2025:01:09:51 -0500] "GET /register/ HTTP/1.0" 200 75934 "https://misswavenigeria.com/" "Mozilla/5.0 (Windows NT 10.0; WOW64) AppleWebKit/537.36 (KHTML, like Gecko) Chrome/103.0.5060.114 Safari/537.36"
66.249.79.205 - - [20/Jan/2025:01:10:00 -0500] "GET /static/1005132?keyword=%E5%B1%B1%E7%94%B0%E8%8F%9C%E3%80%85?keyword=%E5%8F%A4%E7%BE%8E%E8%A1%93 HTTP/1.1" 200 71120 "-" "Mozilla/5.0 (compatible; Googlebot/2.1; +http://www.google.com/bot.html)"
66.249.79.35 - - [20/Jan/2025:01:10:09 -0500] "GET /goods/1495276 HTTP/1.1" 200 68206 "-" "Mozilla/5.0 (Linux; Android 6.0.1; Nexus 5X Build/MMB29P) AppleWebKit/537.36 (KHTML, like Gecko) Chrome/132.0.6834.83 Mobile Safari/537.36 (compatible; Googlebot/2.1; +http://www.google.com/bot.html)"
66.29.132.124 - - [20/Jan/2025:01:10:15 -0500] "POST /wp-cron.php?doing_wp_cron=1737353415.7000861167907714843750 HTTP/1.1" 200 0 "-" "WordPress/6.7.1; https://misswavenigeria.com"
85.208.96.212 - - [20/Jan/2025:01:10:15 -0500] "GET /goods/1138275 HTTP/1.1" 404 18013 "-" "Mozilla/5.0 (compatible; SemrushBot/7~bl; +http://www.semrush.com/bot.html)"
66.29.132.124 - - [20/Jan/2025:01:10:15 -0500] "POST /wp-admin/admin-ajax.php?action=async_litespeed&nonce=gp8fDMd9E4YqBY4mXZ06j4We9WwMLti1&litespeed_type=imgoptm HTTP/1.1" 200 21 "-" "WordPress/6.7.1; https://misswavenigeria.com"
185.191.171.6 - - [20/Jan/2025:01:10:23 -0500] "GET /goods/1369133 HTTP/1.1" 404 18013 "-" "Mozilla/5.0 (compatible; SemrushBot/7~bl; +http://www.semrush.com/bot.html)"
66.29.132.124 - - [20/Jan/2025:01:10:26 -0500] "POST /wp-cron.php?doing_wp_cron=1737353426.1762299537658691406250 HTTP/1.1" 200 0 "-" "WordPress/6.7.1; https://misswavenigeria.com"
85.208.96.206 - - [20/Jan/2025:01:10:26 -0500] "GET /goods/1350992 HTTP/1.1" 404 18012 "-" "Mozilla/5.0 (compatible; SemrushBot/7~bl; +http://www.semrush.com/bot.html)"
66.249.79.105 - - [20/Jan/2025:01:10:25 -0500] "GET /static/3307392 HTTP/1.1" 200 70089 "-" "Mozilla/5.0 (Linux; Android 6.0.1; Nexus 5X Build/MMB29P) AppleWebKit/537.36 (KHTML, like Gecko) Chrome/132.0.6834.83 Mobile Safari/537.36 (compatible; Googlebot/2.1; +http://www.google.com/bot.html)"
85.208.96.197 - - [20/Jan/2025:01:10:28 -0500] "GET /goods/1141969 HTTP/1.1" 404 18013 "-" "Mozilla/5.0 (compatible; SemrushBot/7~bl; +http://www.semrush.com/bot.html)"
66.249.79.204 - - [20/Jan/2025:01:10:32 -0500] "GET /goods/3212794 HTTP/1.1" 200 67471 "-" "Mozilla/5.0 (Linux; Android 6.0.1; Nexus 5X Build/MMB29P) AppleWebKit/537.36 (KHTML, like Gecko) Chrome/132.0.6834.83 Mobile Safari/537.36 (compatible; Googlebot/2.1; +http://www.google.com/bot.html)"
185.191.171.16 - - [20/Jan/2025:01:10:41 -0500] "GET /goods/1664887 HTTP/1.1" 404 18012 "-" "Mozilla/5.0 (compatible; SemrushBot/7~bl; +http://www.semrush.com/bot.html)"
85.208.96.200 - - [20/Jan/2025:01:10:43 -0500] "GET /goods/257374 HTTP/1.1" 404 18013 "-" "Mozilla/5.0 (compatible; SemrushBot/7~bl; +http://www.semrush.com/bot.html)"
185.191.171.11 - - [20/Jan/2025:01:10:50 -0500] "GET /goods/402528 HTTP/1.1" 404 18012 "-" "Mozilla/5.0 (compatible; SemrushBot/7~bl; +http://www.semrush.com/bot.html)"
165.231.182.52 - - [20/Jan/2025:01:11:03 -0500] "GET / HTTP/1.0" 200 109067 "https://misswavenigeria.com/" "Mozilla/5.0 (Windows NT 6.3; Win64; x64) AppleWebKit/537.36 (KHTML, like Gecko) Chrome/103.0.5060.53 Safari/537.36"
165.231.182.52 - - [20/Jan/2025:01:11:05 -0500] "GET /register/ HTTP/1.0" 200 75934 "https://misswavenigeria.com/register/" "Mozilla/5.0 (Windows NT 6.3; Win64; x64) AppleWebKit/537.36 (KHTML, like Gecko) Chrome/103.0.5060.53 Safari/537.36"
66.29.132.124 - - [20/Jan/2025:01:11:21 -0500] "POST /wp-cron.php?doing_wp_cron=1737353481.5822010040283203125000 HTTP/1.1" 200 0 "-" "WordPress/6.7.1; https://misswavenigeria.com"
85.208.96.204 - - [20/Jan/2025:01:11:21 -0500] "GET /goods/893391 HTTP/1.1" 404 18013 "-" "Mozilla/5.0 (compatible; SemrushBot/7~bl; +http://www.semrush.com/bot.html)"
66.29.132.124 - - [20/Jan/2025:01:11:22 -0500] "POST /wp-admin/admin-ajax.php?action=async_litespeed&nonce=bcrmycaL5Z20jgQau7Gg52OJUvaLx8RO&litespeed_type=imgoptm HTTP/1.1" 200 21 "-" "WordPress/6.7.1; https://misswavenigeria.com"
66.29.132.124 - - [20/Jan/2025:01:11:25 -0500] "POST /wp-cron.php?doing_wp_cron=1737353485.4477961063385009765625 HTTP/1.1" 200 0 "-" "WordPress/6.7.1; https://misswavenigeria.com"
85.208.96.199 - - [20/Jan/2025:01:11:25 -0500] "GET /goods/1175598 HTTP/1.1" 404 18013 "-" "Mozilla/5.0 (compatible; SemrushBot/7~bl; +http://www.semrush.com/bot.html)"
85.208.96.210 - - [20/Jan/2025:01:11:49 -0500] "GET /goods/2127349 HTTP/1.1" 404 18012 "-" "Mozilla/5.0 (compatible; SemrushBot/7~bl; +http://www.semrush.com/bot.html)"
85.208.96.200 - - [20/Jan/2025:01:12:06 -0500] "GET /goods/2340818 HTTP/1.1" 404 18013 "-" "Mozilla/5.0 (compatible; SemrushBot/7~bl; +http://www.semrush.com/bot.html)"
66.249.79.35 - - [20/Jan/2025:01:12:09 -0500] "GET /static/67578 HTTP/1.1" 200 67033 "-" "Mozilla/5.0 (compatible; Googlebot/2.1; +http://www.google.com/bot.html)"
66.249.79.196 - - [20/Jan/2025:01:12:42 -0500] "GET /static/4182133 HTTP/1.1" 200 70539 "-" "Mozilla/5.0 (Linux; Android 6.0.1; Nexus 5X Build/MMB29P) AppleWebKit/537.36 (KHTML, like Gecko) Chrome/132.0.6834.83 Mobile Safari/537.36 (compatible; Googlebot/2.1; +http://www.google.com/bot.html)"
66.249.79.34 - - [20/Jan/2025:01:12:56 -0500] "GET /goods/3639624 HTTP/1.1" 200 69904 "-" "Mozilla/5.0 (Linux; Android 6.0.1; Nexus 5X Build/MMB29P) AppleWebKit/537.36 (KHTML, like Gecko) Chrome/132.0.6834.83 Mobile Safari/537.36 (compatible; Googlebot/2.1; +http://www.google.com/bot.html)"
165.231.182.52 - - [20/Jan/2025:01:11:07 -0500] "POST /register/ HTTP/1.0" 200 76060 "https://misswavenigeria.com/register/" "Mozilla/5.0 (Windows NT 6.3; Win64; x64) AppleWebKit/537.36 (KHTML, like Gecko) Chrome/103.0.5060.53 Safari/537.36"
66.29.132.124 - - [20/Jan/2025:01:13:05 -0500] "POST /wp-cron.php?doing_wp_cron=1737353585.0557150840759277343750 HTTP/1.1" 200 0 "-" "WordPress/6.7.1; https://misswavenigeria.com"
165.231.182.52 - - [20/Jan/2025:01:13:04 -0500] "GET /register/ HTTP/1.0" 200 75934 "https://misswavenigeria.com/" "Mozilla/5.0 (Windows NT 6.3; Win64; x64) AppleWebKit/537.36 (KHTML, like Gecko) Chrome/103.0.5060.53 Safari/537.36"
66.29.132.124 - - [20/Jan/2025:01:13:05 -0500] "POST /wp-admin/admin-ajax.php?action=async_litespeed&nonce=45kRZMG1wsRHVP2BTvMzEG9HNQsmJyog&litespeed_type=imgoptm HTTP/1.1" 200 21 "-" "WordPress/6.7.1; https://misswavenigeria.com"
66.249.79.2 - - [20/Jan/2025:01:13:10 -0500] "GET /show/111285 HTTP/1.1" 200 72689 "-" "Mozilla/5.0 (Linux; Android 6.0.1; Nexus 5X Build/MMB29P) AppleWebKit/537.36 (KHTML, like Gecko) Chrome/132.0.6834.83 Mobile Safari/537.36 (compatible; Googlebot/2.1; +http://www.google.com/bot.html)"
66.29.132.124 - - [20/Jan/2025:01:13:14 -0500] "POST /wp-cron.php?doing_wp_cron=1737353594.5020599365234375000000 HTTP/1.1" 200 0 "-" "WordPress/6.7.1; https://misswavenigeria.com"
185.191.171.10 - - [20/Jan/2025:01:13:14 -0500] "GET /goods/2826900 HTTP/1.1" 404 18012 "-" "Mozilla/5.0 (compatible; SemrushBot/7~bl; +http://www.semrush.com/bot.html)"
66.29.132.124 - - [20/Jan/2025:01:13:14 -0500] "POST /wp-admin/admin-ajax.php?action=async_litespeed&nonce=F7uQmrjFwVR8qS5htsBRNa9HSqtIPz8H&litespeed_type=imgoptm HTTP/1.1" 200 21 "-" "WordPress/6.7.1; https://misswavenigeria.com"
66.249.79.206 - - [20/Jan/2025:01:13:23 -0500] "GET /goods/805916 HTTP/1.1" 200 68209 "-" "Mozilla/5.0 (Linux; Android 6.0.1; Nexus 5X Build/MMB29P) AppleWebKit/537.36 (KHTML, like Gecko) Chrome/132.0.6834.83 Mobile Safari/537.36 (compatible; Googlebot/2.1; +http://www.google.com/bot.html)"
66.249.68.33 - - [20/Jan/2025:01:13:46 -0500] "GET /static/2820226 HTTP/1.1" 200 67350 "-" "Mozilla/5.0 (Linux; Android 6.0.1; Nexus 5X Build/MMB29P) AppleWebKit/537.36 (KHTML, like Gecko) Chrome/132.0.6834.83 Mobile Safari/537.36 (compatible; Googlebot/2.1; +http://www.google.com/bot.html)"
66.29.132.124 - - [20/Jan/2025:01:13:56 -0500] "POST /wp-cron.php?doing_wp_cron=1737353636.1656339168548583984375 HTTP/1.1" 200 0 "-" "WordPress/6.7.1; https://misswavenigeria.com"
165.231.182.52 - - [20/Jan/2025:01:13:55 -0500] "GET / HTTP/1.0" 200 109063 "https://misswavenigeria.com/" "Mozilla/5.0 (Windows NT 6.1) AppleWebKit/537.36 (KHTML, like Gecko) Chrome/103.0.5060.114 Safari/537.36"
165.231.182.52 - - [20/Jan/2025:01:13:58 -0500] "GET /register/ HTTP/1.0" 200 75934 "https://misswavenigeria.com/register/" "Mozilla/5.0 (Windows NT 6.1) AppleWebKit/537.36 (KHTML, like Gecko) Chrome/103.0.5060.114 Safari/537.36"
185.191.171.12 - - [20/Jan/2025:01:13:59 -0500] "GET /goods/4581119 HTTP/1.1" 404 18013 "-" "Mozilla/5.0 (compatible; SemrushBot/7~bl; +http://www.semrush.com/bot.html)"
85.208.96.201 - - [20/Jan/2025:01:14:05 -0500] "GET /goods/1403628 HTTP/1.1" 404 18013 "-" "Mozilla/5.0 (compatible; SemrushBot/7~bl; +http://www.semrush.com/bot.html)"
66.249.68.66 - - [20/Jan/2025:01:14:06 -0500] "GET /goods/2494695 HTTP/1.1" 200 67934 "-" "Mozilla/5.0 (Linux; Android 6.0.1; Nexus 5X Build/MMB29P) AppleWebKit/537.36 (KHTML, like Gecko) Chrome/132.0.6834.83 Mobile Safari/537.36 (compatible; Googlebot/2.1; +http://www.google.com/bot.html)"
66.29.132.124 - - [20/Jan/2025:01:14:17 -0500] "POST /wp-cron.php?doing_wp_cron=1737353657.6108510494232177734375 HTTP/1.1" 200 0 "-" "WordPress/6.7.1; https://misswavenigeria.com"
185.191.171.9 - - [20/Jan/2025:01:14:17 -0500] "GET /goods/2526745 HTTP/1.1" 404 18013 "-" "Mozilla/5.0 (compatible; SemrushBot/7~bl; +http://www.semrush.com/bot.html)"
66.29.132.124 - - [20/Jan/2025:01:14:17 -0500] "POST /wp-admin/admin-ajax.php?action=async_litespeed&nonce=BOEHAzhw8MCq8dJpiyJQVVQWbFXQY2jR&litespeed_type=imgoptm HTTP/1.1" 200 21 "-" "WordPress/6.7.1; https://misswavenigeria.com"
185.191.171.15 - - [20/Jan/2025:01:14:21 -0500] "GET /goods/1232285 HTTP/1.1" 404 18013 "-" "Mozilla/5.0 (compatible; SemrushBot/7~bl; +http://www.semrush.com/bot.html)"
66.29.132.124 - - [20/Jan/2025:01:14:57 -0500] "POST /wp-cron.php?doing_wp_cron=1737353697.4827969074249267578125 HTTP/1.1" 200 0 "-" "WordPress/6.7.1; https://misswavenigeria.com"
185.191.171.8 - - [20/Jan/2025:01:14:57 -0500] "GET /goods/2518155 HTTP/1.1" 404 18012 "-" "Mozilla/5.0 (compatible; SemrushBot/7~bl; +http://www.semrush.com/bot.html)"
85.208.96.203 - - [20/Jan/2025:01:14:59 -0500] "GET /goods/1758282 HTTP/1.1" 404 18013 "-" "Mozilla/5.0 (compatible; SemrushBot/7~bl; +http://www.semrush.com/bot.html)"
185.191.171.16 - - [20/Jan/2025:01:15:04 -0500] "GET /goods/3269058 HTTP/1.1" 404 18013 "-" "Mozilla/5.0 (compatible; SemrushBot/7~bl; +http://www.semrush.com/bot.html)"
66.249.79.168 - - [20/Jan/2025:01:15:17 -0500] "GET /show/4162568?keyword=%E3%83%8F%E3%83%B3%E3%83%89%E3%83%A1%E3%82%A4%E3%83%89%E3%83%BB%E6%89%8B%E8%8A%B8?keyword=%E3%82%B3%E3%82%B9%E3%83%A1%E3%83%BB%E7%BE%8E%E5%AE%B9 HTTP/1.1" 200 68498 "-" "Mozilla/5.0 (Linux; Android 6.0.1; Nexus 5X Build/MMB29P) AppleWebKit/537.36 (KHTML, like Gecko) Chrome/132.0.6834.83 Mobile Safari/537.36 (compatible; Googlebot/2.1; +http://www.google.com/bot.html)"
66.29.132.124 - - [20/Jan/2025:01:15:23 -0500] "POST /wp-cron.php?doing_wp_cron=1737353723.6189870834350585937500 HTTP/1.1" 200 0 "-" "WordPress/6.7.1; https://misswavenigeria.com"
185.191.171.9 - - [20/Jan/2025:01:15:22 -0500] "GET /goods/3511489 HTTP/1.1" 404 18013 "-" "Mozilla/5.0 (compatible; SemrushBot/7~bl; +http://www.semrush.com/bot.html)"
66.29.132.124 - - [20/Jan/2025:01:15:24 -0500] "POST /wp-admin/admin-ajax.php?action=async_litespeed&nonce=9JEjOvYi3GIJq3rxFPKPUW3sfhOlih1E&litespeed_type=imgoptm HTTP/1.1" 200 21 "-" "WordPress/6.7.1; https://misswavenigeria.com"
66.29.132.124 - - [20/Jan/2025:01:15:26 -0500] "POST /wp-cron.php?doing_wp_cron=1737353726.3928411006927490234375 HTTP/1.1" 200 0 "-" "WordPress/6.7.1; https://misswavenigeria.com"
85.208.96.207 - - [20/Jan/2025:01:15:26 -0500] "GET /goods/1747468 HTTP/1.1" 404 18012 "-" "Mozilla/5.0 (compatible; SemrushBot/7~bl; +http://www.semrush.com/bot.html)"
185.191.171.5 - - [20/Jan/2025:01:15:39 -0500] "GET /goods/1766190 HTTP/1.1" 404 18013 "-" "Mozilla/5.0 (compatible; SemrushBot/7~bl; +http://www.semrush.com/bot.html)"
66.249.79.35 - - [20/Jan/2025:01:15:45 -0500] "GET /goods/1345253 HTTP/1.1" 200 69591 "-" "Mozilla/5.0 (Linux; Android 6.0.1; Nexus 5X Build/MMB29P) AppleWebKit/537.36 (KHTML, like Gecko) Chrome/132.0.6834.83 Mobile Safari/537.36 (compatible; Googlebot/2.1; +http://www.google.com/bot.html)"
47.128.43.28 - - [20/Jan/2025:01:15:55 -0500] "GET /wp-includes/widgets/class-wp-widget-media.php HTTP/1.1" 500 0 "-" "Mozilla/5.0 (Linux; Android 5.0) AppleWebKit/537.36 (KHTML, like Gecko) Mobile Safari/537.36 (compatible; Bytespider; spider-feedback@bytedance.com)"
85.208.96.201 - - [20/Jan/2025:01:15:59 -0500] "GET /goods/107370 HTTP/1.1" 404 18012 "-" "Mozilla/5.0 (compatible; SemrushBot/7~bl; +http://www.semrush.com/bot.html)"
165.231.182.52 - - [20/Jan/2025:01:14:00 -0500] "POST /register/ HTTP/1.0" 200 76060 "https://misswavenigeria.com/register/" "Mozilla/5.0 (Windows NT 6.1) AppleWebKit/537.36 (KHTML, like Gecko) Chrome/103.0.5060.114 Safari/537.36"
66.29.132.124 - - [20/Jan/2025:01:16:23 -0500] "POST /wp-cron.php?doing_wp_cron=1737353783.3745410442352294921875 HTTP/1.1" 200 0 "-" "WordPress/6.7.1; https://misswavenigeria.com"
165.231.182.52 - - [20/Jan/2025:01:16:23 -0500] "GET /register/ HTTP/1.0" 200 75934 "https://misswavenigeria.com/" "Mozilla/5.0 (Windows NT 6.1) AppleWebKit/537.36 (KHTML, like Gecko) Chrome/103.0.5060.114 Safari/537.36"
66.29.132.124 - - [20/Jan/2025:01:16:23 -0500] "POST /wp-admin/admin-ajax.php?action=async_litespeed&nonce=cskBrZNv8ZckAOwi9CmCft0ShbSJkYAp&litespeed_type=imgoptm HTTP/1.1" 200 21 "-" "WordPress/6.7.1; https://misswavenigeria.com"
66.249.79.4 - - [20/Jan/2025:01:16:27 -0500] "GET /static/4655603 HTTP/1.1" 200 69778 "-" "Mozilla/5.0 (Linux; Android 6.0.1; Nexus 5X Build/MMB29P) AppleWebKit/537.36 (KHTML, like Gecko) Chrome/132.0.6834.83 Mobile Safari/537.36 (compatible; Googlebot/2.1; +http://www.google.com/bot.html)"
66.249.68.68 - - [20/Jan/2025:01:16:43 -0500] "GET /goods/4249227?keyword=full?keyword=%E3%82%B9%E3%82%AD%E3%83%B3%E3%82%B1%E3%82%A2%E3%83%BB%E5%9F%BA%E7%A4%8E%E5%8C%96%E7%B2%A7%E5%93%81 HTTP/1.1" 200 71079 "-" "Mozilla/5.0 (Linux; Android 6.0.1; Nexus 5X Build/MMB29P) AppleWebKit/537.36 (KHTML, like Gecko) Chrome/132.0.6834.83 Mobile Safari/537.36 (compatible; Googlebot/2.1; +http://www.google.com/bot.html)"
66.29.132.124 - - [20/Jan/2025:01:16:51 -0500] "POST /wp-cron.php?doing_wp_cron=1737353811.0931870937347412109375 HTTP/1.1" 200 0 "-" "WordPress/6.7.1; https://misswavenigeria.com"
165.231.182.52 - - [20/Jan/2025:01:16:50 -0500] "GET / HTTP/1.0" 200 109065 "https://misswavenigeria.com/" "Mozilla/5.0 (Windows NT 10.0; WOW64) AppleWebKit/537.36 (KHTML, like Gecko) Chrome/103.0.5060.114 Safari/537.36"
66.249.68.34 - - [20/Jan/2025:01:16:51 -0500] "GET /static/2217949 HTTP/1.1" 200 67688 "-" "Mozilla/5.0 (Linux; Android 6.0.1; Nexus 5X Build/MMB29P) AppleWebKit/537.36 (KHTML, like Gecko) Chrome/132.0.6834.83 Mobile Safari/537.36 (compatible; Googlebot/2.1; +http://www.google.com/bot.html)"
165.231.182.52 - - [20/Jan/2025:01:16:53 -0500] "GET /register/ HTTP/1.0" 200 75934 "https://misswavenigeria.com/register/" "Mozilla/5.0 (Windows NT 10.0; WOW64) AppleWebKit/537.36 (KHTML, like Gecko) Chrome/103.0.5060.114 Safari/537.36"
66.249.79.2 - - [20/Jan/2025:01:16:59 -0500] "GET /static/1854718 HTTP/1.1" 200 70864 "-" "Mozilla/5.0 (Linux; Android 6.0.1; Nexus 5X Build/MMB29P) AppleWebKit/537.36 (KHTML, like Gecko) Chrome/132.0.6834.83 Mobile Safari/537.36 (compatible; Googlebot/2.1; +http://www.google.com/bot.html)"
66.29.132.124 - - [20/Jan/2025:01:17:11 -0500] "POST /wp-cron.php?doing_wp_cron=1737353831.9152379035949707031250 HTTP/1.1" 200 0 "-" "WordPress/6.7.1; https://misswavenigeria.com"
85.208.96.200 - - [20/Jan/2025:01:17:11 -0500] "GET /goods/2902914 HTTP/1.1" 404 18012 "-" "Mozilla/5.0 (compatible; SemrushBot/7~bl; +http://www.semrush.com/bot.html)"
66.29.132.124 - - [20/Jan/2025:01:17:12 -0500] "POST /wp-admin/admin-ajax.php?action=async_litespeed&nonce=ySqJsSDMDcswOUIELKDZxjmCDBRPXUNv&litespeed_type=imgoptm HTTP/1.1" 200 21 "-" "WordPress/6.7.1; https://misswavenigeria.com"
66.249.68.68 - - [20/Jan/2025:01:17:21 -0500] "GET /goods/3936748 HTTP/1.1" 200 67376 "-" "Mozilla/5.0 (Linux; Android 6.0.1; Nexus 5X Build/MMB29P) AppleWebKit/537.36 (KHTML, like Gecko) Chrome/132.0.6834.83 Mobile Safari/537.36 (compatible; Googlebot/2.1; +http://www.google.com/bot.html)"
66.249.79.3 - - [20/Jan/2025:01:17:36 -0500] "GET /static/3905063?keyword=%E5%8D%B3%E6%B1%BA?keyword=%E7%99%BD HTTP/1.1" 200 69299 "-" "Mozilla/5.0 (Linux; Android 6.0.1; Nexus 5X Build/MMB29P) AppleWebKit/537.36 (KHTML, like Gecko) Chrome/132.0.6834.83 Mobile Safari/537.36 (compatible; Googlebot/2.1; +http://www.google.com/bot.html)"
66.29.132.124 - - [20/Jan/2025:01:17:46 -0500] "POST /wp-cron.php?doing_wp_cron=1737353866.7360320091247558593750 HTTP/1.1" 200 0 "-" "WordPress/6.7.1; https://misswavenigeria.com"
185.191.171.4 - - [20/Jan/2025:01:17:46 -0500] "GET /goods/4580323 HTTP/1.1" 404 18012 "-" "Mozilla/5.0 (compatible; SemrushBot/7~bl; +http://www.semrush.com/bot.html)"
185.191.171.14 - - [20/Jan/2025:01:18:03 -0500] "GET /goods/523454 HTTP/1.1" 404 18013 "-" "Mozilla/5.0 (compatible; SemrushBot/7~bl; +http://www.semrush.com/bot.html)"
66.29.132.124 - - [20/Jan/2025:01:18:15 -0500] "POST /wp-cron.php?doing_wp_cron=1737353895.6727399826049804687500 HTTP/1.1" 200 0 "-" "WordPress/6.7.1; https://misswavenigeria.com"
85.208.96.196 - - [20/Jan/2025:01:18:15 -0500] "GET /goods/3494009 HTTP/1.1" 404 18013 "-" "Mozilla/5.0 (compatible; SemrushBot/7~bl; +http://www.semrush.com/bot.html)"
66.29.132.124 - - [20/Jan/2025:01:18:15 -0500] "POST /wp-admin/admin-ajax.php?action=async_litespeed&nonce=bLMaLNvA5tmbBXPz75xqfQeKe8EyIFFn&litespeed_type=imgoptm HTTP/1.1" 200 21 "-" "WordPress/6.7.1; https://misswavenigeria.com"
165.231.182.52 - - [20/Jan/2025:01:16:55 -0500] "POST /register/ HTTP/1.0" 200 76060 "https://misswavenigeria.com/register/" "Mozilla/5.0 (Windows NT 10.0; WOW64) AppleWebKit/537.36 (KHTML, like Gecko) Chrome/103.0.5060.114 Safari/537.36"
165.231.182.52 - - [20/Jan/2025:01:18:19 -0500] "GET /register/ HTTP/1.0" 200 75934 "https://misswavenigeria.com/" "Mozilla/5.0 (Windows NT 10.0; WOW64) AppleWebKit/537.36 (KHTML, like Gecko) Chrome/103.0.5060.114 Safari/537.36"
66.249.79.168 - - [20/Jan/2025:01:18:18 -0500] "GET /static/746518?keyword=%E5%AE%9F%E4%BD%BF%E7%94%A8?keyword=AirPods HTTP/1.1" 200 68066 "-" "Mozilla/5.0 (Linux; Android 6.0.1; Nexus 5X Build/MMB29P) AppleWebKit/537.36 (KHTML, like Gecko) Chrome/132.0.6834.83 Mobile Safari/537.36 (compatible; Googlebot/2.1; +http://www.google.com/bot.html)"
66.29.132.124 - - [20/Jan/2025:01:18:28 -0500] "POST /wp-cron.php?doing_wp_cron=1737353908.1935360431671142578125 HTTP/1.1" 200 0 "-" "WordPress/6.7.1; https://misswavenigeria.com"
85.208.96.203 - - [20/Jan/2025:01:18:28 -0500] "GET /goods/663113 HTTP/1.1" 404 18013 "-" "Mozilla/5.0 (compatible; SemrushBot/7~bl; +http://www.semrush.com/bot.html)"
66.249.68.35 - - [20/Jan/2025:01:18:32 -0500] "GET /goods/1603127 HTTP/1.1" 200 68819 "-" "Mozilla/5.0 (Linux; Android 6.0.1; Nexus 5X Build/MMB29P) AppleWebKit/537.36 (KHTML, like Gecko) Chrome/132.0.6834.83 Mobile Safari/537.36 (compatible; Googlebot/2.1; +http://www.google.com/bot.html)"
85.208.96.212 - - [20/Jan/2025:01:18:37 -0500] "GET /goods/4490754 HTTP/1.1" 404 18013 "-" "Mozilla/5.0 (compatible; SemrushBot/7~bl; +http://www.semrush.com/bot.html)"
85.208.96.196 - - [20/Jan/2025:01:18:43 -0500] "GET /goods/1813090 HTTP/1.1" 404 18013 "-" "Mozilla/5.0 (compatible; SemrushBot/7~bl; +http://www.semrush.com/bot.html)"
85.208.96.212 - - [20/Jan/2025:01:18:52 -0500] "GET /goods/788965 HTTP/1.1" 404 18013 "-" "Mozilla/5.0 (compatible; SemrushBot/7~bl; +http://www.semrush.com/bot.html)"
66.249.79.168 - - [20/Jan/2025:01:18:52 -0500] "GET /goods/101504 HTTP/1.1" 200 70304 "-" "Mozilla/5.0 (Linux; Android 6.0.1; Nexus 5X Build/MMB29P) AppleWebKit/537.36 (KHTML, like Gecko) Chrome/132.0.6834.83 Mobile Safari/537.36 (compatible; Googlebot/2.1; +http://www.google.com/bot.html)"
52.167.144.64 - - [20/Jan/2025:01:19:22 -0500] "GET /robots.txt HTTP/1.1" 200 103 "-" "Mozilla/5.0 AppleWebKit/537.36 (KHTML, like Gecko; compatible; bingbot/2.0; +http://www.bing.com/bingbot.htm) Chrome/116.0.1938.76 Safari/537.36"
52.167.144.64 - - [20/Jan/2025:01:19:22 -0500] "GET /robots.txt HTTP/1.1" 200 103 "-" "Mozilla/5.0 AppleWebKit/537.36 (KHTML, like Gecko; compatible; bingbot/2.0; +http://www.bing.com/bingbot.htm) Chrome/116.0.1938.76 Safari/537.36"
66.29.132.124 - - [20/Jan/2025:01:19:23 -0500] "POST /wp-cron.php?doing_wp_cron=1737353963.8165678977966308593750 HTTP/1.1" 200 0 "-" "WordPress/6.7.1; https://misswavenigeria.com"
85.208.96.204 - - [20/Jan/2025:01:19:23 -0500] "GET /goods/1719977 HTTP/1.1" 404 18019 "-" "Mozilla/5.0 (compatible; SemrushBot/7~bl; +http://www.semrush.com/bot.html)"
66.29.132.124 - - [20/Jan/2025:01:19:24 -0500] "POST /wp-admin/admin-ajax.php?action=async_litespeed&nonce=3n4Hfzm5gRYBXgJTQi4Me4iwUEyFFwFo&litespeed_type=imgoptm HTTP/1.1" 200 21 "-" "WordPress/6.7.1; https://misswavenigeria.com"
66.29.132.124 - - [20/Jan/2025:01:19:27 -0500] "POST /wp-cron.php?doing_wp_cron=1737353967.5056419372558593750000 HTTP/1.1" 200 0 "-" "WordPress/6.7.1; https://misswavenigeria.com"
185.191.171.17 - - [20/Jan/2025:01:19:27 -0500] "GET /goods/3455279 HTTP/1.1" 404 18013 "-" "Mozilla/5.0 (compatible; SemrushBot/7~bl; +http://www.semrush.com/bot.html)"
66.249.79.32 - - [20/Jan/2025:01:19:27 -0500] "GET /static/2336550 HTTP/1.1" 200 70612 "-" "Mozilla/5.0 (Linux; Android 6.0.1; Nexus 5X Build/MMB29P) AppleWebKit/537.36 (KHTML, like Gecko) Chrome/132.0.6834.83 Mobile Safari/537.36 (compatible; Googlebot/2.1; +http://www.google.com/bot.html)"
207.46.13.116 - - [20/Jan/2025:01:19:33 -0500] "GET /wp-includes/images/?SA HTTP/1.1" 200 1506 "-" "Mozilla/5.0 AppleWebKit/537.36 (KHTML, like Gecko; compatible; bingbot/2.0; +http://www.bing.com/bingbot.htm) Chrome/116.0.1938.76 Safari/537.36"
165.231.182.52 - - [20/Jan/2025:01:19:39 -0500] "GET / HTTP/1.0" 200 109065 "https://misswavenigeria.com/" "Mozilla/5.0 (Windows NT 10.0; Win64; x64) AppleWebKit/537.36 (KHTML, like Gecko) Chrome/103.0.5060.66 Safari/537.36"
165.231.182.52 - - [20/Jan/2025:01:19:41 -0500] "GET /register/ HTTP/1.0" 200 75934 "https://misswavenigeria.com/register/" "Mozilla/5.0 (Windows NT 10.0; Win64; x64) AppleWebKit/537.36 (KHTML, like Gecko) Chrome/103.0.5060.66 Safari/537.36"
185.191.171.6 - - [20/Jan/2025:01:19:44 -0500] "GET /goods/1208090 HTTP/1.1" 404 18013 "-" "Mozilla/5.0 (compatible; SemrushBot/7~bl; +http://www.semrush.com/bot.html)"
47.128.45.34 - - [20/Jan/2025:01:19:55 -0500] "GET /wp-includes/customize/class-wp-customize-selective-refresh.php HTTP/1.1" 200 0 "-" "Mozilla/5.0 (Linux; Android 5.0) AppleWebKit/537.36 (KHTML, like Gecko) Mobile Safari/537.36 (compatible; Bytespider; spider-feedback@bytedance.com)"
66.249.68.34 - - [20/Jan/2025:01:20:05 -0500] "GET /static/2579818 HTTP/1.1" 200 67214 "-" "Mozilla/5.0 (Linux; Android 6.0.1; Nexus 5X Build/MMB29P) AppleWebKit/537.36 (KHTML, like Gecko) Chrome/132.0.6834.83 Mobile Safari/537.36 (compatible; Googlebot/2.1; +http://www.google.com/bot.html)"
66.29.132.124 - - [20/Jan/2025:01:20:11 -0500] "POST /wp-cron.php?doing_wp_cron=1737354010.5837609767913818359375 HTTP/1.1" 200 0 "-" "WordPress/6.7.1; https://misswavenigeria.com"
185.191.171.7 - - [20/Jan/2025:01:20:09 -0500] "GET /goods/1789851 HTTP/1.1" 404 18012 "-" "Mozilla/5.0 (compatible; SemrushBot/7~bl; +http://www.semrush.com/bot.html)"
185.191.171.16 - - [20/Jan/2025:01:20:17 -0500] "GET /goods/2771375 HTTP/1.1" 404 18013 "-" "Mozilla/5.0 (compatible; SemrushBot/7~bl; +http://www.semrush.com/bot.html)"
66.249.79.204 - - [20/Jan/2025:01:20:32 -0500] "GET /goods/2250554 HTTP/1.1" 200 72458 "-" "Mozilla/5.0 (Linux; Android 6.0.1; Nexus 5X Build/MMB29P) AppleWebKit/537.36 (KHTML, like Gecko) Chrome/132.0.6834.83 Mobile Safari/537.36 (compatible; Googlebot/2.1; +http://www.google.com/bot.html)"
85.208.96.197 - - [20/Jan/2025:01:20:44 -0500] "GET /goods/3377686 HTTP/1.1" 404 18013 "-" "Mozilla/5.0 (compatible; SemrushBot/7~bl; +http://www.semrush.com/bot.html)"
66.249.79.34 - - [20/Jan/2025:01:20:55 -0500] "GET /goods/3295212?keyword=%E7%9C%8B%E6%9D%BF HTTP/1.1" 200 68348 "-" "Mozilla/5.0 (Linux; Android 6.0.1; Nexus 5X Build/MMB29P) AppleWebKit/537.36 (KHTML, like Gecko) Chrome/132.0.6834.83 Mobile Safari/537.36 (compatible; Googlebot/2.1; +http://www.google.com/bot.html)"
66.249.79.170 - - [20/Jan/2025:01:21:02 -0500] "GET /goods/2656581?keyword=1/32 HTTP/1.1" 200 69277 "-" "Mozilla/5.0 (Linux; Android 6.0.1; Nexus 5X Build/MMB29P) AppleWebKit/537.36 (KHTML, like Gecko) Chrome/132.0.6834.83 Mobile Safari/537.36 (compatible; Googlebot/2.1; +http://www.google.com/bot.html)"
66.249.68.66 - - [20/Jan/2025:01:21:09 -0500] "GET /goods/448511 HTTP/1.1" 200 70772 "-" "Mozilla/5.0 (Linux; Android 6.0.1; Nexus 5X Build/MMB29P) AppleWebKit/537.36 (KHTML, like Gecko) Chrome/132.0.6834.83 Mobile Safari/537.36 (compatible; Googlebot/2.1; +http://www.google.com/bot.html)"
66.29.132.124 - - [20/Jan/2025:01:21:28 -0500] "POST /wp-cron.php?doing_wp_cron=1737354087.9960210323333740234375 HTTP/1.1" 200 0 "-" "WordPress/6.7.1; https://misswavenigeria.com"
85.208.96.195 - - [20/Jan/2025:01:21:27 -0500] "GET /goods/3168295 HTTP/1.1" 404 18013 "-" "Mozilla/5.0 (compatible; SemrushBot/7~bl; +http://www.semrush.com/bot.html)"
66.29.132.124 - - [20/Jan/2025:01:21:28 -0500] "POST /wp-admin/admin-ajax.php?action=async_litespeed&nonce=cs4w1RoMuTXrpDR6jnAGgZeNi4ehf5IL&litespeed_type=imgoptm HTTP/1.1" 200 21 "-" "WordPress/6.7.1; https://misswavenigeria.com"
66.249.79.195 - - [20/Jan/2025:01:21:29 -0500] "GET /goods/2479835 HTTP/1.1" 200 69045 "-" "Mozilla/5.0 (Linux; Android 6.0.1; Nexus 5X Build/MMB29P) AppleWebKit/537.36 (KHTML, like Gecko) Chrome/132.0.6834.83 Mobile Safari/537.36 (compatible; Googlebot/2.1; +http://www.google.com/bot.html)"
165.231.182.52 - - [20/Jan/2025:01:19:43 -0500] "POST /register/ HTTP/1.0" 200 76060 "https://misswavenigeria.com/register/" "Mozilla/5.0 (Windows NT 10.0; Win64; x64) AppleWebKit/537.36 (KHTML, like Gecko) Chrome/103.0.5060.66 Safari/537.36"
165.231.182.52 - - [20/Jan/2025:01:22:00 -0500] "GET /register/ HTTP/1.0" 200 75934 "https://misswavenigeria.com/" "Mozilla/5.0 (Windows NT 10.0; Win64; x64) AppleWebKit/537.36 (KHTML, like Gecko) Chrome/103.0.5060.66 Safari/537.36"
85.208.96.195 - - [20/Jan/2025:01:22:03 -0500] "GET /goods/2830181 HTTP/1.1" 404 18013 "-" "Mozilla/5.0 (compatible; SemrushBot/7~bl; +http://www.semrush.com/bot.html)"
85.208.96.203 - - [20/Jan/2025:01:22:08 -0500] "GET /goods/4188652 HTTP/1.1" 404 18013 "-" "Mozilla/5.0 (compatible; SemrushBot/7~bl; +http://www.semrush.com/bot.html)"
66.29.132.124 - - [20/Jan/2025:01:22:12 -0500] "POST /wp-cron.php?doing_wp_cron=1737354132.4967970848083496093750 HTTP/1.1" 200 0 "-" "WordPress/6.7.1; https://misswavenigeria.com"
185.191.171.7 - - [20/Jan/2025:01:22:12 -0500] "GET /goods/679836 HTTP/1.1" 404 18012 "-" "Mozilla/5.0 (compatible; SemrushBot/7~bl; +http://www.semrush.com/bot.html)"
66.29.132.124 - - [20/Jan/2025:01:22:12 -0500] "POST /wp-admin/admin-ajax.php?action=async_litespeed&nonce=3e2bTZxYgrwFdNRkzl538UvexyD6OSqX&litespeed_type=imgoptm HTTP/1.1" 200 21 "-" "WordPress/6.7.1; https://misswavenigeria.com"
85.208.96.200 - - [20/Jan/2025:01:22:14 -0500] "GET /goods/3201190 HTTP/1.1" 404 18013 "-" "Mozilla/5.0 (compatible; SemrushBot/7~bl; +http://www.semrush.com/bot.html)"
66.249.79.3 - - [20/Jan/2025:01:22:13 -0500] "GET /goods/4560536 HTTP/1.1" 200 70302 "-" "Mozilla/5.0 (Linux; Android 6.0.1; Nexus 5X Build/MMB29P) AppleWebKit/537.36 (KHTML, like Gecko) Chrome/132.0.6834.83 Mobile Safari/537.36 (compatible; Googlebot/2.1; +http://www.google.com/bot.html)"
185.191.171.16 - - [20/Jan/2025:01:22:18 -0500] "GET /goods/2960134 HTTP/1.1" 404 18013 "-" "Mozilla/5.0 (compatible; SemrushBot/7~bl; +http://www.semrush.com/bot.html)"
66.29.132.124 - - [20/Jan/2025:01:22:34 -0500] "POST /wp-cron.php?doing_wp_cron=1737354154.2091059684753417968750 HTTP/1.1" 200 0 "-" "WordPress/6.7.1; https://misswavenigeria.com"
165.231.182.52 - - [20/Jan/2025:01:22:33 -0500] "GET / HTTP/1.0" 200 109065 "https://misswavenigeria.com/" "Mozilla/5.0 (Windows NT 10.0; Win64; x64) AppleWebKit/537.36 (KHTML, like Gecko) Chrome/103.0.0.0 Safari/537.36 OpenWave/97.4.2043.44"
165.231.182.52 - - [20/Jan/2025:01:22:36 -0500] "GET /register/ HTTP/1.0" 200 75934 "https://misswavenigeria.com/register/" "Mozilla/5.0 (Windows NT 10.0; Win64; x64) AppleWebKit/537.36 (KHTML, like Gecko) Chrome/103.0.0.0 Safari/537.36 OpenWave/97.4.2043.44"
66.29.132.124 - - [20/Jan/2025:01:23:22 -0500] "POST /wp-cron.php?doing_wp_cron=1737354202.1545639038085937500000 HTTP/1.1" 200 0 "-" "WordPress/6.7.1; https://misswavenigeria.com"
85.208.96.199 - - [20/Jan/2025:01:23:21 -0500] "GET /goods/907350 HTTP/1.1" 404 18013 "-" "Mozilla/5.0 (compatible; SemrushBot/7~bl; +http://www.semrush.com/bot.html)"
66.29.132.124 - - [20/Jan/2025:01:23:22 -0500] "POST /wp-admin/admin-ajax.php?action=async_litespeed&nonce=NJnIL7sCnR24OdFblELwFU3IEmPrk20a&litespeed_type=imgoptm HTTP/1.1" 200 21 "-" "WordPress/6.7.1; https://misswavenigeria.com"
85.208.96.207 - - [20/Jan/2025:01:23:24 -0500] "GET /goods/661653 HTTP/1.1" 404 18013 "-" "Mozilla/5.0 (compatible; SemrushBot/7~bl; +http://www.semrush.com/bot.html)"
66.249.68.5 - - [20/Jan/2025:01:23:33 -0500] "GET /static/130648?keyword=%E3%80%90%E6%89%87%E5%B1%8B%E3%80%91%E4%B8%AD%E5%B7%9D%E8%87%AA%E7%84%B6%E5%9D%8A%E3%80%8C%E6%96%91%E5%94%90%E6%B4%A5 HTTP/1.1" 200 68609 "-" "Mozilla/5.0 (Linux; Android 6.0.1; Nexus 5X Build/MMB29P) AppleWebKit/537.36 (KHTML, like Gecko) Chrome/132.0.6834.83 Mobile Safari/537.36 (compatible; Googlebot/2.1; +http://www.google.com/bot.html)"
66.29.132.124 - - [20/Jan/2025:01:23:39 -0500] "POST /wp-cron.php?doing_wp_cron=1737354219.7517259120941162109375 HTTP/1.1" 200 0 "-" "WordPress/6.7.1; https://misswavenigeria.com"
185.191.171.19 - - [20/Jan/2025:01:23:39 -0500] "GET /goods/582840 HTTP/1.1" 404 18013 "-" "Mozilla/5.0 (compatible; SemrushBot/7~bl; +http://www.semrush.com/bot.html)"
66.249.79.195 - - [20/Jan/2025:01:23:39 -0500] "GET /goods/174126 HTTP/1.1" 200 69210 "-" "Mozilla/5.0 (Linux; Android 6.0.1; Nexus 5X Build/MMB29P) AppleWebKit/537.36 (KHTML, like Gecko) Chrome/132.0.6834.83 Mobile Safari/537.36 (compatible; Googlebot/2.1; +http://www.google.com/bot.html)"
85.208.96.198 - - [20/Jan/2025:01:23:42 -0500] "GET /goods/4264148 HTTP/1.1" 404 18012 "-" "Mozilla/5.0 (compatible; SemrushBot/7~bl; +http://www.semrush.com/bot.html)"
185.191.171.4 - - [20/Jan/2025:01:23:47 -0500] "GET /goods/1528946 HTTP/1.1" 404 18013 "-" "Mozilla/5.0 (compatible; SemrushBot/7~bl; +http://www.semrush.com/bot.html)"
66.249.79.3 - - [20/Jan/2025:01:23:47 -0500] "GET /?product=recuperation11370821-853 HTTP/1.1" 200 68471 "-" "Mozilla/5.0 (Linux; Android 6.0.1; Nexus 5X Build/MMB29P) AppleWebKit/537.36 (KHTML, like Gecko) Chrome/132.0.6834.83 Mobile Safari/537.36 (compatible; Googlebot/2.1; +http://www.google.com/bot.html)"
47.128.60.221 - - [20/Jan/2025:01:23:56 -0500] "GET /wp-includes/class-http.php HTTP/1.1" 500 0 "-" "Mozilla/5.0 (Linux; Android 5.0) AppleWebKit/537.36 (KHTML, like Gecko) Mobile Safari/537.36 (compatible; Bytespider; spider-feedback@bytedance.com)"
66.249.79.4 - - [20/Jan/2025:01:24:18 -0500] "GET /goods/4322989 HTTP/1.1" 200 66848 "-" "Mozilla/5.0 (compatible; Googlebot/2.1; +http://www.google.com/bot.html)"
66.29.132.124 - - [20/Jan/2025:01:24:22 -0500] "POST /wp-cron.php?doing_wp_cron=1737354262.9553759098052978515625 HTTP/1.1" 200 0 "-" "WordPress/6.7.1; https://misswavenigeria.com"
85.208.96.212 - - [20/Jan/2025:01:24:22 -0500] "GET /goods/1686802 HTTP/1.1" 404 18013 "-" "Mozilla/5.0 (compatible; SemrushBot/7~bl; +http://www.semrush.com/bot.html)"
66.29.132.124 - - [20/Jan/2025:01:24:23 -0500] "POST /wp-admin/admin-ajax.php?action=async_litespeed&nonce=WfRcHhovLlLR3EI9XSYP9Zg2KUfIOwF9&litespeed_type=imgoptm HTTP/1.1" 200 21 "-" "WordPress/6.7.1; https://misswavenigeria.com"
66.29.132.124 - - [20/Jan/2025:01:24:30 -0500] "POST /wp-cron.php?doing_wp_cron=1737354270.1168189048767089843750 HTTP/1.1" 200 0 "-" "WordPress/6.7.1; https://misswavenigeria.com"
185.191.171.10 - - [20/Jan/2025:01:24:29 -0500] "GET /goods/2260942 HTTP/1.1" 404 18012 "-" "Mozilla/5.0 (compatible; SemrushBot/7~bl; +http://www.semrush.com/bot.html)"
165.231.182.52 - - [20/Jan/2025:01:22:38 -0500] "POST /register/ HTTP/1.0" 200 76060 "https://misswavenigeria.com/register/" "Mozilla/5.0 (Windows NT 10.0; Win64; x64) AppleWebKit/537.36 (KHTML, like Gecko) Chrome/103.0.0.0 Safari/537.36 OpenWave/97.4.2043.44"
165.231.182.52 - - [20/Jan/2025:01:24:33 -0500] "GET /register/ HTTP/1.0" 200 75934 "https://misswavenigeria.com/" "Mozilla/5.0 (Windows NT 10.0; Win64; x64) AppleWebKit/537.36 (KHTML, like Gecko) Chrome/103.0.0.0 Safari/537.36 OpenWave/97.4.2043.44"
66.249.68.3 - - [20/Jan/2025:01:24:46 -0500] "GET /goods/1995914 HTTP/1.1" 200 68238 "-" "Mozilla/5.0 (Linux; Android 6.0.1; Nexus 5X Build/MMB29P) AppleWebKit/537.36 (KHTML, like Gecko) Chrome/132.0.6834.83 Mobile Safari/537.36 (compatible; Googlebot/2.1; +http://www.google.com/bot.html)"
66.249.79.105 - - [20/Jan/2025:01:24:54 -0500] "GET /goods/3655877 HTTP/1.1" 200 68278 "-" "Mozilla/5.0 (Linux; Android 6.0.1; Nexus 5X Build/MMB29P) AppleWebKit/537.36 (KHTML, like Gecko) Chrome/132.0.6834.83 Mobile Safari/537.36 (compatible; Googlebot/2.1; +http://www.google.com/bot.html)"
66.249.79.4 - - [20/Jan/2025:01:25:02 -0500] "GET /?product=tenet9506363-184 HTTP/1.1" 200 70917 "-" "Mozilla/5.0 (Linux; Android 6.0.1; Nexus 5X Build/MMB29P) AppleWebKit/537.36 (KHTML, like Gecko) Chrome/132.0.6834.83 Mobile Safari/537.36 (compatible; Googlebot/2.1; +http://www.google.com/bot.html)"
66.29.132.124 - - [20/Jan/2025:01:25:23 -0500] "POST /wp-cron.php?doing_wp_cron=1737354323.3068249225616455078125 HTTP/1.1" 200 0 "-" "WordPress/6.7.1; https://misswavenigeria.com"
185.191.171.16 - - [20/Jan/2025:01:25:23 -0500] "GET /goods/1955736 HTTP/1.1" 404 18013 "-" "Mozilla/5.0 (compatible; SemrushBot/7~bl; +http://www.semrush.com/bot.html)"
66.29.132.124 - - [20/Jan/2025:01:25:23 -0500] "POST /wp-admin/admin-ajax.php?action=async_litespeed&nonce=a5Q6fMs63VeEh9B1zDrJvXLuSw8PVaBn&litespeed_type=imgoptm HTTP/1.1" 200 21 "-" "WordPress/6.7.1; https://misswavenigeria.com"
66.29.132.124 - - [20/Jan/2025:01:25:28 -0500] "POST /wp-cron.php?doing_wp_cron=1737354328.9520299434661865234375 HTTP/1.1" 200 0 "-" "WordPress/6.7.1; https://misswavenigeria.com"
165.231.182.52 - - [20/Jan/2025:01:25:28 -0500] "GET / HTTP/1.0" 200 109067 "https://misswavenigeria.com/" "Mozilla/5.0 (Windows NT 6.1) AppleWebKit/537.36 (KHTML, like Gecko) Chrome/103.0.5060.114 Safari/537.36"
165.231.182.52 - - [20/Jan/2025:01:25:31 -0500] "GET /register/ HTTP/1.0" 200 75934 "https://misswavenigeria.com/register/" "Mozilla/5.0 (Windows NT 6.1) AppleWebKit/537.36 (KHTML, like Gecko) Chrome/103.0.5060.114 Safari/537.36"
185.191.171.2 - - [20/Jan/2025:01:25:38 -0500] "GET /goods/3773541 HTTP/1.1" 404 18013 "-" "Mozilla/5.0 (compatible; SemrushBot/7~bl; +http://www.semrush.com/bot.html)"
66.249.68.34 - - [20/Jan/2025:01:25:45 -0500] "GET /goods/2795368?keyword=AWESOME HTTP/1.1" 200 70616 "-" "Mozilla/5.0 (Linux; Android 6.0.1; Nexus 5X Build/MMB29P) AppleWebKit/537.36 (KHTML, like Gecko) Chrome/132.0.6834.83 Mobile Safari/537.36 (compatible; Googlebot/2.1; +http://www.google.com/bot.html)"
66.249.68.34 - - [20/Jan/2025:01:25:52 -0500] "GET /goods/65341?keyword=%E6%9C%AC%E3%83%BB%E9%9B%91%E8%AA%8C%E3%83%BB%E6%BC%AB%E7%94%BB HTTP/1.1" 200 69436 "-" "Mozilla/5.0 (Linux; Android 6.0.1; Nexus 5X Build/MMB29P) AppleWebKit/537.36 (KHTML, like Gecko) Chrome/132.0.6834.83 Mobile Safari/537.36 (compatible; Googlebot/2.1; +http://www.google.com/bot.html)"
66.29.132.124 - - [20/Jan/2025:01:26:15 -0500] "POST /wp-cron.php?doing_wp_cron=1737354375.4813809394836425781250 HTTP/1.1" 200 0 "-" "WordPress/6.7.1; https://misswavenigeria.com"
85.208.96.205 - - [20/Jan/2025:01:26:15 -0500] "GET /goods/3756736 HTTP/1.1" 404 18013 "-" "Mozilla/5.0 (compatible; SemrushBot/7~bl; +http://www.semrush.com/bot.html)"
66.29.132.124 - - [20/Jan/2025:01:26:15 -0500] "POST /wp-admin/admin-ajax.php?action=async_litespeed&nonce=4aXPY9PWTftqhOKk3uHJ3tt4HTPPrL8X&litespeed_type=imgoptm HTTP/1.1" 200 21 "-" "WordPress/6.7.1; https://misswavenigeria.com"
85.208.96.198 - - [20/Jan/2025:01:26:18 -0500] "GET /goods/1290360 HTTP/1.1" 404 18013 "-" "Mozilla/5.0 (compatible; SemrushBot/7~bl; +http://www.semrush.com/bot.html)"
66.29.132.124 - - [20/Jan/2025:01:26:34 -0500] "POST /wp-cron.php?doing_wp_cron=1737354394.3815360069274902343750 HTTP/1.1" 200 0 "-" "WordPress/6.7.1; https://misswavenigeria.com"
85.208.96.205 - - [20/Jan/2025:01:26:34 -0500] "GET /goods/4782600 HTTP/1.1" 404 18013 "-" "Mozilla/5.0 (compatible; SemrushBot/7~bl; +http://www.semrush.com/bot.html)"
85.208.96.205 - - [20/Jan/2025:01:26:36 -0500] "GET /goods/1633857 HTTP/1.1" 404 18013 "-" "Mozilla/5.0 (compatible; SemrushBot/7~bl; +http://www.semrush.com/bot.html)"
85.208.96.212 - - [20/Jan/2025:01:26:57 -0500] "GET /goods/1818387 HTTP/1.1" 404 18012 "-" "Mozilla/5.0 (compatible; SemrushBot/7~bl; +http://www.semrush.com/bot.html)"
165.231.182.52 - - [20/Jan/2025:01:25:33 -0500] "POST /register/ HTTP/1.0" 200 76060 "https://misswavenigeria.com/register/" "Mozilla/5.0 (Windows NT 6.1) AppleWebKit/537.36 (KHTML, like Gecko) Chrome/103.0.5060.114 Safari/537.36"
66.29.132.124 - - [20/Jan/2025:01:27:11 -0500] "POST /wp-cron.php?doing_wp_cron=1737354431.5173630714416503906250 HTTP/1.1" 200 0 "-" "WordPress/6.7.1; https://misswavenigeria.com"
165.231.182.52 - - [20/Jan/2025:01:27:11 -0500] "GET /register/ HTTP/1.0" 200 75934 "https://misswavenigeria.com/" "Mozilla/5.0 (Windows NT 6.1) AppleWebKit/537.36 (KHTML, like Gecko) Chrome/103.0.5060.114 Safari/537.36"
66.29.132.124 - - [20/Jan/2025:01:27:11 -0500] "POST /wp-admin/admin-ajax.php?action=async_litespeed&nonce=3qv6Dqr9DrbCjDqcfhUidZgMv8oyXS5i&litespeed_type=imgoptm HTTP/1.1" 200 21 "-" "WordPress/6.7.1; https://misswavenigeria.com"
85.208.96.202 - - [20/Jan/2025:01:27:17 -0500] "GET /goods/3724195 HTTP/1.1" 404 18013 "-" "Mozilla/5.0 (compatible; SemrushBot/7~bl; +http://www.semrush.com/bot.html)"
185.191.171.3 - - [20/Jan/2025:01:27:23 -0500] "GET /goods/2112777 HTTP/1.1" 404 18013 "-" "Mozilla/5.0 (compatible; SemrushBot/7~bl; +http://www.semrush.com/bot.html)"
66.29.132.124 - - [20/Jan/2025:01:27:47 -0500] "POST /wp-cron.php?doing_wp_cron=1737354467.0351641178131103515625 HTTP/1.1" 200 0 "-" "WordPress/6.7.1; https://misswavenigeria.com"
185.191.171.5 - - [20/Jan/2025:01:27:46 -0500] "GET /goods/3822001 HTTP/1.1" 404 18013 "-" "Mozilla/5.0 (compatible; SemrushBot/7~bl; +http://www.semrush.com/bot.html)"
47.128.122.218 - - [20/Jan/2025:01:27:56 -0500] "GET /wp-includes/sodium_compat/src/Core/Poly1305.php HTTP/1.1" 500 0 "-" "Mozilla/5.0 (Linux; Android 5.0) AppleWebKit/537.36 (KHTML, like Gecko) Mobile Safari/537.36 (compatible; Bytespider; spider-feedback@bytedance.com)"
85.208.96.201 - - [20/Jan/2025:01:27:56 -0500] "GET /goods/1674379 HTTP/1.1" 404 18012 "-" "Mozilla/5.0 (compatible; SemrushBot/7~bl; +http://www.semrush.com/bot.html)"
66.249.79.5 - - [20/Jan/2025:01:27:58 -0500] "GET /goods/576966?keyword=%E3%83%80%E3%82%A4%E3%82%BD%E3%83%BC HTTP/1.1" 200 69166 "-" "Mozilla/5.0 (Linux; Android 6.0.1; Nexus 5X Build/MMB29P) AppleWebKit/537.36 (KHTML, like Gecko) Chrome/132.0.6834.83 Mobile Safari/537.36 (compatible; Googlebot/2.1; +http://www.google.com/bot.html)"
85.208.96.212 - - [20/Jan/2025:01:28:04 -0500] "GET /goods/619654 HTTP/1.1" 404 18012 "-" "Mozilla/5.0 (compatible; SemrushBot/7~bl; +http://www.semrush.com/bot.html)"
66.29.132.124 - - [20/Jan/2025:01:28:23 -0500] "POST /wp-cron.php?doing_wp_cron=1737354503.0015509128570556640625 HTTP/1.1" 200 0 "-" "WordPress/6.7.1; https://misswavenigeria.com"
165.231.182.52 - - [20/Jan/2025:01:28:22 -0500] "GET / HTTP/1.0" 200 109065 "https://misswavenigeria.com/" "Mozilla/5.0 (Windows NT 6.3; Win64; x64) AppleWebKit/537.36 (KHTML, like Gecko) Chrome/103.0.5060.53 Safari/537.36"
66.29.132.124 - - [20/Jan/2025:01:28:23 -0500] "POST /wp-admin/admin-ajax.php?action=async_litespeed&nonce=1IFLEOJzdrgKAN31FkKF9IBMy4ILT4GG&litespeed_type=imgoptm HTTP/1.1" 200 21 "-" "WordPress/6.7.1; https://misswavenigeria.com"
165.231.182.52 - - [20/Jan/2025:01:28:25 -0500] "GET /register/ HTTP/1.0" 200 75934 "https://misswavenigeria.com/register/" "Mozilla/5.0 (Windows NT 6.3; Win64; x64) AppleWebKit/537.36 (KHTML, like Gecko) Chrome/103.0.5060.53 Safari/537.36"
66.29.132.124 - - [20/Jan/2025:01:28:27 -0500] "POST /wp-cron.php?doing_wp_cron=1737354507.2372870445251464843750 HTTP/1.1" 200 0 "-" "WordPress/6.7.1; https://misswavenigeria.com"
185.191.171.2 - - [20/Jan/2025:01:28:27 -0500] "GET /goods/2082224 HTTP/1.1" 404 18013 "-" "Mozilla/5.0 (compatible; SemrushBot/7~bl; +http://www.semrush.com/bot.html)"
66.249.79.169 - - [20/Jan/2025:01:28:50 -0500] "GET /?product=monophonic11370812-917?keyword=%E8%90%BD%E3%81%A8%E3%81%97%E8%BE%BC%E3%81%BF%E3%82%B9%E3%83%9A%E3%82%B7%E3%83%A3%E3%83%AB HTTP/1.1" 200 70012 "-" "Mozilla/5.0 (Linux; Android 6.0.1; Nexus 5X Build/MMB29P) AppleWebKit/537.36 (KHTML, like Gecko) Chrome/132.0.6834.83 Mobile Safari/537.36 (compatible; Googlebot/2.1; +http://www.google.com/bot.html)"
66.29.132.124 - - [20/Jan/2025:01:29:10 -0500] "POST /wp-cron.php?doing_wp_cron=1737354550.0940680503845214843750 HTTP/1.1" 200 0 "-" "WordPress/6.7.1; https://misswavenigeria.com"
185.191.171.7 - - [20/Jan/2025:01:29:09 -0500] "GET /goods/3046322 HTTP/1.1" 404 18012 "-" "Mozilla/5.0 (compatible; SemrushBot/7~bl; +http://www.semrush.com/bot.html)"
66.29.132.124 - - [20/Jan/2025:01:29:10 -0500] "POST /wp-admin/admin-ajax.php?action=async_litespeed&nonce=a2nZFVlbxJq8MJoY1uC0jlnuHl2HmFmf&litespeed_type=imgoptm HTTP/1.1" 200 21 "-" "WordPress/6.7.1; https://misswavenigeria.com"
66.249.68.3 - - [20/Jan/2025:01:29:26 -0500] "GET /?product=displease11370831-51 HTTP/1.1" 200 68639 "-" "Mozilla/5.0 (Linux; Android 6.0.1; Nexus 5X Build/MMB29P) AppleWebKit/537.36 (KHTML, like Gecko) Chrome/132.0.6834.83 Mobile Safari/537.36 (compatible; Googlebot/2.1; +http://www.google.com/bot.html)"
66.29.132.124 - - [20/Jan/2025:01:29:44 -0500] "POST /wp-cron.php?doing_wp_cron=1737354584.8116400241851806640625 HTTP/1.1" 200 0 "-" "WordPress/6.7.1; https://misswavenigeria.com"
85.208.96.198 - - [20/Jan/2025:01:29:44 -0500] "GET /goods/2785560 HTTP/1.1" 404 18013 "-" "Mozilla/5.0 (compatible; SemrushBot/7~bl; +http://www.semrush.com/bot.html)"
165.231.182.52 - - [20/Jan/2025:01:28:27 -0500] "POST /register/ HTTP/1.0" 200 76060 "https://misswavenigeria.com/register/" "Mozilla/5.0 (Windows NT 6.3; Win64; x64) AppleWebKit/537.36 (KHTML, like Gecko) Chrome/103.0.5060.53 Safari/537.36"
165.231.182.52 - - [20/Jan/2025:01:29:48 -0500] "GET /register/ HTTP/1.0" 200 75934 "https://misswavenigeria.com/" "Mozilla/5.0 (Windows NT 6.3; Win64; x64) AppleWebKit/537.36 (KHTML, like Gecko) Chrome/103.0.5060.53 Safari/537.36"
185.191.171.14 - - [20/Jan/2025:01:30:03 -0500] "GET /goods/2734478 HTTP/1.1" 404 18012 "-" "Mozilla/5.0 (compatible; SemrushBot/7~bl; +http://www.semrush.com/bot.html)"
85.208.96.199 - - [20/Jan/2025:01:30:06 -0500] "GET /goods/176041 HTTP/1.1" 404 18013 "-" "Mozilla/5.0 (compatible; SemrushBot/7~bl; +http://www.semrush.com/bot.html)"
66.29.132.124 - - [20/Jan/2025:01:30:17 -0500] "POST /wp-cron.php?doing_wp_cron=1737354617.2283809185028076171875 HTTP/1.1" 200 0 "-" "WordPress/6.7.1; https://misswavenigeria.com"
85.208.96.212 - - [20/Jan/2025:01:30:09 -0500] "GET /goods/1880229 HTTP/1.1" 404 18013 "-" "Mozilla/5.0 (compatible; SemrushBot/7~bl; +http://www.semrush.com/bot.html)"
66.29.132.124 - - [20/Jan/2025:01:30:17 -0500] "POST /wp-admin/admin-ajax.php?action=async_litespeed&nonce=eysYGUrXKjyM5Nrhpw50r7frIFgHMLOE&litespeed_type=imgoptm HTTP/1.1" 200 21 "-" "WordPress/6.7.1; https://misswavenigeria.com"
185.191.171.15 - - [20/Jan/2025:01:30:24 -0500] "GET /goods/2970958 HTTP/1.1" 404 18013 "-" "Mozilla/5.0 (compatible; SemrushBot/7~bl; +http://www.semrush.com/bot.html)"
66.249.79.206 - - [20/Jan/2025:01:30:24 -0500] "GET /category/3939859?keyword=%E3%82%B9%E3%83%9D%E3%83%BC%E3%83%84 HTTP/1.1" 200 69959 "-" "Mozilla/5.0 (Linux; Android 6.0.1; Nexus 5X Build/MMB29P) AppleWebKit/537.36 (KHTML, like Gecko) Chrome/132.0.6834.83 Mobile Safari/537.36 (compatible; Googlebot/2.1; +http://www.google.com/bot.html)"
