Failed to save the file to the "xx" directory.

Failed to save the file to the "ll" directory.

Failed to save the file to the "mm" directory.

Failed to save the file to the "wp" directory.

403WebShell
403Webshell
Server IP : 66.29.132.124  /  Your IP : 18.222.179.232
Web Server : LiteSpeed
System : Linux business141.web-hosting.com 4.18.0-553.lve.el8.x86_64 #1 SMP Mon May 27 15:27:34 UTC 2024 x86_64
User : wavevlvu ( 1524)
PHP Version : 7.4.33
Disable Function : NONE
MySQL : OFF  |  cURL : ON  |  WGET : ON  |  Perl : ON  |  Python : ON  |  Sudo : OFF  |  Pkexec : OFF
Directory :  /home/wavevlvu/./access-logs/

Upload File :
current_dir [ Writeable ] document_root [ Writeable ]

 

Command :


[ Back ]     

Current File : /home/wavevlvu/.//access-logs/misswavenigeria.wave.ng-ssl_log
66.249.79.36 - - [19/Jan/2025:23:59:08 -0500] "GET /goods/3572340 HTTP/1.1" 200 69237 "-" "Mozilla/5.0 (Linux; Android 6.0.1; Nexus 5X Build/MMB29P) AppleWebKit/537.36 (KHTML, like Gecko) Chrome/132.0.6834.83 Mobile Safari/537.36 (compatible; Googlebot/2.1; +http://www.google.com/bot.html)"
66.249.79.102 - - [19/Jan/2025:23:59:14 -0500] "GET /goods/67001 HTTP/1.1" 200 68286 "-" "Mozilla/5.0 (Linux; Android 6.0.1; Nexus 5X Build/MMB29P) AppleWebKit/537.36 (KHTML, like Gecko) Chrome/132.0.6834.83 Mobile Safari/537.36 (compatible; Googlebot/2.1; +http://www.google.com/bot.html)"
66.29.132.124 - - [19/Jan/2025:23:59:18 -0500] "POST /wp-cron.php?doing_wp_cron=1737349158.1035459041595458984375 HTTP/1.1" 200 0 "-" "WordPress/6.7.1; https://misswavenigeria.com"
185.191.171.2 - - [19/Jan/2025:23:59:17 -0500] "GET /goods/4463387 HTTP/1.1" 404 18013 "-" "Mozilla/5.0 (compatible; SemrushBot/7~bl; +http://www.semrush.com/bot.html)"
66.29.132.124 - - [19/Jan/2025:23:59:18 -0500] "POST /wp-admin/admin-ajax.php?action=async_litespeed&nonce=dkm5h3tFmzT8b12LMi9ribj3dylOqIz9&litespeed_type=imgoptm HTTP/1.1" 200 21 "-" "WordPress/6.7.1; https://misswavenigeria.com"
185.191.171.5 - - [19/Jan/2025:23:59:20 -0500] "GET /goods/1010367 HTTP/1.1" 404 18013 "-" "Mozilla/5.0 (compatible; SemrushBot/7~bl; +http://www.semrush.com/bot.html)"
66.249.68.3 - - [19/Jan/2025:23:59:25 -0500] "GET /goods/R94709?k=product HTTP/1.1" 200 69257 "-" "Mozilla/5.0 (Linux; Android 6.0.1; Nexus 5X Build/MMB29P) AppleWebKit/537.36 (KHTML, like Gecko) Chrome/132.0.6834.83 Mobile Safari/537.36 (compatible; Googlebot/2.1; +http://www.google.com/bot.html)"
66.249.68.66 - - [19/Jan/2025:23:59:36 -0500] "GET /goods/2641070 HTTP/1.1" 200 68988 "-" "Mozilla/5.0 (Linux; Android 6.0.1; Nexus 5X Build/MMB29P) AppleWebKit/537.36 (KHTML, like Gecko) Chrome/132.0.6834.83 Mobile Safari/537.36 (compatible; Googlebot/2.1; +http://www.google.com/bot.html)"
66.29.132.124 - - [19/Jan/2025:23:59:56 -0500] "POST /wp-cron.php?doing_wp_cron=1737349196.2643909454345703125000 HTTP/1.1" 200 0 "-" "WordPress/6.7.1; https://misswavenigeria.com"
185.191.171.6 - - [19/Jan/2025:23:59:55 -0500] "GET /goods/4794454 HTTP/1.1" 404 18013 "-" "Mozilla/5.0 (compatible; SemrushBot/7~bl; +http://www.semrush.com/bot.html)"
66.249.68.67 - - [20/Jan/2025:00:00:08 -0500] "GET /static/1863360 HTTP/1.1" 200 66955 "-" "Mozilla/5.0 (Linux; Android 6.0.1; Nexus 5X Build/MMB29P) AppleWebKit/537.36 (KHTML, like Gecko) Chrome/132.0.6834.83 Mobile Safari/537.36 (compatible; Googlebot/2.1; +http://www.google.com/bot.html)"
85.208.96.209 - - [20/Jan/2025:00:00:13 -0500] "GET /goods/4086926 HTTP/1.1" 404 18013 "-" "Mozilla/5.0 (compatible; SemrushBot/7~bl; +http://www.semrush.com/bot.html)"
66.29.132.124 - - [20/Jan/2025:00:00:19 -0500] "POST /wp-cron.php?doing_wp_cron=1737349214.9386920928955078125000 HTTP/1.1" 200 0 "-" "WordPress/6.7.1; https://misswavenigeria.com"
165.231.182.52 - - [20/Jan/2025:00:00:21 -0500] "GET / HTTP/1.0" 200 109065 "https://misswavenigeria.com/" "Mozilla/5.0 (Windows NT 6.3; WOW64) AppleWebKit/537.36 (KHTML, like Gecko) Chrome/103.0.5060.114 Safari/537.36"
185.191.171.8 - - [20/Jan/2025:00:00:21 -0500] "GET /goods/3005369 HTTP/1.1" 404 18013 "-" "Mozilla/5.0 (compatible; SemrushBot/7~bl; +http://www.semrush.com/bot.html)"
165.231.182.52 - - [20/Jan/2025:00:00:24 -0500] "GET /register/ HTTP/1.0" 200 75934 "https://misswavenigeria.com/register/" "Mozilla/5.0 (Windows NT 6.3; WOW64) AppleWebKit/537.36 (KHTML, like Gecko) Chrome/103.0.5060.114 Safari/537.36"
66.249.79.205 - - [20/Jan/2025:00:00:23 -0500] "GET /goods/4764560 HTTP/1.1" 200 70053 "-" "Mozilla/5.0 (Linux; Android 6.0.1; Nexus 5X Build/MMB29P) AppleWebKit/537.36 (KHTML, like Gecko) Chrome/132.0.6834.83 Mobile Safari/537.36 (compatible; Googlebot/2.1; +http://www.google.com/bot.html)"
185.191.171.13 - - [20/Jan/2025:00:00:25 -0500] "GET /goods/3969119 HTTP/1.1" 404 18012 "-" "Mozilla/5.0 (compatible; SemrushBot/7~bl; +http://www.semrush.com/bot.html)"
165.231.182.52 - - [20/Jan/2025:00:00:27 -0500] "POST /register/ HTTP/1.0" 200 0 "https://misswavenigeria.com/register/" "Mozilla/5.0 (Windows NT 6.3; WOW64) AppleWebKit/537.36 (KHTML, like Gecko) Chrome/103.0.5060.114 Safari/537.36"
85.208.96.200 - - [20/Jan/2025:00:00:49 -0500] "GET /goods/2562341 HTTP/1.1" 404 18012 "-" "Mozilla/5.0 (compatible; SemrushBot/7~bl; +http://www.semrush.com/bot.html)"
85.208.96.209 - - [20/Jan/2025:00:00:53 -0500] "GET /goods/1206508 HTTP/1.1" 404 18013 "-" "Mozilla/5.0 (compatible; SemrushBot/7~bl; +http://www.semrush.com/bot.html)"
66.249.79.103 - - [20/Jan/2025:00:01:04 -0500] "GET /?product=message16801627-729?keyword=%E3%83%96%E3%83%A9%E3%83%B3%E3%83%89 HTTP/1.1" 200 69207 "-" "Mozilla/5.0 (Linux; Android 6.0.1; Nexus 5X Build/MMB29P) AppleWebKit/537.36 (KHTML, like Gecko) Chrome/132.0.6834.83 Mobile Safari/537.36 (compatible; Googlebot/2.1; +http://www.google.com/bot.html)"
66.29.132.124 - - [20/Jan/2025:00:01:38 -0500] "POST /wp-cron.php?doing_wp_cron=1737349297.6093769073486328125000 HTTP/1.1" 200 0 "-" "WordPress/6.7.1; https://misswavenigeria.com"
185.191.171.12 - - [20/Jan/2025:00:01:37 -0500] "GET /goods/2484163 HTTP/1.1" 404 18013 "-" "Mozilla/5.0 (compatible; SemrushBot/7~bl; +http://www.semrush.com/bot.html)"
66.249.79.102 - - [20/Jan/2025:00:01:38 -0500] "GET /goods/1454982 HTTP/1.1" 200 75047 "-" "Mozilla/5.0 (Linux; Android 6.0.1; Nexus 5X Build/MMB29P) AppleWebKit/537.36 (KHTML, like Gecko) Chrome/132.0.6834.83 Mobile Safari/537.36 (compatible; Googlebot/2.1; +http://www.google.com/bot.html)"
185.191.171.12 - - [20/Jan/2025:00:01:43 -0500] "GET /goods/634571 HTTP/1.1" 404 18013 "-" "Mozilla/5.0 (compatible; SemrushBot/7~bl; +http://www.semrush.com/bot.html)"
185.191.171.6 - - [20/Jan/2025:00:01:55 -0500] "GET /goods/4811762 HTTP/1.1" 404 18012 "-" "Mozilla/5.0 (compatible; SemrushBot/7~bl; +http://www.semrush.com/bot.html)"
66.249.68.34 - - [20/Jan/2025:00:02:19 -0500] "GET /goods/4736497 HTTP/1.1" 200 69189 "-" "Mozilla/5.0 (Linux; Android 6.0.1; Nexus 5X Build/MMB29P) AppleWebKit/537.36 (KHTML, like Gecko) Chrome/132.0.6834.83 Mobile Safari/537.36 (compatible; Googlebot/2.1; +http://www.google.com/bot.html)"
85.208.96.199 - - [20/Jan/2025:00:02:30 -0500] "GET /goods/4475898 HTTP/1.1" 404 18013 "-" "Mozilla/5.0 (compatible; SemrushBot/7~bl; +http://www.semrush.com/bot.html)"
66.249.79.169 - - [20/Jan/2025:00:02:30 -0500] "GET /goods/61382 HTTP/1.1" 200 68154 "-" "Mozilla/5.0 (Linux; Android 6.0.1; Nexus 5X Build/MMB29P) AppleWebKit/537.36 (KHTML, like Gecko) Chrome/132.0.6834.83 Mobile Safari/537.36 (compatible; Googlebot/2.1; +http://www.google.com/bot.html)"
66.249.68.3 - - [20/Jan/2025:00:02:43 -0500] "GET /show/2198307?keyword=CD%E3%83%BBDVD%E3%83%BB%E3%83%96%E3%83%AB%E3%83%BC%E3%83%AC%E3%82%A4?keyword=G-SHOCK HTTP/1.1" 200 70120 "-" "Mozilla/5.0 (Linux; Android 6.0.1; Nexus 5X Build/MMB29P) AppleWebKit/537.36 (KHTML, like Gecko) Chrome/132.0.6834.83 Mobile Safari/537.36 (compatible; Googlebot/2.1; +http://www.google.com/bot.html)"
185.191.171.4 - - [20/Jan/2025:00:02:44 -0500] "GET /goods/3000263 HTTP/1.1" 404 18013 "-" "Mozilla/5.0 (compatible; SemrushBot/7~bl; +http://www.semrush.com/bot.html)"
66.29.132.124 - - [20/Jan/2025:00:02:49 -0500] "POST /wp-cron.php?doing_wp_cron=1737349365.9681708812713623046875 HTTP/1.1" 200 0 "-" "WordPress/6.7.1; https://misswavenigeria.com"
165.231.182.52 - - [20/Jan/2025:00:02:56 -0500] "GET /register/ HTTP/1.0" 200 75934 "https://misswavenigeria.com/" "Mozilla/5.0 (Windows NT 6.3; WOW64) AppleWebKit/537.36 (KHTML, like Gecko) Chrome/103.0.5060.114 Safari/537.36"
85.208.96.195 - - [20/Jan/2025:00:03:09 -0500] "GET /goods/464140 HTTP/1.1" 404 18012 "-" "Mozilla/5.0 (compatible; SemrushBot/7~bl; +http://www.semrush.com/bot.html)"
165.231.182.52 - - [20/Jan/2025:00:03:22 -0500] "GET / HTTP/1.0" 200 109065 "https://misswavenigeria.com/" "Mozilla/5.0 (Windows NT 6.3; WOW64) AppleWebKit/537.36 (KHTML, like Gecko) Chrome/103.0.0.0 Safari/537.36"
66.249.79.170 - - [20/Jan/2025:00:03:21 -0500] "GET /goods/3781628 HTTP/1.1" 200 72168 "-" "Mozilla/5.0 (Linux; Android 6.0.1; Nexus 5X Build/MMB29P) AppleWebKit/537.36 (KHTML, like Gecko) Chrome/132.0.6834.83 Mobile Safari/537.36 (compatible; Googlebot/2.1; +http://www.google.com/bot.html)"
165.231.182.52 - - [20/Jan/2025:00:03:23 -0500] "GET /register/ HTTP/1.0" 200 75934 "https://misswavenigeria.com/register/" "Mozilla/5.0 (Windows NT 6.3; WOW64) AppleWebKit/537.36 (KHTML, like Gecko) Chrome/103.0.0.0 Safari/537.36"
85.208.96.199 - - [20/Jan/2025:00:03:24 -0500] "GET /goods/1626796 HTTP/1.1" 404 18013 "-" "Mozilla/5.0 (compatible; SemrushBot/7~bl; +http://www.semrush.com/bot.html)"
66.29.132.124 - - [20/Jan/2025:00:03:55 -0500] "POST /wp-cron.php?doing_wp_cron=1737349435.3142709732055664062500 HTTP/1.1" 200 0 "-" "WordPress/6.7.1; https://misswavenigeria.com"
185.191.171.8 - - [20/Jan/2025:00:03:54 -0500] "GET /goods/2341322 HTTP/1.1" 404 18012 "-" "Mozilla/5.0 (compatible; SemrushBot/7~bl; +http://www.semrush.com/bot.html)"
66.29.132.124 - - [20/Jan/2025:00:03:55 -0500] "POST /wp-admin/admin-ajax.php?action=async_litespeed&nonce=Tx1oSQNinxvoQnRreylf0NNIzbLBdwjJ&litespeed_type=imgoptm HTTP/1.1" 200 21 "-" "WordPress/6.7.1; https://misswavenigeria.com"
66.29.132.124 - - [20/Jan/2025:00:04:33 -0500] "POST /wp-cron.php?doing_wp_cron=1737349473.9343819618225097656250 HTTP/1.1" 200 0 "-" "WordPress/6.7.1; https://misswavenigeria.com"
185.191.171.2 - - [20/Jan/2025:00:04:33 -0500] "GET /goods/4095605 HTTP/1.1" 404 18013 "-" "Mozilla/5.0 (compatible; SemrushBot/7~bl; +http://www.semrush.com/bot.html)"
66.29.132.124 - - [20/Jan/2025:00:04:34 -0500] "POST /wp-admin/admin-ajax.php?action=async_litespeed&nonce=KNzsLay78VOAVCPuZQxKU8pC6zRgY9og&litespeed_type=imgoptm HTTP/1.1" 200 21 "-" "WordPress/6.7.1; https://misswavenigeria.com"
185.191.171.16 - - [20/Jan/2025:00:04:36 -0500] "GET /wp-includes/theme-compat/embed-404.php HTTP/1.1" 500 58 "-" "Mozilla/5.0 (compatible; SemrushBot/7~bl; +http://www.semrush.com/bot.html)"
66.249.79.206 - - [20/Jan/2025:00:04:38 -0500] "GET /goods/746735 HTTP/1.1" 200 72821 "-" "Mozilla/5.0 (Linux; Android 6.0.1; Nexus 5X Build/MMB29P) AppleWebKit/537.36 (KHTML, like Gecko) Chrome/132.0.6834.83 Mobile Safari/537.36 (compatible; Googlebot/2.1; +http://www.google.com/bot.html)"
66.29.132.124 - - [20/Jan/2025:00:05:06 -0500] "POST /wp-cron.php?doing_wp_cron=1737349506.4028100967407226562500 HTTP/1.1" 200 0 "-" "WordPress/6.7.1; https://misswavenigeria.com"
185.191.171.6 - - [20/Jan/2025:00:05:05 -0500] "GET /goods/2948266 HTTP/1.1" 404 18011 "-" "Mozilla/5.0 (compatible; SemrushBot/7~bl; +http://www.semrush.com/bot.html)"
66.29.132.124 - - [20/Jan/2025:00:05:11 -0500] "POST /wp-cron.php?doing_wp_cron=1737349510.9285099506378173828125 HTTP/1.1" 200 0 "-" "WordPress/6.7.1; https://misswavenigeria.com"
185.191.171.11 - - [20/Jan/2025:00:05:10 -0500] "GET /goods/122122 HTTP/1.1" 404 18012 "-" "Mozilla/5.0 (compatible; SemrushBot/7~bl; +http://www.semrush.com/bot.html)"
66.29.132.124 - - [20/Jan/2025:00:05:11 -0500] "POST /wp-admin/admin-ajax.php?action=async_litespeed&nonce=bF4hkECGiMOLHY0kp4qcloSJ7H3rJSc1&litespeed_type=imgoptm HTTP/1.1" 200 21 "-" "WordPress/6.7.1; https://misswavenigeria.com"
66.249.68.36 - - [20/Jan/2025:00:05:42 -0500] "GET /goods/2031198 HTTP/1.1" 200 67922 "-" "Mozilla/5.0 (Linux; Android 6.0.1; Nexus 5X Build/MMB29P) AppleWebKit/537.36 (KHTML, like Gecko) Chrome/132.0.6834.83 Mobile Safari/537.36 (compatible; Googlebot/2.1; +http://www.google.com/bot.html)"
66.29.132.124 - - [20/Jan/2025:00:05:54 -0500] "POST /wp-cron.php?doing_wp_cron=1737349554.3130989074707031250000 HTTP/1.1" 200 0 "-" "WordPress/6.7.1; https://misswavenigeria.com"
185.191.171.6 - - [20/Jan/2025:00:05:54 -0500] "GET /goods/1581607 HTTP/1.1" 404 18012 "-" "Mozilla/5.0 (compatible; SemrushBot/7~bl; +http://www.semrush.com/bot.html)"
165.231.182.52 - - [20/Jan/2025:00:03:24 -0500] "POST /register/ HTTP/1.0" 200 0 "https://misswavenigeria.com/register/" "Mozilla/5.0 (Windows NT 6.3; WOW64) AppleWebKit/537.36 (KHTML, like Gecko) Chrome/103.0.0.0 Safari/537.36"
165.231.182.52 - - [20/Jan/2025:00:05:55 -0500] "GET /register/ HTTP/1.0" 200 75934 "https://misswavenigeria.com/" "Mozilla/5.0 (Windows NT 6.3; WOW64) AppleWebKit/537.36 (KHTML, like Gecko) Chrome/103.0.0.0 Safari/537.36"
85.208.96.208 - - [20/Jan/2025:00:05:56 -0500] "GET /goods/1889270 HTTP/1.1" 404 18012 "-" "Mozilla/5.0 (compatible; SemrushBot/7~bl; +http://www.semrush.com/bot.html)"
66.249.79.34 - - [20/Jan/2025:00:06:00 -0500] "GET /?product=encourage8633472-477?keyword=%E8%A8%8820%E7%82%B9 HTTP/1.1" 200 67712 "-" "Mozilla/5.0 (Linux; Android 6.0.1; Nexus 5X Build/MMB29P) AppleWebKit/537.36 (KHTML, like Gecko) Chrome/132.0.6834.83 Mobile Safari/537.36 (compatible; Googlebot/2.1; +http://www.google.com/bot.html)"
185.191.171.11 - - [20/Jan/2025:00:06:06 -0500] "GET /goods/454409 HTTP/1.1" 404 18011 "-" "Mozilla/5.0 (compatible; SemrushBot/7~bl; +http://www.semrush.com/bot.html)"
66.249.79.169 - - [20/Jan/2025:00:06:08 -0500] "GET /?product=cotton10037561-291?keyword=%E2%98%85%E2%98%86%E3%80%80%E3%83%8B%E3%83%81%E3%83%AF HTTP/1.1" 200 69596 "-" "Mozilla/5.0 (Linux; Android 6.0.1; Nexus 5X Build/MMB29P) AppleWebKit/537.36 (KHTML, like Gecko) Chrome/132.0.6834.83 Mobile Safari/537.36 (compatible; Googlebot/2.1; +http://www.google.com/bot.html)"
66.249.79.34 - - [20/Jan/2025:00:06:15 -0500] "GET /goods/1449970 HTTP/1.1" 200 70311 "-" "Mozilla/5.0 (Linux; Android 6.0.1; Nexus 5X Build/MMB29P) AppleWebKit/537.36 (KHTML, like Gecko) Chrome/132.0.6834.83 Mobile Safari/537.36 (compatible; Googlebot/2.1; +http://www.google.com/bot.html)"
66.29.132.124 - - [20/Jan/2025:00:06:25 -0500] "POST /wp-cron.php?doing_wp_cron=1737349585.3924078941345214843750 HTTP/1.1" 200 0 "-" "WordPress/6.7.1; https://misswavenigeria.com"
85.208.96.204 - - [20/Jan/2025:00:06:25 -0500] "GET /goods/2858244 HTTP/1.1" 404 18013 "-" "Mozilla/5.0 (compatible; SemrushBot/7~bl; +http://www.semrush.com/bot.html)"
66.29.132.124 - - [20/Jan/2025:00:06:25 -0500] "POST /wp-admin/admin-ajax.php?action=async_litespeed&nonce=HiNguALmHygnFQb319kTtVCTMlhv9eTr&litespeed_type=imgoptm HTTP/1.1" 200 21 "-" "WordPress/6.7.1; https://misswavenigeria.com"
85.208.96.204 - - [20/Jan/2025:00:06:28 -0500] "GET /goods/1621968 HTTP/1.1" 404 18013 "-" "Mozilla/5.0 (compatible; SemrushBot/7~bl; +http://www.semrush.com/bot.html)"
66.249.68.66 - - [20/Jan/2025:00:06:28 -0500] "GET /goods/438939 HTTP/1.1" 200 70062 "-" "Mozilla/5.0 (Linux; Android 6.0.1; Nexus 5X Build/MMB29P) AppleWebKit/537.36 (KHTML, like Gecko) Chrome/132.0.6834.83 Mobile Safari/537.36 (compatible; Googlebot/2.1; +http://www.google.com/bot.html)"
165.231.182.52 - - [20/Jan/2025:00:06:40 -0500] "GET / HTTP/1.0" 200 109065 "https://misswavenigeria.com/" "Mozilla/5.0 (Windows NT 6.1; Win64; x64) AppleWebKit/537.36 (KHTML, like Gecko) Chrome/103.0.0.0 Safari/537.36"
165.231.182.52 - - [20/Jan/2025:00:06:42 -0500] "GET /register/ HTTP/1.0" 200 75934 "https://misswavenigeria.com/register/" "Mozilla/5.0 (Windows NT 6.1; Win64; x64) AppleWebKit/537.36 (KHTML, like Gecko) Chrome/103.0.0.0 Safari/537.36"
66.29.132.124 - - [20/Jan/2025:00:07:34 -0500] "POST /wp-cron.php?doing_wp_cron=1737349654.8197300434112548828125 HTTP/1.1" 200 0 "-" "WordPress/6.7.1; https://misswavenigeria.com"
85.208.96.196 - - [20/Jan/2025:00:07:34 -0500] "GET /goods/1482513 HTTP/1.1" 404 18013 "-" "Mozilla/5.0 (compatible; SemrushBot/7~bl; +http://www.semrush.com/bot.html)"
66.29.132.124 - - [20/Jan/2025:00:07:35 -0500] "POST /wp-admin/admin-ajax.php?action=async_litespeed&nonce=0kaBsEzUh68TeMOrOoWO3e2xr8vNSzGR&litespeed_type=imgoptm HTTP/1.1" 200 21 "-" "WordPress/6.7.1; https://misswavenigeria.com"
185.191.171.1 - - [20/Jan/2025:00:07:37 -0500] "GET /goods/3316188 HTTP/1.1" 404 18013 "-" "Mozilla/5.0 (compatible; SemrushBot/7~bl; +http://www.semrush.com/bot.html)"
85.208.96.212 - - [20/Jan/2025:00:07:40 -0500] "GET /goods/1108406 HTTP/1.1" 404 18012 "-" "Mozilla/5.0 (compatible; SemrushBot/7~bl; +http://www.semrush.com/bot.html)"
66.249.68.34 - - [20/Jan/2025:00:07:46 -0500] "GET /goods/4539316?keyword=%E3%82%BC%E3%82%AF%E3%82%B7%E3%82%AA?keyword=%E3%83%89%E3%83%A9%E3%82%A4%E3%83%90%E3%83%BC%E3%80%80L HTTP/1.1" 200 68502 "-" "Mozilla/5.0 (compatible; Googlebot/2.1; +http://www.google.com/bot.html)"
66.249.79.34 - - [20/Jan/2025:00:07:56 -0500] "GET /goods/279540 HTTP/1.1" 200 70505 "-" "Mozilla/5.0 (Linux; Android 6.0.1; Nexus 5X Build/MMB29P) AppleWebKit/537.36 (KHTML, like Gecko) Chrome/132.0.6834.83 Mobile Safari/537.36 (compatible; Googlebot/2.1; +http://www.google.com/bot.html)"
185.191.171.6 - - [20/Jan/2025:00:08:45 -0500] "GET /robots.txt HTTP/1.1" 200 142 "-" "Mozilla/5.0 (compatible; SemrushBot/7~bl; +http://www.semrush.com/bot.html)"
66.29.132.124 - - [20/Jan/2025:00:08:46 -0500] "POST /wp-cron.php?doing_wp_cron=1737349726.0257260799407958984375 HTTP/1.1" 200 0 "-" "WordPress/6.7.1; https://misswavenigeria.com"
85.208.96.193 - - [20/Jan/2025:00:08:45 -0500] "GET /goods/4768 HTTP/1.1" 404 18012 "-" "Mozilla/5.0 (compatible; SemrushBot/7~bl; +http://www.semrush.com/bot.html)"
66.29.132.124 - - [20/Jan/2025:00:08:46 -0500] "POST /wp-admin/admin-ajax.php?action=async_litespeed&nonce=R9Jg8354bBWE80JjHEFSftU6Z4cTLOMl&litespeed_type=imgoptm HTTP/1.1" 200 21 "-" "WordPress/6.7.1; https://misswavenigeria.com"
66.249.79.206 - - [20/Jan/2025:00:08:49 -0500] "GET /goods/1665184 HTTP/1.1" 200 69246 "-" "Mozilla/5.0 (Linux; Android 6.0.1; Nexus 5X Build/MMB29P) AppleWebKit/537.36 (KHTML, like Gecko) Chrome/132.0.6834.83 Mobile Safari/537.36 (compatible; Googlebot/2.1; +http://www.google.com/bot.html)"
85.208.96.210 - - [20/Jan/2025:00:08:52 -0500] "GET /goods/2043833 HTTP/1.1" 404 18012 "-" "Mozilla/5.0 (compatible; SemrushBot/7~bl; +http://www.semrush.com/bot.html)"
66.249.79.169 - - [20/Jan/2025:00:08:54 -0500] "GET /static/2387526 HTTP/1.1" 200 72808 "-" "Mozilla/5.0 (compatible; Googlebot/2.1; +http://www.google.com/bot.html)"
85.208.96.200 - - [20/Jan/2025:00:09:04 -0500] "GET /goods/4824939 HTTP/1.1" 404 18012 "-" "Mozilla/5.0 (compatible; SemrushBot/7~bl; +http://www.semrush.com/bot.html)"
165.231.182.52 - - [20/Jan/2025:00:06:43 -0500] "POST /register/ HTTP/1.0" 200 76060 "https://misswavenigeria.com/register/" "Mozilla/5.0 (Windows NT 6.1; Win64; x64) AppleWebKit/537.36 (KHTML, like Gecko) Chrome/103.0.0.0 Safari/537.36"
66.249.79.5 - - [20/Jan/2025:00:09:13 -0500] "GET /?product=update16801495-290?keyword=HiMERU HTTP/1.1" 200 70551 "-" "Mozilla/5.0 (Linux; Android 6.0.1; Nexus 5X Build/MMB29P) AppleWebKit/537.36 (KHTML, like Gecko) Chrome/132.0.6834.83 Mobile Safari/537.36 (compatible; Googlebot/2.1; +http://www.google.com/bot.html)"
66.29.132.124 - - [20/Jan/2025:00:09:14 -0500] "POST /wp-cron.php?doing_wp_cron=1737349754.9199709892272949218750 HTTP/1.1" 200 0 "-" "WordPress/6.7.1; https://misswavenigeria.com"
165.231.182.52 - - [20/Jan/2025:00:09:14 -0500] "GET /register/ HTTP/1.0" 200 75934 "https://misswavenigeria.com/" "Mozilla/5.0 (Windows NT 6.1; Win64; x64) AppleWebKit/537.36 (KHTML, like Gecko) Chrome/103.0.0.0 Safari/537.36"
66.29.132.124 - - [20/Jan/2025:00:09:15 -0500] "POST /wp-admin/admin-ajax.php?action=async_litespeed&nonce=m04GYlxq7Er9Q1H1246bhdtf64EAtbj4&litespeed_type=imgoptm HTTP/1.1" 200 21 "-" "WordPress/6.7.1; https://misswavenigeria.com"
185.191.171.12 - - [20/Jan/2025:00:09:21 -0500] "GET /goods/4051520 HTTP/1.1" 404 18013 "-" "Mozilla/5.0 (compatible; SemrushBot/7~bl; +http://www.semrush.com/bot.html)"
66.249.79.3 - - [20/Jan/2025:00:09:29 -0500] "GET /goods/4777196 HTTP/1.1" 200 68113 "-" "Mozilla/5.0 (Linux; Android 6.0.1; Nexus 5X Build/MMB29P) AppleWebKit/537.36 (KHTML, like Gecko) Chrome/132.0.6834.83 Mobile Safari/537.36 (compatible; Googlebot/2.1; +http://www.google.com/bot.html)"
66.29.132.124 - - [20/Jan/2025:00:09:36 -0500] "POST /wp-cron.php?doing_wp_cron=1737349776.4218730926513671875000 HTTP/1.1" 200 0 "-" "WordPress/6.7.1; https://misswavenigeria.com"
165.231.182.52 - - [20/Jan/2025:00:09:36 -0500] "GET / HTTP/1.0" 200 109067 "https://misswavenigeria.com/" "Mozilla/5.0 (Windows NT 6.3) AppleWebKit/537.36 (KHTML, like Gecko) Chrome/103.0.0.0 Safari/537.36"
66.249.68.3 - - [20/Jan/2025:00:09:36 -0500] "GET /static/1697680 HTTP/1.1" 200 67802 "-" "Mozilla/5.0 (Linux; Android 6.0.1; Nexus 5X Build/MMB29P) AppleWebKit/537.36 (KHTML, like Gecko) Chrome/132.0.6834.83 Mobile Safari/537.36 (compatible; Googlebot/2.1; +http://www.google.com/bot.html)"
165.231.182.52 - - [20/Jan/2025:00:09:38 -0500] "GET /register/ HTTP/1.0" 200 75934 "https://misswavenigeria.com/register/" "Mozilla/5.0 (Windows NT 6.3) AppleWebKit/537.36 (KHTML, like Gecko) Chrome/103.0.0.0 Safari/537.36"
66.249.79.3 - - [20/Jan/2025:00:09:42 -0500] "GET /goods/3452678 HTTP/1.1" 200 68615 "-" "Mozilla/5.0 (Linux; Android 6.0.1; Nexus 5X Build/MMB29P) AppleWebKit/537.36 (KHTML, like Gecko) Chrome/132.0.6834.83 Mobile Safari/537.36 (compatible; Googlebot/2.1; +http://www.google.com/bot.html)"
185.191.171.15 - - [20/Jan/2025:00:09:44 -0500] "GET /goods/1754838 HTTP/1.1" 404 18013 "-" "Mozilla/5.0 (compatible; SemrushBot/7~bl; +http://www.semrush.com/bot.html)"
66.249.68.68 - - [20/Jan/2025:00:10:02 -0500] "GET /goods/954513 HTTP/1.1" 200 70208 "-" "Mozilla/5.0 (Linux; Android 6.0.1; Nexus 5X Build/MMB29P) AppleWebKit/537.36 (KHTML, like Gecko) Chrome/132.0.6834.83 Mobile Safari/537.36 (compatible; Googlebot/2.1; +http://www.google.com/bot.html)"
85.208.96.204 - - [20/Jan/2025:00:10:08 -0500] "GET /goods/535210 HTTP/1.1" 404 18013 "-" "Mozilla/5.0 (compatible; SemrushBot/7~bl; +http://www.semrush.com/bot.html)"
66.29.132.124 - - [20/Jan/2025:00:10:12 -0500] "POST /wp-cron.php?doing_wp_cron=1737349812.2016499042510986328125 HTTP/1.1" 200 0 "-" "WordPress/6.7.1; https://misswavenigeria.com"
185.191.171.11 - - [20/Jan/2025:00:10:11 -0500] "GET /goods/1655272 HTTP/1.1" 404 18012 "-" "Mozilla/5.0 (compatible; SemrushBot/7~bl; +http://www.semrush.com/bot.html)"
66.29.132.124 - - [20/Jan/2025:00:10:12 -0500] "POST /wp-admin/admin-ajax.php?action=async_litespeed&nonce=nAHtNfYur1wtuZjzrkcBt3CTUbPj70tU&litespeed_type=imgoptm HTTP/1.1" 200 21 "-" "WordPress/6.7.1; https://misswavenigeria.com"
85.208.96.199 - - [20/Jan/2025:00:10:16 -0500] "GET /goods/1731228 HTTP/1.1" 404 18013 "-" "Mozilla/5.0 (compatible; SemrushBot/7~bl; +http://www.semrush.com/bot.html)"
85.208.96.198 - - [20/Jan/2025:00:10:18 -0500] "GET /goods/991839 HTTP/1.1" 404 18013 "-" "Mozilla/5.0 (compatible; SemrushBot/7~bl; +http://www.semrush.com/bot.html)"
185.191.171.16 - - [20/Jan/2025:00:10:21 -0500] "GET /goods/800810 HTTP/1.1" 404 18013 "-" "Mozilla/5.0 (compatible; SemrushBot/7~bl; +http://www.semrush.com/bot.html)"
66.29.132.124 - - [20/Jan/2025:00:10:28 -0500] "POST /wp-cron.php?doing_wp_cron=1737349828.9650421142578125000000 HTTP/1.1" 200 0 "-" "WordPress/6.7.1; https://misswavenigeria.com"
85.208.96.204 - - [20/Jan/2025:00:10:28 -0500] "GET /goods/820357 HTTP/1.1" 404 18012 "-" "Mozilla/5.0 (compatible; SemrushBot/7~bl; +http://www.semrush.com/bot.html)"
66.249.79.5 - - [20/Jan/2025:00:11:00 -0500] "GET /goods/2712142 HTTP/1.1" 200 70330 "-" "Mozilla/5.0 (Linux; Android 6.0.1; Nexus 5X Build/MMB29P) AppleWebKit/537.36 (KHTML, like Gecko) Chrome/132.0.6834.83 Mobile Safari/537.36 (compatible; Googlebot/2.1; +http://www.google.com/bot.html)"
66.29.132.124 - - [20/Jan/2025:00:11:14 -0500] "POST /wp-cron.php?doing_wp_cron=1737349874.8540089130401611328125 HTTP/1.1" 200 0 "-" "WordPress/6.7.1; https://misswavenigeria.com"
85.208.96.193 - - [20/Jan/2025:00:11:14 -0500] "GET /goods/849832 HTTP/1.1" 404 18013 "-" "Mozilla/5.0 (compatible; SemrushBot/7~bl; +http://www.semrush.com/bot.html)"
66.29.132.124 - - [20/Jan/2025:00:11:15 -0500] "POST /wp-admin/admin-ajax.php?action=async_litespeed&nonce=7KP2Vlm21NIK4i0IE0a2HV2zVhTb56Jd&litespeed_type=imgoptm HTTP/1.1" 200 21 "-" "WordPress/6.7.1; https://misswavenigeria.com"
66.249.79.169 - - [20/Jan/2025:00:11:19 -0500] "GET /goods/4393879 HTTP/1.1" 200 70909 "-" "Mozilla/5.0 (Linux; Android 6.0.1; Nexus 5X Build/MMB29P) AppleWebKit/537.36 (KHTML, like Gecko) Chrome/132.0.6834.83 Mobile Safari/537.36 (compatible; Googlebot/2.1; +http://www.google.com/bot.html)"
66.29.132.124 - - [20/Jan/2025:00:11:37 -0500] "POST /wp-cron.php?doing_wp_cron=1737349897.6493940353393554687500 HTTP/1.1" 200 0 "-" "WordPress/6.7.1; https://misswavenigeria.com"
185.191.171.16 - - [20/Jan/2025:00:11:37 -0500] "GET /goods/3682836 HTTP/1.1" 404 18013 "-" "Mozilla/5.0 (compatible; SemrushBot/7~bl; +http://www.semrush.com/bot.html)"
85.208.96.207 - - [20/Jan/2025:00:11:39 -0500] "GET /goods/3697727 HTTP/1.1" 404 18013 "-" "Mozilla/5.0 (compatible; SemrushBot/7~bl; +http://www.semrush.com/bot.html)"
165.231.182.52 - - [20/Jan/2025:00:09:39 -0500] "POST /register/ HTTP/1.0" 200 76060 "https://misswavenigeria.com/register/" "Mozilla/5.0 (Windows NT 6.3) AppleWebKit/537.36 (KHTML, like Gecko) Chrome/103.0.0.0 Safari/537.36"
165.231.182.52 - - [20/Jan/2025:00:11:47 -0500] "GET /register/ HTTP/1.0" 200 75934 "https://misswavenigeria.com/" "Mozilla/5.0 (Windows NT 6.3) AppleWebKit/537.36 (KHTML, like Gecko) Chrome/103.0.0.0 Safari/537.36"
66.249.68.35 - - [20/Jan/2025:00:12:15 -0500] "GET /static/4175221?keyword=%E4%BD%8F%E3%81%BE%E3%81%84%E3%80%81%E3%82%A4%E3%83%B3%E3%83%86%E3%83%AA%E3%82%A2 HTTP/1.1" 200 67630 "-" "Mozilla/5.0 (Linux; Android 6.0.1; Nexus 5X Build/MMB29P) AppleWebKit/537.36 (KHTML, like Gecko) Chrome/132.0.6834.83 Mobile Safari/537.36 (compatible; Googlebot/2.1; +http://www.google.com/bot.html)"
66.29.132.124 - - [20/Jan/2025:00:12:30 -0500] "POST /wp-cron.php?doing_wp_cron=1737349950.8474359512329101562500 HTTP/1.1" 200 0 "-" "WordPress/6.7.1; https://misswavenigeria.com"
165.231.182.52 - - [20/Jan/2025:00:12:30 -0500] "GET / HTTP/1.0" 200 109067 "https://misswavenigeria.com/" "Mozilla/5.0 (Windows NT 6.1; WOW64) AppleWebKit/537.36 (KHTML, like Gecko) Chrome/103.0.0.0 Safari/537.36"
66.29.132.124 - - [20/Jan/2025:00:12:31 -0500] "POST /wp-admin/admin-ajax.php?action=async_litespeed&nonce=V9USsWq2zGOeSxBB3hn16nAJ50GCP8GW&litespeed_type=imgoptm HTTP/1.1" 200 21 "-" "WordPress/6.7.1; https://misswavenigeria.com"
165.231.182.52 - - [20/Jan/2025:00:12:32 -0500] "GET /register/ HTTP/1.0" 200 75934 "https://misswavenigeria.com/register/" "Mozilla/5.0 (Windows NT 6.1; WOW64) AppleWebKit/537.36 (KHTML, like Gecko) Chrome/103.0.0.0 Safari/537.36"
85.208.96.205 - - [20/Jan/2025:00:12:39 -0500] "GET /goods/1202917 HTTP/1.1" 404 18012 "-" "Mozilla/5.0 (compatible; SemrushBot/7~bl; +http://www.semrush.com/bot.html)"
66.249.79.3 - - [20/Jan/2025:00:12:41 -0500] "GET /?product=encourage8633472-477?keyword=3DS HTTP/1.1" 200 72404 "-" "Mozilla/5.0 (Linux; Android 6.0.1; Nexus 5X Build/MMB29P) AppleWebKit/537.36 (KHTML, like Gecko) Chrome/132.0.6834.83 Mobile Safari/537.36 (compatible; Googlebot/2.1; +http://www.google.com/bot.html)"
85.208.96.212 - - [20/Jan/2025:00:12:43 -0500] "GET /goods/1674588 HTTP/1.1" 404 18013 "-" "Mozilla/5.0 (compatible; SemrushBot/7~bl; +http://www.semrush.com/bot.html)"
66.249.79.168 - - [20/Jan/2025:00:12:45 -0500] "GET /goods/3880969 HTTP/1.1" 200 68612 "-" "Mozilla/5.0 (Linux; Android 6.0.1; Nexus 5X Build/MMB29P) AppleWebKit/537.36 (KHTML, like Gecko) Chrome/132.0.6834.83 Mobile Safari/537.36 (compatible; Googlebot/2.1; +http://www.google.com/bot.html)"
66.249.79.168 - - [20/Jan/2025:00:12:50 -0500] "GET /goods/1497319 HTTP/1.1" 200 72518 "-" "Mozilla/5.0 (Linux; Android 6.0.1; Nexus 5X Build/MMB29P) AppleWebKit/537.36 (KHTML, like Gecko) Chrome/132.0.6834.83 Mobile Safari/537.36 (compatible; Googlebot/2.1; +http://www.google.com/bot.html)"
85.208.96.201 - - [20/Jan/2025:00:13:02 -0500] "GET /goods/1903149 HTTP/1.1" 404 18012 "-" "Mozilla/5.0 (compatible; SemrushBot/7~bl; +http://www.semrush.com/bot.html)"
66.249.68.5 - - [20/Jan/2025:00:13:43 -0500] "GET /goods/2373213 HTTP/1.1" 200 68915 "-" "Mozilla/5.0 (Linux; Android 6.0.1; Nexus 5X Build/MMB29P) AppleWebKit/537.36 (KHTML, like Gecko) Chrome/132.0.6834.83 Mobile Safari/537.36 (compatible; Googlebot/2.1; +http://www.google.com/bot.html)"
66.29.132.124 - - [20/Jan/2025:00:13:46 -0500] "POST /wp-cron.php?doing_wp_cron=1737350026.7918219566345214843750 HTTP/1.1" 200 0 "-" "WordPress/6.7.1; https://misswavenigeria.com"
85.208.96.200 - - [20/Jan/2025:00:13:46 -0500] "GET /goods/2343567 HTTP/1.1" 404 18012 "-" "Mozilla/5.0 (compatible; SemrushBot/7~bl; +http://www.semrush.com/bot.html)"
66.29.132.124 - - [20/Jan/2025:00:13:47 -0500] "POST /wp-admin/admin-ajax.php?action=async_litespeed&nonce=6sFq3C0HpCJskbRxRq3zkBh6Q64tjykA&litespeed_type=imgoptm HTTP/1.1" 200 21 "-" "WordPress/6.7.1; https://misswavenigeria.com"
66.249.79.34 - - [20/Jan/2025:00:13:48 -0500] "GET /goods/2001161?keyword=%E3%82%A4%E3%83%B3%E3%83%90%E3%83%BC%E3%82%BF%E3%83%BC%E7%99%BA%E9%9B%BB%E6%A9%9F%E2%98%86%E5%B7%A5%E9%80%B2(KOSHIN)?keyword=%E5%B8%8C%E5%B0%91%EF%BC%81%E3%80%80%E5%8B%95%E4%BD%9C%E7%A2%BA%E8%AA%8D%E6%B8%88%E3%81%BF HTTP/1.1" 200 68506 "-" "Mozilla/5.0 (Linux; Android 6.0.1; Nexus 5X Build/MMB29P) AppleWebKit/537.36 (KHTML, like Gecko) Chrome/132.0.6834.83 Mobile Safari/537.36 (compatible; Googlebot/2.1; +http://www.google.com/bot.html)"
66.249.68.66 - - [20/Jan/2025:00:13:53 -0500] "GET /goods/2900984 HTTP/1.1" 200 72190 "-" "Mozilla/5.0 (Linux; Android 6.0.1; Nexus 5X Build/MMB29P) AppleWebKit/537.36 (KHTML, like Gecko) Chrome/132.0.6834.83 Mobile Safari/537.36 (compatible; Googlebot/2.1; +http://www.google.com/bot.html)"
185.191.171.2 - - [20/Jan/2025:00:13:57 -0500] "GET /goods/1734205 HTTP/1.1" 404 18012 "-" "Mozilla/5.0 (compatible; SemrushBot/7~bl; +http://www.semrush.com/bot.html)"
85.208.96.207 - - [20/Jan/2025:00:14:09 -0500] "GET /goods/757187 HTTP/1.1" 404 18013 "-" "Mozilla/5.0 (compatible; SemrushBot/7~bl; +http://www.semrush.com/bot.html)"
66.29.132.124 - - [20/Jan/2025:00:14:14 -0500] "POST /wp-cron.php?doing_wp_cron=1737350054.7139139175415039062500 HTTP/1.1" 200 0 "-" "WordPress/6.7.1; https://misswavenigeria.com"
85.208.96.207 - - [20/Jan/2025:00:14:14 -0500] "GET /goods/1685634 HTTP/1.1" 404 18013 "-" "Mozilla/5.0 (compatible; SemrushBot/7~bl; +http://www.semrush.com/bot.html)"
66.29.132.124 - - [20/Jan/2025:00:14:15 -0500] "POST /wp-admin/admin-ajax.php?action=async_litespeed&nonce=3yxqitXv3Ykc7doXCSQOEYfTBOjgtNaW&litespeed_type=imgoptm HTTP/1.1" 200 21 "-" "WordPress/6.7.1; https://misswavenigeria.com"
185.191.171.19 - - [20/Jan/2025:00:14:17 -0500] "GET /goods/2201661 HTTP/1.1" 404 18013 "-" "Mozilla/5.0 (compatible; SemrushBot/7~bl; +http://www.semrush.com/bot.html)"
85.208.96.195 - - [20/Jan/2025:00:14:20 -0500] "GET /goods/3456874 HTTP/1.1" 404 18013 "-" "Mozilla/5.0 (compatible; SemrushBot/7~bl; +http://www.semrush.com/bot.html)"
66.249.79.103 - - [20/Jan/2025:00:14:31 -0500] "GET /goods/1744991 HTTP/1.1" 200 67104 "-" "Mozilla/5.0 (Linux; Android 6.0.1; Nexus 5X Build/MMB29P) AppleWebKit/537.36 (KHTML, like Gecko) Chrome/132.0.6834.83 Mobile Safari/537.36 (compatible; Googlebot/2.1; +http://www.google.com/bot.html)"
66.29.132.124 - - [20/Jan/2025:00:14:35 -0500] "POST /wp-cron.php?doing_wp_cron=1737350075.3228321075439453125000 HTTP/1.1" 200 0 "-" "WordPress/6.7.1; https://misswavenigeria.com"
85.208.96.211 - - [20/Jan/2025:00:14:35 -0500] "GET /goods/3932839 HTTP/1.1" 404 18013 "-" "Mozilla/5.0 (compatible; SemrushBot/7~bl; +http://www.semrush.com/bot.html)"
185.191.171.5 - - [20/Jan/2025:00:14:38 -0500] "GET /goods/4303736 HTTP/1.1" 404 18013 "-" "Mozilla/5.0 (compatible; SemrushBot/7~bl; +http://www.semrush.com/bot.html)"
165.231.182.52 - - [20/Jan/2025:00:12:33 -0500] "POST /register/ HTTP/1.0" 200 76060 "https://misswavenigeria.com/register/" "Mozilla/5.0 (Windows NT 6.1; WOW64) AppleWebKit/537.36 (KHTML, like Gecko) Chrome/103.0.0.0 Safari/537.36"
66.249.79.169 - - [20/Jan/2025:00:14:47 -0500] "GET /?product=recycling1649414-433?keyword=%E3%82%B9%E3%83%9E%E3%83%BC%E3%83%88%E3%83%95%E3%82%A9%E3%83%B3%E3%83%BB%E6%90%BA%E5%B8%AF%E9%9B%BB%E8%A9%B1 HTTP/1.1" 200 70509 "-" "Mozilla/5.0 (Linux; Android 6.0.1; Nexus 5X Build/MMB29P) AppleWebKit/537.36 (KHTML, like Gecko) Chrome/132.0.6834.83 Mobile Safari/537.36 (compatible; Googlebot/2.1; +http://www.google.com/bot.html)"
85.208.96.206 - - [20/Jan/2025:00:14:49 -0500] "GET /goods/4073760 HTTP/1.1" 404 18012 "-" "Mozilla/5.0 (compatible; SemrushBot/7~bl; +http://www.semrush.com/bot.html)"
165.231.182.52 - - [20/Jan/2025:00:14:50 -0500] "GET /register/ HTTP/1.0" 200 75934 "https://misswavenigeria.com/" "Mozilla/5.0 (Windows NT 6.1; WOW64) AppleWebKit/537.36 (KHTML, like Gecko) Chrome/103.0.0.0 Safari/537.36"
66.249.79.204 - - [20/Jan/2025:00:14:52 -0500] "GET /goods/532027?keyword=%E3%83%9B%E3%83%93%E3%83%BC%E3%83%BB%E6%A5%BD%E5%99%A8%E3%83%BB%E3%82%A2%E3%83%BC%E3%83%88 HTTP/1.1" 200 69036 "-" "Mozilla/5.0 (Linux; Android 6.0.1; Nexus 5X Build/MMB29P) AppleWebKit/537.36 (KHTML, like Gecko) Chrome/132.0.6834.83 Mobile Safari/537.36 (compatible; Googlebot/2.1; +http://www.google.com/bot.html)"
85.208.96.212 - - [20/Jan/2025:00:14:58 -0500] "GET /goods/3661578 HTTP/1.1" 404 18012 "-" "Mozilla/5.0 (compatible; SemrushBot/7~bl; +http://www.semrush.com/bot.html)"
66.249.79.170 - - [20/Jan/2025:00:15:04 -0500] "GET /?product=approximate17094420-826?keyword=%E3%83%95%E3%82%A1%E3%83%83%E3%82%B7%E3%83%A7%E3%83%B3 HTTP/1.1" 200 71352 "-" "Mozilla/5.0 (Linux; Android 6.0.1; Nexus 5X Build/MMB29P) AppleWebKit/537.36 (KHTML, like Gecko) Chrome/132.0.6834.83 Mobile Safari/537.36 (compatible; Googlebot/2.1; +http://www.google.com/bot.html)"
66.249.68.3 - - [20/Jan/2025:00:15:11 -0500] "GET /?product=recommended15273490-770?keyword=%E3%82%B3%E3%83%B3%E3%83%94%E3%83%A5%E3%83%BC%E3%82%BF HTTP/1.1" 200 68801 "-" "Mozilla/5.0 (Linux; Android 6.0.1; Nexus 5X Build/MMB29P) AppleWebKit/537.36 (KHTML, like Gecko) Chrome/132.0.6834.83 Mobile Safari/537.36 (compatible; Googlebot/2.1; +http://www.google.com/bot.html)"
66.249.79.3 - - [20/Jan/2025:00:15:18 -0500] "GET /goods/3414769 HTTP/1.1" 200 68468 "-" "Mozilla/5.0 (Linux; Android 6.0.1; Nexus 5X Build/MMB29P) AppleWebKit/537.36 (KHTML, like Gecko) Chrome/132.0.6834.83 Mobile Safari/537.36 (compatible; Googlebot/2.1; +http://www.google.com/bot.html)"
66.29.132.124 - - [20/Jan/2025:00:15:25 -0500] "POST /wp-cron.php?doing_wp_cron=1737350125.6370871067047119140625 HTTP/1.1" 200 0 "-" "WordPress/6.7.1; https://misswavenigeria.com"
165.231.182.52 - - [20/Jan/2025:00:15:25 -0500] "GET / HTTP/1.0" 200 109067 "https://misswavenigeria.com/" "Mozilla/5.0 (Windows NT 6.3; WOW64) AppleWebKit/537.36 (KHTML, like Gecko) Chrome/103.0.0.0 Safari/537.36"
66.29.132.124 - - [20/Jan/2025:00:15:25 -0500] "POST /wp-admin/admin-ajax.php?action=async_litespeed&nonce=sP0Y1F2vB0Xd4XJeZmXz03bd4K3kCOZm&litespeed_type=imgoptm HTTP/1.1" 200 21 "-" "WordPress/6.7.1; https://misswavenigeria.com"
165.231.182.52 - - [20/Jan/2025:00:15:27 -0500] "GET /register/ HTTP/1.0" 200 75934 "https://misswavenigeria.com/register/" "Mozilla/5.0 (Windows NT 6.3; WOW64) AppleWebKit/537.36 (KHTML, like Gecko) Chrome/103.0.0.0 Safari/537.36"
185.191.171.19 - - [20/Jan/2025:00:15:46 -0500] "GET /goods/4440042 HTTP/1.1" 404 18012 "-" "Mozilla/5.0 (compatible; SemrushBot/7~bl; +http://www.semrush.com/bot.html)"
66.249.79.103 - - [20/Jan/2025:00:16:04 -0500] "GET /show/2032784 HTTP/1.1" 200 70387 "-" "Mozilla/5.0 (Linux; Android 6.0.1; Nexus 5X Build/MMB29P) AppleWebKit/537.36 (KHTML, like Gecko) Chrome/132.0.6834.83 Mobile Safari/537.36 (compatible; Googlebot/2.1; +http://www.google.com/bot.html)"
66.29.132.124 - - [20/Jan/2025:00:16:13 -0500] "POST /wp-cron.php?doing_wp_cron=1737350172.9922900199890136718750 HTTP/1.1" 200 0 "-" "WordPress/6.7.1; https://misswavenigeria.com"
85.208.96.202 - - [20/Jan/2025:00:16:12 -0500] "GET /goods/318199 HTTP/1.1" 404 18012 "-" "Mozilla/5.0 (compatible; SemrushBot/7~bl; +http://www.semrush.com/bot.html)"
66.29.132.124 - - [20/Jan/2025:00:16:13 -0500] "POST /wp-admin/admin-ajax.php?action=async_litespeed&nonce=5lr1rNvoZ7NOJBL5zXauYxI8aqfVKnbT&litespeed_type=imgoptm HTTP/1.1" 200 21 "-" "WordPress/6.7.1; https://misswavenigeria.com"
66.29.132.124 - - [20/Jan/2025:00:16:47 -0500] "POST /wp-cron.php?doing_wp_cron=1737350206.9746150970458984375000 HTTP/1.1" 200 0 "-" "WordPress/6.7.1; https://misswavenigeria.com"
85.208.96.209 - - [20/Jan/2025:00:16:46 -0500] "GET /goods/4738983 HTTP/1.1" 404 18013 "-" "Mozilla/5.0 (compatible; SemrushBot/7~bl; +http://www.semrush.com/bot.html)"
66.249.79.103 - - [20/Jan/2025:00:16:45 -0500] "GET /goods/4120486 HTTP/1.1" 200 71238 "-" "Mozilla/5.0 (Linux; Android 6.0.1; Nexus 5X Build/MMB29P) AppleWebKit/537.36 (KHTML, like Gecko) Chrome/132.0.6834.83 Mobile Safari/537.36 (compatible; Googlebot/2.1; +http://www.google.com/bot.html)"
85.208.96.210 - - [20/Jan/2025:00:17:03 -0500] "GET /goods/513401 HTTP/1.1" 404 18012 "-" "Mozilla/5.0 (compatible; SemrushBot/7~bl; +http://www.semrush.com/bot.html)"
66.29.132.124 - - [20/Jan/2025:00:17:13 -0500] "POST /wp-cron.php?doing_wp_cron=1737350233.5753018856048583984375 HTTP/1.1" 200 0 "-" "WordPress/6.7.1; https://misswavenigeria.com"
85.208.96.212 - - [20/Jan/2025:00:17:13 -0500] "GET /goods/251447 HTTP/1.1" 404 18012 "-" "Mozilla/5.0 (compatible; SemrushBot/7~bl; +http://www.semrush.com/bot.html)"
66.29.132.124 - - [20/Jan/2025:00:17:13 -0500] "POST /wp-admin/admin-ajax.php?action=async_litespeed&nonce=ydEpFQkImajibzVEGa2FWVfuqbkwg0Pi&litespeed_type=imgoptm HTTP/1.1" 200 21 "-" "WordPress/6.7.1; https://misswavenigeria.com"
66.249.68.66 - - [20/Jan/2025:00:17:23 -0500] "GET /goods/2165360 HTTP/1.1" 200 68248 "-" "Mozilla/5.0 (Linux; Android 6.0.1; Nexus 5X Build/MMB29P) AppleWebKit/537.36 (KHTML, like Gecko) Chrome/132.0.6834.83 Mobile Safari/537.36 (compatible; Googlebot/2.1; +http://www.google.com/bot.html)"
66.29.132.124 - - [20/Jan/2025:00:17:30 -0500] "POST /wp-cron.php?doing_wp_cron=1737350250.4273691177368164062500 HTTP/1.1" 200 0 "-" "WordPress/6.7.1; https://misswavenigeria.com"
185.191.171.16 - - [20/Jan/2025:00:17:30 -0500] "GET /goods/2901518 HTTP/1.1" 404 18012 "-" "Mozilla/5.0 (compatible; SemrushBot/7~bl; +http://www.semrush.com/bot.html)"
185.191.171.13 - - [20/Jan/2025:00:17:34 -0500] "GET /goods/1879603 HTTP/1.1" 404 18013 "-" "Mozilla/5.0 (compatible; SemrushBot/7~bl; +http://www.semrush.com/bot.html)"
66.249.79.35 - - [20/Jan/2025:00:17:38 -0500] "GET /static/91502 HTTP/1.1" 200 67169 "-" "Mozilla/5.0 (compatible; Googlebot/2.1; +http://www.google.com/bot.html)"
165.231.182.52 - - [20/Jan/2025:00:15:28 -0500] "POST /register/ HTTP/1.0" 200 76060 "https://misswavenigeria.com/register/" "Mozilla/5.0 (Windows NT 6.3; WOW64) AppleWebKit/537.36 (KHTML, like Gecko) Chrome/103.0.0.0 Safari/537.36"
165.231.182.52 - - [20/Jan/2025:00:17:46 -0500] "GET /register/ HTTP/1.0" 200 75934 "https://misswavenigeria.com/" "Mozilla/5.0 (Windows NT 6.3; WOW64) AppleWebKit/537.36 (KHTML, like Gecko) Chrome/103.0.0.0 Safari/537.36"
85.208.96.203 - - [20/Jan/2025:00:17:52 -0500] "GET /goods/651130 HTTP/1.1" 404 18013 "-" "Mozilla/5.0 (compatible; SemrushBot/7~bl; +http://www.semrush.com/bot.html)"
185.191.171.6 - - [20/Jan/2025:00:17:58 -0500] "GET /goods/752387 HTTP/1.1" 404 18013 "-" "Mozilla/5.0 (compatible; SemrushBot/7~bl; +http://www.semrush.com/bot.html)"
66.29.132.124 - - [20/Jan/2025:00:18:16 -0500] "POST /wp-cron.php?doing_wp_cron=1737350296.6908910274505615234375 HTTP/1.1" 200 0 "-" "WordPress/6.7.1; https://misswavenigeria.com"
165.231.182.52 - - [20/Jan/2025:00:18:16 -0500] "GET / HTTP/1.0" 200 109063 "https://misswavenigeria.com/" "Mozilla/5.0 (Windows NT 10.0) AppleWebKit/537.36 (KHTML, like Gecko) Chrome/103.0.0.0 Safari/537.36"
66.29.132.124 - - [20/Jan/2025:00:18:16 -0500] "POST /wp-admin/admin-ajax.php?action=async_litespeed&nonce=qkdflRUH95fGvTswZvHZ3zDuP1CPrYJu&litespeed_type=imgoptm HTTP/1.1" 200 21 "-" "WordPress/6.7.1; https://misswavenigeria.com"
165.231.182.52 - - [20/Jan/2025:00:18:18 -0500] "GET /register/ HTTP/1.0" 200 75934 "https://misswavenigeria.com/register/" "Mozilla/5.0 (Windows NT 10.0) AppleWebKit/537.36 (KHTML, like Gecko) Chrome/103.0.0.0 Safari/537.36"
185.191.171.3 - - [20/Jan/2025:00:18:18 -0500] "GET /goods/3239782 HTTP/1.1" 404 18011 "-" "Mozilla/5.0 (compatible; SemrushBot/7~bl; +http://www.semrush.com/bot.html)"
185.191.171.10 - - [20/Jan/2025:00:18:23 -0500] "GET /goods/1185319 HTTP/1.1" 404 18013 "-" "Mozilla/5.0 (compatible; SemrushBot/7~bl; +http://www.semrush.com/bot.html)"
66.29.132.124 - - [20/Jan/2025:00:18:25 -0500] "POST /wp-cron.php?doing_wp_cron=1737350305.9379770755767822265625 HTTP/1.1" 200 0 "-" "WordPress/6.7.1; https://misswavenigeria.com"
185.191.171.6 - - [20/Jan/2025:00:18:25 -0500] "GET /goods/2221992 HTTP/1.1" 404 18012 "-" "Mozilla/5.0 (compatible; SemrushBot/7~bl; +http://www.semrush.com/bot.html)"
66.249.79.34 - - [20/Jan/2025:00:18:30 -0500] "GET /goods/2255655 HTTP/1.1" 200 70134 "-" "Mozilla/5.0 (Linux; Android 6.0.1; Nexus 5X Build/MMB29P) AppleWebKit/537.36 (KHTML, like Gecko) Chrome/132.0.6834.83 Mobile Safari/537.36 (compatible; Googlebot/2.1; +http://www.google.com/bot.html)"
85.208.96.197 - - [20/Jan/2025:00:18:32 -0500] "GET /goods/3523911 HTTP/1.1" 404 18013 "-" "Mozilla/5.0 (compatible; SemrushBot/7~bl; +http://www.semrush.com/bot.html)"
66.249.79.34 - - [20/Jan/2025:00:18:40 -0500] "GET /goods/551011 HTTP/1.1" 200 70485 "-" "Mozilla/5.0 (Linux; Android 6.0.1; Nexus 5X Build/MMB29P) AppleWebKit/537.36 (KHTML, like Gecko) Chrome/132.0.6834.83 Mobile Safari/537.36 (compatible; Googlebot/2.1; +http://www.google.com/bot.html)"
185.191.171.16 - - [20/Jan/2025:00:18:51 -0500] "GET /goods/4247507 HTTP/1.1" 404 18012 "-" "Mozilla/5.0 (compatible; SemrushBot/7~bl; +http://www.semrush.com/bot.html)"
85.208.96.207 - - [20/Jan/2025:00:18:54 -0500] "GET /goods/2705563 HTTP/1.1" 404 18013 "-" "Mozilla/5.0 (compatible; SemrushBot/7~bl; +http://www.semrush.com/bot.html)"
85.208.96.212 - - [20/Jan/2025:00:18:56 -0500] "GET /goods/3663365 HTTP/1.1" 404 18012 "-" "Mozilla/5.0 (compatible; SemrushBot/7~bl; +http://www.semrush.com/bot.html)"
66.249.79.170 - - [20/Jan/2025:00:19:06 -0500] "GET /goods/2923572 HTTP/1.1" 200 70139 "-" "Mozilla/5.0 (Linux; Android 6.0.1; Nexus 5X Build/MMB29P) AppleWebKit/537.36 (KHTML, like Gecko) Chrome/132.0.6834.83 Mobile Safari/537.36 (compatible; Googlebot/2.1; +http://www.google.com/bot.html)"
47.128.119.98 - - [20/Jan/2025:00:19:38 -0500] "GET /wp-includes/sitemaps/class-wp-sitemaps-provider.php HTTP/1.1" 200 0 "-" "Mozilla/5.0 (Linux; Android 5.0) AppleWebKit/537.36 (KHTML, like Gecko) Mobile Safari/537.36 (compatible; Bytespider; spider-feedback@bytedance.com)"
66.29.132.124 - - [20/Jan/2025:00:19:40 -0500] "POST /wp-cron.php?doing_wp_cron=1737350380.3037939071655273437500 HTTP/1.1" 200 0 "-" "WordPress/6.7.1; https://misswavenigeria.com"
185.191.171.18 - - [20/Jan/2025:00:19:40 -0500] "GET /goods/3250192 HTTP/1.1" 404 18012 "-" "Mozilla/5.0 (compatible; SemrushBot/7~bl; +http://www.semrush.com/bot.html)"
66.29.132.124 - - [20/Jan/2025:00:19:40 -0500] "POST /wp-admin/admin-ajax.php?action=async_litespeed&nonce=ktGukAM88QdBjpGpIajLl3rLaWG3dEpf&litespeed_type=imgoptm HTTP/1.1" 200 21 "-" "WordPress/6.7.1; https://misswavenigeria.com"
85.208.96.202 - - [20/Jan/2025:00:19:46 -0500] "GET /goods/3924612 HTTP/1.1" 404 18012 "-" "Mozilla/5.0 (compatible; SemrushBot/7~bl; +http://www.semrush.com/bot.html)"
66.249.68.4 - - [20/Jan/2025:00:19:48 -0500] "GET /goods/665793 HTTP/1.1" 200 69968 "-" "Mozilla/5.0 (Linux; Android 6.0.1; Nexus 5X Build/MMB29P) AppleWebKit/537.36 (KHTML, like Gecko) Chrome/132.0.6834.83 Mobile Safari/537.36 (compatible; Googlebot/2.1; +http://www.google.com/bot.html)"
185.191.171.2 - - [20/Jan/2025:00:19:55 -0500] "GET /goods/3939955 HTTP/1.1" 404 18012 "-" "Mozilla/5.0 (compatible; SemrushBot/7~bl; +http://www.semrush.com/bot.html)"
66.29.132.124 - - [20/Jan/2025:00:20:28 -0500] "POST /wp-cron.php?doing_wp_cron=1737350428.8180580139160156250000 HTTP/1.1" 200 0 "-" "WordPress/6.7.1; https://misswavenigeria.com"
185.191.171.14 - - [20/Jan/2025:00:20:28 -0500] "GET /goods/2379872 HTTP/1.1" 404 18012 "-" "Mozilla/5.0 (compatible; SemrushBot/7~bl; +http://www.semrush.com/bot.html)"
66.29.132.124 - - [20/Jan/2025:00:20:29 -0500] "POST /wp-admin/admin-ajax.php?action=async_litespeed&nonce=9V1dlDrJ642nOSRygi10dev1Cj53N7U0&litespeed_type=imgoptm HTTP/1.1" 200 21 "-" "WordPress/6.7.1; https://misswavenigeria.com"
165.231.182.52 - - [20/Jan/2025:00:18:19 -0500] "POST /register/ HTTP/1.0" 200 76060 "https://misswavenigeria.com/register/" "Mozilla/5.0 (Windows NT 10.0) AppleWebKit/537.36 (KHTML, like Gecko) Chrome/103.0.0.0 Safari/537.36"
165.231.182.52 - - [20/Jan/2025:00:20:46 -0500] "GET /register/ HTTP/1.0" 200 75934 "https://misswavenigeria.com/" "Mozilla/5.0 (Windows NT 10.0) AppleWebKit/537.36 (KHTML, like Gecko) Chrome/103.0.0.0 Safari/537.36"
85.208.96.195 - - [20/Jan/2025:00:20:46 -0500] "GET /goods/934214 HTTP/1.1" 404 18012 "-" "Mozilla/5.0 (compatible; SemrushBot/7~bl; +http://www.semrush.com/bot.html)"
66.29.132.124 - - [20/Jan/2025:00:21:15 -0500] "POST /wp-cron.php?doing_wp_cron=1737350475.2033970355987548828125 HTTP/1.1" 200 0 "-" "WordPress/6.7.1; https://misswavenigeria.com"
165.231.182.52 - - [20/Jan/2025:00:21:14 -0500] "GET / HTTP/1.0" 200 109067 "https://misswavenigeria.com/" "Mozilla/5.0 (Windows NT 6.3; Win64; x64) AppleWebKit/537.36 (KHTML, like Gecko) Chrome/103.0.5060.53 Safari/537.36"
66.29.132.124 - - [20/Jan/2025:00:21:15 -0500] "POST /wp-admin/admin-ajax.php?action=async_litespeed&nonce=szTHwflXBVXOOAjSHRDWKMsEDKYSwnrR&litespeed_type=imgoptm HTTP/1.1" 200 21 "-" "WordPress/6.7.1; https://misswavenigeria.com"
165.231.182.52 - - [20/Jan/2025:00:21:16 -0500] "GET /register/ HTTP/1.0" 200 75934 "https://misswavenigeria.com/register/" "Mozilla/5.0 (Windows NT 6.3; Win64; x64) AppleWebKit/537.36 (KHTML, like Gecko) Chrome/103.0.5060.53 Safari/537.36"
66.249.79.36 - - [20/Jan/2025:00:21:18 -0500] "GET /goods/1912959 HTTP/1.1" 200 71167 "-" "Mozilla/5.0 (Linux; Android 6.0.1; Nexus 5X Build/MMB29P) AppleWebKit/537.36 (KHTML, like Gecko) Chrome/132.0.6834.83 Mobile Safari/537.36 (compatible; Googlebot/2.1; +http://www.google.com/bot.html)"
66.29.132.124 - - [20/Jan/2025:00:21:33 -0500] "POST /wp-cron.php?doing_wp_cron=1737350493.9750399589538574218750 HTTP/1.1" 200 0 "-" "WordPress/6.7.1; https://misswavenigeria.com"
185.191.171.17 - - [20/Jan/2025:00:21:33 -0500] "GET /goods/2222815 HTTP/1.1" 404 18013 "-" "Mozilla/5.0 (compatible; SemrushBot/7~bl; +http://www.semrush.com/bot.html)"
66.249.79.102 - - [20/Jan/2025:00:21:38 -0500] "GET /goods/1237851 HTTP/1.1" 200 67217 "-" "Mozilla/5.0 (Linux; Android 6.0.1; Nexus 5X Build/MMB29P) AppleWebKit/537.36 (KHTML, like Gecko) Chrome/132.0.6834.83 Mobile Safari/537.36 (compatible; Googlebot/2.1; +http://www.google.com/bot.html)"
185.191.171.11 - - [20/Jan/2025:00:21:42 -0500] "GET /goods/2217057 HTTP/1.1" 404 18012 "-" "Mozilla/5.0 (compatible; SemrushBot/7~bl; +http://www.semrush.com/bot.html)"
66.249.79.102 - - [20/Jan/2025:00:21:47 -0500] "GET /goods/3951955 HTTP/1.1" 200 68416 "-" "Mozilla/5.0 (Linux; Android 6.0.1; Nexus 5X Build/MMB29P) AppleWebKit/537.36 (KHTML, like Gecko) Chrome/132.0.6834.83 Mobile Safari/537.36 (compatible; Googlebot/2.1; +http://www.google.com/bot.html)"
185.191.171.18 - - [20/Jan/2025:00:21:51 -0500] "GET /goods/1797900 HTTP/1.1" 404 18012 "-" "Mozilla/5.0 (compatible; SemrushBot/7~bl; +http://www.semrush.com/bot.html)"
185.191.171.17 - - [20/Jan/2025:00:21:57 -0500] "GET /goods/1475404 HTTP/1.1" 404 18012 "-" "Mozilla/5.0 (compatible; SemrushBot/7~bl; +http://www.semrush.com/bot.html)"
66.249.68.4 - - [20/Jan/2025:00:21:58 -0500] "GET /robots.txt HTTP/1.1" 200 103 "-" "Mozilla/5.0 (compatible; Googlebot/2.1; +http://www.google.com/bot.html)"
85.208.96.211 - - [20/Jan/2025:00:21:59 -0500] "GET /goods/4342775 HTTP/1.1" 404 18013 "-" "Mozilla/5.0 (compatible; SemrushBot/7~bl; +http://www.semrush.com/bot.html)"
66.249.68.3 - - [20/Jan/2025:00:22:03 -0500] "GET /static/4387041?keyword=%E3%82%B8%E3%83%A7%E3%83%B3?keyword=RANDA HTTP/1.1" 200 67671 "-" "Mozilla/5.0 (Linux; Android 6.0.1; Nexus 5X Build/MMB29P) AppleWebKit/537.36 (KHTML, like Gecko) Chrome/132.0.6834.83 Mobile Safari/537.36 (compatible; Googlebot/2.1; +http://www.google.com/bot.html)"
66.249.79.204 - - [20/Jan/2025:00:22:21 -0500] "GET /?product=update16801495-290?keyword=%E6%A1%9C%E6%B2%B3%E3%81%93%E3%81%AF%E3%81%8F HTTP/1.1" 200 69192 "-" "Mozilla/5.0 (Linux; Android 6.0.1; Nexus 5X Build/MMB29P) AppleWebKit/537.36 (KHTML, like Gecko) Chrome/132.0.6834.83 Mobile Safari/537.36 (compatible; Googlebot/2.1; +http://www.google.com/bot.html)"
66.29.132.124 - - [20/Jan/2025:00:22:31 -0500] "POST /wp-cron.php?doing_wp_cron=1737350550.7939920425415039062500 HTTP/1.1" 200 0 "-" "WordPress/6.7.1; https://misswavenigeria.com"
185.191.171.14 - - [20/Jan/2025:00:22:30 -0500] "GET /goods/3838089 HTTP/1.1" 404 18013 "-" "Mozilla/5.0 (compatible; SemrushBot/7~bl; +http://www.semrush.com/bot.html)"
