66.249.68.4 - - [20/Jan/2025:00:43:17 -0500] "GET /goods/1922963 HTTP/1.1" 200 70289 "-" "Mozilla/5.0 (Linux; Android 6.0.1; Nexus 5X Build/MMB29P) AppleWebKit/537.36 (KHTML, like Gecko) Chrome/132.0.6834.83 Mobile Safari/537.36 (compatible; Googlebot/2.1; +http://www.google.com/bot.html)"
66.29.132.124 - - [20/Jan/2025:00:43:32 -0500] "POST /wp-cron.php?doing_wp_cron=1737351812.2790379524230957031250 HTTP/1.1" 200 0 "-" "WordPress/6.7.1; https://misswavenigeria.com"
185.191.171.16 - - [20/Jan/2025:00:43:32 -0500] "GET /goods/521759 HTTP/1.1" 404 18013 "-" "Mozilla/5.0 (compatible; SemrushBot/7~bl; +http://www.semrush.com/bot.html)"
66.249.68.4 - - [20/Jan/2025:00:43:41 -0500] "GET /goods/3925946 HTTP/1.1" 200 67562 "-" "Mozilla/5.0 (Linux; Android 6.0.1; Nexus 5X Build/MMB29P) AppleWebKit/537.36 (KHTML, like Gecko) Chrome/132.0.6834.83 Mobile Safari/537.36 (compatible; Googlebot/2.1; +http://www.google.com/bot.html)"
165.231.182.52 - - [20/Jan/2025:00:42:13 -0500] "POST /register/ HTTP/1.0" 200 76060 "https://misswavenigeria.com/register/" "Mozilla/5.0 (Windows NT 10.0; Win64; x64) AppleWebKit/537.36 (KHTML, like Gecko) Chrome/103.0.0.0 Safari/537.36 Herring/95.1.8810.11"
85.208.96.212 - - [20/Jan/2025:00:43:52 -0500] "GET /goods/2560464 HTTP/1.1" 404 18013 "-" "Mozilla/5.0 (compatible; SemrushBot/7~bl; +http://www.semrush.com/bot.html)"
165.231.182.52 - - [20/Jan/2025:00:43:53 -0500] "GET /register/ HTTP/1.0" 200 75934 "https://misswavenigeria.com/" "Mozilla/5.0 (Windows NT 10.0; Win64; x64) AppleWebKit/537.36 (KHTML, like Gecko) Chrome/103.0.0.0 Safari/537.36 Herring/95.1.8810.11"
66.29.132.124 - - [20/Jan/2025:00:44:46 -0500] "POST /wp-cron.php?doing_wp_cron=1737351886.8917820453643798828125 HTTP/1.1" 200 0 "-" "WordPress/6.7.1; https://misswavenigeria.com"
185.191.171.18 - - [20/Jan/2025:00:44:46 -0500] "GET /goods/3775114 HTTP/1.1" 404 18012 "-" "Mozilla/5.0 (compatible; SemrushBot/7~bl; +http://www.semrush.com/bot.html)"
66.29.132.124 - - [20/Jan/2025:00:44:47 -0500] "POST /wp-admin/admin-ajax.php?action=async_litespeed&nonce=yzlBlg2eMON0kBIrHfxJO5Ps856jKva7&litespeed_type=imgoptm HTTP/1.1" 200 21 "-" "WordPress/6.7.1; https://misswavenigeria.com"
185.191.171.6 - - [20/Jan/2025:00:44:49 -0500] "GET /goods/2102386 HTTP/1.1" 404 18012 "-" "Mozilla/5.0 (compatible; SemrushBot/7~bl; +http://www.semrush.com/bot.html)"
66.249.79.204 - - [20/Jan/2025:00:44:51 -0500] "GET /goods/2885234 HTTP/1.1" 200 68392 "-" "Mozilla/5.0 (Linux; Android 6.0.1; Nexus 5X Build/MMB29P) AppleWebKit/537.36 (KHTML, like Gecko) Chrome/132.0.6834.83 Mobile Safari/537.36 (compatible; Googlebot/2.1; +http://www.google.com/bot.html)"
66.249.79.34 - - [20/Jan/2025:00:44:56 -0500] "GET /goods/3161271 HTTP/1.1" 200 69348 "-" "Mozilla/5.0 (Linux; Android 6.0.1; Nexus 5X Build/MMB29P) AppleWebKit/537.36 (KHTML, like Gecko) Chrome/132.0.6834.83 Mobile Safari/537.36 (compatible; Googlebot/2.1; +http://www.google.com/bot.html)"
185.191.171.18 - - [20/Jan/2025:00:44:58 -0500] "GET /goods/2800191 HTTP/1.1" 404 18013 "-" "Mozilla/5.0 (compatible; SemrushBot/7~bl; +http://www.semrush.com/bot.html)"
165.231.182.52 - - [20/Jan/2025:00:45:02 -0500] "GET / HTTP/1.0" 200 109067 "https://misswavenigeria.com/" "Mozilla/5.0 (Windows NT 6.3; Win64; x64) AppleWebKit/537.36 (KHTML, like Gecko) Chrome/103.0.5060.114 Safari/537.36"
85.208.96.206 - - [20/Jan/2025:00:45:03 -0500] "GET /goods/3608762 HTTP/1.1" 404 18012 "-" "Mozilla/5.0 (compatible; SemrushBot/7~bl; +http://www.semrush.com/bot.html)"
66.249.79.36 - - [20/Jan/2025:00:45:02 -0500] "GET /goods/3665981 HTTP/1.1" 200 68729 "-" "Mozilla/5.0 (Linux; Android 6.0.1; Nexus 5X Build/MMB29P) AppleWebKit/537.36 (KHTML, like Gecko) Chrome/132.0.6834.83 Mobile Safari/537.36 (compatible; Googlebot/2.1; +http://www.google.com/bot.html)"
165.231.182.52 - - [20/Jan/2025:00:45:06 -0500] "GET /register/ HTTP/1.0" 200 75934 "https://misswavenigeria.com/register/" "Mozilla/5.0 (Windows NT 6.3; Win64; x64) AppleWebKit/537.36 (KHTML, like Gecko) Chrome/103.0.5060.114 Safari/537.36"
185.191.171.19 - - [20/Jan/2025:00:45:06 -0500] "GET /goods/2612374 HTTP/1.1" 404 18013 "-" "Mozilla/5.0 (compatible; SemrushBot/7~bl; +http://www.semrush.com/bot.html)"
66.29.132.124 - - [20/Jan/2025:00:45:10 -0500] "POST /wp-cron.php?doing_wp_cron=1737351910.4631509780883789062500 HTTP/1.1" 200 0 "-" "WordPress/6.7.1; https://misswavenigeria.com"
66.29.132.124 - - [20/Jan/2025:00:45:11 -0500] "POST /wp-admin/admin-ajax.php?action=async_litespeed&nonce=4ErUqQlDUhnk9rJ61oPu8SGQktOgRDWY&litespeed_type=imgoptm HTTP/1.1" 200 21 "-" "WordPress/6.7.1; https://misswavenigeria.com"
66.249.79.205 - - [20/Jan/2025:00:45:38 -0500] "GET /goods/1922937 HTTP/1.1" 200 68839 "-" "Mozilla/5.0 (Linux; Android 6.0.1; Nexus 5X Build/MMB29P) AppleWebKit/537.36 (KHTML, like Gecko) Chrome/132.0.6834.83 Mobile Safari/537.36 (compatible; Googlebot/2.1; +http://www.google.com/bot.html)"
66.29.132.124 - - [20/Jan/2025:00:45:50 -0500] "POST /wp-cron.php?doing_wp_cron=1737351950.5354130268096923828125 HTTP/1.1" 200 0 "-" "WordPress/6.7.1; https://misswavenigeria.com"
185.191.171.1 - - [20/Jan/2025:00:45:50 -0500] "GET /goods/2892486 HTTP/1.1" 404 18012 "-" "Mozilla/5.0 (compatible; SemrushBot/7~bl; +http://www.semrush.com/bot.html)"
85.208.96.196 - - [20/Jan/2025:00:45:56 -0500] "GET /goods/3745961 HTTP/1.1" 404 18013 "-" "Mozilla/5.0 (compatible; SemrushBot/7~bl; +http://www.semrush.com/bot.html)"
185.191.171.6 - - [20/Jan/2025:00:46:03 -0500] "GET /goods/845786 HTTP/1.1" 404 18012 "-" "Mozilla/5.0 (compatible; SemrushBot/7~bl; +http://www.semrush.com/bot.html)"
66.29.132.124 - - [20/Jan/2025:00:46:25 -0500] "POST /wp-cron.php?doing_wp_cron=1737351985.5654189586639404296875 HTTP/1.1" 200 0 "-" "WordPress/6.7.1; https://misswavenigeria.com"
85.208.96.210 - - [20/Jan/2025:00:46:25 -0500] "GET /goods/4259323 HTTP/1.1" 404 18013 "-" "Mozilla/5.0 (compatible; SemrushBot/7~bl; +http://www.semrush.com/bot.html)"
66.29.132.124 - - [20/Jan/2025:00:46:25 -0500] "POST /wp-admin/admin-ajax.php?action=async_litespeed&nonce=chp8A1GtcEgxPU74dKNjsOjRrP9JGWDt&litespeed_type=imgoptm HTTP/1.1" 200 21 "-" "WordPress/6.7.1; https://misswavenigeria.com"
85.208.96.198 - - [20/Jan/2025:00:46:27 -0500] "GET /goods/2711871 HTTP/1.1" 404 18013 "-" "Mozilla/5.0 (compatible; SemrushBot/7~bl; +http://www.semrush.com/bot.html)"
66.249.79.205 - - [20/Jan/2025:00:46:41 -0500] "GET /static/4577043 HTTP/1.1" 200 71045 "-" "Mozilla/5.0 (Linux; Android 6.0.1; Nexus 5X Build/MMB29P) AppleWebKit/537.36 (KHTML, like Gecko) Chrome/132.0.6834.83 Mobile Safari/537.36 (compatible; Googlebot/2.1; +http://www.google.com/bot.html)"
85.208.96.210 - - [20/Jan/2025:00:46:54 -0500] "GET /goods/53578 HTTP/1.1" 404 18013 "-" "Mozilla/5.0 (compatible; SemrushBot/7~bl; +http://www.semrush.com/bot.html)"
165.231.182.52 - - [20/Jan/2025:00:45:08 -0500] "POST /register/ HTTP/1.0" 200 76060 "https://misswavenigeria.com/register/" "Mozilla/5.0 (Windows NT 6.3; Win64; x64) AppleWebKit/537.36 (KHTML, like Gecko) Chrome/103.0.5060.114 Safari/537.36"
85.208.96.203 - - [20/Jan/2025:00:46:58 -0500] "GET /goods/2955950 HTTP/1.1" 404 18013 "-" "Mozilla/5.0 (compatible; SemrushBot/7~bl; +http://www.semrush.com/bot.html)"
165.231.182.52 - - [20/Jan/2025:00:46:58 -0500] "GET /register/ HTTP/1.0" 200 75934 "https://misswavenigeria.com/" "Mozilla/5.0 (Windows NT 6.3; Win64; x64) AppleWebKit/537.36 (KHTML, like Gecko) Chrome/103.0.5060.114 Safari/537.36"
66.249.79.205 - - [20/Jan/2025:00:47:00 -0500] "GET /goods/4423887 HTTP/1.1" 200 68484 "-" "Mozilla/5.0 (Linux; Android 6.0.1; Nexus 5X Build/MMB29P) AppleWebKit/537.36 (KHTML, like Gecko) Chrome/132.0.6834.83 Mobile Safari/537.36 (compatible; Googlebot/2.1; +http://www.google.com/bot.html)"
66.249.79.204 - - [20/Jan/2025:00:47:05 -0500] "GET /goods/73586 HTTP/1.1" 200 68392 "-" "Mozilla/5.0 (compatible; Googlebot/2.1; +http://www.google.com/bot.html)"
66.29.132.124 - - [20/Jan/2025:00:47:27 -0500] "POST /wp-cron.php?doing_wp_cron=1737352047.2522931098937988281250 HTTP/1.1" 200 0 "-" "WordPress/6.7.1; https://misswavenigeria.com"
85.208.96.206 - - [20/Jan/2025:00:47:27 -0500] "GET /goods/3473192 HTTP/1.1" 404 18013 "-" "Mozilla/5.0 (compatible; SemrushBot/7~bl; +http://www.semrush.com/bot.html)"
66.29.132.124 - - [20/Jan/2025:00:47:27 -0500] "POST /wp-admin/admin-ajax.php?action=async_litespeed&nonce=o5QkbuR5vVDeVSfCKtmzF1of7M18jHQg&litespeed_type=imgoptm HTTP/1.1" 200 21 "-" "WordPress/6.7.1; https://misswavenigeria.com"
185.191.171.15 - - [20/Jan/2025:00:47:31 -0500] "GET /goods/2034969 HTTP/1.1" 404 18013 "-" "Mozilla/5.0 (compatible; SemrushBot/7~bl; +http://www.semrush.com/bot.html)"
85.208.96.193 - - [20/Jan/2025:00:47:43 -0500] "GET /goods/437894 HTTP/1.1" 404 18013 "-" "Mozilla/5.0 (compatible; SemrushBot/7~bl; +http://www.semrush.com/bot.html)"
85.208.96.210 - - [20/Jan/2025:00:47:52 -0500] "GET /goods/1735041 HTTP/1.1" 404 18013 "-" "Mozilla/5.0 (compatible; SemrushBot/7~bl; +http://www.semrush.com/bot.html)"
165.231.182.52 - - [20/Jan/2025:00:47:54 -0500] "GET / HTTP/1.0" 200 109067 "https://misswavenigeria.com/" "Mozilla/5.0 (Windows NT 10.0; Win64; x64) AppleWebKit/537.36 (KHTML, like Gecko) Chrome/103.0.5060.134 Safari/537.36"
185.191.171.19 - - [20/Jan/2025:00:47:54 -0500] "GET /goods/4270634 HTTP/1.1" 404 18013 "-" "Mozilla/5.0 (compatible; SemrushBot/7~bl; +http://www.semrush.com/bot.html)"
165.231.182.52 - - [20/Jan/2025:00:47:56 -0500] "GET /register/ HTTP/1.0" 200 75934 "https://misswavenigeria.com/register/" "Mozilla/5.0 (Windows NT 10.0; Win64; x64) AppleWebKit/537.36 (KHTML, like Gecko) Chrome/103.0.5060.134 Safari/537.36"
66.249.79.169 - - [20/Jan/2025:00:48:21 -0500] "GET /static/4792672?keyword=%E3%82%B9%E3%83%BC%E3%83%84%E3%82%BB%E3%83%83%E3%83%88%E3%82%A2%E3%83%83%E3%83%97?keyword=%E6%9C%BA%E3%83%BB%E3%83%86%E3%83%BC%E3%83%96%E3%83%AB HTTP/1.1" 200 68134 "-" "Mozilla/5.0 (Linux; Android 6.0.1; Nexus 5X Build/MMB29P) AppleWebKit/537.36 (KHTML, like Gecko) Chrome/132.0.6834.83 Mobile Safari/537.36 (compatible; Googlebot/2.1; +http://www.google.com/bot.html)"
66.249.68.35 - - [20/Jan/2025:00:48:30 -0500] "GET /goods/2226489 HTTP/1.1" 200 67647 "-" "Mozilla/5.0 (Linux; Android 6.0.1; Nexus 5X Build/MMB29P) AppleWebKit/537.36 (KHTML, like Gecko) Chrome/132.0.6834.83 Mobile Safari/537.36 (compatible; Googlebot/2.1; +http://www.google.com/bot.html)"
66.249.79.102 - - [20/Jan/2025:00:48:47 -0500] "GET /show/167386?keyword=%E3%82%AD%E3%83%83%E3%83%81%E3%83%B3%E3%83%BB%E9%A3%9F%E5%99%A8?keyword=%E5%AE%A3%E5%BE%B7%E5%B9%B4%E8%A3%BD%E6%AC%BE HTTP/1.1" 200 67594 "-" "Mozilla/5.0 (Linux; Android 6.0.1; Nexus 5X Build/MMB29P) AppleWebKit/537.36 (KHTML, like Gecko) Chrome/132.0.6834.83 Mobile Safari/537.36 (compatible; Googlebot/2.1; +http://www.google.com/bot.html)"
66.29.132.124 - - [20/Jan/2025:00:48:58 -0500] "POST /wp-cron.php?doing_wp_cron=1737352138.4583010673522949218750 HTTP/1.1" 200 0 "-" "WordPress/6.7.1; https://misswavenigeria.com"
185.191.171.8 - - [20/Jan/2025:00:48:58 -0500] "GET /goods/2155050 HTTP/1.1" 404 18012 "-" "Mozilla/5.0 (compatible; SemrushBot/7~bl; +http://www.semrush.com/bot.html)"
66.29.132.124 - - [20/Jan/2025:00:48:58 -0500] "POST /wp-admin/admin-ajax.php?action=async_litespeed&nonce=pIcPKYajda0k4kHdUNYKntdbZm2RuwL4&litespeed_type=imgoptm HTTP/1.1" 200 21 "-" "WordPress/6.7.1; https://misswavenigeria.com"
66.249.68.3 - - [20/Jan/2025:00:49:00 -0500] "GET /goods/2094479?keyword=Cru HTTP/1.1" 200 68709 "-" "Mozilla/5.0 (Linux; Android 6.0.1; Nexus 5X Build/MMB29P) AppleWebKit/537.36 (KHTML, like Gecko) Chrome/132.0.6834.83 Mobile Safari/537.36 (compatible; Googlebot/2.1; +http://www.google.com/bot.html)"
185.191.171.18 - - [20/Jan/2025:00:49:09 -0500] "GET /goods/3170013 HTTP/1.1" 404 18013 "-" "Mozilla/5.0 (compatible; SemrushBot/7~bl; +http://www.semrush.com/bot.html)"
66.29.132.124 - - [20/Jan/2025:00:49:23 -0500] "POST /wp-cron.php?doing_wp_cron=1737352163.1923220157623291015625 HTTP/1.1" 200 0 "-" "WordPress/6.7.1; https://misswavenigeria.com"
85.208.96.193 - - [20/Jan/2025:00:49:22 -0500] "GET /goods/155561 HTTP/1.1" 404 18013 "-" "Mozilla/5.0 (compatible; SemrushBot/7~bl; +http://www.semrush.com/bot.html)"
66.29.132.124 - - [20/Jan/2025:00:49:23 -0500] "POST /wp-admin/admin-ajax.php?action=async_litespeed&nonce=e09xUd94C6LGKAM20wzWw3rOwSX3Dr1Z&litespeed_type=imgoptm HTTP/1.1" 200 21 "-" "WordPress/6.7.1; https://misswavenigeria.com"
66.29.132.124 - - [20/Jan/2025:00:49:30 -0500] "POST /wp-cron.php?doing_wp_cron=1737352170.0312299728393554687500 HTTP/1.1" 200 0 "-" "WordPress/6.7.1; https://misswavenigeria.com"
85.208.96.198 - - [20/Jan/2025:00:49:29 -0500] "GET /goods/1873252 HTTP/1.1" 404 18012 "-" "Mozilla/5.0 (compatible; SemrushBot/7~bl; +http://www.semrush.com/bot.html)"
66.249.79.103 - - [20/Jan/2025:00:49:30 -0500] "GET /goods/2510291 HTTP/1.1" 200 68713 "-" "Mozilla/5.0 (Linux; Android 6.0.1; Nexus 5X Build/MMB29P) AppleWebKit/537.36 (KHTML, like Gecko) Chrome/132.0.6834.83 Mobile Safari/537.36 (compatible; Googlebot/2.1; +http://www.google.com/bot.html)"
185.191.171.14 - - [20/Jan/2025:00:49:33 -0500] "GET /goods/79520 HTTP/1.1" 404 18013 "-" "Mozilla/5.0 (compatible; SemrushBot/7~bl; +http://www.semrush.com/bot.html)"
165.231.182.52 - - [20/Jan/2025:00:47:58 -0500] "POST /register/ HTTP/1.0" 200 76060 "https://misswavenigeria.com/register/" "Mozilla/5.0 (Windows NT 10.0; Win64; x64) AppleWebKit/537.36 (KHTML, like Gecko) Chrome/103.0.5060.134 Safari/537.36"
165.231.182.52 - - [20/Jan/2025:00:49:37 -0500] "GET /register/ HTTP/1.0" 200 75934 "https://misswavenigeria.com/" "Mozilla/5.0 (Windows NT 10.0; Win64; x64) AppleWebKit/537.36 (KHTML, like Gecko) Chrome/103.0.5060.134 Safari/537.36"
85.208.96.207 - - [20/Jan/2025:00:49:38 -0500] "GET /goods/747769 HTTP/1.1" 404 18013 "-" "Mozilla/5.0 (compatible; SemrushBot/7~bl; +http://www.semrush.com/bot.html)"
85.208.96.195 - - [20/Jan/2025:00:50:01 -0500] "GET /goods/3645121 HTTP/1.1" 404 18013 "-" "Mozilla/5.0 (compatible; SemrushBot/7~bl; +http://www.semrush.com/bot.html)"
66.249.68.35 - - [20/Jan/2025:00:50:07 -0500] "GET /goods/2305810 HTTP/1.1" 200 69031 "-" "Mozilla/5.0 (Linux; Android 6.0.1; Nexus 5X Build/MMB29P) AppleWebKit/537.36 (KHTML, like Gecko) Chrome/132.0.6834.83 Mobile Safari/537.36 (compatible; Googlebot/2.1; +http://www.google.com/bot.html)"
66.29.132.124 - - [20/Jan/2025:00:50:35 -0500] "POST /wp-cron.php?doing_wp_cron=1737352235.4867858886718750000000 HTTP/1.1" 200 0 "-" "WordPress/6.7.1; https://misswavenigeria.com"
85.208.96.201 - - [20/Jan/2025:00:50:35 -0500] "GET /goods/4371219 HTTP/1.1" 404 18013 "-" "Mozilla/5.0 (compatible; SemrushBot/7~bl; +http://www.semrush.com/bot.html)"
66.29.132.124 - - [20/Jan/2025:00:50:35 -0500] "POST /wp-admin/admin-ajax.php?action=async_litespeed&nonce=NE9TUsLuGcTmWrd1EVcmmWAu54ym6jxv&litespeed_type=imgoptm HTTP/1.1" 200 21 "-" "WordPress/6.7.1; https://misswavenigeria.com"
66.249.79.35 - - [20/Jan/2025:00:50:35 -0500] "GET /static/4678561 HTTP/1.1" 200 69266 "-" "Mozilla/5.0 (Linux; Android 6.0.1; Nexus 5X Build/MMB29P) AppleWebKit/537.36 (KHTML, like Gecko) Chrome/132.0.6834.83 Mobile Safari/537.36 (compatible; Googlebot/2.1; +http://www.google.com/bot.html)"
66.249.68.66 - - [20/Jan/2025:00:50:40 -0500] "GET /goods/300191 HTTP/1.1" 200 68323 "-" "Mozilla/5.0 (Linux; Android 6.0.1; Nexus 5X Build/MMB29P) AppleWebKit/537.36 (KHTML, like Gecko) Chrome/132.0.6834.83 Mobile Safari/537.36 (compatible; Googlebot/2.1; +http://www.google.com/bot.html)"
66.249.79.3 - - [20/Jan/2025:00:50:44 -0500] "GET /goods/2203816 HTTP/1.1" 200 70810 "-" "Mozilla/5.0 (Linux; Android 6.0.1; Nexus 5X Build/MMB29P) AppleWebKit/537.36 (KHTML, like Gecko) Chrome/132.0.6834.83 Mobile Safari/537.36 (compatible; Googlebot/2.1; +http://www.google.com/bot.html)"
165.231.182.52 - - [20/Jan/2025:00:50:48 -0500] "GET / HTTP/1.0" 200 109067 "https://misswavenigeria.com/" "Mozilla/5.0 (Windows NT 6.3; Win64; x64) AppleWebKit/537.36 (KHTML, like Gecko) Chrome/103.0.5060.53 Safari/537.36"
165.231.182.52 - - [20/Jan/2025:00:50:50 -0500] "GET /register/ HTTP/1.0" 200 75934 "https://misswavenigeria.com/register/" "Mozilla/5.0 (Windows NT 6.3; Win64; x64) AppleWebKit/537.36 (KHTML, like Gecko) Chrome/103.0.5060.53 Safari/537.36"
85.208.96.209 - - [20/Jan/2025:00:50:55 -0500] "GET /goods/3876120 HTTP/1.1" 404 18012 "-" "Mozilla/5.0 (compatible; SemrushBot/7~bl; +http://www.semrush.com/bot.html)"
85.208.96.201 - - [20/Jan/2025:00:50:57 -0500] "GET /goods/4505312 HTTP/1.1" 404 18012 "-" "Mozilla/5.0 (compatible; SemrushBot/7~bl; +http://www.semrush.com/bot.html)"
185.191.171.3 - - [20/Jan/2025:00:51:07 -0500] "GET /goods/4219338 HTTP/1.1" 404 18013 "-" "Mozilla/5.0 (compatible; SemrushBot/7~bl; +http://www.semrush.com/bot.html)"
66.29.132.124 - - [20/Jan/2025:00:51:27 -0500] "POST /wp-cron.php?doing_wp_cron=1737352287.1966350078582763671875 HTTP/1.1" 200 0 "-" "WordPress/6.7.1; https://misswavenigeria.com"
185.191.171.19 - - [20/Jan/2025:00:51:27 -0500] "GET /goods/218821 HTTP/1.1" 404 18013 "-" "Mozilla/5.0 (compatible; SemrushBot/7~bl; +http://www.semrush.com/bot.html)"
66.29.132.124 - - [20/Jan/2025:00:51:27 -0500] "POST /wp-admin/admin-ajax.php?action=async_litespeed&nonce=PaTf9NimvWgZnhlepRBTZza6T40F9RBy&litespeed_type=imgoptm HTTP/1.1" 200 21 "-" "WordPress/6.7.1; https://misswavenigeria.com"
85.208.96.201 - - [20/Jan/2025:00:51:34 -0500] "GET /goods/1196215 HTTP/1.1" 404 18013 "-" "Mozilla/5.0 (compatible; SemrushBot/7~bl; +http://www.semrush.com/bot.html)"
185.191.171.19 - - [20/Jan/2025:00:51:45 -0500] "GET /goods/2982903 HTTP/1.1" 404 18013 "-" "Mozilla/5.0 (compatible; SemrushBot/7~bl; +http://www.semrush.com/bot.html)"
185.191.171.8 - - [20/Jan/2025:00:51:55 -0500] "GET /goods/676903 HTTP/1.1" 404 18012 "-" "Mozilla/5.0 (compatible; SemrushBot/7~bl; +http://www.semrush.com/bot.html)"
66.249.79.169 - - [20/Jan/2025:00:52:20 -0500] "GET /goods/3857364 HTTP/1.1" 200 68048 "-" "Mozilla/5.0 (Linux; Android 6.0.1; Nexus 5X Build/MMB29P) AppleWebKit/537.36 (KHTML, like Gecko) Chrome/132.0.6834.83 Mobile Safari/537.36 (compatible; Googlebot/2.1; +http://www.google.com/bot.html)"
66.29.132.124 - - [20/Jan/2025:00:52:27 -0500] "POST /wp-cron.php?doing_wp_cron=1737352347.1318299770355224609375 HTTP/1.1" 200 0 "-" "WordPress/6.7.1; https://misswavenigeria.com"
85.208.96.205 - - [20/Jan/2025:00:52:26 -0500] "GET /goods/1899398 HTTP/1.1" 404 18013 "-" "Mozilla/5.0 (compatible; SemrushBot/7~bl; +http://www.semrush.com/bot.html)"
66.29.132.124 - - [20/Jan/2025:00:52:27 -0500] "POST /wp-admin/admin-ajax.php?action=async_litespeed&nonce=gxB2EGz8SE40MzV53cxNZcie4DLoOkGr&litespeed_type=imgoptm HTTP/1.1" 200 21 "-" "WordPress/6.7.1; https://misswavenigeria.com"
66.249.79.34 - - [20/Jan/2025:00:52:59 -0500] "GET /static/2314911 HTTP/1.1" 200 68024 "-" "Mozilla/5.0 (compatible; Googlebot/2.1; +http://www.google.com/bot.html)"
66.29.132.124 - - [20/Jan/2025:00:53:11 -0500] "POST /wp-cron.php?doing_wp_cron=1737352391.7867939472198486328125 HTTP/1.1" 200 0 "-" "WordPress/6.7.1; https://misswavenigeria.com"
185.191.171.10 - - [20/Jan/2025:00:53:11 -0500] "GET /goods/3803034 HTTP/1.1" 404 18012 "-" "Mozilla/5.0 (compatible; SemrushBot/7~bl; +http://www.semrush.com/bot.html)"
66.29.132.124 - - [20/Jan/2025:00:53:13 -0500] "POST /wp-admin/admin-ajax.php?action=async_litespeed&nonce=KZTjB8B6lbbY1RSWgQOZsNRPV4KsgkvP&litespeed_type=imgoptm HTTP/1.1" 200 21 "-" "WordPress/6.7.1; https://misswavenigeria.com"
165.231.182.52 - - [20/Jan/2025:00:50:52 -0500] "POST /register/ HTTP/1.0" 200 0 "https://misswavenigeria.com/register/" "Mozilla/5.0 (Windows NT 6.3; Win64; x64) AppleWebKit/537.36 (KHTML, like Gecko) Chrome/103.0.5060.53 Safari/537.36"
165.231.182.52 - - [20/Jan/2025:00:53:23 -0500] "GET /register/ HTTP/1.0" 200 75934 "https://misswavenigeria.com/" "Mozilla/5.0 (Windows NT 6.3; Win64; x64) AppleWebKit/537.36 (KHTML, like Gecko) Chrome/103.0.5060.53 Safari/537.36"
66.29.132.124 - - [20/Jan/2025:00:53:25 -0500] "POST /wp-cron.php?doing_wp_cron=1737352405.2195029258728027343750 HTTP/1.1" 200 0 "-" "WordPress/6.7.1; https://misswavenigeria.com"
85.208.96.202 - - [20/Jan/2025:00:53:24 -0500] "GET /goods/408759 HTTP/1.1" 404 18013 "-" "Mozilla/5.0 (compatible; SemrushBot/7~bl; +http://www.semrush.com/bot.html)"
85.208.96.209 - - [20/Jan/2025:00:53:29 -0500] "GET /goods/2117381 HTTP/1.1" 404 18012 "-" "Mozilla/5.0 (compatible; SemrushBot/7~bl; +http://www.semrush.com/bot.html)"
165.231.182.52 - - [20/Jan/2025:00:53:41 -0500] "GET / HTTP/1.0" 200 109067 "https://misswavenigeria.com/" "Mozilla/5.0 (Windows NT 6.1) AppleWebKit/537.36 (KHTML, like Gecko) Chrome/103.0.5060.114 Safari/537.36"
185.191.171.11 - - [20/Jan/2025:00:53:41 -0500] "GET /goods/495949 HTTP/1.1" 404 18012 "-" "Mozilla/5.0 (compatible; SemrushBot/7~bl; +http://www.semrush.com/bot.html)"
165.231.182.52 - - [20/Jan/2025:00:53:44 -0500] "GET /register/ HTTP/1.0" 200 75934 "https://misswavenigeria.com/register/" "Mozilla/5.0 (Windows NT 6.1) AppleWebKit/537.36 (KHTML, like Gecko) Chrome/103.0.5060.114 Safari/537.36"
85.208.96.202 - - [20/Jan/2025:00:53:44 -0500] "GET /goods/1584915 HTTP/1.1" 404 18013 "-" "Mozilla/5.0 (compatible; SemrushBot/7~bl; +http://www.semrush.com/bot.html)"
85.208.96.201 - - [20/Jan/2025:00:53:48 -0500] "GET /goods/4826758 HTTP/1.1" 404 18012 "-" "Mozilla/5.0 (compatible; SemrushBot/7~bl; +http://www.semrush.com/bot.html)"
185.191.171.19 - - [20/Jan/2025:00:53:57 -0500] "GET /goods/4361638 HTTP/1.1" 404 18012 "-" "Mozilla/5.0 (compatible; SemrushBot/7~bl; +http://www.semrush.com/bot.html)"
66.249.79.34 - - [20/Jan/2025:00:54:00 -0500] "GET /?product=shuttle11370825-715 HTTP/1.1" 200 69876 "-" "Mozilla/5.0 (Linux; Android 6.0.1; Nexus 5X Build/MMB29P) AppleWebKit/537.36 (KHTML, like Gecko) Chrome/132.0.6834.83 Mobile Safari/537.36 (compatible; Googlebot/2.1; +http://www.google.com/bot.html)"
66.29.132.124 - - [20/Jan/2025:00:54:28 -0500] "POST /wp-cron.php?doing_wp_cron=1737352468.3665120601654052734375 HTTP/1.1" 200 0 "-" "WordPress/6.7.1; https://misswavenigeria.com"
85.208.96.201 - - [20/Jan/2025:00:54:28 -0500] "GET /goods/3222316 HTTP/1.1" 404 18013 "-" "Mozilla/5.0 (compatible; SemrushBot/7~bl; +http://www.semrush.com/bot.html)"
66.29.132.124 - - [20/Jan/2025:00:54:28 -0500] "POST /wp-admin/admin-ajax.php?action=async_litespeed&nonce=sgtC3R0V0yn5hSIZDP0LtBESR9iufE3K&litespeed_type=imgoptm HTTP/1.1" 200 21 "-" "WordPress/6.7.1; https://misswavenigeria.com"
85.208.96.204 - - [20/Jan/2025:00:54:34 -0500] "GET /goods/422163 HTTP/1.1" 404 18013 "-" "Mozilla/5.0 (compatible; SemrushBot/7~bl; +http://www.semrush.com/bot.html)"
66.249.79.3 - - [20/Jan/2025:00:54:34 -0500] "GET /?product=Lincoln11370802-210 HTTP/1.1" 200 70574 "-" "Mozilla/5.0 (Linux; Android 6.0.1; Nexus 5X Build/MMB29P) AppleWebKit/537.36 (KHTML, like Gecko) Chrome/132.0.6834.83 Mobile Safari/537.36 (compatible; Googlebot/2.1; +http://www.google.com/bot.html)"
185.191.171.10 - - [20/Jan/2025:00:54:59 -0500] "GET /goods/3586639 HTTP/1.1" 404 18013 "-" "Mozilla/5.0 (compatible; SemrushBot/7~bl; +http://www.semrush.com/bot.html)"
66.249.79.205 - - [20/Jan/2025:00:55:03 -0500] "GET /static/1949642?keyword=%E2%98%85%E8%89%AF%E5%93%81%EF%BC%81?keyword=%E3%80%90%E3%80%91%E3%82%B9%E3%82%BF%E3%83%BC%E3%82%A6%E3%82%A9%E3%83%BC%E3%82%BA HTTP/1.1" 200 69542 "-" "Mozilla/5.0 (Linux; Android 6.0.1; Nexus 5X Build/MMB29P) AppleWebKit/537.36 (KHTML, like Gecko) Chrome/132.0.6834.83 Mobile Safari/537.36 (compatible; Googlebot/2.1; +http://www.google.com/bot.html)"
66.29.132.124 - - [20/Jan/2025:00:55:18 -0500] "POST /wp-cron.php?doing_wp_cron=1737352518.6922669410705566406250 HTTP/1.1" 200 0 "-" "WordPress/6.7.1; https://misswavenigeria.com"
185.191.171.19 - - [20/Jan/2025:00:55:18 -0500] "GET /goods/4380117 HTTP/1.1" 404 18013 "-" "Mozilla/5.0 (compatible; SemrushBot/7~bl; +http://www.semrush.com/bot.html)"
66.249.79.3 - - [20/Jan/2025:00:55:17 -0500] "GET /static/2685865 HTTP/1.1" 200 69763 "-" "Mozilla/5.0 (Linux; Android 6.0.1; Nexus 5X Build/MMB29P) AppleWebKit/537.36 (KHTML, like Gecko) Chrome/132.0.6834.83 Mobile Safari/537.36 (compatible; Googlebot/2.1; +http://www.google.com/bot.html)"
66.29.132.124 - - [20/Jan/2025:00:55:19 -0500] "POST /wp-admin/admin-ajax.php?action=async_litespeed&nonce=2kBIZZqnhy7Lj2y2lBLyQbgvfdqUkU4o&litespeed_type=imgoptm HTTP/1.1" 200 21 "-" "WordPress/6.7.1; https://misswavenigeria.com"
66.29.132.124 - - [20/Jan/2025:00:55:36 -0500] "POST /wp-cron.php?doing_wp_cron=1737352536.2341940402984619140625 HTTP/1.1" 200 0 "-" "WordPress/6.7.1; https://misswavenigeria.com"
185.191.171.11 - - [20/Jan/2025:00:55:35 -0500] "GET /goods/2733550 HTTP/1.1" 404 18012 "-" "Mozilla/5.0 (compatible; SemrushBot/7~bl; +http://www.semrush.com/bot.html)"
85.208.96.208 - - [20/Jan/2025:00:55:38 -0500] "GET /goods/2074124 HTTP/1.1" 404 18013 "-" "Mozilla/5.0 (compatible; SemrushBot/7~bl; +http://www.semrush.com/bot.html)"
185.191.171.11 - - [20/Jan/2025:00:55:56 -0500] "GET /goods/1366805 HTTP/1.1" 404 18011 "-" "Mozilla/5.0 (compatible; SemrushBot/7~bl; +http://www.semrush.com/bot.html)"
66.249.79.34 - - [20/Jan/2025:00:55:56 -0500] "GET /goods/4539316?keyword=%E3%82%B9%E3%83%9D%E3%83%BC%E3%83%84%E5%88%A5?keyword=%E3%83%95%E3%82%A1%E3%83%83%E3%82%B7%E3%83%A7%E3%83%B3 HTTP/1.1" 200 67161 "-" "Mozilla/5.0 (Linux; Android 6.0.1; Nexus 5X Build/MMB29P) AppleWebKit/537.36 (KHTML, like Gecko) Chrome/132.0.6834.83 Mobile Safari/537.36 (compatible; Googlebot/2.1; +http://www.google.com/bot.html)"
85.208.96.201 - - [20/Jan/2025:00:56:05 -0500] "GET /goods/4408146 HTTP/1.1" 404 18013 "-" "Mozilla/5.0 (compatible; SemrushBot/7~bl; +http://www.semrush.com/bot.html)"
66.249.79.168 - - [20/Jan/2025:00:56:08 -0500] "GET /?product=pompous11402423-855?keyword=%E6%BF%80%E3%83%AC%E3%82%A2%EF%BC%81%E9%A0%88%E7%94%B0%E7%90%86%E5%A4%8F%E5%AD%90%E3%80%80%E7%9B%B4%E7%AD%86%E3%82%B5%E3%82%A4%E3%83%B3%E5%85%A5%E3%82%8A%E3%83%9D%E3%83%A9%E3%83%81%E3%82%A7%E3%82%AD%E3%80%80%E5%BD%93%E9%81%B8%E9%9B%91%E8%AA%8C%EF%BC%86%E5%BD%93%E9%81%B8%E9%80%9A%E7%9F%A5%E6%9B%B8%E4%BB%98%E3%81%8D HTTP/1.1" 200 69053 "-" "Mozilla/5.0 (Linux; Android 6.0.1; Nexus 5X Build/MMB29P) AppleWebKit/537.36 (KHTML, like Gecko) Chrome/132.0.6834.83 Mobile Safari/537.36 (compatible; Googlebot/2.1; +http://www.google.com/bot.html)"
165.231.182.52 - - [20/Jan/2025:00:53:45 -0500] "POST /register/ HTTP/1.0" 200 0 "https://misswavenigeria.com/register/" "Mozilla/5.0 (Windows NT 6.1) AppleWebKit/537.36 (KHTML, like Gecko) Chrome/103.0.5060.114 Safari/537.36"
165.231.182.52 - - [20/Jan/2025:00:56:16 -0500] "GET /register/ HTTP/1.0" 200 75934 "https://misswavenigeria.com/" "Mozilla/5.0 (Windows NT 6.1) AppleWebKit/537.36 (KHTML, like Gecko) Chrome/103.0.5060.114 Safari/537.36"
165.231.182.52 - - [20/Jan/2025:00:56:36 -0500] "GET / HTTP/1.0" 200 109067 "https://misswavenigeria.com/" "Mozilla/5.0 (Windows NT 6.1; WOW64) AppleWebKit/537.36 (KHTML, like Gecko) Chrome/103.0.0.0 Safari/537.36"
165.231.182.52 - - [20/Jan/2025:00:56:38 -0500] "GET /register/ HTTP/1.0" 200 75934 "https://misswavenigeria.com/register/" "Mozilla/5.0 (Windows NT 6.1; WOW64) AppleWebKit/537.36 (KHTML, like Gecko) Chrome/103.0.0.0 Safari/537.36"
66.29.132.124 - - [20/Jan/2025:00:56:40 -0500] "POST /wp-cron.php?doing_wp_cron=1737352600.0629379749298095703125 HTTP/1.1" 200 0 "-" "WordPress/6.7.1; https://misswavenigeria.com"
66.29.132.124 - - [20/Jan/2025:00:56:40 -0500] "POST /wp-admin/admin-ajax.php?action=async_litespeed&nonce=hrxr7Agesj2qrZPqjwzCqpPc9ng8ZCtt&litespeed_type=imgoptm HTTP/1.1" 200 21 "-" "WordPress/6.7.1; https://misswavenigeria.com"
185.191.171.11 - - [20/Jan/2025:00:56:47 -0500] "GET /goods/4642419 HTTP/1.1" 404 18012 "-" "Mozilla/5.0 (compatible; SemrushBot/7~bl; +http://www.semrush.com/bot.html)"
66.249.79.103 - - [20/Jan/2025:00:56:58 -0500] "GET /?product=mobilehome11370843-462 HTTP/1.1" 200 67974 "-" "Mozilla/5.0 (Linux; Android 6.0.1; Nexus 5X Build/MMB29P) AppleWebKit/537.36 (KHTML, like Gecko) Chrome/132.0.6834.83 Mobile Safari/537.36 (compatible; Googlebot/2.1; +http://www.google.com/bot.html)"
66.249.79.34 - - [20/Jan/2025:00:57:07 -0500] "GET /goods/4653258?keyword=%E2%98%86%E6%9C%AA%E4%BD%BF%E7%94%A8%E5%93%81%E3%80%90GSX%E3%80%91%E3%82%B8%E3%83%BC%E3%82%A8%E3%82%B9%E3%82%A8%E3%83%83%E3%82%AF%E3%82%B9 HTTP/1.1" 200 68595 "-" "Mozilla/5.0 (Linux; Android 6.0.1; Nexus 5X Build/MMB29P) AppleWebKit/537.36 (KHTML, like Gecko) Chrome/132.0.6834.83 Mobile Safari/537.36 (compatible; Googlebot/2.1; +http://www.google.com/bot.html)"
185.191.171.5 - - [20/Jan/2025:00:57:08 -0500] "GET /goods/2990571 HTTP/1.1" 404 18013 "-" "Mozilla/5.0 (compatible; SemrushBot/7~bl; +http://www.semrush.com/bot.html)"
66.29.132.124 - - [20/Jan/2025:00:57:11 -0500] "POST /wp-cron.php?doing_wp_cron=1737352631.2862570285797119140625 HTTP/1.1" 200 0 "-" "WordPress/6.7.1; https://misswavenigeria.com"
85.208.96.209 - - [20/Jan/2025:00:57:11 -0500] "GET /goods/2588140 HTTP/1.1" 404 18012 "-" "Mozilla/5.0 (compatible; SemrushBot/7~bl; +http://www.semrush.com/bot.html)"
66.29.132.124 - - [20/Jan/2025:00:57:11 -0500] "POST /wp-admin/admin-ajax.php?action=async_litespeed&nonce=LJqgbuOLqsY3myuN5TUoDUnbrnJ11zAe&litespeed_type=imgoptm HTTP/1.1" 200 21 "-" "WordPress/6.7.1; https://misswavenigeria.com"
66.29.132.124 - - [20/Jan/2025:00:57:33 -0500] "POST /wp-cron.php?doing_wp_cron=1737352653.2401878833770751953125 HTTP/1.1" 200 0 "-" "WordPress/6.7.1; https://misswavenigeria.com"
85.208.96.212 - - [20/Jan/2025:00:57:32 -0500] "GET /goods/245230 HTTP/1.1" 404 18013 "-" "Mozilla/5.0 (compatible; SemrushBot/7~bl; +http://www.semrush.com/bot.html)"
66.249.79.3 - - [20/Jan/2025:00:57:36 -0500] "GET /goods/1888136?keyword=%E3%82%A2%E3%83%AB%E3%83%9F%E6%9D%BF?keyword=Celvoke HTTP/1.1" 200 70366 "-" "Mozilla/5.0 (Linux; Android 6.0.1; Nexus 5X Build/MMB29P) AppleWebKit/537.36 (KHTML, like Gecko) Chrome/132.0.6834.83 Mobile Safari/537.36 (compatible; Googlebot/2.1; +http://www.google.com/bot.html)"
185.191.171.19 - - [20/Jan/2025:00:57:46 -0500] "GET /goods/2805817 HTTP/1.1" 404 18013 "-" "Mozilla/5.0 (compatible; SemrushBot/7~bl; +http://www.semrush.com/bot.html)"
85.208.96.206 - - [20/Jan/2025:00:58:06 -0500] "GET /goods/4306587 HTTP/1.1" 404 18013 "-" "Mozilla/5.0 (compatible; SemrushBot/7~bl; +http://www.semrush.com/bot.html)"
165.231.182.52 - - [20/Jan/2025:00:56:39 -0500] "POST /register/ HTTP/1.0" 200 76060 "https://misswavenigeria.com/register/" "Mozilla/5.0 (Windows NT 6.1; WOW64) AppleWebKit/537.36 (KHTML, like Gecko) Chrome/103.0.0.0 Safari/537.36"
165.231.182.52 - - [20/Jan/2025:00:58:08 -0500] "GET /register/ HTTP/1.0" 200 75934 "https://misswavenigeria.com/" "Mozilla/5.0 (Windows NT 6.1; WOW64) AppleWebKit/537.36 (KHTML, like Gecko) Chrome/103.0.0.0 Safari/537.36"
185.191.171.3 - - [20/Jan/2025:00:58:08 -0500] "GET /goods/2988546 HTTP/1.1" 404 18013 "-" "Mozilla/5.0 (compatible; SemrushBot/7~bl; +http://www.semrush.com/bot.html)"
66.29.132.124 - - [20/Jan/2025:00:58:13 -0500] "POST /wp-cron.php?doing_wp_cron=1737352693.8432009220123291015625 HTTP/1.1" 200 0 "-" "WordPress/6.7.1; https://misswavenigeria.com"
85.208.96.194 - - [20/Jan/2025:00:58:13 -0500] "GET /goods/4386061 HTTP/1.1" 404 18012 "-" "Mozilla/5.0 (compatible; SemrushBot/7~bl; +http://www.semrush.com/bot.html)"
66.29.132.124 - - [20/Jan/2025:00:58:14 -0500] "POST /wp-admin/admin-ajax.php?action=async_litespeed&nonce=cGTFowwx1RndhAqfUS4Y7fWcJiEp1ZXO&litespeed_type=imgoptm HTTP/1.1" 200 21 "-" "WordPress/6.7.1; https://misswavenigeria.com"
66.29.132.124 - - [20/Jan/2025:00:58:45 -0500] "POST /wp-cron.php?doing_wp_cron=1737352725.5155730247497558593750 HTTP/1.1" 200 0 "-" "WordPress/6.7.1; https://misswavenigeria.com"
185.191.171.15 - - [20/Jan/2025:00:58:45 -0500] "GET /goods/118247 HTTP/1.1" 404 18013 "-" "Mozilla/5.0 (compatible; SemrushBot/7~bl; +http://www.semrush.com/bot.html)"
85.208.96.204 - - [20/Jan/2025:00:58:53 -0500] "GET /goods/3881551 HTTP/1.1" 404 18012 "-" "Mozilla/5.0 (compatible; SemrushBot/7~bl; +http://www.semrush.com/bot.html)"
85.208.96.204 - - [20/Jan/2025:00:59:06 -0500] "GET /goods/4856432 HTTP/1.1" 404 18013 "-" "Mozilla/5.0 (compatible; SemrushBot/7~bl; +http://www.semrush.com/bot.html)"
66.29.132.124 - - [20/Jan/2025:00:59:28 -0500] "POST /wp-cron.php?doing_wp_cron=1737352768.1767430305480957031250 HTTP/1.1" 200 0 "-" "WordPress/6.7.1; https://misswavenigeria.com"
165.231.182.52 - - [20/Jan/2025:00:59:27 -0500] "GET / HTTP/1.0" 200 109067 "https://misswavenigeria.com/" "Mozilla/5.0 (Windows NT 6.1) AppleWebKit/537.36 (KHTML, like Gecko) Chrome/103.0.0.0 Safari/537.36"
66.29.132.124 - - [20/Jan/2025:00:59:28 -0500] "POST /wp-admin/admin-ajax.php?action=async_litespeed&nonce=95oc9cebtfmCIupD89BwnkHo9Xh3LdHc&litespeed_type=imgoptm HTTP/1.1" 200 21 "-" "WordPress/6.7.1; https://misswavenigeria.com"
165.231.182.52 - - [20/Jan/2025:00:59:30 -0500] "GET /register/ HTTP/1.0" 200 75934 "https://misswavenigeria.com/register/" "Mozilla/5.0 (Windows NT 6.1) AppleWebKit/537.36 (KHTML, like Gecko) Chrome/103.0.0.0 Safari/537.36"
85.208.96.201 - - [20/Jan/2025:00:59:37 -0500] "GET /goods/4684616 HTTP/1.1" 404 18013 "-" "Mozilla/5.0 (compatible; SemrushBot/7~bl; +http://www.semrush.com/bot.html)"
85.208.96.207 - - [20/Jan/2025:00:59:44 -0500] "GET /goods/2586640 HTTP/1.1" 404 18013 "-" "Mozilla/5.0 (compatible; SemrushBot/7~bl; +http://www.semrush.com/bot.html)"
66.249.79.204 - - [20/Jan/2025:00:59:51 -0500] "GET /?product=response11370842-196?keyword=%E3%82%A2%E3%82%A6%E3%83%88%E3%83%89%E3%82%A2%E3%83%BB%E9%87%A3%E3%82%8A%E3%83%BB%E6%97%85%E8%A1%8C%E7%94%A8%E5%93%81 HTTP/1.1" 200 68147 "-" "Mozilla/5.0 (Linux; Android 6.0.1; Nexus 5X Build/MMB29P) AppleWebKit/537.36 (KHTML, like Gecko) Chrome/132.0.6834.83 Mobile Safari/537.36 (compatible; Googlebot/2.1; +http://www.google.com/bot.html)"
185.191.171.1 - - [20/Jan/2025:00:59:56 -0500] "GET /goods/4577896 HTTP/1.1" 404 18013 "-" "Mozilla/5.0 (compatible; SemrushBot/7~bl; +http://www.semrush.com/bot.html)"
85.208.96.194 - - [20/Jan/2025:00:59:58 -0500] "GET /goods/1878842 HTTP/1.1" 404 18012 "-" "Mozilla/5.0 (compatible; SemrushBot/7~bl; +http://www.semrush.com/bot.html)"
66.249.79.3 - - [20/Jan/2025:00:59:57 -0500] "GET /static/1325782 HTTP/1.1" 200 71281 "-" "Mozilla/5.0 (Linux; Android 6.0.1; Nexus 5X Build/MMB29P) AppleWebKit/537.36 (KHTML, like Gecko) Chrome/132.0.6834.83 Mobile Safari/537.36 (compatible; Googlebot/2.1; +http://www.google.com/bot.html)"
66.249.79.160 - - [20/Jan/2025:01:00:04 -0500] "GET /static/1004830 HTTP/1.1" 200 72336 "-" "Mozilla/5.0 (Linux; Android 6.0.1; Nexus 5X Build/MMB29P) AppleWebKit/537.36 (KHTML, like Gecko) Chrome/132.0.6834.83 Mobile Safari/537.36 (compatible; Googlebot/2.1; +http://www.google.com/bot.html)"
66.249.79.102 - - [20/Jan/2025:01:00:21 -0500] "GET /?product=capitation11370808-891 HTTP/1.1" 200 68401 "-" "Mozilla/5.0 (Linux; Android 6.0.1; Nexus 5X Build/MMB29P) AppleWebKit/537.36 (KHTML, like Gecko) Chrome/132.0.6834.83 Mobile Safari/537.36 (compatible; Googlebot/2.1; +http://www.google.com/bot.html)"
66.249.68.71 - - [20/Jan/2025:01:00:31 -0500] "GET /static/3355038?keyword=%E3%83%95%E3%82%A1%E3%83%83%E3%82%B7%E3%83%A7%E3%83%B3 HTTP/1.1" 200 68482 "-" "Mozilla/5.0 (Linux; Android 6.0.1; Nexus 5X Build/MMB29P) AppleWebKit/537.36 (KHTML, like Gecko) Chrome/132.0.6834.83 Mobile Safari/537.36 (compatible; Googlebot/2.1; +http://www.google.com/bot.html)"
66.29.132.124 - - [20/Jan/2025:01:00:47 -0500] "POST /wp-cron.php?doing_wp_cron=1737352847.1799659729003906250000 HTTP/1.1" 200 0 "-" "WordPress/6.7.1; https://misswavenigeria.com"
85.208.96.199 - - [20/Jan/2025:01:00:46 -0500] "GET /goods/2509049 HTTP/1.1" 404 18013 "-" "Mozilla/5.0 (compatible; SemrushBot/7~bl; +http://www.semrush.com/bot.html)"
66.29.132.124 - - [20/Jan/2025:01:00:47 -0500] "POST /wp-admin/admin-ajax.php?action=async_litespeed&nonce=alnU4uO0IhCNK8coNU4NLIPfNvoVwRGw&litespeed_type=imgoptm HTTP/1.1" 200 21 "-" "WordPress/6.7.1; https://misswavenigeria.com"
66.249.79.205 - - [20/Jan/2025:01:01:03 -0500] "GET /goods/2477326?keyword=9%E5%8F%B7 HTTP/1.1" 200 67670 "-" "Mozilla/5.0 (Linux; Android 6.0.1; Nexus 5X Build/MMB29P) AppleWebKit/537.36 (KHTML, like Gecko) Chrome/132.0.6834.83 Mobile Safari/537.36 (compatible; Googlebot/2.1; +http://www.google.com/bot.html)"
66.29.132.124 - - [20/Jan/2025:01:01:22 -0500] "POST /wp-cron.php?doing_wp_cron=1737352882.8205571174621582031250 HTTP/1.1" 200 0 "-" "WordPress/6.7.1; https://misswavenigeria.com"
185.191.171.2 - - [20/Jan/2025:01:01:22 -0500] "GET /goods/2747703 HTTP/1.1" 404 18013 "-" "Mozilla/5.0 (compatible; SemrushBot/7~bl; +http://www.semrush.com/bot.html)"
66.29.132.124 - - [20/Jan/2025:01:01:23 -0500] "POST /wp-admin/admin-ajax.php?action=async_litespeed&nonce=uQukNxhoa6hTpZlH9F63Kv5RyfdP1WU1&litespeed_type=imgoptm HTTP/1.1" 200 21 "-" "WordPress/6.7.1; https://misswavenigeria.com"
66.29.132.124 - - [20/Jan/2025:01:01:33 -0500] "POST /wp-cron.php?doing_wp_cron=1737352893.1490099430084228515625 HTTP/1.1" 200 0 "-" "WordPress/6.7.1; https://misswavenigeria.com"
185.191.171.7 - - [20/Jan/2025:01:01:32 -0500] "GET /goods/1906285 HTTP/1.1" 404 18013 "-" "Mozilla/5.0 (compatible; SemrushBot/7~bl; +http://www.semrush.com/bot.html)"
66.249.79.169 - - [20/Jan/2025:01:01:34 -0500] "GET /goods/2192318?keyword=%E3%82%B9%E3%83%9D%E3%83%BC%E3%83%84 HTTP/1.1" 200 68109 "-" "Mozilla/5.0 (Linux; Android 6.0.1; Nexus 5X Build/MMB29P) AppleWebKit/537.36 (KHTML, like Gecko) Chrome/132.0.6834.83 Mobile Safari/537.36 (compatible; Googlebot/2.1; +http://www.google.com/bot.html)"
185.191.171.16 - - [20/Jan/2025:01:01:40 -0500] "GET /robots.txt HTTP/1.1" 200 142 "-" "Mozilla/5.0 (compatible; SemrushBot/7~bl; +http://www.semrush.com/bot.html)"
85.208.96.202 - - [20/Jan/2025:01:01:40 -0500] "GET /goods/4520996 HTTP/1.1" 404 18012 "-" "Mozilla/5.0 (compatible; SemrushBot/7~bl; +http://www.semrush.com/bot.html)"
66.249.79.204 - - [20/Jan/2025:01:01:43 -0500] "GET /goods/1260507?keyword=%E3%81%8A%E3%82%82%E3%81%A1%E3%82%83%E3%80%81%E3%82%B2%E3%83%BC%E3%83%A0 HTTP/1.1" 200 68490 "-" "Mozilla/5.0 (Linux; Android 6.0.1; Nexus 5X Build/MMB29P) AppleWebKit/537.36 (KHTML, like Gecko) Chrome/132.0.6834.83 Mobile Safari/537.36 (compatible; Googlebot/2.1; +http://www.google.com/bot.html)"
85.208.96.210 - - [20/Jan/2025:01:01:51 -0500] "GET /goods/1815179 HTTP/1.1" 404 18012 "-" "Mozilla/5.0 (compatible; SemrushBot/7~bl; +http://www.semrush.com/bot.html)"
165.231.182.52 - - [20/Jan/2025:00:59:32 -0500] "POST /register/ HTTP/1.0" 200 76060 "https://misswavenigeria.com/register/" "Mozilla/5.0 (Windows NT 6.1) AppleWebKit/537.36 (KHTML, like Gecko) Chrome/103.0.0.0 Safari/537.36"
165.231.182.52 - - [20/Jan/2025:01:01:54 -0500] "GET /register/ HTTP/1.0" 200 75934 "https://misswavenigeria.com/" "Mozilla/5.0 (Windows NT 6.1) AppleWebKit/537.36 (KHTML, like Gecko) Chrome/103.0.0.0 Safari/537.36"
185.191.171.2 - - [20/Jan/2025:01:01:57 -0500] "GET /goods/4581226 HTTP/1.1" 404 18012 "-" "Mozilla/5.0 (compatible; SemrushBot/7~bl; +http://www.semrush.com/bot.html)"
85.208.96.194 - - [20/Jan/2025:01:01:59 -0500] "GET /goods/2962935 HTTP/1.1" 404 18013 "-" "Mozilla/5.0 (compatible; SemrushBot/7~bl; +http://www.semrush.com/bot.html)"
85.208.96.195 - - [20/Jan/2025:01:02:04 -0500] "GET /goods/2044296 HTTP/1.1" 404 18012 "-" "Mozilla/5.0 (compatible; SemrushBot/7~bl; +http://www.semrush.com/bot.html)"
66.249.79.168 - - [20/Jan/2025:01:02:13 -0500] "GET /?product=recycling11370814-860?keyword=CD HTTP/1.1" 200 71689 "-" "Mozilla/5.0 (Linux; Android 6.0.1; Nexus 5X Build/MMB29P) AppleWebKit/537.36 (KHTML, like Gecko) Chrome/132.0.6834.83 Mobile Safari/537.36 (compatible; Googlebot/2.1; +http://www.google.com/bot.html)"
66.29.132.124 - - [20/Jan/2025:01:02:21 -0500] "POST /wp-cron.php?doing_wp_cron=1737352941.3962569236755371093750 HTTP/1.1" 200 0 "-" "WordPress/6.7.1; https://misswavenigeria.com"
165.231.182.52 - - [20/Jan/2025:01:02:21 -0500] "GET / HTTP/1.0" 200 109067 "https://misswavenigeria.com/" "Mozilla/5.0 (Windows NT 10.0; Win64; x64) AppleWebKit/537.36 (KHTML, like Gecko) Chrome/103.0.5060.66 Safari/537.36"
66.29.132.124 - - [20/Jan/2025:01:02:21 -0500] "POST /wp-admin/admin-ajax.php?action=async_litespeed&nonce=GXdGCh8dgI9HGPg4m62QsheTHAsy2MPB&litespeed_type=imgoptm HTTP/1.1" 200 21 "-" "WordPress/6.7.1; https://misswavenigeria.com"
165.231.182.52 - - [20/Jan/2025:01:02:23 -0500] "GET /register/ HTTP/1.0" 200 75934 "https://misswavenigeria.com/register/" "Mozilla/5.0 (Windows NT 10.0; Win64; x64) AppleWebKit/537.36 (KHTML, like Gecko) Chrome/103.0.5060.66 Safari/537.36"
66.29.132.124 - - [20/Jan/2025:01:02:25 -0500] "POST /wp-cron.php?doing_wp_cron=1737352945.3969299793243408203125 HTTP/1.1" 200 0 "-" "WordPress/6.7.1; https://misswavenigeria.com"
85.208.96.207 - - [20/Jan/2025:01:02:29 -0500] "GET /goods/1848962 HTTP/1.1" 404 18012 "-" "Mozilla/5.0 (compatible; SemrushBot/7~bl; +http://www.semrush.com/bot.html)"
66.249.79.34 - - [20/Jan/2025:01:02:46 -0500] "GET /?product=evaporation11370824-974 HTTP/1.1" 200 67615 "-" "Mozilla/5.0 (Linux; Android 6.0.1; Nexus 5X Build/MMB29P) AppleWebKit/537.36 (KHTML, like Gecko) Chrome/132.0.6834.83 Mobile Safari/537.36 (compatible; Googlebot/2.1; +http://www.google.com/bot.html)"
185.191.171.9 - - [20/Jan/2025:01:03:07 -0500] "GET /goods/4200919 HTTP/1.1" 404 18013 "-" "Mozilla/5.0 (compatible; SemrushBot/7~bl; +http://www.semrush.com/bot.html)"
66.29.132.124 - - [20/Jan/2025:01:03:13 -0500] "POST /wp-cron.php?doing_wp_cron=1737352993.2372720241546630859375 HTTP/1.1" 200 0 "-" "WordPress/6.7.1; https://misswavenigeria.com"
185.191.171.13 - - [20/Jan/2025:01:03:13 -0500] "GET /goods/3848158 HTTP/1.1" 404 18012 "-" "Mozilla/5.0 (compatible; SemrushBot/7~bl; +http://www.semrush.com/bot.html)"
66.29.132.124 - - [20/Jan/2025:01:03:13 -0500] "POST /wp-admin/admin-ajax.php?action=async_litespeed&nonce=09cdiXLvtAJsEbtnlPla5S0HIgtdgloI&litespeed_type=imgoptm HTTP/1.1" 200 21 "-" "WordPress/6.7.1; https://misswavenigeria.com"
185.191.171.17 - - [20/Jan/2025:01:03:15 -0500] "GET /goods/2603462 HTTP/1.1" 404 18013 "-" "Mozilla/5.0 (compatible; SemrushBot/7~bl; +http://www.semrush.com/bot.html)"
66.29.132.124 - - [20/Jan/2025:01:03:52 -0500] "POST /wp-cron.php?doing_wp_cron=1737353032.1080880165100097656250 HTTP/1.1" 200 0 "-" "WordPress/6.7.1; https://misswavenigeria.com"
85.208.96.205 - - [20/Jan/2025:01:03:51 -0500] "GET /goods/909389 HTTP/1.1" 404 18013 "-" "Mozilla/5.0 (compatible; SemrushBot/7~bl; +http://www.semrush.com/bot.html)"
185.191.171.13 - - [20/Jan/2025:01:04:00 -0500] "GET /goods/1713625 HTTP/1.1" 404 18012 "-" "Mozilla/5.0 (compatible; SemrushBot/7~bl; +http://www.semrush.com/bot.html)"
165.231.182.52 - - [20/Jan/2025:01:02:25 -0500] "POST /register/ HTTP/1.0" 200 76060 "https://misswavenigeria.com/register/" "Mozilla/5.0 (Windows NT 10.0; Win64; x64) AppleWebKit/537.36 (KHTML, like Gecko) Chrome/103.0.5060.66 Safari/537.36"
165.231.182.52 - - [20/Jan/2025:01:04:04 -0500] "GET /register/ HTTP/1.0" 200 75934 "https://misswavenigeria.com/" "Mozilla/5.0 (Windows NT 10.0; Win64; x64) AppleWebKit/537.36 (KHTML, like Gecko) Chrome/103.0.5060.66 Safari/537.36"
185.191.171.13 - - [20/Jan/2025:01:04:05 -0500] "GET /goods/3611278 HTTP/1.1" 404 18013 "-" "Mozilla/5.0 (compatible; SemrushBot/7~bl; +http://www.semrush.com/bot.html)"
66.249.79.2 - - [20/Jan/2025:01:04:19 -0500] "GET /static/1570817 HTTP/1.1" 200 69688 "-" "Mozilla/5.0 (Linux; Android 6.0.1; Nexus 5X Build/MMB29P) AppleWebKit/537.36 (KHTML, like Gecko) Chrome/132.0.6834.83 Mobile Safari/537.36 (compatible; Googlebot/2.1; +http://www.google.com/bot.html)"
66.249.79.104 - - [20/Jan/2025:01:04:31 -0500] "GET /goods/1253848?keyword=BRIGHT?keyword=assemble HTTP/1.1" 200 68006 "-" "Mozilla/5.0 (Linux; Android 6.0.1; Nexus 5X Build/MMB29P) AppleWebKit/537.36 (KHTML, like Gecko) Chrome/132.0.6834.83 Mobile Safari/537.36 (compatible; Googlebot/2.1; +http://www.google.com/bot.html)"
66.249.68.66 - - [20/Jan/2025:01:04:52 -0500] "GET /goods/166037?keyword=%E4%BD%9C%E5%93%81%E5%88%A5?keyword=ONKYO HTTP/1.1" 200 69416 "-" "Mozilla/5.0 (Linux; Android 6.0.1; Nexus 5X Build/MMB29P) AppleWebKit/537.36 (KHTML, like Gecko) Chrome/132.0.6834.83 Mobile Safari/537.36 (compatible; Googlebot/2.1; +http://www.google.com/bot.html)"
66.29.132.124 - - [20/Jan/2025:01:05:13 -0500] "POST /wp-cron.php?doing_wp_cron=1737353113.2310950756072998046875 HTTP/1.1" 200 0 "-" "WordPress/6.7.1; https://misswavenigeria.com"
66.249.68.36 - - [20/Jan/2025:01:05:11 -0500] "GET /?product=revamp11370822-643?keyword=%E3%83%AC%E3%83%87%E3%82%A3%E3%83%BC%E3%82%B9 HTTP/1.1" 200 69054 "-" "Mozilla/5.0 (Linux; Android 6.0.1; Nexus 5X Build/MMB29P) AppleWebKit/537.36 (KHTML, like Gecko) Chrome/132.0.6834.83 Mobile Safari/537.36 (compatible; Googlebot/2.1; +http://www.google.com/bot.html)"
85.208.96.207 - - [20/Jan/2025:01:05:12 -0500] "GET /goods/699782 HTTP/1.1" 404 18012 "-" "Mozilla/5.0 (compatible; SemrushBot/7~bl; +http://www.semrush.com/bot.html)"
66.29.132.124 - - [20/Jan/2025:01:05:13 -0500] "POST /wp-admin/admin-ajax.php?action=async_litespeed&nonce=E5U1P43m5w873gEtlVpFw3E5LhAPZQ8N&litespeed_type=imgoptm HTTP/1.1" 200 21 "-" "WordPress/6.7.1; https://misswavenigeria.com"
165.231.182.52 - - [20/Jan/2025:01:05:23 -0500] "GET / HTTP/1.0" 200 109065 "https://misswavenigeria.com/" "Mozilla/5.0 (Windows NT 6.1; Win64; x64) AppleWebKit/537.36 (KHTML, like Gecko) Chrome/103.0.0.0 Safari/537.36"
66.249.79.169 - - [20/Jan/2025:01:05:21 -0500] "GET /goods/4810381?keyword=%E4%B9%9D%E8%B0%B7%E7%84%BC%E3%80%80%E3%83%AD%E3%83%BC%E3%82%B0%E3%83%A9%E3%82%B9%E3%80%80%E5%92%8C%E9%99%B6%E6%88%BF HTTP/1.1" 200 68488 "-" "Mozilla/5.0 (Linux; Android 6.0.1; Nexus 5X Build/MMB29P) AppleWebKit/537.36 (KHTML, like Gecko) Chrome/132.0.6834.83 Mobile Safari/537.36 (compatible; Googlebot/2.1; +http://www.google.com/bot.html)"
165.231.182.52 - - [20/Jan/2025:01:05:25 -0500] "GET /register/ HTTP/1.0" 200 75934 "https://misswavenigeria.com/register/" "Mozilla/5.0 (Windows NT 6.1; Win64; x64) AppleWebKit/537.36 (KHTML, like Gecko) Chrome/103.0.0.0 Safari/537.36"
66.29.132.124 - - [20/Jan/2025:01:05:26 -0500] "POST /wp-cron.php?doing_wp_cron=1737353126.6863110065460205078125 HTTP/1.1" 200 0 "-" "WordPress/6.7.1; https://misswavenigeria.com"
185.191.171.10 - - [20/Jan/2025:01:05:26 -0500] "GET /goods/1196738 HTTP/1.1" 404 18012 "-" "Mozilla/5.0 (compatible; SemrushBot/7~bl; +http://www.semrush.com/bot.html)"
85.208.96.210 - - [20/Jan/2025:01:05:32 -0500] "GET /goods/3167705 HTTP/1.1" 404 18013 "-" "Mozilla/5.0 (compatible; SemrushBot/7~bl; +http://www.semrush.com/bot.html)"
185.191.171.4 - - [20/Jan/2025:01:06:07 -0500] "GET /goods/3078885 HTTP/1.1" 404 18011 "-" "Mozilla/5.0 (compatible; SemrushBot/7~bl; +http://www.semrush.com/bot.html)"
66.29.132.124 - - [20/Jan/2025:01:06:15 -0500] "POST /wp-cron.php?doing_wp_cron=1737353175.4944360256195068359375 HTTP/1.1" 200 0 "-" "WordPress/6.7.1; https://misswavenigeria.com"
185.191.171.11 - - [20/Jan/2025:01:06:15 -0500] "GET /goods/3494937 HTTP/1.1" 404 18012 "-" "Mozilla/5.0 (compatible; SemrushBot/7~bl; +http://www.semrush.com/bot.html)"
66.29.132.124 - - [20/Jan/2025:01:06:15 -0500] "POST /wp-admin/admin-ajax.php?action=async_litespeed&nonce=SIsWDrBseyyrb4BJ9N0BIuKB5gNY8F3T&litespeed_type=imgoptm HTTP/1.1" 200 21 "-" "WordPress/6.7.1; https://misswavenigeria.com"
85.208.96.212 - - [20/Jan/2025:01:06:17 -0500] "GET /goods/3395676 HTTP/1.1" 404 18012 "-" "Mozilla/5.0 (compatible; SemrushBot/7~bl; +http://www.semrush.com/bot.html)"
85.208.96.211 - - [20/Jan/2025:01:06:23 -0500] "GET /goods/1806048 HTTP/1.1" 404 18012 "-" "Mozilla/5.0 (compatible; SemrushBot/7~bl; +http://www.semrush.com/bot.html)"
66.29.132.124 - - [20/Jan/2025:01:06:59 -0500] "POST /wp-cron.php?doing_wp_cron=1737353219.2643649578094482421875 HTTP/1.1" 200 0 "-" "WordPress/6.7.1; https://misswavenigeria.com"
185.191.171.2 - - [20/Jan/2025:01:06:59 -0500] "GET /goods/3878302 HTTP/1.1" 404 18018 "-" "Mozilla/5.0 (compatible; SemrushBot/7~bl; +http://www.semrush.com/bot.html)"
165.231.182.52 - - [20/Jan/2025:01:05:27 -0500] "POST /register/ HTTP/1.0" 200 76060 "https://misswavenigeria.com/register/" "Mozilla/5.0 (Windows NT 6.1; Win64; x64) AppleWebKit/537.36 (KHTML, like Gecko) Chrome/103.0.0.0 Safari/537.36"
165.231.182.52 - - [20/Jan/2025:01:07:04 -0500] "GET /register/ HTTP/1.0" 200 75934 "https://misswavenigeria.com/" "Mozilla/5.0 (Windows NT 6.1; Win64; x64) AppleWebKit/537.36 (KHTML, like Gecko) Chrome/103.0.0.0 Safari/537.36"
66.29.132.124 - - [20/Jan/2025:01:07:19 -0500] "POST /wp-cron.php?doing_wp_cron=1737353239.1900858879089355468750 HTTP/1.1" 200 0 "-" "WordPress/6.7.1; https://misswavenigeria.com"
85.208.96.210 - - [20/Jan/2025:01:07:18 -0500] "GET /goods/3389715 HTTP/1.1" 404 18013 "-" "Mozilla/5.0 (compatible; SemrushBot/7~bl; +http://www.semrush.com/bot.html)"
66.29.132.124 - - [20/Jan/2025:01:07:19 -0500] "POST /wp-admin/admin-ajax.php?action=async_litespeed&nonce=6XKlNONhvfhpNnEeuRzrhR6MRIjldXCR&litespeed_type=imgoptm HTTP/1.1" 200 21 "-" "WordPress/6.7.1; https://misswavenigeria.com"
85.208.96.203 - - [20/Jan/2025:01:07:22 -0500] "GET /goods/4836552 HTTP/1.1" 404 18013 "-" "Mozilla/5.0 (compatible; SemrushBot/7~bl; +http://www.semrush.com/bot.html)"
66.249.79.103 - - [20/Jan/2025:01:07:32 -0500] "GET /?product=manufacture11370841-769 HTTP/1.1" 200 69626 "-" "Mozilla/5.0 (Linux; Android 6.0.1; Nexus 5X Build/MMB29P) AppleWebKit/537.36 (KHTML, like Gecko) Chrome/132.0.6834.83 Mobile Safari/537.36 (compatible; Googlebot/2.1; +http://www.google.com/bot.html)"
66.249.79.205 - - [20/Jan/2025:01:07:40 -0500] "GET /goods/405404?keyword=[Blu-ray] HTTP/1.1" 200 71846 "-" "Mozilla/5.0 (Linux; Android 6.0.1; Nexus 5X Build/MMB29P) AppleWebKit/537.36 (KHTML, like Gecko) Chrome/132.0.6834.83 Mobile Safari/537.36 (compatible; Googlebot/2.1; +http://www.google.com/bot.html)"
