185.191.171.4 - - [20/Jan/2025:03:41:31 -0500] "GET /goods/4765750 HTTP/1.1" 404 18013 "-" "Mozilla/5.0 (compatible; SemrushBot/7~bl; +http://www.semrush.com/bot.html)"
66.249.68.66 - - [20/Jan/2025:03:41:45 -0500] "GET /?product=evaporation1128024-752 HTTP/1.1" 200 71472 "-" "Mozilla/5.0 (Linux; Android 6.0.1; Nexus 5X Build/MMB29P) AppleWebKit/537.36 (KHTML, like Gecko) Chrome/132.0.6834.83 Mobile Safari/537.36 (compatible; Googlebot/2.1; +http://www.google.com/bot.html)"
85.208.96.197 - - [20/Jan/2025:03:41:54 -0500] "GET /goods/4110970 HTTP/1.1" 404 18012 "-" "Mozilla/5.0 (compatible; SemrushBot/7~bl; +http://www.semrush.com/bot.html)"
185.191.171.11 - - [20/Jan/2025:03:41:57 -0500] "GET /goods/4155573 HTTP/1.1" 404 18012 "-" "Mozilla/5.0 (compatible; SemrushBot/7~bl; +http://www.semrush.com/bot.html)"
66.249.68.66 - - [20/Jan/2025:03:41:57 -0500] "GET /?product=mobilehome15265543-847?keyword=%E7%94%9F%E6%B4%BB%E5%AE%B6%E9%9B%BB%E3%83%BB%E7%A9%BA%E8%AA%BF HTTP/1.1" 200 67994 "-" "Mozilla/5.0 (Linux; Android 6.0.1; Nexus 5X Build/MMB29P) AppleWebKit/537.36 (KHTML, like Gecko) Chrome/132.0.6834.83 Mobile Safari/537.36 (compatible; Googlebot/2.1; +http://www.google.com/bot.html)"
85.208.96.206 - - [20/Jan/2025:03:42:01 -0500] "GET /goods/3951206 HTTP/1.1" 404 18013 "-" "Mozilla/5.0 (compatible; SemrushBot/7~bl; +http://www.semrush.com/bot.html)"
185.191.171.4 - - [20/Jan/2025:03:42:05 -0500] "GET /goods/1765011 HTTP/1.1" 404 18013 "-" "Mozilla/5.0 (compatible; SemrushBot/7~bl; +http://www.semrush.com/bot.html)"
66.249.68.68 - - [20/Jan/2025:03:42:09 -0500] "GET /goods/1370099 HTTP/1.1" 200 70837 "-" "Mozilla/5.0 (Linux; Android 6.0.1; Nexus 5X Build/MMB29P) AppleWebKit/537.36 (KHTML, like Gecko) Chrome/132.0.6834.83 Mobile Safari/537.36 (compatible; Googlebot/2.1; +http://www.google.com/bot.html)"
66.29.132.124 - - [20/Jan/2025:03:42:12 -0500] "POST /wp-cron.php?doing_wp_cron=1737362532.8168489933013916015625 HTTP/1.1" 200 0 "-" "WordPress/6.7.1; https://misswavenigeria.com"
85.208.96.200 - - [20/Jan/2025:03:42:12 -0500] "GET /goods/3594736 HTTP/1.1" 404 18012 "-" "Mozilla/5.0 (compatible; SemrushBot/7~bl; +http://www.semrush.com/bot.html)"
66.29.132.124 - - [20/Jan/2025:03:42:13 -0500] "POST /wp-admin/admin-ajax.php?action=async_litespeed&nonce=znFm4u5MFbnOW4wJHATebcKfHs7v3Qbh&litespeed_type=imgoptm HTTP/1.1" 200 21 "-" "WordPress/6.7.1; https://misswavenigeria.com"
66.249.68.66 - - [20/Jan/2025:03:42:32 -0500] "GET /goods/431384 HTTP/1.1" 200 68598 "-" "Mozilla/5.0 (Linux; Android 6.0.1; Nexus 5X Build/MMB29P) AppleWebKit/537.36 (KHTML, like Gecko) Chrome/132.0.6834.83 Mobile Safari/537.36 (compatible; Googlebot/2.1; +http://www.google.com/bot.html)"
66.249.68.66 - - [20/Jan/2025:03:42:36 -0500] "GET /?product=Lincoln11370802-210?keyword=40%E6%9E%9A HTTP/1.1" 200 67697 "-" "Mozilla/5.0 (Linux; Android 6.0.1; Nexus 5X Build/MMB29P) AppleWebKit/537.36 (KHTML, like Gecko) Chrome/132.0.6834.83 Mobile Safari/537.36 (compatible; Googlebot/2.1; +http://www.google.com/bot.html)"
66.249.68.66 - - [20/Jan/2025:03:42:47 -0500] "GET /goods/2156463 HTTP/1.1" 200 68578 "-" "Mozilla/5.0 (Linux; Android 6.0.1; Nexus 5X Build/MMB29P) AppleWebKit/537.36 (KHTML, like Gecko) Chrome/132.0.6834.83 Mobile Safari/537.36 (compatible; Googlebot/2.1; +http://www.google.com/bot.html)"
66.29.132.124 - - [20/Jan/2025:03:42:49 -0500] "POST /wp-cron.php?doing_wp_cron=1737362569.5544779300689697265625 HTTP/1.1" 200 0 "-" "WordPress/6.7.1; https://misswavenigeria.com"
196.247.40.107 - - [20/Jan/2025:03:42:49 -0500] "GET /contact/ HTTP/1.1" 200 17544 "-" "Mozilla/5.0 (X11; Ubuntu; Linux x86_64; rv:114.0) Gecko/20100101 Firefox/114.0"
66.249.68.66 - - [20/Jan/2025:03:42:48 -0500] "GET /?product=ambassador17094406-606?keyword=f/4D HTTP/1.1" 200 70641 "-" "Mozilla/5.0 (Linux; Android 6.0.1; Nexus 5X Build/MMB29P) AppleWebKit/537.36 (KHTML, like Gecko) Chrome/132.0.6834.83 Mobile Safari/537.36 (compatible; Googlebot/2.1; +http://www.google.com/bot.html)"
196.247.40.107 - - [20/Jan/2025:03:42:50 -0500] "GET /wp-content/plugins/contact-form-7/includes/js/index.js?ver=6.0.3 HTTP/1.1" 200 4008 "https://misswavenigeria.com/contact/" "Mozilla/5.0 (X11; Ubuntu; Linux x86_64; rv:114.0) Gecko/20100101 Firefox/114.0"
196.247.40.107 - - [20/Jan/2025:03:42:51 -0500] "POST /wp-json/contact-form-7/v1/contact-forms/249/feedback HTTP/1.1" 200 220 "https://misswavenigeria.com/contact/" "Mozilla/5.0 (X11; Ubuntu; Linux x86_64; rv:114.0) Gecko/20100101 Firefox/114.0"
165.231.182.52 - - [20/Jan/2025:03:41:21 -0500] "POST /register/ HTTP/1.0" 200 76060 "https://misswavenigeria.com/register/" "Mozilla/5.0 (Windows NT 10.0; Win64; x64) AppleWebKit/537.36 (KHTML, like Gecko) Chrome/103.0.5042.0 Safari/537.36"
165.231.182.52 - - [20/Jan/2025:03:43:03 -0500] "GET /register/ HTTP/1.0" 200 75934 "https://misswavenigeria.com/" "Mozilla/5.0 (Windows NT 10.0; Win64; x64) AppleWebKit/537.36 (KHTML, like Gecko) Chrome/103.0.5042.0 Safari/537.36"
66.249.68.66 - - [20/Jan/2025:03:43:22 -0500] "GET /?product=ambassador17094406-606?keyword=300mm HTTP/1.1" 200 70141 "-" "Mozilla/5.0 (Linux; Android 6.0.1; Nexus 5X Build/MMB29P) AppleWebKit/537.36 (KHTML, like Gecko) Chrome/132.0.6834.83 Mobile Safari/537.36 (compatible; Googlebot/2.1; +http://www.google.com/bot.html)"
66.249.68.66 - - [20/Jan/2025:03:43:45 -0500] "GET /goods/3061250 HTTP/1.1" 200 69530 "-" "Mozilla/5.0 (Linux; Android 6.0.1; Nexus 5X Build/MMB29P) AppleWebKit/537.36 (KHTML, like Gecko) Chrome/132.0.6834.83 Mobile Safari/537.36 (compatible; Googlebot/2.1; +http://www.google.com/bot.html)"
66.249.68.66 - - [20/Jan/2025:03:43:56 -0500] "GET /?product=mobilehome15265543-847?keyword=%E7%94%9F%E6%B4%BB%E5%AE%B6%E9%9B%BB HTTP/1.1" 200 68877 "-" "Mozilla/5.0 (Linux; Android 6.0.1; Nexus 5X Build/MMB29P) AppleWebKit/537.36 (KHTML, like Gecko) Chrome/132.0.6834.83 Mobile Safari/537.36 (compatible; Googlebot/2.1; +http://www.google.com/bot.html)"
66.29.132.124 - - [20/Jan/2025:03:44:02 -0500] "POST /wp-cron.php?doing_wp_cron=1737362642.3960731029510498046875 HTTP/1.1" 200 0 "-" "WordPress/6.7.1; https://misswavenigeria.com"
185.191.171.8 - - [20/Jan/2025:03:44:02 -0500] "GET /goods/667622 HTTP/1.1" 404 18012 "-" "Mozilla/5.0 (compatible; SemrushBot/7~bl; +http://www.semrush.com/bot.html)"
66.29.132.124 - - [20/Jan/2025:03:44:02 -0500] "POST /wp-admin/admin-ajax.php?action=async_litespeed&nonce=BPwkJ5QJ1vygV8ihVYBy5zjBRjkkb7vi&litespeed_type=imgoptm HTTP/1.1" 200 21 "-" "WordPress/6.7.1; https://misswavenigeria.com"
66.29.132.124 - - [20/Jan/2025:03:44:13 -0500] "POST /wp-cron.php?doing_wp_cron=1737362653.3946108818054199218750 HTTP/1.1" 200 0 "-" "WordPress/6.7.1; https://misswavenigeria.com"
165.231.182.52 - - [20/Jan/2025:03:44:13 -0500] "GET / HTTP/1.0" 200 109067 "https://misswavenigeria.com/" "Mozilla/5.0 (Windows NT 10.0; Win64; x64) AppleWebKit/537.36 (KHTML, like Gecko) Chrome/103.0.0.0 Safari/537.36 Herring/95.1.8810.11"
66.29.132.124 - - [20/Jan/2025:03:44:13 -0500] "POST /wp-admin/admin-ajax.php?action=async_litespeed&nonce=Oi7BOqG7HNwzyxVKHooxamkYrxno2DY0&litespeed_type=imgoptm HTTP/1.1" 200 21 "-" "WordPress/6.7.1; https://misswavenigeria.com"
165.231.182.52 - - [20/Jan/2025:03:44:15 -0500] "GET /register/ HTTP/1.0" 200 75934 "https://misswavenigeria.com/register/" "Mozilla/5.0 (Windows NT 10.0; Win64; x64) AppleWebKit/537.36 (KHTML, like Gecko) Chrome/103.0.0.0 Safari/537.36 Herring/95.1.8810.11"
66.249.68.35 - - [20/Jan/2025:03:44:20 -0500] "GET /?product=mobilehome15265543-847?keyword=%E5%88%9D%E6%9C%9F%E5%9E%8B%E3%80%80%E7%A8%BC%E5%83%8D%E5%93%81%E3%80%80%E3%82%A2%E3%82%A4%E3%82%B3%E3%82%B9%E3%80%80%E9%9B%BB%E5%AD%90%E3%82%BF%E3%83%90%E3%82%B3 HTTP/1.1" 200 69599 "-" "Mozilla/5.0 (Linux; Android 6.0.1; Nexus 5X Build/MMB29P) AppleWebKit/537.36 (KHTML, like Gecko) Chrome/132.0.6834.83 Mobile Safari/537.36 (compatible; Googlebot/2.1; +http://www.google.com/bot.html)"
66.29.132.124 - - [20/Jan/2025:03:44:32 -0500] "POST /wp-cron.php?doing_wp_cron=1737362672.9092459678649902343750 HTTP/1.1" 200 0 "-" "WordPress/6.7.1; https://misswavenigeria.com"
85.208.96.206 - - [20/Jan/2025:03:44:32 -0500] "GET /goods/4741609 HTTP/1.1" 404 18013 "-" "Mozilla/5.0 (compatible; SemrushBot/7~bl; +http://www.semrush.com/bot.html)"
85.208.96.207 - - [20/Jan/2025:03:44:41 -0500] "GET /goods/3972493 HTTP/1.1" 404 18012 "-" "Mozilla/5.0 (compatible; SemrushBot/7~bl; +http://www.semrush.com/bot.html)"
85.208.96.199 - - [20/Jan/2025:03:44:43 -0500] "GET /goods/3429515 HTTP/1.1" 404 18013 "-" "Mozilla/5.0 (compatible; SemrushBot/7~bl; +http://www.semrush.com/bot.html)"
66.249.68.67 - - [20/Jan/2025:03:44:44 -0500] "GET /?product=rouge15281810-271?keyword=%E3%83%95%E3%82%A1%E3%83%83%E3%82%B7%E3%83%A7%E3%83%B3 HTTP/1.1" 200 72110 "-" "Mozilla/5.0 (Linux; Android 6.0.1; Nexus 5X Build/MMB29P) AppleWebKit/537.36 (KHTML, like Gecko) Chrome/132.0.6834.83 Mobile Safari/537.36 (compatible; Googlebot/2.1; +http://www.google.com/bot.html)"
85.208.96.211 - - [20/Jan/2025:03:44:52 -0500] "GET /goods/3339899 HTTP/1.1" 404 18012 "-" "Mozilla/5.0 (compatible; SemrushBot/7~bl; +http://www.semrush.com/bot.html)"
185.191.171.7 - - [20/Jan/2025:03:45:04 -0500] "GET /goods/3573131 HTTP/1.1" 404 18012 "-" "Mozilla/5.0 (compatible; SemrushBot/7~bl; +http://www.semrush.com/bot.html)"
85.208.96.200 - - [20/Jan/2025:03:45:08 -0500] "GET /wp-includes/block-bindings/post-meta.php HTTP/1.1" 500 0 "-" "Mozilla/5.0 (compatible; SemrushBot/7~bl; +http://www.semrush.com/bot.html)"
66.29.132.124 - - [20/Jan/2025:03:45:24 -0500] "POST /wp-cron.php?doing_wp_cron=1737362724.1539950370788574218750 HTTP/1.1" 200 0 "-" "WordPress/6.7.1; https://misswavenigeria.com"
185.191.171.4 - - [20/Jan/2025:03:45:23 -0500] "GET /goods/2582058 HTTP/1.1" 404 18013 "-" "Mozilla/5.0 (compatible; SemrushBot/7~bl; +http://www.semrush.com/bot.html)"
66.29.132.124 - - [20/Jan/2025:03:45:24 -0500] "POST /wp-admin/admin-ajax.php?action=async_litespeed&nonce=sca5av7HEpu7fX2AfbhG0MWu24rqk8lB&litespeed_type=imgoptm HTTP/1.1" 200 21 "-" "WordPress/6.7.1; https://misswavenigeria.com"
66.249.79.35 - - [20/Jan/2025:03:45:30 -0500] "GET /?product=reproduce16735055-422?keyword=%E3%83%96%E3%83%AC%E3%82%B9 HTTP/1.1" 200 69905 "-" "Mozilla/5.0 (Linux; Android 6.0.1; Nexus 5X Build/MMB29P) AppleWebKit/537.36 (KHTML, like Gecko) Chrome/132.0.6834.83 Mobile Safari/537.36 (compatible; Googlebot/2.1; +http://www.google.com/bot.html)"
66.29.132.124 - - [20/Jan/2025:03:45:37 -0500] "POST /wp-cron.php?doing_wp_cron=1737362737.5931730270385742187500 HTTP/1.1" 200 0 "-" "WordPress/6.7.1; https://misswavenigeria.com"
85.208.96.202 - - [20/Jan/2025:03:45:37 -0500] "GET /goods/2073553 HTTP/1.1" 404 18013 "-" "Mozilla/5.0 (compatible; SemrushBot/7~bl; +http://www.semrush.com/bot.html)"
165.231.182.52 - - [20/Jan/2025:03:44:18 -0500] "POST /register/ HTTP/1.0" 200 76060 "https://misswavenigeria.com/register/" "Mozilla/5.0 (Windows NT 10.0; Win64; x64) AppleWebKit/537.36 (KHTML, like Gecko) Chrome/103.0.0.0 Safari/537.36 Herring/95.1.8810.11"
165.231.182.52 - - [20/Jan/2025:03:45:58 -0500] "GET /register/ HTTP/1.0" 200 75934 "https://misswavenigeria.com/" "Mozilla/5.0 (Windows NT 10.0; Win64; x64) AppleWebKit/537.36 (KHTML, like Gecko) Chrome/103.0.0.0 Safari/537.36 Herring/95.1.8810.11"
185.191.171.3 - - [20/Jan/2025:03:46:03 -0500] "GET /goods/3697767 HTTP/1.1" 404 18012 "-" "Mozilla/5.0 (compatible; SemrushBot/7~bl; +http://www.semrush.com/bot.html)"
66.249.68.68 - - [20/Jan/2025:03:46:03 -0500] "GET /?product=mobilehome15265543-847?keyword=iQOS HTTP/1.1" 200 67475 "-" "Mozilla/5.0 (Linux; Android 6.0.1; Nexus 5X Build/MMB29P) AppleWebKit/537.36 (KHTML, like Gecko) Chrome/132.0.6834.83 Mobile Safari/537.36 (compatible; Googlebot/2.1; +http://www.google.com/bot.html)"
66.29.132.124 - - [20/Jan/2025:03:46:13 -0500] "POST /wp-cron.php?doing_wp_cron=1737362773.6215429306030273437500 HTTP/1.1" 200 0 "-" "WordPress/6.7.1; https://misswavenigeria.com"
85.208.96.202 - - [20/Jan/2025:03:46:13 -0500] "GET /goods/2057198 HTTP/1.1" 404 18012 "-" "Mozilla/5.0 (compatible; SemrushBot/7~bl; +http://www.semrush.com/bot.html)"
66.29.132.124 - - [20/Jan/2025:03:46:13 -0500] "POST /wp-admin/admin-ajax.php?action=async_litespeed&nonce=w33tDgIbHvBAp9OtyxuABtBaYDTiOzbH&litespeed_type=imgoptm HTTP/1.1" 200 21 "-" "WordPress/6.7.1; https://misswavenigeria.com"
185.191.171.18 - - [20/Jan/2025:03:46:15 -0500] "GET /goods/645886 HTTP/1.1" 404 18013 "-" "Mozilla/5.0 (compatible; SemrushBot/7~bl; +http://www.semrush.com/bot.html)"
66.249.68.66 - - [20/Jan/2025:03:46:14 -0500] "GET /goods/2319093 HTTP/1.1" 200 68972 "-" "Mozilla/5.0 (Linux; Android 6.0.1; Nexus 5X Build/MMB29P) AppleWebKit/537.36 (KHTML, like Gecko) Chrome/132.0.6834.83 Mobile Safari/537.36 (compatible; Googlebot/2.1; +http://www.google.com/bot.html)"
185.191.171.12 - - [20/Jan/2025:03:46:24 -0500] "GET /goods/2027367 HTTP/1.1" 404 18013 "-" "Mozilla/5.0 (compatible; SemrushBot/7~bl; +http://www.semrush.com/bot.html)"
66.249.68.66 - - [20/Jan/2025:03:46:38 -0500] "GET /?product=ambassador17094406-606?keyword=%E3%83%96%E3%83%A9%E3%83%83%E3%82%AF HTTP/1.1" 200 68445 "-" "Mozilla/5.0 (Linux; Android 6.0.1; Nexus 5X Build/MMB29P) AppleWebKit/537.36 (KHTML, like Gecko) Chrome/132.0.6834.83 Mobile Safari/537.36 (compatible; Googlebot/2.1; +http://www.google.com/bot.html)"
66.249.79.34 - - [20/Jan/2025:03:46:42 -0500] "GET /goods/3373102 HTTP/1.1" 200 69928 "-" "Mozilla/5.0 (compatible; Googlebot/2.1; +http://www.google.com/bot.html)"
66.249.79.102 - - [20/Jan/2025:03:46:50 -0500] "GET /goods/2185157 HTTP/1.1" 200 68693 "-" "Mozilla/5.0 (Linux; Android 6.0.1; Nexus 5X Build/MMB29P) AppleWebKit/537.36 (KHTML, like Gecko) Chrome/132.0.6834.83 Mobile Safari/537.36 (compatible; Googlebot/2.1; +http://www.google.com/bot.html)"
66.249.68.68 - - [20/Jan/2025:03:47:12 -0500] "GET /?product=ambassador17094406-606?keyword=%E5%8D%98%E7%84%A6%E7%82%B9%E3%83%AC%E3%83%B3%E3%82%BA HTTP/1.1" 200 67921 "-" "Mozilla/5.0 (Linux; Android 6.0.1; Nexus 5X Build/MMB29P) AppleWebKit/537.36 (KHTML, like Gecko) Chrome/132.0.6834.83 Mobile Safari/537.36 (compatible; Googlebot/2.1; +http://www.google.com/bot.html)"
66.29.132.124 - - [20/Jan/2025:03:47:14 -0500] "POST /wp-cron.php?doing_wp_cron=1737362834.7478039264678955078125 HTTP/1.1" 200 0 "-" "WordPress/6.7.1; https://misswavenigeria.com"
165.231.182.52 - - [20/Jan/2025:03:47:14 -0500] "GET / HTTP/1.0" 200 109063 "https://misswavenigeria.com/" "Mozilla/5.0 (Windows NT 10.0; Win64; x64) AppleWebKit/537.36 (KHTML, like Gecko) Chrome/103.0.0.0 Safari/537.36"
66.29.132.124 - - [20/Jan/2025:03:47:14 -0500] "POST /wp-admin/admin-ajax.php?action=async_litespeed&nonce=LHrPaBuRblGius4UXNezD3V9V4dS2dzy&litespeed_type=imgoptm HTTP/1.1" 200 21 "-" "WordPress/6.7.1; https://misswavenigeria.com"
165.231.182.52 - - [20/Jan/2025:03:47:16 -0500] "GET /register/ HTTP/1.0" 200 75934 "https://misswavenigeria.com/register/" "Mozilla/5.0 (Windows NT 10.0; Win64; x64) AppleWebKit/537.36 (KHTML, like Gecko) Chrome/103.0.0.0 Safari/537.36"
93.159.230.84 - - [20/Jan/2025:03:47:29 -0500] "GET / HTTP/1.1" 200 24483 "-" "Mozilla/5.0 (Linux; arm_64; Android 12; CPH2205) AppleWebKit/537.36 (KHTML, like Gecko) Chrome/110.0.0.0 YaBrowser/23.3.3.86.00 SA/3 Mobile Safari/537.36"
66.249.68.66 - - [20/Jan/2025:03:47:45 -0500] "GET /?product=ambassador17094406-606?keyword=Ai HTTP/1.1" 200 74094 "-" "Mozilla/5.0 (Linux; Android 6.0.1; Nexus 5X Build/MMB29P) AppleWebKit/537.36 (KHTML, like Gecko) Chrome/132.0.6834.83 Mobile Safari/537.36 (compatible; Googlebot/2.1; +http://www.google.com/bot.html)"
66.249.68.66 - - [20/Jan/2025:03:47:45 -0500] "GET /goods/4594692 HTTP/1.1" 200 68855 "-" "Mozilla/5.0 (Linux; Android 6.0.1; Nexus 5X Build/MMB29P) AppleWebKit/537.36 (KHTML, like Gecko) Chrome/132.0.6834.83 Mobile Safari/537.36 (compatible; Googlebot/2.1; +http://www.google.com/bot.html)"
66.29.132.124 - - [20/Jan/2025:03:48:09 -0500] "POST /wp-cron.php?doing_wp_cron=1737362889.6750719547271728515625 HTTP/1.1" 200 0 "-" "WordPress/6.7.1; https://misswavenigeria.com"
85.208.96.194 - - [20/Jan/2025:03:48:09 -0500] "GET /goods/1873417 HTTP/1.1" 404 18013 "-" "Mozilla/5.0 (compatible; SemrushBot/7~bl; +http://www.semrush.com/bot.html)"
66.249.68.68 - - [20/Jan/2025:03:48:18 -0500] "GET /?product=Sydney16735049-656?keyword=ZSh-1 HTTP/1.1" 200 68200 "-" "Mozilla/5.0 (Linux; Android 6.0.1; Nexus 5X Build/MMB29P) AppleWebKit/537.36 (KHTML, like Gecko) Chrome/132.0.6834.83 Mobile Safari/537.36 (compatible; Googlebot/2.1; +http://www.google.com/bot.html)"
66.29.132.124 - - [20/Jan/2025:03:48:31 -0500] "POST /wp-cron.php?doing_wp_cron=1737362911.6915850639343261718750 HTTP/1.1" 200 0 "-" "WordPress/6.7.1; https://misswavenigeria.com"
185.191.171.13 - - [20/Jan/2025:03:48:31 -0500] "GET /goods/1367288 HTTP/1.1" 404 18013 "-" "Mozilla/5.0 (compatible; SemrushBot/7~bl; +http://www.semrush.com/bot.html)"
66.29.132.124 - - [20/Jan/2025:03:48:31 -0500] "POST /wp-admin/admin-ajax.php?action=async_litespeed&nonce=mJxVMrBb19swM9CeGeHrXMd15d6qSZHg&litespeed_type=imgoptm HTTP/1.1" 200 21 "-" "WordPress/6.7.1; https://misswavenigeria.com"
85.208.96.195 - - [20/Jan/2025:03:48:38 -0500] "GET /goods/2682380 HTTP/1.1" 404 18013 "-" "Mozilla/5.0 (compatible; SemrushBot/7~bl; +http://www.semrush.com/bot.html)"
85.208.96.196 - - [20/Jan/2025:03:48:41 -0500] "GET /goods/3872412 HTTP/1.1" 404 18011 "-" "Mozilla/5.0 (compatible; SemrushBot/7~bl; +http://www.semrush.com/bot.html)"
165.231.182.52 - - [20/Jan/2025:03:47:18 -0500] "POST /register/ HTTP/1.0" 200 76060 "https://misswavenigeria.com/register/" "Mozilla/5.0 (Windows NT 10.0; Win64; x64) AppleWebKit/537.36 (KHTML, like Gecko) Chrome/103.0.0.0 Safari/537.36"
165.231.182.52 - - [20/Jan/2025:03:48:44 -0500] "GET /register/ HTTP/1.0" 200 75934 "https://misswavenigeria.com/" "Mozilla/5.0 (Windows NT 10.0; Win64; x64) AppleWebKit/537.36 (KHTML, like Gecko) Chrome/103.0.0.0 Safari/537.36"
66.249.68.67 - - [20/Jan/2025:03:48:52 -0500] "GET /?product=Sydney16735049-656?keyword=%E3%83%9B%E3%83%93%E3%83%BC%E3%80%81%E3%82%AB%E3%83%AB%E3%83%81%E3%83%A3%E3%83%BC HTTP/1.1" 200 68405 "-" "Mozilla/5.0 (Linux; Android 6.0.1; Nexus 5X Build/MMB29P) AppleWebKit/537.36 (KHTML, like Gecko) Chrome/132.0.6834.83 Mobile Safari/537.36 (compatible; Googlebot/2.1; +http://www.google.com/bot.html)"
185.191.171.10 - - [20/Jan/2025:03:49:09 -0500] "GET /goods/3116178 HTTP/1.1" 404 18013 "-" "Mozilla/5.0 (compatible; SemrushBot/7~bl; +http://www.semrush.com/bot.html)"
66.249.79.169 - - [20/Jan/2025:03:49:35 -0500] "GET /?product=housekeeper15281909-831?keyword=%E8%93%8B%E7%BD%AE HTTP/1.1" 200 77491 "-" "Mozilla/5.0 (Linux; Android 6.0.1; Nexus 5X Build/MMB29P) AppleWebKit/537.36 (KHTML, like Gecko) Chrome/132.0.6834.83 Mobile Safari/537.36 (compatible; Googlebot/2.1; +http://www.google.com/bot.html)"
66.249.68.66 - - [20/Jan/2025:03:49:35 -0500] "GET /goods/4004541 HTTP/1.1" 200 68691 "-" "Mozilla/5.0 (Linux; Android 6.0.1; Nexus 5X Build/MMB29P) AppleWebKit/537.36 (KHTML, like Gecko) Chrome/132.0.6834.83 Mobile Safari/537.36 (compatible; Googlebot/2.1; +http://www.google.com/bot.html)"
66.29.132.124 - - [20/Jan/2025:03:49:38 -0500] "POST /wp-cron.php?doing_wp_cron=1737362978.4641189575195312500000 HTTP/1.1" 200 0 "-" "WordPress/6.7.1; https://misswavenigeria.com"
85.208.96.206 - - [20/Jan/2025:03:49:38 -0500] "GET /goods/465319 HTTP/1.1" 404 18013 "-" "Mozilla/5.0 (compatible; SemrushBot/7~bl; +http://www.semrush.com/bot.html)"
66.29.132.124 - - [20/Jan/2025:03:49:38 -0500] "POST /wp-admin/admin-ajax.php?action=async_litespeed&nonce=g2jjAVbHJgaeWle6jWrbws1C3227fK2m&litespeed_type=imgoptm HTTP/1.1" 200 21 "-" "WordPress/6.7.1; https://misswavenigeria.com"
66.249.68.67 - - [20/Jan/2025:03:49:58 -0500] "GET /goods/2396597 HTTP/1.1" 200 70482 "-" "Mozilla/5.0 (Linux; Android 6.0.1; Nexus 5X Build/MMB29P) AppleWebKit/537.36 (KHTML, like Gecko) Chrome/132.0.6834.83 Mobile Safari/537.36 (compatible; Googlebot/2.1; +http://www.google.com/bot.html)"
66.29.132.124 - - [20/Jan/2025:03:50:11 -0500] "POST /wp-cron.php?doing_wp_cron=1737363011.0374081134796142578125 HTTP/1.1" 200 0 "-" "WordPress/6.7.1; https://misswavenigeria.com"
165.231.182.52 - - [20/Jan/2025:03:50:10 -0500] "GET / HTTP/1.0" 200 109063 "https://misswavenigeria.com/" "Mozilla/5.0 (Windows NT 10.0; Win64; x64) AppleWebKit/537.36 (KHTML, like Gecko) Chrome/103.0.5060.134 Safari/537.36"
66.29.132.124 - - [20/Jan/2025:03:50:11 -0500] "POST /wp-admin/admin-ajax.php?action=async_litespeed&nonce=AtFl9us52x2A1ttxDkLGs5PVnnbZZZay&litespeed_type=imgoptm HTTP/1.1" 200 21 "-" "WordPress/6.7.1; https://misswavenigeria.com"
66.249.79.3 - - [20/Jan/2025:03:50:10 -0500] "GET /?product=housekeeper13870009-562?keyword=%E3%83%A1%E3%83%B3%E3%82%BA HTTP/1.1" 200 67790 "-" "Mozilla/5.0 (Linux; Android 6.0.1; Nexus 5X Build/MMB29P) AppleWebKit/537.36 (KHTML, like Gecko) Chrome/132.0.6834.83 Mobile Safari/537.36 (compatible; Googlebot/2.1; +http://www.google.com/bot.html)"
165.231.182.52 - - [20/Jan/2025:03:50:13 -0500] "GET /register/ HTTP/1.0" 200 75934 "https://misswavenigeria.com/register/" "Mozilla/5.0 (Windows NT 10.0; Win64; x64) AppleWebKit/537.36 (KHTML, like Gecko) Chrome/103.0.5060.134 Safari/537.36"
185.191.171.17 - - [20/Jan/2025:03:50:19 -0500] "GET /goods/4497159 HTTP/1.1" 404 18013 "-" "Mozilla/5.0 (compatible; SemrushBot/7~bl; +http://www.semrush.com/bot.html)"
185.191.171.1 - - [20/Jan/2025:03:50:23 -0500] "GET /goods/2612298 HTTP/1.1" 404 18013 "-" "Mozilla/5.0 (compatible; SemrushBot/7~bl; +http://www.semrush.com/bot.html)"
66.29.132.124 - - [20/Jan/2025:03:50:26 -0500] "POST /wp-cron.php?doing_wp_cron=1737363026.5846989154815673828125 HTTP/1.1" 200 0 "-" "WordPress/6.7.1; https://misswavenigeria.com"
85.208.96.210 - - [20/Jan/2025:03:50:26 -0500] "GET /goods/40076 HTTP/1.1" 404 18012 "-" "Mozilla/5.0 (compatible; SemrushBot/7~bl; +http://www.semrush.com/bot.html)"
85.208.96.199 - - [20/Jan/2025:03:50:31 -0500] "GET /goods/1027540 HTTP/1.1" 404 18013 "-" "Mozilla/5.0 (compatible; SemrushBot/7~bl; +http://www.semrush.com/bot.html)"
185.191.171.15 - - [20/Jan/2025:03:50:34 -0500] "GET /goods/2344580 HTTP/1.1" 404 18013 "-" "Mozilla/5.0 (compatible; SemrushBot/7~bl; +http://www.semrush.com/bot.html)"
66.249.68.66 - - [20/Jan/2025:03:50:43 -0500] "GET /?product=housekeeper15281909-831?keyword=%E5%85%B1%E7%AE%B1%E5%85%A5%E3%82%8A HTTP/1.1" 200 76982 "-" "Mozilla/5.0 (Linux; Android 6.0.1; Nexus 5X Build/MMB29P) AppleWebKit/537.36 (KHTML, like Gecko) Chrome/132.0.6834.83 Mobile Safari/537.36 (compatible; Googlebot/2.1; +http://www.google.com/bot.html)"
66.249.68.68 - - [20/Jan/2025:03:51:16 -0500] "GET /?product=housekeeper15281909-831?keyword=%E7%9C%9F%E8%91%9B%EF%BC%88%E5%AE%AE%E5%B7%9D%EF%BC%89%E9%A6%99%E6%96%8E%E8%97%A4 HTTP/1.1" 200 68544 "-" "Mozilla/5.0 (Linux; Android 6.0.1; Nexus 5X Build/MMB29P) AppleWebKit/537.36 (KHTML, like Gecko) Chrome/132.0.6834.83 Mobile Safari/537.36 (compatible; Googlebot/2.1; +http://www.google.com/bot.html)"
66.249.68.66 - - [20/Jan/2025:03:51:24 -0500] "GET /show/2616431?keyword=%E3%83%AC%E3%83%87%E3%82%A3%E3%83%BC%E3%82%B9?keyword=%E3%83%9B%E3%83%93%E3%83%BC%E3%83%BB%E6%A5%BD%E5%99%A8%E3%83%BB%E3%82%A2%E3%83%BC%E3%83%88 HTTP/1.1" 200 70086 "-" "Mozilla/5.0 (compatible; Googlebot/2.1; +http://www.google.com/bot.html)"
165.231.182.52 - - [20/Jan/2025:03:50:15 -0500] "POST /register/ HTTP/1.0" 200 76060 "https://misswavenigeria.com/register/" "Mozilla/5.0 (Windows NT 10.0; Win64; x64) AppleWebKit/537.36 (KHTML, like Gecko) Chrome/103.0.5060.134 Safari/537.36"
66.29.132.124 - - [20/Jan/2025:03:51:46 -0500] "POST /wp-cron.php?doing_wp_cron=1737363106.6303389072418212890625 HTTP/1.1" 200 0 "-" "WordPress/6.7.1; https://misswavenigeria.com"
165.231.182.52 - - [20/Jan/2025:03:51:46 -0500] "GET /register/ HTTP/1.0" 200 75934 "https://misswavenigeria.com/" "Mozilla/5.0 (Windows NT 10.0; Win64; x64) AppleWebKit/537.36 (KHTML, like Gecko) Chrome/103.0.5060.134 Safari/537.36"
66.29.132.124 - - [20/Jan/2025:03:51:46 -0500] "POST /wp-admin/admin-ajax.php?action=async_litespeed&nonce=IlJgQsNLPrNfxawUOpXmuhXTnNH1zlSH&litespeed_type=imgoptm HTTP/1.1" 200 21 "-" "WordPress/6.7.1; https://misswavenigeria.com"
66.249.68.66 - - [20/Jan/2025:03:51:48 -0500] "GET /?product=housekeeper13870009-562?keyword=Jordan HTTP/1.1" 200 69966 "-" "Mozilla/5.0 (Linux; Android 6.0.1; Nexus 5X Build/MMB29P) AppleWebKit/537.36 (KHTML, like Gecko) Chrome/132.0.6834.83 Mobile Safari/537.36 (compatible; Googlebot/2.1; +http://www.google.com/bot.html)"
185.191.171.7 - - [20/Jan/2025:03:52:06 -0500] "GET /goods/2823265 HTTP/1.1" 404 18013 "-" "Mozilla/5.0 (compatible; SemrushBot/7~bl; +http://www.semrush.com/bot.html)"
66.249.68.66 - - [20/Jan/2025:03:52:21 -0500] "GET /?product=housekeeper15281909-831?keyword=%E5%B7%A5%E8%8A%B8%E5%93%81 HTTP/1.1" 200 68928 "-" "Mozilla/5.0 (Linux; Android 6.0.1; Nexus 5X Build/MMB29P) AppleWebKit/537.36 (KHTML, like Gecko) Chrome/132.0.6834.83 Mobile Safari/537.36 (compatible; Googlebot/2.1; +http://www.google.com/bot.html)"
66.29.132.124 - - [20/Jan/2025:03:52:29 -0500] "POST /wp-cron.php?doing_wp_cron=1737363149.3692569732666015625000 HTTP/1.1" 200 0 "-" "WordPress/6.7.1; https://misswavenigeria.com"
185.191.171.12 - - [20/Jan/2025:03:52:29 -0500] "GET /goods/68400 HTTP/1.1" 404 18012 "-" "Mozilla/5.0 (compatible; SemrushBot/7~bl; +http://www.semrush.com/bot.html)"
66.29.132.124 - - [20/Jan/2025:03:52:29 -0500] "POST /wp-admin/admin-ajax.php?action=async_litespeed&nonce=qIrsIiGeq6nP7Zpmkq4Fexl0zhVky7g7&litespeed_type=imgoptm HTTP/1.1" 200 21 "-" "WordPress/6.7.1; https://misswavenigeria.com"
185.191.171.19 - - [20/Jan/2025:03:52:36 -0500] "GET /goods/2729470 HTTP/1.1" 404 18012 "-" "Mozilla/5.0 (compatible; SemrushBot/7~bl; +http://www.semrush.com/bot.html)"
66.249.68.67 - - [20/Jan/2025:03:52:54 -0500] "GET /?product=housekeeper15281909-831?keyword=%E3%80%90%E9%80%A2%E7%B5%A2%E4%BA%AD%E3%80%91%E8%8C%B6%E9%81%93%E5%85%B7 HTTP/1.1" 200 70148 "-" "Mozilla/5.0 (Linux; Android 6.0.1; Nexus 5X Build/MMB29P) AppleWebKit/537.36 (KHTML, like Gecko) Chrome/132.0.6834.83 Mobile Safari/537.36 (compatible; Googlebot/2.1; +http://www.google.com/bot.html)"
66.249.68.67 - - [20/Jan/2025:03:52:57 -0500] "GET /goods/3782310 HTTP/1.1" 200 70324 "-" "Mozilla/5.0 (Linux; Android 6.0.1; Nexus 5X Build/MMB29P) AppleWebKit/537.36 (KHTML, like Gecko) Chrome/132.0.6834.83 Mobile Safari/537.36 (compatible; Googlebot/2.1; +http://www.google.com/bot.html)"
165.231.182.52 - - [20/Jan/2025:03:53:08 -0500] "GET / HTTP/1.0" 200 109065 "https://misswavenigeria.com/" "Mozilla/5.0 (Windows NT 6.1; WOW64) AppleWebKit/537.36 (KHTML, like Gecko) Chrome/103.0.0.0 Safari/537.36"
165.231.182.52 - - [20/Jan/2025:03:53:11 -0500] "GET /register/ HTTP/1.0" 200 75934 "https://misswavenigeria.com/register/" "Mozilla/5.0 (Windows NT 6.1; WOW64) AppleWebKit/537.36 (KHTML, like Gecko) Chrome/103.0.0.0 Safari/537.36"
66.29.132.124 - - [20/Jan/2025:03:53:13 -0500] "POST /wp-cron.php?doing_wp_cron=1737363193.0279769897460937500000 HTTP/1.1" 200 0 "-" "WordPress/6.7.1; https://misswavenigeria.com"
66.29.132.124 - - [20/Jan/2025:03:53:13 -0500] "POST /wp-admin/admin-ajax.php?action=async_litespeed&nonce=7YPnN2GJWVQ46uBrVFEkwIWIzQLRXPhp&litespeed_type=imgoptm HTTP/1.1" 200 21 "-" "WordPress/6.7.1; https://misswavenigeria.com"
66.249.79.170 - - [20/Jan/2025:03:53:22 -0500] "GET /goods/521684 HTTP/1.1" 200 67570 "-" "Mozilla/5.0 (Linux; Android 6.0.1; Nexus 5X Build/MMB29P) AppleWebKit/537.36 (KHTML, like Gecko) Chrome/132.0.6834.83 Mobile Safari/537.36 (compatible; Googlebot/2.1; +http://www.google.com/bot.html)"
66.249.68.34 - - [20/Jan/2025:03:53:22 -0500] "GET /goods/4519958 HTTP/1.1" 200 70144 "-" "Mozilla/5.0 (Linux; Android 6.0.1; Nexus 5X Build/MMB29P) AppleWebKit/537.36 (KHTML, like Gecko) Chrome/132.0.6834.83 Mobile Safari/537.36 (compatible; Googlebot/2.1; +http://www.google.com/bot.html)"
185.191.171.7 - - [20/Jan/2025:03:53:24 -0500] "GET /goods/1106661 HTTP/1.1" 404 18013 "-" "Mozilla/5.0 (compatible; SemrushBot/7~bl; +http://www.semrush.com/bot.html)"
66.249.68.68 - - [20/Jan/2025:03:53:24 -0500] "GET /?product=troupe11370811-769?keyword=%E3%82%AD%E3%83%83%E3%83%81%E3%83%B3%E3%80%81%E9%A3%9F%E5%99%A8 HTTP/1.1" 200 67805 "-" "Mozilla/5.0 (Linux; Android 6.0.1; Nexus 5X Build/MMB29P) AppleWebKit/537.36 (KHTML, like Gecko) Chrome/132.0.6834.83 Mobile Safari/537.36 (compatible; Googlebot/2.1; +http://www.google.com/bot.html)"
66.249.68.67 - - [20/Jan/2025:03:53:25 -0500] "GET /goods/1271468 HTTP/1.1" 200 70252 "-" "Mozilla/5.0 (Linux; Android 6.0.1; Nexus 5X Build/MMB29P) AppleWebKit/537.36 (KHTML, like Gecko) Chrome/132.0.6834.83 Mobile Safari/537.36 (compatible; Googlebot/2.1; +http://www.google.com/bot.html)"
66.249.79.204 - - [20/Jan/2025:03:53:27 -0500] "GET /?product=stepchild6682852-272?keyword=%E3%83%A1%E3%83%B3%E3%82%BA HTTP/1.1" 200 69683 "-" "Mozilla/5.0 (Linux; Android 6.0.1; Nexus 5X Build/MMB29P) AppleWebKit/537.36 (KHTML, like Gecko) Chrome/132.0.6834.83 Mobile Safari/537.36 (compatible; Googlebot/2.1; +http://www.google.com/bot.html)"
66.29.132.124 - - [20/Jan/2025:03:53:30 -0500] "POST /wp-cron.php?doing_wp_cron=1737363210.2829070091247558593750 HTTP/1.1" 200 0 "-" "WordPress/6.7.1; https://misswavenigeria.com"
85.208.96.194 - - [20/Jan/2025:03:53:30 -0500] "GET /goods/117339 HTTP/1.1" 404 18012 "-" "Mozilla/5.0 (compatible; SemrushBot/7~bl; +http://www.semrush.com/bot.html)"
185.191.171.6 - - [20/Jan/2025:03:53:33 -0500] "GET /goods/80267 HTTP/1.1" 404 18013 "-" "Mozilla/5.0 (compatible; SemrushBot/7~bl; +http://www.semrush.com/bot.html)"
165.231.182.52 - - [20/Jan/2025:03:53:12 -0500] "POST /register/ HTTP/1.0" 503 1866 "https://misswavenigeria.com/register/" "Mozilla/5.0 (Windows NT 6.1; WOW64) AppleWebKit/537.36 (KHTML, like Gecko) Chrome/103.0.0.0 Safari/537.36"
165.231.182.52 - - [20/Jan/2025:03:53:44 -0500] "GET /register/ HTTP/1.0" 200 75934 "https://misswavenigeria.com/" "Mozilla/5.0 (Windows NT 6.1; WOW64) AppleWebKit/537.36 (KHTML, like Gecko) Chrome/103.0.0.0 Safari/537.36"
185.191.171.12 - - [20/Jan/2025:03:53:45 -0500] "GET /goods/771707 HTTP/1.1" 404 18012 "-" "Mozilla/5.0 (compatible; SemrushBot/7~bl; +http://www.semrush.com/bot.html)"
144.126.239.176 - - [20/Jan/2025:03:53:46 -0500] "GET /sponsors HTTP/1.1" 404 18012 "-" "Mozilla/5.0 (Windows NT 10.0; Win64; x64) AppleWebKit/537.36 (KHTML, like Gecko) Chrome/124.0.0.0 Safari/537.36"
66.249.68.67 - - [20/Jan/2025:03:53:52 -0500] "GET /goods/608747 HTTP/1.1" 200 68369 "-" "Mozilla/5.0 (Linux; Android 6.0.1; Nexus 5X Build/MMB29P) AppleWebKit/537.36 (KHTML, like Gecko) Chrome/132.0.6834.83 Mobile Safari/537.36 (compatible; Googlebot/2.1; +http://www.google.com/bot.html)"
66.249.68.34 - - [20/Jan/2025:03:53:55 -0500] "GET /?product=stepchild6682852-272?keyword=%E3%83%95%E3%82%A1%E3%83%83%E3%82%B7%E3%83%A7%E3%83%B3 HTTP/1.1" 200 68505 "-" "Mozilla/5.0 (Linux; Android 6.0.1; Nexus 5X Build/MMB29P) AppleWebKit/537.36 (KHTML, like Gecko) Chrome/132.0.6834.83 Mobile Safari/537.36 (compatible; Googlebot/2.1; +http://www.google.com/bot.html)"
66.249.68.67 - - [20/Jan/2025:03:53:59 -0500] "GET /index.php?static/4100044?keyword=%E3%83%91%E3%83%BC%E3%83%84 HTTP/1.1" 200 68010 "-" "Mozilla/5.0 (Linux; Android 6.0.1; Nexus 5X Build/MMB29P) AppleWebKit/537.36 (KHTML, like Gecko) Chrome/132.0.6834.83 Mobile Safari/537.36 (compatible; Googlebot/2.1; +http://www.google.com/bot.html)"
66.29.132.124 - - [20/Jan/2025:03:54:17 -0500] "POST /wp-cron.php?doing_wp_cron=1737363257.9136559963226318359375 HTTP/1.1" 200 0 "-" "WordPress/6.7.1; https://misswavenigeria.com"
85.208.96.194 - - [20/Jan/2025:03:54:17 -0500] "GET /goods/4563091 HTTP/1.1" 404 18013 "-" "Mozilla/5.0 (compatible; SemrushBot/7~bl; +http://www.semrush.com/bot.html)"
66.29.132.124 - - [20/Jan/2025:03:54:18 -0500] "POST /wp-admin/admin-ajax.php?action=async_litespeed&nonce=jLOTTn0WbJhVrZ2vX71h2QEsxSBLcqj9&litespeed_type=imgoptm HTTP/1.1" 200 21 "-" "WordPress/6.7.1; https://misswavenigeria.com"
66.29.132.124 - - [20/Jan/2025:03:54:33 -0500] "POST /wp-cron.php?doing_wp_cron=1737363273.5577609539031982421875 HTTP/1.1" 200 0 "-" "WordPress/6.7.1; https://misswavenigeria.com"
85.208.96.212 - - [20/Jan/2025:03:54:33 -0500] "GET /goods/3521042 HTTP/1.1" 404 18020 "-" "Mozilla/5.0 (compatible; SemrushBot/7~bl; +http://www.semrush.com/bot.html)"
85.208.96.193 - - [20/Jan/2025:03:54:37 -0500] "GET /goods/3984581 HTTP/1.1" 404 18013 "-" "Mozilla/5.0 (compatible; SemrushBot/7~bl; +http://www.semrush.com/bot.html)"
66.249.68.66 - - [20/Jan/2025:03:54:37 -0500] "GET /?product=procurement9178233-427?keyword=%E3%82%B9%E3%83%AF%E3%83%AD%E3%83%95%E3%82%B9%E3%82%AD%E3%83%BC HTTP/1.1" 200 69934 "-" "Mozilla/5.0 (Linux; Android 6.0.1; Nexus 5X Build/MMB29P) AppleWebKit/537.36 (KHTML, like Gecko) Chrome/132.0.6834.83 Mobile Safari/537.36 (compatible; Googlebot/2.1; +http://www.google.com/bot.html)"
185.191.171.1 - - [20/Jan/2025:03:54:52 -0500] "GET /goods/4247988 HTTP/1.1" 404 18012 "-" "Mozilla/5.0 (compatible; SemrushBot/7~bl; +http://www.semrush.com/bot.html)"
66.249.68.66 - - [20/Jan/2025:03:55:10 -0500] "GET /?product=procurement9178233-427?keyword=%E7%99%BD%E9%B3%A5%E3%81%AE%E3%83%AD%E3%82%B4%E3%81%8C%E4%BB%98%E3%81%84%E3%81%9F%E3%83%B4%E3%82%A3%E3%83%B3%E3%83%86%E3%83%BC%E3%82%B8 HTTP/1.1" 200 68061 "-" "Mozilla/5.0 (Linux; Android 6.0.1; Nexus 5X Build/MMB29P) AppleWebKit/537.36 (KHTML, like Gecko) Chrome/132.0.6834.83 Mobile Safari/537.36 (compatible; Googlebot/2.1; +http://www.google.com/bot.html)"
66.249.79.102 - - [20/Jan/2025:03:55:42 -0500] "GET /?product=procurement9178233-427?keyword=%E3%82%B9%E3%83%8E%E3%83%BC%E3%83%95%E3%83%AC%E3%83%BC%E3%82%AF HTTP/1.1" 200 68018 "-" "Mozilla/5.0 (Linux; Android 6.0.1; Nexus 5X Build/MMB29P) AppleWebKit/537.36 (KHTML, like Gecko) Chrome/132.0.6834.83 Mobile Safari/537.36 (compatible; Googlebot/2.1; +http://www.google.com/bot.html)"
165.231.182.52 - - [20/Jan/2025:03:56:05 -0500] "GET / HTTP/1.0" 200 109065 "https://misswavenigeria.com/" "Mozilla/5.0 (Windows NT 6.2; Win64; x64) AppleWebKit/537.36 (KHTML, like Gecko) Chrome/103.0.0.0 Safari/537.36"
165.231.182.52 - - [20/Jan/2025:03:56:07 -0500] "GET /register/ HTTP/1.0" 200 75934 "https://misswavenigeria.com/register/" "Mozilla/5.0 (Windows NT 6.2; Win64; x64) AppleWebKit/537.36 (KHTML, like Gecko) Chrome/103.0.0.0 Safari/537.36"
66.29.132.124 - - [20/Jan/2025:03:56:10 -0500] "POST /wp-cron.php?doing_wp_cron=1737363369.8909049034118652343750 HTTP/1.1" 200 0 "-" "WordPress/6.7.1; https://misswavenigeria.com"
66.29.132.124 - - [20/Jan/2025:03:56:10 -0500] "POST /wp-admin/admin-ajax.php?action=async_litespeed&nonce=Un208MFpSKsjXmykQXnba3bnNxSAcJnz&litespeed_type=imgoptm HTTP/1.1" 200 21 "-" "WordPress/6.7.1; https://misswavenigeria.com"
66.249.79.170 - - [20/Jan/2025:03:56:15 -0500] "GET /?product=cryptographic6705437-737?keyword=%E2%98%85%E5%80%A4%E4%B8%8B%E3%81%92%E4%B8%AD%E2%98%85%E3%80%90%E7%BE%8E%E5%93%81%E3%80%91MIZUNO%E3%80%80%E3%83%9F%E3%82%BA%E3%83%8E%E3%80%80%E5%9B%BD%E4%BD%93%E3%80%80%E7%A5%9E%E5%A5%88%E5%B7%9D%E4%BB%A3%E8%A1%A8%E3%80%80%E9%81%B8%E6%8A%9C%E3%80%80%E3%83%90%E3%83%83%E3%82%B0 HTTP/1.1" 200 76328 "-" "Mozilla/5.0 (Linux; Android 6.0.1; Nexus 5X Build/MMB29P) AppleWebKit/537.36 (KHTML, like Gecko) Chrome/132.0.6834.83 Mobile Safari/537.36 (compatible; Googlebot/2.1; +http://www.google.com/bot.html)"
66.249.68.67 - - [20/Jan/2025:03:56:48 -0500] "GET /?product=cryptographic6705437-737?keyword=%E3%83%A1%E3%83%B3%E3%82%BA HTTP/1.1" 200 69896 "-" "Mozilla/5.0 (Linux; Android 6.0.1; Nexus 5X Build/MMB29P) AppleWebKit/537.36 (KHTML, like Gecko) Chrome/132.0.6834.83 Mobile Safari/537.36 (compatible; Googlebot/2.1; +http://www.google.com/bot.html)"
66.29.132.124 - - [20/Jan/2025:03:56:51 -0500] "POST /wp-cron.php?doing_wp_cron=1737363410.9640951156616210937500 HTTP/1.1" 200 0 "-" "WordPress/6.7.1; https://misswavenigeria.com"
185.191.171.15 - - [20/Jan/2025:03:56:50 -0500] "GET /goods/4545023 HTTP/1.1" 404 18012 "-" "Mozilla/5.0 (compatible; SemrushBot/7~bl; +http://www.semrush.com/bot.html)"
85.208.96.206 - - [20/Jan/2025:03:56:54 -0500] "GET /goods/431732 HTTP/1.1" 404 18013 "-" "Mozilla/5.0 (compatible; SemrushBot/7~bl; +http://www.semrush.com/bot.html)"
185.191.171.12 - - [20/Jan/2025:03:56:57 -0500] "GET /goods/1726282 HTTP/1.1" 404 18012 "-" "Mozilla/5.0 (compatible; SemrushBot/7~bl; +http://www.semrush.com/bot.html)"
66.29.132.124 - - [20/Jan/2025:03:57:13 -0500] "POST /wp-cron.php?doing_wp_cron=1737363432.9767889976501464843750 HTTP/1.1" 200 0 "-" "WordPress/6.7.1; https://misswavenigeria.com"
85.208.96.204 - - [20/Jan/2025:03:57:12 -0500] "GET /goods/128223 HTTP/1.1" 404 18012 "-" "Mozilla/5.0 (compatible; SemrushBot/7~bl; +http://www.semrush.com/bot.html)"
66.29.132.124 - - [20/Jan/2025:03:57:13 -0500] "POST /wp-admin/admin-ajax.php?action=async_litespeed&nonce=hLaapF0zL0Fxq2wFu8DPOL2cxOyVx6Xp&litespeed_type=imgoptm HTTP/1.1" 200 21 "-" "WordPress/6.7.1; https://misswavenigeria.com"
185.191.171.15 - - [20/Jan/2025:03:57:16 -0500] "GET /goods/287493 HTTP/1.1" 404 18013 "-" "Mozilla/5.0 (compatible; SemrushBot/7~bl; +http://www.semrush.com/bot.html)"
66.249.68.66 - - [20/Jan/2025:03:57:22 -0500] "GET /?product=housekeeper13870009-562?keyword=DZ4130 HTTP/1.1" 200 69650 "-" "Mozilla/5.0 (Linux; Android 6.0.1; Nexus 5X Build/MMB29P) AppleWebKit/537.36 (KHTML, like Gecko) Chrome/132.0.6834.83 Mobile Safari/537.36 (compatible; Googlebot/2.1; +http://www.google.com/bot.html)"
66.29.132.124 - - [20/Jan/2025:03:57:30 -0500] "POST /wp-cron.php?doing_wp_cron=1737363450.1477169990539550781250 HTTP/1.1" 200 0 "-" "WordPress/6.7.1; https://misswavenigeria.com"
85.208.96.208 - - [20/Jan/2025:03:57:29 -0500] "GET /goods/1224167 HTTP/1.1" 404 18012 "-" "Mozilla/5.0 (compatible; SemrushBot/7~bl; +http://www.semrush.com/bot.html)"
185.191.171.4 - - [20/Jan/2025:03:57:42 -0500] "GET /goods/2304512 HTTP/1.1" 404 18013 "-" "Mozilla/5.0 (compatible; SemrushBot/7~bl; +http://www.semrush.com/bot.html)"
66.249.79.3 - - [20/Jan/2025:03:57:46 -0500] "GET /?product=housekeeper13870009-562?keyword=1LOW HTTP/1.1" 200 67906 "-" "Mozilla/5.0 (Linux; Android 6.0.1; Nexus 5X Build/MMB29P) AppleWebKit/537.36 (KHTML, like Gecko) Chrome/132.0.6834.83 Mobile Safari/537.36 (compatible; Googlebot/2.1; +http://www.google.com/bot.html)"
66.29.132.124 - - [20/Jan/2025:03:58:14 -0500] "POST /wp-cron.php?doing_wp_cron=1737363494.2345790863037109375000 HTTP/1.1" 200 0 "-" "WordPress/6.7.1; https://misswavenigeria.com"
85.208.96.198 - - [20/Jan/2025:03:58:13 -0500] "GET /goods/3833254 HTTP/1.1" 404 18013 "-" "Mozilla/5.0 (compatible; SemrushBot/7~bl; +http://www.semrush.com/bot.html)"
66.29.132.124 - - [20/Jan/2025:03:58:16 -0500] "POST /wp-admin/admin-ajax.php?action=async_litespeed&nonce=eCwzQMzZxNnOCCXPjhCnTI9owLNC7H5Z&litespeed_type=imgoptm HTTP/1.1" 200 0 "-" "WordPress/6.7.1; https://misswavenigeria.com"
66.249.68.66 - - [20/Jan/2025:03:58:23 -0500] "GET /?product=cryptographic11370837-703?keyword=H05-073 HTTP/1.1" 200 71025 "-" "Mozilla/5.0 (Linux; Android 6.0.1; Nexus 5X Build/MMB29P) AppleWebKit/537.36 (KHTML, like Gecko) Chrome/132.0.6834.83 Mobile Safari/537.36 (compatible; Googlebot/2.1; +http://www.google.com/bot.html)"
165.231.182.52 - - [20/Jan/2025:03:56:09 -0500] "POST /register/ HTTP/1.0" 200 0 "https://misswavenigeria.com/register/" "Mozilla/5.0 (Windows NT 6.2; Win64; x64) AppleWebKit/537.36 (KHTML, like Gecko) Chrome/103.0.0.0 Safari/537.36"
165.231.182.52 - - [20/Jan/2025:03:58:40 -0500] "GET /register/ HTTP/1.0" 200 75934 "https://misswavenigeria.com/" "Mozilla/5.0 (Windows NT 6.2; Win64; x64) AppleWebKit/537.36 (KHTML, like Gecko) Chrome/103.0.0.0 Safari/537.36"
85.208.96.212 - - [20/Jan/2025:03:58:40 -0500] "GET /goods/2178417 HTTP/1.1" 404 18013 "-" "Mozilla/5.0 (compatible; SemrushBot/7~bl; +http://www.semrush.com/bot.html)"
66.29.132.124 - - [20/Jan/2025:03:58:44 -0500] "POST /wp-cron.php?doing_wp_cron=1737363520.7275080680847167968750 HTTP/1.1" 200 0 "-" "WordPress/6.7.1; https://misswavenigeria.com"
165.231.182.52 - - [20/Jan/2025:03:59:10 -0500] "GET / HTTP/1.0" 200 109065 "https://misswavenigeria.com/" "Mozilla/5.0 (Windows NT 10.0) AppleWebKit/537.36 (KHTML, like Gecko) Chrome/103.0.0.0 Safari/537.36"
165.231.182.52 - - [20/Jan/2025:03:59:17 -0500] "GET /register/ HTTP/1.0" 200 75934 "https://misswavenigeria.com/register/" "Mozilla/5.0 (Windows NT 10.0) AppleWebKit/537.36 (KHTML, like Gecko) Chrome/103.0.0.0 Safari/537.36"
85.208.96.202 - - [20/Jan/2025:03:59:18 -0500] "GET /goods/1682568 HTTP/1.1" 404 18013 "-" "Mozilla/5.0 (compatible; SemrushBot/7~bl; +http://www.semrush.com/bot.html)"
66.249.68.68 - - [20/Jan/2025:03:59:17 -0500] "GET /?product=teaspoonful7240851-985?keyword=%E4%BF%9D%E8%AD%B7%E3%82%B7%E3%83%BC%E3%83%88%E4%BB%98 HTTP/1.1" 200 67946 "-" "Mozilla/5.0 (Linux; Android 6.0.1; Nexus 5X Build/MMB29P) AppleWebKit/537.36 (KHTML, like Gecko) Chrome/132.0.6834.83 Mobile Safari/537.36 (compatible; Googlebot/2.1; +http://www.google.com/bot.html)"
66.249.68.68 - - [20/Jan/2025:03:59:17 -0500] "GET /?product=cryptographic11370837-703?keyword=2 HTTP/1.1" 200 69188 "-" "Mozilla/5.0 (Linux; Android 6.0.1; Nexus 5X Build/MMB29P) AppleWebKit/537.36 (KHTML, like Gecko) Chrome/132.0.6834.83 Mobile Safari/537.36 (compatible; Googlebot/2.1; +http://www.google.com/bot.html)"
66.249.68.66 - - [20/Jan/2025:03:59:24 -0500] "GET /?product=cryptographic11370837-703?keyword=%E6%9C%AC%E3%80%81%E9%9B%91%E8%AA%8C HTTP/1.1" 200 67883 "-" "Mozilla/5.0 (Linux; Android 6.0.1; Nexus 5X Build/MMB29P) AppleWebKit/537.36 (KHTML, like Gecko) Chrome/132.0.6834.83 Mobile Safari/537.36 (compatible; Googlebot/2.1; +http://www.google.com/bot.html)"
66.249.68.67 - - [20/Jan/2025:03:59:24 -0500] "GET /?product=moped8569268-995?keyword=Renault HTTP/1.1" 200 68744 "-" "Mozilla/5.0 (Linux; Android 6.0.1; Nexus 5X Build/MMB29P) AppleWebKit/537.36 (KHTML, like Gecko) Chrome/132.0.6834.83 Mobile Safari/537.36 (compatible; Googlebot/2.1; +http://www.google.com/bot.html)"
66.249.79.34 - - [20/Jan/2025:03:59:49 -0500] "GET /?product=forthcoming15404592-812?keyword=2%E6%9E%9A%E3%82%BB%E3%83%83%E3%83%88 HTTP/1.1" 200 69831 "-" "Mozilla/5.0 (Linux; Android 6.0.1; Nexus 5X Build/MMB29P) AppleWebKit/537.36 (KHTML, like Gecko) Chrome/132.0.6834.83 Mobile Safari/537.36 (compatible; Googlebot/2.1; +http://www.google.com/bot.html)"
185.191.171.5 - - [20/Jan/2025:04:00:02 -0500] "GET /goods/1290504 HTTP/1.1" 404 18012 "-" "Mozilla/5.0 (compatible; SemrushBot/7~bl; +http://www.semrush.com/bot.html)"
66.29.132.124 - - [20/Jan/2025:04:00:08 -0500] "POST /wp-cron.php?doing_wp_cron=1737363603.5746049880981445312500 HTTP/1.1" 200 0 "-" "WordPress/6.7.1; https://misswavenigeria.com"
66.249.68.66 - - [20/Jan/2025:04:00:06 -0500] "GET /?product=reboot11370836-537?keyword=%E7%B4%846mm%E3%82%B5%E3%82%A4%E3%82%BA HTTP/1.1" 200 68807 "-" "Mozilla/5.0 (Linux; Android 6.0.1; Nexus 5X Build/MMB29P) AppleWebKit/537.36 (KHTML, like Gecko) Chrome/132.0.6834.83 Mobile Safari/537.36 (compatible; Googlebot/2.1; +http://www.google.com/bot.html)"
85.208.96.202 - - [20/Jan/2025:04:00:36 -0500] "GET /goods/2083728 HTTP/1.1" 404 18013 "-" "Mozilla/5.0 (compatible; SemrushBot/7~bl; +http://www.semrush.com/bot.html)"
66.249.68.34 - - [20/Jan/2025:04:00:44 -0500] "GET /?product=cryptographic11370837-703?keyword=%E6%B1%9A%E3%82%8C HTTP/1.1" 200 69344 "-" "Mozilla/5.0 (Linux; Android 6.0.1; Nexus 5X Build/MMB29P) AppleWebKit/537.36 (KHTML, like Gecko) Chrome/132.0.6834.83 Mobile Safari/537.36 (compatible; Googlebot/2.1; +http://www.google.com/bot.html)"
185.191.171.15 - - [20/Jan/2025:04:00:49 -0500] "GET /goods/3523499 HTTP/1.1" 404 18012 "-" "Mozilla/5.0 (compatible; SemrushBot/7~bl; +http://www.semrush.com/bot.html)"
66.249.68.66 - - [20/Jan/2025:04:00:48 -0500] "GET /?product=cryptographic11370837-703?keyword=%E7%A0%B4%E3%82%8C HTTP/1.1" 200 68531 "-" "Mozilla/5.0 (Linux; Android 6.0.1; Nexus 5X Build/MMB29P) AppleWebKit/537.36 (KHTML, like Gecko) Chrome/132.0.6834.83 Mobile Safari/537.36 (compatible; Googlebot/2.1; +http://www.google.com/bot.html)"
185.191.171.7 - - [20/Jan/2025:04:01:01 -0500] "GET /goods/1489687 HTTP/1.1" 404 18011 "-" "Mozilla/5.0 (compatible; SemrushBot/7~bl; +http://www.semrush.com/bot.html)"
66.249.79.4 - - [20/Jan/2025:04:01:14 -0500] "GET /?product=forthcoming15404592-812?keyword=%E3%82%B2%E3%83%BC%E3%83%A0%E3%83%BB%E3%81%8A%E3%82%82%E3%81%A1%E3%82%83%E3%83%BB%E3%82%B0%E3%83%83%E3%82%BA HTTP/1.1" 200 67974 "-" "Mozilla/5.0 (Linux; Android 6.0.1; Nexus 5X Build/MMB29P) AppleWebKit/537.36 (KHTML, like Gecko) Chrome/132.0.6834.83 Mobile Safari/537.36 (compatible; Googlebot/2.1; +http://www.google.com/bot.html)"
66.249.68.68 - - [20/Jan/2025:04:01:14 -0500] "GET /?product=troupe11370811-769?keyword=2023%E5%B9%B4%E8%A3%BD HTTP/1.1" 200 71733 "-" "Mozilla/5.0 (Linux; Android 6.0.1; Nexus 5X Build/MMB29P) AppleWebKit/537.36 (KHTML, like Gecko) Chrome/132.0.6834.83 Mobile Safari/537.36 (compatible; Googlebot/2.1; +http://www.google.com/bot.html)"
66.249.68.67 - - [20/Jan/2025:04:01:27 -0500] "GET /?product=cryptographic11370837-703?keyword=%E6%8A%98%E3%82%8A%E7%9B%AE%E3%81%82%E3%82%8A HTTP/1.1" 200 69142 "-" "Mozilla/5.0 (Linux; Android 6.0.1; Nexus 5X Build/MMB29P) AppleWebKit/537.36 (KHTML, like Gecko) Chrome/132.0.6834.83 Mobile Safari/537.36 (compatible; Googlebot/2.1; +http://www.google.com/bot.html)"
66.249.68.66 - - [20/Jan/2025:04:01:31 -0500] "GET /?product=recycling6428514-417?keyword=%E3%83%8F%E3%83%B3%E3%83%89%E3%83%A1%E3%82%A4%E3%83%89%E3%83%BB%E6%89%8B%E8%8A%B8 HTTP/1.1" 200 68811 "-" "Mozilla/5.0 (Linux; Android 6.0.1; Nexus 5X Build/MMB29P) AppleWebKit/537.36 (KHTML, like Gecko) Chrome/132.0.6834.83 Mobile Safari/537.36 (compatible; Googlebot/2.1; +http://www.google.com/bot.html)"
66.249.68.66 - - [20/Jan/2025:04:01:35 -0500] "GET /?product=assessor4208603-708?keyword=K18 HTTP/1.1" 200 69566 "-" "Mozilla/5.0 (Linux; Android 6.0.1; Nexus 5X Build/MMB29P) AppleWebKit/537.36 (KHTML, like Gecko) Chrome/132.0.6834.83 Mobile Safari/537.36 (compatible; Googlebot/2.1; +http://www.google.com/bot.html)"
66.249.68.66 - - [20/Jan/2025:04:01:42 -0500] "GET /?product=seamless2763029-707?keyword=%E3%83%88%E3%83%AC%E3%83%BC%E3%83%8B%E3%83%B3%E3%82%B0%E3%83%BB%E3%82%A8%E3%82%AF%E3%82%B5%E3%82%B5%E3%82%A4%E3%82%BA HTTP/1.1" 200 69816 "-" "Mozilla/5.0 (Linux; Android 6.0.1; Nexus 5X Build/MMB29P) AppleWebKit/537.36 (KHTML, like Gecko) Chrome/132.0.6834.83 Mobile Safari/537.36 (compatible; Googlebot/2.1; +http://www.google.com/bot.html)"
85.208.96.204 - - [20/Jan/2025:04:01:45 -0500] "GET /goods/664925 HTTP/1.1" 404 18013 "-" "Mozilla/5.0 (compatible; SemrushBot/7~bl; +http://www.semrush.com/bot.html)"
165.231.182.52 - - [20/Jan/2025:03:59:23 -0500] "POST /register/ HTTP/1.0" 200 0 "https://misswavenigeria.com/register/" "Mozilla/5.0 (Windows NT 10.0) AppleWebKit/537.36 (KHTML, like Gecko) Chrome/103.0.0.0 Safari/537.36"
66.29.132.124 - - [20/Jan/2025:04:01:49 -0500] "POST /wp-cron.php?doing_wp_cron=1737363706.3388009071350097656250 HTTP/1.1" 200 0 "-" "WordPress/6.7.1; https://misswavenigeria.com"
165.231.182.52 - - [20/Jan/2025:04:01:51 -0500] "GET /register/ HTTP/1.0" 200 75934 "https://misswavenigeria.com/" "Mozilla/5.0 (Windows NT 10.0) AppleWebKit/537.36 (KHTML, like Gecko) Chrome/103.0.0.0 Safari/537.36"
85.208.96.210 - - [20/Jan/2025:04:01:54 -0500] "GET /goods/1825945 HTTP/1.1" 404 18012 "-" "Mozilla/5.0 (compatible; SemrushBot/7~bl; +http://www.semrush.com/bot.html)"
185.191.171.8 - - [20/Jan/2025:04:02:00 -0500] "GET /goods/3722242 HTTP/1.1" 404 18012 "-" "Mozilla/5.0 (compatible; SemrushBot/7~bl; +http://www.semrush.com/bot.html)"
165.231.182.52 - - [20/Jan/2025:04:02:08 -0500] "GET / HTTP/1.0" 200 109065 "https://misswavenigeria.com/" "Mozilla/5.0 (Windows NT 6.3) AppleWebKit/537.36 (KHTML, like Gecko) Chrome/103.0.0.0 Safari/537.36"
165.231.182.52 - - [20/Jan/2025:04:02:12 -0500] "GET /register/ HTTP/1.0" 200 75934 "https://misswavenigeria.com/register/" "Mozilla/5.0 (Windows NT 6.3) AppleWebKit/537.36 (KHTML, like Gecko) Chrome/103.0.0.0 Safari/537.36"
66.249.68.68 - - [20/Jan/2025:04:02:19 -0500] "GET /?product=seamless2763029-707?keyword=Alinco HTTP/1.1" 200 70183 "-" "Mozilla/5.0 (Linux; Android 6.0.1; Nexus 5X Build/MMB29P) AppleWebKit/537.36 (KHTML, like Gecko) Chrome/132.0.6834.83 Mobile Safari/537.36 (compatible; Googlebot/2.1; +http://www.google.com/bot.html)"
66.249.68.67 - - [20/Jan/2025:04:02:26 -0500] "GET /goods/2267976 HTTP/1.1" 200 68804 "-" "Mozilla/5.0 (Linux; Android 6.0.1; Nexus 5X Build/MMB29P) AppleWebKit/537.36 (KHTML, like Gecko) Chrome/132.0.6834.83 Mobile Safari/537.36 (compatible; Googlebot/2.1; +http://www.google.com/bot.html)"
66.249.68.66 - - [20/Jan/2025:04:02:29 -0500] "GET /?product=shuttle10536225-601?keyword=%E3%82%B9%E3%83%9D%E3%83%BC%E3%83%84 HTTP/1.1" 200 70645 "-" "Mozilla/5.0 (Linux; Android 6.0.1; Nexus 5X Build/MMB29P) AppleWebKit/537.36 (KHTML, like Gecko) Chrome/132.0.6834.83 Mobile Safari/537.36 (compatible; Googlebot/2.1; +http://www.google.com/bot.html)"
51.222.253.2 - - [20/Jan/2025:04:02:31 -0500] "GET /robots.txt HTTP/1.1" 200 103 "-" "Mozilla/5.0 (compatible; AhrefsBot/7.0; +http://ahrefs.com/robot/)"
54.36.148.10 - - [20/Jan/2025:04:02:34 -0500] "GET /goods/W839250?k=product HTTP/1.1" 301 0 "-" "Mozilla/5.0 (compatible; AhrefsBot/7.0; +http://ahrefs.com/robot/)"
85.208.96.205 - - [20/Jan/2025:04:02:38 -0500] "GET /goods/4157346 HTTP/1.1" 404 18013 "-" "Mozilla/5.0 (compatible; SemrushBot/7~bl; +http://www.semrush.com/bot.html)"
185.191.171.7 - - [20/Jan/2025:04:02:44 -0500] "GET /goods/886518 HTTP/1.1" 404 18013 "-" "Mozilla/5.0 (compatible; SemrushBot/7~bl; +http://www.semrush.com/bot.html)"
