66.29.132.124 - - [20/Jan/2025:02:18:14 -0500] "POST /wp-admin/admin-ajax.php?action=async_litespeed&nonce=D7jdVvQXeEHaYBOYSb7HuDvSGiPG9ubm&litespeed_type=imgoptm HTTP/1.1" 200 21 "-" "WordPress/6.7.1; https://misswavenigeria.com"
66.29.132.124 - - [20/Jan/2025:02:18:43 -0500] "POST /wp-cron.php?doing_wp_cron=1737357523.1545419692993164062500 HTTP/1.1" 200 0 "-" "WordPress/6.7.1; https://misswavenigeria.com"
185.191.171.4 - - [20/Jan/2025:02:18:42 -0500] "GET /goods/3319241 HTTP/1.1" 404 18019 "-" "Mozilla/5.0 (compatible; SemrushBot/7~bl; +http://www.semrush.com/bot.html)"
85.208.96.206 - - [20/Jan/2025:02:18:45 -0500] "GET /goods/3698204 HTTP/1.1" 404 18012 "-" "Mozilla/5.0 (compatible; SemrushBot/7~bl; +http://www.semrush.com/bot.html)"
85.208.96.207 - - [20/Jan/2025:02:19:02 -0500] "GET /goods/451246 HTTP/1.1" 404 18012 "-" "Mozilla/5.0 (compatible; SemrushBot/7~bl; +http://www.semrush.com/bot.html)"
66.249.79.102 - - [20/Jan/2025:02:19:03 -0500] "GET /?product=freshman14502156-167 HTTP/1.1" 200 68625 "-" "Mozilla/5.0 (Linux; Android 6.0.1; Nexus 5X Build/MMB29P) AppleWebKit/537.36 (KHTML, like Gecko) Chrome/132.0.6834.83 Mobile Safari/537.36 (compatible; Googlebot/2.1; +http://www.google.com/bot.html)"
66.249.68.67 - - [20/Jan/2025:02:19:15 -0500] "GET /goods/1077894 HTTP/1.1" 200 69203 "-" "Mozilla/5.0 (Linux; Android 6.0.1; Nexus 5X Build/MMB29P) AppleWebKit/537.36 (KHTML, like Gecko) Chrome/132.0.6834.83 Mobile Safari/537.36 (compatible; Googlebot/2.1; +http://www.google.com/bot.html)"
66.29.132.124 - - [20/Jan/2025:02:19:19 -0500] "POST /wp-cron.php?doing_wp_cron=1737357559.6828899383544921875000 HTTP/1.1" 200 0 "-" "WordPress/6.7.1; https://misswavenigeria.com"
185.191.171.13 - - [20/Jan/2025:02:19:19 -0500] "GET /goods/4613829 HTTP/1.1" 404 18011 "-" "Mozilla/5.0 (compatible; SemrushBot/7~bl; +http://www.semrush.com/bot.html)"
66.29.132.124 - - [20/Jan/2025:02:19:19 -0500] "POST /wp-admin/admin-ajax.php?action=async_litespeed&nonce=x0ZJUSoWbVRJFXGkn05FilJw4xLwm5HD&litespeed_type=imgoptm HTTP/1.1" 200 21 "-" "WordPress/6.7.1; https://misswavenigeria.com"
66.29.132.124 - - [20/Jan/2025:02:19:33 -0500] "POST /wp-cron.php?doing_wp_cron=1737357573.1524350643157958984375 HTTP/1.1" 200 0 "-" "WordPress/6.7.1; https://misswavenigeria.com"
185.191.171.12 - - [20/Jan/2025:02:19:32 -0500] "GET /goods/3426798 HTTP/1.1" 404 18013 "-" "Mozilla/5.0 (compatible; SemrushBot/7~bl; +http://www.semrush.com/bot.html)"
85.208.96.194 - - [20/Jan/2025:02:19:38 -0500] "GET /goods/4082065 HTTP/1.1" 404 18013 "-" "Mozilla/5.0 (compatible; SemrushBot/7~bl; +http://www.semrush.com/bot.html)"
85.208.96.200 - - [20/Jan/2025:02:19:53 -0500] "GET /goods/2741021 HTTP/1.1" 404 18012 "-" "Mozilla/5.0 (compatible; SemrushBot/7~bl; +http://www.semrush.com/bot.html)"
66.29.132.124 - - [20/Jan/2025:02:20:22 -0500] "POST /wp-cron.php?doing_wp_cron=1737357622.8773529529571533203125 HTTP/1.1" 200 0 "-" "WordPress/6.7.1; https://misswavenigeria.com"
185.191.171.17 - - [20/Jan/2025:02:20:22 -0500] "GET /goods/2336682 HTTP/1.1" 404 18013 "-" "Mozilla/5.0 (compatible; SemrushBot/7~bl; +http://www.semrush.com/bot.html)"
66.29.132.124 - - [20/Jan/2025:02:20:23 -0500] "POST /wp-admin/admin-ajax.php?action=async_litespeed&nonce=e1Qi517QLTI2Q6E8xjNWy2z2SqYE2qlV&litespeed_type=imgoptm HTTP/1.1" 200 21 "-" "WordPress/6.7.1; https://misswavenigeria.com"
66.29.132.124 - - [20/Jan/2025:02:20:26 -0500] "POST /wp-cron.php?doing_wp_cron=1737357626.5468850135803222656250 HTTP/1.1" 200 0 "-" "WordPress/6.7.1; https://misswavenigeria.com"
185.191.171.4 - - [20/Jan/2025:02:20:25 -0500] "GET /goods/3854116 HTTP/1.1" 404 18013 "-" "Mozilla/5.0 (compatible; SemrushBot/7~bl; +http://www.semrush.com/bot.html)"
185.191.171.18 - - [20/Jan/2025:02:20:32 -0500] "GET /goods/2993410 HTTP/1.1" 404 18013 "-" "Mozilla/5.0 (compatible; SemrushBot/7~bl; +http://www.semrush.com/bot.html)"
66.249.79.103 - - [20/Jan/2025:02:20:38 -0500] "GET /?product=seamless11370829-359?keyword=%E3%82%B4%E3%83%A0%E3%82%A6%E3%82%A8%E3%82%B9%E3%83%88 HTTP/1.1" 200 70362 "-" "Mozilla/5.0 (Linux; Android 6.0.1; Nexus 5X Build/MMB29P) AppleWebKit/537.36 (KHTML, like Gecko) Chrome/132.0.6834.83 Mobile Safari/537.36 (compatible; Googlebot/2.1; +http://www.google.com/bot.html)"
165.231.182.52 - - [20/Jan/2025:02:18:13 -0500] "POST /register/ HTTP/1.0" 200 0 "https://misswavenigeria.com/register/" "Mozilla/5.0 (Windows NT 6.1; WOW64) AppleWebKit/537.36 (KHTML, like Gecko) Chrome/103.0.0.0 Safari/537.36"
165.231.182.52 - - [20/Jan/2025:02:20:44 -0500] "GET /register/ HTTP/1.0" 200 75934 "https://misswavenigeria.com/" "Mozilla/5.0 (Windows NT 6.1; WOW64) AppleWebKit/537.36 (KHTML, like Gecko) Chrome/103.0.0.0 Safari/537.36"
165.231.182.52 - - [20/Jan/2025:02:21:02 -0500] "GET / HTTP/1.0" 200 109065 "https://misswavenigeria.com/" "Mozilla/5.0 (Windows NT 6.1; Win64; x64) AppleWebKit/537.36 (KHTML, like Gecko) Chrome/103.0.5060.66 Safari/537.36"
165.231.182.52 - - [20/Jan/2025:02:21:05 -0500] "GET /register/ HTTP/1.0" 200 75934 "https://misswavenigeria.com/register/" "Mozilla/5.0 (Windows NT 6.1; Win64; x64) AppleWebKit/537.36 (KHTML, like Gecko) Chrome/103.0.5060.66 Safari/537.36"
66.29.132.124 - - [20/Jan/2025:02:21:45 -0500] "POST /wp-cron.php?doing_wp_cron=1737357705.5637969970703125000000 HTTP/1.1" 200 0 "-" "WordPress/6.7.1; https://misswavenigeria.com"
85.208.96.204 - - [20/Jan/2025:02:21:45 -0500] "GET /goods/3665280 HTTP/1.1" 404 18013 "-" "Mozilla/5.0 (compatible; SemrushBot/7~bl; +http://www.semrush.com/bot.html)"
66.29.132.124 - - [20/Jan/2025:02:21:46 -0500] "POST /wp-admin/admin-ajax.php?action=async_litespeed&nonce=UTNrvmU154Xz3dPqdrf5MKxBmZLC06vA&litespeed_type=imgoptm HTTP/1.1" 200 21 "-" "WordPress/6.7.1; https://misswavenigeria.com"
185.191.171.14 - - [20/Jan/2025:02:21:55 -0500] "GET /goods/4476687 HTTP/1.1" 404 18013 "-" "Mozilla/5.0 (compatible; SemrushBot/7~bl; +http://www.semrush.com/bot.html)"
66.249.68.36 - - [20/Jan/2025:02:22:07 -0500] "GET /?product=perforce14502165-236 HTTP/1.1" 200 68295 "-" "Mozilla/5.0 (Linux; Android 6.0.1; Nexus 5X Build/MMB29P) AppleWebKit/537.36 (KHTML, like Gecko) Chrome/132.0.6834.83 Mobile Safari/537.36 (compatible; Googlebot/2.1; +http://www.google.com/bot.html)"
66.29.132.124 - - [20/Jan/2025:02:22:27 -0500] "POST /wp-cron.php?doing_wp_cron=1737357747.2540609836578369140625 HTTP/1.1" 200 0 "-" "WordPress/6.7.1; https://misswavenigeria.com"
85.208.96.205 - - [20/Jan/2025:02:22:26 -0500] "GET /goods/1246623 HTTP/1.1" 404 18013 "-" "Mozilla/5.0 (compatible; SemrushBot/7~bl; +http://www.semrush.com/bot.html)"
66.29.132.124 - - [20/Jan/2025:02:22:27 -0500] "POST /wp-admin/admin-ajax.php?action=async_litespeed&nonce=mViwQX8RlbQsbghFv2gyB10Yd6VbXk8p&litespeed_type=imgoptm HTTP/1.1" 200 21 "-" "WordPress/6.7.1; https://misswavenigeria.com"
66.249.68.66 - - [20/Jan/2025:02:22:30 -0500] "GET /?product=appendectomy7346053-445?keyword=90s HTTP/1.1" 200 68686 "-" "Mozilla/5.0 (Linux; Android 6.0.1; Nexus 5X Build/MMB29P) AppleWebKit/537.36 (KHTML, like Gecko) Chrome/132.0.6834.83 Mobile Safari/537.36 (compatible; Googlebot/2.1; +http://www.google.com/bot.html)"
185.191.171.11 - - [20/Jan/2025:02:22:35 -0500] "GET /goods/1089465 HTTP/1.1" 404 18012 "-" "Mozilla/5.0 (compatible; SemrushBot/7~bl; +http://www.semrush.com/bot.html)"
66.249.68.66 - - [20/Jan/2025:02:22:56 -0500] "GET /?product=seamless11370829-359?keyword=%E9%80%81%E6%96%99%E7%84%A1%E6%96%99 HTTP/1.1" 200 69619 "-" "Mozilla/5.0 (Linux; Android 6.0.1; Nexus 5X Build/MMB29P) AppleWebKit/537.36 (KHTML, like Gecko) Chrome/132.0.6834.83 Mobile Safari/537.36 (compatible; Googlebot/2.1; +http://www.google.com/bot.html)"
66.29.132.124 - - [20/Jan/2025:02:23:13 -0500] "POST /wp-cron.php?doing_wp_cron=1737357792.8988690376281738281250 HTTP/1.1" 200 0 "-" "WordPress/6.7.1; https://misswavenigeria.com"
185.191.171.13 - - [20/Jan/2025:02:23:12 -0500] "GET /goods/520841 HTTP/1.1" 404 18012 "-" "Mozilla/5.0 (compatible; SemrushBot/7~bl; +http://www.semrush.com/bot.html)"
66.29.132.124 - - [20/Jan/2025:02:23:13 -0500] "POST /wp-admin/admin-ajax.php?action=async_litespeed&nonce=gGqOn8ylBCHQNKEMOVKxEijXjhPh6Uyk&litespeed_type=imgoptm HTTP/1.1" 200 21 "-" "WordPress/6.7.1; https://misswavenigeria.com"
185.191.171.11 - - [20/Jan/2025:02:23:18 -0500] "GET /goods/4378402 HTTP/1.1" 404 18013 "-" "Mozilla/5.0 (compatible; SemrushBot/7~bl; +http://www.semrush.com/bot.html)"
165.231.182.52 - - [20/Jan/2025:02:21:06 -0500] "POST /register/ HTTP/1.0" 200 0 "https://misswavenigeria.com/register/" "Mozilla/5.0 (Windows NT 6.1; Win64; x64) AppleWebKit/537.36 (KHTML, like Gecko) Chrome/103.0.5060.66 Safari/537.36"
66.29.132.124 - - [20/Jan/2025:02:23:37 -0500] "POST /wp-cron.php?doing_wp_cron=1737357817.0896658897399902343750 HTTP/1.1" 200 0 "-" "WordPress/6.7.1; https://misswavenigeria.com"
185.191.171.18 - - [20/Jan/2025:02:23:36 -0500] "GET /goods/3080424 HTTP/1.1" 404 18013 "-" "Mozilla/5.0 (compatible; SemrushBot/7~bl; +http://www.semrush.com/bot.html)"
165.231.182.52 - - [20/Jan/2025:02:23:37 -0500] "GET /register/ HTTP/1.0" 200 75934 "https://misswavenigeria.com/" "Mozilla/5.0 (Windows NT 6.1; Win64; x64) AppleWebKit/537.36 (KHTML, like Gecko) Chrome/103.0.5060.66 Safari/537.36"
85.208.96.211 - - [20/Jan/2025:02:23:39 -0500] "GET /goods/1761117 HTTP/1.1" 404 18012 "-" "Mozilla/5.0 (compatible; SemrushBot/7~bl; +http://www.semrush.com/bot.html)"
185.191.171.4 - - [20/Jan/2025:02:23:45 -0500] "GET /goods/4258247 HTTP/1.1" 404 18013 "-" "Mozilla/5.0 (compatible; SemrushBot/7~bl; +http://www.semrush.com/bot.html)"
66.249.79.2 - - [20/Jan/2025:02:23:44 -0500] "GET /category/3355067 HTTP/1.1" 200 68798 "-" "Mozilla/5.0 (Linux; Android 6.0.1; Nexus 5X Build/MMB29P) AppleWebKit/537.36 (KHTML, like Gecko) Chrome/132.0.6834.83 Mobile Safari/537.36 (compatible; Googlebot/2.1; +http://www.google.com/bot.html)"
165.231.182.52 - - [20/Jan/2025:02:23:57 -0500] "GET / HTTP/1.0" 200 109065 "https://misswavenigeria.com/" "Mozilla/5.0 (Windows NT 6.3; WOW64) AppleWebKit/537.36 (KHTML, like Gecko) Chrome/103.0.5060.114 Safari/537.36"
165.231.182.52 - - [20/Jan/2025:02:23:59 -0500] "GET /register/ HTTP/1.0" 200 75934 "https://misswavenigeria.com/register/" "Mozilla/5.0 (Windows NT 6.3; WOW64) AppleWebKit/537.36 (KHTML, like Gecko) Chrome/103.0.5060.114 Safari/537.36"
66.29.132.124 - - [20/Jan/2025:02:24:02 -0500] "POST /wp-cron.php?doing_wp_cron=1737357842.6258249282836914062500 HTTP/1.1" 200 0 "-" "WordPress/6.7.1; https://misswavenigeria.com"
185.191.171.15 - - [20/Jan/2025:02:24:09 -0500] "GET /goods/1358484 HTTP/1.1" 404 18012 "-" "Mozilla/5.0 (compatible; SemrushBot/7~bl; +http://www.semrush.com/bot.html)"
66.29.132.124 - - [20/Jan/2025:02:24:32 -0500] "POST /wp-cron.php?doing_wp_cron=1737357871.9847168922424316406250 HTTP/1.1" 200 0 "-" "WordPress/6.7.1; https://misswavenigeria.com"
185.191.171.17 - - [20/Jan/2025:02:24:31 -0500] "GET /goods/150012 HTTP/1.1" 404 18013 "-" "Mozilla/5.0 (compatible; SemrushBot/7~bl; +http://www.semrush.com/bot.html)"
66.29.132.124 - - [20/Jan/2025:02:24:35 -0500] "POST /wp-admin/admin-ajax.php?action=async_litespeed&nonce=K8pWIXxMWnoWWxJlXLBdZ5jcDCzKVItA&litespeed_type=imgoptm HTTP/1.1" 200 0 "-" "WordPress/6.7.1; https://misswavenigeria.com"
85.208.96.199 - - [20/Jan/2025:02:24:36 -0500] "GET /goods/1251847 HTTP/1.1" 404 18013 "-" "Mozilla/5.0 (compatible; SemrushBot/7~bl; +http://www.semrush.com/bot.html)"
185.191.171.17 - - [20/Jan/2025:02:24:45 -0500] "GET /goods/1691665 HTTP/1.1" 404 18012 "-" "Mozilla/5.0 (compatible; SemrushBot/7~bl; +http://www.semrush.com/bot.html)"
66.29.132.124 - - [20/Jan/2025:02:25:51 -0500] "POST /wp-cron.php?doing_wp_cron=1737357951.8994541168212890625000 HTTP/1.1" 200 0 "-" "WordPress/6.7.1; https://misswavenigeria.com"
185.191.171.2 - - [20/Jan/2025:02:25:51 -0500] "GET /goods/1139531 HTTP/1.1" 404 18013 "-" "Mozilla/5.0 (compatible; SemrushBot/7~bl; +http://www.semrush.com/bot.html)"
66.29.132.124 - - [20/Jan/2025:02:25:52 -0500] "POST /wp-admin/admin-ajax.php?action=async_litespeed&nonce=wFSy6r5HHydwFTqUsqydhTHc4v5Oojk4&litespeed_type=imgoptm HTTP/1.1" 200 21 "-" "WordPress/6.7.1; https://misswavenigeria.com"
85.208.96.200 - - [20/Jan/2025:02:25:53 -0500] "GET /goods/2163223 HTTP/1.1" 404 18013 "-" "Mozilla/5.0 (compatible; SemrushBot/7~bl; +http://www.semrush.com/bot.html)"
66.249.79.4 - - [20/Jan/2025:02:26:05 -0500] "GET /static/4176991 HTTP/1.1" 200 67360 "-" "Mozilla/5.0 (Linux; Android 6.0.1; Nexus 5X Build/MMB29P) AppleWebKit/537.36 (KHTML, like Gecko) Chrome/132.0.6834.83 Mobile Safari/537.36 (compatible; Googlebot/2.1; +http://www.google.com/bot.html)"
165.231.182.52 - - [20/Jan/2025:02:24:01 -0500] "POST /register/ HTTP/1.0" 200 0 "https://misswavenigeria.com/register/" "Mozilla/5.0 (Windows NT 6.3; WOW64) AppleWebKit/537.36 (KHTML, like Gecko) Chrome/103.0.5060.114 Safari/537.36"
165.231.182.52 - - [20/Jan/2025:02:26:31 -0500] "GET /register/ HTTP/1.0" 200 75934 "https://misswavenigeria.com/" "Mozilla/5.0 (Windows NT 6.3; WOW64) AppleWebKit/537.36 (KHTML, like Gecko) Chrome/103.0.5060.114 Safari/537.36"
66.29.132.124 - - [20/Jan/2025:02:26:52 -0500] "POST /wp-cron.php?doing_wp_cron=1737358011.9511950016021728515625 HTTP/1.1" 200 0 "-" "WordPress/6.7.1; https://misswavenigeria.com"
66.249.68.67 - - [20/Jan/2025:02:27:50 -0500] "GET /item/A9335274?c=757&keyword=unusable HTTP/1.1" 200 69749 "-" "Mozilla/5.0 (Linux; Android 6.0.1; Nexus 5X Build/MMB29P) AppleWebKit/537.36 (KHTML, like Gecko) Chrome/132.0.6834.83 Mobile Safari/537.36 (compatible; Googlebot/2.1; +http://www.google.com/bot.html)"
66.249.68.66 - - [20/Jan/2025:02:27:52 -0500] "GET /goods/4106159?keyword=%E3%82%A2%E3%82%B3%E3%83%BC%E3%82%B9%E3%83%86%E3%82%A3%E3%83%83%E3%82%AF%E3%82%AE%E3%82%BF%E3%83%BC%E2%97%8FR601356?keyword=3%E3%80%8F HTTP/1.1" 200 68763 "-" "Mozilla/5.0 (Linux; Android 6.0.1; Nexus 5X Build/MMB29P) AppleWebKit/537.36 (KHTML, like Gecko) Chrome/132.0.6834.83 Mobile Safari/537.36 (compatible; Googlebot/2.1; +http://www.google.com/bot.html)"
66.249.79.104 - - [20/Jan/2025:02:27:52 -0500] "GET /goods/4722377?keyword=%E3%83%95%E3%82%A1%E3%83%83%E3%82%B7%E3%83%A7%E3%83%B3?keyword=%E3%82%B7%E3%83%86%E3%82%A3%E3%82%AB%E3%83%BC%E3%83%95%E3%82%BF%E3%83%96 HTTP/1.1" 200 69870 "-" "Mozilla/5.0 (Linux; Android 6.0.1; Nexus 5X Build/MMB29P) AppleWebKit/537.36 (KHTML, like Gecko) Chrome/132.0.6834.83 Mobile Safari/537.36 (compatible; Googlebot/2.1; +http://www.google.com/bot.html)"
66.29.132.124 - - [20/Jan/2025:02:28:11 -0500] "POST /wp-cron.php?doing_wp_cron=1737358091.0314888954162597656250 HTTP/1.1" 200 0 "-" "WordPress/6.7.1; https://misswavenigeria.com"
185.191.171.10 - - [20/Jan/2025:02:28:10 -0500] "GET /goods/2315840 HTTP/1.1" 404 18012 "-" "Mozilla/5.0 (compatible; SemrushBot/7~bl; +http://www.semrush.com/bot.html)"
66.29.132.124 - - [20/Jan/2025:02:28:11 -0500] "POST /wp-admin/admin-ajax.php?action=async_litespeed&nonce=AX64VyXt8qTZBCsObhWNkX8nx3xNXHTW&litespeed_type=imgoptm HTTP/1.1" 200 21 "-" "WordPress/6.7.1; https://misswavenigeria.com"
66.249.68.5 - - [20/Jan/2025:02:28:16 -0500] "GET /guide/%E3%81%99%E3%82%93SHOP HTTP/1.1" 200 68313 "-" "Mozilla/5.0 (Linux; Android 6.0.1; Nexus 5X Build/MMB29P) AppleWebKit/537.36 (KHTML, like Gecko) Chrome/132.0.6834.83 Mobile Safari/537.36 (compatible; Googlebot/2.1; +http://www.google.com/bot.html)"
66.29.132.124 - - [20/Jan/2025:02:28:28 -0500] "POST /wp-cron.php?doing_wp_cron=1737358108.1034700870513916015625 HTTP/1.1" 200 0 "-" "WordPress/6.7.1; https://misswavenigeria.com"
85.208.96.210 - - [20/Jan/2025:02:28:27 -0500] "GET /goods/353072 HTTP/1.1" 404 18011 "-" "Mozilla/5.0 (compatible; SemrushBot/7~bl; +http://www.semrush.com/bot.html)"
85.208.96.212 - - [20/Jan/2025:02:28:30 -0500] "GET /goods/3944140 HTTP/1.1" 404 18012 "-" "Mozilla/5.0 (compatible; SemrushBot/7~bl; +http://www.semrush.com/bot.html)"
185.191.171.5 - - [20/Jan/2025:02:28:43 -0500] "GET /goods/660418 HTTP/1.1" 404 18013 "-" "Mozilla/5.0 (compatible; SemrushBot/7~bl; +http://www.semrush.com/bot.html)"
85.208.96.200 - - [20/Jan/2025:02:28:48 -0500] "GET /goods/1855669 HTTP/1.1" 404 18012 "-" "Mozilla/5.0 (compatible; SemrushBot/7~bl; +http://www.semrush.com/bot.html)"
66.249.68.67 - - [20/Jan/2025:02:28:51 -0500] "GET /goods/171487.html HTTP/1.1" 200 67645 "-" "Mozilla/5.0 (Linux; Android 6.0.1; Nexus 5X Build/MMB29P) AppleWebKit/537.36 (KHTML, like Gecko) Chrome/132.0.6834.83 Mobile Safari/537.36 (compatible; Googlebot/2.1; +http://www.google.com/bot.html)"
66.29.132.124 - - [20/Jan/2025:02:29:23 -0500] "POST /wp-cron.php?doing_wp_cron=1737358163.1540539264678955078125 HTTP/1.1" 200 0 "-" "WordPress/6.7.1; https://misswavenigeria.com"
85.208.96.194 - - [20/Jan/2025:02:29:22 -0500] "GET /goods/3256819 HTTP/1.1" 404 18013 "-" "Mozilla/5.0 (compatible; SemrushBot/7~bl; +http://www.semrush.com/bot.html)"
66.29.132.124 - - [20/Jan/2025:02:29:23 -0500] "POST /wp-admin/admin-ajax.php?action=async_litespeed&nonce=AVxvxJXd4E1iiSHoXHmVVK8fyFdAnfXS&litespeed_type=imgoptm HTTP/1.1" 200 21 "-" "WordPress/6.7.1; https://misswavenigeria.com"
165.231.182.52 - - [20/Jan/2025:02:29:28 -0500] "GET /register/ HTTP/1.0" 200 75934 "https://misswavenigeria.com/" "Mozilla/5.0 (Windows NT 10.0; Win64; x64) AppleWebKit/537.36 (KHTML, like Gecko) Chrome/103.0.5060.134 Safari/537.36"
185.191.171.5 - - [20/Jan/2025:02:26:51 -0500] "GET /goods/3834528 HTTP/1.1" 404 18012 "-" "Mozilla/5.0 (compatible; SemrushBot/7~bl; +http://www.semrush.com/bot.html)"
66.29.132.124 - - [20/Jan/2025:02:26:53 -0500] "POST /wp-admin/admin-ajax.php?action=async_litespeed&nonce=gE0O5HCDAemGbm8pDWQ7waumi4y6GDOr&litespeed_type=imgoptm HTTP/1.1" 200 21 "-" "WordPress/6.7.1; https://misswavenigeria.com"
165.231.182.52 - - [20/Jan/2025:02:26:54 -0500] "GET / HTTP/1.0" 200 109065 "https://misswavenigeria.com/" "Mozilla/5.0 (Windows NT 10.0; Win64; x64) AppleWebKit/537.36 (KHTML, like Gecko) Chrome/103.0.5060.134 Safari/537.36"
165.231.182.52 - - [20/Jan/2025:02:26:56 -0500] "GET /register/ HTTP/1.0" 200 75934 "https://misswavenigeria.com/register/" "Mozilla/5.0 (Windows NT 10.0; Win64; x64) AppleWebKit/537.36 (KHTML, like Gecko) Chrome/103.0.5060.134 Safari/537.36"
85.208.96.206 - - [20/Jan/2025:02:26:57 -0500] "GET /goods/2837260 HTTP/1.1" 404 18012 "-" "Mozilla/5.0 (compatible; SemrushBot/7~bl; +http://www.semrush.com/bot.html)"
66.29.132.124 - - [20/Jan/2025:02:27:19 -0500] "POST /wp-cron.php?doing_wp_cron=1737358039.4236009120941162109375 HTTP/1.1" 200 0 "-" "WordPress/6.7.1; https://misswavenigeria.com"
185.191.171.12 - - [20/Jan/2025:02:27:19 -0500] "GET /goods/4446302 HTTP/1.1" 404 18013 "-" "Mozilla/5.0 (compatible; SemrushBot/7~bl; +http://www.semrush.com/bot.html)"
66.29.132.124 - - [20/Jan/2025:02:27:19 -0500] "POST /wp-admin/admin-ajax.php?action=async_litespeed&nonce=92Wq5RL4VTbgIN8MJznv0xHK4Cw10PMk&litespeed_type=imgoptm HTTP/1.1" 200 21 "-" "WordPress/6.7.1; https://misswavenigeria.com"
66.29.132.124 - - [20/Jan/2025:02:27:30 -0500] "POST /wp-cron.php?doing_wp_cron=1737358050.6486380100250244140625 HTTP/1.1" 200 0 "-" "WordPress/6.7.1; https://misswavenigeria.com"
185.191.171.10 - - [20/Jan/2025:02:27:30 -0500] "GET /goods/642282 HTTP/1.1" 404 18012 "-" "Mozilla/5.0 (compatible; SemrushBot/7~bl; +http://www.semrush.com/bot.html)"
85.208.96.198 - - [20/Jan/2025:02:27:32 -0500] "GET /goods/3220342 HTTP/1.1" 404 18013 "-" "Mozilla/5.0 (compatible; SemrushBot/7~bl; +http://www.semrush.com/bot.html)"
85.208.96.203 - - [20/Jan/2025:02:27:35 -0500] "GET /goods/2948659 HTTP/1.1" 404 18013 "-" "Mozilla/5.0 (compatible; SemrushBot/7~bl; +http://www.semrush.com/bot.html)"
165.231.182.52 - - [20/Jan/2025:02:26:58 -0500] "POST /register/ HTTP/1.0" 200 0 "https://misswavenigeria.com/register/" "Mozilla/5.0 (Windows NT 10.0; Win64; x64) AppleWebKit/537.36 (KHTML, like Gecko) Chrome/103.0.5060.134 Safari/537.36"
66.249.79.3 - - [20/Jan/2025:02:29:27 -0500] "GET /guide/%E6%97%A5%E6%9C%AC%E9%85%92%E3%81%AE%E7%A8%AE%E9%A1%9E%E5%A4%A7%E5%90%9F%E9%86%B8%E9%85%92 HTTP/1.1" 200 68657 "-" "Mozilla/5.0 (Linux; Android 6.0.1; Nexus 5X Build/MMB29P) AppleWebKit/537.36 (KHTML, like Gecko) Chrome/132.0.6834.83 Mobile Safari/537.36 (compatible; Googlebot/2.1; +http://www.google.com/bot.html)"
66.249.79.104 - - [20/Jan/2025:02:29:28 -0500] "GET /goods/1301058 HTTP/1.1" 200 69025 "-" "Mozilla/5.0 (Linux; Android 6.0.1; Nexus 5X Build/MMB29P) AppleWebKit/537.36 (KHTML, like Gecko) Chrome/132.0.6834.83 Mobile Safari/537.36 (compatible; Googlebot/2.1; +http://www.google.com/bot.html)"
66.249.68.68 - - [20/Jan/2025:02:29:30 -0500] "GET /goods/3853302 HTTP/1.1" 200 68583 "-" "Mozilla/5.0 (Linux; Android 6.0.1; Nexus 5X Build/MMB29P) AppleWebKit/537.36 (KHTML, like Gecko) Chrome/132.0.6834.83 Mobile Safari/537.36 (compatible; Googlebot/2.1; +http://www.google.com/bot.html)"
66.249.68.66 - - [20/Jan/2025:02:29:41 -0500] "GET /show/4022411?keyword=(%E6%A5%BD%E8%AD%9C)%E3%83%81%E3%83%A7%E3%82%B3%E3%83%9C%E3%81%AE%E4%B8%8D%E6%80%9D%E8%AD%B0%E3%81%AA%E3%83%80%E3%83%B3%E3%82%B8%E3%83%A7%E3%83%B3 HTTP/1.1" 200 68752 "-" "Mozilla/5.0 (compatible; Googlebot/2.1; +http://www.google.com/bot.html)"
165.231.182.52 - - [20/Jan/2025:02:29:46 -0500] "GET / HTTP/1.0" 200 109065 "https://misswavenigeria.com/" "Mozilla/5.0 (Windows NT 6.3; Win64; x64) AppleWebKit/537.36 (KHTML, like Gecko) Chrome/103.0.5060.114 Safari/537.36"
165.231.182.52 - - [20/Jan/2025:02:29:48 -0500] "GET /register/ HTTP/1.0" 200 75934 "https://misswavenigeria.com/register/" "Mozilla/5.0 (Windows NT 6.3; Win64; x64) AppleWebKit/537.36 (KHTML, like Gecko) Chrome/103.0.5060.114 Safari/537.36"
66.249.68.66 - - [20/Jan/2025:02:29:48 -0500] "GET /goods/3449731 HTTP/1.1" 200 69805 "-" "Mozilla/5.0 (Linux; Android 6.0.1; Nexus 5X Build/MMB29P) AppleWebKit/537.36 (KHTML, like Gecko) Chrome/132.0.6834.83 Mobile Safari/537.36 (compatible; Googlebot/2.1; +http://www.google.com/bot.html)"
66.29.132.124 - - [20/Jan/2025:02:29:50 -0500] "POST /wp-cron.php?doing_wp_cron=1737358190.8904631137847900390625 HTTP/1.1" 200 0 "-" "WordPress/6.7.1; https://misswavenigeria.com"
185.191.171.16 - - [20/Jan/2025:02:29:57 -0500] "GET /goods/1469424 HTTP/1.1" 404 18012 "-" "Mozilla/5.0 (compatible; SemrushBot/7~bl; +http://www.semrush.com/bot.html)"
185.191.171.10 - - [20/Jan/2025:02:30:00 -0500] "GET /goods/3260198 HTTP/1.1" 404 18012 "-" "Mozilla/5.0 (compatible; SemrushBot/7~bl; +http://www.semrush.com/bot.html)"
66.249.68.68 - - [20/Jan/2025:02:30:10 -0500] "GET /goods/4613515?keyword=1:4.5-5.6G HTTP/1.1" 200 68305 "-" "Mozilla/5.0 (Linux; Android 6.0.1; Nexus 5X Build/MMB29P) AppleWebKit/537.36 (KHTML, like Gecko) Chrome/132.0.6834.83 Mobile Safari/537.36 (compatible; Googlebot/2.1; +http://www.google.com/bot.html)"
66.249.68.67 - - [20/Jan/2025:02:30:16 -0500] "GET /goods/4644799?keyword=%E7%94%B7%E5%85%90%E3%80%80%E3%83%95%E3%82%A9%E3%83%BC%E3%83%9E%E3%83%AB%E3%80%80%E8%9D%B6%E3%83%8D%E3%82%AF%E3%82%BF%E3%82%A4%E3%80%80%E3%83%96%E3%83%AB%E3%83%BC?keyword=103 HTTP/1.1" 200 68358 "-" "Mozilla/5.0 (compatible; Googlebot/2.1; +http://www.google.com/bot.html)"
66.249.68.66 - - [20/Jan/2025:02:30:21 -0500] "GET /show/2268609?keyword=%E5%AE%B6%E5%85%B7%E3%83%BB%E3%82%A4%E3%83%B3%E3%83%86%E3%83%AA%E3%82%A2 HTTP/1.1" 200 68125 "-" "Mozilla/5.0 (Linux; Android 6.0.1; Nexus 5X Build/MMB29P) AppleWebKit/537.36 (KHTML, like Gecko) Chrome/132.0.6834.83 Mobile Safari/537.36 (compatible; Googlebot/2.1; +http://www.google.com/bot.html)"
66.249.79.2 - - [20/Jan/2025:02:30:42 -0500] "GET /buy/325307FS.html?product_id=844 HTTP/1.1" 200 69154 "-" "Mozilla/5.0 (Linux; Android 6.0.1; Nexus 5X Build/MMB29P) AppleWebKit/537.36 (KHTML, like Gecko) Chrome/132.0.6834.83 Mobile Safari/537.36 (compatible; Googlebot/2.1; +http://www.google.com/bot.html)"
66.29.132.124 - - [20/Jan/2025:02:30:51 -0500] "POST /wp-cron.php?doing_wp_cron=1737358251.4400279521942138671875 HTTP/1.1" 200 0 "-" "WordPress/6.7.1; https://misswavenigeria.com"
85.208.96.208 - - [20/Jan/2025:02:30:51 -0500] "GET /goods/3855628 HTTP/1.1" 404 18012 "-" "Mozilla/5.0 (compatible; SemrushBot/7~bl; +http://www.semrush.com/bot.html)"
66.29.132.124 - - [20/Jan/2025:02:30:51 -0500] "POST /wp-admin/admin-ajax.php?action=async_litespeed&nonce=qbzXtx3AQk8cvnVezazv0yPF0TEs3Acw&litespeed_type=imgoptm HTTP/1.1" 200 21 "-" "WordPress/6.7.1; https://misswavenigeria.com"
85.208.96.200 - - [20/Jan/2025:02:30:53 -0500] "GET /goods/4395537 HTTP/1.1" 404 18013 "-" "Mozilla/5.0 (compatible; SemrushBot/7~bl; +http://www.semrush.com/bot.html)"
66.249.68.66 - - [20/Jan/2025:02:31:04 -0500] "GET /show/5972 HTTP/1.1" 200 68514 "-" "Mozilla/5.0 (Linux; Android 6.0.1; Nexus 5X Build/MMB29P) AppleWebKit/537.36 (KHTML, like Gecko) Chrome/132.0.6834.83 Mobile Safari/537.36 (compatible; Googlebot/2.1; +http://www.google.com/bot.html)"
66.249.79.2 - - [20/Jan/2025:02:31:16 -0500] "GET /goods/L713451?k=product HTTP/1.1" 200 69705 "-" "Mozilla/5.0 (Linux; Android 6.0.1; Nexus 5X Build/MMB29P) AppleWebKit/537.36 (KHTML, like Gecko) Chrome/132.0.6834.83 Mobile Safari/537.36 (compatible; Googlebot/2.1; +http://www.google.com/bot.html)"
66.29.132.124 - - [20/Jan/2025:02:31:18 -0500] "POST /wp-cron.php?doing_wp_cron=1737358278.6436979770660400390625 HTTP/1.1" 200 0 "-" "WordPress/6.7.1; https://misswavenigeria.com"
185.191.171.3 - - [20/Jan/2025:02:31:18 -0500] "GET /goods/3457720 HTTP/1.1" 404 18013 "-" "Mozilla/5.0 (compatible; SemrushBot/7~bl; +http://www.semrush.com/bot.html)"
66.29.132.124 - - [20/Jan/2025:02:31:18 -0500] "POST /wp-admin/admin-ajax.php?action=async_litespeed&nonce=FVGgXUKYtasR9ktBxOnmd0gyth8rXca0&litespeed_type=imgoptm HTTP/1.1" 200 21 "-" "WordPress/6.7.1; https://misswavenigeria.com"
185.191.171.1 - - [20/Jan/2025:02:31:23 -0500] "GET /goods/3919940 HTTP/1.1" 404 18013 "-" "Mozilla/5.0 (compatible; SemrushBot/7~bl; +http://www.semrush.com/bot.html)"
66.29.132.124 - - [20/Jan/2025:02:31:36 -0500] "POST /wp-cron.php?doing_wp_cron=1737358296.9120779037475585937500 HTTP/1.1" 200 0 "-" "WordPress/6.7.1; https://misswavenigeria.com"
85.208.96.193 - - [20/Jan/2025:02:31:36 -0500] "GET /goods/3994733 HTTP/1.1" 404 18013 "-" "Mozilla/5.0 (compatible; SemrushBot/7~bl; +http://www.semrush.com/bot.html)"
85.208.96.211 - - [20/Jan/2025:02:31:56 -0500] "GET /goods/1535206 HTTP/1.1" 404 18012 "-" "Mozilla/5.0 (compatible; SemrushBot/7~bl; +http://www.semrush.com/bot.html)"
66.29.132.124 - - [20/Jan/2025:02:32:19 -0500] "POST /wp-cron.php?doing_wp_cron=1737358339.5992980003356933593750 HTTP/1.1" 200 0 "-" "WordPress/6.7.1; https://misswavenigeria.com"
185.191.171.12 - - [20/Jan/2025:02:32:19 -0500] "GET /goods/2068777 HTTP/1.1" 404 18013 "-" "Mozilla/5.0 (compatible; SemrushBot/7~bl; +http://www.semrush.com/bot.html)"
66.29.132.124 - - [20/Jan/2025:02:32:19 -0500] "POST /wp-admin/admin-ajax.php?action=async_litespeed&nonce=0gvZELivDvswCfBs3FIgaJY0KMVXNPVT&litespeed_type=imgoptm HTTP/1.1" 200 21 "-" "WordPress/6.7.1; https://misswavenigeria.com"
165.231.182.52 - - [20/Jan/2025:02:29:50 -0500] "POST /register/ HTTP/1.0" 200 0 "https://misswavenigeria.com/register/" "Mozilla/5.0 (Windows NT 6.3; Win64; x64) AppleWebKit/537.36 (KHTML, like Gecko) Chrome/103.0.5060.114 Safari/537.36"
165.231.182.52 - - [20/Jan/2025:02:32:21 -0500] "GET /register/ HTTP/1.0" 200 75934 "https://misswavenigeria.com/" "Mozilla/5.0 (Windows NT 6.3; Win64; x64) AppleWebKit/537.36 (KHTML, like Gecko) Chrome/103.0.5060.114 Safari/537.36"
66.29.132.124 - - [20/Jan/2025:02:32:33 -0500] "POST /wp-cron.php?doing_wp_cron=1737358353.6073770523071289062500 HTTP/1.1" 200 0 "-" "WordPress/6.7.1; https://misswavenigeria.com"
85.208.96.193 - - [20/Jan/2025:02:32:33 -0500] "GET /goods/3356621 HTTP/1.1" 404 18013 "-" "Mozilla/5.0 (compatible; SemrushBot/7~bl; +http://www.semrush.com/bot.html)"
66.249.79.3 - - [20/Jan/2025:02:32:42 -0500] "GET /static/755550 HTTP/1.1" 200 71118 "-" "Mozilla/5.0 (Linux; Android 6.0.1; Nexus 5X Build/MMB29P) AppleWebKit/537.36 (KHTML, like Gecko) Chrome/132.0.6834.83 Mobile Safari/537.36 (compatible; Googlebot/2.1; +http://www.google.com/bot.html)"
165.231.182.52 - - [20/Jan/2025:02:32:44 -0500] "GET / HTTP/1.0" 200 109065 "https://misswavenigeria.com/" "Mozilla/5.0 (Windows NT 10.0; Win64; x64) AppleWebKit/537.36 (KHTML, like Gecko) Chrome/103.0.5060.53 Safari/537.36"
85.208.96.193 - - [20/Jan/2025:02:32:44 -0500] "GET /goods/1008473 HTTP/1.1" 404 18013 "-" "Mozilla/5.0 (compatible; SemrushBot/7~bl; +http://www.semrush.com/bot.html)"
85.208.96.193 - - [20/Jan/2025:02:32:45 -0500] "GET /goods/698740 HTTP/1.1" 500 165 "-" "Mozilla/5.0 (compatible; SemrushBot/7~bl; +http://www.semrush.com/bot.html)"
165.231.182.52 - - [20/Jan/2025:02:32:46 -0500] "GET /register/ HTTP/1.0" 200 75934 "https://misswavenigeria.com/register/" "Mozilla/5.0 (Windows NT 10.0; Win64; x64) AppleWebKit/537.36 (KHTML, like Gecko) Chrome/103.0.5060.53 Safari/537.36"
165.231.182.52 - - [20/Jan/2025:02:32:48 -0500] "POST /register/ HTTP/1.0" 500 2431 "https://misswavenigeria.com/register/" "Mozilla/5.0 (Windows NT 10.0; Win64; x64) AppleWebKit/537.36 (KHTML, like Gecko) Chrome/103.0.5060.53 Safari/537.36"
165.231.182.52 - - [20/Jan/2025:02:32:48 -0500] "GET /register/ HTTP/1.0" 200 75934 "https://misswavenigeria.com/" "Mozilla/5.0 (Windows NT 10.0; Win64; x64) AppleWebKit/537.36 (KHTML, like Gecko) Chrome/103.0.5060.53 Safari/537.36"
185.191.171.13 - - [20/Jan/2025:02:32:53 -0500] "GET /goods/926332 HTTP/1.1" 404 18012 "-" "Mozilla/5.0 (compatible; SemrushBot/7~bl; +http://www.semrush.com/bot.html)"
66.29.132.124 - - [20/Jan/2025:02:33:53 -0500] "POST /wp-cron.php?doing_wp_cron=1737358433.5465090274810791015625 HTTP/1.1" 200 0 "-" "WordPress/6.7.1; https://misswavenigeria.com"
85.208.96.201 - - [20/Jan/2025:02:33:53 -0500] "GET /goods/872012 HTTP/1.1" 404 18012 "-" "Mozilla/5.0 (compatible; SemrushBot/7~bl; +http://www.semrush.com/bot.html)"
66.29.132.124 - - [20/Jan/2025:02:33:53 -0500] "POST /wp-admin/admin-ajax.php?action=async_litespeed&nonce=lyiqcJE4S7G5BdKz3mBKofeukw20yeDr&litespeed_type=imgoptm HTTP/1.1" 200 21 "-" "WordPress/6.7.1; https://misswavenigeria.com"
66.249.68.68 - - [20/Jan/2025:02:34:09 -0500] "GET /goods/505260 HTTP/1.1" 200 68076 "-" "Mozilla/5.0 (Linux; Android 6.0.1; Nexus 5X Build/MMB29P) AppleWebKit/537.36 (KHTML, like Gecko) Chrome/132.0.6834.83 Mobile Safari/537.36 (compatible; Googlebot/2.1; +http://www.google.com/bot.html)"
66.249.68.68 - - [20/Jan/2025:02:34:08 -0500] "GET /?product=sepulchral11370832-372?keyword=%E5%AE%B6%E9%9B%BB%E3%80%81AV%E3%80%81%E3%82%AB%E3%83%A1%E3%83%A9 HTTP/1.1" 200 67472 "-" "Mozilla/5.0 (Linux; Android 6.0.1; Nexus 5X Build/MMB29P) AppleWebKit/537.36 (KHTML, like Gecko) Chrome/132.0.6834.83 Mobile Safari/537.36 (compatible; Googlebot/2.1; +http://www.google.com/bot.html)"
66.29.132.124 - - [20/Jan/2025:02:34:55 -0500] "POST /wp-cron.php?doing_wp_cron=1737358495.7669661045074462890625 HTTP/1.1" 200 0 "-" "WordPress/6.7.1; https://misswavenigeria.com"
185.191.171.14 - - [20/Jan/2025:02:34:55 -0500] "GET /goods/4575763 HTTP/1.1" 404 18012 "-" "Mozilla/5.0 (compatible; SemrushBot/7~bl; +http://www.semrush.com/bot.html)"
66.29.132.124 - - [20/Jan/2025:02:34:56 -0500] "POST /wp-admin/admin-ajax.php?action=async_litespeed&nonce=Dj9R4UJeoPszhXKIQDk0LWx8v0pUiUKa&litespeed_type=imgoptm HTTP/1.1" 200 21 "-" "WordPress/6.7.1; https://misswavenigeria.com"
185.191.171.12 - - [20/Jan/2025:02:34:57 -0500] "GET /robots.txt HTTP/1.1" 200 142 "-" "Mozilla/5.0 (compatible; SemrushBot/7~bl; +http://www.semrush.com/bot.html)"
85.208.96.200 - - [20/Jan/2025:02:34:58 -0500] "GET /goods/980592 HTTP/1.1" 404 18012 "-" "Mozilla/5.0 (compatible; SemrushBot/7~bl; +http://www.semrush.com/bot.html)"
66.29.132.124 - - [20/Jan/2025:02:35:15 -0500] "POST /wp-cron.php?doing_wp_cron=1737358515.7046239376068115234375 HTTP/1.1" 200 0 "-" "WordPress/6.7.1; https://misswavenigeria.com"
85.208.96.200 - - [20/Jan/2025:02:35:15 -0500] "GET /goods/783003 HTTP/1.1" 404 18013 "-" "Mozilla/5.0 (compatible; SemrushBot/7~bl; +http://www.semrush.com/bot.html)"
66.29.132.124 - - [20/Jan/2025:02:35:15 -0500] "POST /wp-admin/admin-ajax.php?action=async_litespeed&nonce=SwjDPVwm3VntdwvpNGBgVUxFKL84wciS&litespeed_type=imgoptm HTTP/1.1" 200 21 "-" "WordPress/6.7.1; https://misswavenigeria.com"
66.249.79.3 - - [20/Jan/2025:02:35:34 -0500] "GET /goods/2872317 HTTP/1.1" 200 69070 "-" "Mozilla/5.0 (Linux; Android 6.0.1; Nexus 5X Build/MMB29P) AppleWebKit/537.36 (KHTML, like Gecko) Chrome/132.0.6834.83 Mobile Safari/537.36 (compatible; Googlebot/2.1; +http://www.google.com/bot.html)"
66.29.132.124 - - [20/Jan/2025:02:35:36 -0500] "POST /wp-cron.php?doing_wp_cron=1737358536.6752591133117675781250 HTTP/1.1" 200 0 "-" "WordPress/6.7.1; https://misswavenigeria.com"
85.208.96.195 - - [20/Jan/2025:02:35:36 -0500] "GET /goods/3305914 HTTP/1.1" 404 18012 "-" "Mozilla/5.0 (compatible; SemrushBot/7~bl; +http://www.semrush.com/bot.html)"
165.231.182.52 - - [20/Jan/2025:02:35:38 -0500] "GET / HTTP/1.0" 200 109065 "https://misswavenigeria.com/" "Mozilla/5.0 (Windows NT 6.1; Win64; x64) AppleWebKit/537.36 (KHTML, like Gecko) Chrome/103.0.5060.114 Safari/537.36"
165.231.182.52 - - [20/Jan/2025:02:35:41 -0500] "GET /register/ HTTP/1.0" 200 75934 "https://misswavenigeria.com/register/" "Mozilla/5.0 (Windows NT 6.1; Win64; x64) AppleWebKit/537.36 (KHTML, like Gecko) Chrome/103.0.5060.114 Safari/537.36"
185.191.171.14 - - [20/Jan/2025:02:35:44 -0500] "GET /goods/811133 HTTP/1.1" 404 18013 "-" "Mozilla/5.0 (compatible; SemrushBot/7~bl; +http://www.semrush.com/bot.html)"
85.208.96.206 - - [20/Jan/2025:02:35:58 -0500] "GET /goods/1324190 HTTP/1.1" 404 18012 "-" "Mozilla/5.0 (compatible; SemrushBot/7~bl; +http://www.semrush.com/bot.html)"
66.29.132.124 - - [20/Jan/2025:02:36:20 -0500] "POST /wp-cron.php?doing_wp_cron=1737358580.9401180744171142578125 HTTP/1.1" 200 0 "-" "WordPress/6.7.1; https://misswavenigeria.com"
85.208.96.204 - - [20/Jan/2025:02:36:20 -0500] "GET /goods/4834058 HTTP/1.1" 404 18013 "-" "Mozilla/5.0 (compatible; SemrushBot/7~bl; +http://www.semrush.com/bot.html)"
66.29.132.124 - - [20/Jan/2025:02:36:21 -0500] "POST /wp-admin/admin-ajax.php?action=async_litespeed&nonce=etzBULLlLbHRImNpYqp7zUvgWtvgeoAn&litespeed_type=imgoptm HTTP/1.1" 200 21 "-" "WordPress/6.7.1; https://misswavenigeria.com"
66.249.68.66 - - [20/Jan/2025:02:36:27 -0500] "GET /?product=sepulchral11370832-372?keyword=%E2%80%A6 HTTP/1.1" 200 69868 "-" "Mozilla/5.0 (Linux; Android 6.0.1; Nexus 5X Build/MMB29P) AppleWebKit/537.36 (KHTML, like Gecko) Chrome/132.0.6834.83 Mobile Safari/537.36 (compatible; Googlebot/2.1; +http://www.google.com/bot.html)"
66.29.132.124 - - [20/Jan/2025:02:36:32 -0500] "POST /wp-cron.php?doing_wp_cron=1737358592.0330090522766113281250 HTTP/1.1" 200 0 "-" "WordPress/6.7.1; https://misswavenigeria.com"
85.208.96.196 - - [20/Jan/2025:02:36:31 -0500] "GET /goods/4665660 HTTP/1.1" 404 18013 "-" "Mozilla/5.0 (compatible; SemrushBot/7~bl; +http://www.semrush.com/bot.html)"
85.208.96.209 - - [20/Jan/2025:02:36:37 -0500] "GET /goods/4207600 HTTP/1.1" 404 18013 "-" "Mozilla/5.0 (compatible; SemrushBot/7~bl; +http://www.semrush.com/bot.html)"
85.208.96.204 - - [20/Jan/2025:02:36:46 -0500] "GET /goods/4106185 HTTP/1.1" 404 18012 "-" "Mozilla/5.0 (compatible; SemrushBot/7~bl; +http://www.semrush.com/bot.html)"
85.208.96.195 - - [20/Jan/2025:02:36:53 -0500] "GET /goods/1170650 HTTP/1.1" 404 18012 "-" "Mozilla/5.0 (compatible; SemrushBot/7~bl; +http://www.semrush.com/bot.html)"
66.249.79.102 - - [20/Jan/2025:02:37:03 -0500] "GET /?product=reflector7346464-772 HTTP/1.1" 200 68962 "-" "Mozilla/5.0 (Linux; Android 6.0.1; Nexus 5X Build/MMB29P) AppleWebKit/537.36 (KHTML, like Gecko) Chrome/132.0.6834.83 Mobile Safari/537.36 (compatible; Googlebot/2.1; +http://www.google.com/bot.html)"
66.29.132.124 - - [20/Jan/2025:02:37:11 -0500] "POST /wp-cron.php?doing_wp_cron=1737358631.0567679405212402343750 HTTP/1.1" 200 0 "-" "WordPress/6.7.1; https://misswavenigeria.com"
185.191.171.15 - - [20/Jan/2025:02:37:10 -0500] "GET /goods/1619807 HTTP/1.1" 404 18012 "-" "Mozilla/5.0 (compatible; SemrushBot/7~bl; +http://www.semrush.com/bot.html)"
66.29.132.124 - - [20/Jan/2025:02:37:11 -0500] "POST /wp-admin/admin-ajax.php?action=async_litespeed&nonce=aL1or5PA2fQj4YjFdn2CX6SrfyS3JxDw&litespeed_type=imgoptm HTTP/1.1" 200 21 "-" "WordPress/6.7.1; https://misswavenigeria.com"
165.231.182.52 - - [20/Jan/2025:02:35:42 -0500] "POST /register/ HTTP/1.0" 200 76060 "https://misswavenigeria.com/register/" "Mozilla/5.0 (Windows NT 6.1; Win64; x64) AppleWebKit/537.36 (KHTML, like Gecko) Chrome/103.0.5060.114 Safari/537.36"
66.29.132.124 - - [20/Jan/2025:02:37:56 -0500] "POST /wp-cron.php?doing_wp_cron=1737358676.6135480403900146484375 HTTP/1.1" 200 0 "-" "WordPress/6.7.1; https://misswavenigeria.com"
165.231.182.52 - - [20/Jan/2025:02:37:56 -0500] "GET /register/ HTTP/1.0" 200 75934 "https://misswavenigeria.com/" "Mozilla/5.0 (Windows NT 6.1; Win64; x64) AppleWebKit/537.36 (KHTML, like Gecko) Chrome/103.0.5060.114 Safari/537.36"
66.249.68.67 - - [20/Jan/2025:02:37:55 -0500] "GET /guide/%E5%85%A5%E5%9C%92 HTTP/1.1" 200 68572 "-" "Mozilla/5.0 (Linux; Android 6.0.1; Nexus 5X Build/MMB29P) AppleWebKit/537.36 (KHTML, like Gecko) Chrome/132.0.6834.83 Mobile Safari/537.36 (compatible; Googlebot/2.1; +http://www.google.com/bot.html)"
85.208.96.195 - - [20/Jan/2025:02:37:56 -0500] "GET /goods/4145006 HTTP/1.1" 404 18012 "-" "Mozilla/5.0 (compatible; SemrushBot/7~bl; +http://www.semrush.com/bot.html)"
66.249.68.36 - - [20/Jan/2025:02:38:19 -0500] "GET /sitemap-8.xml HTTP/1.1" 200 14669 "-" "Mozilla/5.0 (compatible; Googlebot/2.1; +http://www.google.com/bot.html)"
66.29.132.124 - - [20/Jan/2025:02:38:32 -0500] "POST /wp-cron.php?doing_wp_cron=1737358712.7969150543212890625000 HTTP/1.1" 200 0 "-" "WordPress/6.7.1; https://misswavenigeria.com"
165.231.182.52 - - [20/Jan/2025:02:38:32 -0500] "GET / HTTP/1.0" 200 109067 "https://misswavenigeria.com/" "Mozilla/5.0 (Windows NT 6.1; WOW64) AppleWebKit/537.36 (KHTML, like Gecko) Chrome/103.0.0.0 Safari/537.36"
66.29.132.124 - - [20/Jan/2025:02:38:33 -0500] "POST /wp-admin/admin-ajax.php?action=async_litespeed&nonce=sRjItdJ4wTz7bm6oyM9WDNsAHXHECLV6&litespeed_type=imgoptm HTTP/1.1" 200 21 "-" "WordPress/6.7.1; https://misswavenigeria.com"
165.231.182.52 - - [20/Jan/2025:02:38:35 -0500] "GET /register/ HTTP/1.0" 200 75934 "https://misswavenigeria.com/register/" "Mozilla/5.0 (Windows NT 6.1; WOW64) AppleWebKit/537.36 (KHTML, like Gecko) Chrome/103.0.0.0 Safari/537.36"
66.249.68.67 - - [20/Jan/2025:02:38:41 -0500] "GET /goods/846082.html HTTP/1.1" 200 68032 "-" "Mozilla/5.0 (Linux; Android 6.0.1; Nexus 5X Build/MMB29P) AppleWebKit/537.36 (KHTML, like Gecko) Chrome/132.0.6834.83 Mobile Safari/537.36 (compatible; Googlebot/2.1; +http://www.google.com/bot.html)"
85.208.96.211 - - [20/Jan/2025:02:38:43 -0500] "GET /goods/4538058 HTTP/1.1" 404 18013 "-" "Mozilla/5.0 (compatible; SemrushBot/7~bl; +http://www.semrush.com/bot.html)"
66.249.68.66 - - [20/Jan/2025:02:38:50 -0500] "GET /static/1552112 HTTP/1.1" 200 71986 "-" "Mozilla/5.0 (Linux; Android 6.0.1; Nexus 5X Build/MMB29P) AppleWebKit/537.36 (KHTML, like Gecko) Chrome/132.0.6834.83 Mobile Safari/537.36 (compatible; Googlebot/2.1; +http://www.google.com/bot.html)"
185.191.171.11 - - [20/Jan/2025:02:38:59 -0500] "GET /goods/440492 HTTP/1.1" 404 18013 "-" "Mozilla/5.0 (compatible; SemrushBot/7~bl; +http://www.semrush.com/bot.html)"
66.249.79.2 - - [20/Jan/2025:02:39:06 -0500] "GET /guide/10%EF%BD%83%EF%BD%8D%E3%83%92%E3%83%BC%E3%83%AB%E9%AB%98 HTTP/1.1" 200 71459 "-" "Mozilla/5.0 (Linux; Android 6.0.1; Nexus 5X Build/MMB29P) AppleWebKit/537.36 (KHTML, like Gecko) Chrome/132.0.6834.83 Mobile Safari/537.36 (compatible; Googlebot/2.1; +http://www.google.com/bot.html)"
66.29.132.124 - - [20/Jan/2025:02:39:12 -0500] "POST /wp-cron.php?doing_wp_cron=1737358752.1778059005737304687500 HTTP/1.1" 200 0 "-" "WordPress/6.7.1; https://misswavenigeria.com"
85.208.96.206 - - [20/Jan/2025:02:39:12 -0500] "GET /goods/76521 HTTP/1.1" 404 18012 "-" "Mozilla/5.0 (compatible; SemrushBot/7~bl; +http://www.semrush.com/bot.html)"
66.29.132.124 - - [20/Jan/2025:02:39:12 -0500] "POST /wp-admin/admin-ajax.php?action=async_litespeed&nonce=fGQGh1RT2Ul1YDuLF2SNMLoZjVZE86EC&litespeed_type=imgoptm HTTP/1.1" 200 21 "-" "WordPress/6.7.1; https://misswavenigeria.com"
185.191.171.11 - - [20/Jan/2025:02:39:21 -0500] "GET /goods/420371 HTTP/1.1" 404 18013 "-" "Mozilla/5.0 (compatible; SemrushBot/7~bl; +http://www.semrush.com/bot.html)"
66.29.132.124 - - [20/Jan/2025:02:39:43 -0500] "POST /wp-cron.php?doing_wp_cron=1737358783.6342420578002929687500 HTTP/1.1" 200 0 "-" "WordPress/6.7.1; https://misswavenigeria.com"
185.191.171.4 - - [20/Jan/2025:02:39:43 -0500] "GET /goods/162983 HTTP/1.1" 404 18013 "-" "Mozilla/5.0 (compatible; SemrushBot/7~bl; +http://www.semrush.com/bot.html)"
66.249.79.2 - - [20/Jan/2025:02:39:50 -0500] "GET /buy/255HS.html?product_id=987 HTTP/1.1" 200 69502 "-" "Mozilla/5.0 (Linux; Android 6.0.1; Nexus 5X Build/MMB29P) AppleWebKit/537.36 (KHTML, like Gecko) Chrome/132.0.6834.83 Mobile Safari/537.36 (compatible; Googlebot/2.1; +http://www.google.com/bot.html)"
185.191.171.10 - - [20/Jan/2025:02:39:58 -0500] "GET /goods/2092433 HTTP/1.1" 404 18012 "-" "Mozilla/5.0 (compatible; SemrushBot/7~bl; +http://www.semrush.com/bot.html)"
185.191.171.15 - - [20/Jan/2025:02:40:02 -0500] "GET /goods/1835657 HTTP/1.1" 404 18012 "-" "Mozilla/5.0 (compatible; SemrushBot/7~bl; +http://www.semrush.com/bot.html)"
85.208.96.194 - - [20/Jan/2025:02:40:07 -0500] "GET /goods/4366857 HTTP/1.1" 404 18013 "-" "Mozilla/5.0 (compatible; SemrushBot/7~bl; +http://www.semrush.com/bot.html)"
66.249.79.4 - - [20/Jan/2025:02:40:23 -0500] "GET /goods/C485370?k=product HTTP/1.1" 200 71141 "-" "Mozilla/5.0 (Linux; Android 6.0.1; Nexus 5X Build/MMB29P) AppleWebKit/537.36 (KHTML, like Gecko) Chrome/132.0.6834.83 Mobile Safari/537.36 (compatible; Googlebot/2.1; +http://www.google.com/bot.html)"
165.231.182.52 - - [20/Jan/2025:02:38:37 -0500] "POST /register/ HTTP/1.0" 200 76060 "https://misswavenigeria.com/register/" "Mozilla/5.0 (Windows NT 6.1; WOW64) AppleWebKit/537.36 (KHTML, like Gecko) Chrome/103.0.0.0 Safari/537.36"
66.29.132.124 - - [20/Jan/2025:02:40:29 -0500] "POST /wp-cron.php?doing_wp_cron=1737358829.4720900058746337890625 HTTP/1.1" 200 0 "-" "WordPress/6.7.1; https://misswavenigeria.com"
165.231.182.52 - - [20/Jan/2025:02:40:29 -0500] "GET /register/ HTTP/1.0" 200 75934 "https://misswavenigeria.com/" "Mozilla/5.0 (Windows NT 6.1; WOW64) AppleWebKit/537.36 (KHTML, like Gecko) Chrome/103.0.0.0 Safari/537.36"
66.29.132.124 - - [20/Jan/2025:02:40:29 -0500] "POST /wp-admin/admin-ajax.php?action=async_litespeed&nonce=6FREJxBK2A8BaQZXC636NDJTATmjJgp6&litespeed_type=imgoptm HTTP/1.1" 200 21 "-" "WordPress/6.7.1; https://misswavenigeria.com"
185.191.171.15 - - [20/Jan/2025:02:40:48 -0500] "GET /goods/3573762 HTTP/1.1" 404 18012 "-" "Mozilla/5.0 (compatible; SemrushBot/7~bl; +http://www.semrush.com/bot.html)"
85.208.96.198 - - [20/Jan/2025:02:40:50 -0500] "GET /goods/1977173 HTTP/1.1" 404 18012 "-" "Mozilla/5.0 (compatible; SemrushBot/7~bl; +http://www.semrush.com/bot.html)"
66.249.68.66 - - [20/Jan/2025:02:40:55 -0500] "GET /goods/2395662?keyword=%E3%82%B3%E3%83%BC%E3%83%87%E3%83%A5%E3%83%AD%E3%82%A4%E3%83%80%E3%82%A6%E3%83%B3?keyword=YAMAHA HTTP/1.1" 200 68299 "-" "Mozilla/5.0 (Linux; Android 6.0.1; Nexus 5X Build/MMB29P) AppleWebKit/537.36 (KHTML, like Gecko) Chrome/132.0.6834.83 Mobile Safari/537.36 (compatible; Googlebot/2.1; +http://www.google.com/bot.html)"
85.208.96.209 - - [20/Jan/2025:02:40:58 -0500] "GET /goods/4461255 HTTP/1.1" 404 18012 "-" "Mozilla/5.0 (compatible; SemrushBot/7~bl; +http://www.semrush.com/bot.html)"
185.191.171.15 - - [20/Jan/2025:02:41:01 -0500] "GET /goods/3816234 HTTP/1.1" 404 18013 "-" "Mozilla/5.0 (compatible; SemrushBot/7~bl; +http://www.semrush.com/bot.html)"
66.249.68.67 - - [20/Jan/2025:02:41:14 -0500] "GET /show/4162568?keyword=%E3%82%A2%E3%82%AF%E3%82%BB%E3%82%B5%E3%83%AA%E3%83%BC HTTP/1.1" 200 68597 "-" "Mozilla/5.0 (Linux; Android 6.0.1; Nexus 5X Build/MMB29P) AppleWebKit/537.36 (KHTML, like Gecko) Chrome/132.0.6834.83 Mobile Safari/537.36 (compatible; Googlebot/2.1; +http://www.google.com/bot.html)"
66.29.132.124 - - [20/Jan/2025:02:41:26 -0500] "POST /wp-cron.php?doing_wp_cron=1737358886.8536930084228515625000 HTTP/1.1" 200 0 "-" "WordPress/6.7.1; https://misswavenigeria.com"
165.231.182.52 - - [20/Jan/2025:02:41:26 -0500] "GET / HTTP/1.0" 200 109067 "https://misswavenigeria.com/" "Mozilla/5.0 (Windows NT 6.1; Win64; x64) AppleWebKit/537.36 (KHTML, like Gecko) Chrome/103.0.0.0 Safari/537.36"
66.29.132.124 - - [20/Jan/2025:02:41:27 -0500] "POST /wp-admin/admin-ajax.php?action=async_litespeed&nonce=e0TmYYFcqOqMKuI7uztnLFqFu5fYXE3B&litespeed_type=imgoptm HTTP/1.1" 200 21 "-" "WordPress/6.7.1; https://misswavenigeria.com"
165.231.182.52 - - [20/Jan/2025:02:41:29 -0500] "GET /register/ HTTP/1.0" 200 75934 "https://misswavenigeria.com/register/" "Mozilla/5.0 (Windows NT 6.1; Win64; x64) AppleWebKit/537.36 (KHTML, like Gecko) Chrome/103.0.0.0 Safari/537.36"
185.191.171.5 - - [20/Jan/2025:02:41:32 -0500] "GET /goods/2662564 HTTP/1.1" 404 18013 "-" "Mozilla/5.0 (compatible; SemrushBot/7~bl; +http://www.semrush.com/bot.html)"
85.208.96.205 - - [20/Jan/2025:02:41:59 -0500] "GET /goods/4733047 HTTP/1.1" 404 18013 "-" "Mozilla/5.0 (compatible; SemrushBot/7~bl; +http://www.semrush.com/bot.html)"
66.249.68.66 - - [20/Jan/2025:02:42:00 -0500] "GET /?product=septet11370819-308?keyword=NEBURA HTTP/1.1" 200 70644 "-" "Mozilla/5.0 (Linux; Android 6.0.1; Nexus 5X Build/MMB29P) AppleWebKit/537.36 (KHTML, like Gecko) Chrome/132.0.6834.83 Mobile Safari/537.36 (compatible; Googlebot/2.1; +http://www.google.com/bot.html)"
85.208.96.195 - - [20/Jan/2025:02:42:04 -0500] "GET /goods/3742666 HTTP/1.1" 404 18012 "-" "Mozilla/5.0 (compatible; SemrushBot/7~bl; +http://www.semrush.com/bot.html)"
66.249.79.103 - - [20/Jan/2025:02:42:11 -0500] "GET /?product=waveform6428517-128 HTTP/1.1" 200 69123 "-" "Mozilla/5.0 (Linux; Android 6.0.1; Nexus 5X Build/MMB29P) AppleWebKit/537.36 (KHTML, like Gecko) Chrome/132.0.6834.83 Mobile Safari/537.36 (compatible; Googlebot/2.1; +http://www.google.com/bot.html)"
66.249.68.66 - - [20/Jan/2025:02:42:23 -0500] "GET /goods/3852778 HTTP/1.1" 200 68934 "-" "Mozilla/5.0 (Linux; Android 6.0.1; Nexus 5X Build/MMB29P) AppleWebKit/537.36 (KHTML, like Gecko) Chrome/132.0.6834.83 Mobile Safari/537.36 (compatible; Googlebot/2.1; +http://www.google.com/bot.html)"
66.249.68.3 - - [20/Jan/2025:02:42:25 -0500] "GET /goods/1258167 HTTP/1.1" 200 68364 "-" "Mozilla/5.0 (Linux; Android 6.0.1; Nexus 5X Build/MMB29P) AppleWebKit/537.36 (KHTML, like Gecko) Chrome/132.0.6834.83 Mobile Safari/537.36 (compatible; Googlebot/2.1; +http://www.google.com/bot.html)"
66.29.132.124 - - [20/Jan/2025:02:42:40 -0500] "POST /wp-cron.php?doing_wp_cron=1737358960.4750669002532958984375 HTTP/1.1" 200 0 "-" "WordPress/6.7.1; https://misswavenigeria.com"
185.191.171.12 - - [20/Jan/2025:02:42:40 -0500] "GET /goods/758652 HTTP/1.1" 404 18012 "-" "Mozilla/5.0 (compatible; SemrushBot/7~bl; +http://www.semrush.com/bot.html)"
66.29.132.124 - - [20/Jan/2025:02:42:40 -0500] "POST /wp-admin/admin-ajax.php?action=async_litespeed&nonce=w7Y4P6tMtpBJqTEWktRJ3LDgEpF8GfvO&litespeed_type=imgoptm HTTP/1.1" 200 21 "-" "WordPress/6.7.1; https://misswavenigeria.com"
66.249.68.66 - - [20/Jan/2025:02:42:48 -0500] "GET /goods/2395662?keyword=%E3%83%AC%E3%83%87%E3%82%A3%E3%83%BC%E3%82%B9?keyword=%E3%83%95%E3%82%A3%E3%82%AE%E3%83%A5%E3%82%A2 HTTP/1.1" 200 68595 "-" "Mozilla/5.0 (Linux; Android 6.0.1; Nexus 5X Build/MMB29P) AppleWebKit/537.36 (KHTML, like Gecko) Chrome/132.0.6834.83 Mobile Safari/537.36 (compatible; Googlebot/2.1; +http://www.google.com/bot.html)"
165.231.182.52 - - [20/Jan/2025:02:41:31 -0500] "POST /register/ HTTP/1.0" 200 76060 "https://misswavenigeria.com/register/" "Mozilla/5.0 (Windows NT 6.1; Win64; x64) AppleWebKit/537.36 (KHTML, like Gecko) Chrome/103.0.0.0 Safari/537.36"
165.231.182.52 - - [20/Jan/2025:02:42:55 -0500] "GET /register/ HTTP/1.0" 200 75934 "https://misswavenigeria.com/" "Mozilla/5.0 (Windows NT 6.1; Win64; x64) AppleWebKit/537.36 (KHTML, like Gecko) Chrome/103.0.0.0 Safari/537.36"
66.249.68.66 - - [20/Jan/2025:02:43:10 -0500] "GET /goods/4684497?keyword=of HTTP/1.1" 200 68944 "-" "Mozilla/5.0 (Linux; Android 6.0.1; Nexus 5X Build/MMB29P) AppleWebKit/537.36 (KHTML, like Gecko) Chrome/132.0.6834.83 Mobile Safari/537.36 (compatible; Googlebot/2.1; +http://www.google.com/bot.html)"
66.249.68.67 - - [20/Jan/2025:02:43:22 -0500] "GET /?product=sepulchral11370832-372?keyword=T* HTTP/1.1" 200 67303 "-" "Mozilla/5.0 (Linux; Android 6.0.1; Nexus 5X Build/MMB29P) AppleWebKit/537.36 (KHTML, like Gecko) Chrome/132.0.6834.83 Mobile Safari/537.36 (compatible; Googlebot/2.1; +http://www.google.com/bot.html)"
66.29.132.124 - - [20/Jan/2025:02:43:33 -0500] "POST /wp-cron.php?doing_wp_cron=1737359013.8815391063690185546875 HTTP/1.1" 200 0 "-" "WordPress/6.7.1; https://misswavenigeria.com"
85.208.96.199 - - [20/Jan/2025:02:43:33 -0500] "GET /goods/2183482 HTTP/1.1" 404 18013 "-" "Mozilla/5.0 (compatible; SemrushBot/7~bl; +http://www.semrush.com/bot.html)"
66.29.132.124 - - [20/Jan/2025:02:43:34 -0500] "POST /wp-admin/admin-ajax.php?action=async_litespeed&nonce=yMu9BR4poz28KtWzmeC9jeWha8uIyeng&litespeed_type=imgoptm HTTP/1.1" 200 21 "-" "WordPress/6.7.1; https://misswavenigeria.com"
66.249.68.66 - - [20/Jan/2025:02:43:35 -0500] "GET /?product=traverse981026-35 HTTP/1.1" 200 68482 "-" "Mozilla/5.0 (Linux; Android 6.0.1; Nexus 5X Build/MMB29P) AppleWebKit/537.36 (KHTML, like Gecko) Chrome/132.0.6834.83 Mobile Safari/537.36 (compatible; Googlebot/2.1; +http://www.google.com/bot.html)"
