207.46.13.92 - - [20/Jan/2025:02:19:40 -0500] "GET /ilzoy/s2421977.html HTTP/1.1" 200 70997 "-" "Mozilla/5.0 AppleWebKit/537.36 (KHTML, like Gecko; compatible; bingbot/2.0; +http://www.bing.com/bingbot.htm) Chrome/116.0.1938.76 Safari/537.36"
66.249.68.34 - - [20/Jan/2025:02:19:40 -0500] "GET /rcrys/p1156632.html HTTP/1.1" 200 73709 "-" "Mozilla/5.0 (Linux; Android 6.0.1; Nexus 5X Build/MMB29P) AppleWebKit/537.36 (KHTML, like Gecko) Chrome/132.0.6834.83 Mobile Safari/537.36 (compatible; Googlebot/2.1; +http://www.google.com/bot.html)"
40.77.167.33 - - [20/Jan/2025:02:20:00 -0500] "GET /lxdid/k1702237.html HTTP/1.1" 200 69278 "-" "Mozilla/5.0 AppleWebKit/537.36 (KHTML, like Gecko; compatible; bingbot/2.0; +http://www.bing.com/bingbot.htm) Chrome/116.0.1938.76 Safari/537.36"
40.77.167.7 - - [20/Jan/2025:02:20:29 -0500] "GET /rgtdz/b352724.html HTTP/1.1" 200 68634 "-" "Mozilla/5.0 AppleWebKit/537.36 (KHTML, like Gecko; compatible; bingbot/2.0; +http://www.bing.com/bingbot.htm) Chrome/116.0.1938.76 Safari/537.36"
207.46.13.92 - - [20/Jan/2025:02:20:38 -0500] "GET /kcesu/r1920696.html HTTP/1.1" 200 75848 "-" "Mozilla/5.0 AppleWebKit/537.36 (KHTML, like Gecko; compatible; bingbot/2.0; +http://www.bing.com/bingbot.htm) Chrome/116.0.1938.76 Safari/537.36"
207.46.13.92 - - [20/Jan/2025:02:20:59 -0500] "GET /rxrnl/s2619785.html HTTP/1.1" 200 67475 "-" "Mozilla/5.0 AppleWebKit/537.36 (KHTML, like Gecko; compatible; bingbot/2.0; +http://www.bing.com/bingbot.htm) Chrome/116.0.1938.76 Safari/537.36"
52.167.144.168 - - [20/Jan/2025:02:21:00 -0500] "GET /bjztd/i1074595.html HTTP/1.1" 200 68770 "-" "Mozilla/5.0 AppleWebKit/537.36 (KHTML, like Gecko; compatible; bingbot/2.0; +http://www.bing.com/bingbot.htm) Chrome/116.0.1938.76 Safari/537.36"
40.77.167.7 - - [20/Jan/2025:02:21:00 -0500] "GET /mywob/h1942812.html HTTP/1.1" 200 69662 "-" "Mozilla/5.0 AppleWebKit/537.36 (KHTML, like Gecko; compatible; bingbot/2.0; +http://www.bing.com/bingbot.htm) Chrome/116.0.1938.76 Safari/537.36"
40.77.167.33 - - [20/Jan/2025:02:21:04 -0500] "GET /oycwr/y2382177.html HTTP/1.1" 200 68009 "-" "Mozilla/5.0 AppleWebKit/537.36 (KHTML, like Gecko; compatible; bingbot/2.0; +http://www.bing.com/bingbot.htm) Chrome/116.0.1938.76 Safari/537.36"
40.77.167.14 - - [20/Jan/2025:02:21:04 -0500] "GET /cpeim/h2458600.html HTTP/1.1" 200 67957 "-" "Mozilla/5.0 AppleWebKit/537.36 (KHTML, like Gecko; compatible; bingbot/2.0; +http://www.bing.com/bingbot.htm) Chrome/116.0.1938.76 Safari/537.36"
40.77.167.14 - - [20/Jan/2025:02:21:28 -0500] "GET /scfhp/o742347.html HTTP/1.1" 200 67768 "-" "Mozilla/5.0 AppleWebKit/537.36 (KHTML, like Gecko; compatible; bingbot/2.0; +http://www.bing.com/bingbot.htm) Chrome/116.0.1938.76 Safari/537.36"
207.46.13.92 - - [20/Jan/2025:02:21:58 -0500] "GET /qdmdj/d2590572.html HTTP/1.1" 200 71053 "-" "Mozilla/5.0 AppleWebKit/537.36 (KHTML, like Gecko; compatible; bingbot/2.0; +http://www.bing.com/bingbot.htm) Chrome/116.0.1938.76 Safari/537.36"
157.55.39.201 - - [20/Jan/2025:02:21:59 -0500] "GET /otwek/z898800.html HTTP/1.1" 200 68678 "-" "Mozilla/5.0 AppleWebKit/537.36 (KHTML, like Gecko; compatible; bingbot/2.0; +http://www.bing.com/bingbot.htm) Chrome/116.0.1938.76 Safari/537.36"
207.46.13.92 - - [20/Jan/2025:02:22:38 -0500] "GET /igoqt/h2231386.html HTTP/1.1" 200 75932 "-" "Mozilla/5.0 AppleWebKit/537.36 (KHTML, like Gecko; compatible; bingbot/2.0; +http://www.bing.com/bingbot.htm) Chrome/116.0.1938.76 Safari/537.36"
52.167.144.168 - - [20/Jan/2025:02:22:41 -0500] "GET /vrpdm/g1762267.html HTTP/1.1" 200 69878 "-" "Mozilla/5.0 AppleWebKit/537.36 (KHTML, like Gecko; compatible; bingbot/2.0; +http://www.bing.com/bingbot.htm) Chrome/116.0.1938.76 Safari/537.36"
40.77.167.33 - - [20/Jan/2025:02:22:41 -0500] "GET /entcp/c2451445.html HTTP/1.1" 200 67971 "-" "Mozilla/5.0 AppleWebKit/537.36 (KHTML, like Gecko; compatible; bingbot/2.0; +http://www.bing.com/bingbot.htm) Chrome/116.0.1938.76 Safari/537.36"
66.249.68.35 - - [20/Jan/2025:02:23:12 -0500] "GET /static/2290396 HTTP/1.1" 200 69031 "-" "Mozilla/5.0 (Linux; Android 6.0.1; Nexus 5X Build/MMB29P) AppleWebKit/537.36 (KHTML, like Gecko) Chrome/132.0.6834.83 Mobile Safari/537.36 (compatible; Googlebot/2.1; +http://www.google.com/bot.html)"
157.55.39.201 - - [20/Jan/2025:02:23:18 -0500] "GET /lhofz/k2230271.html HTTP/1.1" 200 70252 "-" "Mozilla/5.0 AppleWebKit/537.36 (KHTML, like Gecko; compatible; bingbot/2.0; +http://www.bing.com/bingbot.htm) Chrome/116.0.1938.76 Safari/537.36"
40.77.167.14 - - [20/Jan/2025:02:23:35 -0500] "GET /buapy/q97809.html HTTP/1.1" 200 72986 "-" "Mozilla/5.0 AppleWebKit/537.36 (KHTML, like Gecko; compatible; bingbot/2.0; +http://www.bing.com/bingbot.htm) Chrome/116.0.1938.76 Safari/537.36"
40.77.167.33 - - [20/Jan/2025:02:23:41 -0500] "GET /xmjec/e2566315.html HTTP/1.1" 200 67649 "-" "Mozilla/5.0 AppleWebKit/537.36 (KHTML, like Gecko; compatible; bingbot/2.0; +http://www.bing.com/bingbot.htm) Chrome/116.0.1938.76 Safari/537.36"
52.167.144.168 - - [20/Jan/2025:02:23:42 -0500] "GET /yqhez/f1949986.html HTTP/1.1" 200 67707 "-" "Mozilla/5.0 AppleWebKit/537.36 (KHTML, like Gecko; compatible; bingbot/2.0; +http://www.bing.com/bingbot.htm) Chrome/116.0.1938.76 Safari/537.36"
40.77.167.33 - - [20/Jan/2025:02:23:43 -0500] "GET /nrfkd/v2033254.html HTTP/1.1" 200 67395 "-" "Mozilla/5.0 AppleWebKit/537.36 (KHTML, like Gecko; compatible; bingbot/2.0; +http://www.bing.com/bingbot.htm) Chrome/116.0.1938.76 Safari/537.36"
40.77.167.33 - - [20/Jan/2025:02:23:45 -0500] "GET /nlwwz/f1945982.html HTTP/1.1" 200 72282 "-" "Mozilla/5.0 AppleWebKit/537.36 (KHTML, like Gecko; compatible; bingbot/2.0; +http://www.bing.com/bingbot.htm) Chrome/116.0.1938.76 Safari/537.36"
40.77.167.7 - - [20/Jan/2025:02:24:14 -0500] "GET /cuniy/n2380918.html HTTP/1.1" 200 70805 "-" "Mozilla/5.0 AppleWebKit/537.36 (KHTML, like Gecko; compatible; bingbot/2.0; +http://www.bing.com/bingbot.htm) Chrome/116.0.1938.76 Safari/537.36"
157.55.39.201 - - [20/Jan/2025:02:24:19 -0500] "GET /wosbn/w1353043.html HTTP/1.1" 200 70863 "-" "Mozilla/5.0 AppleWebKit/537.36 (KHTML, like Gecko; compatible; bingbot/2.0; +http://www.bing.com/bingbot.htm) Chrome/116.0.1938.76 Safari/537.36"
157.55.39.201 - - [20/Jan/2025:02:24:21 -0500] "GET /pxper/f1706340.html HTTP/1.1" 200 68249 "-" "Mozilla/5.0 AppleWebKit/537.36 (KHTML, like Gecko; compatible; bingbot/2.0; +http://www.bing.com/bingbot.htm) Chrome/116.0.1938.76 Safari/537.36"
207.46.13.92 - - [20/Jan/2025:02:24:40 -0500] "GET /xwbgq/g2608125.html HTTP/1.1" 200 74633 "-" "Mozilla/5.0 AppleWebKit/537.36 (KHTML, like Gecko; compatible; bingbot/2.0; +http://www.bing.com/bingbot.htm) Chrome/116.0.1938.76 Safari/537.36"
207.46.13.92 - - [20/Jan/2025:02:24:43 -0500] "GET /dhisq/g463801.html HTTP/1.1" 200 68417 "-" "Mozilla/5.0 AppleWebKit/537.36 (KHTML, like Gecko; compatible; bingbot/2.0; +http://www.bing.com/bingbot.htm) Chrome/116.0.1938.76 Safari/537.36"
52.167.144.168 - - [20/Jan/2025:02:24:54 -0500] "GET /yzddk/g751673.html HTTP/1.1" 200 69949 "-" "Mozilla/5.0 AppleWebKit/537.36 (KHTML, like Gecko; compatible; bingbot/2.0; +http://www.bing.com/bingbot.htm) Chrome/116.0.1938.76 Safari/537.36"
207.46.13.92 - - [20/Jan/2025:02:25:22 -0500] "GET /mmlkr/s2764267.html HTTP/1.1" 200 69084 "-" "Mozilla/5.0 AppleWebKit/537.36 (KHTML, like Gecko; compatible; bingbot/2.0; +http://www.bing.com/bingbot.htm) Chrome/116.0.1938.76 Safari/537.36"
52.167.144.168 - - [20/Jan/2025:02:25:23 -0500] "GET /hbqov/a2805719.html HTTP/1.1" 200 69401 "-" "Mozilla/5.0 AppleWebKit/537.36 (KHTML, like Gecko; compatible; bingbot/2.0; +http://www.bing.com/bingbot.htm) Chrome/116.0.1938.76 Safari/537.36"
207.46.13.92 - - [20/Jan/2025:02:25:26 -0500] "GET /zeddh/s2367195.html HTTP/1.1" 200 68163 "-" "Mozilla/5.0 AppleWebKit/537.36 (KHTML, like Gecko; compatible; bingbot/2.0; +http://www.bing.com/bingbot.htm) Chrome/116.0.1938.76 Safari/537.36"
52.167.144.163 - - [20/Jan/2025:02:25:35 -0500] "GET /qlepl/n2784802.html HTTP/1.1" 200 70343 "-" "Mozilla/5.0 AppleWebKit/537.36 (KHTML, like Gecko; compatible; bingbot/2.0; +http://www.bing.com/bingbot.htm) Chrome/116.0.1938.76 Safari/537.36"
207.46.13.92 - - [20/Jan/2025:02:25:41 -0500] "GET /lmfzn/e2737811.html HTTP/1.1" 200 70066 "-" "Mozilla/5.0 AppleWebKit/537.36 (KHTML, like Gecko; compatible; bingbot/2.0; +http://www.bing.com/bingbot.htm) Chrome/116.0.1938.76 Safari/537.36"
52.167.144.163 - - [20/Jan/2025:02:26:07 -0500] "GET /jdwsd/p465682.html HTTP/1.1" 200 68490 "-" "Mozilla/5.0 AppleWebKit/537.36 (KHTML, like Gecko; compatible; bingbot/2.0; +http://www.bing.com/bingbot.htm) Chrome/116.0.1938.76 Safari/537.36"
207.46.13.92 - - [20/Jan/2025:02:26:18 -0500] "GET /fbiit/w1322883.html HTTP/1.1" 200 68194 "-" "Mozilla/5.0 AppleWebKit/537.36 (KHTML, like Gecko; compatible; bingbot/2.0; +http://www.bing.com/bingbot.htm) Chrome/116.0.1938.76 Safari/537.36"
52.167.144.168 - - [20/Jan/2025:02:26:39 -0500] "GET /fhdkb/h604956.html HTTP/1.1" 200 69889 "-" "Mozilla/5.0 AppleWebKit/537.36 (KHTML, like Gecko; compatible; bingbot/2.0; +http://www.bing.com/bingbot.htm) Chrome/116.0.1938.76 Safari/537.36"
40.77.167.33 - - [20/Jan/2025:02:27:01 -0500] "GET /nmlyc/t2232438.html HTTP/1.1" 200 69724 "-" "Mozilla/5.0 AppleWebKit/537.36 (KHTML, like Gecko; compatible; bingbot/2.0; +http://www.bing.com/bingbot.htm) Chrome/116.0.1938.76 Safari/537.36"
207.46.13.92 - - [20/Jan/2025:02:27:08 -0500] "GET /qccmx/e1944473.html HTTP/1.1" 200 70330 "-" "Mozilla/5.0 AppleWebKit/537.36 (KHTML, like Gecko; compatible; bingbot/2.0; +http://www.bing.com/bingbot.htm) Chrome/116.0.1938.76 Safari/537.36"
66.249.68.34 - - [20/Jan/2025:02:27:52 -0500] "GET /reticulatedlii.xml HTTP/1.1" 200 14690 "-" "Mozilla/5.0 (compatible; Googlebot/2.1; +http://www.google.com/bot.html)"
157.55.39.201 - - [20/Jan/2025:02:27:58 -0500] "GET /eovoz/l2786594.html HTTP/1.1" 200 69384 "-" "Mozilla/5.0 AppleWebKit/537.36 (KHTML, like Gecko; compatible; bingbot/2.0; +http://www.bing.com/bingbot.htm) Chrome/116.0.1938.76 Safari/537.36"
157.55.39.201 - - [20/Jan/2025:02:28:00 -0500] "GET /rvlil/y2541557.html HTTP/1.1" 200 67925 "-" "Mozilla/5.0 AppleWebKit/537.36 (KHTML, like Gecko; compatible; bingbot/2.0; +http://www.bing.com/bingbot.htm) Chrome/116.0.1938.76 Safari/537.36"
52.167.144.168 - - [20/Jan/2025:02:28:21 -0500] "GET /pyivm/v832132.html HTTP/1.1" 200 70202 "-" "Mozilla/5.0 AppleWebKit/537.36 (KHTML, like Gecko; compatible; bingbot/2.0; +http://www.bing.com/bingbot.htm) Chrome/116.0.1938.76 Safari/537.36"
52.167.144.168 - - [20/Jan/2025:02:28:23 -0500] "GET /sivff/f1019628.html HTTP/1.1" 200 69458 "-" "Mozilla/5.0 AppleWebKit/537.36 (KHTML, like Gecko; compatible; bingbot/2.0; +http://www.bing.com/bingbot.htm) Chrome/116.0.1938.76 Safari/537.36"
157.55.39.201 - - [20/Jan/2025:02:28:39 -0500] "GET /twilp/k837035.html HTTP/1.1" 200 68483 "-" "Mozilla/5.0 AppleWebKit/537.36 (KHTML, like Gecko; compatible; bingbot/2.0; +http://www.bing.com/bingbot.htm) Chrome/116.0.1938.76 Safari/537.36"
40.77.167.33 - - [20/Jan/2025:02:28:40 -0500] "GET /ejaar/z1559460.html HTTP/1.1" 200 68566 "-" "Mozilla/5.0 AppleWebKit/537.36 (KHTML, like Gecko; compatible; bingbot/2.0; +http://www.bing.com/bingbot.htm) Chrome/116.0.1938.76 Safari/537.36"
40.77.167.33 - - [20/Jan/2025:02:28:42 -0500] "GET /cpiqq/y669999.html HTTP/1.1" 200 69517 "-" "Mozilla/5.0 AppleWebKit/537.36 (KHTML, like Gecko; compatible; bingbot/2.0; +http://www.bing.com/bingbot.htm) Chrome/116.0.1938.76 Safari/537.36"
52.167.144.168 - - [20/Jan/2025:02:28:44 -0500] "GET /rsajk/g1494701.html HTTP/1.1" 200 67789 "-" "Mozilla/5.0 AppleWebKit/537.36 (KHTML, like Gecko; compatible; bingbot/2.0; +http://www.bing.com/bingbot.htm) Chrome/116.0.1938.76 Safari/537.36"
40.77.167.33 - - [20/Jan/2025:02:28:51 -0500] "GET /egmkl/c1427045.html HTTP/1.1" 200 68778 "-" "Mozilla/5.0 AppleWebKit/537.36 (KHTML, like Gecko; compatible; bingbot/2.0; +http://www.bing.com/bingbot.htm) Chrome/116.0.1938.76 Safari/537.36"
157.55.39.204 - - [20/Jan/2025:02:29:19 -0500] "GET /ldyyh/p468438.html HTTP/1.1" 200 68768 "-" "Mozilla/5.0 AppleWebKit/537.36 (KHTML, like Gecko; compatible; bingbot/2.0; +http://www.bing.com/bingbot.htm) Chrome/116.0.1938.76 Safari/537.36"
157.55.39.204 - - [20/Jan/2025:02:29:21 -0500] "GET /msbue/z2119058.html HTTP/1.1" 200 68013 "-" "Mozilla/5.0 AppleWebKit/537.36 (KHTML, like Gecko; compatible; bingbot/2.0; +http://www.bing.com/bingbot.htm) Chrome/116.0.1938.76 Safari/537.36"
52.167.144.163 - - [20/Jan/2025:02:29:39 -0500] "GET /xnevv/x2497356.html HTTP/1.1" 200 69359 "-" "Mozilla/5.0 AppleWebKit/537.36 (KHTML, like Gecko; compatible; bingbot/2.0; +http://www.bing.com/bingbot.htm) Chrome/116.0.1938.76 Safari/537.36"
207.46.13.87 - - [20/Jan/2025:02:29:40 -0500] "GET /ouyiy/k2034881.html HTTP/1.1" 200 67996 "-" "Mozilla/5.0 AppleWebKit/537.36 (KHTML, like Gecko; compatible; bingbot/2.0; +http://www.bing.com/bingbot.htm) Chrome/116.0.1938.76 Safari/537.36"
207.46.13.87 - - [20/Jan/2025:02:30:00 -0500] "GET /raiia/g1575639.html HTTP/1.1" 200 70934 "-" "Mozilla/5.0 AppleWebKit/537.36 (KHTML, like Gecko; compatible; bingbot/2.0; +http://www.bing.com/bingbot.htm) Chrome/116.0.1938.76 Safari/537.36"
52.167.144.163 - - [20/Jan/2025:02:30:17 -0500] "GET /fhqdj/k2420253.html HTTP/1.1" 200 68337 "-" "Mozilla/5.0 AppleWebKit/537.36 (KHTML, like Gecko; compatible; bingbot/2.0; +http://www.bing.com/bingbot.htm) Chrome/116.0.1938.76 Safari/537.36"
52.167.144.163 - - [20/Jan/2025:02:30:20 -0500] "GET /eidpm/j2202242.html HTTP/1.1" 200 70477 "-" "Mozilla/5.0 AppleWebKit/537.36 (KHTML, like Gecko; compatible; bingbot/2.0; +http://www.bing.com/bingbot.htm) Chrome/116.0.1938.76 Safari/537.36"
157.55.39.204 - - [20/Jan/2025:02:30:30 -0500] "GET /ewlwm/j2589070.html HTTP/1.1" 200 70732 "-" "Mozilla/5.0 AppleWebKit/537.36 (KHTML, like Gecko; compatible; bingbot/2.0; +http://www.bing.com/bingbot.htm) Chrome/116.0.1938.76 Safari/537.36"
52.167.144.163 - - [20/Jan/2025:02:30:58 -0500] "GET /gkqvf/h2632514.html HTTP/1.1" 200 69104 "-" "Mozilla/5.0 AppleWebKit/537.36 (KHTML, like Gecko; compatible; bingbot/2.0; +http://www.bing.com/bingbot.htm) Chrome/116.0.1938.76 Safari/537.36"
40.77.167.65 - - [20/Jan/2025:02:31:01 -0500] "GET /mrpzt/d2411068.html HTTP/1.1" 200 73673 "-" "Mozilla/5.0 AppleWebKit/537.36 (KHTML, like Gecko; compatible; bingbot/2.0; +http://www.bing.com/bingbot.htm) Chrome/116.0.1938.76 Safari/537.36"
52.167.144.163 - - [20/Jan/2025:02:31:29 -0500] "GET /mqvpc/v2328952.html HTTP/1.1" 200 70290 "-" "Mozilla/5.0 AppleWebKit/537.36 (KHTML, like Gecko; compatible; bingbot/2.0; +http://www.bing.com/bingbot.htm) Chrome/116.0.1938.76 Safari/537.36"
52.167.144.163 - - [20/Jan/2025:02:31:37 -0500] "GET /gdcoa/m2287135.html HTTP/1.1" 200 71059 "-" "Mozilla/5.0 AppleWebKit/537.36 (KHTML, like Gecko; compatible; bingbot/2.0; +http://www.bing.com/bingbot.htm) Chrome/116.0.1938.76 Safari/537.36"
40.77.167.65 - - [20/Jan/2025:02:31:50 -0500] "GET /elkcx/y1230299.html HTTP/1.1" 200 70668 "-" "Mozilla/5.0 AppleWebKit/537.36 (KHTML, like Gecko; compatible; bingbot/2.0; +http://www.bing.com/bingbot.htm) Chrome/116.0.1938.76 Safari/537.36"
207.46.13.87 - - [20/Jan/2025:02:32:21 -0500] "GET /uhtsc/f379664.html HTTP/1.1" 200 69089 "-" "Mozilla/5.0 AppleWebKit/537.36 (KHTML, like Gecko; compatible; bingbot/2.0; +http://www.bing.com/bingbot.htm) Chrome/116.0.1938.76 Safari/537.36"
157.55.39.204 - - [20/Jan/2025:02:32:21 -0500] "GET /hgnmp/m458503.html HTTP/1.1" 200 68836 "-" "Mozilla/5.0 AppleWebKit/537.36 (KHTML, like Gecko; compatible; bingbot/2.0; +http://www.bing.com/bingbot.htm) Chrome/116.0.1938.76 Safari/537.36"
157.55.39.204 - - [20/Jan/2025:02:32:24 -0500] "GET /ehmmx/i2027235.html HTTP/1.1" 200 68003 "-" "Mozilla/5.0 AppleWebKit/537.36 (KHTML, like Gecko; compatible; bingbot/2.0; +http://www.bing.com/bingbot.htm) Chrome/116.0.1938.76 Safari/537.36"
40.77.167.13 - - [20/Jan/2025:02:33:08 -0500] "GET /osibg/d3005142.html HTTP/1.1" 200 73233 "-" "Mozilla/5.0 AppleWebKit/537.36 (KHTML, like Gecko; compatible; bingbot/2.0; +http://www.bing.com/bingbot.htm) Chrome/116.0.1938.76 Safari/537.36"
40.77.167.13 - - [20/Jan/2025:02:33:11 -0500] "GET /bmgbn/m2850139.html HTTP/1.1" 200 70571 "-" "Mozilla/5.0 AppleWebKit/537.36 (KHTML, like Gecko; compatible; bingbot/2.0; +http://www.bing.com/bingbot.htm) Chrome/116.0.1938.76 Safari/537.36"
52.167.144.198 - - [20/Jan/2025:02:33:30 -0500] "GET /sbpmd/q2986045.html HTTP/1.1" 200 68745 "-" "Mozilla/5.0 AppleWebKit/537.36 (KHTML, like Gecko; compatible; bingbot/2.0; +http://www.bing.com/bingbot.htm) Chrome/116.0.1938.76 Safari/537.36"
40.77.167.65 - - [20/Jan/2025:02:33:31 -0500] "GET /hjxyh/a440993.html HTTP/1.1" 200 68317 "-" "Mozilla/5.0 AppleWebKit/537.36 (KHTML, like Gecko; compatible; bingbot/2.0; +http://www.bing.com/bingbot.htm) Chrome/116.0.1938.76 Safari/537.36"
40.77.167.65 - - [20/Jan/2025:02:34:02 -0500] "GET /ktfpp/p2754254.html HTTP/1.1" 200 68298 "-" "Mozilla/5.0 AppleWebKit/537.36 (KHTML, like Gecko; compatible; bingbot/2.0; +http://www.bing.com/bingbot.htm) Chrome/116.0.1938.76 Safari/537.36"
157.55.39.204 - - [20/Jan/2025:02:34:15 -0500] "GET /hbdha/r1507244.html HTTP/1.1" 200 70149 "-" "Mozilla/5.0 AppleWebKit/537.36 (KHTML, like Gecko; compatible; bingbot/2.0; +http://www.bing.com/bingbot.htm) Chrome/116.0.1938.76 Safari/537.36"
40.77.167.65 - - [20/Jan/2025:02:34:21 -0500] "GET /iieyu/j2518714.html HTTP/1.1" 200 68846 "-" "Mozilla/5.0 AppleWebKit/537.36 (KHTML, like Gecko; compatible; bingbot/2.0; +http://www.bing.com/bingbot.htm) Chrome/116.0.1938.76 Safari/537.36"
52.167.144.163 - - [20/Jan/2025:02:34:36 -0500] "GET /nakvi/m3092927.html HTTP/1.1" 200 69515 "-" "Mozilla/5.0 AppleWebKit/537.36 (KHTML, like Gecko; compatible; bingbot/2.0; +http://www.bing.com/bingbot.htm) Chrome/116.0.1938.76 Safari/537.36"
52.167.144.198 - - [20/Jan/2025:02:34:42 -0500] "GET /bkxue/h2881074.html HTTP/1.1" 200 68799 "-" "Mozilla/5.0 AppleWebKit/537.36 (KHTML, like Gecko; compatible; bingbot/2.0; +http://www.bing.com/bingbot.htm) Chrome/116.0.1938.76 Safari/537.36"
40.77.167.65 - - [20/Jan/2025:02:34:51 -0500] "GET /vjctr/o2845331.html HTTP/1.1" 200 69439 "-" "Mozilla/5.0 AppleWebKit/537.36 (KHTML, like Gecko; compatible; bingbot/2.0; +http://www.bing.com/bingbot.htm) Chrome/116.0.1938.76 Safari/537.36"
40.77.167.13 - - [20/Jan/2025:02:35:16 -0500] "GET /acrey/w1655475.html HTTP/1.1" 200 71945 "-" "Mozilla/5.0 AppleWebKit/537.36 (KHTML, like Gecko; compatible; bingbot/2.0; +http://www.bing.com/bingbot.htm) Chrome/116.0.1938.76 Safari/537.36"
207.46.13.87 - - [20/Jan/2025:02:35:26 -0500] "GET /pdryw/x2313900.html HTTP/1.1" 200 69737 "-" "Mozilla/5.0 AppleWebKit/537.36 (KHTML, like Gecko; compatible; bingbot/2.0; +http://www.bing.com/bingbot.htm) Chrome/116.0.1938.76 Safari/537.36"
40.77.167.65 - - [20/Jan/2025:02:35:42 -0500] "GET /cqlbb/z1846604.html HTTP/1.1" 200 68344 "-" "Mozilla/5.0 AppleWebKit/537.36 (KHTML, like Gecko; compatible; bingbot/2.0; +http://www.bing.com/bingbot.htm) Chrome/116.0.1938.76 Safari/537.36"
66.249.68.33 - - [20/Jan/2025:02:36:02 -0500] "GET /mucusinljt.xml HTTP/1.1" 200 14633 "-" "Mozilla/5.0 (compatible; Googlebot/2.1; +http://www.google.com/bot.html)"
52.167.144.163 - - [20/Jan/2025:02:36:05 -0500] "GET /czlrr/t2130622.html HTTP/1.1" 200 69675 "-" "Mozilla/5.0 AppleWebKit/537.36 (KHTML, like Gecko; compatible; bingbot/2.0; +http://www.bing.com/bingbot.htm) Chrome/116.0.1938.76 Safari/537.36"
52.167.144.163 - - [20/Jan/2025:02:36:06 -0500] "GET /owjjp/s1969785.html HTTP/1.1" 200 71552 "-" "Mozilla/5.0 AppleWebKit/537.36 (KHTML, like Gecko; compatible; bingbot/2.0; +http://www.bing.com/bingbot.htm) Chrome/116.0.1938.76 Safari/537.36"
157.55.39.204 - - [20/Jan/2025:02:36:10 -0500] "GET /iflvj/s473017.html HTTP/1.1" 200 69573 "-" "Mozilla/5.0 AppleWebKit/537.36 (KHTML, like Gecko; compatible; bingbot/2.0; +http://www.bing.com/bingbot.htm) Chrome/116.0.1938.76 Safari/537.36"
207.46.13.87 - - [20/Jan/2025:02:36:30 -0500] "GET /mmztg/i706565.html HTTP/1.1" 200 67155 "-" "Mozilla/5.0 AppleWebKit/537.36 (KHTML, like Gecko; compatible; bingbot/2.0; +http://www.bing.com/bingbot.htm) Chrome/116.0.1938.76 Safari/537.36"
207.46.13.87 - - [20/Jan/2025:02:36:32 -0500] "GET /szyda/m2128639.html HTTP/1.1" 200 67627 "-" "Mozilla/5.0 AppleWebKit/537.36 (KHTML, like Gecko; compatible; bingbot/2.0; +http://www.bing.com/bingbot.htm) Chrome/116.0.1938.76 Safari/537.36"
40.77.167.65 - - [20/Jan/2025:02:36:42 -0500] "GET /exrrn/h2797614.html HTTP/1.1" 200 68757 "-" "Mozilla/5.0 AppleWebKit/537.36 (KHTML, like Gecko; compatible; bingbot/2.0; +http://www.bing.com/bingbot.htm) Chrome/116.0.1938.76 Safari/537.36"
52.167.144.136 - - [20/Jan/2025:02:36:49 -0500] "GET /xgloh/o1135831.html HTTP/1.1" 200 68933 "-" "Mozilla/5.0 AppleWebKit/537.36 (KHTML, like Gecko; compatible; bingbot/2.0; +http://www.bing.com/bingbot.htm) Chrome/116.0.1938.76 Safari/537.36"
157.55.39.204 - - [20/Jan/2025:02:36:51 -0500] "GET /ogyan/c2163235.html HTTP/1.1" 200 67733 "-" "Mozilla/5.0 AppleWebKit/537.36 (KHTML, like Gecko; compatible; bingbot/2.0; +http://www.bing.com/bingbot.htm) Chrome/116.0.1938.76 Safari/537.36"
157.55.39.204 - - [20/Jan/2025:02:36:53 -0500] "GET /xihrw/q1775589.html HTTP/1.1" 200 70117 "-" "Mozilla/5.0 AppleWebKit/537.36 (KHTML, like Gecko; compatible; bingbot/2.0; +http://www.bing.com/bingbot.htm) Chrome/116.0.1938.76 Safari/537.36"
40.77.167.13 - - [20/Jan/2025:02:37:17 -0500] "GET /cyitj/p1014906.html HTTP/1.1" 200 67800 "-" "Mozilla/5.0 AppleWebKit/537.36 (KHTML, like Gecko; compatible; bingbot/2.0; +http://www.bing.com/bingbot.htm) Chrome/116.0.1938.76 Safari/537.36"
207.46.13.87 - - [20/Jan/2025:02:38:00 -0500] "GET /irzup/f2452618.html HTTP/1.1" 200 75459 "-" "Mozilla/5.0 AppleWebKit/537.36 (KHTML, like Gecko; compatible; bingbot/2.0; +http://www.bing.com/bingbot.htm) Chrome/116.0.1938.76 Safari/537.36"
157.55.39.204 - - [20/Jan/2025:02:38:09 -0500] "GET /ppztg/e2346173.html HTTP/1.1" 200 70399 "-" "Mozilla/5.0 AppleWebKit/537.36 (KHTML, like Gecko; compatible; bingbot/2.0; +http://www.bing.com/bingbot.htm) Chrome/116.0.1938.76 Safari/537.36"
157.55.39.204 - - [20/Jan/2025:02:38:30 -0500] "GET /vgcpm/h343448.html HTTP/1.1" 200 68924 "-" "Mozilla/5.0 AppleWebKit/537.36 (KHTML, like Gecko; compatible; bingbot/2.0; +http://www.bing.com/bingbot.htm) Chrome/116.0.1938.76 Safari/537.36"
52.167.144.198 - - [20/Jan/2025:02:38:41 -0500] "GET /epbpc/n126250.html HTTP/1.1" 200 68014 "-" "Mozilla/5.0 AppleWebKit/537.36 (KHTML, like Gecko; compatible; bingbot/2.0; +http://www.bing.com/bingbot.htm) Chrome/116.0.1938.76 Safari/537.36"
52.167.144.198 - - [20/Jan/2025:02:39:12 -0500] "GET /hsmxl/b1170008.html HTTP/1.1" 200 70212 "-" "Mozilla/5.0 AppleWebKit/537.36 (KHTML, like Gecko; compatible; bingbot/2.0; +http://www.bing.com/bingbot.htm) Chrome/116.0.1938.76 Safari/537.36"
52.167.144.136 - - [20/Jan/2025:02:39:28 -0500] "GET /fmopo/o2973771.html HTTP/1.1" 200 69324 "-" "Mozilla/5.0 AppleWebKit/537.36 (KHTML, like Gecko; compatible; bingbot/2.0; +http://www.bing.com/bingbot.htm) Chrome/116.0.1938.76 Safari/537.36"
52.167.144.198 - - [20/Jan/2025:02:39:31 -0500] "GET /nnsbf/h377716.html HTTP/1.1" 200 71538 "-" "Mozilla/5.0 AppleWebKit/537.36 (KHTML, like Gecko; compatible; bingbot/2.0; +http://www.bing.com/bingbot.htm) Chrome/116.0.1938.76 Safari/537.36"
157.55.39.193 - - [20/Jan/2025:02:39:32 -0500] "GET /ngxde/f2219736.html HTTP/1.1" 200 68876 "-" "Mozilla/5.0 AppleWebKit/537.36 (KHTML, like Gecko; compatible; bingbot/2.0; +http://www.bing.com/bingbot.htm) Chrome/116.0.1938.76 Safari/537.36"
157.55.39.204 - - [20/Jan/2025:02:39:39 -0500] "GET /auiwi/p2089460.html HTTP/1.1" 200 67477 "-" "Mozilla/5.0 AppleWebKit/537.36 (KHTML, like Gecko; compatible; bingbot/2.0; +http://www.bing.com/bingbot.htm) Chrome/116.0.1938.76 Safari/537.36"
52.167.144.198 - - [20/Jan/2025:02:39:51 -0500] "GET /uyrhf/m442357.html HTTP/1.1" 200 70033 "-" "Mozilla/5.0 AppleWebKit/537.36 (KHTML, like Gecko; compatible; bingbot/2.0; +http://www.bing.com/bingbot.htm) Chrome/116.0.1938.76 Safari/537.36"
157.55.39.193 - - [20/Jan/2025:02:40:31 -0500] "GET /vuken/r1856996.html HTTP/1.1" 200 69305 "-" "Mozilla/5.0 AppleWebKit/537.36 (KHTML, like Gecko; compatible; bingbot/2.0; +http://www.bing.com/bingbot.htm) Chrome/116.0.1938.76 Safari/537.36"
40.77.167.13 - - [20/Jan/2025:02:40:37 -0500] "GET /gkatx/r3035992.html HTTP/1.1" 200 69313 "-" "Mozilla/5.0 AppleWebKit/537.36 (KHTML, like Gecko; compatible; bingbot/2.0; +http://www.bing.com/bingbot.htm) Chrome/116.0.1938.76 Safari/537.36"
40.77.167.13 - - [20/Jan/2025:02:40:40 -0500] "GET /ndmks/k305829.html HTTP/1.1" 200 68960 "-" "Mozilla/5.0 AppleWebKit/537.36 (KHTML, like Gecko; compatible; bingbot/2.0; +http://www.bing.com/bingbot.htm) Chrome/116.0.1938.76 Safari/537.36"
52.167.144.198 - - [20/Jan/2025:02:40:51 -0500] "GET /yokcj/x868742.html HTTP/1.1" 200 67885 "-" "Mozilla/5.0 AppleWebKit/537.36 (KHTML, like Gecko; compatible; bingbot/2.0; +http://www.bing.com/bingbot.htm) Chrome/116.0.1938.76 Safari/537.36"
207.46.13.78 - - [20/Jan/2025:02:41:01 -0500] "GET /gmgcl/e2094103.html HTTP/1.1" 200 72043 "-" "Mozilla/5.0 AppleWebKit/537.36 (KHTML, like Gecko; compatible; bingbot/2.0; +http://www.bing.com/bingbot.htm) Chrome/116.0.1938.76 Safari/537.36"
40.77.167.13 - - [20/Jan/2025:02:41:16 -0500] "GET /mpsvz/t1202786.html HTTP/1.1" 200 68344 "-" "Mozilla/5.0 AppleWebKit/537.36 (KHTML, like Gecko; compatible; bingbot/2.0; +http://www.bing.com/bingbot.htm) Chrome/116.0.1938.76 Safari/537.36"
157.55.39.193 - - [20/Jan/2025:02:42:19 -0500] "GET /nitnr/s1904447.html HTTP/1.1" 200 70176 "-" "Mozilla/5.0 AppleWebKit/537.36 (KHTML, like Gecko; compatible; bingbot/2.0; +http://www.bing.com/bingbot.htm) Chrome/116.0.1938.76 Safari/537.36"
52.167.144.136 - - [20/Jan/2025:02:42:36 -0500] "GET /hptbc/j1714898.html HTTP/1.1" 200 71046 "-" "Mozilla/5.0 AppleWebKit/537.36 (KHTML, like Gecko; compatible; bingbot/2.0; +http://www.bing.com/bingbot.htm) Chrome/116.0.1938.76 Safari/537.36"
40.77.167.150 - - [20/Jan/2025:02:42:37 -0500] "GET /ewmwv/w2131535.html HTTP/1.1" 200 70670 "-" "Mozilla/5.0 AppleWebKit/537.36 (KHTML, like Gecko; compatible; bingbot/2.0; +http://www.bing.com/bingbot.htm) Chrome/116.0.1938.76 Safari/537.36"
52.167.144.136 - - [20/Jan/2025:02:42:38 -0500] "GET /rblrh/f1811406.html HTTP/1.1" 200 68887 "-" "Mozilla/5.0 AppleWebKit/537.36 (KHTML, like Gecko; compatible; bingbot/2.0; +http://www.bing.com/bingbot.htm) Chrome/116.0.1938.76 Safari/537.36"
40.77.167.22 - - [20/Jan/2025:02:43:11 -0500] "GET /zpwbn/h2793090.html HTTP/1.1" 200 69719 "-" "Mozilla/5.0 AppleWebKit/537.36 (KHTML, like Gecko; compatible; bingbot/2.0; +http://www.bing.com/bingbot.htm) Chrome/116.0.1938.76 Safari/537.36"
207.46.13.78 - - [20/Jan/2025:02:43:21 -0500] "GET /lylpo/o1820775.html HTTP/1.1" 200 68919 "-" "Mozilla/5.0 AppleWebKit/537.36 (KHTML, like Gecko; compatible; bingbot/2.0; +http://www.bing.com/bingbot.htm) Chrome/116.0.1938.76 Safari/537.36"
157.55.39.193 - - [20/Jan/2025:02:43:41 -0500] "GET /tvfdi/t2084446.html HTTP/1.1" 200 68871 "-" "Mozilla/5.0 AppleWebKit/537.36 (KHTML, like Gecko; compatible; bingbot/2.0; +http://www.bing.com/bingbot.htm) Chrome/116.0.1938.76 Safari/537.36"
40.77.167.75 - - [20/Jan/2025:02:44:03 -0500] "GET /dugyr/q2817383.html HTTP/1.1" 200 70394 "-" "Mozilla/5.0 AppleWebKit/537.36 (KHTML, like Gecko; compatible; bingbot/2.0; +http://www.bing.com/bingbot.htm) Chrome/116.0.1938.76 Safari/537.36"
52.167.144.136 - - [20/Jan/2025:02:44:08 -0500] "GET /vmuts/i2017901.html HTTP/1.1" 200 68215 "-" "Mozilla/5.0 AppleWebKit/537.36 (KHTML, like Gecko; compatible; bingbot/2.0; +http://www.bing.com/bingbot.htm) Chrome/116.0.1938.76 Safari/537.36"
52.167.144.136 - - [20/Jan/2025:02:44:18 -0500] "GET /seiix/a2436441.html HTTP/1.1" 200 76013 "-" "Mozilla/5.0 AppleWebKit/537.36 (KHTML, like Gecko; compatible; bingbot/2.0; +http://www.bing.com/bingbot.htm) Chrome/116.0.1938.76 Safari/537.36"
207.46.13.78 - - [20/Jan/2025:02:44:20 -0500] "GET /jcazl/e370745.html HTTP/1.1" 200 67696 "-" "Mozilla/5.0 AppleWebKit/537.36 (KHTML, like Gecko; compatible; bingbot/2.0; +http://www.bing.com/bingbot.htm) Chrome/116.0.1938.76 Safari/537.36"
40.77.167.75 - - [20/Jan/2025:02:45:02 -0500] "GET /zkyte/j1826074.html HTTP/1.1" 200 69091 "-" "Mozilla/5.0 AppleWebKit/537.36 (KHTML, like Gecko; compatible; bingbot/2.0; +http://www.bing.com/bingbot.htm) Chrome/116.0.1938.76 Safari/537.36"
66.29.132.124 - - [20/Jan/2025:02:45:18 -0500] "POST /wp-cron.php?doing_wp_cron=1737359118.1350610256195068359375 HTTP/1.1" 200 0 "-" "WordPress/6.7.1; https://diixadigital.com"
89.121.140.116 - - [20/Jan/2025:02:45:08 -0500] "POST /xmlrpc.php HTTP/1.1" 200 403 "-" "Mozilla/5.0 (X11; Ubuntu; Linux i686; rv:24.0) Gecko/20100101 Firefox/24.0"
139.162.71.171 - - [20/Jan/2025:02:45:02 -0500] "POST /xmlrpc.php HTTP/1.1" 200 403 "-" "Mozilla/5.0 (Windows NT 10.0; Win64; x64) AppleWebKit/537.36 (KHTML, like Gecko) Chrome/90.0.4430.93 Safari/537.36"
66.29.132.124 - - [20/Jan/2025:02:45:19 -0500] "POST /wp-admin/admin-ajax.php?action=async_litespeed&nonce=MRSeljc7PDFs4UeVs3j4jdSb7oDmJZNd&litespeed_type=imgoptm HTTP/1.1" 200 0 "-" "WordPress/6.7.1; https://diixadigital.com"
40.77.167.22 - - [20/Jan/2025:02:45:33 -0500] "GET /dyvrp/h1287092.html HTTP/1.1" 200 70836 "-" "Mozilla/5.0 AppleWebKit/537.36 (KHTML, like Gecko; compatible; bingbot/2.0; +http://www.bing.com/bingbot.htm) Chrome/116.0.1938.76 Safari/537.36"
66.29.132.124 - - [20/Jan/2025:02:45:37 -0500] "POST /wp-cron.php?doing_wp_cron=1737359137.4131190776824951171875 HTTP/1.1" 200 0 "-" "WordPress/6.7.1; https://diixadigital.com"
104.28.254.46 - - [20/Jan/2025:02:45:36 -0500] "POST /xmlrpc.php HTTP/1.1" 200 403 "-" "Mozilla/5.0 (X11; Linux x86_64) AppleWebKit/537.36 (KHTML, like Gecko) Chrome/91.0.4472.114 Safari/537.36"
185.184.155.66 - - [20/Jan/2025:02:45:37 -0500] "POST /xmlrpc.php HTTP/1.1" 200 403 "-" "Mozilla/5.0 (Windows NT 10.0; Win64; x64) AppleWebKit/537.36 (KHTML, like Gecko) Chrome/60.0.3112.113 Safari/537.36"
45.89.237.66 - - [20/Jan/2025:02:45:41 -0500] "POST /xmlrpc.php HTTP/1.1" 200 403 "-" "Mozilla/5.0 (Windows NT 10.0; Win64; x64) AppleWebKit/537.36 (KHTML, like Gecko) Chrome/65.0.3325.181 Safari/537.36"
52.167.144.136 - - [20/Jan/2025:02:45:48 -0500] "GET /gachi/y183461.html HTTP/1.1" 200 69295 "-" "Mozilla/5.0 AppleWebKit/537.36 (KHTML, like Gecko; compatible; bingbot/2.0; +http://www.bing.com/bingbot.htm) Chrome/116.0.1938.76 Safari/537.36"
66.29.132.124 - - [20/Jan/2025:02:46:00 -0500] "POST /wp-cron.php?doing_wp_cron=1737359160.4925129413604736328125 HTTP/1.1" 200 0 "-" "WordPress/6.7.1; https://diixadigital.com"
109.228.57.230 - - [20/Jan/2025:02:46:00 -0500] "POST /xmlrpc.php HTTP/1.1" 200 403 "-" "Mozilla/5.0 (Windows NT 10.0; Win64; x64) AppleWebKit/537.36 (KHTML, like Gecko) Chrome/89.0.4389.90 Safari/537.36"
40.77.167.150 - - [20/Jan/2025:02:46:27 -0500] "GET /mxcub/q2259735.html HTTP/1.1" 200 69487 "-" "Mozilla/5.0 AppleWebKit/537.36 (KHTML, like Gecko; compatible; bingbot/2.0; +http://www.bing.com/bingbot.htm) Chrome/116.0.1938.76 Safari/537.36"
52.167.144.136 - - [20/Jan/2025:02:46:39 -0500] "GET /zjlbo/u2664091.html HTTP/1.1" 200 70516 "-" "Mozilla/5.0 AppleWebKit/537.36 (KHTML, like Gecko; compatible; bingbot/2.0; +http://www.bing.com/bingbot.htm) Chrome/116.0.1938.76 Safari/537.36"
52.167.144.136 - - [20/Jan/2025:02:46:40 -0500] "GET /pscrh/i183211.html HTTP/1.1" 200 69559 "-" "Mozilla/5.0 AppleWebKit/537.36 (KHTML, like Gecko; compatible; bingbot/2.0; +http://www.bing.com/bingbot.htm) Chrome/116.0.1938.76 Safari/537.36"
40.77.167.75 - - [20/Jan/2025:02:46:43 -0500] "GET /bwjel/w2150437.html HTTP/1.1" 200 70605 "-" "Mozilla/5.0 AppleWebKit/537.36 (KHTML, like Gecko; compatible; bingbot/2.0; +http://www.bing.com/bingbot.htm) Chrome/116.0.1938.76 Safari/537.36"
40.77.167.75 - - [20/Jan/2025:02:46:45 -0500] "GET /ptovx/d1422522.html HTTP/1.1" 200 75887 "-" "Mozilla/5.0 AppleWebKit/537.36 (KHTML, like Gecko; compatible; bingbot/2.0; +http://www.bing.com/bingbot.htm) Chrome/116.0.1938.76 Safari/537.36"
40.77.167.150 - - [20/Jan/2025:02:47:15 -0500] "GET /fxnex/w485293.html HTTP/1.1" 200 70048 "-" "Mozilla/5.0 AppleWebKit/537.36 (KHTML, like Gecko; compatible; bingbot/2.0; +http://www.bing.com/bingbot.htm) Chrome/116.0.1938.76 Safari/537.36"
40.77.167.150 - - [20/Jan/2025:02:47:18 -0500] "GET /esikg/j2262588.html HTTP/1.1" 200 68666 "-" "Mozilla/5.0 AppleWebKit/537.36 (KHTML, like Gecko; compatible; bingbot/2.0; +http://www.bing.com/bingbot.htm) Chrome/116.0.1938.76 Safari/537.36"
66.249.68.35 - - [20/Jan/2025:02:47:20 -0500] "GET /bkxfn/v820692.html HTTP/1.1" 200 68061 "-" "Mozilla/5.0 (Linux; Android 6.0.1; Nexus 5X Build/MMB29P) AppleWebKit/537.36 (KHTML, like Gecko) Chrome/132.0.6834.83 Mobile Safari/537.36 (compatible; Googlebot/2.1; +http://www.google.com/bot.html)"
207.46.13.78 - - [20/Jan/2025:02:47:20 -0500] "GET /dfgzd/k1787725.html HTTP/1.1" 200 68960 "-" "Mozilla/5.0 AppleWebKit/537.36 (KHTML, like Gecko; compatible; bingbot/2.0; +http://www.bing.com/bingbot.htm) Chrome/116.0.1938.76 Safari/537.36"
40.77.167.46 - - [20/Jan/2025:02:47:30 -0500] "GET /vxixj/d947242.html HTTP/1.1" 200 68487 "-" "Mozilla/5.0 AppleWebKit/537.36 (KHTML, like Gecko; compatible; bingbot/2.0; +http://www.bing.com/bingbot.htm) Chrome/116.0.1938.76 Safari/537.36"
207.46.13.78 - - [20/Jan/2025:02:47:31 -0500] "GET /vsjwq/c1165641.html HTTP/1.1" 200 70878 "-" "Mozilla/5.0 AppleWebKit/537.36 (KHTML, like Gecko; compatible; bingbot/2.0; +http://www.bing.com/bingbot.htm) Chrome/116.0.1938.76 Safari/537.36"
207.46.13.78 - - [20/Jan/2025:02:47:34 -0500] "GET /oirvo/e477137.html HTTP/1.1" 200 69145 "-" "Mozilla/5.0 AppleWebKit/537.36 (KHTML, like Gecko; compatible; bingbot/2.0; +http://www.bing.com/bingbot.htm) Chrome/116.0.1938.76 Safari/537.36"
157.55.39.193 - - [20/Jan/2025:02:47:41 -0500] "GET /luyfu/t2202330.html HTTP/1.1" 200 70056 "-" "Mozilla/5.0 AppleWebKit/537.36 (KHTML, like Gecko; compatible; bingbot/2.0; +http://www.bing.com/bingbot.htm) Chrome/116.0.1938.76 Safari/537.36"
157.55.39.193 - - [20/Jan/2025:02:47:43 -0500] "GET /lvlww/u718121.html HTTP/1.1" 200 68233 "-" "Mozilla/5.0 AppleWebKit/537.36 (KHTML, like Gecko; compatible; bingbot/2.0; +http://www.bing.com/bingbot.htm) Chrome/116.0.1938.76 Safari/537.36"
40.77.167.150 - - [20/Jan/2025:02:47:56 -0500] "GET /rwjql/c1211401.html HTTP/1.1" 200 67339 "-" "Mozilla/5.0 AppleWebKit/537.36 (KHTML, like Gecko; compatible; bingbot/2.0; +http://www.bing.com/bingbot.htm) Chrome/116.0.1938.76 Safari/537.36"
207.46.13.78 - - [20/Jan/2025:02:48:00 -0500] "GET /vhzya/i2507793.html HTTP/1.1" 200 70131 "-" "Mozilla/5.0 AppleWebKit/537.36 (KHTML, like Gecko; compatible; bingbot/2.0; +http://www.bing.com/bingbot.htm) Chrome/116.0.1938.76 Safari/537.36"
40.77.167.75 - - [20/Jan/2025:02:48:12 -0500] "GET /keiuu/t2776176.html HTTP/1.1" 200 68125 "-" "Mozilla/5.0 AppleWebKit/537.36 (KHTML, like Gecko; compatible; bingbot/2.0; +http://www.bing.com/bingbot.htm) Chrome/116.0.1938.76 Safari/537.36"
40.77.167.75 - - [20/Jan/2025:02:48:15 -0500] "GET /nxwlw/r370940.html HTTP/1.1" 200 68342 "-" "Mozilla/5.0 AppleWebKit/537.36 (KHTML, like Gecko; compatible; bingbot/2.0; +http://www.bing.com/bingbot.htm) Chrome/116.0.1938.76 Safari/537.36"
207.46.13.78 - - [20/Jan/2025:02:48:29 -0500] "GET /gpiav/e2466631.html HTTP/1.1" 200 70118 "-" "Mozilla/5.0 AppleWebKit/537.36 (KHTML, like Gecko; compatible; bingbot/2.0; +http://www.bing.com/bingbot.htm) Chrome/116.0.1938.76 Safari/537.36"
207.46.13.78 - - [20/Jan/2025:02:48:31 -0500] "GET /nbdms/f598766.html HTTP/1.1" 200 69447 "-" "Mozilla/5.0 AppleWebKit/537.36 (KHTML, like Gecko; compatible; bingbot/2.0; +http://www.bing.com/bingbot.htm) Chrome/116.0.1938.76 Safari/537.36"
157.55.39.193 - - [20/Jan/2025:02:48:42 -0500] "GET /pyoeu/x2380720.html HTTP/1.1" 200 69138 "-" "Mozilla/5.0 AppleWebKit/537.36 (KHTML, like Gecko; compatible; bingbot/2.0; +http://www.bing.com/bingbot.htm) Chrome/116.0.1938.76 Safari/537.36"
157.55.39.193 - - [20/Jan/2025:02:48:43 -0500] "GET /vxiay/n2192288.html HTTP/1.1" 200 69777 "-" "Mozilla/5.0 AppleWebKit/537.36 (KHTML, like Gecko; compatible; bingbot/2.0; +http://www.bing.com/bingbot.htm) Chrome/116.0.1938.76 Safari/537.36"
157.55.39.193 - - [20/Jan/2025:02:49:01 -0500] "GET /dwjwe/v445200.html HTTP/1.1" 200 76396 "-" "Mozilla/5.0 AppleWebKit/537.36 (KHTML, like Gecko; compatible; bingbot/2.0; +http://www.bing.com/bingbot.htm) Chrome/116.0.1938.76 Safari/537.36"
157.55.39.193 - - [20/Jan/2025:02:49:02 -0500] "GET /iuunx/m2650017.html HTTP/1.1" 200 68805 "-" "Mozilla/5.0 AppleWebKit/537.36 (KHTML, like Gecko; compatible; bingbot/2.0; +http://www.bing.com/bingbot.htm) Chrome/116.0.1938.76 Safari/537.36"
157.55.39.193 - - [20/Jan/2025:02:49:06 -0500] "GET /jlqnz/s1546791.html HTTP/1.1" 200 69082 "-" "Mozilla/5.0 AppleWebKit/537.36 (KHTML, like Gecko; compatible; bingbot/2.0; +http://www.bing.com/bingbot.htm) Chrome/116.0.1938.76 Safari/537.36"
207.46.13.78 - - [20/Jan/2025:02:49:08 -0500] "GET /onscn/i375351.html HTTP/1.1" 200 69477 "-" "Mozilla/5.0 AppleWebKit/537.36 (KHTML, like Gecko; compatible; bingbot/2.0; +http://www.bing.com/bingbot.htm) Chrome/116.0.1938.76 Safari/537.36"
40.77.167.46 - - [20/Jan/2025:02:49:18 -0500] "GET /bkplv/p2473662.html HTTP/1.1" 200 68464 "-" "Mozilla/5.0 AppleWebKit/537.36 (KHTML, like Gecko; compatible; bingbot/2.0; +http://www.bing.com/bingbot.htm) Chrome/116.0.1938.76 Safari/537.36"
157.55.39.193 - - [20/Jan/2025:02:49:40 -0500] "GET /wepcy/x1198240.html HTTP/1.1" 200 68629 "-" "Mozilla/5.0 AppleWebKit/537.36 (KHTML, like Gecko; compatible; bingbot/2.0; +http://www.bing.com/bingbot.htm) Chrome/116.0.1938.76 Safari/537.36"
207.46.13.102 - - [20/Jan/2025:02:50:11 -0500] "GET /zaorj/l1876542.html HTTP/1.1" 200 68713 "-" "Mozilla/5.0 AppleWebKit/537.36 (KHTML, like Gecko; compatible; bingbot/2.0; +http://www.bing.com/bingbot.htm) Chrome/116.0.1938.76 Safari/537.36"
40.77.167.22 - - [20/Jan/2025:02:50:24 -0500] "GET /tcqnz/s1610699.html HTTP/1.1" 200 67401 "-" "Mozilla/5.0 AppleWebKit/537.36 (KHTML, like Gecko; compatible; bingbot/2.0; +http://www.bing.com/bingbot.htm) Chrome/116.0.1938.76 Safari/537.36"
40.77.167.75 - - [20/Jan/2025:02:50:42 -0500] "GET /jognc/c2191627.html HTTP/1.1" 200 69455 "-" "Mozilla/5.0 AppleWebKit/537.36 (KHTML, like Gecko; compatible; bingbot/2.0; +http://www.bing.com/bingbot.htm) Chrome/116.0.1938.76 Safari/537.36"
207.46.13.78 - - [20/Jan/2025:02:50:51 -0500] "GET /gwzxo/a1452055.html HTTP/1.1" 200 67753 "-" "Mozilla/5.0 AppleWebKit/537.36 (KHTML, like Gecko; compatible; bingbot/2.0; +http://www.bing.com/bingbot.htm) Chrome/116.0.1938.76 Safari/537.36"
40.77.167.22 - - [20/Jan/2025:02:50:55 -0500] "GET /rewri/r2700228.html HTTP/1.1" 200 67297 "-" "Mozilla/5.0 AppleWebKit/537.36 (KHTML, like Gecko; compatible; bingbot/2.0; +http://www.bing.com/bingbot.htm) Chrome/116.0.1938.76 Safari/537.36"
40.77.167.22 - - [20/Jan/2025:02:50:57 -0500] "GET /bfruk/t2935348.html HTTP/1.1" 200 68062 "-" "Mozilla/5.0 AppleWebKit/537.36 (KHTML, like Gecko; compatible; bingbot/2.0; +http://www.bing.com/bingbot.htm) Chrome/116.0.1938.76 Safari/537.36"
207.46.13.102 - - [20/Jan/2025:02:51:11 -0500] "GET /nfofg/z411664.html HTTP/1.1" 200 67159 "-" "Mozilla/5.0 AppleWebKit/537.36 (KHTML, like Gecko; compatible; bingbot/2.0; +http://www.bing.com/bingbot.htm) Chrome/116.0.1938.76 Safari/537.36"
40.77.167.46 - - [20/Jan/2025:02:51:40 -0500] "GET /jyyzs/g426907.html HTTP/1.1" 200 78369 "-" "Mozilla/5.0 AppleWebKit/537.36 (KHTML, like Gecko; compatible; bingbot/2.0; +http://www.bing.com/bingbot.htm) Chrome/116.0.1938.76 Safari/537.36"
40.77.167.150 - - [20/Jan/2025:02:51:48 -0500] "GET /lkklr/m593287.html HTTP/1.1" 200 68449 "-" "Mozilla/5.0 AppleWebKit/537.36 (KHTML, like Gecko; compatible; bingbot/2.0; +http://www.bing.com/bingbot.htm) Chrome/116.0.1938.76 Safari/537.36"
207.46.13.102 - - [20/Jan/2025:02:52:36 -0500] "GET /uqtus/o2031661.html HTTP/1.1" 200 69650 "-" "Mozilla/5.0 AppleWebKit/537.36 (KHTML, like Gecko; compatible; bingbot/2.0; +http://www.bing.com/bingbot.htm) Chrome/116.0.1938.76 Safari/537.36"
40.77.167.46 - - [20/Jan/2025:02:52:40 -0500] "GET /gheix/b1755918.html HTTP/1.1" 200 67955 "-" "Mozilla/5.0 AppleWebKit/537.36 (KHTML, like Gecko; compatible; bingbot/2.0; +http://www.bing.com/bingbot.htm) Chrome/116.0.1938.76 Safari/537.36"
40.77.167.63 - - [20/Jan/2025:02:52:45 -0500] "GET /bwdow/u1705939.html HTTP/1.1" 200 68769 "-" "Mozilla/5.0 AppleWebKit/537.36 (KHTML, like Gecko; compatible; bingbot/2.0; +http://www.bing.com/bingbot.htm) Chrome/116.0.1938.76 Safari/537.36"
40.77.167.63 - - [20/Jan/2025:02:53:12 -0500] "GET /qedmy/k3006449.html HTTP/1.1" 200 67788 "-" "Mozilla/5.0 AppleWebKit/537.36 (KHTML, like Gecko; compatible; bingbot/2.0; +http://www.bing.com/bingbot.htm) Chrome/116.0.1938.76 Safari/537.36"
207.46.13.102 - - [20/Jan/2025:02:53:42 -0500] "GET /hmaxu/y1863503.html HTTP/1.1" 200 70941 "-" "Mozilla/5.0 AppleWebKit/537.36 (KHTML, like Gecko; compatible; bingbot/2.0; +http://www.bing.com/bingbot.htm) Chrome/116.0.1938.76 Safari/537.36"
157.55.39.49 - - [20/Jan/2025:02:53:43 -0500] "GET /mhjuk/h2900938.html HTTP/1.1" 200 68944 "-" "Mozilla/5.0 AppleWebKit/537.36 (KHTML, like Gecko; compatible; bingbot/2.0; +http://www.bing.com/bingbot.htm) Chrome/116.0.1938.76 Safari/537.36"
157.55.39.49 - - [20/Jan/2025:02:53:44 -0500] "GET /pybvb/s2735849.html HTTP/1.1" 200 68068 "-" "Mozilla/5.0 AppleWebKit/537.36 (KHTML, like Gecko; compatible; bingbot/2.0; +http://www.bing.com/bingbot.htm) Chrome/116.0.1938.76 Safari/537.36"
40.77.167.63 - - [20/Jan/2025:02:53:53 -0500] "GET /rylhg/w1795979.html HTTP/1.1" 200 72993 "-" "Mozilla/5.0 AppleWebKit/537.36 (KHTML, like Gecko; compatible; bingbot/2.0; +http://www.bing.com/bingbot.htm) Chrome/116.0.1938.76 Safari/537.36"
157.55.39.49 - - [20/Jan/2025:02:54:00 -0500] "GET /dxxpi/t1921244.html HTTP/1.1" 200 70092 "-" "Mozilla/5.0 AppleWebKit/537.36 (KHTML, like Gecko; compatible; bingbot/2.0; +http://www.bing.com/bingbot.htm) Chrome/116.0.1938.76 Safari/537.36"
157.55.39.49 - - [20/Jan/2025:02:54:03 -0500] "GET /fgcfz/v2201162.html HTTP/1.1" 200 68112 "-" "Mozilla/5.0 AppleWebKit/537.36 (KHTML, like Gecko; compatible; bingbot/2.0; +http://www.bing.com/bingbot.htm) Chrome/116.0.1938.76 Safari/537.36"
40.77.167.63 - - [20/Jan/2025:02:54:53 -0500] "GET /uuukn/i884613.html HTTP/1.1" 200 68821 "-" "Mozilla/5.0 AppleWebKit/537.36 (KHTML, like Gecko; compatible; bingbot/2.0; +http://www.bing.com/bingbot.htm) Chrome/116.0.1938.76 Safari/537.36"
40.77.167.4 - - [20/Jan/2025:02:54:58 -0500] "GET /pedua/i816467.html HTTP/1.1" 200 68412 "-" "Mozilla/5.0 AppleWebKit/537.36 (KHTML, like Gecko; compatible; bingbot/2.0; +http://www.bing.com/bingbot.htm) Chrome/116.0.1938.76 Safari/537.36"
40.77.167.63 - - [20/Jan/2025:02:55:03 -0500] "GET /sgbla/r1687268.html HTTP/1.1" 200 74086 "-" "Mozilla/5.0 AppleWebKit/537.36 (KHTML, like Gecko; compatible; bingbot/2.0; +http://www.bing.com/bingbot.htm) Chrome/116.0.1938.76 Safari/537.36"
66.29.132.124 - - [20/Jan/2025:02:55:25 -0500] "POST /wp-cron.php?doing_wp_cron=1737359725.1335399150848388671875 HTTP/1.1" 200 0 "-" "WordPress/6.7.1; https://diixadigital.com"
40.77.167.63 - - [20/Jan/2025:02:55:24 -0500] "GET /ovruq/r2902430.html HTTP/1.1" 200 67317 "-" "Mozilla/5.0 AppleWebKit/537.36 (KHTML, like Gecko; compatible; bingbot/2.0; +http://www.bing.com/bingbot.htm) Chrome/116.0.1938.76 Safari/537.36"
66.29.132.124 - - [20/Jan/2025:02:55:25 -0500] "POST /wp-admin/admin-ajax.php?action=async_litespeed&nonce=p1BLGGomcA3T3KbWQG88BbweuSIX2LAW&litespeed_type=imgoptm HTTP/1.1" 200 21 "-" "WordPress/6.7.1; https://diixadigital.com"
191.102.156.216 - - [20/Jan/2025:02:55:24 -0500] "GET /contact-us/ HTTP/1.0" 200 72768 "https://diixadigital.com/contact-us/" "Mozilla/5.0 (Windows NT 6.1) AppleWebKit/537.36 (KHTML, like Gecko) Chrome/67.0.3396.99 Safari/537.36"
40.77.167.63 - - [20/Jan/2025:02:55:32 -0500] "GET /lcbgv/i2202111.html HTTP/1.1" 200 69505 "-" "Mozilla/5.0 AppleWebKit/537.36 (KHTML, like Gecko; compatible; bingbot/2.0; +http://www.bing.com/bingbot.htm) Chrome/116.0.1938.76 Safari/537.36"
66.29.132.124 - - [20/Jan/2025:02:55:35 -0500] "POST /wp-cron.php?doing_wp_cron=1737359735.9122579097747802734375 HTTP/1.1" 200 0 "-" "WordPress/6.7.1; https://diixadigital.com"
191.102.156.216 - - [20/Jan/2025:02:55:35 -0500] "POST /contact-us/ HTTP/1.0" 200 72844 "https://diixadigital.com/contact-us/" "Mozilla/5.0 (Windows NT 6.1) AppleWebKit/537.36 (KHTML, like Gecko) Chrome/67.0.3396.99 Safari/537.36"
157.55.39.49 - - [20/Jan/2025:02:55:41 -0500] "GET /vcvvg/f2243526.html HTTP/1.1" 200 68046 "-" "Mozilla/5.0 AppleWebKit/537.36 (KHTML, like Gecko; compatible; bingbot/2.0; +http://www.bing.com/bingbot.htm) Chrome/116.0.1938.76 Safari/537.36"
66.29.132.124 - - [20/Jan/2025:02:55:45 -0500] "POST /wp-cron.php?doing_wp_cron=1737359745.7153329849243164062500 HTTP/1.1" 200 0 "-" "WordPress/6.7.1; https://diixadigital.com"
191.102.156.216 - - [20/Jan/2025:02:55:45 -0500] "GET /contact-us/ HTTP/1.0" 200 72768 "https://diixadigital.com/contact-us/" "Mozilla/5.0 (Windows NT 6.1) AppleWebKit/537.36 (KHTML, like Gecko) Chrome/67.0.3396.99 Safari/537.36"
40.77.167.4 - - [20/Jan/2025:02:55:46 -0500] "GET /rxoxo/j1305970.html HTTP/1.1" 200 69524 "-" "Mozilla/5.0 AppleWebKit/537.36 (KHTML, like Gecko; compatible; bingbot/2.0; +http://www.bing.com/bingbot.htm) Chrome/116.0.1938.76 Safari/537.36"
40.77.167.46 - - [20/Jan/2025:02:55:59 -0500] "GET /bjkqm/h386868.html HTTP/1.1" 200 68629 "-" "Mozilla/5.0 AppleWebKit/537.36 (KHTML, like Gecko; compatible; bingbot/2.0; +http://www.bing.com/bingbot.htm) Chrome/116.0.1938.76 Safari/537.36"
157.55.39.49 - - [20/Jan/2025:02:56:21 -0500] "GET /exmae/c1375747.html HTTP/1.1" 200 68987 "-" "Mozilla/5.0 AppleWebKit/537.36 (KHTML, like Gecko; compatible; bingbot/2.0; +http://www.bing.com/bingbot.htm) Chrome/116.0.1938.76 Safari/537.36"
40.77.167.63 - - [20/Jan/2025:02:57:03 -0500] "GET /dgphi/c585919.html HTTP/1.1" 200 68591 "-" "Mozilla/5.0 AppleWebKit/537.36 (KHTML, like Gecko; compatible; bingbot/2.0; +http://www.bing.com/bingbot.htm) Chrome/116.0.1938.76 Safari/537.36"
40.77.167.4 - - [20/Jan/2025:02:57:18 -0500] "GET /ticem/p2897514.html HTTP/1.1" 200 71372 "-" "Mozilla/5.0 AppleWebKit/537.36 (KHTML, like Gecko; compatible; bingbot/2.0; +http://www.bing.com/bingbot.htm) Chrome/116.0.1938.76 Safari/537.36"
40.77.167.63 - - [20/Jan/2025:02:57:34 -0500] "GET /brelq/x1901072.html HTTP/1.1" 200 69252 "-" "Mozilla/5.0 AppleWebKit/537.36 (KHTML, like Gecko; compatible; bingbot/2.0; +http://www.bing.com/bingbot.htm) Chrome/116.0.1938.76 Safari/537.36"
40.77.167.46 - - [20/Jan/2025:02:57:38 -0500] "GET /ajjza/r1913494.html HTTP/1.1" 200 67677 "-" "Mozilla/5.0 AppleWebKit/537.36 (KHTML, like Gecko; compatible; bingbot/2.0; +http://www.bing.com/bingbot.htm) Chrome/116.0.1938.76 Safari/537.36"
40.77.167.63 - - [20/Jan/2025:02:57:53 -0500] "GET /fmabo/s1688751.html HTTP/1.1" 200 68211 "-" "Mozilla/5.0 AppleWebKit/537.36 (KHTML, like Gecko; compatible; bingbot/2.0; +http://www.bing.com/bingbot.htm) Chrome/116.0.1938.76 Safari/537.36"
40.77.167.4 - - [20/Jan/2025:02:57:58 -0500] "GET /uvdbf/e2225975.html HTTP/1.1" 200 68097 "-" "Mozilla/5.0 AppleWebKit/537.36 (KHTML, like Gecko; compatible; bingbot/2.0; +http://www.bing.com/bingbot.htm) Chrome/116.0.1938.76 Safari/537.36"
40.77.167.63 - - [20/Jan/2025:02:58:03 -0500] "GET /psqqs/k2354733.html HTTP/1.1" 200 70663 "-" "Mozilla/5.0 AppleWebKit/537.36 (KHTML, like Gecko; compatible; bingbot/2.0; +http://www.bing.com/bingbot.htm) Chrome/116.0.1938.76 Safari/537.36"
207.46.13.102 - - [20/Jan/2025:02:58:21 -0500] "GET /heqbw/m1359741.html HTTP/1.1" 200 67055 "-" "Mozilla/5.0 AppleWebKit/537.36 (KHTML, like Gecko; compatible; bingbot/2.0; +http://www.bing.com/bingbot.htm) Chrome/116.0.1938.76 Safari/537.36"
40.77.167.4 - - [20/Jan/2025:02:58:28 -0500] "GET /pbhjf/q1409977.html HTTP/1.1" 200 71240 "-" "Mozilla/5.0 AppleWebKit/537.36 (KHTML, like Gecko; compatible; bingbot/2.0; +http://www.bing.com/bingbot.htm) Chrome/116.0.1938.76 Safari/537.36"
40.77.167.63 - - [20/Jan/2025:02:58:33 -0500] "GET /mkfrd/h2071668.html HTTP/1.1" 200 70614 "-" "Mozilla/5.0 AppleWebKit/537.36 (KHTML, like Gecko; compatible; bingbot/2.0; +http://www.bing.com/bingbot.htm) Chrome/116.0.1938.76 Safari/537.36"
207.46.13.102 - - [20/Jan/2025:02:58:52 -0500] "GET /pehji/e428309.html HTTP/1.1" 200 68526 "-" "Mozilla/5.0 AppleWebKit/537.36 (KHTML, like Gecko; compatible; bingbot/2.0; +http://www.bing.com/bingbot.htm) Chrome/116.0.1938.76 Safari/537.36"
40.77.167.63 - - [20/Jan/2025:02:58:56 -0500] "GET /dlkqb/x186606.html HTTP/1.1" 200 68972 "-" "Mozilla/5.0 AppleWebKit/537.36 (KHTML, like Gecko; compatible; bingbot/2.0; +http://www.bing.com/bingbot.htm) Chrome/116.0.1938.76 Safari/537.36"
40.77.167.63 - - [20/Jan/2025:02:59:03 -0500] "GET /ehtxy/x949758.html HTTP/1.1" 200 68198 "-" "Mozilla/5.0 AppleWebKit/537.36 (KHTML, like Gecko; compatible; bingbot/2.0; +http://www.bing.com/bingbot.htm) Chrome/116.0.1938.76 Safari/537.36"
157.55.39.49 - - [20/Jan/2025:02:59:22 -0500] "GET /ilvlr/k2283597.html HTTP/1.1" 200 68323 "-" "Mozilla/5.0 AppleWebKit/537.36 (KHTML, like Gecko; compatible; bingbot/2.0; +http://www.bing.com/bingbot.htm) Chrome/116.0.1938.76 Safari/537.36"
40.77.167.63 - - [20/Jan/2025:02:59:33 -0500] "GET /rozcd/g897715.html HTTP/1.1" 200 70955 "-" "Mozilla/5.0 AppleWebKit/537.36 (KHTML, like Gecko; compatible; bingbot/2.0; +http://www.bing.com/bingbot.htm) Chrome/116.0.1938.76 Safari/537.36"
40.77.167.63 - - [20/Jan/2025:02:59:34 -0500] "GET /ulzxi/m2049209.html HTTP/1.1" 200 70553 "-" "Mozilla/5.0 AppleWebKit/537.36 (KHTML, like Gecko; compatible; bingbot/2.0; +http://www.bing.com/bingbot.htm) Chrome/116.0.1938.76 Safari/537.36"
