17.241.75.17 - - [20/Jan/2025:01:34:21 -0500] "GET /public/hotel/camas-hotel-suite?lokasie=/home/wavevlvu/book24.ng/public/landing/img/other/calendar.svg&loknya=/home/wavevlvu/book24.ng/public/landing/img/other HTTP/1.1" 200 4073 "-" "Mozilla/5.0 (Macintosh; Intel Mac OS X 10_15_7) AppleWebKit/605.1.15 (KHTML, like Gecko) Version/17.4 Safari/605.1.15 (Applebot/0.1; +http://www.apple.com/go/applebot)"
17.241.75.17 - - [20/Jan/2025:01:34:24 -0500] "GET /public/profile/55?lokasie=/var/softaculous/logaholic/global.php&loknya=/var/softaculous/logaholic HTTP/1.1" 200 2099 "-" "Mozilla/5.0 (Macintosh; Intel Mac OS X 10_15_7) AppleWebKit/605.1.15 (KHTML, like Gecko) Version/17.4 Safari/605.1.15 (Applebot/0.1; +http://www.apple.com/go/applebot)"
17.241.227.116 - - [20/Jan/2025:01:34:27 -0500] "GET /public/tour/easter-in-nairobi-800k?loknya=/home/wavevlvu/book24.ng/public/dist/frontend HTTP/1.1" 200 2764 "-" "Mozilla/5.0 (Macintosh; Intel Mac OS X 10_15_7) AppleWebKit/605.1.15 (KHTML, like Gecko) Version/17.4 Safari/605.1.15 (Applebot/0.1; +http://www.apple.com/go/applebot)"
17.241.227.116 - - [20/Jan/2025:01:34:30 -0500] "GET /public/boat/25-seater-boat-120khr?lokasie=/lib64/libaspell.so.15&loknya=/lib64 HTTP/1.1" 200 1951 "-" "Mozilla/5.0 (Macintosh; Intel Mac OS X 10_15_7) AppleWebKit/605.1.15 (KHTML, like Gecko) Version/17.4 Safari/605.1.15 (Applebot/0.1; +http://www.apple.com/go/applebot)"
17.241.227.242 - - [20/Jan/2025:01:34:34 -0500] "GET /public/space/3-bedroom-luxurious-apartment?lokasie=/lib64/libevent_openssl-2.1.so.6.0.2&loknya=/lib64 HTTP/1.1" 200 1959 "-" "Mozilla/5.0 (Macintosh; Intel Mac OS X 10_15_7) AppleWebKit/605.1.15 (KHTML, like Gecko) Version/17.4 Safari/605.1.15 (Applebot/0.1; +http://www.apple.com/go/applebot)"
17.241.227.243 - - [20/Jan/2025:01:34:38 -0500] "GET /public/space/2-bedroom-apartment-at-ikate-lekki?lokasie=/home/wavevlvu/book24.ng/public/images/ico_close.svg&loknya=/home/wavevlvu/book24.ng/public/images HTTP/1.1" 200 2378 "-" "Mozilla/5.0 (Macintosh; Intel Mac OS X 10_15_7) AppleWebKit/605.1.15 (KHTML, like Gecko) Version/17.4 Safari/605.1.15 (Applebot/0.1; +http://www.apple.com/go/applebot)"
17.241.227.243 - - [20/Jan/2025:01:34:41 -0500] "GET /public/profile/book24/reviews?lokasie=/home/wavevlvu/tacafoundation.org/wp-includes//error-protection.php&loknya=/home/wavevlvu/tacafoundation.org/wp-includes/ HTTP/1.1" 200 3508 "-" "Mozilla/5.0 (Macintosh; Intel Mac OS X 10_15_7) AppleWebKit/605.1.15 (KHTML, like Gecko) Version/17.4 Safari/605.1.15 (Applebot/0.1; +http://www.apple.com/go/applebot)"
17.241.227.243 - - [20/Jan/2025:01:34:44 -0500] "GET /public/profile/kimmelapartments/services?loknya=/home/wavevlvu/book24.ng/vendor/barryvdh/laravel-debugbar HTTP/1.1" 200 3002 "-" "Mozilla/5.0 (Macintosh; Intel Mac OS X 10_15_7) AppleWebKit/605.1.15 (KHTML, like Gecko) Version/17.4 Safari/605.1.15 (Applebot/0.1; +http://www.apple.com/go/applebot)"
17.241.227.243 - - [20/Jan/2025:01:34:47 -0500] "GET /public/profile/55/services?lokasie=/var/softaculous/wp57/soft.htaccess&loknya=/var/softaculous/wp57 HTTP/1.1" 200 2067 "-" "Mozilla/5.0 (Macintosh; Intel Mac OS X 10_15_7) AppleWebKit/605.1.15 (KHTML, like Gecko) Version/17.4 Safari/605.1.15 (Applebot/0.1; +http://www.apple.com/go/applebot)"
102.129.153.105 - - [20/Jan/2025:01:34:53 -0500] "GET / HTTP/1.0" 200 1044978 "https://book24.ng/" "Mozilla/5.0 (Windows NT 10.0; Win64; x64) AppleWebKit/537.36 (KHTML, like Gecko) Chrome/131.0.0.0 Safari/537.36 Avast/131.0.0.0"
17.241.227.158 - - [20/Jan/2025:01:34:51 -0500] "GET /public/hotel/camas-hotel-suite?lokasie=/home/wavevlvu/misswavenigeria.com/.hcflag&loknya=/home/wavevlvu/misswavenigeria.com HTTP/1.1" 200 2001 "-" "Mozilla/5.0 (Macintosh; Intel Mac OS X 10_15_7) AppleWebKit/605.1.15 (KHTML, like Gecko) Version/17.4 Safari/605.1.15 (Applebot/0.1; +http://www.apple.com/go/applebot)"
17.241.75.147 - - [20/Jan/2025:01:34:54 -0500] "GET /public/profile/book24/services?lokasie=/home/wavevlvu/lscache/0/1/a/01ae75bf6202b84c&loknya=/home/wavevlvu/lscache/0/1/a HTTP/1.1" 200 2002 "-" "Mozilla/5.0 (Macintosh; Intel Mac OS X 10_15_7) AppleWebKit/605.1.15 (KHTML, like Gecko) Version/17.4 Safari/605.1.15 (Applebot/0.1; +http://www.apple.com/go/applebot)"
17.241.75.147 - - [20/Jan/2025:01:34:57 -0500] "GET /public/boat/25-seater-luxury-yacht-250khr?lokasie=/home/wavevlvu/book24.ng/public/storage/framework/sessions/Fuq5dPIvvnBkSfdUqiT3sEKEz8hVlheC8p9YCiWM&loknya=/home/wavevlvu/book24.ng/public/storage/framework/sessions HTTP/1.1" 200 2061 "-" "Mozilla/5.0 (Macintosh; Intel Mac OS X 10_15_7) AppleWebKit/605.1.15 (KHTML, like Gecko) Version/17.4 Safari/605.1.15 (Applebot/0.1; +http://www.apple.com/go/applebot)"
17.241.75.147 - - [20/Jan/2025:01:35:00 -0500] "GET /public/tour/visit-kigali-this-easter-620k?lokasie=/bin/infotocap&loknya=/bin HTTP/1.1" 200 1942 "-" "Mozilla/5.0 (Macintosh; Intel Mac OS X 10_15_7) AppleWebKit/605.1.15 (KHTML, like Gecko) Version/17.4 Safari/605.1.15 (Applebot/0.1; +http://www.apple.com/go/applebot)"
17.241.227.187 - - [20/Jan/2025:01:35:05 -0500] "GET /public/space/3-bedroom-luxurious-apartment?lokasie=/lib64/libXtst.so.6&loknya=/lib64 HTTP/1.1" 200 1948 "-" "Mozilla/5.0 (Macintosh; Intel Mac OS X 10_15_7) AppleWebKit/605.1.15 (KHTML, like Gecko) Version/17.4 Safari/605.1.15 (Applebot/0.1; +http://www.apple.com/go/applebot)"
17.241.75.143 - - [20/Jan/2025:01:35:05 -0500] "GET /public/profile/60/services?lokasie=/home/wavevlvu/blog.diixadigital.com//robots.txt&loknya=/home/wavevlvu/blog.diixadigital.com/ HTTP/1.1" 200 2075 "-" "Mozilla/5.0 (Macintosh; Intel Mac OS X 10_15_7) AppleWebKit/605.1.15 (KHTML, like Gecko) Version/17.4 Safari/605.1.15 (Applebot/0.1; +http://www.apple.com/go/applebot)"
17.241.219.248 - - [20/Jan/2025:01:35:09 -0500] "GET /public/index.php?lokasie=/home/wavevlvu/mail/new/1651953653.M510723P943780.premium58.web-hosting.com,S=2951,W=3027&loknya=/home/wavevlvu/mail/new HTTP/1.1" 200 3109 "-" "Mozilla/5.0 (Macintosh; Intel Mac OS X 10_15_7) AppleWebKit/605.1.15 (KHTML, like Gecko) Version/17.4 Safari/605.1.15 (Applebot/0.1; +http://www.apple.com/go/applebot)"
17.241.219.248 - - [20/Jan/2025:01:35:12 -0500] "GET /public/boat/25-seater-boat-120khr?loknya=/lib64/perl5/vendor_perl/Scalar HTTP/1.1" 200 2497 "-" "Mozilla/5.0 (Macintosh; Intel Mac OS X 10_15_7) AppleWebKit/605.1.15 (KHTML, like Gecko) Version/17.4 Safari/605.1.15 (Applebot/0.1; +http://www.apple.com/go/applebot)"
4.227.36.73 - - [20/Jan/2025:01:35:16 -0500] "GET /profile/book24/services/?amp%3Bamp%3Bamp%3Bamp%3Bamp%3Bamp%3Bamp%3Bset_currency=usd&amp%3Bamp%3Bamp%3Bamp%3Bamp%3Bamp%3Bset_currency=usd&amp%3Bamp%3Bamp%3Bamp%3Bamp%3Bpage=3&amp%3Bamp%3Bamp%3Bamp%3Bamp%3Bset_currency=usd&amp%3Bamp%3Bamp%3Bamp%3Bpage=2&amp%3Bamp%3Bamp%3Bamp%3Bset_currency=gbp&amp%3Bamp%3Bamp%3Bset_currency=usd&amp%3Bamp%3Bset_currency=gbp&amp%3Bset_currency=gbp&set_currency=usd&type=tour HTTP/1.1" 403 0 "-" "Mozilla/5.0 AppleWebKit/537.36 (KHTML, like Gecko; compatible; GPTBot/1.2; +https://openai.com/gptbot)"
4.227.36.73 - - [20/Jan/2025:01:35:18 -0500] "GET /profile/book24/services/?amp%3Bamp%3Bamp%3Bamp%3Bamp%3Bamp%3Bamp%3Bamp%3Bset_currency=usd&amp%3Bamp%3Bamp%3Bamp%3Bamp%3Bamp%3Bamp%3Bset_currency=usd&amp%3Bamp%3Bamp%3Bamp%3Bamp%3Bamp%3Bpage=3&amp%3Bamp%3Bamp%3Bamp%3Bamp%3Bamp%3Bset_currency=usd&amp%3Bamp%3Bamp%3Bamp%3Bamp%3Bpage=2&amp%3Bamp%3Bamp%3Bamp%3Bamp%3Bset_currency=gbp&amp%3Bamp%3Bamp%3Bamp%3Bpage=3&amp%3Bamp%3Bamp%3Bpage=3&amp%3Bamp%3Bpage=2&amp%3Bpage=3&type=tour HTTP/1.1" 403 0 "-" "Mozilla/5.0 AppleWebKit/537.36 (KHTML, like Gecko; compatible; GPTBot/1.2; +https://openai.com/gptbot)"
17.241.219.248 - - [20/Jan/2025:01:35:16 -0500] "GET /public/space/2bed-apartment-lekki-phase-1?lokasie=/lib64/libasound.so.2&loknya=/lib64 HTTP/1.1" 200 1949 "-" "Mozilla/5.0 (Macintosh; Intel Mac OS X 10_15_7) AppleWebKit/605.1.15 (KHTML, like Gecko) Version/17.4 Safari/605.1.15 (Applebot/0.1; +http://www.apple.com/go/applebot)"
17.241.219.248 - - [20/Jan/2025:01:35:19 -0500] "GET /public/profile/55?lokasie=/usr/lib64/libkrad.so.0.0&loknya=/usr/lib64 HTTP/1.1" 200 1961 "-" "Mozilla/5.0 (Macintosh; Intel Mac OS X 10_15_7) AppleWebKit/605.1.15 (KHTML, like Gecko) Version/17.4 Safari/605.1.15 (Applebot/0.1; +http://www.apple.com/go/applebot)"
4.227.36.73 - - [20/Jan/2025:01:35:22 -0500] "GET /profile/book24/services/?amp%3Bamp%3Bamp%3Bamp%3Bamp%3Bamp%3Bamp%3Bamp%3Bset_currency=usd&amp%3Bamp%3Bamp%3Bamp%3Bamp%3Bamp%3Bamp%3Bset_currency=usd&amp%3Bamp%3Bamp%3Bamp%3Bamp%3Bamp%3Bpage=3&amp%3Bamp%3Bamp%3Bamp%3Bamp%3Bamp%3Bset_currency=usd&amp%3Bamp%3Bamp%3Bamp%3Bamp%3Bpage=2&amp%3Bamp%3Bamp%3Bamp%3Bamp%3Bset_currency=gbp&amp%3Bamp%3Bamp%3Bamp%3Bpage=3&amp%3Bamp%3Bamp%3Bpage=2&amp%3Bamp%3Bpage=3&amp%3Bpage=2&type=tour HTTP/1.1" 403 0 "-" "Mozilla/5.0 AppleWebKit/537.36 (KHTML, like Gecko; compatible; GPTBot/1.2; +https://openai.com/gptbot)"
17.241.219.248 - - [20/Jan/2025:01:35:22 -0500] "GET /public/tour/visit-kigali-this-easter-620k?lokasie=/var/softaculous/hesk/upgrade.xml&loknya=/var/softaculous/hesk HTTP/1.1" 200 2180 "-" "Mozilla/5.0 (Macintosh; Intel Mac OS X 10_15_7) AppleWebKit/605.1.15 (KHTML, like Gecko) Version/17.4 Safari/605.1.15 (Applebot/0.1; +http://www.apple.com/go/applebot)"
4.227.36.73 - - [20/Jan/2025:01:35:25 -0500] "GET /profile/book24/services/?amp%3Bamp%3Bamp%3Bamp%3Bamp%3Bamp%3Bamp%3Bamp%3Bset_currency=usd&amp%3Bamp%3Bamp%3Bamp%3Bamp%3Bamp%3Bamp%3Bset_currency=usd&amp%3Bamp%3Bamp%3Bamp%3Bamp%3Bamp%3Bpage=3&amp%3Bamp%3Bamp%3Bamp%3Bamp%3Bamp%3Bset_currency=usd&amp%3Bamp%3Bamp%3Bamp%3Bamp%3Bpage=2&amp%3Bamp%3Bamp%3Bamp%3Bamp%3Bset_currency=gbp&amp%3Bamp%3Bamp%3Bamp%3Bpage=3&amp%3Bamp%3Bamp%3Bpage=3&amp%3Bamp%3Bpage=2&amp%3Bpage=2&type=tour HTTP/1.1" 403 0 "-" "Mozilla/5.0 AppleWebKit/537.36 (KHTML, like Gecko; compatible; GPTBot/1.2; +https://openai.com/gptbot)"
4.227.36.73 - - [20/Jan/2025:01:35:27 -0500] "GET /profile/book24/services/?amp%3Bamp%3Bamp%3Bamp%3Bamp%3Bamp%3Bamp%3Bset_currency=usd&amp%3Bamp%3Bamp%3Bamp%3Bamp%3Bamp%3Bset_currency=usd&amp%3Bamp%3Bamp%3Bamp%3Bamp%3Bpage=3&amp%3Bamp%3Bamp%3Bamp%3Bamp%3Bset_currency=usd&amp%3Bamp%3Bamp%3Bamp%3Bpage=2&amp%3Bamp%3Bamp%3Bamp%3Bset_currency=gbp&amp%3Bamp%3Bamp%3Bset_currency=usd&amp%3Bamp%3Bset_currency=gbp&amp%3Bset_currency=usd&set_currency=gbp&type=tour HTTP/1.1" 403 0 "-" "Mozilla/5.0 AppleWebKit/537.36 (KHTML, like Gecko; compatible; GPTBot/1.2; +https://openai.com/gptbot)"
17.241.219.248 - - [20/Jan/2025:01:35:25 -0500] "GET /public/profile/book24admin/services?lokasie=/lib/.build-id/be/e2758f18cd9793a00fd81ace34273a72dc238e&loknya=/lib/.build-id/be HTTP/1.1" 200 2000 "-" "Mozilla/5.0 (Macintosh; Intel Mac OS X 10_15_7) AppleWebKit/605.1.15 (KHTML, like Gecko) Version/17.4 Safari/605.1.15 (Applebot/0.1; +http://www.apple.com/go/applebot)"
17.241.219.90 - - [20/Jan/2025:01:35:29 -0500] "GET /public/space/xx/index.php?lokasie=/lib/.build-id/c6/15a9e26e129de5823e80d00533a0c865d78c06&loknya=/lib/.build-id/c6 HTTP/1.1" 200 2000 "-" "Mozilla/5.0 (Macintosh; Intel Mac OS X 10_15_7) AppleWebKit/605.1.15 (KHTML, like Gecko) Version/17.4 Safari/605.1.15 (Applebot/0.1; +http://www.apple.com/go/applebot)"
4.227.36.73 - - [20/Jan/2025:01:35:31 -0500] "GET /profile/book24/services/?amp%3Bamp%3Bamp%3Bamp%3Bamp%3Bamp%3Bamp%3Bamp%3Bset_currency=usd&amp%3Bamp%3Bamp%3Bamp%3Bamp%3Bamp%3Bamp%3Bset_currency=usd&amp%3Bamp%3Bamp%3Bamp%3Bamp%3Bamp%3Bpage=3&amp%3Bamp%3Bamp%3Bamp%3Bamp%3Bamp%3Bset_currency=usd&amp%3Bamp%3Bamp%3Bamp%3Bamp%3Bpage=2&amp%3Bamp%3Bamp%3Bamp%3Bamp%3Bset_currency=gbp&amp%3Bamp%3Bamp%3Bamp%3Bpage=1&amp%3Bamp%3Bamp%3Bpage=3&amp%3Bamp%3Bpage=2&amp%3Bpage=3&type=tour HTTP/1.1" 403 0 "-" "Mozilla/5.0 AppleWebKit/537.36 (KHTML, like Gecko; compatible; GPTBot/1.2; +https://openai.com/gptbot)"
4.227.36.73 - - [20/Jan/2025:01:35:33 -0500] "GET /profile/book24/services/?amp%3Bamp%3Bamp%3Bamp%3Bamp%3Bamp%3Bamp%3Bamp%3Bset_currency=usd&amp%3Bamp%3Bamp%3Bamp%3Bamp%3Bamp%3Bamp%3Bset_currency=usd&amp%3Bamp%3Bamp%3Bamp%3Bamp%3Bamp%3Bpage=3&amp%3Bamp%3Bamp%3Bamp%3Bamp%3Bamp%3Bset_currency=usd&amp%3Bamp%3Bamp%3Bamp%3Bamp%3Bpage=2&amp%3Bamp%3Bamp%3Bamp%3Bamp%3Bset_currency=gbp&amp%3Bamp%3Bamp%3Bamp%3Bpage=2&amp%3Bamp%3Bamp%3Bpage=1&amp%3Bamp%3Bpage=3&amp%3Bpage=2&type=tour HTTP/1.1" 403 0 "-" "Mozilla/5.0 AppleWebKit/537.36 (KHTML, like Gecko; compatible; GPTBot/1.2; +https://openai.com/gptbot)"
17.241.227.136 - - [20/Jan/2025:01:35:32 -0500] "GET /public/profile/book24/services?lokasie=/home/wavevlvu/lscache/a/7/c/a7cc79887d697cb8&loknya=/home/wavevlvu/lscache/a/7/c HTTP/1.1" 200 2002 "-" "Mozilla/5.0 (Macintosh; Intel Mac OS X 10_15_7) AppleWebKit/605.1.15 (KHTML, like Gecko) Version/17.4 Safari/605.1.15 (Applebot/0.1; +http://www.apple.com/go/applebot)"
17.241.227.136 - - [20/Jan/2025:01:35:35 -0500] "GET /public/boat/25-seater-boat-120khr?lokasie=/lib64//libQt5QmlModels.so.5&loknya=/lib64/ HTTP/1.1" 200 1955 "-" "Mozilla/5.0 (Macintosh; Intel Mac OS X 10_15_7) AppleWebKit/605.1.15 (KHTML, like Gecko) Version/17.4 Safari/605.1.15 (Applebot/0.1; +http://www.apple.com/go/applebot)"
4.227.36.73 - - [20/Jan/2025:01:35:38 -0500] "GET /profile/book24/services/?amp%3Bamp%3Bamp%3Bamp%3Bamp%3Bamp%3Bamp%3Bamp%3Bset_currency=usd&amp%3Bamp%3Bamp%3Bamp%3Bamp%3Bamp%3Bamp%3Bset_currency=usd&amp%3Bamp%3Bamp%3Bamp%3Bamp%3Bamp%3Bpage=3&amp%3Bamp%3Bamp%3Bamp%3Bamp%3Bamp%3Bset_currency=usd&amp%3Bamp%3Bamp%3Bamp%3Bamp%3Bpage=2&amp%3Bamp%3Bamp%3Bamp%3Bamp%3Bset_currency=gbp&amp%3Bamp%3Bamp%3Bamp%3Bpage=1&amp%3Bamp%3Bamp%3Bpage=3&amp%3Bamp%3Bpage=3&amp%3Bpage=2&type=tour HTTP/1.1" 403 0 "-" "Mozilla/5.0 AppleWebKit/537.36 (KHTML, like Gecko; compatible; GPTBot/1.2; +https://openai.com/gptbot)"
114.119.156.17 - - [20/Jan/2025:01:35:38 -0500] "GET /www/rex/index.php?loknya=/proc/thread-self/root/lib64/perl5/Tie HTTP/1.1" 200 2142 "https://www.book24.ng/www/rex/index.php?loknya=/proc/thread-self/root/lib64/perl5/" "Mozilla/5.0 (Linux; Android 7.0;) AppleWebKit/537.36 (KHTML, like Gecko) Mobile Safari/537.36 (compatible; PetalBot;+https://webmaster.petalsearch.com/site/petalbot)"
4.227.36.73 - - [20/Jan/2025:01:35:40 -0500] "GET /profile/book24/services/?amp%3Bamp%3Bamp%3Bamp%3Bamp%3Bamp%3Bamp%3Bset_currency=usd&amp%3Bamp%3Bamp%3Bamp%3Bamp%3Bamp%3Bset_currency=usd&amp%3Bamp%3Bamp%3Bamp%3Bamp%3Bpage=3&amp%3Bamp%3Bamp%3Bamp%3Bamp%3Bset_currency=usd&amp%3Bamp%3Bamp%3Bamp%3Bpage=2&amp%3Bamp%3Bamp%3Bamp%3Bset_currency=gbp&amp%3Bamp%3Bamp%3Bset_currency=usd&amp%3Bamp%3Bset_currency=gbp&amp%3Bset_currency=gbp&set_currency=gbp&type=tour HTTP/1.1" 403 0 "-" "Mozilla/5.0 AppleWebKit/537.36 (KHTML, like Gecko; compatible; GPTBot/1.2; +https://openai.com/gptbot)"
17.241.227.136 - - [20/Jan/2025:01:35:38 -0500] "GET /public/event/cannabis-live-global-summit-nigeria?lokasie=%2Flib64%2Flibmenuw.so.6.1&loknya=%2Flib64&set_currency=gbp HTTP/1.1" 200 1950 "-" "Mozilla/5.0 (Macintosh; Intel Mac OS X 10_15_7) AppleWebKit/605.1.15 (KHTML, like Gecko) Version/17.4 Safari/605.1.15 (Applebot/0.1; +http://www.apple.com/go/applebot)"
4.227.36.73 - - [20/Jan/2025:01:35:42 -0500] "GET /profile/book24/services/?amp%3Bamp%3Bamp%3Bamp%3Bamp%3Bamp%3Bamp%3Bamp%3Bset_currency=usd&amp%3Bamp%3Bamp%3Bamp%3Bamp%3Bamp%3Bamp%3Bset_currency=usd&amp%3Bamp%3Bamp%3Bamp%3Bamp%3Bamp%3Bpage=3&amp%3Bamp%3Bamp%3Bamp%3Bamp%3Bamp%3Bset_currency=usd&amp%3Bamp%3Bamp%3Bamp%3Bamp%3Bpage=2&amp%3Bamp%3Bamp%3Bamp%3Bamp%3Bset_currency=gbp&amp%3Bamp%3Bamp%3Bamp%3Bpage=2&amp%3Bamp%3Bamp%3Bpage=2&amp%3Bamp%3Bpage=2&amp%3Bpage=2&type=tour HTTP/1.1" 403 0 "-" "Mozilla/5.0 AppleWebKit/537.36 (KHTML, like Gecko; compatible; GPTBot/1.2; +https://openai.com/gptbot)"
17.241.227.136 - - [20/Jan/2025:01:35:41 -0500] "GET /public/profile/book24admin/services?lokasie=/usr/include/python3.8/pyarena.h&loknya=/usr/include/python3.8 HTTP/1.1" 200 3239 "-" "Mozilla/5.0 (Macintosh; Intel Mac OS X 10_15_7) AppleWebKit/605.1.15 (KHTML, like Gecko) Version/17.4 Safari/605.1.15 (Applebot/0.1; +http://www.apple.com/go/applebot)"
4.227.36.73 - - [20/Jan/2025:01:35:45 -0500] "GET /profile/book24/services/?amp%3Bamp%3Bamp%3Bamp%3Bamp%3Bamp%3Bamp%3Bamp%3Bset_currency=usd&amp%3Bamp%3Bamp%3Bamp%3Bamp%3Bamp%3Bamp%3Bset_currency=usd&amp%3Bamp%3Bamp%3Bamp%3Bamp%3Bamp%3Bpage=3&amp%3Bamp%3Bamp%3Bamp%3Bamp%3Bamp%3Bset_currency=usd&amp%3Bamp%3Bamp%3Bamp%3Bamp%3Bpage=2&amp%3Bamp%3Bamp%3Bamp%3Bamp%3Bset_currency=gbp&amp%3Bamp%3Bamp%3Bamp%3Bpage=2&amp%3Bamp%3Bamp%3Bpage=3&amp%3Bamp%3Bpage=2&amp%3Bpage=3&type=tour HTTP/1.1" 403 0 "-" "Mozilla/5.0 AppleWebKit/537.36 (KHTML, like Gecko; compatible; GPTBot/1.2; +https://openai.com/gptbot)"
17.241.227.136 - - [20/Jan/2025:01:35:44 -0500] "GET /public/profile/60?lokasie=/usr/lib64/python2.7/string.py&loknya=/usr/lib64/python2.7 HTTP/1.1" 200 9057 "-" "Mozilla/5.0 (Macintosh; Intel Mac OS X 10_15_7) AppleWebKit/605.1.15 (KHTML, like Gecko) Version/17.4 Safari/605.1.15 (Applebot/0.1; +http://www.apple.com/go/applebot)"
4.227.36.73 - - [20/Jan/2025:01:35:48 -0500] "GET /profile/book24/services/?amp%3Bamp%3Bamp%3Bamp%3Bamp%3Bamp%3Bamp%3Bset_currency=usd&amp%3Bamp%3Bamp%3Bamp%3Bamp%3Bamp%3Bset_currency=usd&amp%3Bamp%3Bamp%3Bamp%3Bamp%3Bpage=3&amp%3Bamp%3Bamp%3Bamp%3Bamp%3Bset_currency=usd&amp%3Bamp%3Bamp%3Bamp%3Bpage=2&amp%3Bamp%3Bamp%3Bamp%3Bset_currency=gbp&amp%3Bamp%3Bamp%3Bset_currency=usd&amp%3Bamp%3Bset_currency=usd&amp%3Bset_currency=gbp&set_currency=usd&type=tour HTTP/1.1" 403 0 "-" "Mozilla/5.0 AppleWebKit/537.36 (KHTML, like Gecko; compatible; GPTBot/1.2; +https://openai.com/gptbot)"
52.167.144.212 - - [20/Jan/2025:01:35:49 -0500] "GET /ertwetx.php?srxru/u1671328.html HTTP/1.1" 200 76912 "-" "Mozilla/5.0 AppleWebKit/537.36 (KHTML, like Gecko; compatible; bingbot/2.0; +http://www.bing.com/bingbot.htm) Chrome/116.0.1938.76 Safari/537.36"
4.227.36.73 - - [20/Jan/2025:01:35:50 -0500] "GET /profile/book24/services/?amp%3Bamp%3Bamp%3Bamp%3Bamp%3Bamp%3Bamp%3Bset_currency=usd&amp%3Bamp%3Bamp%3Bamp%3Bamp%3Bamp%3Bset_currency=usd&amp%3Bamp%3Bamp%3Bamp%3Bamp%3Bpage=3&amp%3Bamp%3Bamp%3Bamp%3Bamp%3Bset_currency=usd&amp%3Bamp%3Bamp%3Bamp%3Bpage=2&amp%3Bamp%3Bamp%3Bamp%3Bset_currency=gbp&amp%3Bamp%3Bamp%3Bpage=2&amp%3Bamp%3Bset_currency=gbp&amp%3Bpage=2&amp%3Bset_currency=gbp&set_currency=gbp&type=tour HTTP/1.1" 403 0 "-" "Mozilla/5.0 AppleWebKit/537.36 (KHTML, like Gecko; compatible; GPTBot/1.2; +https://openai.com/gptbot)"
17.241.227.160 - - [20/Jan/2025:01:35:48 -0500] "GET /public/space/3-bedroom-duplex-in-lekki?loknya=/home/wavevlvu/book24.ng/vendor/voku HTTP/1.1" 200 2467 "-" "Mozilla/5.0 (Macintosh; Intel Mac OS X 10_15_7) AppleWebKit/605.1.15 (KHTML, like Gecko) Version/17.4 Safari/605.1.15 (Applebot/0.1; +http://www.apple.com/go/applebot)"
17.241.227.160 - - [20/Jan/2025:01:35:52 -0500] "GET /public/space/3-bedroom-luxurious-apartment?lokasie=/var/softaculous/zeus/edit.php&loknya=/var/softaculous/zeus HTTP/1.1" 200 5242 "-" "Mozilla/5.0 (Macintosh; Intel Mac OS X 10_15_7) AppleWebKit/605.1.15 (KHTML, like Gecko) Version/17.4 Safari/605.1.15 (Applebot/0.1; +http://www.apple.com/go/applebot)"
4.227.36.73 - - [20/Jan/2025:01:35:55 -0500] "GET /profile/book24/services/?amp%3Bamp%3Bamp%3Bamp%3Bamp%3Bamp%3Bamp%3Bamp%3Bset_currency=usd&amp%3Bamp%3Bamp%3Bamp%3Bamp%3Bamp%3Bamp%3Bset_currency=usd&amp%3Bamp%3Bamp%3Bamp%3Bamp%3Bamp%3Bpage=3&amp%3Bamp%3Bamp%3Bamp%3Bamp%3Bamp%3Bset_currency=usd&amp%3Bamp%3Bamp%3Bamp%3Bamp%3Bpage=2&amp%3Bamp%3Bamp%3Bamp%3Bamp%3Bset_currency=gbp&amp%3Bamp%3Bamp%3Bamp%3Bpage=2&amp%3Bamp%3Bamp%3Bpage=3&amp%3Bamp%3Bpage=2&amp%3Bpage=2&type=tour HTTP/1.1" 403 0 "-" "Mozilla/5.0 AppleWebKit/537.36 (KHTML, like Gecko; compatible; GPTBot/1.2; +https://openai.com/gptbot)"
17.241.227.160 - - [20/Jan/2025:01:35:55 -0500] "GET /public/profile/55/services?lokasie=/usr/lib64//libQt5MultimediaQuick.so.5.15.3&loknya=/usr/lib64/ HTTP/1.1" 200 1976 "-" "Mozilla/5.0 (Macintosh; Intel Mac OS X 10_15_7) AppleWebKit/605.1.15 (KHTML, like Gecko) Version/17.4 Safari/605.1.15 (Applebot/0.1; +http://www.apple.com/go/applebot)"
4.227.36.73 - - [20/Jan/2025:01:35:58 -0500] "GET /profile/book24/services/?amp%3Bamp%3Bamp%3Bamp%3Bamp%3Bamp%3Bamp%3Bset_currency=usd&amp%3Bamp%3Bamp%3Bamp%3Bamp%3Bamp%3Bset_currency=usd&amp%3Bamp%3Bamp%3Bamp%3Bamp%3Bpage=3&amp%3Bamp%3Bamp%3Bamp%3Bamp%3Bset_currency=usd&amp%3Bamp%3Bamp%3Bamp%3Bpage=2&amp%3Bamp%3Bamp%3Bamp%3Bset_currency=gbp&amp%3Bamp%3Bamp%3Bpage=2&amp%3Bamp%3Bset_currency=gbp&amp%3Bpage=3&amp%3Bset_currency=gbp&set_currency=usd&type=tour HTTP/1.1" 403 0 "-" "Mozilla/5.0 AppleWebKit/537.36 (KHTML, like Gecko; compatible; GPTBot/1.2; +https://openai.com/gptbot)"
17.241.227.160 - - [20/Jan/2025:01:35:58 -0500] "GET /public/profile/55?lokasie=/lib64/liblve.so&loknya=/lib64 HTTP/1.1" 200 1945 "-" "Mozilla/5.0 (Macintosh; Intel Mac OS X 10_15_7) AppleWebKit/605.1.15 (KHTML, like Gecko) Version/17.4 Safari/605.1.15 (Applebot/0.1; +http://www.apple.com/go/applebot)"
4.227.36.73 - - [20/Jan/2025:01:36:01 -0500] "GET /profile/book24/services/?amp%3Bamp%3Bamp%3Bamp%3Bamp%3Bamp%3Bamp%3Bset_currency=usd&amp%3Bamp%3Bamp%3Bamp%3Bamp%3Bamp%3Bset_currency=usd&amp%3Bamp%3Bamp%3Bamp%3Bamp%3Bpage=3&amp%3Bamp%3Bamp%3Bamp%3Bamp%3Bset_currency=usd&amp%3Bamp%3Bamp%3Bamp%3Bpage=2&amp%3Bamp%3Bamp%3Bamp%3Bset_currency=gbp&amp%3Bamp%3Bamp%3Bpage=2&amp%3Bamp%3Bset_currency=gbp&amp%3Bpage=2&amp%3Bset_currency=usd&set_currency=usd&type=tour HTTP/1.1" 403 0 "-" "Mozilla/5.0 AppleWebKit/537.36 (KHTML, like Gecko; compatible; GPTBot/1.2; +https://openai.com/gptbot)"
17.241.227.160 - - [20/Jan/2025:01:36:01 -0500] "GET /public/profile/60?lokasie=/var/softaculous/ocart2/ocart2.zip&loknya=/var/softaculous/ocart2 HTTP/1.1" 200 1976 "-" "Mozilla/5.0 (Macintosh; Intel Mac OS X 10_15_7) AppleWebKit/605.1.15 (KHTML, like Gecko) Version/17.4 Safari/605.1.15 (Applebot/0.1; +http://www.apple.com/go/applebot)"
4.227.36.73 - - [20/Jan/2025:01:36:03 -0500] "GET /profile/book24/services/?amp%3Bamp%3Bamp%3Bamp%3Bamp%3Bamp%3Bamp%3Bamp%3Bset_currency=usd&amp%3Bamp%3Bamp%3Bamp%3Bamp%3Bamp%3Bamp%3Bset_currency=usd&amp%3Bamp%3Bamp%3Bamp%3Bamp%3Bamp%3Bpage=3&amp%3Bamp%3Bamp%3Bamp%3Bamp%3Bamp%3Bset_currency=usd&amp%3Bamp%3Bamp%3Bamp%3Bamp%3Bpage=3&amp%3Bamp%3Bamp%3Bamp%3Bpage=2&amp%3Bamp%3Bamp%3Bpage=3&amp%3Bamp%3Bset_currency=usd&amp%3Bpage=3&amp%3Bset_currency=gbp&page=1&type=tour HTTP/1.1" 403 0 "-" "Mozilla/5.0 AppleWebKit/537.36 (KHTML, like Gecko; compatible; GPTBot/1.2; +https://openai.com/gptbot)"
17.241.227.160 - - [20/Jan/2025:01:36:04 -0500] "GET /public/boat/25-seater-boat-120khr?lokasie=/lib/firmware/amdgpu/hawaii_smc.bin&loknya=/lib/firmware/amdgpu HTTP/1.1" 200 1980 "-" "Mozilla/5.0 (Macintosh; Intel Mac OS X 10_15_7) AppleWebKit/605.1.15 (KHTML, like Gecko) Version/17.4 Safari/605.1.15 (Applebot/0.1; +http://www.apple.com/go/applebot)"
4.227.36.73 - - [20/Jan/2025:01:36:07 -0500] "GET /profile/book24/services/?amp%3Bamp%3Bamp%3Bamp%3Bamp%3Bamp%3Bamp%3Bset_currency=usd&amp%3Bamp%3Bamp%3Bamp%3Bamp%3Bamp%3Bset_currency=usd&amp%3Bamp%3Bamp%3Bamp%3Bamp%3Bpage=3&amp%3Bamp%3Bamp%3Bamp%3Bamp%3Bset_currency=usd&amp%3Bamp%3Bamp%3Bamp%3Bpage=2&amp%3Bamp%3Bamp%3Bamp%3Bset_currency=gbp&amp%3Bamp%3Bamp%3Bpage=2&amp%3Bamp%3Bset_currency=gbp&amp%3Bpage=2&amp%3Bset_currency=usd&set_currency=gbp&type=tour HTTP/1.1" 403 0 "-" "Mozilla/5.0 AppleWebKit/537.36 (KHTML, like Gecko; compatible; GPTBot/1.2; +https://openai.com/gptbot)"
17.241.75.63 - - [20/Jan/2025:01:36:07 -0500] "GET /public/boat/25-seater-boat-120khr?lokasie=/home/wavevlvu/lscache/d/f/b/dfb99a6899c6383e&loknya=/home/wavevlvu/lscache/d/f/b HTTP/1.1" 200 2007 "-" "Mozilla/5.0 (Macintosh; Intel Mac OS X 10_15_7) AppleWebKit/605.1.15 (KHTML, like Gecko) Version/17.4 Safari/605.1.15 (Applebot/0.1; +http://www.apple.com/go/applebot)"
4.227.36.73 - - [20/Jan/2025:01:36:11 -0500] "GET /profile/book24/services/?amp%3Bamp%3Bamp%3Bamp%3Bamp%3Bamp%3Bamp%3Bset_currency=usd&amp%3Bamp%3Bamp%3Bamp%3Bamp%3Bamp%3Bset_currency=usd&amp%3Bamp%3Bamp%3Bamp%3Bamp%3Bpage=3&amp%3Bamp%3Bamp%3Bamp%3Bamp%3Bset_currency=usd&amp%3Bamp%3Bamp%3Bamp%3Bpage=2&amp%3Bamp%3Bamp%3Bamp%3Bset_currency=gbp&amp%3Bamp%3Bamp%3Bpage=2&amp%3Bamp%3Bset_currency=gbp&amp%3Bpage=3&amp%3Bset_currency=usd&set_currency=gbp&type=tour HTTP/1.1" 403 0 "-" "Mozilla/5.0 AppleWebKit/537.36 (KHTML, like Gecko; compatible; GPTBot/1.2; +https://openai.com/gptbot)"
4.227.36.73 - - [20/Jan/2025:01:36:11 -0500] "GET /profile/book24/services/?amp%3Bamp%3Bamp%3Bamp%3Bamp%3Bamp%3Bamp%3Bset_currency=usd&amp%3Bamp%3Bamp%3Bamp%3Bamp%3Bamp%3Bset_currency=usd&amp%3Bamp%3Bamp%3Bamp%3Bamp%3Bpage=3&amp%3Bamp%3Bamp%3Bamp%3Bamp%3Bset_currency=usd&amp%3Bamp%3Bamp%3Bamp%3Bpage=2&amp%3Bamp%3Bamp%3Bamp%3Bset_currency=gbp&amp%3Bamp%3Bamp%3Bpage=2&amp%3Bamp%3Bset_currency=gbp&amp%3Bpage=3&amp%3Bset_currency=usd&set_currency=usd&type=tour HTTP/1.1" 403 0 "-" "Mozilla/5.0 AppleWebKit/537.36 (KHTML, like Gecko; compatible; GPTBot/1.2; +https://openai.com/gptbot)"
17.241.219.88 - - [20/Jan/2025:01:36:11 -0500] "GET /public/profile/book24admin/services?lokasie=/proc/irq/33/effective_affinity_list&loknya=/proc/irq/33 HTTP/1.1" 200 1982 "-" "Mozilla/5.0 (Macintosh; Intel Mac OS X 10_15_7) AppleWebKit/605.1.15 (KHTML, like Gecko) Version/17.4 Safari/605.1.15 (Applebot/0.1; +http://www.apple.com/go/applebot)"
4.227.36.73 - - [20/Jan/2025:01:36:16 -0500] "GET /profile/book24/services/?amp%3Bamp%3Bamp%3Bamp%3Bamp%3Bamp%3Bamp%3Bset_currency=usd&amp%3Bamp%3Bamp%3Bamp%3Bamp%3Bamp%3Bset_currency=usd&amp%3Bamp%3Bamp%3Bamp%3Bamp%3Bpage=3&amp%3Bamp%3Bamp%3Bamp%3Bamp%3Bset_currency=usd&amp%3Bamp%3Bamp%3Bamp%3Bpage=2&amp%3Bamp%3Bamp%3Bamp%3Bset_currency=gbp&amp%3Bamp%3Bamp%3Bpage=2&amp%3Bamp%3Bset_currency=gbp&amp%3Bpage=2&amp%3Bset_currency=gbp&set_currency=usd&type=tour HTTP/1.1" 403 0 "-" "Mozilla/5.0 AppleWebKit/537.36 (KHTML, like Gecko; compatible; GPTBot/1.2; +https://openai.com/gptbot)"
17.241.219.30 - - [20/Jan/2025:01:36:14 -0500] "GET /public/profile/book24admin/services?loknya=/var/softaculous/wp64/php81 HTTP/1.1" 200 2764 "-" "Mozilla/5.0 (Macintosh; Intel Mac OS X 10_15_7) AppleWebKit/605.1.15 (KHTML, like Gecko) Version/17.4 Safari/605.1.15 (Applebot/0.1; +http://www.apple.com/go/applebot)"
4.227.36.73 - - [20/Jan/2025:01:36:19 -0500] "GET /profile/book24/services/?amp%3Bamp%3Bamp%3Bamp%3Bamp%3Bamp%3Bamp%3Bamp%3Bset_currency=usd&amp%3Bamp%3Bamp%3Bamp%3Bamp%3Bamp%3Bamp%3Bset_currency=usd&amp%3Bamp%3Bamp%3Bamp%3Bamp%3Bamp%3Bpage=3&amp%3Bamp%3Bamp%3Bamp%3Bamp%3Bamp%3Bset_currency=usd&amp%3Bamp%3Bamp%3Bamp%3Bamp%3Bpage=3&amp%3Bamp%3Bamp%3Bamp%3Bpage=2&amp%3Bamp%3Bamp%3Bpage=3&amp%3Bamp%3Bset_currency=usd&amp%3Bpage=3&amp%3Bset_currency=usd&page=1&type=tour HTTP/1.1" 403 0 "-" "Mozilla/5.0 AppleWebKit/537.36 (KHTML, like Gecko; compatible; GPTBot/1.2; +https://openai.com/gptbot)"
17.241.219.30 - - [20/Jan/2025:01:36:17 -0500] "GET /public/space/miniflat-shortlet-in-lekki-phase-1?lokasie=/lib64/python2.7/lib2to3/pygram.pyo&loknya=/lib64/python2.7/lib2to3 HTTP/1.1" 200 1978 "-" "Mozilla/5.0 (Macintosh; Intel Mac OS X 10_15_7) AppleWebKit/605.1.15 (KHTML, like Gecko) Version/17.4 Safari/605.1.15 (Applebot/0.1; +http://www.apple.com/go/applebot)"
66.249.68.67 - - [20/Jan/2025:01:36:20 -0500] "GET /?_gl=1*1ix4f11*_gcl_au*MTYxMTI1OTI3MS4xNzIxODg2NjU0*_ga*ODYyMzk4MzA3LjE2OTk0NTM1Nzg.*_ga_7H42SVMQ0V*MTcyMTg4NjY1NS4xMjEuMS4xNzIxODg2NjY5LjQ2LjAuMA..&_ga=2.198040047.1958808748.1721886654-862398307.1699453578&_bdsid=2ulvIJ.n~ZXCIW.1721886656070.1721886848&_bd_prev_page=https://www.book24.ng/detail.php?pdfdq/b188243.html HTTP/1.1" 200 76849 "-" "Mozilla/5.0 (Linux; Android 6.0.1; Nexus 5X Build/MMB29P) AppleWebKit/537.36 (KHTML, like Gecko) Chrome/132.0.6834.83 Mobile Safari/537.36 (compatible; GoogleOther)"
4.227.36.73 - - [20/Jan/2025:01:36:23 -0500] "GET /profile/book24/services/?amp%3Bamp%3Bamp%3Bamp%3Bamp%3Bamp%3Bamp%3Bset_currency=usd&amp%3Bamp%3Bamp%3Bamp%3Bamp%3Bamp%3Bset_currency=usd&amp%3Bamp%3Bamp%3Bamp%3Bamp%3Bpage=3&amp%3Bamp%3Bamp%3Bamp%3Bamp%3Bset_currency=usd&amp%3Bamp%3Bamp%3Bamp%3Bpage=2&amp%3Bamp%3Bamp%3Bamp%3Bset_currency=gbp&amp%3Bamp%3Bamp%3Bpage=2&amp%3Bamp%3Bset_currency=gbp&amp%3Bpage=3&amp%3Bset_currency=gbp&set_currency=gbp&type=tour HTTP/1.1" 403 0 "-" "Mozilla/5.0 AppleWebKit/537.36 (KHTML, like Gecko; compatible; GPTBot/1.2; +https://openai.com/gptbot)"
17.241.75.8 - - [20/Jan/2025:01:36:21 -0500] "GET /public/profile/book24admin/services?lokasie=/lib/udev/rules.d/60-persistent-storage.rules&loknya=/lib/udev/rules.d HTTP/1.1" 200 3913 "-" "Mozilla/5.0 (Macintosh; Intel Mac OS X 10_15_7) AppleWebKit/605.1.15 (KHTML, like Gecko) Version/17.4 Safari/605.1.15 (Applebot/0.1; +http://www.apple.com/go/applebot)"
4.227.36.73 - - [20/Jan/2025:01:36:25 -0500] "GET /profile/book24/services/?amp%3Bamp%3Bamp%3Bamp%3Bamp%3Bamp%3Bamp%3Bamp%3Bset_currency=usd&amp%3Bamp%3Bamp%3Bamp%3Bamp%3Bamp%3Bamp%3Bset_currency=usd&amp%3Bamp%3Bamp%3Bamp%3Bamp%3Bamp%3Bpage=3&amp%3Bamp%3Bamp%3Bamp%3Bamp%3Bamp%3Bset_currency=usd&amp%3Bamp%3Bamp%3Bamp%3Bamp%3Bpage=3&amp%3Bamp%3Bamp%3Bamp%3Bpage=2&amp%3Bamp%3Bamp%3Bpage=3&amp%3Bamp%3Bset_currency=usd&amp%3Bpage=1&amp%3Bset_currency=usd&page=1&type=tour HTTP/1.1" 403 0 "-" "Mozilla/5.0 AppleWebKit/537.36 (KHTML, like Gecko; compatible; GPTBot/1.2; +https://openai.com/gptbot)"
17.241.75.73 - - [20/Jan/2025:01:36:24 -0500] "GET /public/hotel/amber-residence-ikeja?lokasie=/usr/bin/lessecho&loknya=/usr/bin HTTP/1.1" 200 1954 "-" "Mozilla/5.0 (Macintosh; Intel Mac OS X 10_15_7) AppleWebKit/605.1.15 (KHTML, like Gecko) Version/17.4 Safari/605.1.15 (Applebot/0.1; +http://www.apple.com/go/applebot)"
4.227.36.73 - - [20/Jan/2025:01:36:28 -0500] "GET /profile/book24/services/?amp%3Bamp%3Bamp%3Bamp%3Bamp%3Bamp%3Bamp%3Bset_currency=usd&amp%3Bamp%3Bamp%3Bamp%3Bamp%3Bamp%3Bset_currency=usd&amp%3Bamp%3Bamp%3Bamp%3Bamp%3Bpage=3&amp%3Bamp%3Bamp%3Bamp%3Bamp%3Bset_currency=usd&amp%3Bamp%3Bamp%3Bamp%3Bpage=2&amp%3Bamp%3Bamp%3Bamp%3Bset_currency=gbp&amp%3Bamp%3Bamp%3Bpage=1&amp%3Bamp%3Bamp%3Bset_currency=usd&amp%3Bamp%3Bset_currency=gbp&amp%3Bset_currency=usd&type=tour HTTP/1.1" 403 0 "-" "Mozilla/5.0 AppleWebKit/537.36 (KHTML, like Gecko; compatible; GPTBot/1.2; +https://openai.com/gptbot)"
207.46.13.150 - - [20/Jan/2025:01:36:29 -0500] "GET /?yndzb/t488405.html HTTP/1.1" 200 76849 "-" "Mozilla/5.0 AppleWebKit/537.36 (KHTML, like Gecko; compatible; bingbot/2.0; +http://www.bing.com/bingbot.htm) Chrome/116.0.1938.76 Safari/537.36"
4.227.36.73 - - [20/Jan/2025:01:36:30 -0500] "GET /login/?amp%3Bamp%3Bamp%3Bamp%3Bamp%3Bamp%3Bamp%3Bamp%3Bset_currency=gbp&amp%3Bamp%3Bamp%3Bamp%3Bamp%3Bamp%3Bamp%3Bset_currency=usd&amp%3Bamp%3Bamp%3Bamp%3Bamp%3Bamp%3Bset_currency=usd&amp%3Bamp%3Bamp%3Bamp%3Bamp%3Bset_currency=usd&amp%3Bamp%3Bamp%3Bamp%3Bset_currency=usd&amp%3Bamp%3Bamp%3Bset_currency=usd&amp%3Bamp%3Bset_currency=usd&amp%3Bset_currency=gbp&redirect=%2Fuser%2Fchat%3Fuser_id%3D18&set_currency=gbp HTTP/1.1" 403 0 "-" "Mozilla/5.0 AppleWebKit/537.36 (KHTML, like Gecko; compatible; GPTBot/1.2; +https://openai.com/gptbot)"
17.241.219.133 - - [20/Jan/2025:01:36:28 -0500] "GET /public/profile/60?lokasie=/home/wavevlvu/book24.ng/public/libs/ace/src-min-noconflict/snippets/typescript.js&loknya=/home/wavevlvu/book24.ng/public/libs/ace/src-min-noconflict/snippets HTTP/1.1" 200 2245 "-" "Mozilla/5.0 (Macintosh; Intel Mac OS X 10_15_7) AppleWebKit/605.1.15 (KHTML, like Gecko) Version/17.4 Safari/605.1.15 (Applebot/0.1; +http://www.apple.com/go/applebot)"
18.219.245.127 - - [20/Jan/2025:01:36:31 -0500] "GET /public/hotel/247-luxury-hotel?lokasie=%2Flib%2Fnode_modules%2Fnpm%2Fman%2Fman3%2Fccosf.3.gz&loknya=%2Flib%2Fnode_modules%2Fnpm%2Fman%2Fman3 HTTP/1.1" 200 1772 "-" "Mozilla/5.0 AppleWebKit/537.36 (KHTML, like Gecko; compatible; ClaudeBot/1.0; +claudebot@anthropic.com)"
18.219.245.127 - - [20/Jan/2025:01:36:31 -0500] "GET /public/hotel/247-luxury-hotel?lokasie=%2Flib%2Fnode_modules%2Fnpm%2Fman%2Fman1%2Fnpm.1.gz&loknya=%2Flib%2Fnode_modules%2Fnpm%2Fman%2Fman1 HTTP/1.1" 200 1770 "-" "Mozilla/5.0 AppleWebKit/537.36 (KHTML, like Gecko; compatible; ClaudeBot/1.0; +claudebot@anthropic.com)"
18.219.245.127 - - [20/Jan/2025:01:36:31 -0500] "GET /public/hotel/247-luxury-hotel?lokasie=%2Flib%2Fnode_modules%2Fnpm%2Fman%2Fman3%2Fmmap64.3.gz&loknya=%2Flib%2Fnode_modules%2Fnpm%2Fman%2Fman3 HTTP/1.1" 200 1773 "-" "Mozilla/5.0 AppleWebKit/537.36 (KHTML, like Gecko; compatible; ClaudeBot/1.0; +claudebot@anthropic.com)"
4.227.36.73 - - [20/Jan/2025:01:36:34 -0500] "GET /login/?amp%3Bamp%3Bamp%3Bamp%3Bamp%3Bamp%3Bamp%3Bamp%3Bset_currency=gbp&amp%3Bamp%3Bamp%3Bamp%3Bamp%3Bamp%3Bamp%3Bset_currency=usd&amp%3Bamp%3Bamp%3Bamp%3Bamp%3Bamp%3Bset_currency=usd&amp%3Bamp%3Bamp%3Bamp%3Bamp%3Bset_currency=usd&amp%3Bamp%3Bamp%3Bamp%3Bset_currency=gbp&amp%3Bamp%3Bamp%3Bset_currency=usd&amp%3Bamp%3Bset_currency=gbp&amp%3Bset_currency=gbp&redirect=%2Fuser%2Fchat%3Fuser_id%3D18&set_currency=gbp HTTP/1.1" 403 0 "-" "Mozilla/5.0 AppleWebKit/537.36 (KHTML, like Gecko; compatible; GPTBot/1.2; +https://openai.com/gptbot)"
18.219.245.127 - - [20/Jan/2025:01:36:31 -0500] "GET /public/hotel/247-luxury-hotel?lokasie=%2Flib%2Fnode_modules%2Fnpm%2Fman%2Fman1%2Fmsgcat.1.gz&loknya=%2Flib%2Fnode_modules%2Fnpm%2Fman%2Fman1 HTTP/1.1" 200 1773 "-" "Mozilla/5.0 AppleWebKit/537.36 (KHTML, like Gecko; compatible; ClaudeBot/1.0; +claudebot@anthropic.com)"
18.219.245.127 - - [20/Jan/2025:01:36:31 -0500] "GET /public/hotel/247-luxury-hotel?lokasie=%2Flib%2Fnode_modules%2Fnpm%2Fman%2Fman1%2Felfedit.1.gz&loknya=%2Flib%2Fnode_modules%2Fnpm%2Fman%2Fman1 HTTP/1.1" 200 1773 "-" "Mozilla/5.0 AppleWebKit/537.36 (KHTML, like Gecko; compatible; ClaudeBot/1.0; +claudebot@anthropic.com)"
17.241.75.81 - - [20/Jan/2025:01:36:32 -0500] "GET /public/profile/60?lokasie=/usr/lib64/gconv/EBCDIC-AT-DE.so&loknya=/usr/lib64/gconv HTTP/1.1" 200 1977 "-" "Mozilla/5.0 (Macintosh; Intel Mac OS X 10_15_7) AppleWebKit/605.1.15 (KHTML, like Gecko) Version/17.4 Safari/605.1.15 (Applebot/0.1; +http://www.apple.com/go/applebot)"
18.219.245.127 - - [20/Jan/2025:01:36:33 -0500] "GET /public/hotel/247-luxury-hotel?lokasie=%2Flib%2Fnode_modules%2Fnpm%2Fman%2Fman1%2Flpasswd.1.gz&loknya=%2Flib%2Fnode_modules%2Fnpm%2Fman%2Fman1 HTTP/1.1" 200 1774 "-" "Mozilla/5.0 AppleWebKit/537.36 (KHTML, like Gecko; compatible; ClaudeBot/1.0; +claudebot@anthropic.com)"
18.219.245.127 - - [20/Jan/2025:01:36:33 -0500] "GET /public/hotel/247-luxury-hotel?lokasie=%2Flib%2Fnode_modules%2Fnpm%2Fman%2Fman3%2Fiswalnum.3.gz&loknya=%2Flib%2Fnode_modules%2Fnpm%2Fman%2Fman3 HTTP/1.1" 200 1774 "-" "Mozilla/5.0 AppleWebKit/537.36 (KHTML, like Gecko; compatible; ClaudeBot/1.0; +claudebot@anthropic.com)"
18.219.245.127 - - [20/Jan/2025:01:36:34 -0500] "GET /public/hotel/247-luxury-hotel?lokasie=%2Flib%2Fnode_modules%2Fnpm%2Fman%2Fman1%2Fdpkg-deb.1.gz&loknya=%2Flib%2Fnode_modules%2Fnpm%2Fman%2Fman1 HTTP/1.1" 200 1774 "-" "Mozilla/5.0 AppleWebKit/537.36 (KHTML, like Gecko; compatible; ClaudeBot/1.0; +claudebot@anthropic.com)"
18.219.245.127 - - [20/Jan/2025:01:36:34 -0500] "GET /public/hotel/247-luxury-hotel?lokasie=%2Flib%2Fnode_modules%2Fnpm%2Fman%2Fman1%2Fzipcloak.1.gz&loknya=%2Flib%2Fnode_modules%2Fnpm%2Fman%2Fman1 HTTP/1.1" 200 1774 "-" "Mozilla/5.0 AppleWebKit/537.36 (KHTML, like Gecko; compatible; ClaudeBot/1.0; +claudebot@anthropic.com)"
18.219.245.127 - - [20/Jan/2025:01:36:34 -0500] "GET /public/hotel/247-luxury-hotel?lokasie=%2Flib%2Fnode_modules%2Fnpm%2Fman%2Fman3%2Fsetbuffer.3.gz&loknya=%2Flib%2Fnode_modules%2Fnpm%2Fman%2Fman3 HTTP/1.1" 200 1774 "-" "Mozilla/5.0 AppleWebKit/537.36 (KHTML, like Gecko; compatible; ClaudeBot/1.0; +claudebot@anthropic.com)"
4.227.36.73 - - [20/Jan/2025:01:36:38 -0500] "GET /login/?amp%3Bamp%3Bamp%3Bamp%3Bamp%3Bamp%3Bamp%3Bamp%3Bset_currency=gbp&amp%3Bamp%3Bamp%3Bamp%3Bamp%3Bamp%3Bamp%3Bset_currency=usd&amp%3Bamp%3Bamp%3Bamp%3Bamp%3Bamp%3Bset_currency=usd&amp%3Bamp%3Bamp%3Bamp%3Bamp%3Bset_currency=usd&amp%3Bamp%3Bamp%3Bamp%3Bset_currency=gbp&amp%3Bamp%3Bamp%3Bset_currency=gbp&amp%3Bamp%3Bset_currency=gbp&amp%3Bset_currency=usd&redirect=%2Fuser%2Fchat%3Fuser_id%3D18&set_currency=usd HTTP/1.1" 403 0 "-" "Mozilla/5.0 AppleWebKit/537.36 (KHTML, like Gecko; compatible; GPTBot/1.2; +https://openai.com/gptbot)"
17.241.75.34 - - [20/Jan/2025:01:36:35 -0500] "GET /public/index.php?lokasie=/home/wavevlvu/mail/new/1654642021.M443316P2428289.premium58.web-hosting.com,S=4966,W=5076&loknya=/home/wavevlvu/mail/new HTTP/1.1" 200 4112 "-" "Mozilla/5.0 (Macintosh; Intel Mac OS X 10_15_7) AppleWebKit/605.1.15 (KHTML, like Gecko) Version/17.4 Safari/605.1.15 (Applebot/0.1; +http://www.apple.com/go/applebot)"
18.219.245.127 - - [20/Jan/2025:01:36:36 -0500] "GET /public/hotel/247-luxury-hotel?lokasie=%2Flib%2Fnode_modules%2Fnpm%2Fman%2Fman1%2Fverify.1ssl.gz&loknya=%2Flib%2Fnode_modules%2Fnpm%2Fman%2Fman1 HTTP/1.1" 200 1775 "-" "Mozilla/5.0 AppleWebKit/537.36 (KHTML, like Gecko; compatible; ClaudeBot/1.0; +claudebot@anthropic.com)"
18.219.245.127 - - [20/Jan/2025:01:36:36 -0500] "GET /public/hotel/247-luxury-hotel?lokasie=%2Flib%2Fnode_modules%2Fnpm%2Fman%2Fman1%2Fpkcs12.1ssl.gz&loknya=%2Flib%2Fnode_modules%2Fnpm%2Fman%2Fman1 HTTP/1.1" 200 1775 "-" "Mozilla/5.0 AppleWebKit/537.36 (KHTML, like Gecko; compatible; ClaudeBot/1.0; +claudebot@anthropic.com)"
18.219.245.127 - - [20/Jan/2025:01:36:36 -0500] "GET /public/hotel/247-luxury-hotel?lokasie=%2Flib%2Fnode_modules%2Fnpm%2Fman%2Fman3%2Fpcre2posix.3.gz&loknya=%2Flib%2Fnode_modules%2Fnpm%2Fman%2Fman3 HTTP/1.1" 200 1775 "-" "Mozilla/5.0 AppleWebKit/537.36 (KHTML, like Gecko; compatible; ClaudeBot/1.0; +claudebot@anthropic.com)"
18.219.245.127 - - [20/Jan/2025:01:36:37 -0500] "GET /public/hotel/247-luxury-hotel?lokasie=%2Flib%2Fnode_modules%2Fnpm%2Fman%2Fman1%2Fperlsource.1.gz&loknya=%2Flib%2Fnode_modules%2Fnpm%2Fman%2Fman1 HTTP/1.1" 200 1775 "-" "Mozilla/5.0 AppleWebKit/537.36 (KHTML, like Gecko; compatible; ClaudeBot/1.0; +claudebot@anthropic.com)"
4.227.36.73 - - [20/Jan/2025:01:36:39 -0500] "GET /profile/book24/services/?amp%3Bamp%3Bamp%3Bamp%3Bamp%3Bamp%3Bamp%3Bset_currency=usd&amp%3Bamp%3Bamp%3Bamp%3Bamp%3Bamp%3Bset_currency=usd&amp%3Bamp%3Bamp%3Bamp%3Bamp%3Bpage=3&amp%3Bamp%3Bamp%3Bamp%3Bamp%3Bset_currency=usd&amp%3Bamp%3Bamp%3Bamp%3Bpage=2&amp%3Bamp%3Bamp%3Bamp%3Bset_currency=gbp&amp%3Bamp%3Bamp%3Bpage=3&amp%3Bamp%3Bamp%3Bset_currency=gbp&amp%3Bamp%3Bset_currency=usd&amp%3Bset_currency=usd&type=tour HTTP/1.1" 403 0 "-" "Mozilla/5.0 AppleWebKit/537.36 (KHTML, like Gecko; compatible; GPTBot/1.2; +https://openai.com/gptbot)"
18.219.245.127 - - [20/Jan/2025:01:36:37 -0500] "GET /public/hotel/247-luxury-hotel?lokasie=%2Flib%2Fnode_modules%2Fnpm%2Fman%2Fman3%2FRSA_get0_p.3ssl.gz&loknya=%2Flib%2Fnode_modules%2Fnpm%2Fman%2Fman3 HTTP/1.1" 200 1778 "-" "Mozilla/5.0 AppleWebKit/537.36 (KHTML, like Gecko; compatible; ClaudeBot/1.0; +claudebot@anthropic.com)"
18.219.245.127 - - [20/Jan/2025:01:36:39 -0500] "GET /public/hotel/247-luxury-hotel?lokasie=%2Flib%2Fnode_modules%2Fnpm%2Fman%2Fman3%2Fxcb_image_text_16.3.gz&loknya=%2Flib%2Fnode_modules%2Fnpm%2Fman%2Fman3 HTTP/1.1" 200 1782 "-" "Mozilla/5.0 AppleWebKit/537.36 (KHTML, like Gecko; compatible; ClaudeBot/1.0; +claudebot@anthropic.com)"
18.219.245.127 - - [20/Jan/2025:01:36:39 -0500] "GET /public/hotel/247-luxury-hotel?lokasie=%2Flib%2Fnode_modules%2Fnpm%2Fman%2Fman3%2FXkbKeyActionEntry.3.gz&loknya=%2Flib%2Fnode_modules%2Fnpm%2Fman%2Fman3 HTTP/1.1" 200 1782 "-" "Mozilla/5.0 AppleWebKit/537.36 (KHTML, like Gecko; compatible; ClaudeBot/1.0; +claudebot@anthropic.com)"
18.219.245.127 - - [20/Jan/2025:01:36:39 -0500] "GET /public/hotel/247-luxury-hotel?lokasie=%2Flib%2Fnode_modules%2Fnpm%2Fman%2Fman3%2FOCSP_RESPID_new.3ssl.gz&loknya=%2Flib%2Fnode_modules%2Fnpm%2Fman%2Fman3 HTTP/1.1" 200 1786 "-" "Mozilla/5.0 AppleWebKit/537.36 (KHTML, like Gecko; compatible; ClaudeBot/1.0; +claudebot@anthropic.com)"
18.219.245.127 - - [20/Jan/2025:01:36:39 -0500] "GET /public/hotel/247-luxury-hotel?lokasie=%2Flib%2Fnode_modules%2Fnpm%2Fman%2Fman3%2FNet%3A%3Ahostent.3pm.gz&loknya=%2Flib%2Fnode_modules%2Fnpm%2Fman%2Fman3 HTTP/1.1" 200 1779 "-" "Mozilla/5.0 AppleWebKit/537.36 (KHTML, like Gecko; compatible; ClaudeBot/1.0; +claudebot@anthropic.com)"
17.241.227.79 - - [20/Jan/2025:01:36:39 -0500] "GET /public/space/3-bedroom-luxurious-apartment?loknya=/home/wavevlvu/perl5/bin HTTP/1.1" 200 2821 "-" "Mozilla/5.0 (Macintosh; Intel Mac OS X 10_15_7) AppleWebKit/605.1.15 (KHTML, like Gecko) Version/17.4 Safari/605.1.15 (Applebot/0.1; +http://www.apple.com/go/applebot)"
18.219.245.127 - - [20/Jan/2025:01:36:40 -0500] "GET /public/hotel/247-luxury-hotel?lokasie=%2Flib%2Fnode_modules%2Fnpm%2Fman%2Fman3%2Fxcb_glx_copy_context.3.gz&loknya=%2Flib%2Fnode_modules%2Fnpm%2Fman%2Fman3 HTTP/1.1" 200 1784 "-" "Mozilla/5.0 AppleWebKit/537.36 (KHTML, like Gecko; compatible; ClaudeBot/1.0; +claudebot@anthropic.com)"
18.219.245.127 - - [20/Jan/2025:01:36:40 -0500] "GET /public/hotel/247-luxury-hotel?lokasie=%2Flib%2Fnode_modules%2Fnpm%2Fman%2Fman3%2FRSA_private_decrypt.3ssl.gz&loknya=%2Flib%2Fnode_modules%2Fnpm%2Fman%2Fman3 HTTP/1.1" 200 1786 "-" "Mozilla/5.0 AppleWebKit/537.36 (KHTML, like Gecko; compatible; ClaudeBot/1.0; +claudebot@anthropic.com)"
4.227.36.73 - - [20/Jan/2025:01:36:43 -0500] "GET /login/?amp%3Bamp%3Bamp%3Bamp%3Bamp%3Bamp%3Bamp%3Bamp%3Bset_currency=gbp&amp%3Bamp%3Bamp%3Bamp%3Bamp%3Bamp%3Bamp%3Bset_currency=usd&amp%3Bamp%3Bamp%3Bamp%3Bamp%3Bamp%3Bset_currency=usd&amp%3Bamp%3Bamp%3Bamp%3Bamp%3Bset_currency=usd&amp%3Bamp%3Bamp%3Bamp%3Bset_currency=usd&amp%3Bamp%3Bamp%3Bset_currency=usd&amp%3Bamp%3Bset_currency=gbp&amp%3Bset_currency=usd&redirect=%2Fuser%2Fchat%3Fuser_id%3D18&set_currency=gbp HTTP/1.1" 403 0 "-" "Mozilla/5.0 AppleWebKit/537.36 (KHTML, like Gecko; compatible; GPTBot/1.2; +https://openai.com/gptbot)"
114.119.128.126 - - [20/Jan/2025:01:36:43 -0500] "GET /www/rex/index.php?loknya=/home/wavevlvu/book24.ng/public HTTP/1.1" 200 3877 "https://www.book24.ng/www/rex/index.php?loknya=/home/wavevlvu/book24.ng/public/images" "Mozilla/5.0 (Linux; Android 7.0;) AppleWebKit/537.36 (KHTML, like Gecko) Mobile Safari/537.36 (compatible; PetalBot;+https://webmaster.petalsearch.com/site/petalbot)"
3.22.240.163 - - [20/Jan/2025:01:36:41 -0500] "GET /public/index.php/space/westwing?lokasie=%2Fvar%2Fsoftaculous%2Fsaurus%2Finfo.xml&loknya=%2Fvar%2Fsoftaculous%2Fsaurus HTTP/1.1" 200 2675 "-" "Mozilla/5.0 AppleWebKit/537.36 (KHTML, like Gecko; compatible; ClaudeBot/1.0; +claudebot@anthropic.com)"
3.22.240.163 - - [20/Jan/2025:01:36:41 -0500] "GET /public/index.php/space/westwing?lokasie=%2Fvar%2Fsoftaculous%2Fredax%2Fconfig.php&loknya=%2Fvar%2Fsoftaculous%2Fredax HTTP/1.1" 200 1881 "-" "Mozilla/5.0 AppleWebKit/537.36 (KHTML, like Gecko; compatible; ClaudeBot/1.0; +claudebot@anthropic.com)"
3.22.240.163 - - [20/Jan/2025:01:36:41 -0500] "GET /public/hotel/247-luxury-hotel?lokasie=%2Flib%2Fnode_modules%2Fnpm%2Fman%2Fman8%2Fwdctl.8.gz&loknya=%2Flib%2Fnode_modules%2Fnpm%2Fman%2Fman8 HTTP/1.1" 200 1768 "-" "Mozilla/5.0 AppleWebKit/537.36 (KHTML, like Gecko; compatible; ClaudeBot/1.0; +claudebot@anthropic.com)"
18.117.77.51 - - [20/Jan/2025:01:36:41 -0500] "GET /public/hotel/247-luxury-hotel?lokasie=%2Flib64%2Fmysql%2Fplugin%2F%2Fsql_errlog.so&loknya=%2Flib64%2Fmysql%2Fplugin%2F HTTP/1.1" 200 1748 "-" "Mozilla/5.0 AppleWebKit/537.36 (KHTML, like Gecko; compatible; ClaudeBot/1.0; +claudebot@anthropic.com)"
3.22.240.163 - - [20/Jan/2025:01:36:41 -0500] "GET /public/hotel/247-luxury-hotel?lokasie=%2Flib%2Fnode_modules%2Fnpm%2Fman%2Fman8%2Fsg_sync.8.gz&loknya=%2Flib%2Fnode_modules%2Fnpm%2Fman%2Fman8 HTTP/1.1" 200 1768 "-" "Mozilla/5.0 AppleWebKit/537.36 (KHTML, like Gecko; compatible; ClaudeBot/1.0; +claudebot@anthropic.com)"
18.117.77.51 - - [20/Jan/2025:01:36:41 -0500] "GET /public/index.php/space/westwing?lokasie=%2Flib%2Ffirewalld%2Fservices%2Fpmproxy.xml&loknya=%2Flib%2Ffirewalld%2Fservices HTTP/1.1" 200 2028 "-" "Mozilla/5.0 AppleWebKit/537.36 (KHTML, like Gecko; compatible; ClaudeBot/1.0; +claudebot@anthropic.com)"
3.22.240.163 - - [20/Jan/2025:01:36:41 -0500] "GET /public/hotel/247-luxury-hotel?lokasie=%2Flib%2Fnode_modules%2Fnpm%2Fman%2Fman8%2Fpam_mail.8.gz&loknya=%2Flib%2Fnode_modules%2Fnpm%2Fman%2Fman8 HTTP/1.1" 200 1769 "-" "Mozilla/5.0 AppleWebKit/537.36 (KHTML, like Gecko; compatible; ClaudeBot/1.0; +claudebot@anthropic.com)"
18.117.77.51 - - [20/Jan/2025:01:36:41 -0500] "GET /public/index.php/space/westwing?lokasie=%2Fvar%2Fsoftaculous%2Fbackdrop%2Ffileindex.php&loknya=%2Fvar%2Fsoftaculous%2Fbackdrop HTTP/1.1" 200 1829 "-" "Mozilla/5.0 AppleWebKit/537.36 (KHTML, like Gecko; compatible; ClaudeBot/1.0; +claudebot@anthropic.com)"
3.133.159.116 - - [20/Jan/2025:01:36:43 -0500] "GET /public/hotel/247-luxury-hotel?lokasie=%2Flib%2Fnode_modules%2Fnpm%2Fman%2Fman7%2Fgitfaq.7.gz&loknya=%2Flib%2Fnode_modules%2Fnpm%2Fman%2Fman7 HTTP/1.1" 200 1504 "-" "Mozilla/5.0 AppleWebKit/537.36 (KHTML, like Gecko; compatible; ClaudeBot/1.0; +claudebot@anthropic.com)"
3.147.63.222 - - [20/Jan/2025:01:36:43 -0500] "GET /public/hotel/247-luxury-hotel?lokasie=%2Flib%2Fnode_modules%2Fnpm%2Fman%2Fman1%2Fsystemd-cgls.1.gz&loknya=%2Flib%2Fnode_modules%2Fnpm%2Fman%2Fman1 HTTP/1.1" 200 1504 "-" "Mozilla/5.0 AppleWebKit/537.36 (KHTML, like Gecko; compatible; ClaudeBot/1.0; +claudebot@anthropic.com)"
3.128.199.242 - - [20/Jan/2025:01:36:42 -0500] "GET /public/index.php/space/westwing?loknya=%2Fvar%2Fsoftaculous%2Fomekas%2Fphp56 HTTP/1.1" 200 2304 "-" "Mozilla/5.0 AppleWebKit/537.36 (KHTML, like Gecko; compatible; ClaudeBot/1.0; +claudebot@anthropic.com)"
3.128.199.242 - - [20/Jan/2025:01:36:42 -0500] "GET /public/index.php/space/westwing?loknya=%2Fusr%2Fshare%2Flocale%2Fchn HTTP/1.1" 200 2146 "-" "Mozilla/5.0 AppleWebKit/537.36 (KHTML, like Gecko; compatible; ClaudeBot/1.0; +claudebot@anthropic.com)"
18.117.77.51 - - [20/Jan/2025:01:36:42 -0500] "GET /public/hotel/247-luxury-hotel?lokasie=%2Flib%2Fnode_modules%2Fnpm%2Fman%2Fman3%2FPKCS7_SIGN_ENVELOPE_free.3ssl.gz&loknya=%2Flib%2Fnode_modules%2Fnpm%2Fman%2Fman3 HTTP/1.1" 200 1791 "-" "Mozilla/5.0 AppleWebKit/537.36 (KHTML, like Gecko; compatible; ClaudeBot/1.0; +claudebot@anthropic.com)"
18.117.77.51 - - [20/Jan/2025:01:36:42 -0500] "GET /public/hotel/247-luxury-hotel?lokasie=%2Flib%2Fnode_modules%2Fnpm%2Fman%2Fman3%2FASN1_GENERALIZEDTIME_print.3ssl.gz&loknya=%2Flib%2Fnode_modules%2Fnpm%2Fman%2Fman3 HTTP/1.1" 200 1795 "-" "Mozilla/5.0 AppleWebKit/537.36 (KHTML, like Gecko; compatible; ClaudeBot/1.0; +claudebot@anthropic.com)"
3.147.63.222 - - [20/Jan/2025:01:36:44 -0500] "GET /public/hotel/247-luxury-hotel?lokasie=%2Flib%2Fnode_modules%2Fnpm%2Fman%2Fman1%2Fopenssl-pkcs7.1ssl.gz&loknya=%2Flib%2Fnode_modules%2Fnpm%2Fman%2Fman1 HTTP/1.1" 200 1509 "-" "Mozilla/5.0 AppleWebKit/537.36 (KHTML, like Gecko; compatible; ClaudeBot/1.0; +claudebot@anthropic.com)"
3.128.199.242 - - [20/Jan/2025:01:36:42 -0500] "GET /public/index.php/space/westwing?lokasie=%2Fvar%2Fsoftaculous%2Fclipper%2Fedit.php&loknya=%2Fvar%2Fsoftaculous%2Fclipper HTTP/1.1" 200 5072 "-" "Mozilla/5.0 AppleWebKit/537.36 (KHTML, like Gecko; compatible; ClaudeBot/1.0; +claudebot@anthropic.com)"
3.128.199.242 - - [20/Jan/2025:01:36:42 -0500] "GET /public/index.php/space/westwing?lokasie=%2Fvar%2Fsoftaculous%2Falegro%2Finstall.php&loknya=%2Fvar%2Fsoftaculous%2Falegro HTTP/1.1" 200 6640 "-" "Mozilla/5.0 AppleWebKit/537.36 (KHTML, like Gecko; compatible; ClaudeBot/1.0; +claudebot@anthropic.com)"
18.117.77.51 - - [20/Jan/2025:01:36:42 -0500] "GET /public/hotel/247-luxury-hotel?lokasie=%2Flib%2Fnode_modules%2Fnpm%2Fman%2Fman3%2FSoftware%3A%3ALicense%3A%3ANone.3pm.gz&loknya=%2Flib%2Fnode_modules%2Fnpm%2Fman%2Fman3 HTTP/1.1" 200 1782 "-" "Mozilla/5.0 AppleWebKit/537.36 (KHTML, like Gecko; compatible; ClaudeBot/1.0; +claudebot@anthropic.com)"
3.128.199.242 - - [20/Jan/2025:01:36:42 -0500] "GET /public/index.php/tour/valentine-in-seychelles-600kperson?lokasie=%2Fopt%2Falt%2Fphp52%2Flink%2Fconf%2Fxmlreader.ini&loknya=%2Fopt%2Falt%2Fphp52%2Flink%2Fconf HTTP/1.1" 200 1800 "-" "Mozilla/5.0 AppleWebKit/537.36 (KHTML, like Gecko; compatible; ClaudeBot/1.0; +claudebot@anthropic.com)"
3.16.51.68 - - [20/Jan/2025:01:36:42 -0500] "GET /public/index.php/space/westwing?lokasie=%2Fvar%2Fsoftaculous%2Fwp59%2Fmultisite.sql&loknya=%2Fvar%2Fsoftaculous%2Fwp59 HTTP/1.1" 200 10154 "-" "Mozilla/5.0 AppleWebKit/537.36 (KHTML, like Gecko; compatible; ClaudeBot/1.0; +claudebot@anthropic.com)"
3.16.51.68 - - [20/Jan/2025:01:36:42 -0500] "GET /public/index.php/space/westwing?loknya=%2Fvar%2Fsoftaculous%2Fphproj%2Fphp71 HTTP/1.1" 200 2315 "-" "Mozilla/5.0 AppleWebKit/537.36 (KHTML, like Gecko; compatible; ClaudeBot/1.0; +claudebot@anthropic.com)"
4.227.36.73 - - [20/Jan/2025:01:36:45 -0500] "GET /profile/book24/services/?amp%3Bamp%3Bamp%3Bamp%3Bamp%3Bamp%3Bamp%3Bset_currency=usd&amp%3Bamp%3Bamp%3Bamp%3Bamp%3Bamp%3Bset_currency=usd&amp%3Bamp%3Bamp%3Bamp%3Bamp%3Bpage=3&amp%3Bamp%3Bamp%3Bamp%3Bamp%3Bset_currency=usd&amp%3Bamp%3Bamp%3Bamp%3Bpage=2&amp%3Bamp%3Bamp%3Bamp%3Bset_currency=gbp&amp%3Bamp%3Bamp%3Bpage=1&amp%3Bamp%3Bamp%3Bset_currency=gbp&amp%3Bamp%3Bset_currency=usd&amp%3Bset_currency=usd&type=tour HTTP/1.1" 403 0 "-" "Mozilla/5.0 AppleWebKit/537.36 (KHTML, like Gecko; compatible; GPTBot/1.2; +https://openai.com/gptbot)"
3.16.51.68 - - [20/Jan/2025:01:36:42 -0500] "GET /public/index.php/space/westwing?lokasie=%2Fvar%2Fsoftaculous%2Fhelpdeskz%2Fextend.php&loknya=%2Fvar%2Fsoftaculous%2Fhelpdeskz HTTP/1.1" 200 8730 "-" "Mozilla/5.0 AppleWebKit/537.36 (KHTML, like Gecko; compatible; ClaudeBot/1.0; +claudebot@anthropic.com)"
52.14.116.234 - - [20/Jan/2025:01:36:43 -0500] "GET /public/index.php/space/westwing?loknya=%2Fvar%2Fsoftaculous%2Fgibbon%2Fimages HTTP/1.1" 200 2248 "-" "Mozilla/5.0 AppleWebKit/537.36 (KHTML, like Gecko; compatible; ClaudeBot/1.0; +claudebot@anthropic.com)"
