18.224.62.198 - - [20/Jan/2025:00:56:14 -0500] "GET /public/hotel/247-luxury-hotel?lokasie=%2Flib%2Fnode_modules%2Fnpm%2Fman%2Fman3%2FPEM_write_DHxparams.3ssl.gz&loknya=%2Flib%2Fnode_modules%2Fnpm%2Fman%2Fman3 HTTP/1.1" 200 1786 "-" "Mozilla/5.0 AppleWebKit/537.36 (KHTML, like Gecko; compatible; ClaudeBot/1.0; +claudebot@anthropic.com)"
54.38.85.17 - - [20/Jan/2025:00:56:16 -0500] "GET /public/tour/easter-in-la-campagne-tropicana-205k?lokasie=/home/wavevlvu/lscache/7/4/6/74633a41ed591f80&loknya=/home/wavevlvu/lscache/7/4/6 HTTP/1.1" 200 1771 "-" "Mozilla/5.0 (compatible; MJ12bot/v1.4.8; http://mj12bot.com/)"
18.224.62.198 - - [20/Jan/2025:00:56:18 -0500] "GET /public/hotel/247-luxury-hotel?lokasie=%2Flib%2Fnode_modules%2Fnpm%2Fman%2Fman3%2FEC_POINT_make_affine.3ssl.gz&loknya=%2Flib%2Fnode_modules%2Fnpm%2Fman%2Fman3 HTTP/1.1" 200 1788 "-" "Mozilla/5.0 AppleWebKit/537.36 (KHTML, like Gecko; compatible; ClaudeBot/1.0; +claudebot@anthropic.com)"
3.147.49.19 - - [20/Jan/2025:00:56:16 -0500] "GET /public/hotel/247-luxury-hotel?lokasie=%2Flib%2Fnode_modules%2Fnpm%2Fman%2Fman3%2FCURLOPT_SSL_VERIFYPEER.3.gz&loknya=%2Flib%2Fnode_modules%2Fnpm%2Fman%2Fman3 HTTP/1.1" 200 1793 "-" "Mozilla/5.0 AppleWebKit/537.36 (KHTML, like Gecko; compatible; ClaudeBot/1.0; +claudebot@anthropic.com)"
54.38.85.17 - - [20/Jan/2025:00:56:20 -0500] "GET /public/tour/easter-in-la-campagne-tropicana-205k?lokasie=/home/wavevlvu/lscache/7/4/6/7463fc43ff8c458f&loknya=/home/wavevlvu/lscache/7/4/6 HTTP/1.1" 200 1771 "-" "Mozilla/5.0 (compatible; MJ12bot/v1.4.8; http://mj12bot.com/)"
18.224.62.198 - - [20/Jan/2025:00:56:21 -0500] "GET /public/hotel/247-luxury-hotel?lokasie=%2Flib%2Fnode_modules%2Fnpm%2Fman%2Fman3%2Fxcb_glx_client_info_checked.3.gz&loknya=%2Flib%2Fnode_modules%2Fnpm%2Fman%2Fman3 HTTP/1.1" 200 1785 "-" "Mozilla/5.0 AppleWebKit/537.36 (KHTML, like Gecko; compatible; ClaudeBot/1.0; +claudebot@anthropic.com)"
3.147.49.19 - - [20/Jan/2025:00:56:22 -0500] "GET /public/hotel/247-luxury-hotel?lokasie=%2Flib%2Fnode_modules%2Fnpm%2Fman%2Fman3%2FFcConfigAppFontAddFile.3.gz&loknya=%2Flib%2Fnode_modules%2Fnpm%2Fman%2Fman3 HTTP/1.1" 200 1785 "-" "Mozilla/5.0 AppleWebKit/537.36 (KHTML, like Gecko; compatible; ClaudeBot/1.0; +claudebot@anthropic.com)"
18.224.62.198 - - [20/Jan/2025:00:56:24 -0500] "GET /public/hotel/247-luxury-hotel?lokasie=%2Flib%2Fnode_modules%2Fnpm%2Fman%2Fman3%2FSSL_set_session_id_context.3ssl.gz&loknya=%2Flib%2Fnode_modules%2Fnpm%2Fman%2Fman3 HTTP/1.1" 200 1788 "-" "Mozilla/5.0 AppleWebKit/537.36 (KHTML, like Gecko; compatible; ClaudeBot/1.0; +claudebot@anthropic.com)"
54.38.85.17 - - [20/Jan/2025:00:56:24 -0500] "GET /public/tour/easter-in-la-campagne-tropicana-205k?lokasie=/home/wavevlvu/lscache/7/4/6/7464e840d7add161&loknya=/home/wavevlvu/lscache/7/4/6 HTTP/1.1" 200 1771 "-" "Mozilla/5.0 (compatible; MJ12bot/v1.4.8; http://mj12bot.com/)"
18.224.62.198 - - [20/Jan/2025:00:56:27 -0500] "GET /public/hotel/247-luxury-hotel?lokasie=%2Flib%2Fnode_modules%2Fnpm%2Fman%2Fman3%2FX509_get0_authority_serial.3ssl.gz&loknya=%2Flib%2Fnode_modules%2Fnpm%2Fman%2Fman3 HTTP/1.1" 200 1787 "-" "Mozilla/5.0 AppleWebKit/537.36 (KHTML, like Gecko; compatible; ClaudeBot/1.0; +claudebot@anthropic.com)"
54.38.85.17 - - [20/Jan/2025:00:56:29 -0500] "GET /public/tour/easter-in-la-campagne-tropicana-205k?lokasie=/home/wavevlvu/lscache/7/4/6/7464edd67a133126&loknya=/home/wavevlvu/lscache/7/4/6 HTTP/1.1" 200 1771 "-" "Mozilla/5.0 (compatible; MJ12bot/v1.4.8; http://mj12bot.com/)"
18.224.62.198 - - [20/Jan/2025:00:56:30 -0500] "GET /public/hotel/247-luxury-hotel?lokasie=%2Flib%2Fnode_modules%2Fnpm%2Fman%2Fman3%2Fxcb_res_query_clients_unchecked.3.gz&loknya=%2Flib%2Fnode_modules%2Fnpm%2Fman%2Fman3 HTTP/1.1" 200 1788 "-" "Mozilla/5.0 AppleWebKit/537.36 (KHTML, like Gecko; compatible; ClaudeBot/1.0; +claudebot@anthropic.com)"
18.224.62.198 - - [20/Jan/2025:00:56:33 -0500] "GET /public/hotel/247-luxury-hotel?lokasie=%2Flib%2Fnode_modules%2Fnpm%2Fman%2Fman3%2FPROXY_CERT_INFO_EXTENSION_new.3ssl.gz&loknya=%2Flib%2Fnode_modules%2Fnpm%2Fman%2Fman3 HTTP/1.1" 200 1801 "-" "Mozilla/5.0 AppleWebKit/537.36 (KHTML, like Gecko; compatible; ClaudeBot/1.0; +claudebot@anthropic.com)"
54.38.85.17 - - [20/Jan/2025:00:56:33 -0500] "GET /public/tour/easter-in-la-campagne-tropicana-205k?lokasie=/home/wavevlvu/lscache/7/4/6/7465cc6f76ee925a&loknya=/home/wavevlvu/lscache/7/4/6 HTTP/1.1" 200 1771 "-" "Mozilla/5.0 (compatible; MJ12bot/v1.4.8; http://mj12bot.com/)"
3.147.49.19 - - [20/Jan/2025:00:56:35 -0500] "GET /public/hotel/247-luxury-hotel?lokasie=%2Flib%2Fnode_modules%2Fnpm%2Fman%2Fman3%2FX509_STORE_CTX_init.3ssl.gz&loknya=%2Flib%2Fnode_modules%2Fnpm%2Fman%2Fman3 HTTP/1.1" 200 1788 "-" "Mozilla/5.0 AppleWebKit/537.36 (KHTML, like Gecko; compatible; ClaudeBot/1.0; +claudebot@anthropic.com)"
18.224.62.198 - - [20/Jan/2025:00:56:36 -0500] "GET /public/hotel/247-luxury-hotel?lokasie=%2Flib%2Fnode_modules%2Fnpm%2Fman%2Fman3%2Fxcb_present_query_capabilities_reply.3.gz&loknya=%2Flib%2Fnode_modules%2Fnpm%2Fman%2Fman3 HTTP/1.1" 200 1792 "-" "Mozilla/5.0 AppleWebKit/537.36 (KHTML, like Gecko; compatible; ClaudeBot/1.0; +claudebot@anthropic.com)"
54.38.85.17 - - [20/Jan/2025:00:56:37 -0500] "GET /public/tour/easter-in-la-campagne-tropicana-205k?lokasie=/home/wavevlvu/lscache/7/4/6/7466535a2ba3b4a4&loknya=/home/wavevlvu/lscache/7/4/6 HTTP/1.1" 200 1771 "-" "Mozilla/5.0 (compatible; MJ12bot/v1.4.8; http://mj12bot.com/)"
3.147.49.19 - - [20/Jan/2025:00:56:38 -0500] "GET /public/hotel/247-luxury-hotel?lokasie=%2Flib%2Fnode_modules%2Fnpm%2Fman%2Fman3%2FX509_STORE_set_flags.3ssl.gz&loknya=%2Flib%2Fnode_modules%2Fnpm%2Fman%2Fman3 HTTP/1.1" 200 1787 "-" "Mozilla/5.0 AppleWebKit/537.36 (KHTML, like Gecko; compatible; ClaudeBot/1.0; +claudebot@anthropic.com)"
18.224.62.198 - - [20/Jan/2025:00:56:39 -0500] "GET /public/hotel/247-luxury-hotel?lokasie=%2Flib%2Fnode_modules%2Fnpm%2Fman%2Fman3%2FX509_STORE_CTX_check_revocation_fn.3ssl.gz&loknya=%2Flib%2Fnode_modules%2Fnpm%2Fman%2Fman3 HTTP/1.1" 200 1796 "-" "Mozilla/5.0 AppleWebKit/537.36 (KHTML, like Gecko; compatible; ClaudeBot/1.0; +claudebot@anthropic.com)"
114.119.136.76 - - [20/Jan/2025:00:56:42 -0500] "GET /vendor/symfony/http-kernel/DataCollector/?NA HTTP/1.1" 200 1536 "https://www.book24.ng/vendor/symfony/http-kernel/DataCollector/?SD" "Mozilla/5.0 (Linux; Android 7.0;) AppleWebKit/537.36 (KHTML, like Gecko) Mobile Safari/537.36 (compatible; PetalBot;+https://webmaster.petalsearch.com/site/petalbot)"
47.128.40.7 - - [20/Jan/2025:00:56:40 -0500] "GET /public/user/chat?loknya=%2Fhome%2Fwavevlvu%2Fmisswavenigeria.com%2Frex HTTP/1.1" 200 2447 "-" "Mozilla/5.0 (Linux; Android 5.0) AppleWebKit/537.36 (KHTML, like Gecko) Mobile Safari/537.36 (compatible; Bytespider; spider-feedback@bytedance.com)"
3.147.49.19 - - [20/Jan/2025:00:56:41 -0500] "GET /public/hotel/247-luxury-hotel?lokasie=%2Flib%2Fnode_modules%2Fnpm%2Fman%2Fman3%2Fxcb_reparent_notify_event_t.3.gz&loknya=%2Flib%2Fnode_modules%2Fnpm%2Fman%2Fman3 HTTP/1.1" 200 1785 "-" "Mozilla/5.0 AppleWebKit/537.36 (KHTML, like Gecko; compatible; ClaudeBot/1.0; +claudebot@anthropic.com)"
54.38.85.17 - - [20/Jan/2025:00:56:42 -0500] "GET /public/tour/easter-in-la-campagne-tropicana-205k?lokasie=/home/wavevlvu/lscache/7/4/6/74665f1ef88d24f9&loknya=/home/wavevlvu/lscache/7/4/6 HTTP/1.1" 200 1771 "-" "Mozilla/5.0 (compatible; MJ12bot/v1.4.8; http://mj12bot.com/)"
3.147.49.19 - - [20/Jan/2025:00:56:44 -0500] "GET /public/hotel/247-luxury-hotel?lokasie=%2Flib%2Fnode_modules%2Fnpm%2Fman%2Fman3%2Fxcb_xkb_get_controls_unchecked.3.gz&loknya=%2Flib%2Fnode_modules%2Fnpm%2Fman%2Fman3 HTTP/1.1" 200 1787 "-" "Mozilla/5.0 AppleWebKit/537.36 (KHTML, like Gecko; compatible; ClaudeBot/1.0; +claudebot@anthropic.com)"
54.38.85.17 - - [20/Jan/2025:00:56:46 -0500] "GET /public/tour/easter-in-la-campagne-tropicana-205k?lokasie=/home/wavevlvu/lscache/7/4/6/74672ecf0dfee657&loknya=/home/wavevlvu/lscache/7/4/6 HTTP/1.1" 200 1771 "-" "Mozilla/5.0 (compatible; MJ12bot/v1.4.8; http://mj12bot.com/)"
3.147.49.19 - - [20/Jan/2025:00:56:47 -0500] "GET /public/hotel/247-luxury-hotel?lokasie=%2Flib%2Fnode_modules%2Fnpm%2Fman%2Fman3%2Fxcb_xkb_controls_notify_event_t.3.gz&loknya=%2Flib%2Fnode_modules%2Fnpm%2Fman%2Fman3 HTTP/1.1" 200 1790 "-" "Mozilla/5.0 AppleWebKit/537.36 (KHTML, like Gecko; compatible; ClaudeBot/1.0; +claudebot@anthropic.com)"
52.167.144.197 - - [20/Jan/2025:00:56:50 -0500] "GET /?muthh/s1476924.html HTTP/1.1" 200 76898 "-" "Mozilla/5.0 AppleWebKit/537.36 (KHTML, like Gecko; compatible; bingbot/2.0; +http://www.bing.com/bingbot.htm) Chrome/116.0.1938.76 Safari/537.36"
3.147.49.19 - - [20/Jan/2025:00:56:50 -0500] "GET /public/hotel/247-luxury-hotel?lokasie=%2Flib%2Fnode_modules%2Fnpm%2Fman%2Fman3%2FSoftware%3A%3ALicense%3A%3APerl_5.3pm.gz&loknya=%2Flib%2Fnode_modules%2Fnpm%2Fman%2Fman3 HTTP/1.1" 200 1784 "-" "Mozilla/5.0 AppleWebKit/537.36 (KHTML, like Gecko; compatible; ClaudeBot/1.0; +claudebot@anthropic.com)"
54.38.85.17 - - [20/Jan/2025:00:56:50 -0500] "GET /public/tour/easter-in-la-campagne-tropicana-205k?lokasie=/home/wavevlvu/lscache/7/4/6/746782a9d8552979&loknya=/home/wavevlvu/lscache/7/4/6 HTTP/1.1" 200 1772 "-" "Mozilla/5.0 (compatible; MJ12bot/v1.4.8; http://mj12bot.com/)"
207.46.13.78 - - [20/Jan/2025:00:56:53 -0500] "GET /?ppghs/x893203.html HTTP/1.1" 200 76849 "-" "Mozilla/5.0 AppleWebKit/537.36 (KHTML, like Gecko; compatible; bingbot/2.0; +http://www.bing.com/bingbot.htm) Chrome/116.0.1938.76 Safari/537.36"
3.147.49.19 - - [20/Jan/2025:00:56:53 -0500] "GET /public/hotel/247-luxury-hotel?lokasie=%2Flib%2Fnode_modules%2Fnpm%2Fman%2Fman3%2FSSL_CTX_sess_connect_renegotiate.3ssl.gz&loknya=%2Flib%2Fnode_modules%2Fnpm%2Fman%2Fman3 HTTP/1.1" 200 1792 "-" "Mozilla/5.0 AppleWebKit/537.36 (KHTML, like Gecko; compatible; ClaudeBot/1.0; +claudebot@anthropic.com)"
54.38.85.17 - - [20/Jan/2025:00:56:54 -0500] "GET /public/tour/easter-in-la-campagne-tropicana-205k?lokasie=/home/wavevlvu/lscache/7/4/6/7467a19015bcc4d9&loknya=/home/wavevlvu/lscache/7/4/6 HTTP/1.1" 200 1772 "-" "Mozilla/5.0 (compatible; MJ12bot/v1.4.8; http://mj12bot.com/)"
54.38.85.17 - - [20/Jan/2025:00:56:58 -0500] "GET /public/tour/easter-in-la-campagne-tropicana-205k?lokasie=/home/wavevlvu/lscache/7/4/6/7468366cd4c61526&loknya=/home/wavevlvu/lscache/7/4/6 HTTP/1.1" 200 1771 "-" "Mozilla/5.0 (compatible; MJ12bot/v1.4.8; http://mj12bot.com/)"
17.241.219.117 - - [20/Jan/2025:00:57:02 -0500] "GET /public/tour/experience-badagry-tour?lokasie=%2Fhome%2Fwavevlvu%2Fbook24.ng%2Fpublic%2Flibs%2Face%2Fsrc-min-noconflict%2Fmode-csound_score.js&loknya=%2Fhome%2Fwavevlvu%2Fbook24.ng%2Fpublic%2Flibs%2Face%2Fsrc-min-noconflict&set_currency=gbp HTTP/1.1" 200 4364 "-" "Mozilla/5.0 (Macintosh; Intel Mac OS X 10_15_7) AppleWebKit/605.1.15 (KHTML, like Gecko) Version/17.4 Safari/605.1.15 (Applebot/0.1; +http://www.apple.com/go/applebot)"
54.38.85.17 - - [20/Jan/2025:00:57:03 -0500] "GET /public/tour/easter-in-la-campagne-tropicana-205k?lokasie=/home/wavevlvu/lscache/7/4/6/7468ca0841842c02&loknya=/home/wavevlvu/lscache/7/4/6 HTTP/1.1" 200 1771 "-" "Mozilla/5.0 (compatible; MJ12bot/v1.4.8; http://mj12bot.com/)"
17.241.219.80 - - [20/Jan/2025:00:57:04 -0500] "GET /public/profile/book24admin/services?lokasie=/home/wavevlvu/tacafoundation.org/wp-includes/rex/index.php&loknya=/home/wavevlvu/tacafoundation.org/wp-includes/rex HTTP/1.1" 200 2511 "-" "Mozilla/5.0 (Macintosh; Intel Mac OS X 10_15_7) AppleWebKit/605.1.15 (KHTML, like Gecko) Version/17.4 Safari/605.1.15 (Applebot/0.1; +http://www.apple.com/go/applebot)"
17.241.75.27 - - [20/Jan/2025:00:57:06 -0500] "GET /public/space/xx/index.php?lokasie=/lib/firmware/radeon/RV635_pfp.bin&loknya=/lib/firmware/radeon HTTP/1.1" 200 1978 "-" "Mozilla/5.0 (Macintosh; Intel Mac OS X 10_15_7) AppleWebKit/605.1.15 (KHTML, like Gecko) Version/17.4 Safari/605.1.15 (Applebot/0.1; +http://www.apple.com/go/applebot)"
54.38.85.17 - - [20/Jan/2025:00:57:07 -0500] "GET /public/tour/easter-in-la-campagne-tropicana-205k?lokasie=/home/wavevlvu/lscache/7/4/6/74694a90346de218&loknya=/home/wavevlvu/lscache/7/4/6 HTTP/1.1" 200 1771 "-" "Mozilla/5.0 (compatible; MJ12bot/v1.4.8; http://mj12bot.com/)"
17.241.219.80 - - [20/Jan/2025:00:57:08 -0500] "GET /public/tour/visit-kigali-this-easter-620k?lokasie=/var/softaculous/layerbb/md5&loknya=/var/softaculous/layerbb HTTP/1.1" 200 7763 "-" "Mozilla/5.0 (Macintosh; Intel Mac OS X 10_15_7) AppleWebKit/605.1.15 (KHTML, like Gecko) Version/17.4 Safari/605.1.15 (Applebot/0.1; +http://www.apple.com/go/applebot)"
17.241.75.27 - - [20/Jan/2025:00:57:09 -0500] "GET /public/tour/experience-badagry-tour?lokasie=/home/wavevlvu/book24.ng/public/storage/framework/views/0c9aba581e07aba783216adf82b0a2394de8f919.php&loknya=/home/wavevlvu/book24.ng/public/storage/framework/views HTTP/1.1" 200 2383 "-" "Mozilla/5.0 (Macintosh; Intel Mac OS X 10_15_7) AppleWebKit/605.1.15 (KHTML, like Gecko) Version/17.4 Safari/605.1.15 (Applebot/0.1; +http://www.apple.com/go/applebot)"
54.38.85.17 - - [20/Jan/2025:00:57:11 -0500] "GET /public/tour/easter-in-la-campagne-tropicana-205k?lokasie=/home/wavevlvu/lscache/7/4/6/74695d2a34ba6768&loknya=/home/wavevlvu/lscache/7/4/6 HTTP/1.1" 200 1771 "-" "Mozilla/5.0 (compatible; MJ12bot/v1.4.8; http://mj12bot.com/)"
17.241.227.252 - - [20/Jan/2025:00:57:11 -0500] "GET /public/profile/55/services?lokasie=/home/wavevlvu/book24.ng/public/images/ico_close.svg&loknya=/home/wavevlvu/book24.ng/public/images HTTP/1.1" 200 2379 "-" "Mozilla/5.0 (Macintosh; Intel Mac OS X 10_15_7) AppleWebKit/605.1.15 (KHTML, like Gecko) Version/17.4 Safari/605.1.15 (Applebot/0.1; +http://www.apple.com/go/applebot)"
17.241.75.27 - - [20/Jan/2025:00:57:13 -0500] "GET /public/hotel/maison-fahrenheit?lokasie=/lib64/libmana.so.1.0.48.0&loknya=/lib64 HTTP/1.1" 200 1952 "-" "Mozilla/5.0 (Macintosh; Intel Mac OS X 10_15_7) AppleWebKit/605.1.15 (KHTML, like Gecko) Version/17.4 Safari/605.1.15 (Applebot/0.1; +http://www.apple.com/go/applebot)"
17.241.227.252 - - [20/Jan/2025:00:57:14 -0500] "GET /public/profile/55?loknya=/home/wavevlvu/book24.ng/themes/Mytravel/Car/frontend/user HTTP/1.1" 200 2570 "-" "Mozilla/5.0 (Macintosh; Intel Mac OS X 10_15_7) AppleWebKit/605.1.15 (KHTML, like Gecko) Version/17.4 Safari/605.1.15 (Applebot/0.1; +http://www.apple.com/go/applebot)"
54.38.85.17 - - [20/Jan/2025:00:57:15 -0500] "GET /public/tour/easter-in-la-campagne-tropicana-205k?lokasie=/home/wavevlvu/lscache/7/4/6/7469e15e5125e266&loknya=/home/wavevlvu/lscache/7/4/6 HTTP/1.1" 200 1771 "-" "Mozilla/5.0 (compatible; MJ12bot/v1.4.8; http://mj12bot.com/)"
17.241.75.27 - - [20/Jan/2025:00:57:16 -0500] "GET /public/space/3-bedroom-luxurious-apartment?lokasie=/home/wavevlvu/book24.ng/database/seeders/CarSeeder.php&loknya=/home/wavevlvu/book24.ng/database/seeders HTTP/1.1" 200 8972 "-" "Mozilla/5.0 (Macintosh; Intel Mac OS X 10_15_7) AppleWebKit/605.1.15 (KHTML, like Gecko) Version/17.4 Safari/605.1.15 (Applebot/0.1; +http://www.apple.com/go/applebot)"
17.241.227.252 - - [20/Jan/2025:00:57:17 -0500] "GET /public/profile/book24/services?lokasie=/home/wavevlvu/lscache/a/5/2/a52af819f7862d6c&loknya=/home/wavevlvu/lscache/a/5/2 HTTP/1.1" 200 2002 "-" "Mozilla/5.0 (Macintosh; Intel Mac OS X 10_15_7) AppleWebKit/605.1.15 (KHTML, like Gecko) Version/17.4 Safari/605.1.15 (Applebot/0.1; +http://www.apple.com/go/applebot)"
17.241.75.27 - - [20/Jan/2025:00:57:19 -0500] "GET /public/profile/55/services?lokasie=/bin/ps2ps2&loknya=/bin HTTP/1.1" 200 2370 "-" "Mozilla/5.0 (Macintosh; Intel Mac OS X 10_15_7) AppleWebKit/605.1.15 (KHTML, like Gecko) Version/17.4 Safari/605.1.15 (Applebot/0.1; +http://www.apple.com/go/applebot)"
54.38.85.17 - - [20/Jan/2025:00:57:20 -0500] "GET /public/tour/easter-in-la-campagne-tropicana-205k?lokasie=/home/wavevlvu/lscache/7/4/6/746a6084dfa93849&loknya=/home/wavevlvu/lscache/7/4/6 HTTP/1.1" 200 1771 "-" "Mozilla/5.0 (compatible; MJ12bot/v1.4.8; http://mj12bot.com/)"
17.241.227.112 - - [20/Jan/2025:00:57:21 -0500] "GET /public/tour/lekki-city-tour?lokasie=/bin/lesspipe.sh&loknya=/bin HTTP/1.1" 200 3383 "-" "Mozilla/5.0 (Macintosh; Intel Mac OS X 10_15_7) AppleWebKit/605.1.15 (KHTML, like Gecko) Version/17.4 Safari/605.1.15 (Applebot/0.1; +http://www.apple.com/go/applebot)"
17.241.75.27 - - [20/Jan/2025:00:57:22 -0500] "GET /public/profile/book24/reviews?lokasie=%2Fhome%2Fwavevlvu%2Ftacafoundation.org%2Fwp-includes%2FID3%2Fmodule.tag.apetag.php&loknya=%2Fhome%2Fwavevlvu%2Ftacafoundation.org%2Fwp-includes%2FID3&page=4 HTTP/1.1" 200 7049 "-" "Mozilla/5.0 (Macintosh; Intel Mac OS X 10_15_7) AppleWebKit/605.1.15 (KHTML, like Gecko) Version/17.4 Safari/605.1.15 (Applebot/0.1; +http://www.apple.com/go/applebot)"
54.38.85.17 - - [20/Jan/2025:00:57:24 -0500] "GET /public/tour/easter-in-la-campagne-tropicana-205k?lokasie=/home/wavevlvu/lscache/7/4/6/746a9c706e714fa1&loknya=/home/wavevlvu/lscache/7/4/6 HTTP/1.1" 200 1771 "-" "Mozilla/5.0 (compatible; MJ12bot/v1.4.8; http://mj12bot.com/)"
17.241.227.112 - - [20/Jan/2025:00:57:25 -0500] "GET /public/profile/book24admin/services?lokasie=/var/softaculous/hablator/install.xml&loknya=/var/softaculous/hablator HTTP/1.1" 200 2191 "-" "Mozilla/5.0 (Macintosh; Intel Mac OS X 10_15_7) AppleWebKit/605.1.15 (KHTML, like Gecko) Version/17.4 Safari/605.1.15 (Applebot/0.1; +http://www.apple.com/go/applebot)"
17.241.75.27 - - [20/Jan/2025:00:57:25 -0500] "GET /public/space/xx/index.php?lokasie=/lib64//libQt5Concurrent.so.5&loknya=/lib64/ HTTP/1.1" 200 1951 "-" "Mozilla/5.0 (Macintosh; Intel Mac OS X 10_15_7) AppleWebKit/605.1.15 (KHTML, like Gecko) Version/17.4 Safari/605.1.15 (Applebot/0.1; +http://www.apple.com/go/applebot)"
17.241.75.228 - - [20/Jan/2025:00:57:28 -0500] "GET /public/space/3-bedroom-duplex-in-lekki?lokasie=/home/wavevlvu/book24.ng/public/uploads/demo/general/icon_support.svg&loknya=/home/wavevlvu/book24.ng/public/uploads/demo/general HTTP/1.1" 200 3177 "-" "Mozilla/5.0 (Macintosh; Intel Mac OS X 10_15_7) AppleWebKit/605.1.15 (KHTML, like Gecko) Version/17.4 Safari/605.1.15 (Applebot/0.1; +http://www.apple.com/go/applebot)"
17.241.219.92 - - [20/Jan/2025:00:57:29 -0500] "GET /public/space/2bed-apartment-lekki-phase-1?lokasie=/lib64/libfreetype.so&loknya=/lib64 HTTP/1.1" 200 1948 "-" "Mozilla/5.0 (Macintosh; Intel Mac OS X 10_15_7) AppleWebKit/605.1.15 (KHTML, like Gecko) Version/17.4 Safari/605.1.15 (Applebot/0.1; +http://www.apple.com/go/applebot)"
54.38.85.17 - - [20/Jan/2025:00:57:28 -0500] "GET /public/tour/easter-in-la-campagne-tropicana-205k?lokasie=/home/wavevlvu/lscache/7/4/6/746b368d0bb9f5b3&loknya=/home/wavevlvu/lscache/7/4/6 HTTP/1.1" 200 1771 "-" "Mozilla/5.0 (compatible; MJ12bot/v1.4.8; http://mj12bot.com/)"
17.241.75.166 - - [20/Jan/2025:00:57:32 -0500] "GET /public/profile/book24admin/services?loknya=/home/wavevlvu/cynthiaadediran.com/.well-known HTTP/1.1" 200 2787 "-" "Mozilla/5.0 (Macintosh; Intel Mac OS X 10_15_7) AppleWebKit/605.1.15 (KHTML, like Gecko) Version/17.4 Safari/605.1.15 (Applebot/0.1; +http://www.apple.com/go/applebot)"
17.241.219.92 - - [20/Jan/2025:00:57:32 -0500] "GET /public/car/toyota-landcruiser?lokasie=/sbin/testsaslauthd&loknya=/sbin HTTP/1.1" 200 1947 "-" "Mozilla/5.0 (Macintosh; Intel Mac OS X 10_15_7) AppleWebKit/605.1.15 (KHTML, like Gecko) Version/17.4 Safari/605.1.15 (Applebot/0.1; +http://www.apple.com/go/applebot)"
54.38.85.17 - - [20/Jan/2025:00:57:34 -0500] "GET /public/tour/easter-in-la-campagne-tropicana-205k?lokasie=/home/wavevlvu/lscache/7/4/6/746b3a2cdce4cad2&loknya=/home/wavevlvu/lscache/7/4/6 HTTP/1.1" 200 1770 "-" "Mozilla/5.0 (compatible; MJ12bot/v1.4.8; http://mj12bot.com/)"
17.241.75.166 - - [20/Jan/2025:00:57:35 -0500] "GET /public/space/xx/index.php?loknya=/home/wavevlvu/book24.ng/modules/Vendor HTTP/1.1" 200 3361 "-" "Mozilla/5.0 (Macintosh; Intel Mac OS X 10_15_7) AppleWebKit/605.1.15 (KHTML, like Gecko) Version/17.4 Safari/605.1.15 (Applebot/0.1; +http://www.apple.com/go/applebot)"
17.241.219.92 - - [20/Jan/2025:00:57:36 -0500] "GET /public/profile/55/services?lokasie=/usr/lib64//libgstsdp-1.0.so.0&loknya=/usr/lib64/ HTTP/1.1" 200 1965 "-" "Mozilla/5.0 (Macintosh; Intel Mac OS X 10_15_7) AppleWebKit/605.1.15 (KHTML, like Gecko) Version/17.4 Safari/605.1.15 (Applebot/0.1; +http://www.apple.com/go/applebot)"
17.241.75.66 - - [20/Jan/2025:00:57:38 -0500] "GET /public/profile/book24admin/services?lokasie=/home/wavevlvu/logs//wavetalentnaija.wave.ng-Nov-2022.gz&loknya=/home/wavevlvu/logs/ HTTP/1.1" 200 1984 "-" "Mozilla/5.0 (Macintosh; Intel Mac OS X 10_15_7) AppleWebKit/605.1.15 (KHTML, like Gecko) Version/17.4 Safari/605.1.15 (Applebot/0.1; +http://www.apple.com/go/applebot)"
52.167.144.202 - - [20/Jan/2025:00:57:41 -0500] "GET /?hkgnl/g2428330.html HTTP/1.1" 200 76935 "-" "Mozilla/5.0 AppleWebKit/537.36 (KHTML, like Gecko; compatible; bingbot/2.0; +http://www.bing.com/bingbot.htm) Chrome/116.0.1938.76 Safari/537.36"
54.38.85.17 - - [20/Jan/2025:00:57:39 -0500] "GET /public/tour/easter-in-la-campagne-tropicana-205k?lokasie=/home/wavevlvu/lscache/7/4/6/746bdb8f250cf552&loknya=/home/wavevlvu/lscache/7/4/6 HTTP/1.1" 200 1771 "-" "Mozilla/5.0 (compatible; MJ12bot/v1.4.8; http://mj12bot.com/)"
17.241.219.92 - - [20/Jan/2025:00:57:39 -0500] "GET /public/profile/book24/services?lokasie=/var/softaculous/moodle311/php82/extend.php&loknya=/var/softaculous/moodle311/php82 HTTP/1.1" 200 12284 "-" "Mozilla/5.0 (Macintosh; Intel Mac OS X 10_15_7) AppleWebKit/605.1.15 (KHTML, like Gecko) Version/17.4 Safari/605.1.15 (Applebot/0.1; +http://www.apple.com/go/applebot)"
17.241.227.82 - - [20/Jan/2025:00:57:42 -0500] "GET /public/profile/book24/reviews?lokasie=/home/wavevlvu/mail/.info@misswavenigeria_com/.Sent/dovecot.index.log&loknya=/home/wavevlvu/mail/.info@misswavenigeria_com/.Sent HTTP/1.1" 200 2016 "-" "Mozilla/5.0 (Macintosh; Intel Mac OS X 10_15_7) AppleWebKit/605.1.15 (KHTML, like Gecko) Version/17.4 Safari/605.1.15 (Applebot/0.1; +http://www.apple.com/go/applebot)"
17.241.219.92 - - [20/Jan/2025:00:57:42 -0500] "GET /public/profile/book24admin/services?lokasie=/usr/bin/locale&loknya=/usr/bin HTTP/1.1" 200 1955 "-" "Mozilla/5.0 (Macintosh; Intel Mac OS X 10_15_7) AppleWebKit/605.1.15 (KHTML, like Gecko) Version/17.4 Safari/605.1.15 (Applebot/0.1; +http://www.apple.com/go/applebot)"
54.38.85.17 - - [20/Jan/2025:00:57:43 -0500] "GET /public/tour/easter-in-la-campagne-tropicana-205k?lokasie=/home/wavevlvu/lscache/7/4/6/746c273674d49325&loknya=/home/wavevlvu/lscache/7/4/6 HTTP/1.1" 200 1771 "-" "Mozilla/5.0 (compatible; MJ12bot/v1.4.8; http://mj12bot.com/)"
17.241.227.82 - - [20/Jan/2025:00:57:45 -0500] "GET /public/space/miniflat-shortlet-in-lekki-phase-1?lokasie=/home/wavevlvu/wavestudioz.com/wp-admin/css/code-editor-rtl.css&loknya=/home/wavevlvu/wavestudioz.com/wp-admin/css HTTP/1.1" 200 2535 "-" "Mozilla/5.0 (Macintosh; Intel Mac OS X 10_15_7) AppleWebKit/605.1.15 (KHTML, like Gecko) Version/17.4 Safari/605.1.15 (Applebot/0.1; +http://www.apple.com/go/applebot)"
17.241.219.92 - - [20/Jan/2025:00:57:46 -0500] "GET /public/profile/60?lokasie=/lib64/libXfixes.so.3&loknya=/lib64 HTTP/1.1" 200 1951 "-" "Mozilla/5.0 (Macintosh; Intel Mac OS X 10_15_7) AppleWebKit/605.1.15 (KHTML, like Gecko) Version/17.4 Safari/605.1.15 (Applebot/0.1; +http://www.apple.com/go/applebot)"
17.241.227.82 - - [20/Jan/2025:00:57:48 -0500] "GET /public/hotel/legend-hotel-lagos-airport-curio-collection-by-hilton?loknya=/lib64/gdk-pixbuf-2.0/2.10.0/loaders HTTP/1.1" 200 3193 "-" "Mozilla/5.0 (Macintosh; Intel Mac OS X 10_15_7) AppleWebKit/605.1.15 (KHTML, like Gecko) Version/17.4 Safari/605.1.15 (Applebot/0.1; +http://www.apple.com/go/applebot)"
17.241.219.240 - - [20/Jan/2025:00:57:50 -0500] "GET /public/profile/60?lokasie=/home/wavevlvu/book24.ng/public/libs/ace/src-min-noconflict/snippets/livescript.js&loknya=/home/wavevlvu/book24.ng/public/libs/ace/src-min-noconflict/snippets HTTP/1.1" 200 2248 "-" "Mozilla/5.0 (Macintosh; Intel Mac OS X 10_15_7) AppleWebKit/605.1.15 (KHTML, like Gecko) Version/17.4 Safari/605.1.15 (Applebot/0.1; +http://www.apple.com/go/applebot)"
17.241.219.106 - - [20/Jan/2025:00:57:51 -0500] "GET /public/profile/book24/services?loknya=/home/wavevlvu/mail/cur/patior HTTP/1.1" 200 2286 "-" "Mozilla/5.0 (Macintosh; Intel Mac OS X 10_15_7) AppleWebKit/605.1.15 (KHTML, like Gecko) Version/17.4 Safari/605.1.15 (Applebot/0.1; +http://www.apple.com/go/applebot)"
17.241.219.227 - - [20/Jan/2025:00:57:54 -0500] "GET /public/profile/book24/reviews?loknya=/home/wavevlvu/book24.ng/app/Console HTTP/1.1" 200 2732 "-" "Mozilla/5.0 (Macintosh; Intel Mac OS X 10_15_7) AppleWebKit/605.1.15 (KHTML, like Gecko) Version/17.4 Safari/605.1.15 (Applebot/0.1; +http://www.apple.com/go/applebot)"
17.241.219.106 - - [20/Jan/2025:00:57:54 -0500] "GET /public/profile/book24/reviews?lokasie=%2Flib64%2Flibisccfg.so&loknya=%2Flib64&set_currency=gbp HTTP/1.1" 200 1947 "-" "Mozilla/5.0 (Macintosh; Intel Mac OS X 10_15_7) AppleWebKit/605.1.15 (KHTML, like Gecko) Version/17.4 Safari/605.1.15 (Applebot/0.1; +http://www.apple.com/go/applebot)"
17.241.227.130 - - [20/Jan/2025:00:57:58 -0500] "GET /public/profile/60?lokasie=/var/softaculous/crafty/php56/import.php&loknya=/var/softaculous/crafty/php56 HTTP/1.1" 200 4835 "-" "Mozilla/5.0 (Macintosh; Intel Mac OS X 10_15_7) AppleWebKit/605.1.15 (KHTML, like Gecko) Version/17.4 Safari/605.1.15 (Applebot/0.1; +http://www.apple.com/go/applebot)"
17.241.219.196 - - [20/Jan/2025:00:58:01 -0500] "GET /public/profile/60?lokasie=/var/softaculous/openeshop/md5&loknya=/var/softaculous/openeshop HTTP/1.1" 200 8855 "-" "Mozilla/5.0 (Macintosh; Intel Mac OS X 10_15_7) AppleWebKit/605.1.15 (KHTML, like Gecko) Version/17.4 Safari/605.1.15 (Applebot/0.1; +http://www.apple.com/go/applebot)"
17.241.219.161 - - [20/Jan/2025:00:58:02 -0500] "GET /public/profile/60/services?lokasie=/home/wavevlvu/wavestudioz.com//robots.txt&loknya=/home/wavevlvu/wavestudioz.com/ HTTP/1.1" 200 2070 "-" "Mozilla/5.0 (Macintosh; Intel Mac OS X 10_15_7) AppleWebKit/605.1.15 (KHTML, like Gecko) Version/17.4 Safari/605.1.15 (Applebot/0.1; +http://www.apple.com/go/applebot)"
17.241.219.162 - - [20/Jan/2025:00:58:05 -0500] "GET /public/tour/experience-badagry-tour?lokasie=/home/wavevlvu/book24.ng/public/themes/mytravel/sass/_404.scss&loknya=/home/wavevlvu/book24.ng/public/themes/mytravel/sass HTTP/1.1" 200 2208 "-" "Mozilla/5.0 (Macintosh; Intel Mac OS X 10_15_7) AppleWebKit/605.1.15 (KHTML, like Gecko) Version/17.4 Safari/605.1.15 (Applebot/0.1; +http://www.apple.com/go/applebot)"
17.241.75.76 - - [20/Jan/2025:00:58:08 -0500] "GET /public/profile/kimmelapartments?lokasie=/bin/tabs&loknya=/bin HTTP/1.1" 200 1938 "-" "Mozilla/5.0 (Macintosh; Intel Mac OS X 10_15_7) AppleWebKit/605.1.15 (KHTML, like Gecko) Version/17.4 Safari/605.1.15 (Applebot/0.1; +http://www.apple.com/go/applebot)"
17.241.227.37 - - [20/Jan/2025:00:58:09 -0500] "GET /public/hotel/amber-residence-ikeja?lokasie=/usr/bin/znew&loknya=/usr/bin HTTP/1.1" 200 3902 "-" "Mozilla/5.0 (Macintosh; Intel Mac OS X 10_15_7) AppleWebKit/605.1.15 (KHTML, like Gecko) Version/17.4 Safari/605.1.15 (Applebot/0.1; +http://www.apple.com/go/applebot)"
17.241.227.37 - - [20/Jan/2025:00:58:12 -0500] "GET /public/profile/60/services?loknya=/home/wavevlvu/.cpanel/ea-php-cli/vim.ng HTTP/1.1" 200 2465 "-" "Mozilla/5.0 (Macintosh; Intel Mac OS X 10_15_7) AppleWebKit/605.1.15 (KHTML, like Gecko) Version/17.4 Safari/605.1.15 (Applebot/0.1; +http://www.apple.com/go/applebot)"
17.241.227.37 - - [20/Jan/2025:00:58:15 -0500] "GET /public/boat/25-seater-boat-120khr?lokasie=/lib64/python2.7/sunaudio.pyc&loknya=/lib64/python2.7 HTTP/1.1" 200 1966 "-" "Mozilla/5.0 (Macintosh; Intel Mac OS X 10_15_7) AppleWebKit/605.1.15 (KHTML, like Gecko) Version/17.4 Safari/605.1.15 (Applebot/0.1; +http://www.apple.com/go/applebot)"
66.249.68.33 - - [20/Jan/2025:00:58:18 -0500] "GET /routes/ HTTP/1.1" 200 1187 "-" "Mozilla/5.0 (Linux; Android 6.0.1; Nexus 5X Build/MMB29P) AppleWebKit/537.36 (KHTML, like Gecko) Chrome/132.0.6834.83 Mobile Safari/537.36 (compatible; Googlebot/2.1; +http://www.google.com/bot.html)"
17.241.75.250 - - [20/Jan/2025:00:58:18 -0500] "GET /public/profile/55/services?lokasie=/usr/lib64/python3.8/datetime.py&loknya=/usr/lib64/python3.8 HTTP/1.1" 200 28545 "-" "Mozilla/5.0 (Macintosh; Intel Mac OS X 10_15_7) AppleWebKit/605.1.15 (KHTML, like Gecko) Version/17.4 Safari/605.1.15 (Applebot/0.1; +http://www.apple.com/go/applebot)"
17.241.219.36 - - [20/Jan/2025:00:58:22 -0500] "GET /public/tour/visit-kigali-this-easter-620k?lokasie=/var/softaculous/mw/notes.txt&loknya=/var/softaculous/mw HTTP/1.1" 200 2597 "-" "Mozilla/5.0 (Macintosh; Intel Mac OS X 10_15_7) AppleWebKit/605.1.15 (KHTML, like Gecko) Version/17.4 Safari/605.1.15 (Applebot/0.1; +http://www.apple.com/go/applebot)"
66.249.68.33 - - [20/Jan/2025:00:58:32 -0500] "GET /_autoindex/assets/icons/folder-fill.svg HTTP/1.1" 200 333 "https://book24.ng/routes/" "Mozilla/5.0 (Linux; Android 6.0.1; Nexus 5X Build/MMB29P) AppleWebKit/537.36 (KHTML, like Gecko) Chrome/131.0.6778.204 Mobile Safari/537.36 (compatible; Googlebot/2.1; +http://www.google.com/bot.html)"
66.249.79.104 - - [20/Jan/2025:00:58:46 -0500] "GET /_autoindex/assets/icons/file.svg HTTP/1.1" 200 354 "https://book24.ng/routes/" "Mozilla/5.0 (Linux; Android 6.0.1; Nexus 5X Build/MMB29P) AppleWebKit/537.36 (KHTML, like Gecko) Chrome/131.0.6778.204 Mobile Safari/537.36 (compatible; Googlebot/2.1; +http://www.google.com/bot.html)"
149.202.86.86 - - [20/Jan/2025:00:58:51 -0500] "GET /public/tour/easter-in-la-campagne-tropicana-205k?lokasie=/home/wavevlvu/lscache/7/4/9/749e8cabc6734b30&loknya=/home/wavevlvu/lscache/7/4/9 HTTP/1.1" 200 1770 "-" "Mozilla/5.0 (compatible; MJ12bot/v1.4.8; http://mj12bot.com/)"
149.202.86.86 - - [20/Jan/2025:00:58:55 -0500] "GET /public/tour/easter-in-la-campagne-tropicana-205k?lokasie=/home/wavevlvu/lscache/7/4/9/749eabe6bf956e16&loknya=/home/wavevlvu/lscache/7/4/9 HTTP/1.1" 200 1770 "-" "Mozilla/5.0 (compatible; MJ12bot/v1.4.8; http://mj12bot.com/)"
149.202.86.86 - - [20/Jan/2025:00:59:00 -0500] "GET /public/tour/easter-in-la-campagne-tropicana-205k?lokasie=/home/wavevlvu/lscache/7/4/9/749ee6a9126c4ceb&loknya=/home/wavevlvu/lscache/7/4/9 HTTP/1.1" 200 1770 "-" "Mozilla/5.0 (compatible; MJ12bot/v1.4.8; http://mj12bot.com/)"
207.46.13.78 - - [20/Jan/2025:00:59:03 -0500] "GET /?rhtaj/e2322664.html HTTP/1.1" 200 76849 "-" "Mozilla/5.0 AppleWebKit/537.36 (KHTML, like Gecko; compatible; bingbot/2.0; +http://www.bing.com/bingbot.htm) Chrome/116.0.1938.76 Safari/537.36"
149.202.86.86 - - [20/Jan/2025:00:59:04 -0500] "GET /public/tour/easter-in-la-campagne-tropicana-205k?lokasie=/home/wavevlvu/lscache/7/4/9/749f8cbbf20ded27&loknya=/home/wavevlvu/lscache/7/4/9 HTTP/1.1" 200 1770 "-" "Mozilla/5.0 (compatible; MJ12bot/v1.4.8; http://mj12bot.com/)"
149.202.86.86 - - [20/Jan/2025:00:59:08 -0500] "GET /public/tour/easter-in-la-campagne-tropicana-205k?lokasie=/home/wavevlvu/lscache/7/4/9/749fc5af3e885af5&loknya=/home/wavevlvu/lscache/7/4/9 HTTP/1.1" 200 1770 "-" "Mozilla/5.0 (compatible; MJ12bot/v1.4.8; http://mj12bot.com/)"
66.249.79.169 - - [20/Jan/2025:00:59:12 -0500] "GET /_autoindex/assets/icons/file.svg HTTP/1.1" 200 354 "-" "Googlebot-Image/1.0"
149.202.86.86 - - [20/Jan/2025:00:59:12 -0500] "GET /public/tour/easter-in-la-campagne-tropicana-205k?lokasie=/home/wavevlvu/lscache/7/4/a/74a00431c1344bb0&loknya=/home/wavevlvu/lscache/7/4/a HTTP/1.1" 200 1769 "-" "Mozilla/5.0 (compatible; MJ12bot/v1.4.8; http://mj12bot.com/)"
157.55.39.201 - - [20/Jan/2025:00:59:16 -0500] "GET /?ngtbr/i2415176.html HTTP/1.1" 200 76921 "-" "Mozilla/5.0 AppleWebKit/537.36 (KHTML, like Gecko; compatible; bingbot/2.0; +http://www.bing.com/bingbot.htm) Chrome/116.0.1938.76 Safari/537.36"
149.202.86.86 - - [20/Jan/2025:00:59:17 -0500] "GET /public/tour/easter-in-la-campagne-tropicana-205k?lokasie=/home/wavevlvu/lscache/7/4/a/74a0542e7cb41819&loknya=/home/wavevlvu/lscache/7/4/a HTTP/1.1" 200 1771 "-" "Mozilla/5.0 (compatible; MJ12bot/v1.4.8; http://mj12bot.com/)"
149.202.86.86 - - [20/Jan/2025:00:59:21 -0500] "GET /public/tour/easter-in-la-campagne-tropicana-205k?lokasie=/home/wavevlvu/lscache/7/4/a/74a0bbe3432957f4&loknya=/home/wavevlvu/lscache/7/4/a HTTP/1.1" 200 1769 "-" "Mozilla/5.0 (compatible; MJ12bot/v1.4.8; http://mj12bot.com/)"
149.202.86.86 - - [20/Jan/2025:00:59:25 -0500] "GET /public/tour/easter-in-la-campagne-tropicana-205k?lokasie=/home/wavevlvu/lscache/7/4/a/74a13d2dd3e6e941&loknya=/home/wavevlvu/lscache/7/4/a HTTP/1.1" 200 1769 "-" "Mozilla/5.0 (compatible; MJ12bot/v1.4.8; http://mj12bot.com/)"
149.202.86.86 - - [20/Jan/2025:00:59:29 -0500] "GET /public/tour/easter-in-la-campagne-tropicana-205k?lokasie=/home/wavevlvu/lscache/7/4/a/74a19f244806cdbd&loknya=/home/wavevlvu/lscache/7/4/a HTTP/1.1" 200 1769 "-" "Mozilla/5.0 (compatible; MJ12bot/v1.4.8; http://mj12bot.com/)"
149.202.86.86 - - [20/Jan/2025:00:59:34 -0500] "GET /public/tour/easter-in-la-campagne-tropicana-205k?lokasie=/home/wavevlvu/lscache/7/4/a/74a23d2243aa7658&loknya=/home/wavevlvu/lscache/7/4/a HTTP/1.1" 200 1769 "-" "Mozilla/5.0 (compatible; MJ12bot/v1.4.8; http://mj12bot.com/)"
149.202.86.86 - - [20/Jan/2025:00:59:38 -0500] "GET /public/tour/easter-in-la-campagne-tropicana-205k?lokasie=/home/wavevlvu/lscache/7/4/a/74a2b372537345e6&loknya=/home/wavevlvu/lscache/7/4/a HTTP/1.1" 200 1769 "-" "Mozilla/5.0 (compatible; MJ12bot/v1.4.8; http://mj12bot.com/)"
149.202.86.86 - - [20/Jan/2025:00:59:42 -0500] "GET /public/tour/easter-in-la-campagne-tropicana-205k?lokasie=/home/wavevlvu/lscache/7/4/a/74a2b53d3ad439d1&loknya=/home/wavevlvu/lscache/7/4/a HTTP/1.1" 200 1769 "-" "Mozilla/5.0 (compatible; MJ12bot/v1.4.8; http://mj12bot.com/)"
149.202.86.86 - - [20/Jan/2025:00:59:46 -0500] "GET /public/tour/easter-in-la-campagne-tropicana-205k?lokasie=/home/wavevlvu/lscache/7/4/a/74a2bc55b3211b08&loknya=/home/wavevlvu/lscache/7/4/a HTTP/1.1" 200 1769 "-" "Mozilla/5.0 (compatible; MJ12bot/v1.4.8; http://mj12bot.com/)"
149.202.86.86 - - [20/Jan/2025:00:59:51 -0500] "GET /public/tour/easter-in-la-campagne-tropicana-205k?lokasie=/home/wavevlvu/lscache/7/4/a/74a305ab01f0a5fc&loknya=/home/wavevlvu/lscache/7/4/a HTTP/1.1" 200 1769 "-" "Mozilla/5.0 (compatible; MJ12bot/v1.4.8; http://mj12bot.com/)"
149.202.86.86 - - [20/Jan/2025:00:59:55 -0500] "GET /public/tour/easter-in-la-campagne-tropicana-205k?lokasie=/home/wavevlvu/lscache/7/4/a/74a321c8fc806813&loknya=/home/wavevlvu/lscache/7/4/a HTTP/1.1" 200 1769 "-" "Mozilla/5.0 (compatible; MJ12bot/v1.4.8; http://mj12bot.com/)"
149.202.86.86 - - [20/Jan/2025:00:59:59 -0500] "GET /public/tour/easter-in-la-campagne-tropicana-205k?lokasie=/home/wavevlvu/lscache/7/4/a/74a471a50b1c0664&loknya=/home/wavevlvu/lscache/7/4/a HTTP/1.1" 200 1771 "-" "Mozilla/5.0 (compatible; MJ12bot/v1.4.8; http://mj12bot.com/)"
40.77.167.15 - - [20/Jan/2025:01:00:02 -0500] "GET /?cyxdv/k1584322.html HTTP/1.1" 200 76912 "-" "Mozilla/5.0 AppleWebKit/537.36 (KHTML, like Gecko; compatible; bingbot/2.0; +http://www.bing.com/bingbot.htm) Chrome/116.0.1938.76 Safari/537.36"
17.241.219.142 - - [20/Jan/2025:01:00:00 -0500] "GET /public/car/ford-edge?lokasie=/home/wavevlvu/blog.diixadigital.com/wp-includes/class-wp-http.php&loknya=/home/wavevlvu/blog.diixadigital.com/wp-includes HTTP/1.1" 200 15644 "-" "Mozilla/5.0 (Macintosh; Intel Mac OS X 10_15_7) AppleWebKit/605.1.15 (KHTML, like Gecko) Version/17.4 Safari/605.1.15 (Applebot/0.1; +http://www.apple.com/go/applebot)"
149.202.86.86 - - [20/Jan/2025:01:00:04 -0500] "GET /public/tour/easter-in-la-campagne-tropicana-205k?lokasie=/home/wavevlvu/lscache/7/4/a/74a5358e67691064&loknya=/home/wavevlvu/lscache/7/4/a HTTP/1.1" 200 1769 "-" "Mozilla/5.0 (compatible; MJ12bot/v1.4.8; http://mj12bot.com/)"
17.241.75.154 - - [20/Jan/2025:01:00:04 -0500] "GET /public/profile/60?lokasie=/lib64/python3.6/__pycache__/imghdr.cpython-36.pyc&loknya=/lib64/python3.6/__pycache__ HTTP/1.1" 200 1991 "-" "Mozilla/5.0 (Macintosh; Intel Mac OS X 10_15_7) AppleWebKit/605.1.15 (KHTML, like Gecko) Version/17.4 Safari/605.1.15 (Applebot/0.1; +http://www.apple.com/go/applebot)"
40.77.167.15 - - [20/Jan/2025:01:00:06 -0500] "GET /?kkxeh/r1531133.html HTTP/1.1" 200 76912 "-" "Mozilla/5.0 AppleWebKit/537.36 (KHTML, like Gecko; compatible; bingbot/2.0; +http://www.bing.com/bingbot.htm) Chrome/116.0.1938.76 Safari/537.36"
17.241.75.154 - - [20/Jan/2025:01:00:09 -0500] "GET /public/profile/book24admin/services?lokasie=/home/wavevlvu/book24.ng/public/landing/img/other/calendar_control.svg&loknya=/home/wavevlvu/book24.ng/public/landing/img/other HTTP/1.1" 200 3204 "-" "Mozilla/5.0 (Macintosh; Intel Mac OS X 10_15_7) AppleWebKit/605.1.15 (KHTML, like Gecko) Version/17.4 Safari/605.1.15 (Applebot/0.1; +http://www.apple.com/go/applebot)"
149.202.86.86 - - [20/Jan/2025:01:00:10 -0500] "GET /public/tour/easter-in-la-campagne-tropicana-205k?lokasie=/home/wavevlvu/lscache/7/4/a/74a5c46ce52ac43f&loknya=/home/wavevlvu/lscache/7/4/a HTTP/1.1" 200 1769 "-" "Mozilla/5.0 (compatible; MJ12bot/v1.4.8; http://mj12bot.com/)"
17.241.75.154 - - [20/Jan/2025:01:00:13 -0500] "GET /public/profile/55?loknya=/proc/2535432 HTTP/1.1" 200 2242 "-" "Mozilla/5.0 (Macintosh; Intel Mac OS X 10_15_7) AppleWebKit/605.1.15 (KHTML, like Gecko) Version/17.4 Safari/605.1.15 (Applebot/0.1; +http://www.apple.com/go/applebot)"
149.202.86.86 - - [20/Jan/2025:01:00:15 -0500] "GET /public/tour/easter-in-la-campagne-tropicana-205k?lokasie=/home/wavevlvu/lscache/7/4/a/74a5eb3c0ae7d702&loknya=/home/wavevlvu/lscache/7/4/a HTTP/1.1" 200 1770 "-" "Mozilla/5.0 (compatible; MJ12bot/v1.4.8; http://mj12bot.com/)"
17.241.219.117 - - [20/Jan/2025:01:00:17 -0500] "GET /public/profile/book24admin/services?loknya=/lib/locale/en_US.utf8 HTTP/1.1" 200 3163 "-" "Mozilla/5.0 (Macintosh; Intel Mac OS X 10_15_7) AppleWebKit/605.1.15 (KHTML, like Gecko) Version/17.4 Safari/605.1.15 (Applebot/0.1; +http://www.apple.com/go/applebot)"
149.202.86.86 - - [20/Jan/2025:01:00:20 -0500] "GET /public/tour/easter-in-la-campagne-tropicana-205k?lokasie=/home/wavevlvu/lscache/7/4/a/74a645b3ae5f4bb0&loknya=/home/wavevlvu/lscache/7/4/a HTTP/1.1" 200 1769 "-" "Mozilla/5.0 (compatible; MJ12bot/v1.4.8; http://mj12bot.com/)"
17.241.219.117 - - [20/Jan/2025:01:00:21 -0500] "GET /public/hotel/legend-hotel-lagos-airport-curio-collection-by-hilton?lokasie=/lib64/perl5/lib.pm&loknya=/lib64/perl5 HTTP/1.1" 200 4603 "-" "Mozilla/5.0 (Macintosh; Intel Mac OS X 10_15_7) AppleWebKit/605.1.15 (KHTML, like Gecko) Version/17.4 Safari/605.1.15 (Applebot/0.1; +http://www.apple.com/go/applebot)"
17.241.219.117 - - [20/Jan/2025:01:00:24 -0500] "GET /public/profile/55?loknya=/lib/rpm/redhat HTTP/1.1" 200 3213 "-" "Mozilla/5.0 (Macintosh; Intel Mac OS X 10_15_7) AppleWebKit/605.1.15 (KHTML, like Gecko) Version/17.4 Safari/605.1.15 (Applebot/0.1; +http://www.apple.com/go/applebot)"
149.202.86.86 - - [20/Jan/2025:01:00:25 -0500] "GET /public/tour/easter-in-la-campagne-tropicana-205k?lokasie=/home/wavevlvu/lscache/7/4/a/74a652cb75b36b52&loknya=/home/wavevlvu/lscache/7/4/a HTTP/1.1" 200 1769 "-" "Mozilla/5.0 (compatible; MJ12bot/v1.4.8; http://mj12bot.com/)"
149.202.86.86 - - [20/Jan/2025:01:00:30 -0500] "GET /public/tour/easter-in-la-campagne-tropicana-205k?lokasie=/home/wavevlvu/lscache/7/4/a/74a68e2161baa022&loknya=/home/wavevlvu/lscache/7/4/a HTTP/1.1" 200 1769 "-" "Mozilla/5.0 (compatible; MJ12bot/v1.4.8; http://mj12bot.com/)"
17.241.75.40 - - [20/Jan/2025:01:00:32 -0500] "GET /public/space/xx/index.php?loknya=/lib/.build-id/0c HTTP/1.1" 200 4597 "-" "Mozilla/5.0 (Macintosh; Intel Mac OS X 10_15_7) AppleWebKit/605.1.15 (KHTML, like Gecko) Version/17.4 Safari/605.1.15 (Applebot/0.1; +http://www.apple.com/go/applebot)"
17.241.75.40 - - [20/Jan/2025:01:00:36 -0500] "GET /public/profile/book24/services?lokasie=/var/softaculous/procwire/.htaccess&loknya=/var/softaculous/procwire HTTP/1.1" 403 1242 "-" "Mozilla/5.0 (Macintosh; Intel Mac OS X 10_15_7) AppleWebKit/605.1.15 (KHTML, like Gecko) Version/17.4 Safari/605.1.15 (Applebot/0.1; +http://www.apple.com/go/applebot)"
149.202.86.86 - - [20/Jan/2025:01:00:35 -0500] "GET /public/tour/easter-in-la-campagne-tropicana-205k?lokasie=/home/wavevlvu/lscache/7/4/a/74a6d978414d6a69&loknya=/home/wavevlvu/lscache/7/4/a HTTP/1.1" 200 1770 "-" "Mozilla/5.0 (compatible; MJ12bot/v1.4.8; http://mj12bot.com/)"
114.119.155.1 - - [20/Jan/2025:01:00:38 -0500] "GET /www/rex/index.php?loknya=/opt/alt/82/usr/include/ HTTP/1.1" 200 1971 "https://www.book24.ng/www/rex/index.php?loknya=/opt/alt/php82/usr/include/php" "Mozilla/5.0 (Linux; Android 7.0;) AppleWebKit/537.36 (KHTML, like Gecko) Mobile Safari/537.36 (compatible; PetalBot;+https://webmaster.petalsearch.com/site/petalbot)"
52.167.144.197 - - [20/Jan/2025:01:00:40 -0500] "GET /?rgdym/a1753858.html HTTP/1.1" 200 76943 "-" "Mozilla/5.0 AppleWebKit/537.36 (KHTML, like Gecko; compatible; bingbot/2.0; +http://www.bing.com/bingbot.htm) Chrome/116.0.1938.76 Safari/537.36"
149.202.86.86 - - [20/Jan/2025:01:00:39 -0500] "GET /public/tour/easter-in-la-campagne-tropicana-205k?lokasie=/home/wavevlvu/lscache/7/4/a/74a6f2bd1efa7db4&loknya=/home/wavevlvu/lscache/7/4/a HTTP/1.1" 200 1770 "-" "Mozilla/5.0 (compatible; MJ12bot/v1.4.8; http://mj12bot.com/)"
47.128.18.82 - - [20/Jan/2025:01:00:40 -0500] "GET /public/user/chat?loknya=%2Fhome%2Fwavevlvu%2Fbook24.ng%2Fmodules%2FTheme HTTP/1.1" 200 2540 "-" "Mozilla/5.0 (Linux; Android 5.0) AppleWebKit/537.36 (KHTML, like Gecko) Mobile Safari/537.36 (compatible; Bytespider; spider-feedback@bytedance.com)"
17.241.219.138 - - [20/Jan/2025:01:00:42 -0500] "GET /public/profile/60?lokasie=/var/softaculous/podcast/php71/clone.php&loknya=/var/softaculous/podcast/php71 HTTP/1.1" 200 6332 "-" "Mozilla/5.0 (Macintosh; Intel Mac OS X 10_15_7) AppleWebKit/605.1.15 (KHTML, like Gecko) Version/17.4 Safari/605.1.15 (Applebot/0.1; +http://www.apple.com/go/applebot)"
149.202.86.86 - - [20/Jan/2025:01:00:44 -0500] "GET /public/tour/easter-in-la-campagne-tropicana-205k?lokasie=/home/wavevlvu/lscache/7/4/a/74a7229a1b8f71ac&loknya=/home/wavevlvu/lscache/7/4/a HTTP/1.1" 200 1771 "-" "Mozilla/5.0 (compatible; MJ12bot/v1.4.8; http://mj12bot.com/)"
149.202.86.86 - - [20/Jan/2025:01:00:48 -0500] "GET /public/tour/easter-in-la-campagne-tropicana-205k?lokasie=/home/wavevlvu/lscache/7/4/a/74a742d7fd5974d2&loknya=/home/wavevlvu/lscache/7/4/a HTTP/1.1" 200 1771 "-" "Mozilla/5.0 (compatible; MJ12bot/v1.4.8; http://mj12bot.com/)"
149.202.86.86 - - [20/Jan/2025:01:00:53 -0500] "GET /public/tour/easter-in-la-campagne-tropicana-205k?lokasie=/home/wavevlvu/lscache/7/4/a/74a85a8a796fa653&loknya=/home/wavevlvu/lscache/7/4/a HTTP/1.1" 200 1769 "-" "Mozilla/5.0 (compatible; MJ12bot/v1.4.8; http://mj12bot.com/)"
17.241.75.196 - - [20/Jan/2025:01:00:56 -0500] "GET /public/profile/book24admin/services?lokasie=/lib/.build-id/d1/172d7feeb8bcf812ca4ac60cf696bf3cdad0cb&loknya=/lib/.build-id/d1 HTTP/1.1" 200 1999 "-" "Mozilla/5.0 (Macintosh; Intel Mac OS X 10_15_7) AppleWebKit/605.1.15 (KHTML, like Gecko) Version/17.4 Safari/605.1.15 (Applebot/0.1; +http://www.apple.com/go/applebot)"
149.202.86.86 - - [20/Jan/2025:01:00:57 -0500] "GET /public/tour/easter-in-la-campagne-tropicana-205k?lokasie=/home/wavevlvu/lscache/7/4/a/74a8bf8e1e9ba1e3&loknya=/home/wavevlvu/lscache/7/4/a HTTP/1.1" 200 1769 "-" "Mozilla/5.0 (compatible; MJ12bot/v1.4.8; http://mj12bot.com/)"
17.241.75.196 - - [20/Jan/2025:01:00:59 -0500] "GET /public/car/toyota-landcruiser?lokasie=/lib64/pkgconfig/libpcrecpp.pc&loknya=/lib64/pkgconfig HTTP/1.1" 200 2110 "-" "Mozilla/5.0 (Macintosh; Intel Mac OS X 10_15_7) AppleWebKit/605.1.15 (KHTML, like Gecko) Version/17.4 Safari/605.1.15 (Applebot/0.1; +http://www.apple.com/go/applebot)"
149.202.86.86 - - [20/Jan/2025:01:01:01 -0500] "GET /public/tour/easter-in-la-campagne-tropicana-205k?lokasie=/home/wavevlvu/lscache/7/4/a/74a9199a040c6da6&loknya=/home/wavevlvu/lscache/7/4/a HTTP/1.1" 200 1770 "-" "Mozilla/5.0 (compatible; MJ12bot/v1.4.8; http://mj12bot.com/)"
17.241.75.196 - - [20/Jan/2025:01:01:02 -0500] "GET /public/profile/55?lokasie=/var/softaculous/zenario/zenario.zip&loknya=/var/softaculous/zenario HTTP/1.1" 200 1975 "-" "Mozilla/5.0 (Macintosh; Intel Mac OS X 10_15_7) AppleWebKit/605.1.15 (KHTML, like Gecko) Version/17.4 Safari/605.1.15 (Applebot/0.1; +http://www.apple.com/go/applebot)"
17.241.75.196 - - [20/Jan/2025:01:01:05 -0500] "GET /public/profile/60?loknya=/lib64/perl5/vendor_perl/ HTTP/1.1" 200 4544 "-" "Mozilla/5.0 (Macintosh; Intel Mac OS X 10_15_7) AppleWebKit/605.1.15 (KHTML, like Gecko) Version/17.4 Safari/605.1.15 (Applebot/0.1; +http://www.apple.com/go/applebot)"
149.202.86.86 - - [20/Jan/2025:01:01:06 -0500] "GET /public/tour/easter-in-la-campagne-tropicana-205k?lokasie=/home/wavevlvu/lscache/7/4/a/74a979578cf504c0&loknya=/home/wavevlvu/lscache/7/4/a HTTP/1.1" 200 1770 "-" "Mozilla/5.0 (compatible; MJ12bot/v1.4.8; http://mj12bot.com/)"
17.241.75.196 - - [20/Jan/2025:01:01:07 -0500] "GET /public/space/wp/index.php?lokasie=/home/wavevlvu/tacafoundation.org/rex/index.php&loknya=/home/wavevlvu/tacafoundation.org/rex HTTP/1.1" 200 2493 "-" "Mozilla/5.0 (Macintosh; Intel Mac OS X 10_15_7) AppleWebKit/605.1.15 (KHTML, like Gecko) Version/17.4 Safari/605.1.15 (Applebot/0.1; +http://www.apple.com/go/applebot)"
149.202.86.86 - - [20/Jan/2025:01:01:10 -0500] "GET /public/tour/easter-in-la-campagne-tropicana-205k?lokasie=/home/wavevlvu/lscache/7/4/a/74a99c9c482ba65f&loknya=/home/wavevlvu/lscache/7/4/a HTTP/1.1" 200 1770 "-" "Mozilla/5.0 (compatible; MJ12bot/v1.4.8; http://mj12bot.com/)"
17.241.75.196 - - [20/Jan/2025:01:01:10 -0500] "GET /public/profile/60/services?loknya=/home/wavevlvu/mail/.adverts@diixadigital_com HTTP/1.1" 200 3437 "-" "Mozilla/5.0 (Macintosh; Intel Mac OS X 10_15_7) AppleWebKit/605.1.15 (KHTML, like Gecko) Version/17.4 Safari/605.1.15 (Applebot/0.1; +http://www.apple.com/go/applebot)"
17.241.219.134 - - [20/Jan/2025:01:01:14 -0500] "GET /public/profile/book24/services?loknya=/var/softaculous/ocportal/images HTTP/1.1" 200 2562 "-" "Mozilla/5.0 (Macintosh; Intel Mac OS X 10_15_7) AppleWebKit/605.1.15 (KHTML, like Gecko) Version/17.4 Safari/605.1.15 (Applebot/0.1; +http://www.apple.com/go/applebot)"
149.202.86.86 - - [20/Jan/2025:01:01:15 -0500] "GET /public/tour/easter-in-la-campagne-tropicana-205k?lokasie=/home/wavevlvu/lscache/7/4/a/74aaa5b3ef7d07be&loknya=/home/wavevlvu/lscache/7/4/a HTTP/1.1" 200 1770 "-" "Mozilla/5.0 (compatible; MJ12bot/v1.4.8; http://mj12bot.com/)"
17.241.219.134 - - [20/Jan/2025:01:01:17 -0500] "GET /public/profile/book24/services?lokasie=/home/wavevlvu/lscache/4/2/c/42cd48d31b98f6f6&loknya=/home/wavevlvu/lscache/4/2/c HTTP/1.1" 200 2002 "-" "Mozilla/5.0 (Macintosh; Intel Mac OS X 10_15_7) AppleWebKit/605.1.15 (KHTML, like Gecko) Version/17.4 Safari/605.1.15 (Applebot/0.1; +http://www.apple.com/go/applebot)"
149.202.86.86 - - [20/Jan/2025:01:01:19 -0500] "GET /public/tour/easter-in-la-campagne-tropicana-205k?lokasie=/home/wavevlvu/lscache/7/4/a/74aac67e0ed41e26&loknya=/home/wavevlvu/lscache/7/4/a HTTP/1.1" 200 1768 "-" "Mozilla/5.0 (compatible; MJ12bot/v1.4.8; http://mj12bot.com/)"
17.241.219.212 - - [20/Jan/2025:01:01:21 -0500] "GET /public/profile/book24/reviews?lokasie=/home/wavevlvu/lscmData/htaccess.th&loknya=/home/wavevlvu/lscmData HTTP/1.1" 200 2434 "-" "Mozilla/5.0 (Macintosh; Intel Mac OS X 10_15_7) AppleWebKit/605.1.15 (KHTML, like Gecko) Version/17.4 Safari/605.1.15 (Applebot/0.1; +http://www.apple.com/go/applebot)"
149.202.86.86 - - [20/Jan/2025:01:01:23 -0500] "GET /public/tour/easter-in-la-campagne-tropicana-205k?lokasie=/home/wavevlvu/lscache/7/4/a/74ac4b95f10e2369&loknya=/home/wavevlvu/lscache/7/4/a HTTP/1.1" 200 1769 "-" "Mozilla/5.0 (compatible; MJ12bot/v1.4.8; http://mj12bot.com/)"
17.241.219.212 - - [20/Jan/2025:01:01:24 -0500] "GET /public/hotel/maison-fahrenheit?lokasie=/lib64/liblve.so.0.9.0&loknya=/lib64 HTTP/1.1" 200 1950 "-" "Mozilla/5.0 (Macintosh; Intel Mac OS X 10_15_7) AppleWebKit/605.1.15 (KHTML, like Gecko) Version/17.4 Safari/605.1.15 (Applebot/0.1; +http://www.apple.com/go/applebot)"
17.241.219.212 - - [20/Jan/2025:01:01:27 -0500] "GET /public/profile/kimmelapartments?lokasie=/home/wavevlvu/book24.ng/config_files.zip&loknya=/home/wavevlvu/book24.ng HTTP/1.1" 200 1977 "-" "Mozilla/5.0 (Macintosh; Intel Mac OS X 10_15_7) AppleWebKit/605.1.15 (KHTML, like Gecko) Version/17.4 Safari/605.1.15 (Applebot/0.1; +http://www.apple.com/go/applebot)"
149.202.86.86 - - [20/Jan/2025:01:01:28 -0500] "GET /public/tour/easter-in-la-campagne-tropicana-205k?lokasie=/home/wavevlvu/lscache/7/4/a/74ad03dce8db64da&loknya=/home/wavevlvu/lscache/7/4/a HTTP/1.1" 200 1768 "-" "Mozilla/5.0 (compatible; MJ12bot/v1.4.8; http://mj12bot.com/)"
17.241.219.89 - - [20/Jan/2025:01:01:31 -0500] "GET /public/event/cannabis-live-global-summit-nigeria?lokasie=/lib64/gconv/IBM1390.so&loknya=/lib64/gconv HTTP/1.1" 200 1965 "-" "Mozilla/5.0 (Macintosh; Intel Mac OS X 10_15_7) AppleWebKit/605.1.15 (KHTML, like Gecko) Version/17.4 Safari/605.1.15 (Applebot/0.1; +http://www.apple.com/go/applebot)"
17.241.219.89 - - [20/Jan/2025:01:01:34 -0500] "GET /public/space/2bed-apartment-lekki-phase-1?lokasie=/home/wavevlvu/etc/ftpquota&loknya=/home/wavevlvu/etc HTTP/1.1" 403 1242 "-" "Mozilla/5.0 (Macintosh; Intel Mac OS X 10_15_7) AppleWebKit/605.1.15 (KHTML, like Gecko) Version/17.4 Safari/605.1.15 (Applebot/0.1; +http://www.apple.com/go/applebot)"
149.202.86.86 - - [20/Jan/2025:01:01:32 -0500] "GET /public/tour/easter-in-la-campagne-tropicana-205k?lokasie=/home/wavevlvu/lscache/7/4/a/74ad202222a81e53&loknya=/home/wavevlvu/lscache/7/4/a HTTP/1.1" 200 1769 "-" "Mozilla/5.0 (compatible; MJ12bot/v1.4.8; http://mj12bot.com/)"
149.202.86.86 - - [20/Jan/2025:01:01:37 -0500] "GET /public/tour/easter-in-la-campagne-tropicana-205k?lokasie=/home/wavevlvu/lscache/7/4/a/74ad23eddb48cbac&loknya=/home/wavevlvu/lscache/7/4/a HTTP/1.1" 200 1768 "-" "Mozilla/5.0 (compatible; MJ12bot/v1.4.8; http://mj12bot.com/)"
