17.241.227.130 - - [20/Jan/2025:01:23:17 -0500] "GET /public/hotel/camas-hotel-suite?loknya=/home/wavevlvu/book24.ng/admin/ HTTP/1.1" 200 2876 "-" "Mozilla/5.0 (Macintosh; Intel Mac OS X 10_15_7) AppleWebKit/605.1.15 (KHTML, like Gecko) Version/17.4 Safari/605.1.15 (Applebot/0.1; +http://www.apple.com/go/applebot)"
18.220.235.159 - - [20/Jan/2025:01:23:17 -0500] "GET /public/hotel/247-luxury-hotel?lokasie=%2Flib%2Fnode_modules%2Fnpm%2Fman%2Fman3%2Fxcb_rotate_properties_checked.3.gz&loknya=%2Flib%2Fnode_modules%2Fnpm%2Fman%2Fman3 HTTP/1.1" 200 1784 "-" "Mozilla/5.0 AppleWebKit/537.36 (KHTML, like Gecko; compatible; ClaudeBot/1.0; +claudebot@anthropic.com)"
18.227.140.251 - - [20/Jan/2025:01:23:17 -0500] "GET /public/index.php/space/westwing?lokasie=%2Fvar%2Fsoftaculous%2Fmodx%2Fxpdo.class.php&loknya=%2Fvar%2Fsoftaculous%2Fmodx HTTP/1.1" 200 29295 "-" "Mozilla/5.0 AppleWebKit/537.36 (KHTML, like Gecko; compatible; ClaudeBot/1.0; +claudebot@anthropic.com)"
3.138.178.162 - - [20/Jan/2025:01:23:17 -0500] "GET /public/event/cannabis-live-global-summit-nigeria?loknya=%2Fopt%2Falt%2Falt-nodejs20%2Froot%2Fusr%2Fnode_modules%2Fnpm%2Fnode_modules.bundled%2Fretry%2F HTTP/1.1" 200 2080 "-" "Mozilla/5.0 AppleWebKit/537.36 (KHTML, like Gecko; compatible; ClaudeBot/1.0; +claudebot@anthropic.com)"
3.143.254.28 - - [20/Jan/2025:01:23:17 -0500] "GET /public/index.php/tour/weekend-getaway-at-federal-palace-hotel?lokasie=%2Fopt%2Fhc_python%2Flib%2Fpython3.8%2Fsite-packages%2Flxml%2Fclasslookup.pxi&loknya=%2Fopt%2Fhc_python%2Flib%2Fpython3.8%2Fsite-packages%2Flxml HTTP/1.1" 200 7180 "-" "Mozilla/5.0 AppleWebKit/537.36 (KHTML, like Gecko; compatible; ClaudeBot/1.0; +claudebot@anthropic.com)"
3.147.74.100 - - [20/Jan/2025:01:23:18 -0500] "GET /public/hotel/247-luxury-hotel?lokasie=%2Flib%2Fnode_modules%2Fnpm%2Fman%2Fman3%2Fd2i_DIST_POINT.3ssl.gz&loknya=%2Flib%2Fnode_modules%2Fnpm%2Fman%2Fman3 HTTP/1.1" 200 1781 "-" "Mozilla/5.0 AppleWebKit/537.36 (KHTML, like Gecko; compatible; ClaudeBot/1.0; +claudebot@anthropic.com)"
18.119.112.143 - - [20/Jan/2025:01:23:18 -0500] "GET /public/index.php/tour/couple-romantic-weekend-getaway-250kcouple?lokasie=%2Fproc%2Fthread-self%2Froot%2Fusr%2Flib64%2Fpython2.7%2FDemo%2Ftix%2Ftixwidgets.pyc&loknya=%2Fproc%2Fthread-self%2Froot%2Fusr%2Flib64%2Fpython2.7%2FDemo%2Ftix HTTP/1.1" 200 1808 "-" "Mozilla/5.0 AppleWebKit/537.36 (KHTML, like Gecko; compatible; ClaudeBot/1.0; +claudebot@anthropic.com)"
18.119.133.172 - - [20/Jan/2025:01:23:20 -0500] "GET /public/index.php/space/westwing?lokasie=%2Flib64%2F%2Flibtraceevent.so.1.5.3&loknya=%2Flib64%2F HTTP/1.1" 200 1472 "-" "Mozilla/5.0 AppleWebKit/537.36 (KHTML, like Gecko; compatible; ClaudeBot/1.0; +claudebot@anthropic.com)"
3.129.23.179 - - [20/Jan/2025:01:23:18 -0500] "GET /public/hotel/247-luxury-hotel?lokasie=%2Flib%2Fnode_modules%2Fnpm%2Fman%2Fman1%2Fmariadb-find-rows.1.gz&loknya=%2Flib%2Fnode_modules%2Fnpm%2Fman%2Fman1 HTTP/1.1" 200 12357 "-" "Mozilla/5.0 AppleWebKit/537.36 (KHTML, like Gecko; compatible; ClaudeBot/1.0; +claudebot@anthropic.com)"
3.144.6.9 - - [20/Jan/2025:01:23:19 -0500] "GET /public/hotel/247-luxury-hotel?lokasie=%2Flib%2Fnode_modules%2Fnpm%2Fman%2Fman3%2Fxcb_get_image_reply.3.gz&loknya=%2Flib%2Fnode_modules%2Fnpm%2Fman%2Fman3 HTTP/1.1" 200 1778 "-" "Mozilla/5.0 AppleWebKit/537.36 (KHTML, like Gecko; compatible; ClaudeBot/1.0; +claudebot@anthropic.com)"
13.59.182.74 - - [20/Jan/2025:01:23:19 -0500] "GET /public/hotel/247-luxury-hotel?lokasie=%2Flib%2Fnode_modules%2Fnpm%2Fman%2Fman3%2Fpthread_attr_setstackaddr.3.gz&loknya=%2Flib%2Fnode_modules%2Fnpm%2Fman%2Fman3 HTTP/1.1" 200 1782 "-" "Mozilla/5.0 AppleWebKit/537.36 (KHTML, like Gecko; compatible; ClaudeBot/1.0; +claudebot@anthropic.com)"
18.119.108.47 - - [20/Jan/2025:01:23:19 -0500] "GET /public/index.php/space/westwing?lokasie=%2Fvar%2Fsoftaculous%2Fabante%2Ffileindex.php&loknya=%2Fvar%2Fsoftaculous%2Fabante HTTP/1.1" 200 1877 "-" "Mozilla/5.0 AppleWebKit/537.36 (KHTML, like Gecko; compatible; ClaudeBot/1.0; +claudebot@anthropic.com)"
18.118.33.255 - - [20/Jan/2025:01:23:19 -0500] "GET /public/event/cannabis-live-global-summit-nigeria?lokasie=%2Fopt%2Falt%2Falt-nodejs20%2Froot%2Fusr%2Flib%2Fnode_modules%2Fnpm%2Fnode_modules%2Flibnpmsearch%2FREADME.md&loknya=%2Fopt%2Falt%2Falt-nodejs20%2Froot%2Fusr%2Flib%2Fnode_modules%2Fnpm%2Fnode_modules%2Flibnpmsearch HTTP/1.1" 200 3467 "-" "Mozilla/5.0 AppleWebKit/537.36 (KHTML, like Gecko; compatible; ClaudeBot/1.0; +claudebot@anthropic.com)"
18.119.133.172 - - [20/Jan/2025:01:23:20 -0500] "GET /public/index.php/space/westwing?lokasie=%2Flib64%2F%2FlibXfixes.so.3.1.0&loknya=%2Flib64%2F HTTP/1.1" 200 1734 "-" "Mozilla/5.0 AppleWebKit/537.36 (KHTML, like Gecko; compatible; ClaudeBot/1.0; +claudebot@anthropic.com)"
18.119.133.172 - - [20/Jan/2025:01:23:20 -0500] "GET /public/index.php/space/westwing?lokasie=%2Flib64%2F%2Flibx265.so.176&loknya=%2Flib64%2F HTTP/1.1" 200 1730 "-" "Mozilla/5.0 AppleWebKit/537.36 (KHTML, like Gecko; compatible; ClaudeBot/1.0; +claudebot@anthropic.com)"
18.119.133.172 - - [20/Jan/2025:01:23:20 -0500] "GET /public/index.php/space/westwing?lokasie=%2Flib64%2F%2Flibnfnetlink.so.0&loknya=%2Flib64%2F HTTP/1.1" 200 1732 "-" "Mozilla/5.0 AppleWebKit/537.36 (KHTML, like Gecko; compatible; ClaudeBot/1.0; +claudebot@anthropic.com)"
18.218.117.12 - - [20/Jan/2025:01:23:20 -0500] "GET /public/hotel/247-luxury-hotel?lokasie=%2Flib%2Fnode_modules%2Fnpm%2Fman%2Fman3%2FSSL_COMP_free_compression_methods.3ssl.gz&loknya=%2Flib%2Fnode_modules%2Fnpm%2Fman%2Fman3 HTTP/1.1" 200 1793 "-" "Mozilla/5.0 AppleWebKit/537.36 (KHTML, like Gecko; compatible; ClaudeBot/1.0; +claudebot@anthropic.com)"
17.241.227.130 - - [20/Jan/2025:01:23:20 -0500] "GET /public/profile/60?lokasie=/lib64/gstreamer-1.0/libgstmpegtsmux.so&loknya=/lib64/gstreamer-1.0 HTTP/1.1" 200 1972 "-" "Mozilla/5.0 (Macintosh; Intel Mac OS X 10_15_7) AppleWebKit/605.1.15 (KHTML, like Gecko) Version/17.4 Safari/605.1.15 (Applebot/0.1; +http://www.apple.com/go/applebot)"
18.227.140.251 - - [20/Jan/2025:01:23:20 -0500] "GET /public/index.php/tour/couple-romantic-weekend-getaway-250kcouple?loknya=%2Fproc%2Fthread-self%2Froot%2Fhome%2Fwavevlvu%2Fblog.diixadigital.com%2Fwp-includes%2Fblocks%2Fread-more HTTP/1.1" 200 2381 "-" "Mozilla/5.0 AppleWebKit/537.36 (KHTML, like Gecko; compatible; ClaudeBot/1.0; +claudebot@anthropic.com)"
18.119.133.172 - - [20/Jan/2025:01:23:20 -0500] "GET /public/index.php/space/westwing?lokasie=%2Flib64%2F%2Flibunistring.so.2.1.0&loknya=%2Flib64%2F HTTP/1.1" 200 1736 "-" "Mozilla/5.0 AppleWebKit/537.36 (KHTML, like Gecko; compatible; ClaudeBot/1.0; +claudebot@anthropic.com)"
18.220.235.159 - - [20/Jan/2025:01:23:20 -0500] "GET /public/hotel/247-luxury-hotel?lokasie=%2Flib%2Fnode_modules%2Fnpm%2Fman%2Fman3%2FPEM_read_bio_ECPKParameters.3ssl.gz&loknya=%2Flib%2Fnode_modules%2Fnpm%2Fman%2Fman3 HTTP/1.1" 200 1793 "-" "Mozilla/5.0 AppleWebKit/537.36 (KHTML, like Gecko; compatible; ClaudeBot/1.0; +claudebot@anthropic.com)"
18.116.67.43 - - [20/Jan/2025:01:23:20 -0500] "GET /public/hotel/247-luxury-hotel?lokasie=%2Flib%2Fnode_modules%2Fnpm%2Fman%2Fman3%2Fpcre2_set_compile_extra_options.3.gz&loknya=%2Flib%2Fnode_modules%2Fnpm%2Fman%2Fman3 HTTP/1.1" 200 1784 "-" "Mozilla/5.0 AppleWebKit/537.36 (KHTML, like Gecko; compatible; ClaudeBot/1.0; +claudebot@anthropic.com)"
13.59.116.142 - - [20/Jan/2025:01:23:20 -0500] "GET /public/hotel/247-luxury-hotel?lokasie=%2Flib%2Fnode_modules%2Fnpm%2Fman%2Fman3%2Flwres_endhostent.3.gz&loknya=%2Flib%2Fnode_modules%2Fnpm%2Fman%2Fman3 HTTP/1.1" 200 1778 "-" "Mozilla/5.0 AppleWebKit/537.36 (KHTML, like Gecko; compatible; ClaudeBot/1.0; +claudebot@anthropic.com)"
13.59.182.74 - - [20/Jan/2025:01:23:22 -0500] "GET /public/hotel/247-luxury-hotel?lokasie=%2Flib%2Fnode_modules%2Fnpm%2Fman%2Fman3%2FEVP_CIPHER_meth_set_init.3ssl.gz&loknya=%2Flib%2Fnode_modules%2Fnpm%2Fman%2Fman3 HTTP/1.1" 200 1520 "-" "Mozilla/5.0 AppleWebKit/537.36 (KHTML, like Gecko; compatible; ClaudeBot/1.0; +claudebot@anthropic.com)"
3.138.178.162 - - [20/Jan/2025:01:23:20 -0500] "GET /public/index.php/tour/valentine-in-seychelles-600kperson?lokasie=%2Fopt%2Falt%2Fpython33%2Flib64%2Fpython3.3%2Fpstats.py&loknya=%2Fopt%2Falt%2Fpython33%2Flib64%2Fpython3.3 HTTP/1.1" 200 8883 "-" "Mozilla/5.0 AppleWebKit/537.36 (KHTML, like Gecko; compatible; ClaudeBot/1.0; +claudebot@anthropic.com)"
3.147.74.100 - - [20/Jan/2025:01:23:21 -0500] "GET /public/hotel/247-luxury-hotel?lokasie=%2Flib%2Fnode_modules%2Fnpm%2Fman%2Fman3%2FCURLOPT_EGDSOCKET.3.gz&loknya=%2Flib%2Fnode_modules%2Fnpm%2Fman%2Fman3 HTTP/1.1" 200 1784 "-" "Mozilla/5.0 AppleWebKit/537.36 (KHTML, like Gecko; compatible; ClaudeBot/1.0; +claudebot@anthropic.com)"
4.227.36.73 - - [20/Jan/2025:01:23:24 -0500] "GET /profile/book24/services/?amp%3Bamp%3Bamp%3Bamp%3Bamp%3Bamp%3Bamp%3Bamp%3Bset_currency=usd&amp%3Bamp%3Bamp%3Bamp%3Bamp%3Bamp%3Bamp%3Bset_currency=usd&amp%3Bamp%3Bamp%3Bamp%3Bamp%3Bamp%3Bpage=3&amp%3Bamp%3Bamp%3Bamp%3Bamp%3Bamp%3Bset_currency=usd&amp%3Bamp%3Bamp%3Bamp%3Bamp%3Bpage=2&amp%3Bamp%3Bamp%3Bamp%3Bamp%3Bset_currency=gbp&amp%3Bamp%3Bamp%3Bamp%3Bpage=2&amp%3Bamp%3Bamp%3Bpage=2&amp%3Bamp%3Bamp%3Bset_currency=gbp&amp%3Bamp%3Bpage=2&amp%3Bpage=2&type=tour HTTP/1.1" 403 0 "-" "Mozilla/5.0 AppleWebKit/537.36 (KHTML, like Gecko; compatible; GPTBot/1.2; +https://openai.com/gptbot)"
3.144.6.9 - - [20/Jan/2025:01:23:22 -0500] "GET /public/hotel/247-luxury-hotel?lokasie=%2Flib%2Fnode_modules%2Fnpm%2Fman%2Fman3%2Fxcb_dpms_get_version.3.gz&loknya=%2Flib%2Fnode_modules%2Fnpm%2Fman%2Fman3 HTTP/1.1" 200 1778 "-" "Mozilla/5.0 AppleWebKit/537.36 (KHTML, like Gecko; compatible; ClaudeBot/1.0; +claudebot@anthropic.com)"
52.15.191.241 - - [20/Jan/2025:01:23:22 -0500] "GET /public/hotel/247-luxury-hotel?lokasie=%2Flib%2Fnode_modules%2Fnpm%2Fman%2Fman3%2Fxcb_shape_query_version_reply.3.gz&loknya=%2Flib%2Fnode_modules%2Fnpm%2Fman%2Fman3 HTTP/1.1" 200 1787 "-" "Mozilla/5.0 AppleWebKit/537.36 (KHTML, like Gecko; compatible; ClaudeBot/1.0; +claudebot@anthropic.com)"
18.119.108.47 - - [20/Jan/2025:01:23:22 -0500] "GET /public/index.php/tour/valentine-in-seychelles-600kperson?lokasie=%2Fusr%2Flib64%2Fpython3.6%2F%2Fcsv.py&loknya=%2Fusr%2Flib64%2Fpython3.6%2F HTTP/1.1" 200 6761 "-" "Mozilla/5.0 AppleWebKit/537.36 (KHTML, like Gecko; compatible; ClaudeBot/1.0; +claudebot@anthropic.com)"
18.220.235.159 - - [20/Jan/2025:01:23:23 -0500] "GET /public/hotel/247-luxury-hotel?lokasie=%2Flib%2Fnode_modules%2Fnpm%2Fman%2Fman3%2Fxcb_get_pointer_control_unchecked.3.gz&loknya=%2Flib%2Fnode_modules%2Fnpm%2Fman%2Fman3 HTTP/1.1" 200 1787 "-" "Mozilla/5.0 AppleWebKit/537.36 (KHTML, like Gecko; compatible; ClaudeBot/1.0; +claudebot@anthropic.com)"
13.59.116.142 - - [20/Jan/2025:01:23:23 -0500] "GET /public/hotel/247-luxury-hotel?lokasie=%2Flib%2Fnode_modules%2Fnpm%2Fman%2Fman3%2FPBEPARAM_free.3ssl.gz&loknya=%2Flib%2Fnode_modules%2Fnpm%2Fman%2Fman3 HTTP/1.1" 200 1781 "-" "Mozilla/5.0 AppleWebKit/537.36 (KHTML, like Gecko; compatible; ClaudeBot/1.0; +claudebot@anthropic.com)"
4.227.36.73 - - [20/Jan/2025:01:23:26 -0500] "GET /profile/book24/services/?amp%3Bamp%3Bamp%3Bamp%3Bamp%3Bamp%3Bamp%3Bamp%3Bset_currency=usd&amp%3Bamp%3Bamp%3Bamp%3Bamp%3Bamp%3Bamp%3Bset_currency=usd&amp%3Bamp%3Bamp%3Bamp%3Bamp%3Bamp%3Bpage=3&amp%3Bamp%3Bamp%3Bamp%3Bamp%3Bamp%3Bset_currency=usd&amp%3Bamp%3Bamp%3Bamp%3Bamp%3Bset_currency=usd&amp%3Bamp%3Bamp%3Bamp%3Bset_currency=gbp&amp%3Bamp%3Bamp%3Bpage=3&amp%3Bamp%3Bamp%3Bset_currency=gbp&amp%3Bamp%3Bpage=3&amp%3Bpage=2&set_currency=gbp&type=tour HTTP/1.1" 403 0 "-" "Mozilla/5.0 AppleWebKit/537.36 (KHTML, like Gecko; compatible; GPTBot/1.2; +https://openai.com/gptbot)"
3.137.169.35 - - [20/Jan/2025:01:23:22 -0500] "GET /public/hotel/247-luxury-hotel?lokasie=%2Flib%2Fnode_modules%2Fnpm%2Fman%2Fman3%2FFcConfigGetCacheDirs.3.gz&loknya=%2Flib%2Fnode_modules%2Fnpm%2Fman%2Fman3 HTTP/1.1" 200 1782 "-" "Mozilla/5.0 AppleWebKit/537.36 (KHTML, like Gecko; compatible; ClaudeBot/1.0; +claudebot@anthropic.com)"
18.218.117.12 - - [20/Jan/2025:01:23:24 -0500] "GET /public/index.php/tour/valentine-in-seychelles-600kperson?lokasie=%2Fopt%2Falt%2Fpython39%2Flib64%2Fpython3.9%2Fhashlib.py&loknya=%2Fopt%2Falt%2Fpython39%2Flib64%2Fpython3.9 HTTP/1.1" 200 5139 "-" "Mozilla/5.0 AppleWebKit/537.36 (KHTML, like Gecko; compatible; ClaudeBot/1.0; +claudebot@anthropic.com)"
3.147.74.100 - - [20/Jan/2025:01:23:24 -0500] "GET /public/hotel/247-luxury-hotel?lokasie=%2Flib%2Fnode_modules%2Fnpm%2Fman%2Fman3%2Fpthread_getattr_np.3.gz&loknya=%2Flib%2Fnode_modules%2Fnpm%2Fman%2Fman3 HTTP/1.1" 200 1778 "-" "Mozilla/5.0 AppleWebKit/537.36 (KHTML, like Gecko; compatible; ClaudeBot/1.0; +claudebot@anthropic.com)"
13.59.182.74 - - [20/Jan/2025:01:23:24 -0500] "GET /public/hotel/247-luxury-hotel?lokasie=%2Flib%2Fnode_modules%2Fnpm%2Fman%2Fman3%2Fxcb_glx_get_doublev_unchecked.3.gz&loknya=%2Flib%2Fnode_modules%2Fnpm%2Fman%2Fman3 HTTP/1.1" 200 1784 "-" "Mozilla/5.0 AppleWebKit/537.36 (KHTML, like Gecko; compatible; ClaudeBot/1.0; +claudebot@anthropic.com)"
18.116.67.43 - - [20/Jan/2025:01:23:24 -0500] "GET /public/index.php/tour/valentine-in-seychelles-600kperson?lokasie=%2Fusr%2Flib64%2Fpython3.8%2Fdistutils%2F__pycache__%2Ferrors.cpython-38.pyc&loknya=%2Fusr%2Flib64%2Fpython3.8%2Fdistutils%2F__pycache__ HTTP/1.1" 200 1783 "-" "Mozilla/5.0 AppleWebKit/537.36 (KHTML, like Gecko; compatible; ClaudeBot/1.0; +claudebot@anthropic.com)"
17.241.227.224 - - [20/Jan/2025:01:23:24 -0500] "GET /public/boat/25-seater-luxury-yacht-250khr?lokasie=/home/wavevlvu/book24.ng/public/landing/img/footer_bg2.png&loknya=/home/wavevlvu/book24.ng/public/landing/img HTTP/1.1" 200 2011 "-" "Mozilla/5.0 (Macintosh; Intel Mac OS X 10_15_7) AppleWebKit/605.1.15 (KHTML, like Gecko) Version/17.4 Safari/605.1.15 (Applebot/0.1; +http://www.apple.com/go/applebot)"
3.22.242.84 - - [20/Jan/2025:01:23:24 -0500] "GET /public/hotel/247-luxury-hotel?lokasie=%2Flib%2Fnode_modules%2Fnpm%2Fman%2Fman3%2FNAMING_AUTHORITY_free.3ssl.gz&loknya=%2Flib%2Fnode_modules%2Fnpm%2Fman%2Fman3 HTTP/1.1" 200 1790 "-" "Mozilla/5.0 AppleWebKit/537.36 (KHTML, like Gecko; compatible; ClaudeBot/1.0; +claudebot@anthropic.com)"
3.144.6.9 - - [20/Jan/2025:01:23:25 -0500] "GET /public/hotel/247-luxury-hotel?lokasie=%2Flib%2Fnode_modules%2Fnpm%2Fman%2Fman3%2Fd2i_ADMISSION_SYNTAX.3ssl.gz&loknya=%2Flib%2Fnode_modules%2Fnpm%2Fman%2Fman3 HTTP/1.1" 200 1788 "-" "Mozilla/5.0 AppleWebKit/537.36 (KHTML, like Gecko; compatible; ClaudeBot/1.0; +claudebot@anthropic.com)"
52.15.191.241 - - [20/Jan/2025:01:23:25 -0500] "GET /public/hotel/247-luxury-hotel?lokasie=%2Flib%2Fnode_modules%2Fnpm%2Fman%2Fman3%2Fxcb_xv_query_encodings_unchecked.3.gz&loknya=%2Flib%2Fnode_modules%2Fnpm%2Fman%2Fman3 HTTP/1.1" 200 1788 "-" "Mozilla/5.0 AppleWebKit/537.36 (KHTML, like Gecko; compatible; ClaudeBot/1.0; +claudebot@anthropic.com)"
18.119.108.47 - - [20/Jan/2025:01:23:25 -0500] "GET /public/index.php/tour/weekend-getaway-at-federal-palace-hotel?lokasie=%2Flib%2Fpython2.7%2Fsite-packages%2Fsetuptools%2F%2Fsite-patch.py&loknya=%2Flib%2Fpython2.7%2Fsite-packages%2Fsetuptools%2F HTTP/1.1" 200 2631 "-" "Mozilla/5.0 AppleWebKit/537.36 (KHTML, like Gecko; compatible; ClaudeBot/1.0; +claudebot@anthropic.com)"
4.227.36.73 - - [20/Jan/2025:01:23:28 -0500] "GET /profile/book24/services/?amp%3Bamp%3Bamp%3Bamp%3Bamp%3Bamp%3Bamp%3Bamp%3Bset_currency=usd&amp%3Bamp%3Bamp%3Bamp%3Bamp%3Bamp%3Bamp%3Bset_currency=usd&amp%3Bamp%3Bamp%3Bamp%3Bamp%3Bamp%3Bpage=3&amp%3Bamp%3Bamp%3Bamp%3Bamp%3Bamp%3Bset_currency=usd&amp%3Bamp%3Bamp%3Bamp%3Bamp%3Bset_currency=usd&amp%3Bamp%3Bamp%3Bamp%3Bset_currency=gbp&amp%3Bamp%3Bamp%3Bpage=3&amp%3Bamp%3Bamp%3Bset_currency=usd&amp%3Bamp%3Bset_currency=gbp&amp%3Bpage=2&page=2&type=tour HTTP/1.1" 403 0 "-" "Mozilla/5.0 AppleWebKit/537.36 (KHTML, like Gecko; compatible; GPTBot/1.2; +https://openai.com/gptbot)"
18.220.235.159 - - [20/Jan/2025:01:23:26 -0500] "GET /public/hotel/247-luxury-hotel?lokasie=%2Flib%2Fnode_modules%2Fnpm%2Fman%2Fman3%2FSoftware%3A%3ALicense%3A%3ACustom.3pm.gz&loknya=%2Flib%2Fnode_modules%2Fnpm%2Fman%2Fman3 HTTP/1.1" 200 1786 "-" "Mozilla/5.0 AppleWebKit/537.36 (KHTML, like Gecko; compatible; ClaudeBot/1.0; +claudebot@anthropic.com)"
13.59.116.142 - - [20/Jan/2025:01:23:26 -0500] "GET /public/hotel/247-luxury-hotel?lokasie=%2Flib%2Fnode_modules%2Fnpm%2Fman%2Fman3%2FEVP_idea_cfb64.3ssl.gz&loknya=%2Flib%2Fnode_modules%2Fnpm%2Fman%2Fman3 HTTP/1.1" 200 1780 "-" "Mozilla/5.0 AppleWebKit/537.36 (KHTML, like Gecko; compatible; ClaudeBot/1.0; +claudebot@anthropic.com)"
18.218.117.12 - - [20/Jan/2025:01:23:27 -0500] "GET /public/hotel/247-luxury-hotel?lokasie=%2Flib%2Fnode_modules%2Fnpm%2Fman%2Fman3%2Fxcb_render_query_pict_formats_subpixels.3.gz&loknya=%2Flib%2Fnode_modules%2Fnpm%2Fman%2Fman3 HTTP/1.1" 200 1795 "-" "Mozilla/5.0 AppleWebKit/537.36 (KHTML, like Gecko; compatible; ClaudeBot/1.0; +claudebot@anthropic.com)"
3.147.74.100 - - [20/Jan/2025:01:23:27 -0500] "GET /public/index.php/tour/valentine-in-seychelles-600kperson?lokasie=%2Fopt%2Falt%2Fphp53%2Flink%2Fconf%2Fmysql.ini&loknya=%2Fopt%2Falt%2Fphp53%2Flink%2Fconf HTTP/1.1" 200 1790 "-" "Mozilla/5.0 AppleWebKit/537.36 (KHTML, like Gecko; compatible; ClaudeBot/1.0; +claudebot@anthropic.com)"
13.59.182.74 - - [20/Jan/2025:01:23:27 -0500] "GET /public/hotel/247-luxury-hotel?lokasie=%2Flib%2Fnode_modules%2Fnpm%2Fman%2Fman3%2FSSL_CTX_has_client_custom_ext.3ssl.gz&loknya=%2Flib%2Fnode_modules%2Fnpm%2Fman%2Fman3 HTTP/1.1" 200 1789 "-" "Mozilla/5.0 AppleWebKit/537.36 (KHTML, like Gecko; compatible; ClaudeBot/1.0; +claudebot@anthropic.com)"
18.116.67.43 - - [20/Jan/2025:01:23:27 -0500] "GET /public/event/cannabis-live-global-summit-nigeria?lokasie=%2Fopt%2Falt%2Falt-nodejs20%2Froot%2Fusr%2Flib%2Fnode_modules%2Fnpm%2Fnode_modules%2Ftar%2Findex.js&loknya=%2Fopt%2Falt%2Falt-nodejs20%2Froot%2Fusr%2Flib%2Fnode_modules%2Fnpm%2Fnode_modules%2Ftar HTTP/1.1" 200 2014 "-" "Mozilla/5.0 AppleWebKit/537.36 (KHTML, like Gecko; compatible; ClaudeBot/1.0; +claudebot@anthropic.com)"
17.241.227.224 - - [20/Jan/2025:01:23:27 -0500] "GET /public/boat/yacht-cruise-summer-bash?lokasie=/home/wavevlvu/diixa.com.ng/events.book24.ng/themes.php&loknya=/home/wavevlvu/diixa.com.ng/events.book24.ng HTTP/1.1" 200 2860 "-" "Mozilla/5.0 (Macintosh; Intel Mac OS X 10_15_7) AppleWebKit/605.1.15 (KHTML, like Gecko) Version/17.4 Safari/605.1.15 (Applebot/0.1; +http://www.apple.com/go/applebot)"
3.22.242.84 - - [20/Jan/2025:01:23:27 -0500] "GET /public/hotel/247-luxury-hotel?lokasie=%2Flib%2Fnode_modules%2Fnpm%2Fman%2Fman3%2Fxcb_glx_destroy_glx_pixmap.3.gz&loknya=%2Flib%2Fnode_modules%2Fnpm%2Fman%2Fman3 HTTP/1.1" 200 1783 "-" "Mozilla/5.0 AppleWebKit/537.36 (KHTML, like Gecko; compatible; ClaudeBot/1.0; +claudebot@anthropic.com)"
3.137.169.35 - - [20/Jan/2025:01:23:27 -0500] "GET /public/hotel/247-luxury-hotel?lokasie=%2Flib%2Fnode_modules%2Fnpm%2Fman%2Fman3%2Fd2i_ASN1_BMPSTRING.3ssl.gz&loknya=%2Flib%2Fnode_modules%2Fnpm%2Fman%2Fman3 HTTP/1.1" 200 1786 "-" "Mozilla/5.0 AppleWebKit/537.36 (KHTML, like Gecko; compatible; ClaudeBot/1.0; +claudebot@anthropic.com)"
3.144.6.9 - - [20/Jan/2025:01:23:28 -0500] "GET /public/hotel/247-luxury-hotel?lokasie=%2Flib%2Fnode_modules%2Fnpm%2Fman%2Fman3%2FSSL_use_cert_and_key.3ssl.gz&loknya=%2Flib%2Fnode_modules%2Fnpm%2Fman%2Fman3 HTTP/1.1" 200 1783 "-" "Mozilla/5.0 AppleWebKit/537.36 (KHTML, like Gecko; compatible; ClaudeBot/1.0; +claudebot@anthropic.com)"
52.15.191.241 - - [20/Jan/2025:01:23:28 -0500] "GET /public/hotel/247-luxury-hotel?lokasie=%2Flib%2Fnode_modules%2Fnpm%2Fman%2Fman3%2FSSL_CTX_use_psk_identity_hint.3ssl.gz&loknya=%2Flib%2Fnode_modules%2Fnpm%2Fman%2Fman3 HTTP/1.1" 200 1790 "-" "Mozilla/5.0 AppleWebKit/537.36 (KHTML, like Gecko; compatible; ClaudeBot/1.0; +claudebot@anthropic.com)"
4.227.36.73 - - [20/Jan/2025:01:23:31 -0500] "GET /profile/book24/services/?amp%3Bamp%3Bamp%3Bamp%3Bamp%3Bamp%3Bamp%3Bamp%3Bset_currency=usd&amp%3Bamp%3Bamp%3Bamp%3Bamp%3Bamp%3Bamp%3Bset_currency=usd&amp%3Bamp%3Bamp%3Bamp%3Bamp%3Bamp%3Bpage=3&amp%3Bamp%3Bamp%3Bamp%3Bamp%3Bamp%3Bset_currency=usd&amp%3Bamp%3Bamp%3Bamp%3Bamp%3Bset_currency=usd&amp%3Bamp%3Bamp%3Bamp%3Bset_currency=gbp&amp%3Bamp%3Bamp%3Bpage=3&amp%3Bamp%3Bamp%3Bset_currency=gbp&amp%3Bamp%3Bpage=3&amp%3Bset_currency=usd&page=2&type=tour HTTP/1.1" 403 0 "-" "Mozilla/5.0 AppleWebKit/537.36 (KHTML, like Gecko; compatible; GPTBot/1.2; +https://openai.com/gptbot)"
18.117.12.223 - - [20/Jan/2025:01:23:28 -0500] "GET /public/hotel/247-luxury-hotel?lokasie=%2Flib%2Fnode_modules%2Fnpm%2Fman%2Fman3%2Flwres_gabnresponse_render.3.gz&loknya=%2Flib%2Fnode_modules%2Fnpm%2Fman%2Fman3 HTTP/1.1" 200 1781 "-" "Mozilla/5.0 AppleWebKit/537.36 (KHTML, like Gecko; compatible; ClaudeBot/1.0; +claudebot@anthropic.com)"
18.220.235.159 - - [20/Jan/2025:01:23:29 -0500] "GET /public/index.php/tour/weekend-getaway-at-federal-palace-hotel?lokasie=%2Flib%2Fnode_modules%2Fnpm%2Fman%2Fde%2Fman8%2Fuserdel.8.gz&loknya=%2Flib%2Fnode_modules%2Fnpm%2Fman%2Fde%2Fman8 HTTP/1.1" 200 1779 "-" "Mozilla/5.0 AppleWebKit/537.36 (KHTML, like Gecko; compatible; ClaudeBot/1.0; +claudebot@anthropic.com)"
3.144.6.9 - - [20/Jan/2025:01:23:31 -0500] "GET /public/hotel/247-luxury-hotel?lokasie=%2Flib%2Fnode_modules%2Fnpm%2Fman%2Fman3%2Fxcb_glx_get_string_reply.3.gz&loknya=%2Flib%2Fnode_modules%2Fnpm%2Fman%2Fman3 HTTP/1.1" 200 1515 "-" "Mozilla/5.0 AppleWebKit/537.36 (KHTML, like Gecko; compatible; ClaudeBot/1.0; +claudebot@anthropic.com)"
13.59.116.142 - - [20/Jan/2025:01:23:29 -0500] "GET /public/hotel/247-luxury-hotel?lokasie=%2Flib%2Fnode_modules%2Fnpm%2Fman%2Fman3%2Fpcre_jit_stack_free.3.gz&loknya=%2Flib%2Fnode_modules%2Fnpm%2Fman%2Fman3 HTTP/1.1" 200 1781 "-" "Mozilla/5.0 AppleWebKit/537.36 (KHTML, like Gecko; compatible; ClaudeBot/1.0; +claudebot@anthropic.com)"
18.218.117.12 - - [20/Jan/2025:01:23:30 -0500] "GET /public/hotel/247-luxury-hotel?lokasie=%2Flib%2Fnode_modules%2Fnpm%2Fman%2Fman3%2FModule%3A%3ABuild%3A%3APlatform%3A%3Aaix.3pm.gz&loknya=%2Flib%2Fnode_modules%2Fnpm%2Fman%2Fman3 HTTP/1.1" 200 1790 "-" "Mozilla/5.0 AppleWebKit/537.36 (KHTML, like Gecko; compatible; ClaudeBot/1.0; +claudebot@anthropic.com)"
3.147.74.100 - - [20/Jan/2025:01:23:30 -0500] "GET /public/hotel/247-luxury-hotel?lokasie=%2Flib%2Fnode_modules%2Fnpm%2Fman%2Fman3%2FSMIME_read_PKCS7.3ssl.gz&loknya=%2Flib%2Fnode_modules%2Fnpm%2Fman%2Fman3 HTTP/1.1" 200 1782 "-" "Mozilla/5.0 AppleWebKit/537.36 (KHTML, like Gecko; compatible; ClaudeBot/1.0; +claudebot@anthropic.com)"
13.59.182.74 - - [20/Jan/2025:01:23:30 -0500] "GET /public/index.php/tour/valentine-in-seychelles-600kperson?lokasie=%2Fopt%2Falt%2Fpython38%2Flib64%2Fpython3.8%2Fthreading.py&loknya=%2Fopt%2Falt%2Fpython38%2Flib64%2Fpython3.8 HTTP/1.1" 200 15846 "-" "Mozilla/5.0 AppleWebKit/537.36 (KHTML, like Gecko; compatible; ClaudeBot/1.0; +claudebot@anthropic.com)"
18.116.67.43 - - [20/Jan/2025:01:23:30 -0500] "GET /public/tour/osun-3-day-tour-osun-sacred-shrine-erin-ijesha-waterfall-nike-art-gallery-ataoja-oshogbo-palace?lokasie=%2Fproc%2Fthread-self%2Froot%2Fproc%2Fthread-self%2Froot%2Fhome%2Fwavevlvu%2Flscache%2F3%2F9%2F5%2F395c7d0f3cc0c80b&loknya=%2Fproc%2Fthread-self%2Froot%2Fproc%2Fthread-self%2Froot%2Fhome%2Fwavevlvu%2Flscache%2F3%2F9%2F5 HTTP/1.1" 200 1831 "-" "Mozilla/5.0 AppleWebKit/537.36 (KHTML, like Gecko; compatible; ClaudeBot/1.0; +claudebot@anthropic.com)"
3.22.242.84 - - [20/Jan/2025:01:23:30 -0500] "GET /public/hotel/247-luxury-hotel?lokasie=%2Flib%2Fnode_modules%2Fnpm%2Fman%2Fman3%2Fxcb_xkb_get_state_unchecked.3.gz&loknya=%2Flib%2Fnode_modules%2Fnpm%2Fman%2Fman3 HTTP/1.1" 200 1783 "-" "Mozilla/5.0 AppleWebKit/537.36 (KHTML, like Gecko; compatible; ClaudeBot/1.0; +claudebot@anthropic.com)"
3.137.169.35 - - [20/Jan/2025:01:23:30 -0500] "GET /public/hotel/247-luxury-hotel?lokasie=%2Flib%2Fnode_modules%2Fnpm%2Fman%2Fman3%2FFcConfigFileInfoIterInit.3.gz&loknya=%2Flib%2Fnode_modules%2Fnpm%2Fman%2Fman3 HTTP/1.1" 200 1784 "-" "Mozilla/5.0 AppleWebKit/537.36 (KHTML, like Gecko; compatible; ClaudeBot/1.0; +claudebot@anthropic.com)"
3.144.6.9 - - [20/Jan/2025:01:23:33 -0500] "GET /public/hotel/247-luxury-hotel?lokasie=%2Flib%2Fnode_modules%2Fnpm%2Fman%2Fman3%2FPod%3A%3ASimple%3A%3ARTF.3pm.gz&loknya=%2Flib%2Fnode_modules%2Fnpm%2Fman%2Fman3 HTTP/1.1" 200 1512 "-" "Mozilla/5.0 AppleWebKit/537.36 (KHTML, like Gecko; compatible; ClaudeBot/1.0; +claudebot@anthropic.com)"
17.241.227.224 - - [20/Jan/2025:01:23:31 -0500] "GET /public/hotel/amber-residence-ikeja?lokasie=/bin/ifnames&loknya=/bin HTTP/1.1" 200 4056 "-" "Mozilla/5.0 (Macintosh; Intel Mac OS X 10_15_7) AppleWebKit/605.1.15 (KHTML, like Gecko) Version/17.4 Safari/605.1.15 (Applebot/0.1; +http://www.apple.com/go/applebot)"
52.15.191.241 - - [20/Jan/2025:01:23:31 -0500] "GET /public/hotel/247-luxury-hotel?lokasie=%2Flib%2Fnode_modules%2Fnpm%2Fman%2Fman3%2FLocale%3A%3AMaketext%3A%3AGuts.3pm.gz&loknya=%2Flib%2Fnode_modules%2Fnpm%2Fman%2Fman3 HTTP/1.1" 200 1786 "-" "Mozilla/5.0 AppleWebKit/537.36 (KHTML, like Gecko; compatible; ClaudeBot/1.0; +claudebot@anthropic.com)"
4.227.36.73 - - [20/Jan/2025:01:23:33 -0500] "GET /profile/book24/services/?amp%3Bamp%3Bamp%3Bamp%3Bamp%3Bamp%3Bamp%3Bamp%3Bset_currency=usd&amp%3Bamp%3Bamp%3Bamp%3Bamp%3Bamp%3Bamp%3Bset_currency=usd&amp%3Bamp%3Bamp%3Bamp%3Bamp%3Bamp%3Bpage=3&amp%3Bamp%3Bamp%3Bamp%3Bamp%3Bamp%3Bset_currency=usd&amp%3Bamp%3Bamp%3Bamp%3Bamp%3Bset_currency=usd&amp%3Bamp%3Bamp%3Bamp%3Bset_currency=gbp&amp%3Bamp%3Bamp%3Bpage=3&amp%3Bamp%3Bamp%3Bset_currency=usd&amp%3Bamp%3Bset_currency=gbp&amp%3Bpage=2&page=3&type=tour HTTP/1.1" 403 0 "-" "Mozilla/5.0 AppleWebKit/537.36 (KHTML, like Gecko; compatible; GPTBot/1.2; +https://openai.com/gptbot)"
18.117.12.223 - - [20/Jan/2025:01:23:31 -0500] "GET /public/hotel/247-luxury-hotel?lokasie=%2Flib%2Fnode_modules%2Fnpm%2Fman%2Fman3%2FDTLSv1_2_client_method.3ssl.gz&loknya=%2Flib%2Fnode_modules%2Fnpm%2Fman%2Fman3 HTTP/1.1" 200 1783 "-" "Mozilla/5.0 AppleWebKit/537.36 (KHTML, like Gecko; compatible; ClaudeBot/1.0; +claudebot@anthropic.com)"
13.59.116.142 - - [20/Jan/2025:01:23:32 -0500] "GET /public/hotel/247-luxury-hotel?lokasie=%2Flib%2Fnode_modules%2Fnpm%2Fman%2Fman3%2Fpthread_getconcurrency.3.gz&loknya=%2Flib%2Fnode_modules%2Fnpm%2Fman%2Fman3 HTTP/1.1" 200 1782 "-" "Mozilla/5.0 AppleWebKit/537.36 (KHTML, like Gecko; compatible; ClaudeBot/1.0; +claudebot@anthropic.com)"
18.191.68.112 - - [20/Jan/2025:01:23:32 -0500] "GET /public/hotel/247-luxury-hotel?lokasie=%2Flib%2Fnode_modules%2Fnpm%2Fman%2Fman3%2FSoftware%3A%3ALicense%3A%3AGPL_2.3pm.gz&loknya=%2Flib%2Fnode_modules%2Fnpm%2Fman%2Fman3 HTTP/1.1" 200 1785 "-" "Mozilla/5.0 AppleWebKit/537.36 (KHTML, like Gecko; compatible; ClaudeBot/1.0; +claudebot@anthropic.com)"
3.147.74.100 - - [20/Jan/2025:01:23:33 -0500] "GET /public/hotel/247-luxury-hotel?lokasie=%2Flib%2Fnode_modules%2Fnpm%2Fman%2Fman3%2FCURLOPT_SERVICE_NAME.3.gz&loknya=%2Flib%2Fnode_modules%2Fnpm%2Fman%2Fman3 HTTP/1.1" 200 1789 "-" "Mozilla/5.0 AppleWebKit/537.36 (KHTML, like Gecko; compatible; ClaudeBot/1.0; +claudebot@anthropic.com)"
18.116.67.43 - - [20/Jan/2025:01:23:33 -0500] "GET /public/tour/osun-3-day-tour-osun-sacred-shrine-erin-ijesha-waterfall-nike-art-gallery-ataoja-oshogbo-palace?lokasie=%2Fproc%2Fthread-self%2Froot%2Fproc%2Fthread-self%2Froot%2Fhome%2Fwavevlvu%2Flscache%2Fd%2F9%2F4%2Fd94bcc5c49191544&loknya=%2Fproc%2Fthread-self%2Froot%2Fproc%2Fthread-self%2Froot%2Fhome%2Fwavevlvu%2Flscache%2Fd%2F9%2F4&set_currency=usd HTTP/1.1" 200 1831 "-" "Mozilla/5.0 AppleWebKit/537.36 (KHTML, like Gecko; compatible; ClaudeBot/1.0; +claudebot@anthropic.com)"
3.22.242.84 - - [20/Jan/2025:01:23:33 -0500] "GET /public/hotel/247-luxury-hotel?lokasie=%2Flib%2Fnode_modules%2Fnpm%2Fman%2Fman3%2FSSL_set_allow_early_data_cb.3ssl.gz&loknya=%2Flib%2Fnode_modules%2Fnpm%2Fman%2Fman3 HTTP/1.1" 200 1787 "-" "Mozilla/5.0 AppleWebKit/537.36 (KHTML, like Gecko; compatible; ClaudeBot/1.0; +claudebot@anthropic.com)"
3.137.169.35 - - [20/Jan/2025:01:23:33 -0500] "GET /public/hotel/247-luxury-hotel?lokasie=%2Flib%2Fnode_modules%2Fnpm%2Fman%2Fman3%2FUI_UTIL_read_pw_string.3ssl.gz&loknya=%2Flib%2Fnode_modules%2Fnpm%2Fman%2Fman3 HTTP/1.1" 200 1788 "-" "Mozilla/5.0 AppleWebKit/537.36 (KHTML, like Gecko; compatible; ClaudeBot/1.0; +claudebot@anthropic.com)"
18.218.150.169 - - [20/Jan/2025:01:23:33 -0500] "GET /public/hotel/247-luxury-hotel?lokasie=%2Flib%2Fnode_modules%2Fnpm%2Fman%2Fman3%2FEVP_MD_CTX_pkey_ctx.3ssl.gz&loknya=%2Flib%2Fnode_modules%2Fnpm%2Fman%2Fman3 HTTP/1.1" 200 1788 "-" "Mozilla/5.0 AppleWebKit/537.36 (KHTML, like Gecko; compatible; ClaudeBot/1.0; +claudebot@anthropic.com)"
52.15.191.241 - - [20/Jan/2025:01:23:34 -0500] "GET /public/hotel/247-luxury-hotel?lokasie=%2Flib%2Fnode_modules%2Fnpm%2Fman%2Fman3%2FBN_BLINDING_set_current_thread.3ssl.gz&loknya=%2Flib%2Fnode_modules%2Fnpm%2Fman%2Fman3 HTTP/1.1" 200 1791 "-" "Mozilla/5.0 AppleWebKit/537.36 (KHTML, like Gecko; compatible; ClaudeBot/1.0; +claudebot@anthropic.com)"
216.244.66.237 - - [20/Jan/2025:01:23:34 -0500] "GET /public/index.php?loknya=/var/softaculous/lepton HTTP/1.1" 200 44945 "-" "Mozilla/5.0 (compatible; DotBot/1.2; +https://opensiteexplorer.org/dotbot; help@moz.com)"
18.117.12.223 - - [20/Jan/2025:01:23:34 -0500] "GET /public/hotel/247-luxury-hotel?lokasie=%2Flib%2Fnode_modules%2Fnpm%2Fman%2Fman3%2Fxcb_create_notify_event_t.3.gz&loknya=%2Flib%2Fnode_modules%2Fnpm%2Fman%2Fman3 HTTP/1.1" 200 1783 "-" "Mozilla/5.0 AppleWebKit/537.36 (KHTML, like Gecko; compatible; ClaudeBot/1.0; +claudebot@anthropic.com)"
17.241.227.224 - - [20/Jan/2025:01:23:34 -0500] "GET /public/boat/yacht-cruise-summer-bash?lokasie=/home/wavevlvu/wavestudioz.com/wp-includes/class-wp-dependencies.php&loknya=/home/wavevlvu/wavestudioz.com/wp-includes HTTP/1.1" 200 6458 "-" "Mozilla/5.0 (Macintosh; Intel Mac OS X 10_15_7) AppleWebKit/605.1.15 (KHTML, like Gecko) Version/17.4 Safari/605.1.15 (Applebot/0.1; +http://www.apple.com/go/applebot)"
3.144.6.9 - - [20/Jan/2025:01:23:34 -0500] "GET /public/hotel/247-luxury-hotel?lokasie=%2Flib%2Fnode_modules%2Fnpm%2Fman%2Fman3%2FRSA_padding_check_SSLv23.3ssl.gz&loknya=%2Flib%2Fnode_modules%2Fnpm%2Fman%2Fman3 HTTP/1.1" 200 1784 "-" "Mozilla/5.0 AppleWebKit/537.36 (KHTML, like Gecko; compatible; ClaudeBot/1.0; +claudebot@anthropic.com)"
4.227.36.73 - - [20/Jan/2025:01:23:37 -0500] "GET /profile/book24/services/?amp%3Bamp%3Bamp%3Bamp%3Bamp%3Bamp%3Bamp%3Bamp%3Bset_currency=usd&amp%3Bamp%3Bamp%3Bamp%3Bamp%3Bamp%3Bamp%3Bset_currency=usd&amp%3Bamp%3Bamp%3Bamp%3Bamp%3Bamp%3Bpage=3&amp%3Bamp%3Bamp%3Bamp%3Bamp%3Bamp%3Bset_currency=usd&amp%3Bamp%3Bamp%3Bamp%3Bamp%3Bset_currency=usd&amp%3Bamp%3Bamp%3Bamp%3Bset_currency=gbp&amp%3Bamp%3Bamp%3Bpage=3&amp%3Bamp%3Bamp%3Bset_currency=gbp&amp%3Bamp%3Bpage=1&amp%3Bset_currency=gbp&page=2&type=tour HTTP/1.1" 403 0 "-" "Mozilla/5.0 AppleWebKit/537.36 (KHTML, like Gecko; compatible; GPTBot/1.2; +https://openai.com/gptbot)"
18.191.68.112 - - [20/Jan/2025:01:23:35 -0500] "GET /public/hotel/247-luxury-hotel?lokasie=%2Flib%2Fnode_modules%2Fnpm%2Fman%2Fman3%2Fxcb_randr_delete_output_mode_checked.3.gz&loknya=%2Flib%2Fnode_modules%2Fnpm%2Fman%2Fman3 HTTP/1.1" 200 1790 "-" "Mozilla/5.0 AppleWebKit/537.36 (KHTML, like Gecko; compatible; ClaudeBot/1.0; +claudebot@anthropic.com)"
13.59.116.142 - - [20/Jan/2025:01:23:35 -0500] "GET /public/hotel/247-luxury-hotel?lokasie=%2Flib%2Fnode_modules%2Fnpm%2Fman%2Fman3%2Fbind_textdomain_codeset.3.gz&loknya=%2Flib%2Fnode_modules%2Fnpm%2Fman%2Fman3 HTTP/1.1" 200 1784 "-" "Mozilla/5.0 AppleWebKit/537.36 (KHTML, like Gecko; compatible; ClaudeBot/1.0; +claudebot@anthropic.com)"
3.147.74.100 - - [20/Jan/2025:01:23:36 -0500] "GET /public/hotel/247-luxury-hotel?lokasie=%2Flib%2Fnode_modules%2Fnpm%2Fman%2Fman3%2Fxcb_sync_get_priority.3.gz&loknya=%2Flib%2Fnode_modules%2Fnpm%2Fman%2Fman3 HTTP/1.1" 200 1778 "-" "Mozilla/5.0 AppleWebKit/537.36 (KHTML, like Gecko; compatible; ClaudeBot/1.0; +claudebot@anthropic.com)"
3.22.242.84 - - [20/Jan/2025:01:23:36 -0500] "GET /public/hotel/247-luxury-hotel?lokasie=%2Flib%2Fnode_modules%2Fnpm%2Fman%2Fman3%2Fxcb_set_selection_owner_checked.3.gz&loknya=%2Flib%2Fnode_modules%2Fnpm%2Fman%2Fman3 HTTP/1.1" 200 1783 "-" "Mozilla/5.0 AppleWebKit/537.36 (KHTML, like Gecko; compatible; ClaudeBot/1.0; +claudebot@anthropic.com)"
18.191.68.112 - - [20/Jan/2025:01:23:38 -0500] "GET /public/hotel/247-luxury-hotel?lokasie=%2Flib%2Fnode_modules%2Fnpm%2Fman%2Fman3%2Fxcb_get_modifier_mapping_keycodes_length.3.gz&loknya=%2Flib%2Fnode_modules%2Fnpm%2Fman%2Fman3 HTTP/1.1" 200 1525 "-" "Mozilla/5.0 AppleWebKit/537.36 (KHTML, like Gecko; compatible; ClaudeBot/1.0; +claudebot@anthropic.com)"
3.137.169.35 - - [20/Jan/2025:01:23:36 -0500] "GET /public/hotel/247-luxury-hotel?lokasie=%2Flib%2Fnode_modules%2Fnpm%2Fman%2Fman3%2Fi2d_ISSUING_DIST_POINT.3ssl.gz&loknya=%2Flib%2Fnode_modules%2Fnpm%2Fman%2Fman3 HTTP/1.1" 200 1791 "-" "Mozilla/5.0 AppleWebKit/537.36 (KHTML, like Gecko; compatible; ClaudeBot/1.0; +claudebot@anthropic.com)"
18.218.150.169 - - [20/Jan/2025:01:23:36 -0500] "GET /public/hotel/247-luxury-hotel?lokasie=%2Flib%2Fnode_modules%2Fnpm%2Fman%2Fman3%2Fxcb_xfixes_hide_cursor.3.gz&loknya=%2Flib%2Fnode_modules%2Fnpm%2Fman%2Fman3 HTTP/1.1" 200 1783 "-" "Mozilla/5.0 AppleWebKit/537.36 (KHTML, like Gecko; compatible; ClaudeBot/1.0; +claudebot@anthropic.com)"
18.219.107.243 - - [20/Jan/2025:01:23:36 -0500] "GET /public/hotel/247-luxury-hotel?lokasie=%2Flib%2Fnode_modules%2Fnpm%2Fman%2Fman3%2FRSA_padding_check_none.3ssl.gz&loknya=%2Flib%2Fnode_modules%2Fnpm%2Fman%2Fman3 HTTP/1.1" 200 1784 "-" "Mozilla/5.0 AppleWebKit/537.36 (KHTML, like Gecko; compatible; ClaudeBot/1.0; +claudebot@anthropic.com)"
18.117.12.223 - - [20/Jan/2025:01:23:37 -0500] "GET /public/hotel/247-luxury-hotel?lokasie=%2Flib%2Fnode_modules%2Fnpm%2Fman%2Fman3%2FXcmsTekHVCQueryMaxVSamples.3.gz&loknya=%2Flib%2Fnode_modules%2Fnpm%2Fman%2Fman3 HTTP/1.1" 200 1788 "-" "Mozilla/5.0 AppleWebKit/537.36 (KHTML, like Gecko; compatible; ClaudeBot/1.0; +claudebot@anthropic.com)"
17.241.227.224 - - [20/Jan/2025:01:23:37 -0500] "GET /public/tour/experience-badagry-tour?lokasie=/home/wavevlvu/book24.ng/public/storage/framework/views/.gitignore&loknya=/home/wavevlvu/book24.ng/public/storage/framework/views HTTP/1.1" 200 2037 "-" "Mozilla/5.0 (Macintosh; Intel Mac OS X 10_15_7) AppleWebKit/605.1.15 (KHTML, like Gecko) Version/17.4 Safari/605.1.15 (Applebot/0.1; +http://www.apple.com/go/applebot)"
18.191.68.112 - - [20/Jan/2025:01:23:39 -0500] "GET /public/index.php/tour/valentine-in-seychelles-600kperson?lokasie=%2Fusr%2Flib64%2Fpython3.8%2Fdistutils%2F__pycache__%2Fsysconfig.cpython-38.pyc&loknya=%2Fusr%2Flib64%2Fpython3.8%2Fdistutils%2F__pycache__ HTTP/1.1" 200 1520 "-" "Mozilla/5.0 AppleWebKit/537.36 (KHTML, like Gecko; compatible; ClaudeBot/1.0; +claudebot@anthropic.com)"
4.227.36.73 - - [20/Jan/2025:01:23:40 -0500] "GET /profile/book24/services/?amp%3Bamp%3Bamp%3Bamp%3Bamp%3Bamp%3Bamp%3Bamp%3Bset_currency=usd&amp%3Bamp%3Bamp%3Bamp%3Bamp%3Bamp%3Bamp%3Bset_currency=usd&amp%3Bamp%3Bamp%3Bamp%3Bamp%3Bamp%3Bpage=3&amp%3Bamp%3Bamp%3Bamp%3Bamp%3Bamp%3Bset_currency=usd&amp%3Bamp%3Bamp%3Bamp%3Bamp%3Bpage=2&amp%3Bamp%3Bamp%3Bamp%3Bamp%3Bset_currency=gbp&amp%3Bamp%3Bamp%3Bamp%3Bpage=2&amp%3Bamp%3Bamp%3Bpage=2&amp%3Bamp%3Bamp%3Bset_currency=usd&amp%3Bamp%3Bpage=3&amp%3Bpage=3&type=tour HTTP/1.1" 403 0 "-" "Mozilla/5.0 AppleWebKit/537.36 (KHTML, like Gecko; compatible; GPTBot/1.2; +https://openai.com/gptbot)"
3.144.6.9 - - [20/Jan/2025:01:23:38 -0500] "GET /public/hotel/247-luxury-hotel?lokasie=%2Flib%2Fnode_modules%2Fnpm%2Fman%2Fman3%2FX509_EXTENSION_create_by_NID.3ssl.gz&loknya=%2Flib%2Fnode_modules%2Fnpm%2Fman%2Fman3 HTTP/1.1" 200 1794 "-" "Mozilla/5.0 AppleWebKit/537.36 (KHTML, like Gecko; compatible; ClaudeBot/1.0; +claudebot@anthropic.com)"
13.59.116.142 - - [20/Jan/2025:01:23:38 -0500] "GET /public/hotel/247-luxury-hotel?lokasie=%2Flib%2Fnode_modules%2Fnpm%2Fman%2Fman3%2FX509_CRL_add0_revoked.3ssl.gz&loknya=%2Flib%2Fnode_modules%2Fnpm%2Fman%2Fman3 HTTP/1.1" 200 1788 "-" "Mozilla/5.0 AppleWebKit/537.36 (KHTML, like Gecko; compatible; ClaudeBot/1.0; +claudebot@anthropic.com)"
3.147.74.100 - - [20/Jan/2025:01:23:39 -0500] "GET /public/hotel/247-luxury-hotel?lokasie=%2Flib%2Fnode_modules%2Fnpm%2Fman%2Fman3%2FCRYPTO_mem_leaks_fp.3ssl.gz&loknya=%2Flib%2Fnode_modules%2Fnpm%2Fman%2Fman3 HTTP/1.1" 200 1785 "-" "Mozilla/5.0 AppleWebKit/537.36 (KHTML, like Gecko; compatible; ClaudeBot/1.0; +claudebot@anthropic.com)"
3.22.242.84 - - [20/Jan/2025:01:23:39 -0500] "GET /public/hotel/247-luxury-hotel?lokasie=%2Flib%2Fnode_modules%2Fnpm%2Fman%2Fman3%2FX509_EXTENSION_create_by_OBJ.3ssl.gz&loknya=%2Flib%2Fnode_modules%2Fnpm%2Fman%2Fman3 HTTP/1.1" 200 1794 "-" "Mozilla/5.0 AppleWebKit/537.36 (KHTML, like Gecko; compatible; ClaudeBot/1.0; +claudebot@anthropic.com)"
18.219.107.243 - - [20/Jan/2025:01:23:39 -0500] "GET /public/hotel/247-luxury-hotel?lokasie=%2Flib%2Fnode_modules%2Fnpm%2Fman%2Fman3%2FENGINE_ctrl_cmd_string.3ssl.gz&loknya=%2Flib%2Fnode_modules%2Fnpm%2Fman%2Fman3 HTTP/1.1" 200 1789 "-" "Mozilla/5.0 AppleWebKit/537.36 (KHTML, like Gecko; compatible; ClaudeBot/1.0; +claudebot@anthropic.com)"
3.137.169.35 - - [20/Jan/2025:01:23:39 -0500] "GET /public/hotel/247-luxury-hotel?lokasie=%2Flib%2Fnode_modules%2Fnpm%2Fman%2Fman3%2FSSL_psk_server_cb_func.3ssl.gz&loknya=%2Flib%2Fnode_modules%2Fnpm%2Fman%2Fman3 HTTP/1.1" 200 1784 "-" "Mozilla/5.0 AppleWebKit/537.36 (KHTML, like Gecko; compatible; ClaudeBot/1.0; +claudebot@anthropic.com)"
18.218.150.169 - - [20/Jan/2025:01:23:39 -0500] "GET /public/hotel/247-luxury-hotel?lokasie=%2Flib%2Fnode_modules%2Fnpm%2Fman%2Fman3%2Fxcb_screensaver_suspend.3.gz&loknya=%2Flib%2Fnode_modules%2Fnpm%2Fman%2Fman3 HTTP/1.1" 200 1785 "-" "Mozilla/5.0 AppleWebKit/537.36 (KHTML, like Gecko; compatible; ClaudeBot/1.0; +claudebot@anthropic.com)"
18.117.12.223 - - [20/Jan/2025:01:23:40 -0500] "GET /public/hotel/247-luxury-hotel?lokasie=%2Flib%2Fnode_modules%2Fnpm%2Fman%2Fman3%2FLWP%3A%3AAuthen%3A%3ANtlm.3pm.gz&loknya=%2Flib%2Fnode_modules%2Fnpm%2Fman%2Fman3 HTTP/1.1" 200 1783 "-" "Mozilla/5.0 AppleWebKit/537.36 (KHTML, like Gecko; compatible; ClaudeBot/1.0; +claudebot@anthropic.com)"
4.227.36.73 - - [20/Jan/2025:01:23:43 -0500] "GET /profile/book24/services/?amp%3Bamp%3Bamp%3Bamp%3Bamp%3Bamp%3Bamp%3Bamp%3Bset_currency=usd&amp%3Bamp%3Bamp%3Bamp%3Bamp%3Bamp%3Bamp%3Bset_currency=usd&amp%3Bamp%3Bamp%3Bamp%3Bamp%3Bamp%3Bpage=3&amp%3Bamp%3Bamp%3Bamp%3Bamp%3Bamp%3Bset_currency=usd&amp%3Bamp%3Bamp%3Bamp%3Bamp%3Bset_currency=usd&amp%3Bamp%3Bamp%3Bamp%3Bset_currency=gbp&amp%3Bamp%3Bamp%3Bpage=3&amp%3Bamp%3Bamp%3Bset_currency=gbp&amp%3Bamp%3Bpage=3&amp%3Bset_currency=gbp&page=3&type=tour HTTP/1.1" 403 0 "-" "Mozilla/5.0 AppleWebKit/537.36 (KHTML, like Gecko; compatible; GPTBot/1.2; +https://openai.com/gptbot)"
3.144.6.9 - - [20/Jan/2025:01:23:41 -0500] "GET /public/hotel/247-luxury-hotel?lokasie=%2Flib%2Fnode_modules%2Fnpm%2Fman%2Fman3%2FX509_VERIFY_PARAM_clear_flags.3ssl.gz&loknya=%2Flib%2Fnode_modules%2Fnpm%2Fman%2Fman3 HTTP/1.1" 200 1794 "-" "Mozilla/5.0 AppleWebKit/537.36 (KHTML, like Gecko; compatible; ClaudeBot/1.0; +claudebot@anthropic.com)"
13.59.116.142 - - [20/Jan/2025:01:23:41 -0500] "GET /public/hotel/247-luxury-hotel?lokasie=%2Flib%2Fnode_modules%2Fnpm%2Fman%2Fman3%2Fxcb_xfixes_region_extents.3.gz&loknya=%2Flib%2Fnode_modules%2Fnpm%2Fman%2Fman3 HTTP/1.1" 200 1785 "-" "Mozilla/5.0 AppleWebKit/537.36 (KHTML, like Gecko; compatible; ClaudeBot/1.0; +claudebot@anthropic.com)"
3.147.74.100 - - [20/Jan/2025:01:23:42 -0500] "GET /public/hotel/247-luxury-hotel?lokasie=%2Flib%2Fnode_modules%2Fnpm%2Fman%2Fman3%2FEVP_CIPHER_CTX_flags.3ssl.gz&loknya=%2Flib%2Fnode_modules%2Fnpm%2Fman%2Fman3 HTTP/1.1" 200 1788 "-" "Mozilla/5.0 AppleWebKit/537.36 (KHTML, like Gecko; compatible; ClaudeBot/1.0; +claudebot@anthropic.com)"
3.22.242.84 - - [20/Jan/2025:01:23:42 -0500] "GET /public/hotel/247-luxury-hotel?lokasie=%2Flib%2Fnode_modules%2Fnpm%2Fman%2Fman3%2Fxcb_dri3_get_supported_modifiers_unchecked.3.gz&loknya=%2Flib%2Fnode_modules%2Fnpm%2Fman%2Fman3 HTTP/1.1" 200 1788 "-" "Mozilla/5.0 AppleWebKit/537.36 (KHTML, like Gecko; compatible; ClaudeBot/1.0; +claudebot@anthropic.com)"
18.219.107.243 - - [20/Jan/2025:01:23:42 -0500] "GET /public/hotel/247-luxury-hotel?lokasie=%2Flib%2Fnode_modules%2Fnpm%2Fman%2Fman3%2Fxcb_glx_get_histogram_reply.3.gz&loknya=%2Flib%2Fnode_modules%2Fnpm%2Fman%2Fman3 HTTP/1.1" 200 1787 "-" "Mozilla/5.0 AppleWebKit/537.36 (KHTML, like Gecko; compatible; ClaudeBot/1.0; +claudebot@anthropic.com)"
3.137.169.35 - - [20/Jan/2025:01:23:42 -0500] "GET /public/hotel/247-luxury-hotel?lokasie=%2Flib%2Fnode_modules%2Fnpm%2Fman%2Fman3%2Fmariadb_dyncol_list_named.3.gz&loknya=%2Flib%2Fnode_modules%2Fnpm%2Fman%2Fman3 HTTP/1.1" 200 1784 "-" "Mozilla/5.0 AppleWebKit/537.36 (KHTML, like Gecko; compatible; ClaudeBot/1.0; +claudebot@anthropic.com)"
18.218.150.169 - - [20/Jan/2025:01:23:42 -0500] "GET /public/hotel/247-luxury-hotel?lokasie=%2Flib%2Fnode_modules%2Fnpm%2Fman%2Fman3%2Fxcb_xfixes_get_cursor_name_reply.3.gz&loknya=%2Flib%2Fnode_modules%2Fnpm%2Fman%2Fman3 HTTP/1.1" 200 1790 "-" "Mozilla/5.0 AppleWebKit/537.36 (KHTML, like Gecko; compatible; ClaudeBot/1.0; +claudebot@anthropic.com)"
18.117.12.223 - - [20/Jan/2025:01:23:43 -0500] "GET /public/hotel/247-luxury-hotel?lokasie=%2Flib%2Fnode_modules%2Fnpm%2Fman%2Fman3%2Fi2d_NETSCAPE_CERT_SEQUENCE.3ssl.gz&loknya=%2Flib%2Fnode_modules%2Fnpm%2Fman%2Fman3 HTTP/1.1" 200 1797 "-" "Mozilla/5.0 AppleWebKit/537.36 (KHTML, like Gecko; compatible; ClaudeBot/1.0; +claudebot@anthropic.com)"
3.144.6.9 - - [20/Jan/2025:01:23:44 -0500] "GET /public/hotel/247-luxury-hotel?lokasie=%2Flib%2Fnode_modules%2Fnpm%2Fman%2Fman3%2FX509_NAME_ENTRY_create_by_OBJ.3ssl.gz&loknya=%2Flib%2Fnode_modules%2Fnpm%2Fman%2Fman3 HTTP/1.1" 200 1795 "-" "Mozilla/5.0 AppleWebKit/537.36 (KHTML, like Gecko; compatible; ClaudeBot/1.0; +claudebot@anthropic.com)"
4.227.36.73 - - [20/Jan/2025:01:23:47 -0500] "GET /profile/book24/services/?amp%3Bamp%3Bamp%3Bamp%3Bamp%3Bamp%3Bamp%3Bamp%3Bset_currency=usd&amp%3Bamp%3Bamp%3Bamp%3Bamp%3Bamp%3Bamp%3Bset_currency=usd&amp%3Bamp%3Bamp%3Bamp%3Bamp%3Bamp%3Bpage=3&amp%3Bamp%3Bamp%3Bamp%3Bamp%3Bamp%3Bset_currency=usd&amp%3Bamp%3Bamp%3Bamp%3Bamp%3Bpage=2&amp%3Bamp%3Bamp%3Bamp%3Bamp%3Bset_currency=gbp&amp%3Bamp%3Bamp%3Bamp%3Bpage=2&amp%3Bamp%3Bamp%3Bpage=3&amp%3Bamp%3Bamp%3Bset_currency=usd&amp%3Bamp%3Bpage=2&amp%3Bpage=3&type=tour HTTP/1.1" 403 0 "-" "Mozilla/5.0 AppleWebKit/537.36 (KHTML, like Gecko; compatible; GPTBot/1.2; +https://openai.com/gptbot)"
13.59.116.142 - - [20/Jan/2025:01:23:44 -0500] "GET /public/hotel/247-luxury-hotel?lokasie=%2Flib%2Fnode_modules%2Fnpm%2Fman%2Fman3%2FENGINE_add_conf_module.3ssl.gz&loknya=%2Flib%2Fnode_modules%2Fnpm%2Fman%2Fman3 HTTP/1.1" 200 1785 "-" "Mozilla/5.0 AppleWebKit/537.36 (KHTML, like Gecko; compatible; ClaudeBot/1.0; +claudebot@anthropic.com)"
17.241.227.66 - - [20/Jan/2025:01:23:45 -0500] "GET /public/boat/25-seater-luxury-yacht-250khr?lokasie=/home/wavevlvu/book24.ng/modules/Admin/error_log&loknya=/home/wavevlvu/book24.ng/modules/Admin HTTP/1.1" 200 2262 "-" "Mozilla/5.0 (Macintosh; Intel Mac OS X 10_15_7) AppleWebKit/605.1.15 (KHTML, like Gecko) Version/17.4 Safari/605.1.15 (Applebot/0.1; +http://www.apple.com/go/applebot)"
3.147.74.100 - - [20/Jan/2025:01:23:45 -0500] "GET /public/hotel/247-luxury-hotel?lokasie=%2Flib%2Fnode_modules%2Fnpm%2Fman%2Fman3%2Fxcb_motion_notify_event_t.3.gz&loknya=%2Flib%2Fnode_modules%2Fnpm%2Fman%2Fman3 HTTP/1.1" 200 1783 "-" "Mozilla/5.0 AppleWebKit/537.36 (KHTML, like Gecko; compatible; ClaudeBot/1.0; +claudebot@anthropic.com)"
3.22.242.84 - - [20/Jan/2025:01:23:45 -0500] "GET /public/hotel/247-luxury-hotel?lokasie=%2Flib%2Fnode_modules%2Fnpm%2Fman%2Fman3%2FExtUtils%3A%3ACBuilder%3A%3APlatform%3A%3AWindows.3pm.gz&loknya=%2Flib%2Fnode_modules%2Fnpm%2Fman%2Fman3 HTTP/1.1" 200 1795 "-" "Mozilla/5.0 AppleWebKit/537.36 (KHTML, like Gecko; compatible; ClaudeBot/1.0; +claudebot@anthropic.com)"
18.219.107.243 - - [20/Jan/2025:01:23:45 -0500] "GET /public/hotel/247-luxury-hotel?lokasie=%2Flib%2Fnode_modules%2Fnpm%2Fman%2Fman3%2Fpcre2_set_parens_nest_limit.3.gz&loknya=%2Flib%2Fnode_modules%2Fnpm%2Fman%2Fman3 HTTP/1.1" 200 1786 "-" "Mozilla/5.0 AppleWebKit/537.36 (KHTML, like Gecko; compatible; ClaudeBot/1.0; +claudebot@anthropic.com)"
3.137.169.35 - - [20/Jan/2025:01:23:45 -0500] "GET /public/hotel/247-luxury-hotel?lokasie=%2Flib%2Fnode_modules%2Fnpm%2Fman%2Fman3%2Fxcb_screensaver_query_version.3.gz&loknya=%2Flib%2Fnode_modules%2Fnpm%2Fman%2Fman3 HTTP/1.1" 200 1785 "-" "Mozilla/5.0 AppleWebKit/537.36 (KHTML, like Gecko; compatible; ClaudeBot/1.0; +claudebot@anthropic.com)"
18.218.150.169 - - [20/Jan/2025:01:23:45 -0500] "GET /public/hotel/247-luxury-hotel?lokasie=%2Flib%2Fnode_modules%2Fnpm%2Fman%2Fman3%2Fxcb_xfixes_region_extents_checked.3.gz&loknya=%2Flib%2Fnode_modules%2Fnpm%2Fman%2Fman3 HTTP/1.1" 200 1790 "-" "Mozilla/5.0 AppleWebKit/537.36 (KHTML, like Gecko; compatible; ClaudeBot/1.0; +claudebot@anthropic.com)"
17.241.75.46 - - [20/Jan/2025:01:23:48 -0500] "GET /public/car/toyota-landcruiser?lokasie=/etc/backupmxhosts&loknya=/etc HTTP/1.1" 403 1242 "-" "Mozilla/5.0 (Macintosh; Intel Mac OS X 10_15_7) AppleWebKit/605.1.15 (KHTML, like Gecko) Version/17.4 Safari/605.1.15 (Applebot/0.1; +http://www.apple.com/go/applebot)"
18.117.12.223 - - [20/Jan/2025:01:23:46 -0500] "GET /public/hotel/247-luxury-hotel?lokasie=%2Flib%2Fnode_modules%2Fnpm%2Fman%2Fman3%2FPod%3A%3ASimple%3A%3AChecker.3pm.gz&loknya=%2Flib%2Fnode_modules%2Fnpm%2Fman%2Fman3 HTTP/1.1" 200 1783 "-" "Mozilla/5.0 AppleWebKit/537.36 (KHTML, like Gecko; compatible; ClaudeBot/1.0; +claudebot@anthropic.com)"
3.144.6.9 - - [20/Jan/2025:01:23:47 -0500] "GET /public/hotel/247-luxury-hotel?lokasie=%2Flib%2Fnode_modules%2Fnpm%2Fman%2Fman3%2Fxcb_xv_select_video_notify_checked.3.gz&loknya=%2Flib%2Fnode_modules%2Fnpm%2Fman%2Fman3 HTTP/1.1" 200 1788 "-" "Mozilla/5.0 AppleWebKit/537.36 (KHTML, like Gecko; compatible; ClaudeBot/1.0; +claudebot@anthropic.com)"
4.227.36.73 - - [20/Jan/2025:01:23:50 -0500] "GET /profile/book24/services/?amp%3Bamp%3Bamp%3Bamp%3Bamp%3Bamp%3Bamp%3Bamp%3Bset_currency=usd&amp%3Bamp%3Bamp%3Bamp%3Bamp%3Bamp%3Bamp%3Bset_currency=usd&amp%3Bamp%3Bamp%3Bamp%3Bamp%3Bamp%3Bpage=3&amp%3Bamp%3Bamp%3Bamp%3Bamp%3Bamp%3Bset_currency=usd&amp%3Bamp%3Bamp%3Bamp%3Bamp%3Bpage=2&amp%3Bamp%3Bamp%3Bamp%3Bamp%3Bset_currency=gbp&amp%3Bamp%3Bamp%3Bamp%3Bpage=2&amp%3Bamp%3Bamp%3Bpage=2&amp%3Bamp%3Bamp%3Bset_currency=gbp&amp%3Bamp%3Bpage=3&amp%3Bpage=2&type=tour HTTP/1.1" 403 0 "-" "Mozilla/5.0 AppleWebKit/537.36 (KHTML, like Gecko; compatible; GPTBot/1.2; +https://openai.com/gptbot)"
13.59.116.142 - - [20/Jan/2025:01:23:47 -0500] "GET /public/hotel/247-luxury-hotel?lokasie=%2Flib%2Fnode_modules%2Fnpm%2Fman%2Fman3%2FEVP_PKEY_meth_set_paramgen.3ssl.gz&loknya=%2Flib%2Fnode_modules%2Fnpm%2Fman%2Fman3 HTTP/1.1" 200 1790 "-" "Mozilla/5.0 AppleWebKit/537.36 (KHTML, like Gecko; compatible; ClaudeBot/1.0; +claudebot@anthropic.com)"
3.22.242.84 - - [20/Jan/2025:01:23:48 -0500] "GET /public/index.php/tour/couple-romantic-weekend-getaway-250kcouple?lokasie=%2Fproc%2Fthread-self%2Froot%2Fhome%2Fwavevlvu%2Fssl%2Fkeys%2Fpatior%2Fdropdown.php&loknya=%2Fproc%2Fthread-self%2Froot%2Fhome%2Fwavevlvu%2Fssl%2Fkeys%2Fpatior HTTP/1.1" 200 2684 "-" "Mozilla/5.0 AppleWebKit/537.36 (KHTML, like Gecko; compatible; ClaudeBot/1.0; +claudebot@anthropic.com)"
3.137.169.35 - - [20/Jan/2025:01:23:48 -0500] "GET /public/hotel/247-luxury-hotel?lokasie=%2Flib%2Fnode_modules%2Fnpm%2Fman%2Fman3%2Fxcb_input_get_extension_version_unchecked.3.gz&loknya=%2Flib%2Fnode_modules%2Fnpm%2Fman%2Fman3 HTTP/1.1" 200 1789 "-" "Mozilla/5.0 AppleWebKit/537.36 (KHTML, like Gecko; compatible; ClaudeBot/1.0; +claudebot@anthropic.com)"
18.219.107.243 - - [20/Jan/2025:01:23:48 -0500] "GET /public/hotel/247-luxury-hotel?lokasie=%2Flib%2Fnode_modules%2Fnpm%2Fman%2Fman3%2Fxcb_input_ungrab_device_checked.3.gz&loknya=%2Flib%2Fnode_modules%2Fnpm%2Fman%2Fman3 HTTP/1.1" 200 1786 "-" "Mozilla/5.0 AppleWebKit/537.36 (KHTML, like Gecko; compatible; ClaudeBot/1.0; +claudebot@anthropic.com)"
18.218.150.169 - - [20/Jan/2025:01:23:48 -0500] "GET /public/hotel/247-luxury-hotel?lokasie=%2Flib%2Fnode_modules%2Fnpm%2Fman%2Fman3%2FSSL_SESSION_set_protocol_version.3ssl.gz&loknya=%2Flib%2Fnode_modules%2Fnpm%2Fman%2Fman3 HTTP/1.1" 200 1795 "-" "Mozilla/5.0 AppleWebKit/537.36 (KHTML, like Gecko; compatible; ClaudeBot/1.0; +claudebot@anthropic.com)"
18.117.12.223 - - [20/Jan/2025:01:23:49 -0500] "GET /public/hotel/247-luxury-hotel?lokasie=%2Flib%2Fnode_modules%2Fnpm%2Fman%2Fman3%2Fxcb_sync_change_counter_checked.3.gz&loknya=%2Flib%2Fnode_modules%2Fnpm%2Fman%2Fman3 HTTP/1.1" 200 1786 "-" "Mozilla/5.0 AppleWebKit/537.36 (KHTML, like Gecko; compatible; ClaudeBot/1.0; +claudebot@anthropic.com)"
4.227.36.73 - - [20/Jan/2025:01:23:52 -0500] "GET /profile/book24/services/?amp%3Bamp%3Bamp%3Bamp%3Bamp%3Bamp%3Bamp%3Bamp%3Bset_currency=usd&amp%3Bamp%3Bamp%3Bamp%3Bamp%3Bamp%3Bamp%3Bset_currency=usd&amp%3Bamp%3Bamp%3Bamp%3Bamp%3Bamp%3Bpage=3&amp%3Bamp%3Bamp%3Bamp%3Bamp%3Bamp%3Bset_currency=usd&amp%3Bamp%3Bamp%3Bamp%3Bamp%3Bset_currency=usd&amp%3Bamp%3Bamp%3Bamp%3Bset_currency=gbp&amp%3Bamp%3Bamp%3Bpage=3&amp%3Bamp%3Bamp%3Bset_currency=gbp&amp%3Bamp%3Bpage=3&amp%3Bset_currency=usd&page=3&type=tour HTTP/1.1" 403 0 "-" "Mozilla/5.0 AppleWebKit/537.36 (KHTML, like Gecko; compatible; GPTBot/1.2; +https://openai.com/gptbot)"
3.144.6.9 - - [20/Jan/2025:01:23:50 -0500] "GET /public/index.php/tour/valentine-in-seychelles-600kperson?lokasie=%2Fopt%2Falt%2Fpython33%2Flib64%2Fpython3.3%2Fsmtplib.py&loknya=%2Fopt%2Falt%2Fpython33%2Flib64%2Fpython3.3 HTTP/1.1" 200 13139 "-" "Mozilla/5.0 AppleWebKit/537.36 (KHTML, like Gecko; compatible; ClaudeBot/1.0; +claudebot@anthropic.com)"
