54.38.85.17 - - [20/Jan/2025:00:42:54 -0500] "GET /public/tour/easter-in-la-campagne-tropicana-205k?lokasie=/home/wavevlvu/lscache/7/4/1/7413caf2bb2002d6&loknya=/home/wavevlvu/lscache/7/4/1 HTTP/1.1" 200 1771 "-" "Mozilla/5.0 (compatible; MJ12bot/v1.4.8; http://mj12bot.com/)"
17.241.227.154 - - [20/Jan/2025:00:42:57 -0500] "GET /public/car/ford-edge?lokasie=/lib64/libcollection.so.4.1.1&loknya=/lib64 HTTP/1.1" 200 1957 "-" "Mozilla/5.0 (Macintosh; Intel Mac OS X 10_15_7) AppleWebKit/605.1.15 (KHTML, like Gecko) Version/17.4 Safari/605.1.15 (Applebot/0.1; +http://www.apple.com/go/applebot)"
54.38.85.17 - - [20/Jan/2025:00:42:58 -0500] "GET /public/tour/easter-in-la-campagne-tropicana-205k?lokasie=/home/wavevlvu/lscache/7/4/1/74140875e4025ce6&loknya=/home/wavevlvu/lscache/7/4/1 HTTP/1.1" 200 1771 "-" "Mozilla/5.0 (compatible; MJ12bot/v1.4.8; http://mj12bot.com/)"
17.241.227.154 - - [20/Jan/2025:00:43:00 -0500] "GET /public/car/ford-edge?lokasie=/lib64/libicuuc.so.60&loknya=/lib64 HTTP/1.1" 200 1950 "-" "Mozilla/5.0 (Macintosh; Intel Mac OS X 10_15_7) AppleWebKit/605.1.15 (KHTML, like Gecko) Version/17.4 Safari/605.1.15 (Applebot/0.1; +http://www.apple.com/go/applebot)"
54.38.85.17 - - [20/Jan/2025:00:43:03 -0500] "GET /public/tour/easter-in-la-campagne-tropicana-205k?lokasie=/home/wavevlvu/lscache/7/4/1/7414ff5f14fdc50a&loknya=/home/wavevlvu/lscache/7/4/1 HTTP/1.1" 200 1770 "-" "Mozilla/5.0 (compatible; MJ12bot/v1.4.8; http://mj12bot.com/)"
149.202.86.86 - - [20/Jan/2025:00:43:03 -0500] "GET /public/tour/easter-in-la-campagne-tropicana-205k?lokasie=/home/wavevlvu/lscache/7/4/8/7483b941e3e7bfb1&loknya=/home/wavevlvu/lscache/7/4/8 HTTP/1.1" 200 1770 "-" "Mozilla/5.0 (compatible; MJ12bot/v1.4.8; http://mj12bot.com/)"
54.38.85.17 - - [20/Jan/2025:00:43:07 -0500] "GET /public/tour/easter-in-la-campagne-tropicana-205k?lokasie=/home/wavevlvu/lscache/7/4/1/7415cc8b51e191c0&loknya=/home/wavevlvu/lscache/7/4/1 HTTP/1.1" 200 1771 "-" "Mozilla/5.0 (compatible; MJ12bot/v1.4.8; http://mj12bot.com/)"
149.202.86.86 - - [20/Jan/2025:00:43:08 -0500] "GET /public/tour/easter-in-la-campagne-tropicana-205k?lokasie=/home/wavevlvu/lscache/7/4/8/748418a9c0aacd68&loknya=/home/wavevlvu/lscache/7/4/8 HTTP/1.1" 200 1770 "-" "Mozilla/5.0 (compatible; MJ12bot/v1.4.8; http://mj12bot.com/)"
54.38.85.17 - - [20/Jan/2025:00:43:11 -0500] "GET /public/tour/easter-in-la-campagne-tropicana-205k?lokasie=/home/wavevlvu/lscache/7/4/1/741656ef89eaf86c&loknya=/home/wavevlvu/lscache/7/4/1 HTTP/1.1" 200 1771 "-" "Mozilla/5.0 (compatible; MJ12bot/v1.4.8; http://mj12bot.com/)"
149.202.86.86 - - [20/Jan/2025:00:43:12 -0500] "GET /public/tour/easter-in-la-campagne-tropicana-205k?lokasie=/home/wavevlvu/lscache/7/4/8/7484cebd798fa3ef&loknya=/home/wavevlvu/lscache/7/4/8 HTTP/1.1" 200 1771 "-" "Mozilla/5.0 (compatible; MJ12bot/v1.4.8; http://mj12bot.com/)"
54.38.85.17 - - [20/Jan/2025:00:43:16 -0500] "GET /public/tour/easter-in-la-campagne-tropicana-205k?lokasie=/home/wavevlvu/lscache/7/4/1/741b4429ab8b10ae&loknya=/home/wavevlvu/lscache/7/4/1 HTTP/1.1" 200 1771 "-" "Mozilla/5.0 (compatible; MJ12bot/v1.4.8; http://mj12bot.com/)"
149.202.86.86 - - [20/Jan/2025:00:43:16 -0500] "GET /public/tour/easter-in-la-campagne-tropicana-205k?lokasie=/home/wavevlvu/lscache/7/4/8/7485153a49e7bf69&loknya=/home/wavevlvu/lscache/7/4/8 HTTP/1.1" 200 1770 "-" "Mozilla/5.0 (compatible; MJ12bot/v1.4.8; http://mj12bot.com/)"
54.38.85.17 - - [20/Jan/2025:00:43:20 -0500] "GET /public/tour/easter-in-la-campagne-tropicana-205k?lokasie=/home/wavevlvu/lscache/7/4/1/741b6661f8f045e9&loknya=/home/wavevlvu/lscache/7/4/1 HTTP/1.1" 200 1771 "-" "Mozilla/5.0 (compatible; MJ12bot/v1.4.8; http://mj12bot.com/)"
149.202.86.86 - - [20/Jan/2025:00:43:21 -0500] "GET /public/tour/easter-in-la-campagne-tropicana-205k?lokasie=/home/wavevlvu/lscache/7/4/8/7485d210962f4c8b&loknya=/home/wavevlvu/lscache/7/4/8 HTTP/1.1" 200 1770 "-" "Mozilla/5.0 (compatible; MJ12bot/v1.4.8; http://mj12bot.com/)"
54.38.85.17 - - [20/Jan/2025:00:43:24 -0500] "GET /public/tour/easter-in-la-campagne-tropicana-205k?lokasie=/home/wavevlvu/lscache/7/4/1/741ba3fd938c873c&loknya=/home/wavevlvu/lscache/7/4/1 HTTP/1.1" 200 1771 "-" "Mozilla/5.0 (compatible; MJ12bot/v1.4.8; http://mj12bot.com/)"
149.202.86.86 - - [20/Jan/2025:00:43:26 -0500] "GET /public/tour/easter-in-la-campagne-tropicana-205k?lokasie=/home/wavevlvu/lscache/7/4/8/7485da4a251773b0&loknya=/home/wavevlvu/lscache/7/4/8 HTTP/1.1" 200 1771 "-" "Mozilla/5.0 (compatible; MJ12bot/v1.4.8; http://mj12bot.com/)"
54.38.85.17 - - [20/Jan/2025:00:43:28 -0500] "GET /public/tour/easter-in-la-campagne-tropicana-205k?lokasie=/home/wavevlvu/lscache/7/4/1/741bed11c318eb6b&loknya=/home/wavevlvu/lscache/7/4/1 HTTP/1.1" 200 1770 "-" "Mozilla/5.0 (compatible; MJ12bot/v1.4.8; http://mj12bot.com/)"
149.202.86.86 - - [20/Jan/2025:00:43:30 -0500] "GET /public/tour/easter-in-la-campagne-tropicana-205k?lokasie=/home/wavevlvu/lscache/7/4/8/74869f98aae7c04f&loknya=/home/wavevlvu/lscache/7/4/8 HTTP/1.1" 200 1770 "-" "Mozilla/5.0 (compatible; MJ12bot/v1.4.8; http://mj12bot.com/)"
54.38.85.17 - - [20/Jan/2025:00:43:33 -0500] "GET /public/tour/easter-in-la-campagne-tropicana-205k?lokasie=/home/wavevlvu/lscache/7/4/1/741c95c2c88d7224&loknya=/home/wavevlvu/lscache/7/4/1 HTTP/1.1" 200 1772 "-" "Mozilla/5.0 (compatible; MJ12bot/v1.4.8; http://mj12bot.com/)"
149.202.86.86 - - [20/Jan/2025:00:43:35 -0500] "GET /public/tour/easter-in-la-campagne-tropicana-205k?lokasie=/home/wavevlvu/lscache/7/4/8/74874f2919e68107&loknya=/home/wavevlvu/lscache/7/4/8 HTTP/1.1" 200 1770 "-" "Mozilla/5.0 (compatible; MJ12bot/v1.4.8; http://mj12bot.com/)"
54.38.85.17 - - [20/Jan/2025:00:43:37 -0500] "GET /public/tour/easter-in-la-campagne-tropicana-205k?lokasie=/home/wavevlvu/lscache/7/4/1/741d4a9c2a83f1e0&loknya=/home/wavevlvu/lscache/7/4/1 HTTP/1.1" 200 1771 "-" "Mozilla/5.0 (compatible; MJ12bot/v1.4.8; http://mj12bot.com/)"
149.202.86.86 - - [20/Jan/2025:00:43:40 -0500] "GET /public/tour/easter-in-la-campagne-tropicana-205k?lokasie=/home/wavevlvu/lscache/7/4/8/7487927d268cd0f7&loknya=/home/wavevlvu/lscache/7/4/8 HTTP/1.1" 200 1770 "-" "Mozilla/5.0 (compatible; MJ12bot/v1.4.8; http://mj12bot.com/)"
54.38.85.17 - - [20/Jan/2025:00:43:41 -0500] "GET /public/tour/easter-in-la-campagne-tropicana-205k?lokasie=/home/wavevlvu/lscache/7/4/1/741e624de759c4cb&loknya=/home/wavevlvu/lscache/7/4/1 HTTP/1.1" 200 1771 "-" "Mozilla/5.0 (compatible; MJ12bot/v1.4.8; http://mj12bot.com/)"
149.202.86.86 - - [20/Jan/2025:00:43:45 -0500] "GET /public/tour/easter-in-la-campagne-tropicana-205k?lokasie=/home/wavevlvu/lscache/7/4/8/7488347477a6017f&loknya=/home/wavevlvu/lscache/7/4/8 HTTP/1.1" 200 1772 "-" "Mozilla/5.0 (compatible; MJ12bot/v1.4.8; http://mj12bot.com/)"
54.38.85.17 - - [20/Jan/2025:00:43:46 -0500] "GET /public/tour/easter-in-la-campagne-tropicana-205k?lokasie=/home/wavevlvu/lscache/7/4/1/741f37786a8fdbb9&loknya=/home/wavevlvu/lscache/7/4/1 HTTP/1.1" 200 1771 "-" "Mozilla/5.0 (compatible; MJ12bot/v1.4.8; http://mj12bot.com/)"
17.241.75.41 - - [20/Jan/2025:00:43:47 -0500] "GET /public/boat/25-seater-boat-120khr?lokasie=/lib64/libQt5QuickWidgets.so.5&loknya=/lib64 HTTP/1.1" 200 1954 "-" "Mozilla/5.0 (Macintosh; Intel Mac OS X 10_15_7) AppleWebKit/605.1.15 (KHTML, like Gecko) Version/17.4 Safari/605.1.15 (Applebot/0.1; +http://www.apple.com/go/applebot)"
149.202.86.86 - - [20/Jan/2025:00:43:49 -0500] "GET /public/tour/easter-in-la-campagne-tropicana-205k?lokasie=/home/wavevlvu/lscache/7/4/8/74885a76983f0141&loknya=/home/wavevlvu/lscache/7/4/8 HTTP/1.1" 200 1770 "-" "Mozilla/5.0 (compatible; MJ12bot/v1.4.8; http://mj12bot.com/)"
54.38.85.17 - - [20/Jan/2025:00:43:50 -0500] "GET /public/tour/easter-in-la-campagne-tropicana-205k?lokasie=/home/wavevlvu/lscache/7/4/1/741f405feffac5d2&loknya=/home/wavevlvu/lscache/7/4/1 HTTP/1.1" 200 1770 "-" "Mozilla/5.0 (compatible; MJ12bot/v1.4.8; http://mj12bot.com/)"
17.241.219.78 - - [20/Jan/2025:00:43:50 -0500] "GET /public/profile/60?lokasie=/usr/sbin/create-cracklib-dict&loknya=/usr/sbin HTTP/1.1" 200 2516 "-" "Mozilla/5.0 (Macintosh; Intel Mac OS X 10_15_7) AppleWebKit/605.1.15 (KHTML, like Gecko) Version/17.4 Safari/605.1.15 (Applebot/0.1; +http://www.apple.com/go/applebot)"
17.241.219.78 - - [20/Jan/2025:00:43:53 -0500] "GET /public/?lokasie=/lib64/libgdk_pixbuf-2.0.so.0&loknya=/lib64 HTTP/1.1" 200 1956 "-" "Mozilla/5.0 (Macintosh; Intel Mac OS X 10_15_7) AppleWebKit/605.1.15 (KHTML, like Gecko) Version/17.4 Safari/605.1.15 (Applebot/0.1; +http://www.apple.com/go/applebot)"
54.38.85.17 - - [20/Jan/2025:00:43:54 -0500] "GET /public/tour/easter-in-la-campagne-tropicana-205k?lokasie=/home/wavevlvu/lscache/7/4/2/7421044b472852d6&loknya=/home/wavevlvu/lscache/7/4/2 HTTP/1.1" 200 1771 "-" "Mozilla/5.0 (compatible; MJ12bot/v1.4.8; http://mj12bot.com/)"
149.202.86.86 - - [20/Jan/2025:00:43:54 -0500] "GET /public/tour/easter-in-la-campagne-tropicana-205k?lokasie=/home/wavevlvu/lscache/7/4/8/7488646a55dd7924&loknya=/home/wavevlvu/lscache/7/4/8 HTTP/1.1" 200 1770 "-" "Mozilla/5.0 (compatible; MJ12bot/v1.4.8; http://mj12bot.com/)"
17.241.227.141 - - [20/Jan/2025:00:43:57 -0500] "GET /public/tour/lekki-city-tour?loknya=/home/wavevlvu/perl5/admin HTTP/1.1" 200 2469 "-" "Mozilla/5.0 (Macintosh; Intel Mac OS X 10_15_7) AppleWebKit/605.1.15 (KHTML, like Gecko) Version/17.4 Safari/605.1.15 (Applebot/0.1; +http://www.apple.com/go/applebot)"
54.38.85.17 - - [20/Jan/2025:00:43:58 -0500] "GET /public/tour/easter-in-la-campagne-tropicana-205k?lokasie=/home/wavevlvu/lscache/7/4/2/742209a0e0035940&loknya=/home/wavevlvu/lscache/7/4/2 HTTP/1.1" 200 1771 "-" "Mozilla/5.0 (compatible; MJ12bot/v1.4.8; http://mj12bot.com/)"
149.202.86.86 - - [20/Jan/2025:00:43:59 -0500] "GET /public/tour/easter-in-la-campagne-tropicana-205k?lokasie=/home/wavevlvu/lscache/7/4/8/74889384a89f2b81&loknya=/home/wavevlvu/lscache/7/4/8 HTTP/1.1" 200 1771 "-" "Mozilla/5.0 (compatible; MJ12bot/v1.4.8; http://mj12bot.com/)"
17.241.227.141 - - [20/Jan/2025:00:44:00 -0500] "GET /public/boat/yacht-cruise-summer-bash?lokasie=/home/wavevlvu/cynthiaadediran.com/wp-admin/js/site-health.js&loknya=/home/wavevlvu/cynthiaadediran.com/wp-admin/js HTTP/1.1" 200 6503 "-" "Mozilla/5.0 (Macintosh; Intel Mac OS X 10_15_7) AppleWebKit/605.1.15 (KHTML, like Gecko) Version/17.4 Safari/605.1.15 (Applebot/0.1; +http://www.apple.com/go/applebot)"
54.38.85.17 - - [20/Jan/2025:00:44:03 -0500] "GET /public/tour/easter-in-la-campagne-tropicana-205k?lokasie=/home/wavevlvu/lscache/7/4/2/742225bde78a620e&loknya=/home/wavevlvu/lscache/7/4/2 HTTP/1.1" 200 1771 "-" "Mozilla/5.0 (compatible; MJ12bot/v1.4.8; http://mj12bot.com/)"
17.241.227.141 - - [20/Jan/2025:00:44:03 -0500] "GET /public/profile/book24admin/services?lokasie=/home/wavevlvu/book24.ng/vendor/nunomaduro/95Nc2R.php&loknya=/home/wavevlvu/book24.ng/vendor/nunomaduro HTTP/1.1" 200 54973 "-" "Mozilla/5.0 (Macintosh; Intel Mac OS X 10_15_7) AppleWebKit/605.1.15 (KHTML, like Gecko) Version/17.4 Safari/605.1.15 (Applebot/0.1; +http://www.apple.com/go/applebot)"
149.202.86.86 - - [20/Jan/2025:00:44:04 -0500] "GET /public/tour/easter-in-la-campagne-tropicana-205k?lokasie=/home/wavevlvu/lscache/7/4/8/7488f4c9b149dfb2&loknya=/home/wavevlvu/lscache/7/4/8 HTTP/1.1" 200 1770 "-" "Mozilla/5.0 (compatible; MJ12bot/v1.4.8; http://mj12bot.com/)"
54.38.85.17 - - [20/Jan/2025:00:44:07 -0500] "GET /public/tour/easter-in-la-campagne-tropicana-205k?lokasie=/home/wavevlvu/lscache/7/4/2/7422c1d07bb4f5af&loknya=/home/wavevlvu/lscache/7/4/2 HTTP/1.1" 200 1771 "-" "Mozilla/5.0 (compatible; MJ12bot/v1.4.8; http://mj12bot.com/)"
17.241.219.75 - - [20/Jan/2025:00:44:07 -0500] "GET /public/tour/experience-badagry-tour?lokasie=/dev/shm/PostgreSQL.392678560&loknya=/dev/shm HTTP/1.1" 200 1963 "-" "Mozilla/5.0 (Macintosh; Intel Mac OS X 10_15_7) AppleWebKit/605.1.15 (KHTML, like Gecko) Version/17.4 Safari/605.1.15 (Applebot/0.1; +http://www.apple.com/go/applebot)"
149.202.86.86 - - [20/Jan/2025:00:44:09 -0500] "GET /public/tour/easter-in-la-campagne-tropicana-205k?lokasie=/home/wavevlvu/lscache/7/4/8/7488ff3954f70c87&loknya=/home/wavevlvu/lscache/7/4/8 HTTP/1.1" 200 1772 "-" "Mozilla/5.0 (compatible; MJ12bot/v1.4.8; http://mj12bot.com/)"
17.241.219.75 - - [20/Jan/2025:00:44:10 -0500] "GET /public/car/toyota-landcruiser?lokasie=/lib64/libauthselect.so.3&loknya=/lib64 HTTP/1.1" 200 1951 "-" "Mozilla/5.0 (Macintosh; Intel Mac OS X 10_15_7) AppleWebKit/605.1.15 (KHTML, like Gecko) Version/17.4 Safari/605.1.15 (Applebot/0.1; +http://www.apple.com/go/applebot)"
54.38.85.17 - - [20/Jan/2025:00:44:11 -0500] "GET /public/tour/easter-in-la-campagne-tropicana-205k?lokasie=/home/wavevlvu/lscache/7/4/2/74234a3dfc2122b2&loknya=/home/wavevlvu/lscache/7/4/2 HTTP/1.1" 200 1771 "-" "Mozilla/5.0 (compatible; MJ12bot/v1.4.8; http://mj12bot.com/)"
149.202.86.86 - - [20/Jan/2025:00:44:13 -0500] "GET /public/tour/easter-in-la-campagne-tropicana-205k?lokasie=/home/wavevlvu/lscache/7/4/8/74898dffe75e2218&loknya=/home/wavevlvu/lscache/7/4/8 HTTP/1.1" 200 1770 "-" "Mozilla/5.0 (compatible; MJ12bot/v1.4.8; http://mj12bot.com/)"
17.241.219.75 - - [20/Jan/2025:00:44:13 -0500] "GET /public/hotel/amber-residence-ikeja?lokasie=/usr/bin/taskset&loknya=/usr/bin HTTP/1.1" 200 1955 "-" "Mozilla/5.0 (Macintosh; Intel Mac OS X 10_15_7) AppleWebKit/605.1.15 (KHTML, like Gecko) Version/17.4 Safari/605.1.15 (Applebot/0.1; +http://www.apple.com/go/applebot)"
54.38.85.17 - - [20/Jan/2025:00:44:16 -0500] "GET /public/tour/easter-in-la-campagne-tropicana-205k?lokasie=/home/wavevlvu/lscache/7/4/2/74238ac85ff85e33&loknya=/home/wavevlvu/lscache/7/4/2 HTTP/1.1" 200 1771 "-" "Mozilla/5.0 (compatible; MJ12bot/v1.4.8; http://mj12bot.com/)"
17.241.219.75 - - [20/Jan/2025:00:44:17 -0500] "GET /public/car/ford-edge?lokasie=/lib64/libasyncns.so.0.3.1&loknya=/lib64 HTTP/1.1" 200 1953 "-" "Mozilla/5.0 (Macintosh; Intel Mac OS X 10_15_7) AppleWebKit/605.1.15 (KHTML, like Gecko) Version/17.4 Safari/605.1.15 (Applebot/0.1; +http://www.apple.com/go/applebot)"
149.202.86.86 - - [20/Jan/2025:00:44:18 -0500] "GET /public/tour/easter-in-la-campagne-tropicana-205k?lokasie=/home/wavevlvu/lscache/7/4/8/7489cc9b6c66e4ba&loknya=/home/wavevlvu/lscache/7/4/8 HTTP/1.1" 200 1770 "-" "Mozilla/5.0 (compatible; MJ12bot/v1.4.8; http://mj12bot.com/)"
54.38.85.17 - - [20/Jan/2025:00:44:20 -0500] "GET /public/tour/easter-in-la-campagne-tropicana-205k?lokasie=/home/wavevlvu/lscache/7/4/2/74254e3d36e91216&loknya=/home/wavevlvu/lscache/7/4/2 HTTP/1.1" 200 2169 "-" "Mozilla/5.0 (compatible; MJ12bot/v1.4.8; http://mj12bot.com/)"
17.241.75.199 - - [20/Jan/2025:00:44:21 -0500] "GET /public/space/1-bedroom-shortlet-apartment?lokasie=/home/wavevlvu/book24.ng/public/images/ico_calendar.svg&loknya=/home/wavevlvu/book24.ng/public/images HTTP/1.1" 200 2627 "-" "Mozilla/5.0 (Macintosh; Intel Mac OS X 10_15_7) AppleWebKit/605.1.15 (KHTML, like Gecko) Version/17.4 Safari/605.1.15 (Applebot/0.1; +http://www.apple.com/go/applebot)"
149.202.86.86 - - [20/Jan/2025:00:44:22 -0500] "GET /public/tour/easter-in-la-campagne-tropicana-205k?lokasie=/home/wavevlvu/lscache/7/4/8/7489e044f00a6f4c&loknya=/home/wavevlvu/lscache/7/4/8 HTTP/1.1" 200 1770 "-" "Mozilla/5.0 (compatible; MJ12bot/v1.4.8; http://mj12bot.com/)"
54.38.85.17 - - [20/Jan/2025:00:44:25 -0500] "GET /public/tour/easter-in-la-campagne-tropicana-205k?lokasie=/home/wavevlvu/lscache/7/4/2/74258516e0f8009f&loknya=/home/wavevlvu/lscache/7/4/2 HTTP/1.1" 200 1771 "-" "Mozilla/5.0 (compatible; MJ12bot/v1.4.8; http://mj12bot.com/)"
17.241.75.240 - - [20/Jan/2025:00:44:25 -0500] "GET /public/boat/25-seater-luxury-yacht-250khr?lokasie=/home/wavevlvu//.wget-hsts&loknya=/home/wavevlvu/ HTTP/1.1" 200 2088 "-" "Mozilla/5.0 (Macintosh; Intel Mac OS X 10_15_7) AppleWebKit/605.1.15 (KHTML, like Gecko) Version/17.4 Safari/605.1.15 (Applebot/0.1; +http://www.apple.com/go/applebot)"
149.202.86.86 - - [20/Jan/2025:00:44:27 -0500] "GET /public/tour/easter-in-la-campagne-tropicana-205k?lokasie=/home/wavevlvu/lscache/7/4/8/748a0fdd98b24e6b&loknya=/home/wavevlvu/lscache/7/4/8 HTTP/1.1" 200 1770 "-" "Mozilla/5.0 (compatible; MJ12bot/v1.4.8; http://mj12bot.com/)"
17.241.75.193 - - [20/Jan/2025:00:44:28 -0500] "GET /public/profile/55?lokasie=/home/wavevlvu/book24.ng/modules//ModuleServiceProvider.php&loknya=/home/wavevlvu/book24.ng/modules/ HTTP/1.1" 200 2344 "-" "Mozilla/5.0 (Macintosh; Intel Mac OS X 10_15_7) AppleWebKit/605.1.15 (KHTML, like Gecko) Version/17.4 Safari/605.1.15 (Applebot/0.1; +http://www.apple.com/go/applebot)"
54.38.85.17 - - [20/Jan/2025:00:44:29 -0500] "GET /public/tour/easter-in-la-campagne-tropicana-205k?lokasie=/home/wavevlvu/lscache/7/4/2/74259e7bcc9810fe&loknya=/home/wavevlvu/lscache/7/4/2 HTTP/1.1" 200 1771 "-" "Mozilla/5.0 (compatible; MJ12bot/v1.4.8; http://mj12bot.com/)"
149.202.86.86 - - [20/Jan/2025:00:44:31 -0500] "GET /public/tour/easter-in-la-campagne-tropicana-205k?lokasie=/home/wavevlvu/lscache/7/4/8/748a703fc48cbd05&loknya=/home/wavevlvu/lscache/7/4/8 HTTP/1.1" 200 1770 "-" "Mozilla/5.0 (compatible; MJ12bot/v1.4.8; http://mj12bot.com/)"
17.241.75.193 - - [20/Jan/2025:00:44:31 -0500] "GET /public/profile/55/services?lokasie=/var/softaculous/ilias/client.ini.php&loknya=/var/softaculous/ilias HTTP/1.1" 200 2396 "-" "Mozilla/5.0 (Macintosh; Intel Mac OS X 10_15_7) AppleWebKit/605.1.15 (KHTML, like Gecko) Version/17.4 Safari/605.1.15 (Applebot/0.1; +http://www.apple.com/go/applebot)"
54.38.85.17 - - [20/Jan/2025:00:44:34 -0500] "GET /public/tour/easter-in-la-campagne-tropicana-205k?lokasie=/home/wavevlvu/lscache/7/4/2/7427822ceb72d526&loknya=/home/wavevlvu/lscache/7/4/2 HTTP/1.1" 200 1771 "-" "Mozilla/5.0 (compatible; MJ12bot/v1.4.8; http://mj12bot.com/)"
17.241.219.8 - - [20/Jan/2025:00:44:35 -0500] "GET /public/profile/55?lokasie=/lib64/libXxf86vm.so.1&loknya=/lib64 HTTP/1.1" 200 1950 "-" "Mozilla/5.0 (Macintosh; Intel Mac OS X 10_15_7) AppleWebKit/605.1.15 (KHTML, like Gecko) Version/17.4 Safari/605.1.15 (Applebot/0.1; +http://www.apple.com/go/applebot)"
149.202.86.86 - - [20/Jan/2025:00:44:36 -0500] "GET /public/tour/easter-in-la-campagne-tropicana-205k?lokasie=/home/wavevlvu/lscache/7/4/8/748a852c343226b7&loknya=/home/wavevlvu/lscache/7/4/8 HTTP/1.1" 200 1770 "-" "Mozilla/5.0 (compatible; MJ12bot/v1.4.8; http://mj12bot.com/)"
47.128.23.47 - - [20/Jan/2025:00:44:39 -0500] "GET /storage/framework/views/5ade129b7be893f1cd2cece4fdb593ffe7d6d2f8.php HTTP/1.1" 500 0 "-" "Mozilla/5.0 (Linux; Android 5.0) AppleWebKit/537.36 (KHTML, like Gecko) Mobile Safari/537.36 (compatible; Bytespider; spider-feedback@bytedance.com)"
54.38.85.17 - - [20/Jan/2025:00:44:38 -0500] "GET /public/tour/easter-in-la-campagne-tropicana-205k?lokasie=/home/wavevlvu/lscache/7/4/2/7428bb2dcbd0aaa7&loknya=/home/wavevlvu/lscache/7/4/2 HTTP/1.1" 200 1771 "-" "Mozilla/5.0 (compatible; MJ12bot/v1.4.8; http://mj12bot.com/)"
17.241.219.8 - - [20/Jan/2025:00:44:38 -0500] "GET /public/profile/book24admin/services?lokasie=/home/wavevlvu/book24.ng/public/landing/img/feature/menu-builder.png&loknya=/home/wavevlvu/book24.ng/public/landing/img/feature HTTP/1.1" 200 2026 "-" "Mozilla/5.0 (Macintosh; Intel Mac OS X 10_15_7) AppleWebKit/605.1.15 (KHTML, like Gecko) Version/17.4 Safari/605.1.15 (Applebot/0.1; +http://www.apple.com/go/applebot)"
149.202.86.86 - - [20/Jan/2025:00:44:41 -0500] "GET /public/tour/easter-in-la-campagne-tropicana-205k?lokasie=/home/wavevlvu/lscache/7/4/8/748ad755b71d9465&loknya=/home/wavevlvu/lscache/7/4/8 HTTP/1.1" 200 1770 "-" "Mozilla/5.0 (compatible; MJ12bot/v1.4.8; http://mj12bot.com/)"
17.241.227.77 - - [20/Jan/2025:00:44:42 -0500] "GET /public/?lokasie=/lib/firmware/iwlwifi-so-a0-gf4-a0-78.ucode&loknya=/lib/firmware HTTP/1.1" 200 1975 "-" "Mozilla/5.0 (Macintosh; Intel Mac OS X 10_15_7) AppleWebKit/605.1.15 (KHTML, like Gecko) Version/17.4 Safari/605.1.15 (Applebot/0.1; +http://www.apple.com/go/applebot)"
54.38.85.17 - - [20/Jan/2025:00:44:42 -0500] "GET /public/tour/easter-in-la-campagne-tropicana-205k?lokasie=/home/wavevlvu/lscache/7/4/2/7428ce1736647267&loknya=/home/wavevlvu/lscache/7/4/2 HTTP/1.1" 200 1772 "-" "Mozilla/5.0 (compatible; MJ12bot/v1.4.8; http://mj12bot.com/)"
17.241.227.77 - - [20/Jan/2025:00:44:45 -0500] "GET /public/profile/55?lokasie=/var/softaculous/magento242/Notes.txt&loknya=/var/softaculous/magento242 HTTP/1.1" 200 3630 "-" "Mozilla/5.0 (Macintosh; Intel Mac OS X 10_15_7) AppleWebKit/605.1.15 (KHTML, like Gecko) Version/17.4 Safari/605.1.15 (Applebot/0.1; +http://www.apple.com/go/applebot)"
149.202.86.86 - - [20/Jan/2025:00:44:46 -0500] "GET /public/tour/easter-in-la-campagne-tropicana-205k?lokasie=/home/wavevlvu/lscache/7/4/8/748b06894fa1b4f4&loknya=/home/wavevlvu/lscache/7/4/8 HTTP/1.1" 200 1770 "-" "Mozilla/5.0 (compatible; MJ12bot/v1.4.8; http://mj12bot.com/)"
54.38.85.17 - - [20/Jan/2025:00:44:47 -0500] "GET /public/tour/easter-in-la-campagne-tropicana-205k?lokasie=/home/wavevlvu/lscache/7/4/2/74299c32ba9b3568&loknya=/home/wavevlvu/lscache/7/4/2 HTTP/1.1" 200 1772 "-" "Mozilla/5.0 (compatible; MJ12bot/v1.4.8; http://mj12bot.com/)"
17.241.227.77 - - [20/Jan/2025:00:44:48 -0500] "GET /public/profile/book24/services?loknya=/var/softaculous/magento24/php81 HTTP/1.1" 200 2697 "-" "Mozilla/5.0 (Macintosh; Intel Mac OS X 10_15_7) AppleWebKit/605.1.15 (KHTML, like Gecko) Version/17.4 Safari/605.1.15 (Applebot/0.1; +http://www.apple.com/go/applebot)"
149.202.86.86 - - [20/Jan/2025:00:44:50 -0500] "GET /public/tour/easter-in-la-campagne-tropicana-205k?lokasie=/home/wavevlvu/lscache/7/4/8/748c4303a3214d8c&loknya=/home/wavevlvu/lscache/7/4/8 HTTP/1.1" 200 1770 "-" "Mozilla/5.0 (compatible; MJ12bot/v1.4.8; http://mj12bot.com/)"
54.38.85.17 - - [20/Jan/2025:00:44:51 -0500] "GET /public/tour/easter-in-la-campagne-tropicana-205k?lokasie=/home/wavevlvu/lscache/7/4/2/742a69376bf669bb&loknya=/home/wavevlvu/lscache/7/4/2 HTTP/1.1" 200 1772 "-" "Mozilla/5.0 (compatible; MJ12bot/v1.4.8; http://mj12bot.com/)"
17.241.227.77 - - [20/Jan/2025:00:44:51 -0500] "GET /public/space/wp/index.php?loknya=/home/wavevlvu/mail/.Sent/admin HTTP/1.1" 200 2478 "-" "Mozilla/5.0 (Macintosh; Intel Mac OS X 10_15_7) AppleWebKit/605.1.15 (KHTML, like Gecko) Version/17.4 Safari/605.1.15 (Applebot/0.1; +http://www.apple.com/go/applebot)"
149.202.86.86 - - [20/Jan/2025:00:44:55 -0500] "GET /public/tour/easter-in-la-campagne-tropicana-205k?lokasie=/home/wavevlvu/lscache/7/4/8/748c9fd64c4593a6&loknya=/home/wavevlvu/lscache/7/4/8 HTTP/1.1" 200 1770 "-" "Mozilla/5.0 (compatible; MJ12bot/v1.4.8; http://mj12bot.com/)"
17.241.75.211 - - [20/Jan/2025:00:44:55 -0500] "GET /public/?lokasie=/lib64/perl5/IO/Select.pm&loknya=/lib64/perl5/IO HTTP/1.1" 200 5514 "-" "Mozilla/5.0 (Macintosh; Intel Mac OS X 10_15_7) AppleWebKit/605.1.15 (KHTML, like Gecko) Version/17.4 Safari/605.1.15 (Applebot/0.1; +http://www.apple.com/go/applebot)"
54.38.85.17 - - [20/Jan/2025:00:44:55 -0500] "GET /public/tour/easter-in-la-campagne-tropicana-205k?lokasie=/home/wavevlvu/lscache/7/4/2/742c41a16f529cd0&loknya=/home/wavevlvu/lscache/7/4/2 HTTP/1.1" 200 1771 "-" "Mozilla/5.0 (compatible; MJ12bot/v1.4.8; http://mj12bot.com/)"
17.241.75.211 - - [20/Jan/2025:00:44:57 -0500] "GET /public/tour/lekki-city-tour?lokasie=/lib64/libip4tc.so.2&loknya=/lib64 HTTP/1.1" 200 1948 "-" "Mozilla/5.0 (Macintosh; Intel Mac OS X 10_15_7) AppleWebKit/605.1.15 (KHTML, like Gecko) Version/17.4 Safari/605.1.15 (Applebot/0.1; +http://www.apple.com/go/applebot)"
149.202.86.86 - - [20/Jan/2025:00:44:59 -0500] "GET /public/tour/easter-in-la-campagne-tropicana-205k?lokasie=/home/wavevlvu/lscache/7/4/8/748d668626aa587e&loknya=/home/wavevlvu/lscache/7/4/8 HTTP/1.1" 200 1770 "-" "Mozilla/5.0 (compatible; MJ12bot/v1.4.8; http://mj12bot.com/)"
54.38.85.17 - - [20/Jan/2025:00:44:59 -0500] "GET /public/tour/easter-in-la-campagne-tropicana-205k?lokasie=/home/wavevlvu/lscache/7/4/2/742c4acd6bc2daf8&loknya=/home/wavevlvu/lscache/7/4/2 HTTP/1.1" 200 1771 "-" "Mozilla/5.0 (compatible; MJ12bot/v1.4.8; http://mj12bot.com/)"
17.241.227.165 - - [20/Jan/2025:00:45:01 -0500] "GET /public/profile/55/services?lokasie=/usr/lib64//libmysqlservices.a&loknya=/usr/lib64/ HTTP/1.1" 200 1965 "-" "Mozilla/5.0 (Macintosh; Intel Mac OS X 10_15_7) AppleWebKit/605.1.15 (KHTML, like Gecko) Version/17.4 Safari/605.1.15 (Applebot/0.1; +http://www.apple.com/go/applebot)"
54.38.85.17 - - [20/Jan/2025:00:45:04 -0500] "GET /public/tour/easter-in-la-campagne-tropicana-205k?lokasie=/home/wavevlvu/lscache/7/4/2/742d01d69b5716b9&loknya=/home/wavevlvu/lscache/7/4/2 HTTP/1.1" 200 1772 "-" "Mozilla/5.0 (compatible; MJ12bot/v1.4.8; http://mj12bot.com/)"
149.202.86.86 - - [20/Jan/2025:00:45:05 -0500] "GET /public/tour/easter-in-la-campagne-tropicana-205k?lokasie=/home/wavevlvu/lscache/7/4/8/748de0cbe6fe495d&loknya=/home/wavevlvu/lscache/7/4/8 HTTP/1.1" 200 1769 "-" "Mozilla/5.0 (compatible; MJ12bot/v1.4.8; http://mj12bot.com/)"
17.241.219.139 - - [20/Jan/2025:00:45:05 -0500] "GET /public/profile/book24/services?lokasie=/home/wavevlvu/lscache/8/7/9/8799b57739339cb0&loknya=/home/wavevlvu/lscache/8/7/9 HTTP/1.1" 200 2004 "-" "Mozilla/5.0 (Macintosh; Intel Mac OS X 10_15_7) AppleWebKit/605.1.15 (KHTML, like Gecko) Version/17.4 Safari/605.1.15 (Applebot/0.1; +http://www.apple.com/go/applebot)"
17.241.219.139 - - [20/Jan/2025:00:45:09 -0500] "GET /public/profile/book24admin/services?lokasie=/lib/.build-id/59/00b165d725d1b421a986fd1e4987e78ea5edb4&loknya=/lib/.build-id/59 HTTP/1.1" 200 2001 "-" "Mozilla/5.0 (Macintosh; Intel Mac OS X 10_15_7) AppleWebKit/605.1.15 (KHTML, like Gecko) Version/17.4 Safari/605.1.15 (Applebot/0.1; +http://www.apple.com/go/applebot)"
54.38.85.17 - - [20/Jan/2025:00:45:09 -0500] "GET /public/tour/easter-in-la-campagne-tropicana-205k?lokasie=/home/wavevlvu/lscache/7/4/2/742d5ce83e29882f&loknya=/home/wavevlvu/lscache/7/4/2 HTTP/1.1" 200 1771 "-" "Mozilla/5.0 (compatible; MJ12bot/v1.4.8; http://mj12bot.com/)"
54.38.85.17 - - [20/Jan/2025:00:45:14 -0500] "GET /public/tour/easter-in-la-campagne-tropicana-205k?lokasie=/home/wavevlvu/lscache/7/4/2/742dd2fae848dc95&loknya=/home/wavevlvu/lscache/7/4/2 HTTP/1.1" 200 1771 "-" "Mozilla/5.0 (compatible; MJ12bot/v1.4.8; http://mj12bot.com/)"
54.38.85.17 - - [20/Jan/2025:00:45:18 -0500] "GET /public/tour/easter-in-la-campagne-tropicana-205k?lokasie=/home/wavevlvu/lscache/7/4/2/742eac666cb6b28b&loknya=/home/wavevlvu/lscache/7/4/2 HTTP/1.1" 200 1771 "-" "Mozilla/5.0 (compatible; MJ12bot/v1.4.8; http://mj12bot.com/)"
54.38.85.17 - - [20/Jan/2025:00:45:23 -0500] "GET /public/tour/easter-in-la-campagne-tropicana-205k?lokasie=/home/wavevlvu/lscache/7/4/2/742eda81b26ede11&loknya=/home/wavevlvu/lscache/7/4/2 HTTP/1.1" 200 1771 "-" "Mozilla/5.0 (compatible; MJ12bot/v1.4.8; http://mj12bot.com/)"
17.241.219.4 - - [20/Jan/2025:00:45:27 -0500] "GET /public/profile/book24admin/services?loknya=/lib/firmware/rtl_bt HTTP/1.1" 200 4166 "-" "Mozilla/5.0 (Macintosh; Intel Mac OS X 10_15_7) AppleWebKit/605.1.15 (KHTML, like Gecko) Version/17.4 Safari/605.1.15 (Applebot/0.1; +http://www.apple.com/go/applebot)"
54.38.85.17 - - [20/Jan/2025:00:45:28 -0500] "GET /public/tour/easter-in-la-campagne-tropicana-205k?lokasie=/home/wavevlvu/lscache/7/4/3/74300f51d55de047&loknya=/home/wavevlvu/lscache/7/4/3 HTTP/1.1" 200 1771 "-" "Mozilla/5.0 (compatible; MJ12bot/v1.4.8; http://mj12bot.com/)"
17.241.219.4 - - [20/Jan/2025:00:45:30 -0500] "GET /public/profile/55/services?lokasie=/var/softaculous/realestate/md5&loknya=/var/softaculous/realestate HTTP/1.1" 200 3890 "-" "Mozilla/5.0 (Macintosh; Intel Mac OS X 10_15_7) AppleWebKit/605.1.15 (KHTML, like Gecko) Version/17.4 Safari/605.1.15 (Applebot/0.1; +http://www.apple.com/go/applebot)"
54.38.85.17 - - [20/Jan/2025:00:45:32 -0500] "GET /public/tour/easter-in-la-campagne-tropicana-205k?lokasie=/home/wavevlvu/lscache/7/4/3/74309d7669637d5a&loknya=/home/wavevlvu/lscache/7/4/3 HTTP/1.1" 200 1771 "-" "Mozilla/5.0 (compatible; MJ12bot/v1.4.8; http://mj12bot.com/)"
17.241.219.4 - - [20/Jan/2025:00:45:33 -0500] "GET /public/hotel/federal-palace-hotel-and-casino?loknya=/home/wavevlvu/book24.ng/public/storage_/framework/cache/data/b2 HTTP/1.1" 200 3036 "-" "Mozilla/5.0 (Macintosh; Intel Mac OS X 10_15_7) AppleWebKit/605.1.15 (KHTML, like Gecko) Version/17.4 Safari/605.1.15 (Applebot/0.1; +http://www.apple.com/go/applebot)"
114.119.155.1 - - [20/Jan/2025:00:45:37 -0500] "GET /www/rex/index.php?loknya=/opt/alt/alt-nodejs19/root/usr/games HTTP/1.1" 200 1978 "https://www.book24.ng/www/rex/index.php?loknya=/opt/alt/alt-nodejs19/root/usr" "Mozilla/5.0 (Linux; Android 7.0;) AppleWebKit/537.36 (KHTML, like Gecko) Mobile Safari/537.36 (compatible; PetalBot;+https://webmaster.petalsearch.com/site/petalbot)"
54.38.85.17 - - [20/Jan/2025:00:45:37 -0500] "GET /public/tour/easter-in-la-campagne-tropicana-205k?lokasie=/home/wavevlvu/lscache/7/4/3/7430d9e4caa16d91&loknya=/home/wavevlvu/lscache/7/4/3 HTTP/1.1" 200 1771 "-" "Mozilla/5.0 (compatible; MJ12bot/v1.4.8; http://mj12bot.com/)"
17.241.75.35 - - [20/Jan/2025:00:45:37 -0500] "GET /public/hotel/legend-hotel-lagos-airport-curio-collection-by-hilton?lokasie=/usr/lib/rpm/kmod.prov&loknya=/usr/lib/rpm HTTP/1.1" 200 2359 "-" "Mozilla/5.0 (Macintosh; Intel Mac OS X 10_15_7) AppleWebKit/605.1.15 (KHTML, like Gecko) Version/17.4 Safari/605.1.15 (Applebot/0.1; +http://www.apple.com/go/applebot)"
17.241.75.35 - - [20/Jan/2025:00:45:40 -0500] "GET /public/space/miniflat-shortlet-in-lekki-phase-1?lokasie=/lib64/python2.7/unittest/result.pyc&loknya=/lib64/python2.7/unittest HTTP/1.1" 200 1979 "-" "Mozilla/5.0 (Macintosh; Intel Mac OS X 10_15_7) AppleWebKit/605.1.15 (KHTML, like Gecko) Version/17.4 Safari/605.1.15 (Applebot/0.1; +http://www.apple.com/go/applebot)"
54.38.85.17 - - [20/Jan/2025:00:45:41 -0500] "GET /public/tour/easter-in-la-campagne-tropicana-205k?lokasie=/home/wavevlvu/lscache/7/4/3/743261acb4cc45e5&loknya=/home/wavevlvu/lscache/7/4/3 HTTP/1.1" 200 1771 "-" "Mozilla/5.0 (compatible; MJ12bot/v1.4.8; http://mj12bot.com/)"
17.241.75.9 - - [20/Jan/2025:00:45:43 -0500] "GET /public/space/xx/index.php?lokasie=/usr/share/man/man2/get_thread_area.2.gz&loknya=/usr/share/man/man2 HTTP/1.1" 200 1986 "-" "Mozilla/5.0 (Macintosh; Intel Mac OS X 10_15_7) AppleWebKit/605.1.15 (KHTML, like Gecko) Version/17.4 Safari/605.1.15 (Applebot/0.1; +http://www.apple.com/go/applebot)"
54.38.85.17 - - [20/Jan/2025:00:45:46 -0500] "GET /public/tour/easter-in-la-campagne-tropicana-205k?lokasie=/home/wavevlvu/lscache/7/4/3/74344a89ece3c68d&loknya=/home/wavevlvu/lscache/7/4/3 HTTP/1.1" 200 2027 "-" "Mozilla/5.0 (compatible; MJ12bot/v1.4.8; http://mj12bot.com/)"
17.241.75.9 - - [20/Jan/2025:00:45:46 -0500] "GET /public/profile/book24/services?lokasie=/usr/include/shadow.h&loknya=/usr/include HTTP/1.1" 200 3645 "-" "Mozilla/5.0 (Macintosh; Intel Mac OS X 10_15_7) AppleWebKit/605.1.15 (KHTML, like Gecko) Version/17.4 Safari/605.1.15 (Applebot/0.1; +http://www.apple.com/go/applebot)"
17.241.227.35 - - [20/Jan/2025:00:45:50 -0500] "GET /public/tour/visit-kigali-this-easter-620k?lokasie=/var/softaculous/drupal8/NOTES.txt&loknya=/var/softaculous/drupal8 HTTP/1.1" 200 3132 "-" "Mozilla/5.0 (Macintosh; Intel Mac OS X 10_15_7) AppleWebKit/605.1.15 (KHTML, like Gecko) Version/17.4 Safari/605.1.15 (Applebot/0.1; +http://www.apple.com/go/applebot)"
54.38.85.17 - - [20/Jan/2025:00:45:50 -0500] "GET /public/tour/easter-in-la-campagne-tropicana-205k?lokasie=/home/wavevlvu/lscache/7/4/3/7434e18641fd551c&loknya=/home/wavevlvu/lscache/7/4/3 HTTP/1.1" 200 1771 "-" "Mozilla/5.0 (compatible; MJ12bot/v1.4.8; http://mj12bot.com/)"
54.38.85.17 - - [20/Jan/2025:00:45:55 -0500] "GET /public/tour/easter-in-la-campagne-tropicana-205k?lokasie=/home/wavevlvu/lscache/7/4/3/743551f9ac20dbdc&loknya=/home/wavevlvu/lscache/7/4/3 HTTP/1.1" 200 1771 "-" "Mozilla/5.0 (compatible; MJ12bot/v1.4.8; http://mj12bot.com/)"
54.38.85.17 - - [20/Jan/2025:00:45:59 -0500] "GET /public/tour/easter-in-la-campagne-tropicana-205k?lokasie=/home/wavevlvu/lscache/7/4/3/74355635a1ada956&loknya=/home/wavevlvu/lscache/7/4/3 HTTP/1.1" 200 1771 "-" "Mozilla/5.0 (compatible; MJ12bot/v1.4.8; http://mj12bot.com/)"
54.38.85.17 - - [20/Jan/2025:00:46:03 -0500] "GET /public/tour/easter-in-la-campagne-tropicana-205k?lokasie=/home/wavevlvu/lscache/7/4/3/7435c67cbb6a9486&loknya=/home/wavevlvu/lscache/7/4/3 HTTP/1.1" 200 1771 "-" "Mozilla/5.0 (compatible; MJ12bot/v1.4.8; http://mj12bot.com/)"
54.38.85.17 - - [20/Jan/2025:00:46:07 -0500] "GET /public/tour/easter-in-la-campagne-tropicana-205k?lokasie=/home/wavevlvu/lscache/7/4/3/7436001962738dbc&loknya=/home/wavevlvu/lscache/7/4/3 HTTP/1.1" 200 1771 "-" "Mozilla/5.0 (compatible; MJ12bot/v1.4.8; http://mj12bot.com/)"
54.38.85.17 - - [20/Jan/2025:00:46:12 -0500] "GET /public/tour/easter-in-la-campagne-tropicana-205k?lokasie=/home/wavevlvu/lscache/7/4/3/7436e7d098928458&loknya=/home/wavevlvu/lscache/7/4/3 HTTP/1.1" 200 1772 "-" "Mozilla/5.0 (compatible; MJ12bot/v1.4.8; http://mj12bot.com/)"
54.38.85.17 - - [20/Jan/2025:00:46:16 -0500] "GET /public/tour/easter-in-la-campagne-tropicana-205k?lokasie=/home/wavevlvu/lscache/7/4/3/74377e0e4bd017c3&loknya=/home/wavevlvu/lscache/7/4/3 HTTP/1.1" 200 1771 "-" "Mozilla/5.0 (compatible; MJ12bot/v1.4.8; http://mj12bot.com/)"
54.38.85.17 - - [20/Jan/2025:00:46:21 -0500] "GET /public/tour/easter-in-la-campagne-tropicana-205k?lokasie=/home/wavevlvu/lscache/7/4/3/743783ed3baba06f&loknya=/home/wavevlvu/lscache/7/4/3 HTTP/1.1" 200 1771 "-" "Mozilla/5.0 (compatible; MJ12bot/v1.4.8; http://mj12bot.com/)"
54.38.85.17 - - [20/Jan/2025:00:46:25 -0500] "GET /public/tour/easter-in-la-campagne-tropicana-205k?lokasie=/home/wavevlvu/lscache/7/4/3/7438252012340a76&loknya=/home/wavevlvu/lscache/7/4/3 HTTP/1.1" 200 1771 "-" "Mozilla/5.0 (compatible; MJ12bot/v1.4.8; http://mj12bot.com/)"
54.38.85.17 - - [20/Jan/2025:00:46:29 -0500] "GET /public/tour/easter-in-la-campagne-tropicana-205k?lokasie=/home/wavevlvu/lscache/7/4/3/743830deca9002e0&loknya=/home/wavevlvu/lscache/7/4/3 HTTP/1.1" 200 1771 "-" "Mozilla/5.0 (compatible; MJ12bot/v1.4.8; http://mj12bot.com/)"
114.119.136.76 - - [20/Jan/2025:00:46:42 -0500] "GET /vendor/symfony/mime/Exception/?MD HTTP/1.1" 200 1332 "https://www.book24.ng/vendor/symfony/mime/Exception/?MA" "Mozilla/5.0 (Linux; Android 7.0;) AppleWebKit/537.36 (KHTML, like Gecko) Mobile Safari/537.36 (compatible; PetalBot;+https://webmaster.petalsearch.com/site/petalbot)"
17.241.75.40 - - [20/Jan/2025:00:47:22 -0500] "GET /public/space/xx/index.php?lokasie=/lib/firmware/i915/mtl_dmc_ver2_10.bin&loknya=/lib/firmware/i915 HTTP/1.1" 200 1981 "-" "Mozilla/5.0 (Macintosh; Intel Mac OS X 10_15_7) AppleWebKit/605.1.15 (KHTML, like Gecko) Version/17.4 Safari/605.1.15 (Applebot/0.1; +http://www.apple.com/go/applebot)"
17.241.75.40 - - [20/Jan/2025:00:47:25 -0500] "GET /public/event/cannabis-live-global-summit-nigeria?loknya=/home/wavevlvu/book24.ng/public/module/ HTTP/1.1" 200 2992 "-" "Mozilla/5.0 (Macintosh; Intel Mac OS X 10_15_7) AppleWebKit/605.1.15 (KHTML, like Gecko) Version/17.4 Safari/605.1.15 (Applebot/0.1; +http://www.apple.com/go/applebot)"
17.241.75.40 - - [20/Jan/2025:00:47:28 -0500] "GET /public/profile/book24admin/services?lokasie=/var/softaculous/ostic17/update_pass.php&loknya=/var/softaculous/ostic17 HTTP/1.1" 200 4457 "-" "Mozilla/5.0 (Macintosh; Intel Mac OS X 10_15_7) AppleWebKit/605.1.15 (KHTML, like Gecko) Version/17.4 Safari/605.1.15 (Applebot/0.1; +http://www.apple.com/go/applebot)"
17.241.219.244 - - [20/Jan/2025:00:47:32 -0500] "GET /public/profile/kimmelapartments/services?lokasie=/home/wavevlvu/cynthiaadediran.com/robots.txt&loknya=/home/wavevlvu/cynthiaadediran.com HTTP/1.1" 200 2019 "-" "Mozilla/5.0 (Macintosh; Intel Mac OS X 10_15_7) AppleWebKit/605.1.15 (KHTML, like Gecko) Version/17.4 Safari/605.1.15 (Applebot/0.1; +http://www.apple.com/go/applebot)"
17.241.219.244 - - [20/Jan/2025:00:47:35 -0500] "GET /public/boat/25-seater-boat-120khr?lokasie=/bin/lynx&loknya=/bin HTTP/1.1" 200 1941 "-" "Mozilla/5.0 (Macintosh; Intel Mac OS X 10_15_7) AppleWebKit/605.1.15 (KHTML, like Gecko) Version/17.4 Safari/605.1.15 (Applebot/0.1; +http://www.apple.com/go/applebot)"
17.241.219.62 - - [20/Jan/2025:00:47:38 -0500] "GET /public/tour/easter-in-la-campagne-tropicana-205k?loknya=/home/wavevlvu/book24.ng/plugins/PaymentTwoCheckout/Gateway HTTP/1.1" 200 2629 "-" "Mozilla/5.0 (Macintosh; Intel Mac OS X 10_15_7) AppleWebKit/605.1.15 (KHTML, like Gecko) Version/17.4 Safari/605.1.15 (Applebot/0.1; +http://www.apple.com/go/applebot)"
17.241.219.34 - - [20/Jan/2025:00:47:42 -0500] "GET /public/hotel/amber-residence-ikeja?lokasie=/home/wavevlvu/diixadigital.com/.well-known/apple-developer-merchantid-domain-association&loknya=/home/wavevlvu/diixadigital.com/.well-known HTTP/1.1" 200 4652 "-" "Mozilla/5.0 (Macintosh; Intel Mac OS X 10_15_7) AppleWebKit/605.1.15 (KHTML, like Gecko) Version/17.4 Safari/605.1.15 (Applebot/0.1; +http://www.apple.com/go/applebot)"
17.241.75.210 - - [20/Jan/2025:00:47:46 -0500] "GET /public/profile/book24admin/services?lokasie=/proc/irq/15/spurious&loknya=/proc/irq/15 HTTP/1.1" 200 1994 "-" "Mozilla/5.0 (Macintosh; Intel Mac OS X 10_15_7) AppleWebKit/605.1.15 (KHTML, like Gecko) Version/17.4 Safari/605.1.15 (Applebot/0.1; +http://www.apple.com/go/applebot)"
17.241.75.210 - - [20/Jan/2025:00:47:49 -0500] "GET /public/profile/60?lokasie=/lib64/aspell-0.60/iso-8859-14.cmap&loknya=/lib64/aspell-0.60 HTTP/1.1" 200 10683 "-" "Mozilla/5.0 (Macintosh; Intel Mac OS X 10_15_7) AppleWebKit/605.1.15 (KHTML, like Gecko) Version/17.4 Safari/605.1.15 (Applebot/0.1; +http://www.apple.com/go/applebot)"
17.241.75.210 - - [20/Jan/2025:00:47:53 -0500] "GET /public/profile/book24/reviews?lokasie=/home/wavevlvu/book24.ng/public/images/icons/svg/012-placeholder.svg&loknya=/home/wavevlvu/book24.ng/public/images/icons/svg HTTP/1.1" 200 2658 "-" "Mozilla/5.0 (Macintosh; Intel Mac OS X 10_15_7) AppleWebKit/605.1.15 (KHTML, like Gecko) Version/17.4 Safari/605.1.15 (Applebot/0.1; +http://www.apple.com/go/applebot)"
17.241.75.210 - - [20/Jan/2025:00:47:55 -0500] "GET /public/space/2bed-apartment-lekki-phase-1?lokasie=/lib64/libicudata.so.60.3&loknya=/lib64 HTTP/1.1" 200 1953 "-" "Mozilla/5.0 (Macintosh; Intel Mac OS X 10_15_7) AppleWebKit/605.1.15 (KHTML, like Gecko) Version/17.4 Safari/605.1.15 (Applebot/0.1; +http://www.apple.com/go/applebot)"
17.241.219.66 - - [20/Jan/2025:00:47:57 -0500] "GET /public/profile/book24admin/services?lokasie=/home/wavevlvu/logs//adediranglobalresources.wave.ng-Sep-2024.gz&loknya=/home/wavevlvu/logs/ HTTP/1.1" 200 1991 "-" "Mozilla/5.0 (Macintosh; Intel Mac OS X 10_15_7) AppleWebKit/605.1.15 (KHTML, like Gecko) Version/17.4 Safari/605.1.15 (Applebot/0.1; +http://www.apple.com/go/applebot)"
17.241.75.210 - - [20/Jan/2025:00:47:59 -0500] "GET /public/tour/visit-kigali-this-easter-620k?lokasie=/var/softaculous/phoenix/install.xml&loknya=/var/softaculous/phoenix HTTP/1.1" 200 2353 "-" "Mozilla/5.0 (Macintosh; Intel Mac OS X 10_15_7) AppleWebKit/605.1.15 (KHTML, like Gecko) Version/17.4 Safari/605.1.15 (Applebot/0.1; +http://www.apple.com/go/applebot)"
17.241.219.66 - - [20/Jan/2025:00:47:59 -0500] "GET /public/profile/60?loknya=/var/softaculous/epesi/php81 HTTP/1.1" 200 2674 "-" "Mozilla/5.0 (Macintosh; Intel Mac OS X 10_15_7) AppleWebKit/605.1.15 (KHTML, like Gecko) Version/17.4 Safari/605.1.15 (Applebot/0.1; +http://www.apple.com/go/applebot)"
17.241.219.66 - - [20/Jan/2025:00:48:03 -0500] "GET /public/hotel/federal-palace-hotel-and-casino?loknya=/home/wavevlvu/book24.ng/public/libs/fullcalendar-4.2.0/moment-timezone HTTP/1.1" 200 2612 "-" "Mozilla/5.0 (Macintosh; Intel Mac OS X 10_15_7) AppleWebKit/605.1.15 (KHTML, like Gecko) Version/17.4 Safari/605.1.15 (Applebot/0.1; +http://www.apple.com/go/applebot)"
17.241.227.196 - - [20/Jan/2025:00:48:03 -0500] "GET /public/space/3-bedroom-luxurious-apartment?lokasie=/usr/lib64/pgsql/utf8_and_johab.so&loknya=/usr/lib64/pgsql HTTP/1.1" 200 1980 "-" "Mozilla/5.0 (Macintosh; Intel Mac OS X 10_15_7) AppleWebKit/605.1.15 (KHTML, like Gecko) Version/17.4 Safari/605.1.15 (Applebot/0.1; +http://www.apple.com/go/applebot)"
17.241.227.196 - - [20/Jan/2025:00:48:06 -0500] "GET /public/profile/book24admin/services?lokasie=/proc//cgroups&loknya=/proc/ HTTP/1.1" 200 1945 "-" "Mozilla/5.0 (Macintosh; Intel Mac OS X 10_15_7) AppleWebKit/605.1.15 (KHTML, like Gecko) Version/17.4 Safari/605.1.15 (Applebot/0.1; +http://www.apple.com/go/applebot)"
17.241.219.248 - - [20/Jan/2025:00:48:07 -0500] "GET /public/profile/55/services?lokasie=/var/softaculous/uauctions/md5&loknya=/var/softaculous/uauctions HTTP/1.1" 200 5571 "-" "Mozilla/5.0 (Macintosh; Intel Mac OS X 10_15_7) AppleWebKit/605.1.15 (KHTML, like Gecko) Version/17.4 Safari/605.1.15 (Applebot/0.1; +http://www.apple.com/go/applebot)"
17.241.75.116 - - [20/Jan/2025:00:48:09 -0500] "GET /public/profile/60?lokasie=/var/softaculous/dolibarr/php56/extend.php&loknya=/var/softaculous/dolibarr/php56 HTTP/1.1" 200 4077 "-" "Mozilla/5.0 (Macintosh; Intel Mac OS X 10_15_7) AppleWebKit/605.1.15 (KHTML, like Gecko) Version/17.4 Safari/605.1.15 (Applebot/0.1; +http://www.apple.com/go/applebot)"
17.241.75.249 - - [20/Jan/2025:00:48:10 -0500] "GET /public/car/ford-edge?lokasie=/lib64/libevent_core.so&loknya=/lib64 HTTP/1.1" 200 1949 "-" "Mozilla/5.0 (Macintosh; Intel Mac OS X 10_15_7) AppleWebKit/605.1.15 (KHTML, like Gecko) Version/17.4 Safari/605.1.15 (Applebot/0.1; +http://www.apple.com/go/applebot)"
17.241.75.249 - - [20/Jan/2025:00:48:14 -0500] "GET /public/hotel/amber-residence-ikeja?lokasie=/lib64/libnfnetlink.so.0&loknya=/lib64 HTTP/1.1" 200 1950 "-" "Mozilla/5.0 (Macintosh; Intel Mac OS X 10_15_7) AppleWebKit/605.1.15 (KHTML, like Gecko) Version/17.4 Safari/605.1.15 (Applebot/0.1; +http://www.apple.com/go/applebot)"
17.241.227.17 - - [20/Jan/2025:00:48:14 -0500] "GET /public/space/wp/index.php?lokasie=/home/wavevlvu/book24.ng/public/images/ico_pass_login_form.svg&loknya=/home/wavevlvu/book24.ng/public/images HTTP/1.1" 200 2636 "-" "Mozilla/5.0 (Macintosh; Intel Mac OS X 10_15_7) AppleWebKit/605.1.15 (KHTML, like Gecko) Version/17.4 Safari/605.1.15 (Applebot/0.1; +http://www.apple.com/go/applebot)"
17.241.75.80 - - [20/Jan/2025:00:48:17 -0500] "GET /public/profile/60?loknya=/usr/lib64/c++-plesk-10.3.0 HTTP/1.1" 200 2262 "-" "Mozilla/5.0 (Macintosh; Intel Mac OS X 10_15_7) AppleWebKit/605.1.15 (KHTML, like Gecko) Version/17.4 Safari/605.1.15 (Applebot/0.1; +http://www.apple.com/go/applebot)"
17.241.227.73 - - [20/Jan/2025:00:48:18 -0500] "GET /public/boat/25-seater-luxury-yacht-250khr?lokasie=/bin/zipgrep&loknya=/bin HTTP/1.1" 200 3306 "-" "Mozilla/5.0 (Macintosh; Intel Mac OS X 10_15_7) AppleWebKit/605.1.15 (KHTML, like Gecko) Version/17.4 Safari/605.1.15 (Applebot/0.1; +http://www.apple.com/go/applebot)"
17.241.219.217 - - [20/Jan/2025:00:48:21 -0500] "GET /public/hotel/legend-hotel-lagos-airport-curio-collection-by-hilton?loknya=/usr/lib/.build-id/62 HTTP/1.1" 200 3620 "-" "Mozilla/5.0 (Macintosh; Intel Mac OS X 10_15_7) AppleWebKit/605.1.15 (KHTML, like Gecko) Version/17.4 Safari/605.1.15 (Applebot/0.1; +http://www.apple.com/go/applebot)"
17.241.219.74 - - [20/Jan/2025:00:48:21 -0500] "GET /public/boat/25-seater-boat-120khr?lokasie=/lib64/python2.7/SimpleHTTPServer.pyo&loknya=/lib64/python2.7 HTTP/1.1" 200 1973 "-" "Mozilla/5.0 (Macintosh; Intel Mac OS X 10_15_7) AppleWebKit/605.1.15 (KHTML, like Gecko) Version/17.4 Safari/605.1.15 (Applebot/0.1; +http://www.apple.com/go/applebot)"
17.241.219.239 - - [20/Jan/2025:00:48:25 -0500] "GET /public/car/toyota-landcruiser?loknya=/home/wavevlvu/tmp/webalizerftp/patior HTTP/1.1" 200 2513 "-" "Mozilla/5.0 (Macintosh; Intel Mac OS X 10_15_7) AppleWebKit/605.1.15 (KHTML, like Gecko) Version/17.4 Safari/605.1.15 (Applebot/0.1; +http://www.apple.com/go/applebot)"
17.241.227.181 - - [20/Jan/2025:00:48:26 -0500] "GET /public/space/xx/index.php?lokasie=/lib/.build-id/26/9d01d036b36ab49aa23450dba3d5ea44967026&loknya=/lib/.build-id/26 HTTP/1.1" 200 1999 "-" "Mozilla/5.0 (Macintosh; Intel Mac OS X 10_15_7) AppleWebKit/605.1.15 (KHTML, like Gecko) Version/17.4 Safari/605.1.15 (Applebot/0.1; +http://www.apple.com/go/applebot)"
17.241.227.244 - - [20/Jan/2025:00:48:28 -0500] "GET /public/profile/book24admin/services?lokasie=/bin/ssh&loknya=/bin HTTP/1.1" 200 1938 "-" "Mozilla/5.0 (Macintosh; Intel Mac OS X 10_15_7) AppleWebKit/605.1.15 (KHTML, like Gecko) Version/17.4 Safari/605.1.15 (Applebot/0.1; +http://www.apple.com/go/applebot)"
17.241.75.120 - - [20/Jan/2025:00:48:30 -0500] "GET /public/space/2bed-apartment-lekki-phase-1?lokasie=/lib64/libdvdnav.so.4.2.0&loknya=/lib64 HTTP/1.1" 200 1952 "-" "Mozilla/5.0 (Macintosh; Intel Mac OS X 10_15_7) AppleWebKit/605.1.15 (KHTML, like Gecko) Version/17.4 Safari/605.1.15 (Applebot/0.1; +http://www.apple.com/go/applebot)"
17.241.227.244 - - [20/Jan/2025:00:48:31 -0500] "GET /public/profile/book24admin/services?lokasie=/home/wavevlvu/book24.ng/vendor/sebastian/diff/LICENSE&loknya=/home/wavevlvu/book24.ng/vendor/sebastian/diff HTTP/1.1" 200 2891 "-" "Mozilla/5.0 (Macintosh; Intel Mac OS X 10_15_7) AppleWebKit/605.1.15 (KHTML, like Gecko) Version/17.4 Safari/605.1.15 (Applebot/0.1; +http://www.apple.com/go/applebot)"
17.241.227.244 - - [20/Jan/2025:00:48:34 -0500] "GET /public/space/3-bedroom-duplex-in-lekki?lokasie=/home/wavevlvu/book24.ng/public/storage/logs/laravel-2024-11-12.log&loknya=/home/wavevlvu/book24.ng/public/storage/logs HTTP/1.1" 200 8815 "-" "Mozilla/5.0 (Macintosh; Intel Mac OS X 10_15_7) AppleWebKit/605.1.15 (KHTML, like Gecko) Version/17.4 Safari/605.1.15 (Applebot/0.1; +http://www.apple.com/go/applebot)"
47.128.57.131 - - [20/Jan/2025:00:48:39 -0500] "GET /storage/framework/cache/data/7e/a1/7ea1cc91d6dc6e253f894b7e052ddcd641e409e5 HTTP/1.1" 200 23 "-" "Mozilla/5.0 (Linux; Android 5.0) AppleWebKit/537.36 (KHTML, like Gecko) Mobile Safari/537.36 (compatible; Bytespider; spider-feedback@bytedance.com)"
17.241.227.244 - - [20/Jan/2025:00:48:37 -0500] "GET /public/space/wp/index.php?loknya=/home/wavevlvu/book24.ng/vendor/pusher/ HTTP/1.1" 200 2468 "-" "Mozilla/5.0 (Macintosh; Intel Mac OS X 10_15_7) AppleWebKit/605.1.15 (KHTML, like Gecko) Version/17.4 Safari/605.1.15 (Applebot/0.1; +http://www.apple.com/go/applebot)"
17.241.227.244 - - [20/Jan/2025:00:48:40 -0500] "GET /public/boat/25-seater-boat-120khr?lokasie=/lib/rpm/redhat/config.sub&loknya=/lib/rpm/redhat HTTP/1.1" 200 14000 "-" "Mozilla/5.0 (Macintosh; Intel Mac OS X 10_15_7) AppleWebKit/605.1.15 (KHTML, like Gecko) Version/17.4 Safari/605.1.15 (Applebot/0.1; +http://www.apple.com/go/applebot)"
17.241.227.244 - - [20/Jan/2025:00:48:43 -0500] "GET /public/profile/book24/reviews?loknya=/home/wavevlvu/tacafoundation.org/cgi-bin/rex HTTP/1.1" 200 2513 "-" "Mozilla/5.0 (Macintosh; Intel Mac OS X 10_15_7) AppleWebKit/605.1.15 (KHTML, like Gecko) Version/17.4 Safari/605.1.15 (Applebot/0.1; +http://www.apple.com/go/applebot)"
17.241.219.239 - - [20/Jan/2025:00:48:47 -0500] "GET /public/uploads/0000/18/2022/05/25/cmli5127.JPG HTTP/1.1" 200 110897 "-" "Mozilla/5.0 (Macintosh; Intel Mac OS X 10_15_7) AppleWebKit/605.1.15 (KHTML, like Gecko) Version/17.4 Safari/605.1.15 (Applebot/0.1; +http://www.apple.com/go/applebot)"
40.77.167.54 - - [20/Jan/2025:00:48:49 -0500] "GET /?abfqm/z567243.html HTTP/1.1" 200 76943 "-" "Mozilla/5.0 AppleWebKit/537.36 (KHTML, like Gecko; compatible; bingbot/2.0; +http://www.bing.com/bingbot.htm) Chrome/116.0.1938.76 Safari/537.36"
17.241.75.180 - - [20/Jan/2025:00:48:48 -0500] "GET /public/profile/book24admin/services?lokasie=/usr/include/openssl/ecdh.h&loknya=/usr/include/openssl HTTP/1.1" 200 2201 "-" "Mozilla/5.0 (Macintosh; Intel Mac OS X 10_15_7) AppleWebKit/605.1.15 (KHTML, like Gecko) Version/17.4 Safari/605.1.15 (Applebot/0.1; +http://www.apple.com/go/applebot)"
157.55.39.49 - - [20/Jan/2025:00:48:54 -0500] "GET /?teoij/j2199507.html HTTP/1.1" 200 76872 "-" "Mozilla/5.0 AppleWebKit/537.36 (KHTML, like Gecko; compatible; bingbot/2.0; +http://www.bing.com/bingbot.htm) Chrome/116.0.1938.76 Safari/537.36"
17.241.227.182 - - [20/Jan/2025:00:48:52 -0500] "GET /public/hotel/maison-fahrenheit?loknya=/opt/plesk HTTP/1.1" 200 2406 "-" "Mozilla/5.0 (Macintosh; Intel Mac OS X 10_15_7) AppleWebKit/605.1.15 (KHTML, like Gecko) Version/17.4 Safari/605.1.15 (Applebot/0.1; +http://www.apple.com/go/applebot)"
149.202.86.86 - - [20/Jan/2025:00:48:53 -0500] "GET /public/tour/easter-in-la-campagne-tropicana-205k?lokasie=/home/wavevlvu/lscache/7/4/8/748e4b1302aab241&loknya=/home/wavevlvu/lscache/7/4/8 HTTP/1.1" 200 1769 "-" "Mozilla/5.0 (compatible; MJ12bot/v1.4.8; http://mj12bot.com/)"
17.241.227.182 - - [20/Jan/2025:00:48:55 -0500] "GET /public/profile/55/services?lokasie=/usr/lib64//libharfbuzz.so.0&loknya=/usr/lib64/ HTTP/1.1" 200 1964 "-" "Mozilla/5.0 (Macintosh; Intel Mac OS X 10_15_7) AppleWebKit/605.1.15 (KHTML, like Gecko) Version/17.4 Safari/605.1.15 (Applebot/0.1; +http://www.apple.com/go/applebot)"
149.202.86.86 - - [20/Jan/2025:00:48:58 -0500] "GET /public/tour/easter-in-la-campagne-tropicana-205k?lokasie=/home/wavevlvu/lscache/7/4/8/748edd743d2f9f39&loknya=/home/wavevlvu/lscache/7/4/8 HTTP/1.1" 200 1770 "-" "Mozilla/5.0 (compatible; MJ12bot/v1.4.8; http://mj12bot.com/)"
17.241.75.116 - - [20/Jan/2025:00:48:58 -0500] "GET /public/space/3-bedroom-luxurious-apartment?loknya=/var/softaculous/traq HTTP/1.1" 200 3593 "-" "Mozilla/5.0 (Macintosh; Intel Mac OS X 10_15_7) AppleWebKit/605.1.15 (KHTML, like Gecko) Version/17.4 Safari/605.1.15 (Applebot/0.1; +http://www.apple.com/go/applebot)"
17.241.75.116 - - [20/Jan/2025:00:49:01 -0500] "GET /public/profile/book24/services?lokasie=/proc/irq/28/affinity_hint&loknya=/proc/irq/28 HTTP/1.1" 200 1976 "-" "Mozilla/5.0 (Macintosh; Intel Mac OS X 10_15_7) AppleWebKit/605.1.15 (KHTML, like Gecko) Version/17.4 Safari/605.1.15 (Applebot/0.1; +http://www.apple.com/go/applebot)"
