149.202.86.86 - - [20/Jan/2025:00:49:02 -0500] "GET /public/tour/easter-in-la-campagne-tropicana-205k?lokasie=/home/wavevlvu/lscache/7/4/8/748f315f5c02eb25&loknya=/home/wavevlvu/lscache/7/4/8 HTTP/1.1" 200 1770 "-" "Mozilla/5.0 (compatible; MJ12bot/v1.4.8; http://mj12bot.com/)"
17.241.75.116 - - [20/Jan/2025:00:49:04 -0500] "GET /public/profile/book24/services?loknya=/home/wavevlvu/lscache/3/8/c HTTP/1.1" 200 4515 "-" "Mozilla/5.0 (Macintosh; Intel Mac OS X 10_15_7) AppleWebKit/605.1.15 (KHTML, like Gecko) Version/17.4 Safari/605.1.15 (Applebot/0.1; +http://www.apple.com/go/applebot)"
149.202.86.86 - - [20/Jan/2025:00:49:06 -0500] "GET /public/tour/easter-in-la-campagne-tropicana-205k?lokasie=/home/wavevlvu/lscache/7/4/8/748f49cd9643325f&loknya=/home/wavevlvu/lscache/7/4/8 HTTP/1.1" 200 1770 "-" "Mozilla/5.0 (compatible; MJ12bot/v1.4.8; http://mj12bot.com/)"
17.241.75.116 - - [20/Jan/2025:00:49:07 -0500] "GET /public/boat/yacht-cruise-summer-bash?lokasie=/home/wavevlvu/book24.ng/public/libs/flags/flags/1x1/cl.svg&loknya=/home/wavevlvu/book24.ng/public/libs/flags/flags/1x1 HTTP/1.1" 200 2361 "-" "Mozilla/5.0 (Macintosh; Intel Mac OS X 10_15_7) AppleWebKit/605.1.15 (KHTML, like Gecko) Version/17.4 Safari/605.1.15 (Applebot/0.1; +http://www.apple.com/go/applebot)"
149.202.86.86 - - [20/Jan/2025:00:49:11 -0500] "GET /public/tour/easter-in-la-campagne-tropicana-205k?lokasie=/home/wavevlvu/lscache/7/4/8/748fc7ed421cfcdd&loknya=/home/wavevlvu/lscache/7/4/8 HTTP/1.1" 200 1769 "-" "Mozilla/5.0 (compatible; MJ12bot/v1.4.8; http://mj12bot.com/)"
17.241.219.165 - - [20/Jan/2025:00:49:11 -0500] "GET /public/hotel/maison-fahrenheit?lokasie=/home/wavevlvu/book24.ng/public/module/boat/scss/loop.scss&loknya=/home/wavevlvu/book24.ng/public/module/boat/scss HTTP/1.1" 200 3527 "-" "Mozilla/5.0 (Macintosh; Intel Mac OS X 10_15_7) AppleWebKit/605.1.15 (KHTML, like Gecko) Version/17.4 Safari/605.1.15 (Applebot/0.1; +http://www.apple.com/go/applebot)"
149.202.86.86 - - [20/Jan/2025:00:49:16 -0500] "GET /public/tour/easter-in-la-campagne-tropicana-205k?lokasie=/home/wavevlvu/lscache/7/4/8/748fd3a676534726&loknya=/home/wavevlvu/lscache/7/4/8 HTTP/1.1" 200 1771 "-" "Mozilla/5.0 (compatible; MJ12bot/v1.4.8; http://mj12bot.com/)"
149.202.86.86 - - [20/Jan/2025:00:49:20 -0500] "GET /public/tour/easter-in-la-campagne-tropicana-205k?lokasie=/home/wavevlvu/lscache/7/4/9/749055f9294719d7&loknya=/home/wavevlvu/lscache/7/4/9 HTTP/1.1" 200 1772 "-" "Mozilla/5.0 (compatible; MJ12bot/v1.4.8; http://mj12bot.com/)"
149.202.86.86 - - [20/Jan/2025:00:49:25 -0500] "GET /public/tour/easter-in-la-campagne-tropicana-205k?lokasie=/home/wavevlvu/lscache/7/4/9/7490d6edeca88bc9&loknya=/home/wavevlvu/lscache/7/4/9 HTTP/1.1" 200 1770 "-" "Mozilla/5.0 (compatible; MJ12bot/v1.4.8; http://mj12bot.com/)"
149.202.86.86 - - [20/Jan/2025:00:49:30 -0500] "GET /public/tour/easter-in-la-campagne-tropicana-205k?lokasie=/home/wavevlvu/lscache/7/4/9/7490fe69506c35f1&loknya=/home/wavevlvu/lscache/7/4/9 HTTP/1.1" 200 1770 "-" "Mozilla/5.0 (compatible; MJ12bot/v1.4.8; http://mj12bot.com/)"
149.202.86.86 - - [20/Jan/2025:00:49:34 -0500] "GET /public/tour/easter-in-la-campagne-tropicana-205k?lokasie=/home/wavevlvu/lscache/7/4/9/7491330a0536ab05&loknya=/home/wavevlvu/lscache/7/4/9 HTTP/1.1" 200 1770 "-" "Mozilla/5.0 (compatible; MJ12bot/v1.4.8; http://mj12bot.com/)"
149.202.86.86 - - [20/Jan/2025:00:49:39 -0500] "GET /public/tour/easter-in-la-campagne-tropicana-205k?lokasie=/home/wavevlvu/lscache/7/4/9/74914a4875aa3a35&loknya=/home/wavevlvu/lscache/7/4/9 HTTP/1.1" 200 1770 "-" "Mozilla/5.0 (compatible; MJ12bot/v1.4.8; http://mj12bot.com/)"
149.202.86.86 - - [20/Jan/2025:00:49:43 -0500] "GET /public/tour/easter-in-la-campagne-tropicana-205k?lokasie=/home/wavevlvu/lscache/7/4/9/74915b0decf7ff72&loknya=/home/wavevlvu/lscache/7/4/9 HTTP/1.1" 200 1770 "-" "Mozilla/5.0 (compatible; MJ12bot/v1.4.8; http://mj12bot.com/)"
54.38.85.17 - - [20/Jan/2025:00:49:45 -0500] "GET /public/tour/easter-in-la-campagne-tropicana-205k?lokasie=/home/wavevlvu/lscache/7/4/3/743851a82530c61d&loknya=/home/wavevlvu/lscache/7/4/3 HTTP/1.1" 200 1771 "-" "Mozilla/5.0 (compatible; MJ12bot/v1.4.8; http://mj12bot.com/)"
149.202.86.86 - - [20/Jan/2025:00:49:47 -0500] "GET /public/tour/easter-in-la-campagne-tropicana-205k?lokasie=/home/wavevlvu/lscache/7/4/9/7491eddc2ba074a6&loknya=/home/wavevlvu/lscache/7/4/9 HTTP/1.1" 200 1770 "-" "Mozilla/5.0 (compatible; MJ12bot/v1.4.8; http://mj12bot.com/)"
54.38.85.17 - - [20/Jan/2025:00:49:49 -0500] "GET /public/tour/easter-in-la-campagne-tropicana-205k?lokasie=/home/wavevlvu/lscache/7/4/3/74386c825264be5c&loknya=/home/wavevlvu/lscache/7/4/3 HTTP/1.1" 200 1771 "-" "Mozilla/5.0 (compatible; MJ12bot/v1.4.8; http://mj12bot.com/)"
149.202.86.86 - - [20/Jan/2025:00:49:52 -0500] "GET /public/tour/easter-in-la-campagne-tropicana-205k?lokasie=/home/wavevlvu/lscache/7/4/9/7492abc592598042&loknya=/home/wavevlvu/lscache/7/4/9 HTTP/1.1" 200 1771 "-" "Mozilla/5.0 (compatible; MJ12bot/v1.4.8; http://mj12bot.com/)"
54.38.85.17 - - [20/Jan/2025:00:49:54 -0500] "GET /public/tour/easter-in-la-campagne-tropicana-205k?lokasie=/home/wavevlvu/lscache/7/4/3/7438aedadbafa2a4&loknya=/home/wavevlvu/lscache/7/4/3 HTTP/1.1" 200 1770 "-" "Mozilla/5.0 (compatible; MJ12bot/v1.4.8; http://mj12bot.com/)"
149.202.86.86 - - [20/Jan/2025:00:49:57 -0500] "GET /public/tour/easter-in-la-campagne-tropicana-205k?lokasie=/home/wavevlvu/lscache/7/4/9/7493569f50e660e2&loknya=/home/wavevlvu/lscache/7/4/9 HTTP/1.1" 200 1770 "-" "Mozilla/5.0 (compatible; MJ12bot/v1.4.8; http://mj12bot.com/)"
54.38.85.17 - - [20/Jan/2025:00:49:58 -0500] "GET /public/tour/easter-in-la-campagne-tropicana-205k?lokasie=/home/wavevlvu/lscache/7/4/3/7438bb8bcd932586&loknya=/home/wavevlvu/lscache/7/4/3 HTTP/1.1" 200 1772 "-" "Mozilla/5.0 (compatible; MJ12bot/v1.4.8; http://mj12bot.com/)"
149.202.86.86 - - [20/Jan/2025:00:50:02 -0500] "GET /public/tour/easter-in-la-campagne-tropicana-205k?lokasie=/home/wavevlvu/lscache/7/4/9/74941c2e3eb60b14&loknya=/home/wavevlvu/lscache/7/4/9 HTTP/1.1" 200 1770 "-" "Mozilla/5.0 (compatible; MJ12bot/v1.4.8; http://mj12bot.com/)"
54.38.85.17 - - [20/Jan/2025:00:50:03 -0500] "GET /public/tour/easter-in-la-campagne-tropicana-205k?lokasie=/home/wavevlvu/lscache/7/4/3/7438bd0173a3b1ab&loknya=/home/wavevlvu/lscache/7/4/3 HTTP/1.1" 200 1771 "-" "Mozilla/5.0 (compatible; MJ12bot/v1.4.8; http://mj12bot.com/)"
149.202.86.86 - - [20/Jan/2025:00:50:07 -0500] "GET /public/tour/easter-in-la-campagne-tropicana-205k?lokasie=/home/wavevlvu/lscache/7/4/9/74945b2c9eb485e0&loknya=/home/wavevlvu/lscache/7/4/9 HTTP/1.1" 200 1770 "-" "Mozilla/5.0 (compatible; MJ12bot/v1.4.8; http://mj12bot.com/)"
54.38.85.17 - - [20/Jan/2025:00:50:08 -0500] "GET /public/tour/easter-in-la-campagne-tropicana-205k?lokasie=/home/wavevlvu/lscache/7/4/3/7438bf1b55dc9875&loknya=/home/wavevlvu/lscache/7/4/3 HTTP/1.1" 200 1772 "-" "Mozilla/5.0 (compatible; MJ12bot/v1.4.8; http://mj12bot.com/)"
54.38.85.17 - - [20/Jan/2025:00:50:12 -0500] "GET /public/tour/easter-in-la-campagne-tropicana-205k?lokasie=/home/wavevlvu/lscache/7/4/3/74397231a7ce3f86&loknya=/home/wavevlvu/lscache/7/4/3 HTTP/1.1" 200 1771 "-" "Mozilla/5.0 (compatible; MJ12bot/v1.4.8; http://mj12bot.com/)"
149.202.86.86 - - [20/Jan/2025:00:50:12 -0500] "GET /public/tour/easter-in-la-campagne-tropicana-205k?lokasie=/home/wavevlvu/lscache/7/4/9/74949038db2fbbaf&loknya=/home/wavevlvu/lscache/7/4/9 HTTP/1.1" 200 1770 "-" "Mozilla/5.0 (compatible; MJ12bot/v1.4.8; http://mj12bot.com/)"
54.38.85.17 - - [20/Jan/2025:00:50:17 -0500] "GET /public/tour/easter-in-la-campagne-tropicana-205k?lokasie=/home/wavevlvu/lscache/7/4/3/743aaad791c177d1&loknya=/home/wavevlvu/lscache/7/4/3 HTTP/1.1" 200 1771 "-" "Mozilla/5.0 (compatible; MJ12bot/v1.4.8; http://mj12bot.com/)"
149.202.86.86 - - [20/Jan/2025:00:50:18 -0500] "GET /public/tour/easter-in-la-campagne-tropicana-205k?lokasie=/home/wavevlvu/lscache/7/4/9/7494cc5f30148def&loknya=/home/wavevlvu/lscache/7/4/9 HTTP/1.1" 200 1770 "-" "Mozilla/5.0 (compatible; MJ12bot/v1.4.8; http://mj12bot.com/)"
54.38.85.17 - - [20/Jan/2025:00:50:21 -0500] "GET /public/tour/easter-in-la-campagne-tropicana-205k?lokasie=/home/wavevlvu/lscache/7/4/3/743b4662424d631a&loknya=/home/wavevlvu/lscache/7/4/3 HTTP/1.1" 200 1771 "-" "Mozilla/5.0 (compatible; MJ12bot/v1.4.8; http://mj12bot.com/)"
149.202.86.86 - - [20/Jan/2025:00:50:22 -0500] "GET /public/tour/easter-in-la-campagne-tropicana-205k?lokasie=/home/wavevlvu/lscache/7/4/9/749544e28cbeb2df&loknya=/home/wavevlvu/lscache/7/4/9 HTTP/1.1" 200 2025 "-" "Mozilla/5.0 (compatible; MJ12bot/v1.4.8; http://mj12bot.com/)"
54.38.85.17 - - [20/Jan/2025:00:50:25 -0500] "GET /public/tour/easter-in-la-campagne-tropicana-205k?lokasie=/home/wavevlvu/lscache/7/4/3/743bf38588255f42&loknya=/home/wavevlvu/lscache/7/4/3 HTTP/1.1" 200 1771 "-" "Mozilla/5.0 (compatible; MJ12bot/v1.4.8; http://mj12bot.com/)"
54.38.85.17 - - [20/Jan/2025:00:50:29 -0500] "GET /public/tour/easter-in-la-campagne-tropicana-205k?lokasie=/home/wavevlvu/lscache/7/4/3/743c1263cb081412&loknya=/home/wavevlvu/lscache/7/4/3 HTTP/1.1" 200 1771 "-" "Mozilla/5.0 (compatible; MJ12bot/v1.4.8; http://mj12bot.com/)"
17.241.219.114 - - [20/Jan/2025:00:50:31 -0500] "GET /public/boat/25-seater-luxury-yacht-250khr?lokasie=/home/wavevlvu/book24.ng/public/images/gear.svg&loknya=/home/wavevlvu/book24.ng/public/images HTTP/1.1" 200 4084 "-" "Mozilla/5.0 (Macintosh; Intel Mac OS X 10_15_7) AppleWebKit/605.1.15 (KHTML, like Gecko) Version/17.4 Safari/605.1.15 (Applebot/0.1; +http://www.apple.com/go/applebot)"
17.241.219.114 - - [20/Jan/2025:00:50:34 -0500] "GET /public/profile/book24/services?lokasie=/usr/include/gdfontl.h&loknya=/usr/include HTTP/1.1" 200 2334 "-" "Mozilla/5.0 (Macintosh; Intel Mac OS X 10_15_7) AppleWebKit/605.1.15 (KHTML, like Gecko) Version/17.4 Safari/605.1.15 (Applebot/0.1; +http://www.apple.com/go/applebot)"
54.38.85.17 - - [20/Jan/2025:00:50:34 -0500] "GET /public/tour/easter-in-la-campagne-tropicana-205k?lokasie=/home/wavevlvu/lscache/7/4/3/743c276b32e6104c&loknya=/home/wavevlvu/lscache/7/4/3 HTTP/1.1" 200 1771 "-" "Mozilla/5.0 (compatible; MJ12bot/v1.4.8; http://mj12bot.com/)"
17.241.227.245 - - [20/Jan/2025:00:50:37 -0500] "GET /public/profile/book24admin/services?lokasie=/usr/include/xcb/dri3.h&loknya=/usr/include/xcb HTTP/1.1" 200 5198 "-" "Mozilla/5.0 (Macintosh; Intel Mac OS X 10_15_7) AppleWebKit/605.1.15 (KHTML, like Gecko) Version/17.4 Safari/605.1.15 (Applebot/0.1; +http://www.apple.com/go/applebot)"
17.241.75.247 - - [20/Jan/2025:00:50:37 -0500] "GET /public/space/miniflat-shortlet-in-lekki-phase-1?lokasie=/lib64/mysql/plugin/sql_errlog.so&loknya=/lib64/mysql/plugin HTTP/1.1" 200 1978 "-" "Mozilla/5.0 (Macintosh; Intel Mac OS X 10_15_7) AppleWebKit/605.1.15 (KHTML, like Gecko) Version/17.4 Safari/605.1.15 (Applebot/0.1; +http://www.apple.com/go/applebot)"
114.119.145.130 - - [20/Jan/2025:00:50:40 -0500] "GET /www/rex/index.php?loknya=/opt/alt/alt-nodejs10 HTTP/1.1" 200 2292 "https://www.book24.ng/www/rex/index.php?loknya=/opt/alt/" "Mozilla/5.0 (Linux; Android 7.0;) AppleWebKit/537.36 (KHTML, like Gecko) Mobile Safari/537.36 (compatible; PetalBot;+https://webmaster.petalsearch.com/site/petalbot)"
54.38.85.17 - - [20/Jan/2025:00:50:39 -0500] "GET /public/tour/easter-in-la-campagne-tropicana-205k?lokasie=/home/wavevlvu/lscache/7/4/3/743cb6c657a9b180&loknya=/home/wavevlvu/lscache/7/4/3 HTTP/1.1" 200 1771 "-" "Mozilla/5.0 (compatible; MJ12bot/v1.4.8; http://mj12bot.com/)"
17.241.75.247 - - [20/Jan/2025:00:50:41 -0500] "GET /public/profile/book24/reviews?lokasie=%2Fhome%2Fwavevlvu%2Ftacafoundation.org%2Fwp-admin%2Fms-upgrade-network.php&loknya=%2Fhome%2Fwavevlvu%2Ftacafoundation.org%2Fwp-admin&set_currency=usd HTTP/1.1" 200 2132 "-" "Mozilla/5.0 (Macintosh; Intel Mac OS X 10_15_7) AppleWebKit/605.1.15 (KHTML, like Gecko) Version/17.4 Safari/605.1.15 (Applebot/0.1; +http://www.apple.com/go/applebot)"
17.241.227.129 - - [20/Jan/2025:00:50:41 -0500] "GET /public/space/3-bedroom-luxurious-apartment?lokasie=/usr/lib64/libksba.so.8&loknya=/usr/lib64 HTTP/1.1" 200 1959 "-" "Mozilla/5.0 (Macintosh; Intel Mac OS X 10_15_7) AppleWebKit/605.1.15 (KHTML, like Gecko) Version/17.4 Safari/605.1.15 (Applebot/0.1; +http://www.apple.com/go/applebot)"
54.38.85.17 - - [20/Jan/2025:00:50:43 -0500] "GET /public/tour/easter-in-la-campagne-tropicana-205k?lokasie=/home/wavevlvu/lscache/7/4/3/743d16376219a7b4&loknya=/home/wavevlvu/lscache/7/4/3 HTTP/1.1" 200 1771 "-" "Mozilla/5.0 (compatible; MJ12bot/v1.4.8; http://mj12bot.com/)"
17.241.75.247 - - [20/Jan/2025:00:50:44 -0500] "GET /public/profile/book24admin/services?lokasie=/usr/bin/nroff&loknya=/usr/bin HTTP/1.1" 200 3588 "-" "Mozilla/5.0 (Macintosh; Intel Mac OS X 10_15_7) AppleWebKit/605.1.15 (KHTML, like Gecko) Version/17.4 Safari/605.1.15 (Applebot/0.1; +http://www.apple.com/go/applebot)"
17.241.227.138 - - [20/Jan/2025:00:50:45 -0500] "GET /public/space/3-bedroom-luxurious-apartment?loknya=/lib64/galera-4 HTTP/1.1" 200 2462 "-" "Mozilla/5.0 (Macintosh; Intel Mac OS X 10_15_7) AppleWebKit/605.1.15 (KHTML, like Gecko) Version/17.4 Safari/605.1.15 (Applebot/0.1; +http://www.apple.com/go/applebot)"
54.38.85.17 - - [20/Jan/2025:00:50:47 -0500] "GET /public/tour/easter-in-la-campagne-tropicana-205k?lokasie=/home/wavevlvu/lscache/7/4/3/743d76bac5f5b583&loknya=/home/wavevlvu/lscache/7/4/3 HTTP/1.1" 200 1502 "-" "Mozilla/5.0 (compatible; MJ12bot/v1.4.8; http://mj12bot.com/)"
17.241.75.101 - - [20/Jan/2025:00:50:47 -0500] "GET /public/space/miniflat-shortlet-in-lekki-phase-1?lokasie=/lib64/libmcpp.so.0&loknya=/lib64 HTTP/1.1" 200 1947 "-" "Mozilla/5.0 (Macintosh; Intel Mac OS X 10_15_7) AppleWebKit/605.1.15 (KHTML, like Gecko) Version/17.4 Safari/605.1.15 (Applebot/0.1; +http://www.apple.com/go/applebot)"
17.241.227.138 - - [20/Jan/2025:00:50:48 -0500] "GET /public/boat/25-seater-boat-120khr?lokasie=/lib64//libmetalink.so.3&loknya=/lib64/ HTTP/1.1" 200 1952 "-" "Mozilla/5.0 (Macintosh; Intel Mac OS X 10_15_7) AppleWebKit/605.1.15 (KHTML, like Gecko) Version/17.4 Safari/605.1.15 (Applebot/0.1; +http://www.apple.com/go/applebot)"
17.241.75.101 - - [20/Jan/2025:00:50:50 -0500] "GET /public/profile/book24admin/services?lokasie=/usr/include/gnu/lib-names-64.h&loknya=/usr/include/gnu HTTP/1.1" 200 2518 "-" "Mozilla/5.0 (Macintosh; Intel Mac OS X 10_15_7) AppleWebKit/605.1.15 (KHTML, like Gecko) Version/17.4 Safari/605.1.15 (Applebot/0.1; +http://www.apple.com/go/applebot)"
54.38.85.17 - - [20/Jan/2025:00:50:50 -0500] "GET /public/tour/easter-in-la-campagne-tropicana-205k?lokasie=/home/wavevlvu/lscache/7/4/3/743e83e2d8a6317c&loknya=/home/wavevlvu/lscache/7/4/3 HTTP/1.1" 200 1771 "-" "Mozilla/5.0 (compatible; MJ12bot/v1.4.8; http://mj12bot.com/)"
17.241.219.196 - - [20/Jan/2025:00:50:51 -0500] "GET /public/profile/55?lokasie=/home/wavevlvu/book24.ng/storage/framework/sessions/MqJ7w45IgsOPkXwwu78DsxwWvcCJeKiB2CgmnDe9&loknya=/home/wavevlvu/book24.ng/storage/framework/sessions HTTP/1.1" 200 2049 "-" "Mozilla/5.0 (Macintosh; Intel Mac OS X 10_15_7) AppleWebKit/605.1.15 (KHTML, like Gecko) Version/17.4 Safari/605.1.15 (Applebot/0.1; +http://www.apple.com/go/applebot)"
17.241.75.101 - - [20/Jan/2025:00:50:53 -0500] "GET /public/boat/25-seater-boat-120khr?lokasie=/lib64/python3.8/rlcompleter.py&loknya=/lib64/python3.8 HTTP/1.1" 200 4734 "-" "Mozilla/5.0 (Macintosh; Intel Mac OS X 10_15_7) AppleWebKit/605.1.15 (KHTML, like Gecko) Version/17.4 Safari/605.1.15 (Applebot/0.1; +http://www.apple.com/go/applebot)"
66.249.79.202 - - [20/Jan/2025:00:50:56 -0500] "GET /?_gl=1*1ix4f11*_gcl_au*MTYxMTI1OTI3MS4xNzIxODg2NjU0*_ga*ODYyMzk4MzA3LjE2OTk0NTM1Nzg.*_ga_7H42SVMQ0V*MTcyMTg4NjY1NS4xMjEuMS4xNzIxODg2NjY5LjQ2LjAuMA..&_ga=2.198040047.1958808748.1721886654-862398307.1699453578&_bdsid=2ulvIJ.n~ZXCIW.1721886656070.1721886848&_bd_prev_page=https://www.book24.ng/detail.php?epdfl/m1794378.html HTTP/1.1" 200 76912 "-" "Mozilla/5.0 (Linux; Android 6.0.1; Nexus 5X Build/MMB29P) AppleWebKit/537.36 (KHTML, like Gecko) Chrome/132.0.6834.83 Mobile Safari/537.36 (compatible; GoogleOther)"
54.38.85.17 - - [20/Jan/2025:00:50:54 -0500] "GET /public/tour/easter-in-la-campagne-tropicana-205k?lokasie=/home/wavevlvu/lscache/7/4/3/743eaa0f7cf15d4c&loknya=/home/wavevlvu/lscache/7/4/3 HTTP/1.1" 200 1770 "-" "Mozilla/5.0 (compatible; MJ12bot/v1.4.8; http://mj12bot.com/)"
17.241.227.133 - - [20/Jan/2025:00:50:55 -0500] "GET /public/space/wp/index.php?lokasie=/lib64/libndp.so.0.1.1&loknya=/lib64 HTTP/1.1" 200 1949 "-" "Mozilla/5.0 (Macintosh; Intel Mac OS X 10_15_7) AppleWebKit/605.1.15 (KHTML, like Gecko) Version/17.4 Safari/605.1.15 (Applebot/0.1; +http://www.apple.com/go/applebot)"
17.241.75.17 - - [20/Jan/2025:00:50:57 -0500] "GET /public/boat/25-seater-boat-120khr?lokasie=/lib64/perl5/CORE/perlio.h&loknya=/lib64/perl5/CORE HTTP/1.1" 200 4978 "-" "Mozilla/5.0 (Macintosh; Intel Mac OS X 10_15_7) AppleWebKit/605.1.15 (KHTML, like Gecko) Version/17.4 Safari/605.1.15 (Applebot/0.1; +http://www.apple.com/go/applebot)"
17.241.227.133 - - [20/Jan/2025:00:50:58 -0500] "GET /public/profile/60/services?lokasie=/home/wavevlvu/book24.ng/public/libs/ace/src-min-noconflict/mode-fortran.js&loknya=/home/wavevlvu/book24.ng/public/libs/ace/src-min-noconflict HTTP/1.1" 200 6105 "-" "Mozilla/5.0 (Macintosh; Intel Mac OS X 10_15_7) AppleWebKit/605.1.15 (KHTML, like Gecko) Version/17.4 Safari/605.1.15 (Applebot/0.1; +http://www.apple.com/go/applebot)"
54.38.85.17 - - [20/Jan/2025:00:50:58 -0500] "GET /public/tour/easter-in-la-campagne-tropicana-205k?lokasie=/home/wavevlvu/lscache/7/4/3/743eb325bcab7ad6&loknya=/home/wavevlvu/lscache/7/4/3 HTTP/1.1" 200 1771 "-" "Mozilla/5.0 (compatible; MJ12bot/v1.4.8; http://mj12bot.com/)"
17.241.227.133 - - [20/Jan/2025:00:51:00 -0500] "GET /public/profile/kimmelapartments/services?lokasie=/home/wavevlvu/diixadigital.com/wp-signup.php&loknya=/home/wavevlvu/diixadigital.com HTTP/1.1" 200 12394 "-" "Mozilla/5.0 (Macintosh; Intel Mac OS X 10_15_7) AppleWebKit/605.1.15 (KHTML, like Gecko) Version/17.4 Safari/605.1.15 (Applebot/0.1; +http://www.apple.com/go/applebot)"
17.241.227.233 - - [20/Jan/2025:00:51:01 -0500] "GET /public/hotel/maison-fahrenheit?lokasie=/lib64/libibverbs.so.1.14.48.0&loknya=/lib64 HTTP/1.1" 200 1954 "-" "Mozilla/5.0 (Macintosh; Intel Mac OS X 10_15_7) AppleWebKit/605.1.15 (KHTML, like Gecko) Version/17.4 Safari/605.1.15 (Applebot/0.1; +http://www.apple.com/go/applebot)"
54.38.85.17 - - [20/Jan/2025:00:51:03 -0500] "GET /public/tour/easter-in-la-campagne-tropicana-205k?lokasie=/home/wavevlvu/lscache/7/4/3/743f686761fb9c08&loknya=/home/wavevlvu/lscache/7/4/3 HTTP/1.1" 200 1771 "-" "Mozilla/5.0 (compatible; MJ12bot/v1.4.8; http://mj12bot.com/)"
17.241.227.233 - - [20/Jan/2025:00:51:04 -0500] "GET /public/space/3-bedroom-luxurious-apartment?lokasie=/lib64/libbrotlicommon.so.1&loknya=/lib64 HTTP/1.1" 200 1950 "-" "Mozilla/5.0 (Macintosh; Intel Mac OS X 10_15_7) AppleWebKit/605.1.15 (KHTML, like Gecko) Version/17.4 Safari/605.1.15 (Applebot/0.1; +http://www.apple.com/go/applebot)"
17.241.227.174 - - [20/Jan/2025:00:51:05 -0500] "GET /public/profile/55/services?loknya=/var/softaculous/phpwcms HTTP/1.1" 200 3730 "-" "Mozilla/5.0 (Macintosh; Intel Mac OS X 10_15_7) AppleWebKit/605.1.15 (KHTML, like Gecko) Version/17.4 Safari/605.1.15 (Applebot/0.1; +http://www.apple.com/go/applebot)"
52.167.144.166 - - [20/Jan/2025:00:51:09 -0500] "GET /?ujfks/x111409.html HTTP/1.1" 200 76896 "-" "Mozilla/5.0 AppleWebKit/537.36 (KHTML, like Gecko; compatible; bingbot/2.0; +http://www.bing.com/bingbot.htm) Chrome/116.0.1938.76 Safari/537.36"
54.38.85.17 - - [20/Jan/2025:00:51:07 -0500] "GET /public/tour/easter-in-la-campagne-tropicana-205k?lokasie=/home/wavevlvu/lscache/7/4/3/743f9c980d9c4c79&loknya=/home/wavevlvu/lscache/7/4/3 HTTP/1.1" 200 1772 "-" "Mozilla/5.0 (compatible; MJ12bot/v1.4.8; http://mj12bot.com/)"
17.241.227.167 - - [20/Jan/2025:00:51:07 -0500] "GET /public/profile/60/services?lokasie=/home/wavevlvu/misswavenigeria.com/wp-includes/images/media/audio.png&loknya=/home/wavevlvu/misswavenigeria.com/wp-includes/images/media HTTP/1.1" 200 2024 "-" "Mozilla/5.0 (Macintosh; Intel Mac OS X 10_15_7) AppleWebKit/605.1.15 (KHTML, like Gecko) Version/17.4 Safari/605.1.15 (Applebot/0.1; +http://www.apple.com/go/applebot)"
17.241.219.49 - - [20/Jan/2025:00:51:09 -0500] "GET /public/profile/55?loknya=/lib64/libpoco-plesk-1.9.0 HTTP/1.1" 200 2727 "-" "Mozilla/5.0 (Macintosh; Intel Mac OS X 10_15_7) AppleWebKit/605.1.15 (KHTML, like Gecko) Version/17.4 Safari/605.1.15 (Applebot/0.1; +http://www.apple.com/go/applebot)"
17.241.227.167 - - [20/Jan/2025:00:51:10 -0500] "GET /public/profile/60?lokasie=/usr/lib64//libXv.so.1&loknya=/usr/lib64/ HTTP/1.1" 200 1960 "-" "Mozilla/5.0 (Macintosh; Intel Mac OS X 10_15_7) AppleWebKit/605.1.15 (KHTML, like Gecko) Version/17.4 Safari/605.1.15 (Applebot/0.1; +http://www.apple.com/go/applebot)"
54.38.85.17 - - [20/Jan/2025:00:51:11 -0500] "GET /public/tour/easter-in-la-campagne-tropicana-205k?lokasie=/home/wavevlvu/lscache/7/4/3/743fcaced3063e83&loknya=/home/wavevlvu/lscache/7/4/3 HTTP/1.1" 200 1770 "-" "Mozilla/5.0 (compatible; MJ12bot/v1.4.8; http://mj12bot.com/)"
17.241.219.49 - - [20/Jan/2025:00:51:12 -0500] "GET /public/profile/book24/reviews?lokasie=%2Fhome%2Fwavevlvu%2Fbook24.ng%2Fpublic%2Ficon%2F003-zip.png&loknya=%2Fhome%2Fwavevlvu%2Fbook24.ng%2Fpublic%2Ficon&page=2 HTTP/1.1" 200 1997 "-" "Mozilla/5.0 (Macintosh; Intel Mac OS X 10_15_7) AppleWebKit/605.1.15 (KHTML, like Gecko) Version/17.4 Safari/605.1.15 (Applebot/0.1; +http://www.apple.com/go/applebot)"
52.167.144.186 - - [20/Jan/2025:00:51:16 -0500] "GET /?mvsud/z2734083.html HTTP/1.1" 200 76896 "-" "Mozilla/5.0 AppleWebKit/537.36 (KHTML, like Gecko; compatible; bingbot/2.0; +http://www.bing.com/bingbot.htm) Chrome/116.0.1938.76 Safari/537.36"
17.241.227.113 - - [20/Jan/2025:00:51:14 -0500] "GET /public/profile/55?lokasie=/home/wavevlvu/book24.ng/storage/framework/sessions/Sg28acsKHL0pv7ksW9nXOq1vXCsigeDqSH96SAfa&loknya=/home/wavevlvu/book24.ng/storage/framework/sessions HTTP/1.1" 200 2052 "-" "Mozilla/5.0 (Macintosh; Intel Mac OS X 10_15_7) AppleWebKit/605.1.15 (KHTML, like Gecko) Version/17.4 Safari/605.1.15 (Applebot/0.1; +http://www.apple.com/go/applebot)"
17.241.75.98 - - [20/Jan/2025:00:51:15 -0500] "GET /public/profile/book24/services?loknya=/usr/include/protobuf-c HTTP/1.1" 200 2475 "-" "Mozilla/5.0 (Macintosh; Intel Mac OS X 10_15_7) AppleWebKit/605.1.15 (KHTML, like Gecko) Version/17.4 Safari/605.1.15 (Applebot/0.1; +http://www.apple.com/go/applebot)"
54.38.85.17 - - [20/Jan/2025:00:51:15 -0500] "GET /public/tour/easter-in-la-campagne-tropicana-205k?lokasie=/home/wavevlvu/lscache/7/4/4/7441369cf9c43083&loknya=/home/wavevlvu/lscache/7/4/4 HTTP/1.1" 200 1768 "-" "Mozilla/5.0 (compatible; MJ12bot/v1.4.8; http://mj12bot.com/)"
17.241.219.239 - - [20/Jan/2025:00:51:18 -0500] "GET /public/boat/25-seater-luxury-yacht-250khr?lokasie=/bin/word-list-compress&loknya=/bin HTTP/1.1" 200 1948 "-" "Mozilla/5.0 (Macintosh; Intel Mac OS X 10_15_7) AppleWebKit/605.1.15 (KHTML, like Gecko) Version/17.4 Safari/605.1.15 (Applebot/0.1; +http://www.apple.com/go/applebot)"
17.241.75.98 - - [20/Jan/2025:00:51:18 -0500] "GET /public/profile/55?lokasie=/sbin/sendmail&loknya=/sbin HTTP/1.1" 200 2480 "-" "Mozilla/5.0 (Macintosh; Intel Mac OS X 10_15_7) AppleWebKit/605.1.15 (KHTML, like Gecko) Version/17.4 Safari/605.1.15 (Applebot/0.1; +http://www.apple.com/go/applebot)"
54.38.85.17 - - [20/Jan/2025:00:51:20 -0500] "GET /public/tour/easter-in-la-campagne-tropicana-205k?lokasie=/home/wavevlvu/lscache/7/4/4/744193e078e2c3c4&loknya=/home/wavevlvu/lscache/7/4/4 HTTP/1.1" 200 1767 "-" "Mozilla/5.0 (compatible; MJ12bot/v1.4.8; http://mj12bot.com/)"
17.241.75.98 - - [20/Jan/2025:00:51:21 -0500] "GET /public/hotel/maison-fahrenheit?loknya=/lib64/NetworkManager HTTP/1.1" 200 2425 "-" "Mozilla/5.0 (Macintosh; Intel Mac OS X 10_15_7) AppleWebKit/605.1.15 (KHTML, like Gecko) Version/17.4 Safari/605.1.15 (Applebot/0.1; +http://www.apple.com/go/applebot)"
54.38.85.17 - - [20/Jan/2025:00:51:24 -0500] "GET /public/tour/easter-in-la-campagne-tropicana-205k?lokasie=/home/wavevlvu/lscache/7/4/4/744203912ef36137&loknya=/home/wavevlvu/lscache/7/4/4 HTTP/1.1" 200 1767 "-" "Mozilla/5.0 (compatible; MJ12bot/v1.4.8; http://mj12bot.com/)"
17.241.227.212 - - [20/Jan/2025:00:51:25 -0500] "GET /public/space/xx/index.php?loknya=/home/wavevlvu/book24.ng/public/libs/spectrum/ HTTP/1.1" 200 2715 "-" "Mozilla/5.0 (Macintosh; Intel Mac OS X 10_15_7) AppleWebKit/605.1.15 (KHTML, like Gecko) Version/17.4 Safari/605.1.15 (Applebot/0.1; +http://www.apple.com/go/applebot)"
17.241.227.212 - - [20/Jan/2025:00:51:28 -0500] "GET /public/profile/55?lokasie=/var/softaculous/wp62/_wp-config.php&loknya=/var/softaculous/wp62 HTTP/1.1" 200 3374 "-" "Mozilla/5.0 (Macintosh; Intel Mac OS X 10_15_7) AppleWebKit/605.1.15 (KHTML, like Gecko) Version/17.4 Safari/605.1.15 (Applebot/0.1; +http://www.apple.com/go/applebot)"
54.38.85.17 - - [20/Jan/2025:00:51:28 -0500] "GET /public/tour/easter-in-la-campagne-tropicana-205k?lokasie=/home/wavevlvu/lscache/7/4/4/744243e5c8ff30a4&loknya=/home/wavevlvu/lscache/7/4/4 HTTP/1.1" 200 1767 "-" "Mozilla/5.0 (compatible; MJ12bot/v1.4.8; http://mj12bot.com/)"
17.241.75.185 - - [20/Jan/2025:00:51:32 -0500] "GET /public/profile/60?lokasie=/usr/lib64/python3.8/imghdr.py&loknya=/usr/lib64/python3.8 HTTP/1.1" 200 3314 "-" "Mozilla/5.0 (Macintosh; Intel Mac OS X 10_15_7) AppleWebKit/605.1.15 (KHTML, like Gecko) Version/17.4 Safari/605.1.15 (Applebot/0.1; +http://www.apple.com/go/applebot)"
54.38.85.17 - - [20/Jan/2025:00:51:32 -0500] "GET /public/tour/easter-in-la-campagne-tropicana-205k?lokasie=/home/wavevlvu/lscache/7/4/4/7442acb6aaaf967c&loknya=/home/wavevlvu/lscache/7/4/4 HTTP/1.1" 200 1767 "-" "Mozilla/5.0 (compatible; MJ12bot/v1.4.8; http://mj12bot.com/)"
17.241.75.185 - - [20/Jan/2025:00:51:35 -0500] "GET /public/hotel/legend-hotel-lagos-airport-curio-collection-by-hilton?lokasie=/usr/bin/logname&loknya=/usr/bin HTTP/1.1" 200 1954 "-" "Mozilla/5.0 (Macintosh; Intel Mac OS X 10_15_7) AppleWebKit/605.1.15 (KHTML, like Gecko) Version/17.4 Safari/605.1.15 (Applebot/0.1; +http://www.apple.com/go/applebot)"
54.38.85.17 - - [20/Jan/2025:00:51:37 -0500] "GET /public/tour/easter-in-la-campagne-tropicana-205k?lokasie=/home/wavevlvu/lscache/7/4/4/74432ed16390b417&loknya=/home/wavevlvu/lscache/7/4/4 HTTP/1.1" 200 1767 "-" "Mozilla/5.0 (compatible; MJ12bot/v1.4.8; http://mj12bot.com/)"
17.241.75.185 - - [20/Jan/2025:00:51:38 -0500] "GET /public/hotel/legend-hotel-lagos-airport-curio-collection-by-hilton?lokasie=/usr/libexec/git-core/git-submodule--helper&loknya=/usr/libexec/git-core HTTP/1.1" 200 1981 "-" "Mozilla/5.0 (Macintosh; Intel Mac OS X 10_15_7) AppleWebKit/605.1.15 (KHTML, like Gecko) Version/17.4 Safari/605.1.15 (Applebot/0.1; +http://www.apple.com/go/applebot)"
114.119.136.76 - - [20/Jan/2025:00:51:43 -0500] "GET /vendor/symfony/mime/?SA HTTP/1.1" 200 1913 "https://www.book24.ng/vendor/symfony/mime/?NA" "Mozilla/5.0 (Linux; Android 7.0;) AppleWebKit/537.36 (KHTML, like Gecko) Mobile Safari/537.36 (compatible; PetalBot;+https://webmaster.petalsearch.com/site/petalbot)"
54.38.85.17 - - [20/Jan/2025:00:51:41 -0500] "GET /public/tour/easter-in-la-campagne-tropicana-205k?lokasie=/home/wavevlvu/lscache/7/4/4/74443e6de2e006df&loknya=/home/wavevlvu/lscache/7/4/4 HTTP/1.1" 200 1766 "-" "Mozilla/5.0 (compatible; MJ12bot/v1.4.8; http://mj12bot.com/)"
3.144.254.149 - - [20/Jan/2025:00:51:42 -0500] "GET /public/index.php/space/westwing?lokasie=%2Flib64%2F%2Flibapr-1.so.0&loknya=%2Flib64%2F HTTP/1.1" 200 1728 "-" "Mozilla/5.0 AppleWebKit/537.36 (KHTML, like Gecko; compatible; ClaudeBot/1.0; +claudebot@anthropic.com)"
17.241.75.36 - - [20/Jan/2025:00:51:42 -0500] "GET /public/tour/experience-badagry-tour?lokasie=/home/wavevlvu/book24.ng/public/storage/framework/views/f48da6c3509591b63b48b95b45896aa4d8cd0b51.php&loknya=/home/wavevlvu/book24.ng/public/storage/framework/views HTTP/1.1" 200 4211 "-" "Mozilla/5.0 (Macintosh; Intel Mac OS X 10_15_7) AppleWebKit/605.1.15 (KHTML, like Gecko) Version/17.4 Safari/605.1.15 (Applebot/0.1; +http://www.apple.com/go/applebot)"
17.241.75.36 - - [20/Jan/2025:00:51:45 -0500] "GET /public/boat/25-seater-boat-120khr?lokasie=/lib/rpm/platform/armv6hl-linux/macros&loknya=/lib/rpm/platform/armv6hl-linux HTTP/1.1" 200 3205 "-" "Mozilla/5.0 (Macintosh; Intel Mac OS X 10_15_7) AppleWebKit/605.1.15 (KHTML, like Gecko) Version/17.4 Safari/605.1.15 (Applebot/0.1; +http://www.apple.com/go/applebot)"
54.38.85.17 - - [20/Jan/2025:00:51:45 -0500] "GET /public/tour/easter-in-la-campagne-tropicana-205k?lokasie=/home/wavevlvu/lscache/7/4/4/74469f10ddc1c969&loknya=/home/wavevlvu/lscache/7/4/4 HTTP/1.1" 200 1768 "-" "Mozilla/5.0 (compatible; MJ12bot/v1.4.8; http://mj12bot.com/)"
18.191.238.6 - - [20/Jan/2025:00:51:48 -0500] "GET /public/index.php/space/westwing?loknya=%2Fvar%2Fsoftaculous%2Fseo%2Fphp81 HTTP/1.1" 200 2308 "-" "Mozilla/5.0 AppleWebKit/537.36 (KHTML, like Gecko; compatible; ClaudeBot/1.0; +claudebot@anthropic.com)"
18.191.238.6 - - [20/Jan/2025:00:51:48 -0500] "GET /public/index.php/tour/couple-romantic-weekend-getaway-250kcouple?lokasie=%2Fproc%2Fthread-self%2Froot%2Fhome%2Fwavevlvu%2Ftacafoundation.org%2Fsacbradescolivelo%2Fimages%2F004-m.png&loknya=%2Fproc%2Fthread-self%2Froot%2Fhome%2Fwavevlvu%2Ftacafoundation.org%2Fsacbradescolivelo%2Fimages HTTP/1.1" 200 1821 "-" "Mozilla/5.0 AppleWebKit/537.36 (KHTML, like Gecko; compatible; ClaudeBot/1.0; +claudebot@anthropic.com)"
18.191.238.6 - - [20/Jan/2025:00:51:48 -0500] "GET /public/index.php/tour/couple-romantic-weekend-getaway-250kcouple?lokasie=%2Fproc%2Fthread-self%2Froot%2Fhome%2Fwavevlvu%2Ftacafoundation.org%2Fsacbradescolivelo%2Fimages%2Ffavicon.ico&loknya=%2Fproc%2Fthread-self%2Froot%2Fhome%2Fwavevlvu%2Ftacafoundation.org%2Fsacbradescolivelo%2Fimages HTTP/1.1" 200 1816 "-" "Mozilla/5.0 AppleWebKit/537.36 (KHTML, like Gecko; compatible; ClaudeBot/1.0; +claudebot@anthropic.com)"
17.241.219.34 - - [20/Jan/2025:00:51:49 -0500] "GET /public/profile/60/services?lokasie=/home/wavevlvu/book24.ng//artisan&loknya=/home/wavevlvu/book24.ng/ HTTP/1.1" 200 2701 "-" "Mozilla/5.0 (Macintosh; Intel Mac OS X 10_15_7) AppleWebKit/605.1.15 (KHTML, like Gecko) Version/17.4 Safari/605.1.15 (Applebot/0.1; +http://www.apple.com/go/applebot)"
54.38.85.17 - - [20/Jan/2025:00:51:50 -0500] "GET /public/tour/easter-in-la-campagne-tropicana-205k?lokasie=/home/wavevlvu/lscache/7/4/4/7446a3b60f0b9138&loknya=/home/wavevlvu/lscache/7/4/4 HTTP/1.1" 200 1768 "-" "Mozilla/5.0 (compatible; MJ12bot/v1.4.8; http://mj12bot.com/)"
17.241.219.171 - - [20/Jan/2025:00:51:52 -0500] "GET /public/event/cannabis-live-global-summit-nigeria?loknya=/lib64/dovecot/ HTTP/1.1" 200 5239 "-" "Mozilla/5.0 (Macintosh; Intel Mac OS X 10_15_7) AppleWebKit/605.1.15 (KHTML, like Gecko) Version/17.4 Safari/605.1.15 (Applebot/0.1; +http://www.apple.com/go/applebot)"
54.38.85.17 - - [20/Jan/2025:00:51:54 -0500] "GET /public/tour/easter-in-la-campagne-tropicana-205k?lokasie=/home/wavevlvu/lscache/7/4/4/7446ac092a9850d9&loknya=/home/wavevlvu/lscache/7/4/4 HTTP/1.1" 200 1768 "-" "Mozilla/5.0 (compatible; MJ12bot/v1.4.8; http://mj12bot.com/)"
17.241.227.75 - - [20/Jan/2025:00:51:56 -0500] "GET /public/profile/60/services?lokasie=/home/wavevlvu/blog.diixadigital.com/wp-includes/query.php&loknya=/home/wavevlvu/blog.diixadigital.com/wp-includes HTTP/1.1" 200 8054 "-" "Mozilla/5.0 (Macintosh; Intel Mac OS X 10_15_7) AppleWebKit/605.1.15 (KHTML, like Gecko) Version/17.4 Safari/605.1.15 (Applebot/0.1; +http://www.apple.com/go/applebot)"
54.38.85.17 - - [20/Jan/2025:00:51:58 -0500] "GET /public/tour/easter-in-la-campagne-tropicana-205k?lokasie=/home/wavevlvu/lscache/7/4/4/744818cdd5b361b6&loknya=/home/wavevlvu/lscache/7/4/4 HTTP/1.1" 200 1767 "-" "Mozilla/5.0 (compatible; MJ12bot/v1.4.8; http://mj12bot.com/)"
17.241.227.75 - - [20/Jan/2025:00:51:59 -0500] "GET /public/boat/25-seater-boat-120khr?lokasie=/lib64/gconv/IBM9030.so&loknya=/lib64/gconv HTTP/1.1" 200 1964 "-" "Mozilla/5.0 (Macintosh; Intel Mac OS X 10_15_7) AppleWebKit/605.1.15 (KHTML, like Gecko) Version/17.4 Safari/605.1.15 (Applebot/0.1; +http://www.apple.com/go/applebot)"
54.38.85.17 - - [20/Jan/2025:00:52:03 -0500] "GET /public/tour/easter-in-la-campagne-tropicana-205k?lokasie=/home/wavevlvu/lscache/7/4/4/7448254b415680dc&loknya=/home/wavevlvu/lscache/7/4/4 HTTP/1.1" 200 1767 "-" "Mozilla/5.0 (compatible; MJ12bot/v1.4.8; http://mj12bot.com/)"
54.38.85.17 - - [20/Jan/2025:00:52:08 -0500] "GET /public/tour/easter-in-la-campagne-tropicana-205k?lokasie=/home/wavevlvu/lscache/7/4/4/74484cff19058ed6&loknya=/home/wavevlvu/lscache/7/4/4 HTTP/1.1" 200 1767 "-" "Mozilla/5.0 (compatible; MJ12bot/v1.4.8; http://mj12bot.com/)"
54.38.85.17 - - [20/Jan/2025:00:52:13 -0500] "GET /public/tour/easter-in-la-campagne-tropicana-205k?lokasie=/home/wavevlvu/lscache/7/4/4/744878378e3da804&loknya=/home/wavevlvu/lscache/7/4/4 HTTP/1.1" 200 1767 "-" "Mozilla/5.0 (compatible; MJ12bot/v1.4.8; http://mj12bot.com/)"
54.38.85.17 - - [20/Jan/2025:00:52:17 -0500] "GET /public/tour/easter-in-la-campagne-tropicana-205k?lokasie=/home/wavevlvu/lscache/7/4/4/744901860ab3ecbc&loknya=/home/wavevlvu/lscache/7/4/4 HTTP/1.1" 200 1767 "-" "Mozilla/5.0 (compatible; MJ12bot/v1.4.8; http://mj12bot.com/)"
54.38.85.17 - - [20/Jan/2025:00:52:22 -0500] "GET /public/tour/easter-in-la-campagne-tropicana-205k?lokasie=/home/wavevlvu/lscache/7/4/4/74497a49041b38b9&loknya=/home/wavevlvu/lscache/7/4/4 HTTP/1.1" 200 1768 "-" "Mozilla/5.0 (compatible; MJ12bot/v1.4.8; http://mj12bot.com/)"
54.38.85.17 - - [20/Jan/2025:00:52:27 -0500] "GET /public/tour/easter-in-la-campagne-tropicana-205k?lokasie=/home/wavevlvu/lscache/7/4/4/744a6d35fcf6938a&loknya=/home/wavevlvu/lscache/7/4/4 HTTP/1.1" 200 1767 "-" "Mozilla/5.0 (compatible; MJ12bot/v1.4.8; http://mj12bot.com/)"
54.38.85.17 - - [20/Jan/2025:00:52:31 -0500] "GET /public/tour/easter-in-la-campagne-tropicana-205k?lokasie=/home/wavevlvu/lscache/7/4/4/744ab190a13e1219&loknya=/home/wavevlvu/lscache/7/4/4 HTTP/1.1" 200 1767 "-" "Mozilla/5.0 (compatible; MJ12bot/v1.4.8; http://mj12bot.com/)"
54.38.85.17 - - [20/Jan/2025:00:52:36 -0500] "GET /public/tour/easter-in-la-campagne-tropicana-205k?lokasie=/home/wavevlvu/lscache/7/4/4/744b356a912897ac&loknya=/home/wavevlvu/lscache/7/4/4 HTTP/1.1" 200 1768 "-" "Mozilla/5.0 (compatible; MJ12bot/v1.4.8; http://mj12bot.com/)"
47.128.28.155 - - [20/Jan/2025:00:52:40 -0500] "GET /public/user/chat?loknya=%2Fhome%2Fwavevlvu%2Fcynthiaadediran.com%2Fabout HTTP/1.1" 200 2200 "-" "Mozilla/5.0 (Linux; Android 5.0) AppleWebKit/537.36 (KHTML, like Gecko) Mobile Safari/537.36 (compatible; Bytespider; spider-feedback@bytedance.com)"
54.38.85.17 - - [20/Jan/2025:00:52:40 -0500] "GET /public/tour/easter-in-la-campagne-tropicana-205k?lokasie=/home/wavevlvu/lscache/7/4/4/744b4053ab97ca90&loknya=/home/wavevlvu/lscache/7/4/4 HTTP/1.1" 200 1768 "-" "Mozilla/5.0 (compatible; MJ12bot/v1.4.8; http://mj12bot.com/)"
13.58.147.19 - - [20/Jan/2025:00:52:42 -0500] "GET /public/index.php/space/westwing?lokasie=%2Flib%2Fgrub%2Fi386-pc%2Fplay.mod&loknya=%2Flib%2Fgrub%2Fi386-pc HTTP/1.1" 200 1743 "-" "Mozilla/5.0 AppleWebKit/537.36 (KHTML, like Gecko; compatible; ClaudeBot/1.0; +claudebot@anthropic.com)"
13.58.147.19 - - [20/Jan/2025:00:52:42 -0500] "GET /public/index.php/space/westwing?loknya=%2Fvar%2Fsoftaculous%2Fe107%2Fphp82 HTTP/1.1" 200 2343 "-" "Mozilla/5.0 AppleWebKit/537.36 (KHTML, like Gecko; compatible; ClaudeBot/1.0; +claudebot@anthropic.com)"
13.58.147.19 - - [20/Jan/2025:00:52:43 -0500] "GET /public/hotel/247-luxury-hotel?lokasie=%2Flib%2Fnode_modules%2Fnpm%2Fman%2Fman3p%2Ffstat.3p.gz&loknya=%2Flib%2Fnode_modules%2Fnpm%2Fman%2Fman3p HTTP/1.1" 200 1772 "-" "Mozilla/5.0 AppleWebKit/537.36 (KHTML, like Gecko; compatible; ClaudeBot/1.0; +claudebot@anthropic.com)"
13.58.147.19 - - [20/Jan/2025:00:52:43 -0500] "GET /public/hotel/247-luxury-hotel?lokasie=%2Flib%2Fnode_modules%2Fnpm%2Fman%2Fman3%2Fcap_init.3.gz&loknya=%2Flib%2Fnode_modules%2Fnpm%2Fman%2Fman3 HTTP/1.1" 200 1770 "-" "Mozilla/5.0 AppleWebKit/537.36 (KHTML, like Gecko; compatible; ClaudeBot/1.0; +claudebot@anthropic.com)"
13.58.147.19 - - [20/Jan/2025:00:52:42 -0500] "GET /public/index.php/space/westwing?lokasie=%2Fvar%2Fsoftaculous%2Fwp54%2Fimport.php&loknya=%2Fvar%2Fsoftaculous%2Fwp54 HTTP/1.1" 200 6602 "-" "Mozilla/5.0 AppleWebKit/537.36 (KHTML, like Gecko; compatible; ClaudeBot/1.0; +claudebot@anthropic.com)"
54.38.85.17 - - [20/Jan/2025:00:52:45 -0500] "GET /public/tour/easter-in-la-campagne-tropicana-205k?lokasie=/home/wavevlvu/lscache/7/4/4/744bbb1d6a779070&loknya=/home/wavevlvu/lscache/7/4/4 HTTP/1.1" 200 1767 "-" "Mozilla/5.0 (compatible; MJ12bot/v1.4.8; http://mj12bot.com/)"
13.58.147.19 - - [20/Jan/2025:00:52:45 -0500] "GET /public/hotel/247-luxury-hotel?lokasie=%2Flib%2Fnode_modules%2Fnpm%2Fman%2Fman3%2Fcopysignl.3.gz&loknya=%2Flib%2Fnode_modules%2Fnpm%2Fman%2Fman3 HTTP/1.1" 200 1771 "-" "Mozilla/5.0 AppleWebKit/537.36 (KHTML, like Gecko; compatible; ClaudeBot/1.0; +claudebot@anthropic.com)"
13.58.147.19 - - [20/Jan/2025:00:52:46 -0500] "GET /public/hotel/247-luxury-hotel?lokasie=%2Flib%2Fnode_modules%2Fnpm%2Fman%2Fman3p%2Fdlopen.3p.gz&loknya=%2Flib%2Fnode_modules%2Fnpm%2Fman%2Fman3p HTTP/1.1" 200 1773 "-" "Mozilla/5.0 AppleWebKit/537.36 (KHTML, like Gecko; compatible; ClaudeBot/1.0; +claudebot@anthropic.com)"
13.58.147.19 - - [20/Jan/2025:00:52:46 -0500] "GET /public/hotel/247-luxury-hotel?lokasie=%2Flib%2Fnode_modules%2Fnpm%2Fman%2Fman3%2FXAllocColor.3.gz&loknya=%2Flib%2Fnode_modules%2Fnpm%2Fman%2Fman3 HTTP/1.1" 200 1773 "-" "Mozilla/5.0 AppleWebKit/537.36 (KHTML, like Gecko; compatible; ClaudeBot/1.0; +claudebot@anthropic.com)"
13.58.147.19 - - [20/Jan/2025:00:52:46 -0500] "GET /public/hotel/247-luxury-hotel?lokasie=%2Flib%2Fnode_modules%2Fnpm%2Fman%2Fman3%2FFcFontSetMatch.3.gz&loknya=%2Flib%2Fnode_modules%2Fnpm%2Fman%2Fman3 HTTP/1.1" 200 1776 "-" "Mozilla/5.0 AppleWebKit/537.36 (KHTML, like Gecko; compatible; ClaudeBot/1.0; +claudebot@anthropic.com)"
13.58.147.19 - - [20/Jan/2025:00:52:47 -0500] "GET /public/hotel/247-luxury-hotel?lokasie=%2Flib%2Fnode_modules%2Fnpm%2Fman%2Fman3%2Fsasl_getsimple_t.3.gz&loknya=%2Flib%2Fnode_modules%2Fnpm%2Fman%2Fman3 HTTP/1.1" 200 1776 "-" "Mozilla/5.0 AppleWebKit/537.36 (KHTML, like Gecko; compatible; ClaudeBot/1.0; +claudebot@anthropic.com)"
13.58.147.19 - - [20/Jan/2025:00:52:48 -0500] "GET /public/hotel/247-luxury-hotel?lokasie=%2Flib%2Fnode_modules%2Fnpm%2Fman%2Fman3%2FXSetWMProperties.3.gz&loknya=%2Flib%2Fnode_modules%2Fnpm%2Fman%2Fman3 HTTP/1.1" 200 1777 "-" "Mozilla/5.0 AppleWebKit/537.36 (KHTML, like Gecko; compatible; ClaudeBot/1.0; +claudebot@anthropic.com)"
13.58.147.19 - - [20/Jan/2025:00:52:49 -0500] "GET /public/hotel/247-luxury-hotel?lokasie=%2Flib%2Fnode_modules%2Fnpm%2Fman%2Fman3%2FX509_ALGOR_new.3ssl.gz&loknya=%2Flib%2Fnode_modules%2Fnpm%2Fman%2Fman3 HTTP/1.1" 200 1780 "-" "Mozilla/5.0 AppleWebKit/537.36 (KHTML, like Gecko; compatible; ClaudeBot/1.0; +claudebot@anthropic.com)"
13.58.147.19 - - [20/Jan/2025:00:52:49 -0500] "GET /public/hotel/247-luxury-hotel?lokasie=%2Flib%2Fnode_modules%2Fnpm%2Fman%2Fman3%2FOCSP_resp_find.3ssl.gz&loknya=%2Flib%2Fnode_modules%2Fnpm%2Fman%2Fman3 HTTP/1.1" 200 1778 "-" "Mozilla/5.0 AppleWebKit/537.36 (KHTML, like Gecko; compatible; ClaudeBot/1.0; +claudebot@anthropic.com)"
13.58.147.19 - - [20/Jan/2025:00:52:49 -0500] "GET /public/hotel/247-luxury-hotel?lokasie=%2Flib%2Fnode_modules%2Fnpm%2Fman%2Fman3%2FSSL_free_buffers.3ssl.gz&loknya=%2Flib%2Fnode_modules%2Fnpm%2Fman%2Fman3 HTTP/1.1" 200 1778 "-" "Mozilla/5.0 AppleWebKit/537.36 (KHTML, like Gecko; compatible; ClaudeBot/1.0; +claudebot@anthropic.com)"
54.38.85.17 - - [20/Jan/2025:00:52:49 -0500] "GET /public/tour/easter-in-la-campagne-tropicana-205k?lokasie=/home/wavevlvu/lscache/7/4/4/744c09a4cacd4690&loknya=/home/wavevlvu/lscache/7/4/4 HTTP/1.1" 200 1768 "-" "Mozilla/5.0 (compatible; MJ12bot/v1.4.8; http://mj12bot.com/)"
13.58.147.19 - - [20/Jan/2025:00:52:49 -0500] "GET /public/hotel/247-luxury-hotel?lokasie=%2Flib%2Fnode_modules%2Fnpm%2Fman%2Fman3%2FDES_ecb2_encrypt.3ssl.gz&loknya=%2Flib%2Fnode_modules%2Fnpm%2Fman%2Fman3 HTTP/1.1" 200 1780 "-" "Mozilla/5.0 AppleWebKit/537.36 (KHTML, like Gecko; compatible; ClaudeBot/1.0; +claudebot@anthropic.com)"
13.58.147.19 - - [20/Jan/2025:00:52:51 -0500] "GET /public/hotel/247-luxury-hotel?lokasie=%2Flib%2Fnode_modules%2Fnpm%2Fman%2Fman3%2Fxcb_dri2_get_buffers.3.gz&loknya=%2Flib%2Fnode_modules%2Fnpm%2Fman%2Fman3 HTTP/1.1" 200 1780 "-" "Mozilla/5.0 AppleWebKit/537.36 (KHTML, like Gecko; compatible; ClaudeBot/1.0; +claudebot@anthropic.com)"
13.58.147.19 - - [20/Jan/2025:00:52:51 -0500] "GET /public/hotel/247-luxury-hotel?lokasie=%2Flib%2Fnode_modules%2Fnpm%2Fman%2Fman3%2Fxcb_fill_poly_checked.3.gz&loknya=%2Flib%2Fnode_modules%2Fnpm%2Fman%2Fman3 HTTP/1.1" 200 1778 "-" "Mozilla/5.0 AppleWebKit/537.36 (KHTML, like Gecko; compatible; ClaudeBot/1.0; +claudebot@anthropic.com)"
13.58.147.19 - - [20/Jan/2025:00:52:52 -0500] "GET /public/hotel/247-luxury-hotel?lokasie=%2Flib%2Fnode_modules%2Fnpm%2Fman%2Fman3%2Favc_netlink_acquire_fd.3.gz&loknya=%2Flib%2Fnode_modules%2Fnpm%2Fman%2Fman3 HTTP/1.1" 200 1781 "-" "Mozilla/5.0 AppleWebKit/537.36 (KHTML, like Gecko; compatible; ClaudeBot/1.0; +claudebot@anthropic.com)"
13.58.147.19 - - [20/Jan/2025:00:52:52 -0500] "GET /public/hotel/247-luxury-hotel?lokasie=%2Flib%2Fnode_modules%2Fnpm%2Fman%2Fman3%2FDES_string_to_2keys.3ssl.gz&loknya=%2Flib%2Fnode_modules%2Fnpm%2Fman%2Fman3 HTTP/1.1" 200 1783 "-" "Mozilla/5.0 AppleWebKit/537.36 (KHTML, like Gecko; compatible; ClaudeBot/1.0; +claudebot@anthropic.com)"
13.58.147.19 - - [20/Jan/2025:00:52:52 -0500] "GET /public/hotel/247-luxury-hotel?lokasie=%2Flib%2Fnode_modules%2Fnpm%2Fman%2Fman3%2FEVP_MD_meth_get_ctrl.3ssl.gz&loknya=%2Flib%2Fnode_modules%2Fnpm%2Fman%2Fman3 HTTP/1.1" 200 1784 "-" "Mozilla/5.0 AppleWebKit/537.36 (KHTML, like Gecko; compatible; ClaudeBot/1.0; +claudebot@anthropic.com)"
13.58.147.19 - - [20/Jan/2025:00:52:52 -0500] "GET /public/hotel/247-luxury-hotel?lokasie=%2Flib%2Fnode_modules%2Fnpm%2Fman%2Fman3%2FCMS_add0_recipient_key.3ssl.gz&loknya=%2Flib%2Fnode_modules%2Fnpm%2Fman%2Fman3 HTTP/1.1" 200 1781 "-" "Mozilla/5.0 AppleWebKit/537.36 (KHTML, like Gecko; compatible; ClaudeBot/1.0; +claudebot@anthropic.com)"
54.38.85.17 - - [20/Jan/2025:00:52:54 -0500] "GET /public/tour/easter-in-la-campagne-tropicana-205k?lokasie=/home/wavevlvu/lscache/7/4/4/744c23c86e6e3c44&loknya=/home/wavevlvu/lscache/7/4/4 HTTP/1.1" 200 1767 "-" "Mozilla/5.0 (compatible; MJ12bot/v1.4.8; http://mj12bot.com/)"
13.58.147.19 - - [20/Jan/2025:00:52:54 -0500] "GET /public/hotel/247-luxury-hotel?lokasie=%2Flib%2Fnode_modules%2Fnpm%2Fman%2Fman3%2FTAP%3A%3AParser%3A%3AGrammar.3pm.gz&loknya=%2Flib%2Fnode_modules%2Fnpm%2Fman%2Fman3 HTTP/1.1" 200 1783 "-" "Mozilla/5.0 AppleWebKit/537.36 (KHTML, like Gecko; compatible; ClaudeBot/1.0; +claudebot@anthropic.com)"
13.58.147.19 - - [20/Jan/2025:00:52:54 -0500] "GET /public/hotel/247-luxury-hotel?lokasie=%2Flib%2Fnode_modules%2Fnpm%2Fman%2Fman3%2FX509_STORE_set_lookup_certs.3ssl.gz&loknya=%2Flib%2Fnode_modules%2Fnpm%2Fman%2Fman3 HTTP/1.1" 200 1791 "-" "Mozilla/5.0 AppleWebKit/537.36 (KHTML, like Gecko; compatible; ClaudeBot/1.0; +claudebot@anthropic.com)"
3.145.12.185 - - [20/Jan/2025:00:52:54 -0500] "GET /public/index.php/tour/valentine-in-seychelles-600kperson?lokasie=%2Fusr%2Flib%2Ffirmware%2F%2Fdvb-usb-terratec-h5-drxk.fw&loknya=%2Fusr%2Flib%2Ffirmware%2F HTTP/1.1" 200 1755 "-" "Mozilla/5.0 AppleWebKit/537.36 (KHTML, like Gecko; compatible; ClaudeBot/1.0; +claudebot@anthropic.com)"
3.145.12.185 - - [20/Jan/2025:00:52:54 -0500] "GET /public/index.php/space/westwing?lokasie=%2Fvar%2Fsoftaculous%2Fostic17%2Fost-config.php&loknya=%2Fvar%2Fsoftaculous%2Fostic17 HTTP/1.1" 200 4549 "-" "Mozilla/5.0 AppleWebKit/537.36 (KHTML, like Gecko; compatible; ClaudeBot/1.0; +claudebot@anthropic.com)"
18.222.115.155 - - [20/Jan/2025:00:52:54 -0500] "GET /public/index.php/tour/valentine-in-seychelles-600kperson?loknya=%2Fopt%2Falt%2Fruby27%2Fshare%2Fruby%2Fpstore HTTP/1.1" 200 2216 "-" "Mozilla/5.0 AppleWebKit/537.36 (KHTML, like Gecko; compatible; ClaudeBot/1.0; +claudebot@anthropic.com)"
18.222.115.155 - - [20/Jan/2025:00:52:54 -0500] "GET /public/index.php/tour/valentine-in-seychelles-600kperson?lokasie=%2Flib%2Fsystemd%2Fsystem%2F%2Fprinter.target&loknya=%2Flib%2Fsystemd%2Fsystem%2F HTTP/1.1" 200 1976 "-" "Mozilla/5.0 AppleWebKit/537.36 (KHTML, like Gecko; compatible; ClaudeBot/1.0; +claudebot@anthropic.com)"
13.58.147.19 - - [20/Jan/2025:00:52:54 -0500] "GET /public/hotel/247-luxury-hotel?lokasie=%2Flib%2Fnode_modules%2Fnpm%2Fman%2Fman3%2FOSSL_STORE_LOADER_set_expect.3ssl.gz&loknya=%2Flib%2Fnode_modules%2Fnpm%2Fman%2Fman3 HTTP/1.1" 200 1795 "-" "Mozilla/5.0 AppleWebKit/537.36 (KHTML, like Gecko; compatible; ClaudeBot/1.0; +claudebot@anthropic.com)"
18.222.115.155 - - [20/Jan/2025:00:52:55 -0500] "GET /public/index.php/tour/valentine-in-seychelles-600kperson?lokasie=%2Flib%2Fsystemd%2Fsystem%2F%2Fnetconsole.service&loknya=%2Flib%2Fsystemd%2Fsystem%2F HTTP/1.1" 200 1922 "-" "Mozilla/5.0 AppleWebKit/537.36 (KHTML, like Gecko; compatible; ClaudeBot/1.0; +claudebot@anthropic.com)"
18.222.115.155 - - [20/Jan/2025:00:52:55 -0500] "GET /public/index.php/tour/valentine-in-seychelles-600kperson?lokasie=%2Fusr%2Fshare%2Flocale%2Fhu%2FLC_MESSAGES%2Fdpkg.mo&loknya=%2Fusr%2Fshare%2Flocale%2Fhu%2FLC_MESSAGES HTTP/1.1" 200 1775 "-" "Mozilla/5.0 AppleWebKit/537.36 (KHTML, like Gecko; compatible; ClaudeBot/1.0; +claudebot@anthropic.com)"
13.58.147.19 - - [20/Jan/2025:00:52:55 -0500] "GET /public/hotel/247-luxury-hotel?lokasie=%2Flib%2Fnode_modules%2Fnpm%2Fman%2Fman3%2Fxcb_shm_create_segment_unchecked.3.gz&loknya=%2Flib%2Fnode_modules%2Fnpm%2Fman%2Fman3 HTTP/1.1" 200 1785 "-" "Mozilla/5.0 AppleWebKit/537.36 (KHTML, like Gecko; compatible; ClaudeBot/1.0; +claudebot@anthropic.com)"
13.58.147.19 - - [20/Jan/2025:00:52:55 -0500] "GET /public/hotel/247-luxury-hotel?lokasie=%2Flib%2Fnode_modules%2Fnpm%2Fman%2Fman3%2Fxcb_randr_get_provider_info_outputs.3.gz&loknya=%2Flib%2Fnode_modules%2Fnpm%2Fman%2Fman3 HTTP/1.1" 200 1787 "-" "Mozilla/5.0 AppleWebKit/537.36 (KHTML, like Gecko; compatible; ClaudeBot/1.0; +claudebot@anthropic.com)"
3.147.195.28 - - [20/Jan/2025:00:52:55 -0500] "GET /public/hotel/247-luxury-hotel?lokasie=%2Flib%2Fnode_modules%2Fnpm%2Fman%2Fman8%2Fumount.8.gz&loknya=%2Flib%2Fnode_modules%2Fnpm%2Fman%2Fman8 HTTP/1.1" 200 1769 "-" "Mozilla/5.0 AppleWebKit/537.36 (KHTML, like Gecko; compatible; ClaudeBot/1.0; +claudebot@anthropic.com)"
3.147.195.28 - - [20/Jan/2025:00:52:55 -0500] "GET /public/hotel/247-luxury-hotel?lokasie=%2Flib%2Fnode_modules%2Fnpm%2Fman%2Fman8%2Fdnssec-dsfromkey.8.gz&loknya=%2Flib%2Fnode_modules%2Fnpm%2Fman%2Fman8 HTTP/1.1" 200 1776 "-" "Mozilla/5.0 AppleWebKit/537.36 (KHTML, like Gecko; compatible; ClaudeBot/1.0; +claudebot@anthropic.com)"
3.147.195.28 - - [20/Jan/2025:00:52:55 -0500] "GET /public/index.php/space/westwing?lokasie=%2Fvar%2Fsoftaculous%2Fadmidio%2Fadmidio.zip&loknya=%2Fvar%2Fsoftaculous%2Fadmidio HTTP/1.1" 200 1747 "-" "Mozilla/5.0 AppleWebKit/537.36 (KHTML, like Gecko; compatible; ClaudeBot/1.0; +claudebot@anthropic.com)"
13.58.147.19 - - [20/Jan/2025:00:52:55 -0500] "GET /public/hotel/247-luxury-hotel?lokasie=%2Flib%2Fnode_modules%2Fnpm%2Fman%2Fman3%2Fxcb_selinux_get_property_context_context.3.gz&loknya=%2Flib%2Fnode_modules%2Fnpm%2Fman%2Fman3 HTTP/1.1" 200 1785 "-" "Mozilla/5.0 AppleWebKit/537.36 (KHTML, like Gecko; compatible; ClaudeBot/1.0; +claudebot@anthropic.com)"
3.147.195.28 - - [20/Jan/2025:00:52:55 -0500] "GET /public/hotel/247-luxury-hotel?lokasie=%2Flib%2Fnode_modules%2Fnpm%2Fman%2Fman8%2Fdnf-offline-upgrade.8.gz&loknya=%2Flib%2Fnode_modules%2Fnpm%2Fman%2Fman8 HTTP/1.1" 200 1779 "-" "Mozilla/5.0 AppleWebKit/537.36 (KHTML, like Gecko; compatible; ClaudeBot/1.0; +claudebot@anthropic.com)"
13.58.61.176 - - [20/Jan/2025:00:52:55 -0500] "GET /public/index.php/space/westwing?lokasie=%2Fvar%2Fsoftaculous%2Ffiyo%2Fimport.php&loknya=%2Fvar%2Fsoftaculous%2Ffiyo HTTP/1.1" 200 4253 "-" "Mozilla/5.0 AppleWebKit/537.36 (KHTML, like Gecko; compatible; ClaudeBot/1.0; +claudebot@anthropic.com)"
13.58.61.176 - - [20/Jan/2025:00:52:55 -0500] "GET /public/index.php/space/westwing?loknya=%2Fvar%2Fsoftaculous%2Fcpg%2Fphp81 HTTP/1.1" 200 2327 "-" "Mozilla/5.0 AppleWebKit/537.36 (KHTML, like Gecko; compatible; ClaudeBot/1.0; +claudebot@anthropic.com)"
13.58.61.176 - - [20/Jan/2025:00:52:56 -0500] "GET /public/index.php/space/westwing?lokasie=%2Fvar%2Fsoftaculous%2Fdirectus%2Fupdate_pass.php&loknya=%2Fvar%2Fsoftaculous%2Fdirectus HTTP/1.1" 200 2081 "-" "Mozilla/5.0 AppleWebKit/537.36 (KHTML, like Gecko; compatible; ClaudeBot/1.0; +claudebot@anthropic.com)"
18.218.119.140 - - [20/Jan/2025:00:52:56 -0500] "GET /public/event/cannabis-live-global-summit-nigeria?loknya=%2Fopt%2Falt%2Falt-nodejs20%2Froot%2Fusr%2Fnode_modules%2Fnpm%2Fnode_modules.bundled%2Ftiny-relative-date%2F HTTP/1.1" 200 2090 "-" "Mozilla/5.0 AppleWebKit/537.36 (KHTML, like Gecko; compatible; ClaudeBot/1.0; +claudebot@anthropic.com)"
18.189.188.199 - - [20/Jan/2025:00:52:56 -0500] "GET /public/hotel/247-luxury-hotel?lokasie=%2Flib%2Fnode_modules%2Fnpm%2Fman%2Fman1p%2Fpwd.1p.gz&loknya=%2Flib%2Fnode_modules%2Fnpm%2Fman%2Fman1p HTTP/1.1" 200 1774 "-" "Mozilla/5.0 AppleWebKit/537.36 (KHTML, like Gecko; compatible; ClaudeBot/1.0; +claudebot@anthropic.com)"
18.217.122.248 - - [20/Jan/2025:00:52:56 -0500] "GET /public/index.php/space/westwing?loknya=%2Fvar%2Fsoftaculous%2Fmw%2Fphp53 HTTP/1.1" 200 2331 "-" "Mozilla/5.0 AppleWebKit/537.36 (KHTML, like Gecko; compatible; ClaudeBot/1.0; +claudebot@anthropic.com)"
