4.227.36.73 - - [20/Jan/2025:01:17:59 -0500] "GET /profile/book24/services/?amp%3Bamp%3Bamp%3Bamp%3Bamp%3Bamp%3Bamp%3Bamp%3Bset_currency=usd&amp%3Bamp%3Bamp%3Bamp%3Bamp%3Bamp%3Bamp%3Bset_currency=usd&amp%3Bamp%3Bamp%3Bamp%3Bamp%3Bamp%3Bpage=3&amp%3Bamp%3Bamp%3Bamp%3Bamp%3Bamp%3Bset_currency=usd&amp%3Bamp%3Bamp%3Bamp%3Bamp%3Bpage=2&amp%3Bamp%3Bamp%3Bamp%3Bamp%3Bset_currency=gbp&amp%3Bamp%3Bamp%3Bamp%3Bpage=3&amp%3Bamp%3Bamp%3Bset_currency=usd&amp%3Bamp%3Bpage=3&amp%3Bset_currency=gbp&type=tour HTTP/1.1" 403 0 "-" "Mozilla/5.0 AppleWebKit/537.36 (KHTML, like Gecko; compatible; GPTBot/1.2; +https://openai.com/gptbot)"
17.241.227.178 - - [20/Jan/2025:01:17:57 -0500] "GET /public/space/miniflat-shortlet-in-lekki-phase-1?loknya=/home/wavevlvu/book24.ng/vendor/dragonmantank/ HTTP/1.1" 200 2739 "-" "Mozilla/5.0 (Macintosh; Intel Mac OS X 10_15_7) AppleWebKit/605.1.15 (KHTML, like Gecko) Version/17.4 Safari/605.1.15 (Applebot/0.1; +http://www.apple.com/go/applebot)"
4.227.36.73 - - [20/Jan/2025:01:18:02 -0500] "GET /profile/book24/services/?amp%3Bamp%3Bamp%3Bamp%3Bamp%3Bamp%3Bamp%3Bamp%3Bset_currency=usd&amp%3Bamp%3Bamp%3Bamp%3Bamp%3Bamp%3Bamp%3Bset_currency=usd&amp%3Bamp%3Bamp%3Bamp%3Bamp%3Bamp%3Bpage=3&amp%3Bamp%3Bamp%3Bamp%3Bamp%3Bamp%3Bset_currency=usd&amp%3Bamp%3Bamp%3Bamp%3Bamp%3Bpage=2&amp%3Bamp%3Bamp%3Bamp%3Bamp%3Bset_currency=gbp&amp%3Bamp%3Bamp%3Bamp%3Bpage=3&amp%3Bamp%3Bamp%3Bset_currency=usd&amp%3Bamp%3Bset_currency=usd&amp%3Bpage=2&type=tour HTTP/1.1" 403 0 "-" "Mozilla/5.0 AppleWebKit/537.36 (KHTML, like Gecko; compatible; GPTBot/1.2; +https://openai.com/gptbot)"
17.241.227.178 - - [20/Jan/2025:01:18:00 -0500] "GET /public/profile/60/services?loknya=/home/wavevlvu/misswavenigeria.com/admin/wp HTTP/1.1" 200 2490 "-" "Mozilla/5.0 (Macintosh; Intel Mac OS X 10_15_7) AppleWebKit/605.1.15 (KHTML, like Gecko) Version/17.4 Safari/605.1.15 (Applebot/0.1; +http://www.apple.com/go/applebot)"
4.227.36.73 - - [20/Jan/2025:01:18:04 -0500] "GET /profile/book24/services/?amp%3Bamp%3Bamp%3Bamp%3Bamp%3Bamp%3Bamp%3Bamp%3Bset_currency=usd&amp%3Bamp%3Bamp%3Bamp%3Bamp%3Bamp%3Bamp%3Bset_currency=usd&amp%3Bamp%3Bamp%3Bamp%3Bamp%3Bamp%3Bpage=3&amp%3Bamp%3Bamp%3Bamp%3Bamp%3Bamp%3Bset_currency=usd&amp%3Bamp%3Bamp%3Bamp%3Bamp%3Bpage=2&amp%3Bamp%3Bamp%3Bamp%3Bamp%3Bset_currency=gbp&amp%3Bamp%3Bamp%3Bamp%3Bset_currency=gbp&amp%3Bamp%3Bamp%3Bpage=2&amp%3Bamp%3Bpage=3&amp%3Bset_currency=usd&type=tour HTTP/1.1" 403 0 "-" "Mozilla/5.0 AppleWebKit/537.36 (KHTML, like Gecko; compatible; GPTBot/1.2; +https://openai.com/gptbot)"
17.241.227.178 - - [20/Jan/2025:01:18:03 -0500] "GET /public/space/3-bedroom-luxurious-apartment?loknya=/var/softaculous/drupal9 HTTP/1.1" 200 3685 "-" "Mozilla/5.0 (Macintosh; Intel Mac OS X 10_15_7) AppleWebKit/605.1.15 (KHTML, like Gecko) Version/17.4 Safari/605.1.15 (Applebot/0.1; +http://www.apple.com/go/applebot)"
4.227.36.73 - - [20/Jan/2025:01:18:07 -0500] "GET /profile/book24/services/?amp%3Bamp%3Bamp%3Bamp%3Bamp%3Bamp%3Bamp%3Bamp%3Bset_currency=usd&amp%3Bamp%3Bamp%3Bamp%3Bamp%3Bamp%3Bamp%3Bset_currency=usd&amp%3Bamp%3Bamp%3Bamp%3Bamp%3Bamp%3Bpage=3&amp%3Bamp%3Bamp%3Bamp%3Bamp%3Bamp%3Bset_currency=usd&amp%3Bamp%3Bamp%3Bamp%3Bamp%3Bpage=2&amp%3Bamp%3Bamp%3Bamp%3Bamp%3Bset_currency=gbp&amp%3Bamp%3Bamp%3Bamp%3Bpage=3&amp%3Bamp%3Bamp%3Bpage=3&amp%3Bamp%3Bset_currency=gbp&amp%3Bset_currency=usd&type=tour HTTP/1.1" 403 0 "-" "Mozilla/5.0 AppleWebKit/537.36 (KHTML, like Gecko; compatible; GPTBot/1.2; +https://openai.com/gptbot)"
17.241.227.181 - - [20/Jan/2025:01:18:07 -0500] "GET /public/hotel/federal-palace-hotel-and-casino?lokasie=/lib64/libhgfs.so.0.0.0&loknya=/lib64 HTTP/1.1" 200 1949 "-" "Mozilla/5.0 (Macintosh; Intel Mac OS X 10_15_7) AppleWebKit/605.1.15 (KHTML, like Gecko) Version/17.4 Safari/605.1.15 (Applebot/0.1; +http://www.apple.com/go/applebot)"
4.227.36.73 - - [20/Jan/2025:01:18:12 -0500] "GET /profile/book24/services/?amp%3Bamp%3Bamp%3Bamp%3Bamp%3Bamp%3Bamp%3Bamp%3Bset_currency=usd&amp%3Bamp%3Bamp%3Bamp%3Bamp%3Bamp%3Bamp%3Bset_currency=usd&amp%3Bamp%3Bamp%3Bamp%3Bamp%3Bamp%3Bpage=3&amp%3Bamp%3Bamp%3Bamp%3Bamp%3Bamp%3Bset_currency=usd&amp%3Bamp%3Bamp%3Bamp%3Bamp%3Bpage=2&amp%3Bamp%3Bamp%3Bamp%3Bamp%3Bset_currency=gbp&amp%3Bamp%3Bamp%3Bamp%3Bpage=1&amp%3Bamp%3Bamp%3Bpage=3&amp%3Bamp%3Bset_currency=gbp&amp%3Bset_currency=usd&type=tour HTTP/1.1" 403 0 "-" "Mozilla/5.0 AppleWebKit/537.36 (KHTML, like Gecko; compatible; GPTBot/1.2; +https://openai.com/gptbot)"
17.241.219.105 - - [20/Jan/2025:01:18:10 -0500] "GET /public/index.php?lokasie=/home/wavevlvu/book24.ng/public/css/rtl.css&loknya=/home/wavevlvu/book24.ng/public/css HTTP/1.1" 200 8280 "-" "Mozilla/5.0 (Macintosh; Intel Mac OS X 10_15_7) AppleWebKit/605.1.15 (KHTML, like Gecko) Version/17.4 Safari/605.1.15 (Applebot/0.1; +http://www.apple.com/go/applebot)"
4.227.36.73 - - [20/Jan/2025:01:18:14 -0500] "GET /profile/book24/services/?amp%3Bamp%3Bamp%3Bamp%3Bamp%3Bamp%3Bamp%3Bamp%3Bset_currency=usd&amp%3Bamp%3Bamp%3Bamp%3Bamp%3Bamp%3Bamp%3Bset_currency=usd&amp%3Bamp%3Bamp%3Bamp%3Bamp%3Bamp%3Bpage=3&amp%3Bamp%3Bamp%3Bamp%3Bamp%3Bamp%3Bset_currency=usd&amp%3Bamp%3Bamp%3Bamp%3Bamp%3Bpage=2&amp%3Bamp%3Bamp%3Bamp%3Bamp%3Bset_currency=gbp&amp%3Bamp%3Bamp%3Bamp%3Bset_currency=usd&amp%3Bamp%3Bamp%3Bpage=2&amp%3Bamp%3Bset_currency=usd&amp%3Bpage=2&type=tour HTTP/1.1" 403 0 "-" "Mozilla/5.0 AppleWebKit/537.36 (KHTML, like Gecko; compatible; GPTBot/1.2; +https://openai.com/gptbot)"
17.241.219.105 - - [20/Jan/2025:01:18:13 -0500] "GET /public/event/cannabis-live-global-summit-nigeria?lokasie=/lib64/liblscapi.so&loknya=/lib64 HTTP/1.1" 200 1948 "-" "Mozilla/5.0 (Macintosh; Intel Mac OS X 10_15_7) AppleWebKit/605.1.15 (KHTML, like Gecko) Version/17.4 Safari/605.1.15 (Applebot/0.1; +http://www.apple.com/go/applebot)"
4.227.36.73 - - [20/Jan/2025:01:18:17 -0500] "GET /profile/book24/services/?amp%3Bamp%3Bamp%3Bamp%3Bamp%3Bamp%3Bamp%3Bamp%3Bset_currency=usd&amp%3Bamp%3Bamp%3Bamp%3Bamp%3Bamp%3Bamp%3Bset_currency=usd&amp%3Bamp%3Bamp%3Bamp%3Bamp%3Bamp%3Bpage=3&amp%3Bamp%3Bamp%3Bamp%3Bamp%3Bamp%3Bset_currency=usd&amp%3Bamp%3Bamp%3Bamp%3Bamp%3Bpage=2&amp%3Bamp%3Bamp%3Bamp%3Bamp%3Bset_currency=gbp&amp%3Bamp%3Bamp%3Bamp%3Bpage=3&amp%3Bamp%3Bamp%3Bset_currency=usd&amp%3Bamp%3Bpage=3&amp%3Bset_currency=usd&type=tour HTTP/1.1" 403 0 "-" "Mozilla/5.0 AppleWebKit/537.36 (KHTML, like Gecko; compatible; GPTBot/1.2; +https://openai.com/gptbot)"
17.241.219.105 - - [20/Jan/2025:01:18:16 -0500] "GET /public/profile/book24admin/services?lokasie=/lib/.build-id/c9/efc86878895e038a3bd269c747319b69dc34e0&loknya=/lib/.build-id/c9 HTTP/1.1" 200 1999 "-" "Mozilla/5.0 (Macintosh; Intel Mac OS X 10_15_7) AppleWebKit/605.1.15 (KHTML, like Gecko) Version/17.4 Safari/605.1.15 (Applebot/0.1; +http://www.apple.com/go/applebot)"
4.227.36.73 - - [20/Jan/2025:01:18:20 -0500] "GET /profile/book24/services/?amp%3Bamp%3Bamp%3Bamp%3Bamp%3Bamp%3Bamp%3Bamp%3Bset_currency=usd&amp%3Bamp%3Bamp%3Bamp%3Bamp%3Bamp%3Bamp%3Bset_currency=usd&amp%3Bamp%3Bamp%3Bamp%3Bamp%3Bamp%3Bpage=3&amp%3Bamp%3Bamp%3Bamp%3Bamp%3Bamp%3Bset_currency=usd&amp%3Bamp%3Bamp%3Bamp%3Bamp%3Bpage=2&amp%3Bamp%3Bamp%3Bamp%3Bamp%3Bset_currency=gbp&amp%3Bamp%3Bamp%3Bamp%3Bset_currency=gbp&amp%3Bamp%3Bamp%3Bpage=3&amp%3Bamp%3Bset_currency=gbp&amp%3Bpage=2&type=tour HTTP/1.1" 403 0 "-" "Mozilla/5.0 AppleWebKit/537.36 (KHTML, like Gecko; compatible; GPTBot/1.2; +https://openai.com/gptbot)"
17.241.75.69 - - [20/Jan/2025:01:18:20 -0500] "GET /public/profile/60?lokasie=/lib64/python3.6/__pycache__/posixpath.cpython-36.opt-2.pyc&loknya=/lib64/python3.6/__pycache__ HTTP/1.1" 200 1996 "-" "Mozilla/5.0 (Macintosh; Intel Mac OS X 10_15_7) AppleWebKit/605.1.15 (KHTML, like Gecko) Version/17.4 Safari/605.1.15 (Applebot/0.1; +http://www.apple.com/go/applebot)"
4.227.36.73 - - [20/Jan/2025:01:18:23 -0500] "GET /profile/book24/services/?amp%3Bamp%3Bamp%3Bamp%3Bamp%3Bamp%3Bamp%3Bamp%3Bset_currency=usd&amp%3Bamp%3Bamp%3Bamp%3Bamp%3Bamp%3Bamp%3Bset_currency=usd&amp%3Bamp%3Bamp%3Bamp%3Bamp%3Bamp%3Bpage=3&amp%3Bamp%3Bamp%3Bamp%3Bamp%3Bamp%3Bset_currency=usd&amp%3Bamp%3Bamp%3Bamp%3Bamp%3Bpage=2&amp%3Bamp%3Bamp%3Bamp%3Bamp%3Bset_currency=gbp&amp%3Bamp%3Bamp%3Bamp%3Bset_currency=usd&amp%3Bamp%3Bamp%3Bpage=3&amp%3Bamp%3Bset_currency=usd&amp%3Bpage=2&type=tour HTTP/1.1" 403 0 "-" "Mozilla/5.0 AppleWebKit/537.36 (KHTML, like Gecko; compatible; GPTBot/1.2; +https://openai.com/gptbot)"
17.241.75.69 - - [20/Jan/2025:01:18:23 -0500] "GET /public/profile/60?lokasie=/var/softaculous/claro/info.xml&loknya=/var/softaculous/claro HTTP/1.1" 200 2836 "-" "Mozilla/5.0 (Macintosh; Intel Mac OS X 10_15_7) AppleWebKit/605.1.15 (KHTML, like Gecko) Version/17.4 Safari/605.1.15 (Applebot/0.1; +http://www.apple.com/go/applebot)"
4.227.36.73 - - [20/Jan/2025:01:18:27 -0500] "GET /profile/book24/services/?amp%3Bamp%3Bamp%3Bamp%3Bamp%3Bamp%3Bamp%3Bamp%3Bset_currency=usd&amp%3Bamp%3Bamp%3Bamp%3Bamp%3Bamp%3Bamp%3Bset_currency=usd&amp%3Bamp%3Bamp%3Bamp%3Bamp%3Bamp%3Bpage=3&amp%3Bamp%3Bamp%3Bamp%3Bamp%3Bamp%3Bset_currency=usd&amp%3Bamp%3Bamp%3Bamp%3Bamp%3Bpage=2&amp%3Bamp%3Bamp%3Bamp%3Bamp%3Bset_currency=gbp&amp%3Bamp%3Bamp%3Bamp%3Bpage=1&amp%3Bamp%3Bamp%3Bset_currency=usd&amp%3Bamp%3Bset_currency=usd&amp%3Bpage=3&type=tour HTTP/1.1" 403 0 "-" "Mozilla/5.0 AppleWebKit/537.36 (KHTML, like Gecko; compatible; GPTBot/1.2; +https://openai.com/gptbot)"
17.241.75.69 - - [20/Jan/2025:01:18:26 -0500] "GET /public/car/toyota-landcruiser?loknya=/opt/cloudlinux/alt-php70 HTTP/1.1" 200 2607 "-" "Mozilla/5.0 (Macintosh; Intel Mac OS X 10_15_7) AppleWebKit/605.1.15 (KHTML, like Gecko) Version/17.4 Safari/605.1.15 (Applebot/0.1; +http://www.apple.com/go/applebot)"
4.227.36.73 - - [20/Jan/2025:01:18:29 -0500] "GET /profile/book24/services/?amp%3Bamp%3Bamp%3Bamp%3Bamp%3Bamp%3Bamp%3Bamp%3Bamp%3Bset_currency=usd&amp%3Bamp%3Bamp%3Bamp%3Bamp%3Bamp%3Bamp%3Bamp%3Bset_currency=usd&amp%3Bamp%3Bamp%3Bamp%3Bamp%3Bamp%3Bamp%3Bpage=3&amp%3Bamp%3Bamp%3Bamp%3Bamp%3Bamp%3Bamp%3Bset_currency=usd&amp%3Bamp%3Bamp%3Bamp%3Bamp%3Bamp%3Bpage=3&amp%3Bamp%3Bamp%3Bamp%3Bamp%3Bpage=2&amp%3Bamp%3Bamp%3Bamp%3Bpage=3&amp%3Bamp%3Bamp%3Bset_currency=usd&amp%3Bamp%3Bpage=1&amp%3Bpage=2&type=tour HTTP/1.1" 403 0 "-" "Mozilla/5.0 AppleWebKit/537.36 (KHTML, like Gecko; compatible; GPTBot/1.2; +https://openai.com/gptbot)"
17.241.219.133 - - [20/Jan/2025:01:18:28 -0500] "GET /public/profile/book24/services?lokasie=/home/wavevlvu/lscache/4/1/6/41654a90c6c18025&loknya=/home/wavevlvu/lscache/4/1/6 HTTP/1.1" 200 2000 "-" "Mozilla/5.0 (Macintosh; Intel Mac OS X 10_15_7) AppleWebKit/605.1.15 (KHTML, like Gecko) Version/17.4 Safari/605.1.15 (Applebot/0.1; +http://www.apple.com/go/applebot)"
4.227.36.73 - - [20/Jan/2025:01:18:31 -0500] "GET /profile/book24/services/?amp%3Bamp%3Bamp%3Bamp%3Bamp%3Bamp%3Bamp%3Bamp%3Bset_currency=usd&amp%3Bamp%3Bamp%3Bamp%3Bamp%3Bamp%3Bamp%3Bset_currency=usd&amp%3Bamp%3Bamp%3Bamp%3Bamp%3Bamp%3Bpage=3&amp%3Bamp%3Bamp%3Bamp%3Bamp%3Bamp%3Bset_currency=usd&amp%3Bamp%3Bamp%3Bamp%3Bamp%3Bpage=2&amp%3Bamp%3Bamp%3Bamp%3Bamp%3Bset_currency=gbp&amp%3Bamp%3Bamp%3Bamp%3Bset_currency=gbp&amp%3Bamp%3Bamp%3Bpage=3&amp%3Bamp%3Bset_currency=usd&amp%3Bpage=2&type=tour HTTP/1.1" 403 0 "-" "Mozilla/5.0 AppleWebKit/537.36 (KHTML, like Gecko; compatible; GPTBot/1.2; +https://openai.com/gptbot)"
17.241.219.133 - - [20/Jan/2025:01:18:31 -0500] "GET /public/space/3-bedroom-duplex-in-lekki?loknya=/home/wavevlvu/book24.ng/plugins/PaymentFlutterWaveCheckout/Gateway HTTP/1.1" 200 2640 "-" "Mozilla/5.0 (Macintosh; Intel Mac OS X 10_15_7) AppleWebKit/605.1.15 (KHTML, like Gecko) Version/17.4 Safari/605.1.15 (Applebot/0.1; +http://www.apple.com/go/applebot)"
4.227.36.73 - - [20/Jan/2025:01:18:35 -0500] "GET /profile/book24/services/?amp%3Bamp%3Bamp%3Bamp%3Bamp%3Bamp%3Bamp%3Bamp%3Bset_currency=usd&amp%3Bamp%3Bamp%3Bamp%3Bamp%3Bamp%3Bamp%3Bset_currency=usd&amp%3Bamp%3Bamp%3Bamp%3Bamp%3Bamp%3Bpage=3&amp%3Bamp%3Bamp%3Bamp%3Bamp%3Bamp%3Bset_currency=usd&amp%3Bamp%3Bamp%3Bamp%3Bamp%3Bpage=2&amp%3Bamp%3Bamp%3Bamp%3Bamp%3Bset_currency=gbp&amp%3Bamp%3Bamp%3Bamp%3Bpage=2&amp%3Bamp%3Bamp%3Bpage=3&amp%3Bamp%3Bset_currency=gbp&amp%3Bset_currency=usd&type=tour HTTP/1.1" 403 0 "-" "Mozilla/5.0 AppleWebKit/537.36 (KHTML, like Gecko; compatible; GPTBot/1.2; +https://openai.com/gptbot)"
17.241.219.133 - - [20/Jan/2025:01:18:34 -0500] "GET /public/profile/book24/services?lokasie=/var/softaculous/pluxml/pluxml.zip&loknya=/var/softaculous/pluxml HTTP/1.1" 200 1973 "-" "Mozilla/5.0 (Macintosh; Intel Mac OS X 10_15_7) AppleWebKit/605.1.15 (KHTML, like Gecko) Version/17.4 Safari/605.1.15 (Applebot/0.1; +http://www.apple.com/go/applebot)"
4.227.36.73 - - [20/Jan/2025:01:18:37 -0500] "GET /profile/book24/services/?amp%3Bamp%3Bamp%3Bamp%3Bamp%3Bamp%3Bamp%3Bamp%3Bset_currency=usd&amp%3Bamp%3Bamp%3Bamp%3Bamp%3Bamp%3Bamp%3Bset_currency=usd&amp%3Bamp%3Bamp%3Bamp%3Bamp%3Bamp%3Bpage=3&amp%3Bamp%3Bamp%3Bamp%3Bamp%3Bamp%3Bset_currency=usd&amp%3Bamp%3Bamp%3Bamp%3Bamp%3Bpage=2&amp%3Bamp%3Bamp%3Bamp%3Bamp%3Bset_currency=gbp&amp%3Bamp%3Bamp%3Bamp%3Bpage=3&amp%3Bamp%3Bamp%3Bpage=3&amp%3Bamp%3Bset_currency=usd&amp%3Bset_currency=usd&type=tour HTTP/1.1" 403 0 "-" "Mozilla/5.0 AppleWebKit/537.36 (KHTML, like Gecko; compatible; GPTBot/1.2; +https://openai.com/gptbot)"
17.241.219.133 - - [20/Jan/2025:01:18:38 -0500] "GET /public/profile/55?lokasie=/proc/self/timens_offsets&loknya=/proc/self HTTP/1.1" 200 1991 "-" "Mozilla/5.0 (Macintosh; Intel Mac OS X 10_15_7) AppleWebKit/605.1.15 (KHTML, like Gecko) Version/17.4 Safari/605.1.15 (Applebot/0.1; +http://www.apple.com/go/applebot)"
4.227.36.73 - - [20/Jan/2025:01:18:41 -0500] "GET /profile/book24/services/?amp%3Bamp%3Bamp%3Bamp%3Bamp%3Bamp%3Bamp%3Bamp%3Bset_currency=usd&amp%3Bamp%3Bamp%3Bamp%3Bamp%3Bamp%3Bamp%3Bset_currency=usd&amp%3Bamp%3Bamp%3Bamp%3Bamp%3Bamp%3Bpage=3&amp%3Bamp%3Bamp%3Bamp%3Bamp%3Bamp%3Bset_currency=usd&amp%3Bamp%3Bamp%3Bamp%3Bamp%3Bpage=2&amp%3Bamp%3Bamp%3Bamp%3Bamp%3Bset_currency=gbp&amp%3Bamp%3Bamp%3Bamp%3Bset_currency=usd&amp%3Bamp%3Bamp%3Bset_currency=gbp&amp%3Bamp%3Bpage=2&amp%3Bpage=3&type=tour HTTP/1.1" 403 0 "-" "Mozilla/5.0 AppleWebKit/537.36 (KHTML, like Gecko; compatible; GPTBot/1.2; +https://openai.com/gptbot)"
4.227.36.73 - - [20/Jan/2025:01:18:43 -0500] "GET /space/?_layout=map&amp%3Bamp%3Bamp%3B_ajax=1&amp%3Bamp%3Bamp%3Bamp%3B_ajax=1&amp%3Bamp%3Bamp%3Bamp%3Bamp%3Bamp%3Bamp%3Bamp%3B_ajax=1&amp%3Bamp%3Bamp%3Bamp%3Bamp%3Bamp%3Bamp%3Bamp%3Bpage=2&amp%3Bamp%3Bamp%3Bamp%3Bamp%3Bamp%3Bamp%3Bset_currency=gbp&amp%3Bamp%3Bamp%3Bamp%3Bamp%3Bamp%3Bset_currency=gbp&amp%3Bamp%3Bamp%3Bamp%3Bamp%3Bset_currency=gbp&amp%3Bamp%3Bamp%3Bamp%3Bpage=2&amp%3Bamp%3Bamp%3Bpage=2&amp%3Bamp%3Bset_currency=gbp&amp%3Bset_currency=gbp HTTP/1.1" 403 0 "-" "Mozilla/5.0 AppleWebKit/537.36 (KHTML, like Gecko; compatible; GPTBot/1.2; +https://openai.com/gptbot)"
17.241.219.133 - - [20/Jan/2025:01:18:41 -0500] "GET /public/hotel/legend-hotel-lagos-airport-curio-collection-by-hilton?lokasie=/lib64//libffi.so.6&loknya=/lib64/ HTTP/1.1" 200 1945 "-" "Mozilla/5.0 (Macintosh; Intel Mac OS X 10_15_7) AppleWebKit/605.1.15 (KHTML, like Gecko) Version/17.4 Safari/605.1.15 (Applebot/0.1; +http://www.apple.com/go/applebot)"
17.241.219.133 - - [20/Jan/2025:01:18:44 -0500] "GET /public/profile/book24/services?lokasie=/home/wavevlvu/lscache/0/8/5/085c78ef23b2e491&loknya=/home/wavevlvu/lscache/0/8/5 HTTP/1.1" 200 2001 "-" "Mozilla/5.0 (Macintosh; Intel Mac OS X 10_15_7) AppleWebKit/605.1.15 (KHTML, like Gecko) Version/17.4 Safari/605.1.15 (Applebot/0.1; +http://www.apple.com/go/applebot)"
4.227.36.73 - - [20/Jan/2025:01:18:47 -0500] "GET /profile/book24/services/?amp%3Bamp%3Bamp%3Bamp%3Bamp%3Bamp%3Bamp%3Bamp%3Bset_currency=usd&amp%3Bamp%3Bamp%3Bamp%3Bamp%3Bamp%3Bamp%3Bset_currency=usd&amp%3Bamp%3Bamp%3Bamp%3Bamp%3Bamp%3Bpage=3&amp%3Bamp%3Bamp%3Bamp%3Bamp%3Bamp%3Bset_currency=usd&amp%3Bamp%3Bamp%3Bamp%3Bamp%3Bpage=2&amp%3Bamp%3Bamp%3Bamp%3Bamp%3Bset_currency=gbp&amp%3Bamp%3Bamp%3Bamp%3Bpage=1&amp%3Bamp%3Bamp%3Bset_currency=usd&amp%3Bamp%3Bset_currency=gbp&amp%3Bpage=2&type=tour HTTP/1.1" 403 0 "-" "Mozilla/5.0 AppleWebKit/537.36 (KHTML, like Gecko; compatible; GPTBot/1.2; +https://openai.com/gptbot)"
17.241.219.133 - - [20/Jan/2025:01:18:47 -0500] "GET /public/profile/60?lokasie=/usr/lib64/python3.8/sysconfig.py&loknya=/usr/lib64/python3.8 HTTP/1.1" 200 10596 "-" "Mozilla/5.0 (Macintosh; Intel Mac OS X 10_15_7) AppleWebKit/605.1.15 (KHTML, like Gecko) Version/17.4 Safari/605.1.15 (Applebot/0.1; +http://www.apple.com/go/applebot)"
4.227.36.73 - - [20/Jan/2025:01:18:50 -0500] "GET /profile/book24/services/?amp%3Bamp%3Bamp%3Bamp%3Bamp%3Bamp%3Bamp%3Bamp%3Bset_currency=usd&amp%3Bamp%3Bamp%3Bamp%3Bamp%3Bamp%3Bamp%3Bset_currency=usd&amp%3Bamp%3Bamp%3Bamp%3Bamp%3Bamp%3Bpage=3&amp%3Bamp%3Bamp%3Bamp%3Bamp%3Bamp%3Bset_currency=usd&amp%3Bamp%3Bamp%3Bamp%3Bamp%3Bpage=2&amp%3Bamp%3Bamp%3Bamp%3Bamp%3Bset_currency=gbp&amp%3Bamp%3Bamp%3Bamp%3Bpage=3&amp%3Bamp%3Bamp%3Bset_currency=usd&amp%3Bamp%3Bset_currency=usd&amp%3Bpage=3&type=tour HTTP/1.1" 403 0 "-" "Mozilla/5.0 AppleWebKit/537.36 (KHTML, like Gecko; compatible; GPTBot/1.2; +https://openai.com/gptbot)"
4.227.36.73 - - [20/Jan/2025:01:18:52 -0500] "GET /profile/book24/services/?amp%3Bamp%3Bamp%3Bamp%3Bamp%3Bamp%3Bamp%3Bamp%3Bset_currency=usd&amp%3Bamp%3Bamp%3Bamp%3Bamp%3Bamp%3Bamp%3Bset_currency=usd&amp%3Bamp%3Bamp%3Bamp%3Bamp%3Bamp%3Bpage=3&amp%3Bamp%3Bamp%3Bamp%3Bamp%3Bamp%3Bset_currency=usd&amp%3Bamp%3Bamp%3Bamp%3Bamp%3Bpage=2&amp%3Bamp%3Bamp%3Bamp%3Bamp%3Bset_currency=gbp&amp%3Bamp%3Bamp%3Bamp%3Bpage=1&amp%3Bamp%3Bamp%3Bset_currency=gbp&amp%3Bamp%3Bset_currency=gbp&amp%3Bpage=2&type=tour HTTP/1.1" 403 0 "-" "Mozilla/5.0 AppleWebKit/537.36 (KHTML, like Gecko; compatible; GPTBot/1.2; +https://openai.com/gptbot)"
17.241.75.83 - - [20/Jan/2025:01:18:51 -0500] "GET /public/boat/25-seater-boat-120khr?loknya=/home/wavevlvu/lscache/6/4/c HTTP/1.1" 200 4435 "-" "Mozilla/5.0 (Macintosh; Intel Mac OS X 10_15_7) AppleWebKit/605.1.15 (KHTML, like Gecko) Version/17.4 Safari/605.1.15 (Applebot/0.1; +http://www.apple.com/go/applebot)"
17.241.219.83 - - [20/Jan/2025:01:18:54 -0500] "GET /public/space/miniflat-shortlet-in-lekki-phase-1?lokasie=%2Fhome%2Fwavevlvu%2Fbook24.ng%2Fpublic%2Fmodule%2Fspace%2Fcss%2Floop.css&loknya=%2Fhome%2Fwavevlvu%2Fbook24.ng%2Fpublic%2Fmodule%2Fspace%2Fcss&set_currency=gbp HTTP/1.1" 200 3234 "-" "Mozilla/5.0 (Macintosh; Intel Mac OS X 10_15_7) AppleWebKit/605.1.15 (KHTML, like Gecko) Version/17.4 Safari/605.1.15 (Applebot/0.1; +http://www.apple.com/go/applebot)"
4.227.36.73 - - [20/Jan/2025:01:18:57 -0500] "GET /profile/book24/services/?amp%3Bamp%3Bamp%3Bamp%3Bamp%3Bamp%3Bamp%3Bamp%3Bset_currency=usd&amp%3Bamp%3Bamp%3Bamp%3Bamp%3Bamp%3Bamp%3Bset_currency=usd&amp%3Bamp%3Bamp%3Bamp%3Bamp%3Bamp%3Bpage=3&amp%3Bamp%3Bamp%3Bamp%3Bamp%3Bamp%3Bset_currency=usd&amp%3Bamp%3Bamp%3Bamp%3Bamp%3Bpage=2&amp%3Bamp%3Bamp%3Bamp%3Bamp%3Bset_currency=gbp&amp%3Bamp%3Bamp%3Bamp%3Bpage=2&amp%3Bamp%3Bamp%3Bset_currency=gbp&amp%3Bamp%3Bset_currency=gbp&amp%3Bpage=1&type=tour HTTP/1.1" 403 0 "-" "Mozilla/5.0 AppleWebKit/537.36 (KHTML, like Gecko; compatible; GPTBot/1.2; +https://openai.com/gptbot)"
4.227.36.73 - - [20/Jan/2025:01:18:58 -0500] "GET /profile/book24/services/?amp%3Bamp%3Bamp%3Bamp%3Bamp%3Bamp%3Bamp%3Bamp%3Bset_currency=usd&amp%3Bamp%3Bamp%3Bamp%3Bamp%3Bamp%3Bamp%3Bset_currency=usd&amp%3Bamp%3Bamp%3Bamp%3Bamp%3Bamp%3Bpage=3&amp%3Bamp%3Bamp%3Bamp%3Bamp%3Bamp%3Bset_currency=usd&amp%3Bamp%3Bamp%3Bamp%3Bamp%3Bpage=2&amp%3Bamp%3Bamp%3Bamp%3Bamp%3Bset_currency=gbp&amp%3Bamp%3Bamp%3Bamp%3Bset_currency=usd&amp%3Bamp%3Bamp%3Bset_currency=usd&amp%3Bamp%3Bpage=2&amp%3Bpage=2&type=tour HTTP/1.1" 403 0 "-" "Mozilla/5.0 AppleWebKit/537.36 (KHTML, like Gecko; compatible; GPTBot/1.2; +https://openai.com/gptbot)"
17.241.219.83 - - [20/Jan/2025:01:18:57 -0500] "GET /public/boat/25-seater-boat-120khr?lokasie=/home/wavevlvu/lscache/0/0/f/00fc9aa4d2569b67&loknya=/home/wavevlvu/lscache/0/0/f HTTP/1.1" 200 1999 "-" "Mozilla/5.0 (Macintosh; Intel Mac OS X 10_15_7) AppleWebKit/605.1.15 (KHTML, like Gecko) Version/17.4 Safari/605.1.15 (Applebot/0.1; +http://www.apple.com/go/applebot)"
4.227.36.73 - - [20/Jan/2025:01:19:02 -0500] "GET /profile/book24/services/?amp%3Bamp%3Bamp%3Bamp%3Bamp%3Bamp%3Bamp%3Bamp%3Bset_currency=usd&amp%3Bamp%3Bamp%3Bamp%3Bamp%3Bamp%3Bamp%3Bset_currency=usd&amp%3Bamp%3Bamp%3Bamp%3Bamp%3Bamp%3Bpage=3&amp%3Bamp%3Bamp%3Bamp%3Bamp%3Bamp%3Bset_currency=usd&amp%3Bamp%3Bamp%3Bamp%3Bamp%3Bpage=2&amp%3Bamp%3Bamp%3Bamp%3Bamp%3Bset_currency=gbp&amp%3Bamp%3Bamp%3Bamp%3Bpage=1&amp%3Bamp%3Bamp%3Bset_currency=usd&amp%3Bamp%3Bset_currency=gbp&amp%3Bpage=3&type=tour HTTP/1.1" 403 0 "-" "Mozilla/5.0 AppleWebKit/537.36 (KHTML, like Gecko; compatible; GPTBot/1.2; +https://openai.com/gptbot)"
17.241.219.83 - - [20/Jan/2025:01:19:00 -0500] "GET /public/car/ford-edge?lokasie=/lib64/libisccc.so.161&loknya=/lib64 HTTP/1.1" 200 1951 "-" "Mozilla/5.0 (Macintosh; Intel Mac OS X 10_15_7) AppleWebKit/605.1.15 (KHTML, like Gecko) Version/17.4 Safari/605.1.15 (Applebot/0.1; +http://www.apple.com/go/applebot)"
4.227.36.73 - - [20/Jan/2025:01:19:04 -0500] "GET /profile/book24/services/?amp%3Bamp%3Bamp%3Bamp%3Bamp%3Bamp%3Bamp%3Bamp%3Bset_currency=usd&amp%3Bamp%3Bamp%3Bamp%3Bamp%3Bamp%3Bamp%3Bset_currency=usd&amp%3Bamp%3Bamp%3Bamp%3Bamp%3Bamp%3Bpage=3&amp%3Bamp%3Bamp%3Bamp%3Bamp%3Bamp%3Bset_currency=usd&amp%3Bamp%3Bamp%3Bamp%3Bamp%3Bpage=2&amp%3Bamp%3Bamp%3Bamp%3Bamp%3Bset_currency=gbp&amp%3Bamp%3Bamp%3Bamp%3Bpage=2&amp%3Bamp%3Bamp%3Bset_currency=gbp&amp%3Bamp%3Bpage=1&amp%3Bset_currency=usd&type=tour HTTP/1.1" 403 0 "-" "Mozilla/5.0 AppleWebKit/537.36 (KHTML, like Gecko; compatible; GPTBot/1.2; +https://openai.com/gptbot)"
17.241.219.83 - - [20/Jan/2025:01:19:03 -0500] "GET /public/tour/lekki-city-tour?lokasie=/lib64/libgsm.so.1&loknya=/lib64 HTTP/1.1" 200 1947 "-" "Mozilla/5.0 (Macintosh; Intel Mac OS X 10_15_7) AppleWebKit/605.1.15 (KHTML, like Gecko) Version/17.4 Safari/605.1.15 (Applebot/0.1; +http://www.apple.com/go/applebot)"
4.227.36.73 - - [20/Jan/2025:01:19:06 -0500] "GET /profile/book24/services/?amp%3Bamp%3Bamp%3Bamp%3Bamp%3Bamp%3Bamp%3Bamp%3Bset_currency=usd&amp%3Bamp%3Bamp%3Bamp%3Bamp%3Bamp%3Bamp%3Bset_currency=usd&amp%3Bamp%3Bamp%3Bamp%3Bamp%3Bamp%3Bpage=3&amp%3Bamp%3Bamp%3Bamp%3Bamp%3Bamp%3Bset_currency=usd&amp%3Bamp%3Bamp%3Bamp%3Bamp%3Bpage=2&amp%3Bamp%3Bamp%3Bamp%3Bamp%3Bset_currency=gbp&amp%3Bamp%3Bamp%3Bamp%3Bpage=2&amp%3Bamp%3Bamp%3Bpage=3&amp%3Bamp%3Bset_currency=gbp&amp%3Bset_currency=gbp&type=tour HTTP/1.1" 403 0 "-" "Mozilla/5.0 AppleWebKit/537.36 (KHTML, like Gecko; compatible; GPTBot/1.2; +https://openai.com/gptbot)"
3.22.249.135 - - [20/Jan/2025:01:19:08 -0500] "GET /robots.txt HTTP/1.1" 200 136 "-" "Mozilla/5.0 AppleWebKit/537.36 (KHTML, like Gecko; compatible; ClaudeBot/1.0; +claudebot@anthropic.com)"
17.241.219.83 - - [20/Jan/2025:01:19:06 -0500] "GET /public/tour/visit-kigali-this-easter-620k?lokasie=/lib64/gconv/CP1252.so&loknya=/lib64/gconv HTTP/1.1" 200 1963 "-" "Mozilla/5.0 (Macintosh; Intel Mac OS X 10_15_7) AppleWebKit/605.1.15 (KHTML, like Gecko) Version/17.4 Safari/605.1.15 (Applebot/0.1; +http://www.apple.com/go/applebot)"
4.227.36.73 - - [20/Jan/2025:01:19:10 -0500] "GET /profile/book24/services/?amp%3Bamp%3Bamp%3Bamp%3Bamp%3Bamp%3Bamp%3Bset_currency=usd&amp%3Bamp%3Bamp%3Bamp%3Bamp%3Bamp%3Bset_currency=usd&amp%3Bamp%3Bamp%3Bamp%3Bamp%3Bpage=3&amp%3Bamp%3Bamp%3Bamp%3Bamp%3Bset_currency=usd&amp%3Bamp%3Bamp%3Bamp%3Bpage=2&amp%3Bamp%3Bamp%3Bamp%3Bset_currency=gbp&amp%3Bamp%3Bamp%3Bpage=2&amp%3Bamp%3Bamp%3Bset_currency=gbp&amp%3Bamp%3Bpage=3&amp%3Bpage=3&amp%3Bset_currency=gbp&set_currency=gbp&type=tour HTTP/1.1" 403 0 "-" "Mozilla/5.0 AppleWebKit/537.36 (KHTML, like Gecko; compatible; GPTBot/1.2; +https://openai.com/gptbot)"
3.22.249.135 - - [20/Jan/2025:01:19:08 -0500] "GET /public/index.php/space/westwing?lokasie=%2Fvar%2Fsoftaculous%2Ftypo7%2Ffile_.htaccess&loknya=%2Fvar%2Fsoftaculous%2Ftypo7 HTTP/1.1" 200 1967 "-" "Mozilla/5.0 AppleWebKit/537.36 (KHTML, like Gecko; compatible; ClaudeBot/1.0; +claudebot@anthropic.com)"
17.241.219.83 - - [20/Jan/2025:01:19:09 -0500] "GET /public/?lokasie=/usr/bin/rview&loknya=/usr/bin HTTP/1.1" 200 1954 "-" "Mozilla/5.0 (Macintosh; Intel Mac OS X 10_15_7) AppleWebKit/605.1.15 (KHTML, like Gecko) Version/17.4 Safari/605.1.15 (Applebot/0.1; +http://www.apple.com/go/applebot)"
4.227.36.73 - - [20/Jan/2025:01:19:13 -0500] "GET /profile/book24/services/?amp%3Bamp%3Bamp%3Bamp%3Bamp%3Bamp%3Bamp%3Bamp%3Bset_currency=usd&amp%3Bamp%3Bamp%3Bamp%3Bamp%3Bamp%3Bamp%3Bset_currency=usd&amp%3Bamp%3Bamp%3Bamp%3Bamp%3Bamp%3Bpage=3&amp%3Bamp%3Bamp%3Bamp%3Bamp%3Bamp%3Bset_currency=usd&amp%3Bamp%3Bamp%3Bamp%3Bamp%3Bpage=2&amp%3Bamp%3Bamp%3Bamp%3Bamp%3Bset_currency=gbp&amp%3Bamp%3Bamp%3Bamp%3Bset_currency=usd&amp%3Bamp%3Bamp%3Bpage=3&amp%3Bamp%3Bset_currency=gbp&amp%3Bpage=2&type=tour HTTP/1.1" 403 0 "-" "Mozilla/5.0 AppleWebKit/537.36 (KHTML, like Gecko; compatible; GPTBot/1.2; +https://openai.com/gptbot)"
3.22.249.135 - - [20/Jan/2025:01:19:11 -0500] "GET /public/hotel/247-luxury-hotel?lokasie=%2Flib%2Fnode_modules%2Fnpm%2Fman%2Fman7%2Ffutex.7.gz&loknya=%2Flib%2Fnode_modules%2Fnpm%2Fman%2Fman7 HTTP/1.1" 200 1768 "-" "Mozilla/5.0 AppleWebKit/537.36 (KHTML, like Gecko; compatible; ClaudeBot/1.0; +claudebot@anthropic.com)"
17.241.219.83 - - [20/Jan/2025:01:19:12 -0500] "GET /public/profile/book24/services?lokasie=/var/softaculous/krayin/edit.php&loknya=/var/softaculous/krayin HTTP/1.1" 200 5557 "-" "Mozilla/5.0 (Macintosh; Intel Mac OS X 10_15_7) AppleWebKit/605.1.15 (KHTML, like Gecko) Version/17.4 Safari/605.1.15 (Applebot/0.1; +http://www.apple.com/go/applebot)"
3.144.242.84 - - [20/Jan/2025:01:19:12 -0500] "GET /public/index.php/space/westwing?lokasie=%2Fvar%2Fsoftaculous%2Fmoodle44%2Fmoodle44.zip&loknya=%2Fvar%2Fsoftaculous%2Fmoodle44 HTTP/1.1" 200 1746 "-" "Mozilla/5.0 AppleWebKit/537.36 (KHTML, like Gecko; compatible; ClaudeBot/1.0; +claudebot@anthropic.com)"
18.118.144.50 - - [20/Jan/2025:01:19:13 -0500] "GET /public/index.php/space/westwing?lokasie=%2Flib%2Fgrub%2Fi386-pc%2Fpassword_pbkdf2.mod&loknya=%2Flib%2Fgrub%2Fi386-pc HTTP/1.1" 200 1751 "-" "Mozilla/5.0 AppleWebKit/537.36 (KHTML, like Gecko; compatible; ClaudeBot/1.0; +claudebot@anthropic.com)"
4.227.36.73 - - [20/Jan/2025:01:19:16 -0500] "GET /profile/book24/services/?amp%3Bamp%3Bamp%3Bamp%3Bamp%3Bamp%3Bamp%3Bamp%3Bset_currency=usd&amp%3Bamp%3Bamp%3Bamp%3Bamp%3Bamp%3Bamp%3Bset_currency=usd&amp%3Bamp%3Bamp%3Bamp%3Bamp%3Bamp%3Bpage=3&amp%3Bamp%3Bamp%3Bamp%3Bamp%3Bamp%3Bset_currency=usd&amp%3Bamp%3Bamp%3Bamp%3Bamp%3Bpage=2&amp%3Bamp%3Bamp%3Bamp%3Bamp%3Bset_currency=gbp&amp%3Bamp%3Bamp%3Bamp%3Bpage=2&amp%3Bamp%3Bamp%3Bset_currency=usd&amp%3Bamp%3Bpage=3&amp%3Bset_currency=gbp&type=tour HTTP/1.1" 403 0 "-" "Mozilla/5.0 AppleWebKit/537.36 (KHTML, like Gecko; compatible; GPTBot/1.2; +https://openai.com/gptbot)"
3.22.249.135 - - [20/Jan/2025:01:19:14 -0500] "GET /public/hotel/247-luxury-hotel?lokasie=%2Flib%2Fnode_modules%2Fnpm%2Fman%2Fman7%2Fbootup.7.gz&loknya=%2Flib%2Fnode_modules%2Fnpm%2Fman%2Fman7 HTTP/1.1" 200 1769 "-" "Mozilla/5.0 AppleWebKit/537.36 (KHTML, like Gecko; compatible; ClaudeBot/1.0; +claudebot@anthropic.com)"
3.129.70.138 - - [20/Jan/2025:01:19:14 -0500] "GET /public/index.php/space/westwing?lokasie=%2Fvar%2Fsoftaculous%2Fwp_plugins%2Fspeedycache.zip&loknya=%2Fvar%2Fsoftaculous%2Fwp_plugins HTTP/1.1" 200 1753 "-" "Mozilla/5.0 AppleWebKit/537.36 (KHTML, like Gecko; compatible; ClaudeBot/1.0; +claudebot@anthropic.com)"
3.144.242.84 - - [20/Jan/2025:01:19:15 -0500] "GET /public/index.php/space/westwing?lokasie=%2Fvar%2Fsoftaculous%2Fatlantis%2Fupdate_pass.php&loknya=%2Fvar%2Fsoftaculous%2Fatlantis HTTP/1.1" 200 2101 "-" "Mozilla/5.0 AppleWebKit/537.36 (KHTML, like Gecko; compatible; ClaudeBot/1.0; +claudebot@anthropic.com)"
17.241.75.102 - - [20/Jan/2025:01:19:16 -0500] "GET /public/hotel/camas-hotel-suite?lokasie=/bin/mkfifo&loknya=/bin HTTP/1.1" 200 1941 "-" "Mozilla/5.0 (Macintosh; Intel Mac OS X 10_15_7) AppleWebKit/605.1.15 (KHTML, like Gecko) Version/17.4 Safari/605.1.15 (Applebot/0.1; +http://www.apple.com/go/applebot)"
13.58.73.59 - - [20/Jan/2025:01:19:16 -0500] "GET /public/index.php/space/westwing?lokasie=%2Fhome%2Fwavevlvu%2Fblog.diixadigital.com%2Fwp-content%2Fthemes%2Frubik%2Fjs%2Fjquery.fs.tipper.js&loknya=%2Fhome%2Fwavevlvu%2Fblog.diixadigital.com%2Fwp-content%2Fthemes%2Frubik%2Fjs HTTP/1.1" 200 3694 "-" "Mozilla/5.0 AppleWebKit/537.36 (KHTML, like Gecko; compatible; ClaudeBot/1.0; +claudebot@anthropic.com)"
4.227.36.73 - - [20/Jan/2025:01:19:19 -0500] "GET /profile/book24/services/?amp%3Bamp%3Bamp%3Bamp%3Bamp%3Bamp%3Bamp%3Bamp%3Bset_currency=usd&amp%3Bamp%3Bamp%3Bamp%3Bamp%3Bamp%3Bamp%3Bset_currency=usd&amp%3Bamp%3Bamp%3Bamp%3Bamp%3Bamp%3Bpage=3&amp%3Bamp%3Bamp%3Bamp%3Bamp%3Bamp%3Bset_currency=usd&amp%3Bamp%3Bamp%3Bamp%3Bamp%3Bpage=2&amp%3Bamp%3Bamp%3Bamp%3Bamp%3Bset_currency=gbp&amp%3Bamp%3Bamp%3Bamp%3Bpage=2&amp%3Bamp%3Bamp%3Bset_currency=usd&amp%3Bamp%3Bset_currency=usd&amp%3Bpage=3&type=tour HTTP/1.1" 403 0 "-" "Mozilla/5.0 AppleWebKit/537.36 (KHTML, like Gecko; compatible; GPTBot/1.2; +https://openai.com/gptbot)"
3.135.207.254 - - [20/Jan/2025:01:19:16 -0500] "GET /public/hotel/247-luxury-hotel?lokasie=%2Fhome%2Fwavevlvu%2F.%2Fbook24.ng%2Fvendor%2Fezyang%2Fhtmlpurifier%2Flibrary%2FHTMLPurifier%2FVarParserException.php&loknya=%2Fhome%2Fwavevlvu%2F.%2Fbook24.ng%2Fvendor%2Fezyang%2Fhtmlpurifier%2Flibrary%2FHTMLPurifier HTTP/1.1" 200 1899 "-" "Mozilla/5.0 AppleWebKit/537.36 (KHTML, like Gecko; compatible; ClaudeBot/1.0; +claudebot@anthropic.com)"
3.129.70.138 - - [20/Jan/2025:01:19:16 -0500] "GET /public/index.php/tour/valentine-in-seychelles-600kperson?lokasie=%2Fopt%2Falt%2Fruby32%2Fshare%2Fruby%2Freline.rb&loknya=%2Fopt%2Falt%2Fruby32%2Fshare%2Fruby HTTP/1.1" 200 6319 "-" "Mozilla/5.0 AppleWebKit/537.36 (KHTML, like Gecko; compatible; ClaudeBot/1.0; +claudebot@anthropic.com)"
3.22.249.135 - - [20/Jan/2025:01:19:17 -0500] "GET /public/hotel/247-luxury-hotel?lokasie=%2Flib%2Fnode_modules%2Fnpm%2Fman%2Fman1p%2Fmake.1p.gz&loknya=%2Flib%2Fnode_modules%2Fnpm%2Fman%2Fman1p HTTP/1.1" 200 1771 "-" "Mozilla/5.0 AppleWebKit/537.36 (KHTML, like Gecko; compatible; ClaudeBot/1.0; +claudebot@anthropic.com)"
3.22.242.84 - - [20/Jan/2025:01:19:17 -0500] "GET /public/index.php/space/westwing?lokasie=%2Fvar%2Fsoftaculous%2Fbuggenie%2Fedit.php&loknya=%2Fvar%2Fsoftaculous%2Fbuggenie HTTP/1.1" 200 5905 "-" "Mozilla/5.0 AppleWebKit/537.36 (KHTML, like Gecko; compatible; ClaudeBot/1.0; +claudebot@anthropic.com)"
3.143.4.178 - - [20/Jan/2025:01:19:18 -0500] "GET /public/index.php/car/ford-explorer?loknya=%2Flib%2Fmodules%2F4.18.0-553.lve.el8.x86_64%2Fkernel%2Ffs%2Fnfs HTTP/1.1" 200 2419 "-" "Mozilla/5.0 AppleWebKit/537.36 (KHTML, like Gecko; compatible; ClaudeBot/1.0; +claudebot@anthropic.com)"
3.144.242.84 - - [20/Jan/2025:01:19:18 -0500] "GET /public/index.php/tour/couple-romantic-weekend-getaway-250kcouple?lokasie=%2Fproc%2Fthread-self%2Froot%2Fhome%2Fwavevlvu%2Fdiixadigital.com%2Fwp-admin%2Fcss%2Fthemes-rtl.min.css&loknya=%2Fproc%2Fthread-self%2Froot%2Fhome%2Fwavevlvu%2Fdiixadigital.com%2Fwp-admin%2Fcss HTTP/1.1" 200 8397 "-" "Mozilla/5.0 AppleWebKit/537.36 (KHTML, like Gecko; compatible; ClaudeBot/1.0; +claudebot@anthropic.com)"
3.145.2.6 - - [20/Jan/2025:01:19:18 -0500] "GET /public/index.php/space/westwing?lokasie=%2Flib64%2F%2Flibplds4.so&loknya=%2Flib64%2F HTTP/1.1" 200 1722 "-" "Mozilla/5.0 AppleWebKit/537.36 (KHTML, like Gecko; compatible; ClaudeBot/1.0; +claudebot@anthropic.com)"
13.58.73.59 - - [20/Jan/2025:01:19:18 -0500] "GET /public/index.php/tour/couple-romantic-weekend-getaway-250kcouple?lokasie=%2Fproc%2Fthread-self%2Froot%2Fusr%2Flib64%2Fpython2.7%2FDemo%2Fsockets%2Funixserver.pyo&loknya=%2Fproc%2Fthread-self%2Froot%2Fusr%2Flib64%2Fpython2.7%2FDemo%2Fsockets HTTP/1.1" 200 1814 "-" "Mozilla/5.0 AppleWebKit/537.36 (KHTML, like Gecko; compatible; ClaudeBot/1.0; +claudebot@anthropic.com)"
4.227.36.73 - - [20/Jan/2025:01:19:21 -0500] "GET /profile/book24/services/?amp%3Bamp%3Bamp%3Bamp%3Bamp%3Bamp%3Bamp%3Bamp%3Bamp%3Bset_currency=usd&amp%3Bamp%3Bamp%3Bamp%3Bamp%3Bamp%3Bamp%3Bamp%3Bset_currency=usd&amp%3Bamp%3Bamp%3Bamp%3Bamp%3Bamp%3Bamp%3Bpage=3&amp%3Bamp%3Bamp%3Bamp%3Bamp%3Bamp%3Bamp%3Bset_currency=usd&amp%3Bamp%3Bamp%3Bamp%3Bamp%3Bamp%3Bpage=3&amp%3Bamp%3Bamp%3Bamp%3Bamp%3Bpage=2&amp%3Bamp%3Bamp%3Bamp%3Bpage=3&amp%3Bamp%3Bamp%3Bset_currency=usd&amp%3Bamp%3Bpage=1&amp%3Bpage=3&type=tour HTTP/1.1" 403 0 "-" "Mozilla/5.0 AppleWebKit/537.36 (KHTML, like Gecko; compatible; GPTBot/1.2; +https://openai.com/gptbot)"
3.145.66.195 - - [20/Jan/2025:01:19:19 -0500] "GET /public/index.php/space/westwing?loknya=%2Fvar%2Fsoftaculous%2Fpluck%2Fphp71 HTTP/1.1" 200 2251 "-" "Mozilla/5.0 AppleWebKit/537.36 (KHTML, like Gecko; compatible; ClaudeBot/1.0; +claudebot@anthropic.com)"
17.241.219.183 - - [20/Jan/2025:01:19:19 -0500] "GET /public/profile/book24/reviews?lokasie=/home/wavevlvu/blog.diixadigital.com/wp-admin/install-helper.php&loknya=/home/wavevlvu/blog.diixadigital.com/wp-admin HTTP/1.1" 200 4134 "-" "Mozilla/5.0 (Macintosh; Intel Mac OS X 10_15_7) AppleWebKit/605.1.15 (KHTML, like Gecko) Version/17.4 Safari/605.1.15 (Applebot/0.1; +http://www.apple.com/go/applebot)"
3.129.70.138 - - [20/Jan/2025:01:19:19 -0500] "GET /public/index.php/car/ford-explorer?lokasie=%2Flib%2Fmodules%2F4.18.0-553.lve.el8.x86_64%2Fkernel%2Fcrypto%2Flrw.ko.xz&loknya=%2Flib%2Fmodules%2F4.18.0-553.lve.el8.x86_64%2Fkernel%2Fcrypto HTTP/1.1" 200 1766 "-" "Mozilla/5.0 AppleWebKit/537.36 (KHTML, like Gecko; compatible; ClaudeBot/1.0; +claudebot@anthropic.com)"
3.22.242.84 - - [20/Jan/2025:01:19:20 -0500] "GET /public/index.php/space/westwing?lokasie=%2Fvar%2Fsoftaculous%2Fbuggenie%2F_upgrade.php&loknya=%2Fvar%2Fsoftaculous%2Fbuggenie HTTP/1.1" 200 3391 "-" "Mozilla/5.0 AppleWebKit/537.36 (KHTML, like Gecko; compatible; ClaudeBot/1.0; +claudebot@anthropic.com)"
3.22.249.135 - - [20/Jan/2025:01:19:20 -0500] "GET /public/hotel/247-luxury-hotel?lokasie=%2Flib%2Fnode_modules%2Fnpm%2Fman%2Fman7%2Fgitcore-tutorial.7.gz&loknya=%2Flib%2Fnode_modules%2Fnpm%2Fman%2Fman7 HTTP/1.1" 200 1775 "-" "Mozilla/5.0 AppleWebKit/537.36 (KHTML, like Gecko; compatible; ClaudeBot/1.0; +claudebot@anthropic.com)"
3.14.141.100 - - [20/Jan/2025:01:19:21 -0500] "GET /public/index.php/space/westwing?loknya=%2Fvar%2Fsoftaculous%2Fwp63%2Fimages HTTP/1.1" 200 2233 "-" "Mozilla/5.0 AppleWebKit/537.36 (KHTML, like Gecko; compatible; ClaudeBot/1.0; +claudebot@anthropic.com)"
3.145.2.6 - - [20/Jan/2025:01:19:21 -0500] "GET /public/index.php/space/westwing?lokasie=%2Flib64%2F%2Flibtk8.6.so&loknya=%2Flib64%2F HTTP/1.1" 200 1723 "-" "Mozilla/5.0 AppleWebKit/537.36 (KHTML, like Gecko; compatible; ClaudeBot/1.0; +claudebot@anthropic.com)"
3.144.242.84 - - [20/Jan/2025:01:19:21 -0500] "GET /public/event/cannabis-live-global-summit-nigeria?lokasie=%2Fopt%2Falt%2Falt-nodejs20%2Froot%2Fusr%2Flib%2Fnode_modules%2Fnpm%2Fnode_modules.bundled%2F%40isaacs%2Fcliui%2Findex.mjs&loknya=%2Fopt%2Falt%2Falt-nodejs20%2Froot%2Fusr%2Flib%2Fnode_modules%2Fnpm%2Fnode_modules.bundled%2F%40isaacs%2Fcliui HTTP/1.1" 200 1987 "-" "Mozilla/5.0 AppleWebKit/537.36 (KHTML, like Gecko; compatible; ClaudeBot/1.0; +claudebot@anthropic.com)"
3.135.205.129 - - [20/Jan/2025:01:19:22 -0500] "GET /public/index.php/space/westwing?lokasie=%2Fvar%2Fsoftaculous%2Frosariosis%2Finfo.xml&loknya=%2Fvar%2Fsoftaculous%2Frosariosis HTTP/1.1" 200 2751 "-" "Mozilla/5.0 AppleWebKit/537.36 (KHTML, like Gecko; compatible; ClaudeBot/1.0; +claudebot@anthropic.com)"
3.145.66.195 - - [20/Jan/2025:01:19:22 -0500] "GET /public/index.php/space/westwing?loknya=%2Fopt%2Falt%2Ftests%2Falt-php80-pecl-yaml_2.2.3-1.el8 HTTP/1.1" 200 2158 "-" "Mozilla/5.0 AppleWebKit/537.36 (KHTML, like Gecko; compatible; ClaudeBot/1.0; +claudebot@anthropic.com)"
17.241.219.183 - - [20/Jan/2025:01:19:22 -0500] "GET /public/profile/kimmelapartments/services?lokasie=/home/wavevlvu/diixadigital.com/wp-includes/script-modules.php&loknya=/home/wavevlvu/diixadigital.com/wp-includes HTTP/1.1" 200 3877 "-" "Mozilla/5.0 (Macintosh; Intel Mac OS X 10_15_7) AppleWebKit/605.1.15 (KHTML, like Gecko) Version/17.4 Safari/605.1.15 (Applebot/0.1; +http://www.apple.com/go/applebot)"
3.129.70.138 - - [20/Jan/2025:01:19:22 -0500] "GET /public/index.php/tour/couple-romantic-weekend-getaway-250kcouple?lokasie=%2Fproc%2Fthread-self%2Froot%2Fhome%2Fwavevlvu%2Fblog.diixadigital.com%2Fwp-includes%2Fblocks%2Fbutton.php&loknya=%2Fproc%2Fthread-self%2Froot%2Fhome%2Fwavevlvu%2Fblog.diixadigital.com%2Fwp-includes%2Fblocks HTTP/1.1" 200 2634 "-" "Mozilla/5.0 AppleWebKit/537.36 (KHTML, like Gecko; compatible; ClaudeBot/1.0; +claudebot@anthropic.com)"
3.17.110.91 - - [20/Jan/2025:01:19:23 -0500] "GET /public/index.php/space/westwing?lokasie=%2Fopt%2Falt%2Falt-nodejs18%2Fenable&loknya=%2Fopt%2Falt%2Falt-nodejs18 HTTP/1.1" 200 1896 "-" "Mozilla/5.0 AppleWebKit/537.36 (KHTML, like Gecko; compatible; ClaudeBot/1.0; +claudebot@anthropic.com)"
4.227.36.73 - - [20/Jan/2025:01:19:25 -0500] "GET /profile/book24/services/?amp%3Bamp%3Bamp%3Bamp%3Bamp%3Bamp%3Bamp%3Bamp%3Bset_currency=usd&amp%3Bamp%3Bamp%3Bamp%3Bamp%3Bamp%3Bamp%3Bset_currency=usd&amp%3Bamp%3Bamp%3Bamp%3Bamp%3Bamp%3Bpage=3&amp%3Bamp%3Bamp%3Bamp%3Bamp%3Bamp%3Bset_currency=usd&amp%3Bamp%3Bamp%3Bamp%3Bamp%3Bset_currency=usd&amp%3Bamp%3Bamp%3Bamp%3Bset_currency=gbp&amp%3Bamp%3Bamp%3Bpage=3&amp%3Bamp%3Bamp%3Bset_currency=usd&amp%3Bamp%3Bset_currency=gbp&amp%3Bpage=1&type=tour HTTP/1.1" 403 0 "-" "Mozilla/5.0 AppleWebKit/537.36 (KHTML, like Gecko; compatible; GPTBot/1.2; +https://openai.com/gptbot)"
3.22.249.135 - - [20/Jan/2025:01:19:23 -0500] "GET /public/index.php/tour/valentine-in-seychelles-600kperson?lokasie=%2Fopt%2Falt%2Fpython39%2Flib64%2Fpython3.9%2Fcode.py&loknya=%2Fopt%2Falt%2Fpython39%2Flib64%2Fpython3.9 HTTP/1.1" 200 5269 "-" "Mozilla/5.0 AppleWebKit/537.36 (KHTML, like Gecko; compatible; ClaudeBot/1.0; +claudebot@anthropic.com)"
3.147.54.52 - - [20/Jan/2025:01:19:23 -0500] "GET /public/index.php/space/westwing?loknya=%2Fvar%2Fsoftaculous%2Flivehelper%2Fimages HTTP/1.1" 200 2263 "-" "Mozilla/5.0 AppleWebKit/537.36 (KHTML, like Gecko; compatible; ClaudeBot/1.0; +claudebot@anthropic.com)"
18.118.186.185 - - [20/Jan/2025:01:19:23 -0500] "GET /public/index.php/space/westwing?loknya=%2Fvar%2Fsoftaculous%2Ffcms%2Fphp56 HTTP/1.1" 200 2288 "-" "Mozilla/5.0 AppleWebKit/537.36 (KHTML, like Gecko; compatible; ClaudeBot/1.0; +claudebot@anthropic.com)"
3.14.141.100 - - [20/Jan/2025:01:19:23 -0500] "GET /public/index.php/space/westwing?lokasie=%2Fvar%2Fsoftaculous%2Fwp62%2Fsoft.htaccess&loknya=%2Fvar%2Fsoftaculous%2Fwp62 HTTP/1.1" 200 1840 "-" "Mozilla/5.0 AppleWebKit/537.36 (KHTML, like Gecko; compatible; ClaudeBot/1.0; +claudebot@anthropic.com)"
3.145.2.6 - - [20/Jan/2025:01:19:24 -0500] "GET /public/index.php/space/westwing?lokasie=%2Flib64%2F%2Flibpsl.so.5.3.1&loknya=%2Flib64%2F HTTP/1.1" 200 1724 "-" "Mozilla/5.0 AppleWebKit/537.36 (KHTML, like Gecko; compatible; ClaudeBot/1.0; +claudebot@anthropic.com)"
3.135.205.129 - - [20/Jan/2025:01:19:24 -0500] "GET /public/index.php/tour/valentine-in-seychelles-600kperson?lokasie=%2Fopt%2Falt%2Fpython33%2Flib64%2Fpython3.3%2Fbdb.py&loknya=%2Fopt%2Falt%2Fpython33%2Flib64%2Fpython3.3 HTTP/1.1" 200 7699 "-" "Mozilla/5.0 AppleWebKit/537.36 (KHTML, like Gecko; compatible; ClaudeBot/1.0; +claudebot@anthropic.com)"
3.144.48.228 - - [20/Jan/2025:01:19:25 -0500] "GET /public/index.php/space/westwing?lokasie=%2Flib%2Fgrub%2Fi386-pc%2Fcs5536.mod&loknya=%2Flib%2Fgrub%2Fi386-pc HTTP/1.1" 200 1745 "-" "Mozilla/5.0 AppleWebKit/537.36 (KHTML, like Gecko; compatible; ClaudeBot/1.0; +claudebot@anthropic.com)"
3.145.66.195 - - [20/Jan/2025:01:19:25 -0500] "GET /public/index.php/space/westwing?loknya=%2Fopt%2Falt%2Ftests%2Falt-php84-pecl-uuid_1.2.0-1.el8 HTTP/1.1" 200 2153 "-" "Mozilla/5.0 AppleWebKit/537.36 (KHTML, like Gecko; compatible; ClaudeBot/1.0; +claudebot@anthropic.com)"
3.17.110.91 - - [20/Jan/2025:01:19:25 -0500] "GET /public/index.php/tour/valentine-in-seychelles-600kperson?lokasie=%2Flib%2Fsystemd%2Fsystem%2F%2Fsystem-update-pre.target&loknya=%2Flib%2Fsystemd%2Fsystem%2F HTTP/1.1" 200 2037 "-" "Mozilla/5.0 AppleWebKit/537.36 (KHTML, like Gecko; compatible; ClaudeBot/1.0; +claudebot@anthropic.com)"
3.129.70.138 - - [20/Jan/2025:01:19:26 -0500] "GET /public/tour/osun-3-day-tour-osun-sacred-shrine-erin-ijesha-waterfall-nike-art-gallery-ataoja-oshogbo-palace?lokasie=%2Fproc%2Fthread-self%2Froot%2Fproc%2Fthread-self%2Froot%2Fhome%2Fwavevlvu%2Flscache%2F3%2F9%2F7%2F397f80a64ab10d2f&loknya=%2Fproc%2Fthread-self%2Froot%2Fproc%2Fthread-self%2Froot%2Fhome%2Fwavevlvu%2Flscache%2F3%2F9%2F7 HTTP/1.1" 200 1832 "-" "Mozilla/5.0 AppleWebKit/537.36 (KHTML, like Gecko; compatible; ClaudeBot/1.0; +claudebot@anthropic.com)"
18.218.94.236 - - [20/Jan/2025:01:19:26 -0500] "GET /public/index.php/space/westwing?loknya=%2Fvar%2Fsoftaculous%2Fpluck%2Fphp82 HTTP/1.1" 200 2250 "-" "Mozilla/5.0 AppleWebKit/537.36 (KHTML, like Gecko; compatible; ClaudeBot/1.0; +claudebot@anthropic.com)"
3.22.249.135 - - [20/Jan/2025:01:19:26 -0500] "GET /public/index.php/tour/couple-romantic-weekend-getaway-250kcouple?loknya=%2Fproc%2Fthread-self%2Froot%2Fusr%2Flib%2Fmodules%2F4.18.0-513.18.1.lve.el8.x86_64%2Fkernel%2Fnet HTTP/1.1" 200 3114 "-" "Mozilla/5.0 AppleWebKit/537.36 (KHTML, like Gecko; compatible; ClaudeBot/1.0; +claudebot@anthropic.com)"
17.241.75.161 - - [20/Jan/2025:01:19:26 -0500] "GET /public/space/wp/index.php?loknya=/home/wavevlvu/book24.ng/modules/Tour/Views HTTP/1.1" 200 2582 "-" "Mozilla/5.0 (Macintosh; Intel Mac OS X 10_15_7) AppleWebKit/605.1.15 (KHTML, like Gecko) Version/17.4 Safari/605.1.15 (Applebot/0.1; +http://www.apple.com/go/applebot)"
18.118.186.185 - - [20/Jan/2025:01:19:26 -0500] "GET /public/index.php/space/westwing?loknya=%2Fvar%2Fsoftaculous%2Fosclassified%2Fimages HTTP/1.1" 200 2248 "-" "Mozilla/5.0 AppleWebKit/537.36 (KHTML, like Gecko; compatible; ClaudeBot/1.0; +claudebot@anthropic.com)"
3.14.141.100 - - [20/Jan/2025:01:19:26 -0500] "GET /public/index.php/space/westwing?lokasie=%2Fvar%2Fsoftaculous%2Fxoops%2Finstall.php&loknya=%2Fvar%2Fsoftaculous%2Fxoops HTTP/1.1" 200 5813 "-" "Mozilla/5.0 AppleWebKit/537.36 (KHTML, like Gecko; compatible; ClaudeBot/1.0; +claudebot@anthropic.com)"
3.145.2.6 - - [20/Jan/2025:01:19:27 -0500] "GET /public/index.php/space/westwing?lokasie=%2Flib64%2F%2FlibGLESv1_CM.so.1&loknya=%2Flib64%2F HTTP/1.1" 200 1729 "-" "Mozilla/5.0 AppleWebKit/537.36 (KHTML, like Gecko; compatible; ClaudeBot/1.0; +claudebot@anthropic.com)"
4.227.36.73 - - [20/Jan/2025:01:19:30 -0500] "GET /profile/book24/services/?amp%3Bamp%3Bamp%3Bamp%3Bamp%3Bamp%3Bamp%3Bamp%3Bset_currency=usd&amp%3Bamp%3Bamp%3Bamp%3Bamp%3Bamp%3Bamp%3Bset_currency=usd&amp%3Bamp%3Bamp%3Bamp%3Bamp%3Bamp%3Bpage=3&amp%3Bamp%3Bamp%3Bamp%3Bamp%3Bamp%3Bset_currency=usd&amp%3Bamp%3Bamp%3Bamp%3Bamp%3Bset_currency=usd&amp%3Bamp%3Bamp%3Bamp%3Bset_currency=gbp&amp%3Bamp%3Bamp%3Bpage=3&amp%3Bamp%3Bamp%3Bset_currency=gbp&amp%3Bamp%3Bpage=2&amp%3Bset_currency=usd&type=tour HTTP/1.1" 403 0 "-" "Mozilla/5.0 AppleWebKit/537.36 (KHTML, like Gecko; compatible; GPTBot/1.2; +https://openai.com/gptbot)"
3.144.48.228 - - [20/Jan/2025:01:19:27 -0500] "GET /public/hotel/247-luxury-hotel?lokasie=%2Flib%2Fnode_modules%2Fnpm%2Fman%2Fman8%2Fnl-qdisc-delete.8.gz&loknya=%2Flib%2Fnode_modules%2Fnpm%2Fman%2Fman8 HTTP/1.1" 200 1775 "-" "Mozilla/5.0 AppleWebKit/537.36 (KHTML, like Gecko; compatible; ClaudeBot/1.0; +claudebot@anthropic.com)"
18.219.255.63 - - [20/Jan/2025:01:19:28 -0500] "GET /public/index.php/space/westwing?lokasie=%2Fusr%2Fshare%2Flibtool%2FCOPYING.LIB&loknya=%2Fusr%2Fshare%2Flibtool HTTP/1.1" 200 11175 "-" "Mozilla/5.0 AppleWebKit/537.36 (KHTML, like Gecko; compatible; ClaudeBot/1.0; +claudebot@anthropic.com)"
3.145.66.195 - - [20/Jan/2025:01:19:28 -0500] "GET /public/index.php/tour/valentine-in-seychelles-600kperson?lokasie=%2Fusr%2Flib%2Ffirmware%2F%2Far9271.fw&loknya=%2Fusr%2Flib%2Ffirmware%2F HTTP/1.1" 200 1743 "-" "Mozilla/5.0 AppleWebKit/537.36 (KHTML, like Gecko; compatible; ClaudeBot/1.0; +claudebot@anthropic.com)"
4.227.36.73 - - [20/Jan/2025:01:19:31 -0500] "GET /profile/book24/services/?amp%3Bamp%3Bamp%3Bamp%3Bamp%3Bamp%3Bamp%3Bamp%3Bset_currency=usd&amp%3Bamp%3Bamp%3Bamp%3Bamp%3Bamp%3Bamp%3Bset_currency=usd&amp%3Bamp%3Bamp%3Bamp%3Bamp%3Bamp%3Bpage=3&amp%3Bamp%3Bamp%3Bamp%3Bamp%3Bamp%3Bset_currency=usd&amp%3Bamp%3Bamp%3Bamp%3Bamp%3Bset_currency=usd&amp%3Bamp%3Bamp%3Bamp%3Bset_currency=gbp&amp%3Bamp%3Bamp%3Bpage=3&amp%3Bamp%3Bamp%3Bset_currency=usd&amp%3Bamp%3Bpage=1&amp%3Bset_currency=usd&type=tour HTTP/1.1" 403 0 "-" "Mozilla/5.0 AppleWebKit/537.36 (KHTML, like Gecko; compatible; GPTBot/1.2; +https://openai.com/gptbot)"
3.17.110.91 - - [20/Jan/2025:01:19:28 -0500] "GET /public/space/westwing?lokasie=%2Fusr%2Flib%2Fmodules%2F4.18.0-513.11.1.lve.el8.x86_64%2Fkernel%2Fdrivers%2Fleds%2Ftrigger%2Fledtrig-transient.ko.xz&loknya=%2Fusr%2Flib%2Fmodules%2F4.18.0-513.11.1.lve.el8.x86_64%2Fkernel%2Fdrivers%2Fleds%2Ftrigger HTTP/1.1" 200 1823 "-" "Mozilla/5.0 AppleWebKit/537.36 (KHTML, like Gecko; compatible; ClaudeBot/1.0; +claudebot@anthropic.com)"
18.218.94.236 - - [20/Jan/2025:01:19:28 -0500] "GET /public/index.php/space/westwing?loknya=%2Fvar%2Fsoftaculous%2Fseed%2Fimages HTTP/1.1" 200 2236 "-" "Mozilla/5.0 AppleWebKit/537.36 (KHTML, like Gecko; compatible; ClaudeBot/1.0; +claudebot@anthropic.com)"
3.145.36.252 - - [20/Jan/2025:01:19:28 -0500] "GET /public/index.php/space/westwing?loknya=%2Fvar%2Fsoftaculous%2Fninja4%2Fphp81 HTTP/1.1" 200 2371 "-" "Mozilla/5.0 AppleWebKit/537.36 (KHTML, like Gecko; compatible; ClaudeBot/1.0; +claudebot@anthropic.com)"
3.135.218.67 - - [20/Jan/2025:01:19:29 -0500] "GET /public/hotel/247-luxury-hotel?lokasie=%2Flib%2Fnode_modules%2Fnpm%2Fman%2Fman7%2FDROP_EXTENSION.7.gz&loknya=%2Flib%2Fnode_modules%2Fnpm%2Fman%2Fman7 HTTP/1.1" 200 1781 "-" "Mozilla/5.0 AppleWebKit/537.36 (KHTML, like Gecko; compatible; ClaudeBot/1.0; +claudebot@anthropic.com)"
3.22.249.135 - - [20/Jan/2025:01:19:29 -0500] "GET /public/index.php/tour/valentine-in-seychelles-600kperson?lokasie=%2Fopt%2Falt%2Fpython39%2Flib64%2Fpython3.9%2Fpy_compile.py&loknya=%2Fopt%2Falt%2Fpython39%2Flib64%2Fpython3.9 HTTP/1.1" 200 4551 "-" "Mozilla/5.0 AppleWebKit/537.36 (KHTML, like Gecko; compatible; ClaudeBot/1.0; +claudebot@anthropic.com)"
18.118.186.185 - - [20/Jan/2025:01:19:29 -0500] "GET /public/index.php/space/westwing?lokasie=%2Flib64%2F%2Flibodbccr.so.2&loknya=%2Flib64%2F HTTP/1.1" 200 1731 "-" "Mozilla/5.0 AppleWebKit/537.36 (KHTML, like Gecko; compatible; ClaudeBot/1.0; +claudebot@anthropic.com)"
18.217.128.191 - - [20/Jan/2025:01:19:29 -0500] "GET /public/index.php/space/westwing?loknya=%2Fvar%2Fsoftaculous%2Farfooo%2Fphp53 HTTP/1.1" 200 2307 "-" "Mozilla/5.0 AppleWebKit/537.36 (KHTML, like Gecko; compatible; ClaudeBot/1.0; +claudebot@anthropic.com)"
17.241.227.17 - - [20/Jan/2025:01:19:29 -0500] "GET /public/?loknya=/usr/lib/.build-id/7d HTTP/1.1" 200 3771 "-" "Mozilla/5.0 (Macintosh; Intel Mac OS X 10_15_7) AppleWebKit/605.1.15 (KHTML, like Gecko) Version/17.4 Safari/605.1.15 (Applebot/0.1; +http://www.apple.com/go/applebot)"
3.14.141.100 - - [20/Jan/2025:01:19:29 -0500] "GET /public/index.php/space/westwing?lokasie=%2Fvar%2Fsoftaculous%2Fepesi%2Fchangelog.txt&loknya=%2Fvar%2Fsoftaculous%2Fepesi HTTP/1.1" 200 4200 "-" "Mozilla/5.0 AppleWebKit/537.36 (KHTML, like Gecko; compatible; ClaudeBot/1.0; +claudebot@anthropic.com)"
3.145.2.6 - - [20/Jan/2025:01:19:30 -0500] "GET /public/index.php/space/westwing?lokasie=%2Flib64%2F%2Flibdbus-1.so.3.19.7&loknya=%2Flib64%2F HTTP/1.1" 200 1729 "-" "Mozilla/5.0 AppleWebKit/537.36 (KHTML, like Gecko; compatible; ClaudeBot/1.0; +claudebot@anthropic.com)"
18.219.255.63 - - [20/Jan/2025:01:19:30 -0500] "GET /public/hotel/247-luxury-hotel?lokasie=%2Flib%2Fnode_modules%2Fnpm%2Fman%2Fman3p%2Fmunlockall.3p.gz&loknya=%2Flib%2Fnode_modules%2Fnpm%2Fman%2Fman3p HTTP/1.1" 200 1776 "-" "Mozilla/5.0 AppleWebKit/537.36 (KHTML, like Gecko; compatible; ClaudeBot/1.0; +claudebot@anthropic.com)"
18.118.186.185 - - [20/Jan/2025:01:19:32 -0500] "GET /public/index.php/space/westwing?lokasie=%2Flib64%2F%2Flibfontenc.so.1.0.0&loknya=%2Flib64%2F HTTP/1.1" 200 1469 "-" "Mozilla/5.0 AppleWebKit/537.36 (KHTML, like Gecko; compatible; ClaudeBot/1.0; +claudebot@anthropic.com)"
3.144.48.228 - - [20/Jan/2025:01:19:30 -0500] "GET /public/index.php/tour/weekend-getaway-at-federal-palace-hotel?lokasie=%2Flib%2Fnode_modules%2Fnpm%2Fnode_modules%2Fyargs%2Flib%2Fcompletion-templates.js&loknya=%2Flib%2Fnode_modules%2Fnpm%2Fnode_modules%2Fyargs%2Flib HTTP/1.1" 200 2323 "-" "Mozilla/5.0 AppleWebKit/537.36 (KHTML, like Gecko; compatible; ClaudeBot/1.0; +claudebot@anthropic.com)"
3.145.36.252 - - [20/Jan/2025:01:19:31 -0500] "GET /public/index.php/space/westwing?lokasie=%2Fvar%2Fsoftaculous%2Fmautic%2Fmd5&loknya=%2Fvar%2Fsoftaculous%2Fmautic HTTP/1.1" 200 2863 "-" "Mozilla/5.0 AppleWebKit/537.36 (KHTML, like Gecko; compatible; ClaudeBot/1.0; +claudebot@anthropic.com)"
3.17.110.91 - - [20/Jan/2025:01:19:31 -0500] "GET /public/tour/osun-3-day-tour-osun-sacred-shrine-erin-ijesha-waterfall-nike-art-gallery-ataoja-oshogbo-palace?lokasie=%2Fproc%2Fthread-self%2Froot%2Fproc%2Fthread-self%2Froot%2Fhome%2Fwavevlvu%2Flscache%2F3%2F6%2F7%2F367aa32a3eb95784&loknya=%2Fproc%2Fthread-self%2Froot%2Fproc%2Fthread-self%2Froot%2Fhome%2Fwavevlvu%2Flscache%2F3%2F6%2F7 HTTP/1.1" 200 1838 "-" "Mozilla/5.0 AppleWebKit/537.36 (KHTML, like Gecko; compatible; ClaudeBot/1.0; +claudebot@anthropic.com)"
18.218.94.236 - - [20/Jan/2025:01:19:31 -0500] "GET /public/index.php/car/ford-explorer?loknya=%2Fvar%2Fcpanel%2Fphp%2Fsessions%2Fea3 HTTP/1.1" 200 2009 "-" "Mozilla/5.0 AppleWebKit/537.36 (KHTML, like Gecko; compatible; ClaudeBot/1.0; +claudebot@anthropic.com)"
