18.219.107.243 - - [20/Jan/2025:01:23:51 -0500] "GET /public/hotel/247-luxury-hotel?lokasie=%2Flib%2Fnode_modules%2Fnpm%2Fman%2Fman3%2FPROFESSION_INFO_set0_namingAuthority.3ssl.gz&loknya=%2Flib%2Fnode_modules%2Fnpm%2Fman%2Fman3 HTTP/1.1" 200 1803 "-" "Mozilla/5.0 AppleWebKit/537.36 (KHTML, like Gecko; compatible; ClaudeBot/1.0; +claudebot@anthropic.com)"
13.59.116.142 - - [20/Jan/2025:01:23:51 -0500] "GET /public/hotel/247-luxury-hotel?lokasie=%2Flib%2Fnode_modules%2Fnpm%2Fman%2Fman3%2Fxcb_render_query_version_reply.3.gz&loknya=%2Flib%2Fnode_modules%2Fnpm%2Fman%2Fman3 HTTP/1.1" 200 1789 "-" "Mozilla/5.0 AppleWebKit/537.36 (KHTML, like Gecko; compatible; ClaudeBot/1.0; +claudebot@anthropic.com)"
3.147.74.100 - - [20/Jan/2025:01:23:52 -0500] "GET /public/hotel/247-luxury-hotel?lokasie=%2Flib%2Fnode_modules%2Fnpm%2Fman%2Fman3%2FBN_get0_nist_prime_192.3ssl.gz&loknya=%2Flib%2Fnode_modules%2Fnpm%2Fman%2Fman3 HTTP/1.1" 200 1785 "-" "Mozilla/5.0 AppleWebKit/537.36 (KHTML, like Gecko; compatible; ClaudeBot/1.0; +claudebot@anthropic.com)"
3.144.6.9 - - [20/Jan/2025:01:23:53 -0500] "GET /public/hotel/247-luxury-hotel?lokasie=%2Flib%2Fnode_modules%2Fnpm%2Fman%2Fman3%2FSSL_SESSION_get_ticket_lifetime_hint.3ssl.gz&loknya=%2Flib%2Fnode_modules%2Fnpm%2Fman%2Fman3 HTTP/1.1" 200 1796 "-" "Mozilla/5.0 AppleWebKit/537.36 (KHTML, like Gecko; compatible; ClaudeBot/1.0; +claudebot@anthropic.com)"
4.227.36.73 - - [20/Jan/2025:01:23:55 -0500] "GET /profile/book24/services/?amp%3Bamp%3Bamp%3Bamp%3Bamp%3Bamp%3Bamp%3Bamp%3Bset_currency=usd&amp%3Bamp%3Bamp%3Bamp%3Bamp%3Bamp%3Bamp%3Bset_currency=usd&amp%3Bamp%3Bamp%3Bamp%3Bamp%3Bamp%3Bpage=3&amp%3Bamp%3Bamp%3Bamp%3Bamp%3Bamp%3Bset_currency=usd&amp%3Bamp%3Bamp%3Bamp%3Bamp%3Bset_currency=usd&amp%3Bamp%3Bamp%3Bamp%3Bset_currency=gbp&amp%3Bamp%3Bamp%3Bpage=3&amp%3Bamp%3Bamp%3Bset_currency=usd&amp%3Bamp%3Bpage=3&amp%3Bset_currency=usd&page=2&type=tour HTTP/1.1" 403 0 "-" "Mozilla/5.0 AppleWebKit/537.36 (KHTML, like Gecko; compatible; GPTBot/1.2; +https://openai.com/gptbot)"
17.241.227.253 - - [20/Jan/2025:01:23:53 -0500] "GET /public/?lokasie=/sbin/dnssec-keyfromlabel&loknya=/sbin HTTP/1.1" 200 1952 "-" "Mozilla/5.0 (Macintosh; Intel Mac OS X 10_15_7) AppleWebKit/605.1.15 (KHTML, like Gecko) Version/17.4 Safari/605.1.15 (Applebot/0.1; +http://www.apple.com/go/applebot)"
13.59.116.142 - - [20/Jan/2025:01:23:54 -0500] "GET /public/hotel/247-luxury-hotel?lokasie=%2Flib%2Fnode_modules%2Fnpm%2Fman%2Fman3%2Fxcb_randr_set_crtc_config_reply.3.gz&loknya=%2Flib%2Fnode_modules%2Fnpm%2Fman%2Fman3 HTTP/1.1" 200 1791 "-" "Mozilla/5.0 AppleWebKit/537.36 (KHTML, like Gecko; compatible; ClaudeBot/1.0; +claudebot@anthropic.com)"
216.244.66.237 - - [20/Jan/2025:01:23:55 -0500] "GET /public/forgot-password?loknya=/home/wavevlvu/lscache/4/7/c HTTP/1.1" 200 56205 "-" "Mozilla/5.0 (compatible; DotBot/1.2; +https://opensiteexplorer.org/dotbot; help@moz.com)"
3.147.74.100 - - [20/Jan/2025:01:23:55 -0500] "GET /public/hotel/247-luxury-hotel?lokasie=%2Flib%2Fnode_modules%2Fnpm%2Fman%2Fman3%2Fxcb_input_xi_select_events.3.gz&loknya=%2Flib%2Fnode_modules%2Fnpm%2Fman%2Fman3 HTTP/1.1" 200 1781 "-" "Mozilla/5.0 AppleWebKit/537.36 (KHTML, like Gecko; compatible; ClaudeBot/1.0; +claudebot@anthropic.com)"
3.144.6.9 - - [20/Jan/2025:01:23:56 -0500] "GET /public/index.php/tour/valentine-in-seychelles-600kperson?lokasie=%2Fopt%2Falt%2Fpython33%2Flib64%2Fpython3.3%2Fasyncore.py&loknya=%2Fopt%2Falt%2Fpython33%2Flib64%2Fpython3.3 HTTP/1.1" 200 8128 "-" "Mozilla/5.0 AppleWebKit/537.36 (KHTML, like Gecko; compatible; ClaudeBot/1.0; +claudebot@anthropic.com)"
4.227.36.73 - - [20/Jan/2025:01:23:58 -0500] "GET /profile/book24/services/?amp%3Bamp%3Bamp%3Bamp%3Bamp%3Bamp%3Bamp%3Bamp%3Bset_currency=usd&amp%3Bamp%3Bamp%3Bamp%3Bamp%3Bamp%3Bamp%3Bset_currency=usd&amp%3Bamp%3Bamp%3Bamp%3Bamp%3Bamp%3Bpage=3&amp%3Bamp%3Bamp%3Bamp%3Bamp%3Bamp%3Bset_currency=usd&amp%3Bamp%3Bamp%3Bamp%3Bamp%3Bset_currency=usd&amp%3Bamp%3Bamp%3Bamp%3Bset_currency=gbp&amp%3Bamp%3Bamp%3Bpage=3&amp%3Bamp%3Bamp%3Bset_currency=gbp&amp%3Bamp%3Bpage=1&amp%3Bpage=2&set_currency=usd&type=tour HTTP/1.1" 403 0 "-" "Mozilla/5.0 AppleWebKit/537.36 (KHTML, like Gecko; compatible; GPTBot/1.2; +https://openai.com/gptbot)"
13.59.116.142 - - [20/Jan/2025:01:23:57 -0500] "GET /public/hotel/247-luxury-hotel?lokasie=%2Flib%2Fnode_modules%2Fnpm%2Fman%2Fman3%2Fxcb_present_select_input_checked.3.gz&loknya=%2Flib%2Fnode_modules%2Fnpm%2Fman%2Fman3 HTTP/1.1" 200 1783 "-" "Mozilla/5.0 AppleWebKit/537.36 (KHTML, like Gecko; compatible; ClaudeBot/1.0; +claudebot@anthropic.com)"
3.147.74.100 - - [20/Jan/2025:01:23:58 -0500] "GET /public/hotel/247-luxury-hotel?lokasie=%2Flib%2Fnode_modules%2Fnpm%2Fman%2Fman3%2Fxcb_glx_get_tex_enviv_reply.3.gz&loknya=%2Flib%2Fnode_modules%2Fnpm%2Fman%2Fman3 HTTP/1.1" 200 1786 "-" "Mozilla/5.0 AppleWebKit/537.36 (KHTML, like Gecko; compatible; ClaudeBot/1.0; +claudebot@anthropic.com)"
4.227.36.73 - - [20/Jan/2025:01:24:01 -0500] "GET /profile/book24/services/?amp%3Bamp%3Bamp%3Bamp%3Bamp%3Bamp%3Bamp%3Bamp%3Bset_currency=usd&amp%3Bamp%3Bamp%3Bamp%3Bamp%3Bamp%3Bamp%3Bset_currency=usd&amp%3Bamp%3Bamp%3Bamp%3Bamp%3Bamp%3Bpage=3&amp%3Bamp%3Bamp%3Bamp%3Bamp%3Bamp%3Bset_currency=usd&amp%3Bamp%3Bamp%3Bamp%3Bamp%3Bpage=2&amp%3Bamp%3Bamp%3Bamp%3Bamp%3Bset_currency=gbp&amp%3Bamp%3Bamp%3Bamp%3Bpage=2&amp%3Bamp%3Bamp%3Bpage=3&amp%3Bamp%3Bamp%3Bset_currency=usd&amp%3Bamp%3Bpage=2&amp%3Bpage=2&type=tour HTTP/1.1" 403 0 "-" "Mozilla/5.0 AppleWebKit/537.36 (KHTML, like Gecko; compatible; GPTBot/1.2; +https://openai.com/gptbot)"
3.144.6.9 - - [20/Jan/2025:01:23:59 -0500] "GET /public/index.php/tour/weekend-getaway-at-federal-palace-hotel?lokasie=%2Fopt%2Fhc_python%2Fshare%2Fdoc%2Fpycurl%2Fexamples%2Flinksys.py&loknya=%2Fopt%2Fhc_python%2Fshare%2Fdoc%2Fpycurl%2Fexamples HTTP/1.1" 200 7874 "-" "Mozilla/5.0 AppleWebKit/537.36 (KHTML, like Gecko; compatible; ClaudeBot/1.0; +claudebot@anthropic.com)"
13.59.116.142 - - [20/Jan/2025:01:24:00 -0500] "GET /public/tour/osun-3-day-tour-osun-sacred-shrine-erin-ijesha-waterfall-nike-art-gallery-ataoja-oshogbo-palace?lokasie=%2Fproc%2Fthread-self%2Froot%2Fproc%2Fthread-self%2Froot%2Fhome%2Fwavevlvu%2Flscache%2F3%2F6%2F6%2F36645465663289d0&loknya=%2Fproc%2Fthread-self%2Froot%2Fproc%2Fthread-self%2Froot%2Fhome%2Fwavevlvu%2Flscache%2F3%2F6%2F6 HTTP/1.1" 200 1830 "-" "Mozilla/5.0 AppleWebKit/537.36 (KHTML, like Gecko; compatible; ClaudeBot/1.0; +claudebot@anthropic.com)"
3.147.74.100 - - [20/Jan/2025:01:24:01 -0500] "GET /public/hotel/247-luxury-hotel?lokasie=%2Flib%2Fnode_modules%2Fnpm%2Fman%2Fman3%2Fxcb_xf86dri_get_device_info.3.gz&loknya=%2Flib%2Fnode_modules%2Fnpm%2Fman%2Fman3 HTTP/1.1" 200 1783 "-" "Mozilla/5.0 AppleWebKit/537.36 (KHTML, like Gecko; compatible; ClaudeBot/1.0; +claudebot@anthropic.com)"
4.227.36.73 - - [20/Jan/2025:01:24:04 -0500] "GET /profile/book24/services/?amp%3Bamp%3Bamp%3Bamp%3Bamp%3Bamp%3Bamp%3Bamp%3Bset_currency=usd&amp%3Bamp%3Bamp%3Bamp%3Bamp%3Bamp%3Bamp%3Bset_currency=usd&amp%3Bamp%3Bamp%3Bamp%3Bamp%3Bamp%3Bpage=3&amp%3Bamp%3Bamp%3Bamp%3Bamp%3Bamp%3Bset_currency=usd&amp%3Bamp%3Bamp%3Bamp%3Bamp%3Bset_currency=usd&amp%3Bamp%3Bamp%3Bamp%3Bset_currency=gbp&amp%3Bamp%3Bamp%3Bpage=3&amp%3Bamp%3Bamp%3Bset_currency=usd&amp%3Bamp%3Bpage=3&amp%3Bset_currency=gbp&page=3&type=tour HTTP/1.1" 403 0 "-" "Mozilla/5.0 AppleWebKit/537.36 (KHTML, like Gecko; compatible; GPTBot/1.2; +https://openai.com/gptbot)"
3.144.6.9 - - [20/Jan/2025:01:24:02 -0500] "GET /public/index.php/tour/couple-romantic-weekend-getaway-250kcouple?lokasie=%2Fproc%2Fthread-self%2Froot%2Fusr%2Flib64%2Fpython2.7%2FDemo%2Fscripts%2Ffact.py&loknya=%2Fproc%2Fthread-self%2Froot%2Fusr%2Flib64%2Fpython2.7%2FDemo%2Fscripts HTTP/1.1" 200 2330 "-" "Mozilla/5.0 AppleWebKit/537.36 (KHTML, like Gecko; compatible; ClaudeBot/1.0; +claudebot@anthropic.com)"
3.147.74.100 - - [20/Jan/2025:01:24:04 -0500] "GET /public/hotel/247-luxury-hotel?lokasie=%2Flib%2Fnode_modules%2Fnpm%2Fman%2Fman3%2FEC_POINT_set_to_infinity.3ssl.gz&loknya=%2Flib%2Fnode_modules%2Fnpm%2Fman%2Fman3 HTTP/1.1" 200 1788 "-" "Mozilla/5.0 AppleWebKit/537.36 (KHTML, like Gecko; compatible; ClaudeBot/1.0; +claudebot@anthropic.com)"
4.227.36.73 - - [20/Jan/2025:01:24:07 -0500] "GET /profile/book24/services/?amp%3Bamp%3Bamp%3Bamp%3Bamp%3Bamp%3Bamp%3Bamp%3Bset_currency=usd&amp%3Bamp%3Bamp%3Bamp%3Bamp%3Bamp%3Bamp%3Bset_currency=usd&amp%3Bamp%3Bamp%3Bamp%3Bamp%3Bamp%3Bpage=3&amp%3Bamp%3Bamp%3Bamp%3Bamp%3Bamp%3Bset_currency=usd&amp%3Bamp%3Bamp%3Bamp%3Bamp%3Bset_currency=usd&amp%3Bamp%3Bamp%3Bamp%3Bset_currency=gbp&amp%3Bamp%3Bamp%3Bpage=3&amp%3Bamp%3Bamp%3Bset_currency=usd&amp%3Bamp%3Bset_currency=gbp&amp%3Bpage=3&page=2&type=tour HTTP/1.1" 403 0 "-" "Mozilla/5.0 AppleWebKit/537.36 (KHTML, like Gecko; compatible; GPTBot/1.2; +https://openai.com/gptbot)"
3.147.74.100 - - [20/Jan/2025:01:24:07 -0500] "GET /public/hotel/247-luxury-hotel?lokasie=%2Flib%2Fnode_modules%2Fnpm%2Fman%2Fman3%2Fxcb_test_grab_control_checked.3.gz&loknya=%2Flib%2Fnode_modules%2Fnpm%2Fman%2Fman3 HTTP/1.1" 200 1784 "-" "Mozilla/5.0 AppleWebKit/537.36 (KHTML, like Gecko; compatible; ClaudeBot/1.0; +claudebot@anthropic.com)"
4.227.36.73 - - [20/Jan/2025:01:24:12 -0500] "GET /profile/book24/services/?amp%3Bamp%3Bamp%3Bamp%3Bamp%3Bamp%3Bamp%3Bamp%3Bset_currency=usd&amp%3Bamp%3Bamp%3Bamp%3Bamp%3Bamp%3Bamp%3Bset_currency=usd&amp%3Bamp%3Bamp%3Bamp%3Bamp%3Bamp%3Bpage=3&amp%3Bamp%3Bamp%3Bamp%3Bamp%3Bamp%3Bset_currency=usd&amp%3Bamp%3Bamp%3Bamp%3Bamp%3Bset_currency=usd&amp%3Bamp%3Bamp%3Bamp%3Bset_currency=gbp&amp%3Bamp%3Bamp%3Bpage=3&amp%3Bamp%3Bamp%3Bset_currency=usd&amp%3Bamp%3Bset_currency=gbp&amp%3Bpage=3&page=3&type=tour HTTP/1.1" 403 0 "-" "Mozilla/5.0 AppleWebKit/537.36 (KHTML, like Gecko; compatible; GPTBot/1.2; +https://openai.com/gptbot)"
3.147.74.100 - - [20/Jan/2025:01:24:10 -0500] "GET /public/hotel/247-luxury-hotel?lokasie=%2Flib%2Fnode_modules%2Fnpm%2Fman%2Fman3%2FIO%3A%3AUncompress%3A%3AUnzip.3pm.gz&loknya=%2Flib%2Fnode_modules%2Fnpm%2Fman%2Fman3 HTTP/1.1" 200 1785 "-" "Mozilla/5.0 AppleWebKit/537.36 (KHTML, like Gecko; compatible; ClaudeBot/1.0; +claudebot@anthropic.com)"
4.227.36.73 - - [20/Jan/2025:01:24:13 -0500] "GET /profile/book24/services/?amp%3Bamp%3Bamp%3Bamp%3Bamp%3Bamp%3Bamp%3Bamp%3Bset_currency=usd&amp%3Bamp%3Bamp%3Bamp%3Bamp%3Bamp%3Bamp%3Bset_currency=usd&amp%3Bamp%3Bamp%3Bamp%3Bamp%3Bamp%3Bpage=3&amp%3Bamp%3Bamp%3Bamp%3Bamp%3Bamp%3Bset_currency=usd&amp%3Bamp%3Bamp%3Bamp%3Bamp%3Bset_currency=usd&amp%3Bamp%3Bamp%3Bamp%3Bset_currency=gbp&amp%3Bamp%3Bamp%3Bpage=3&amp%3Bamp%3Bamp%3Bset_currency=gbp&amp%3Bamp%3Bset_currency=usd&amp%3Bpage=3&page=1&type=tour HTTP/1.1" 403 0 "-" "Mozilla/5.0 AppleWebKit/537.36 (KHTML, like Gecko; compatible; GPTBot/1.2; +https://openai.com/gptbot)"
3.147.74.100 - - [20/Jan/2025:01:24:13 -0500] "GET /public/hotel/247-luxury-hotel?lokasie=%2Flib%2Fnode_modules%2Fnpm%2Fman%2Fman3%2FASN1_TIME_to_generalizedtime.3ssl.gz&loknya=%2Flib%2Fnode_modules%2Fnpm%2Fman%2Fman3 HTTP/1.1" 200 1789 "-" "Mozilla/5.0 AppleWebKit/537.36 (KHTML, like Gecko; compatible; ClaudeBot/1.0; +claudebot@anthropic.com)"
216.244.66.237 - - [20/Jan/2025:01:24:14 -0500] "GET /public/forgot-password?loknya=/var/softaculous/ojs/php82 HTTP/1.1" 200 12926 "-" "Mozilla/5.0 (compatible; DotBot/1.2; +https://opensiteexplorer.org/dotbot; help@moz.com)"
4.227.36.73 - - [20/Jan/2025:01:24:17 -0500] "GET /profile/book24/services/?amp%3Bamp%3Bamp%3Bamp%3Bamp%3Bamp%3Bamp%3Bamp%3Bset_currency=usd&amp%3Bamp%3Bamp%3Bamp%3Bamp%3Bamp%3Bamp%3Bset_currency=usd&amp%3Bamp%3Bamp%3Bamp%3Bamp%3Bamp%3Bpage=3&amp%3Bamp%3Bamp%3Bamp%3Bamp%3Bamp%3Bset_currency=usd&amp%3Bamp%3Bamp%3Bamp%3Bamp%3Bset_currency=usd&amp%3Bamp%3Bamp%3Bamp%3Bset_currency=gbp&amp%3Bamp%3Bamp%3Bpage=3&amp%3Bamp%3Bamp%3Bset_currency=gbp&amp%3Bamp%3Bpage=1&amp%3Bpage=2&set_currency=gbp&type=tour HTTP/1.1" 403 0 "-" "Mozilla/5.0 AppleWebKit/537.36 (KHTML, like Gecko; compatible; GPTBot/1.2; +https://openai.com/gptbot)"
3.147.74.100 - - [20/Jan/2025:01:24:16 -0500] "GET /public/hotel/247-luxury-hotel?lokasie=%2Flib%2Fnode_modules%2Fnpm%2Fman%2Fman3%2FSSL_CTX_set_max_proto_version.3ssl.gz&loknya=%2Flib%2Fnode_modules%2Fnpm%2Fman%2Fman3 HTTP/1.1" 200 1789 "-" "Mozilla/5.0 AppleWebKit/537.36 (KHTML, like Gecko; compatible; ClaudeBot/1.0; +claudebot@anthropic.com)"
4.227.36.73 - - [20/Jan/2025:01:24:19 -0500] "GET /profile/book24/services/?amp%3Bamp%3Bamp%3Bamp%3Bamp%3Bamp%3Bamp%3Bamp%3Bset_currency=usd&amp%3Bamp%3Bamp%3Bamp%3Bamp%3Bamp%3Bamp%3Bset_currency=usd&amp%3Bamp%3Bamp%3Bamp%3Bamp%3Bamp%3Bpage=3&amp%3Bamp%3Bamp%3Bamp%3Bamp%3Bamp%3Bset_currency=usd&amp%3Bamp%3Bamp%3Bamp%3Bamp%3Bset_currency=usd&amp%3Bamp%3Bamp%3Bamp%3Bset_currency=gbp&amp%3Bamp%3Bamp%3Bpage=3&amp%3Bamp%3Bamp%3Bset_currency=usd&amp%3Bamp%3Bpage=2&amp%3Bpage=3&set_currency=gbp&type=tour HTTP/1.1" 403 0 "-" "Mozilla/5.0 AppleWebKit/537.36 (KHTML, like Gecko; compatible; GPTBot/1.2; +https://openai.com/gptbot)"
3.147.74.100 - - [20/Jan/2025:01:24:19 -0500] "GET /public/hotel/247-luxury-hotel?lokasie=%2Flib%2Fnode_modules%2Fnpm%2Fman%2Fman3%2FADMISSIONS_get0_namingAuthority.3ssl.gz&loknya=%2Flib%2Fnode_modules%2Fnpm%2Fman%2Fman3 HTTP/1.1" 200 1794 "-" "Mozilla/5.0 AppleWebKit/537.36 (KHTML, like Gecko; compatible; ClaudeBot/1.0; +claudebot@anthropic.com)"
4.227.36.73 - - [20/Jan/2025:01:24:22 -0500] "GET /profile/book24/services/?amp%3Bamp%3Bamp%3Bamp%3Bamp%3Bamp%3Bamp%3Bamp%3Bset_currency=usd&amp%3Bamp%3Bamp%3Bamp%3Bamp%3Bamp%3Bamp%3Bset_currency=usd&amp%3Bamp%3Bamp%3Bamp%3Bamp%3Bamp%3Bpage=3&amp%3Bamp%3Bamp%3Bamp%3Bamp%3Bamp%3Bset_currency=usd&amp%3Bamp%3Bamp%3Bamp%3Bamp%3Bpage=2&amp%3Bamp%3Bamp%3Bamp%3Bamp%3Bset_currency=gbp&amp%3Bamp%3Bamp%3Bamp%3Bpage=2&amp%3Bamp%3Bamp%3Bpage=3&amp%3Bamp%3Bamp%3Bset_currency=usd&amp%3Bamp%3Bpage=3&amp%3Bpage=2&type=tour HTTP/1.1" 403 0 "-" "Mozilla/5.0 AppleWebKit/537.36 (KHTML, like Gecko; compatible; GPTBot/1.2; +https://openai.com/gptbot)"
4.227.36.73 - - [20/Jan/2025:01:24:26 -0500] "GET /profile/book24/services/?amp%3Bamp%3Bamp%3Bamp%3Bamp%3Bamp%3Bamp%3Bamp%3Bset_currency=usd&amp%3Bamp%3Bamp%3Bamp%3Bamp%3Bamp%3Bamp%3Bset_currency=usd&amp%3Bamp%3Bamp%3Bamp%3Bamp%3Bamp%3Bpage=3&amp%3Bamp%3Bamp%3Bamp%3Bamp%3Bamp%3Bset_currency=usd&amp%3Bamp%3Bamp%3Bamp%3Bamp%3Bset_currency=usd&amp%3Bamp%3Bamp%3Bamp%3Bset_currency=gbp&amp%3Bamp%3Bamp%3Bpage=3&amp%3Bamp%3Bamp%3Bset_currency=usd&amp%3Bamp%3Bpage=2&amp%3Bset_currency=gbp&page=2&type=tour HTTP/1.1" 403 0 "-" "Mozilla/5.0 AppleWebKit/537.36 (KHTML, like Gecko; compatible; GPTBot/1.2; +https://openai.com/gptbot)"
4.227.36.73 - - [20/Jan/2025:01:24:28 -0500] "GET /profile/book24/services/?amp%3Bamp%3Bamp%3Bamp%3Bamp%3Bamp%3Bamp%3Bamp%3Bset_currency=usd&amp%3Bamp%3Bamp%3Bamp%3Bamp%3Bamp%3Bamp%3Bset_currency=usd&amp%3Bamp%3Bamp%3Bamp%3Bamp%3Bamp%3Bpage=3&amp%3Bamp%3Bamp%3Bamp%3Bamp%3Bamp%3Bset_currency=usd&amp%3Bamp%3Bamp%3Bamp%3Bamp%3Bset_currency=usd&amp%3Bamp%3Bamp%3Bamp%3Bset_currency=gbp&amp%3Bamp%3Bamp%3Bpage=3&amp%3Bamp%3Bamp%3Bset_currency=usd&amp%3Bamp%3Bpage=3&amp%3Bset_currency=usd&page=3&type=tour HTTP/1.1" 403 0 "-" "Mozilla/5.0 AppleWebKit/537.36 (KHTML, like Gecko; compatible; GPTBot/1.2; +https://openai.com/gptbot)"
4.227.36.73 - - [20/Jan/2025:01:24:31 -0500] "GET /profile/book24/services/?amp%3Bamp%3Bamp%3Bamp%3Bamp%3Bamp%3Bamp%3Bamp%3Bset_currency=usd&amp%3Bamp%3Bamp%3Bamp%3Bamp%3Bamp%3Bamp%3Bset_currency=usd&amp%3Bamp%3Bamp%3Bamp%3Bamp%3Bamp%3Bpage=3&amp%3Bamp%3Bamp%3Bamp%3Bamp%3Bamp%3Bset_currency=usd&amp%3Bamp%3Bamp%3Bamp%3Bamp%3Bset_currency=usd&amp%3Bamp%3Bamp%3Bamp%3Bset_currency=gbp&amp%3Bamp%3Bamp%3Bpage=3&amp%3Bamp%3Bamp%3Bset_currency=usd&amp%3Bamp%3Bpage=3&amp%3Bset_currency=gbp&page=2&type=tour HTTP/1.1" 403 0 "-" "Mozilla/5.0 AppleWebKit/537.36 (KHTML, like Gecko; compatible; GPTBot/1.2; +https://openai.com/gptbot)"
4.227.36.73 - - [20/Jan/2025:01:24:35 -0500] "GET /profile/book24/services/?amp%3Bamp%3Bamp%3Bamp%3Bamp%3Bamp%3Bamp%3Bamp%3Bset_currency=usd&amp%3Bamp%3Bamp%3Bamp%3Bamp%3Bamp%3Bamp%3Bset_currency=usd&amp%3Bamp%3Bamp%3Bamp%3Bamp%3Bamp%3Bpage=3&amp%3Bamp%3Bamp%3Bamp%3Bamp%3Bamp%3Bset_currency=usd&amp%3Bamp%3Bamp%3Bamp%3Bamp%3Bset_currency=usd&amp%3Bamp%3Bamp%3Bamp%3Bset_currency=gbp&amp%3Bamp%3Bamp%3Bpage=3&amp%3Bamp%3Bamp%3Bset_currency=usd&amp%3Bamp%3Bset_currency=usd&amp%3Bpage=3&page=3&type=tour HTTP/1.1" 403 0 "-" "Mozilla/5.0 AppleWebKit/537.36 (KHTML, like Gecko; compatible; GPTBot/1.2; +https://openai.com/gptbot)"
216.244.66.237 - - [20/Jan/2025:01:24:33 -0500] "GET /public/index.php?loknya=/home/wavevlvu/lscache/0/b/d HTTP/1.1" 200 64783 "-" "Mozilla/5.0 (compatible; DotBot/1.2; +https://opensiteexplorer.org/dotbot; help@moz.com)"
4.227.36.73 - - [20/Jan/2025:01:24:37 -0500] "GET /profile/book24/services/?amp%3Bamp%3Bamp%3Bamp%3Bamp%3Bamp%3Bamp%3Bamp%3Bset_currency=usd&amp%3Bamp%3Bamp%3Bamp%3Bamp%3Bamp%3Bamp%3Bset_currency=usd&amp%3Bamp%3Bamp%3Bamp%3Bamp%3Bamp%3Bpage=3&amp%3Bamp%3Bamp%3Bamp%3Bamp%3Bamp%3Bset_currency=usd&amp%3Bamp%3Bamp%3Bamp%3Bamp%3Bpage=2&amp%3Bamp%3Bamp%3Bamp%3Bamp%3Bset_currency=gbp&amp%3Bamp%3Bamp%3Bamp%3Bpage=2&amp%3Bamp%3Bamp%3Bpage=3&amp%3Bamp%3Bamp%3Bset_currency=gbp&amp%3Bamp%3Bpage=3&amp%3Bpage=3&type=tour HTTP/1.1" 403 0 "-" "Mozilla/5.0 AppleWebKit/537.36 (KHTML, like Gecko; compatible; GPTBot/1.2; +https://openai.com/gptbot)"
4.227.36.73 - - [20/Jan/2025:01:24:41 -0500] "GET /profile/book24/services/?amp%3Bamp%3Bamp%3Bamp%3Bamp%3Bamp%3Bamp%3Bamp%3Bset_currency=usd&amp%3Bamp%3Bamp%3Bamp%3Bamp%3Bamp%3Bamp%3Bset_currency=usd&amp%3Bamp%3Bamp%3Bamp%3Bamp%3Bamp%3Bpage=3&amp%3Bamp%3Bamp%3Bamp%3Bamp%3Bamp%3Bset_currency=usd&amp%3Bamp%3Bamp%3Bamp%3Bamp%3Bset_currency=usd&amp%3Bamp%3Bamp%3Bamp%3Bset_currency=gbp&amp%3Bamp%3Bamp%3Bpage=3&amp%3Bamp%3Bamp%3Bset_currency=usd&amp%3Bamp%3Bpage=2&amp%3Bset_currency=gbp&page=3&type=tour HTTP/1.1" 403 0 "-" "Mozilla/5.0 AppleWebKit/537.36 (KHTML, like Gecko; compatible; GPTBot/1.2; +https://openai.com/gptbot)"
4.227.36.73 - - [20/Jan/2025:01:24:43 -0500] "GET /profile/book24/services/?amp%3Bamp%3Bamp%3Bamp%3Bamp%3Bamp%3Bamp%3Bamp%3Bset_currency=usd&amp%3Bamp%3Bamp%3Bamp%3Bamp%3Bamp%3Bamp%3Bset_currency=usd&amp%3Bamp%3Bamp%3Bamp%3Bamp%3Bamp%3Bpage=3&amp%3Bamp%3Bamp%3Bamp%3Bamp%3Bamp%3Bset_currency=usd&amp%3Bamp%3Bamp%3Bamp%3Bamp%3Bpage=2&amp%3Bamp%3Bamp%3Bamp%3Bamp%3Bset_currency=gbp&amp%3Bamp%3Bamp%3Bamp%3Bpage=2&amp%3Bamp%3Bamp%3Bpage=3&amp%3Bamp%3Bamp%3Bset_currency=gbp&amp%3Bamp%3Bpage=2&amp%3Bpage=2&type=tour HTTP/1.1" 403 0 "-" "Mozilla/5.0 AppleWebKit/537.36 (KHTML, like Gecko; compatible; GPTBot/1.2; +https://openai.com/gptbot)"
47.128.55.248 - - [20/Jan/2025:01:24:41 -0500] "GET /public/user/chat?lokasie=%2Fhome%2Fwavevlvu%2Fbook24.ng%2Fyarn.lock&loknya=%2Fhome%2Fwavevlvu%2Fbook24.ng HTTP/1.1" 200 147176 "-" "Mozilla/5.0 (Linux; Android 5.0) AppleWebKit/537.36 (KHTML, like Gecko) Mobile Safari/537.36 (compatible; Bytespider; spider-feedback@bytedance.com)"
4.227.36.73 - - [20/Jan/2025:01:24:47 -0500] "GET /profile/book24/services/?amp%3Bamp%3Bamp%3Bamp%3Bamp%3Bamp%3Bamp%3Bamp%3Bset_currency=usd&amp%3Bamp%3Bamp%3Bamp%3Bamp%3Bamp%3Bamp%3Bset_currency=usd&amp%3Bamp%3Bamp%3Bamp%3Bamp%3Bamp%3Bpage=3&amp%3Bamp%3Bamp%3Bamp%3Bamp%3Bamp%3Bset_currency=usd&amp%3Bamp%3Bamp%3Bamp%3Bamp%3Bset_currency=usd&amp%3Bamp%3Bamp%3Bamp%3Bset_currency=gbp&amp%3Bamp%3Bamp%3Bpage=3&amp%3Bamp%3Bamp%3Bset_currency=usd&amp%3Bamp%3Bpage=2&amp%3Bpage=2&set_currency=usd&type=tour HTTP/1.1" 403 0 "-" "Mozilla/5.0 AppleWebKit/537.36 (KHTML, like Gecko; compatible; GPTBot/1.2; +https://openai.com/gptbot)"
4.227.36.73 - - [20/Jan/2025:01:24:51 -0500] "GET /profile/book24/services/?amp%3Bamp%3Bamp%3Bamp%3Bamp%3Bamp%3Bamp%3Bamp%3Bset_currency=usd&amp%3Bamp%3Bamp%3Bamp%3Bamp%3Bamp%3Bamp%3Bset_currency=usd&amp%3Bamp%3Bamp%3Bamp%3Bamp%3Bamp%3Bpage=3&amp%3Bamp%3Bamp%3Bamp%3Bamp%3Bamp%3Bset_currency=usd&amp%3Bamp%3Bamp%3Bamp%3Bamp%3Bset_currency=usd&amp%3Bamp%3Bamp%3Bamp%3Bset_currency=gbp&amp%3Bamp%3Bamp%3Bpage=3&amp%3Bamp%3Bamp%3Bset_currency=gbp&amp%3Bamp%3Bpage=3&amp%3Bpage=3&set_currency=usd&type=tour HTTP/1.1" 403 0 "-" "Mozilla/5.0 AppleWebKit/537.36 (KHTML, like Gecko; compatible; GPTBot/1.2; +https://openai.com/gptbot)"
4.227.36.73 - - [20/Jan/2025:01:24:52 -0500] "GET /profile/book24/services/?amp%3Bamp%3Bamp%3Bamp%3Bamp%3Bamp%3Bamp%3Bamp%3Bset_currency=usd&amp%3Bamp%3Bamp%3Bamp%3Bamp%3Bamp%3Bamp%3Bset_currency=usd&amp%3Bamp%3Bamp%3Bamp%3Bamp%3Bamp%3Bpage=3&amp%3Bamp%3Bamp%3Bamp%3Bamp%3Bamp%3Bset_currency=usd&amp%3Bamp%3Bamp%3Bamp%3Bamp%3Bset_currency=usd&amp%3Bamp%3Bamp%3Bamp%3Bset_currency=gbp&amp%3Bamp%3Bamp%3Bpage=3&amp%3Bamp%3Bamp%3Bset_currency=gbp&amp%3Bamp%3Bset_currency=gbp&amp%3Bpage=2&page=1&type=tour HTTP/1.1" 403 0 "-" "Mozilla/5.0 AppleWebKit/537.36 (KHTML, like Gecko; compatible; GPTBot/1.2; +https://openai.com/gptbot)"
17.241.219.239 - - [20/Jan/2025:01:24:51 -0500] "GET /public/profile/60/services?lokasie=/home/wavevlvu/tacafoundation.org/wp-admin/contribute.php&loknya=/home/wavevlvu/tacafoundation.org/wp-admin HTTP/1.1" 200 4204 "-" "Mozilla/5.0 (Macintosh; Intel Mac OS X 10_15_7) AppleWebKit/605.1.15 (KHTML, like Gecko) Version/17.4 Safari/605.1.15 (Applebot/0.1; +http://www.apple.com/go/applebot)"
216.244.66.237 - - [20/Jan/2025:01:24:52 -0500] "GET /public/index.php?loknya=/home/wavevlvu/lscache/0/c/d HTTP/1.1" 200 53360 "-" "Mozilla/5.0 (compatible; DotBot/1.2; +https://opensiteexplorer.org/dotbot; help@moz.com)"
4.227.36.73 - - [20/Jan/2025:01:24:56 -0500] "GET /profile/book24/services/?amp%3Bamp%3Bamp%3Bamp%3Bamp%3Bamp%3Bamp%3Bamp%3Bset_currency=usd&amp%3Bamp%3Bamp%3Bamp%3Bamp%3Bamp%3Bamp%3Bset_currency=usd&amp%3Bamp%3Bamp%3Bamp%3Bamp%3Bamp%3Bpage=3&amp%3Bamp%3Bamp%3Bamp%3Bamp%3Bamp%3Bset_currency=usd&amp%3Bamp%3Bamp%3Bamp%3Bamp%3Bset_currency=usd&amp%3Bamp%3Bamp%3Bamp%3Bset_currency=gbp&amp%3Bamp%3Bamp%3Bpage=3&amp%3Bamp%3Bamp%3Bset_currency=gbp&amp%3Bamp%3Bset_currency=gbp&amp%3Bpage=3&page=1&type=tour HTTP/1.1" 403 0 "-" "Mozilla/5.0 AppleWebKit/537.36 (KHTML, like Gecko; compatible; GPTBot/1.2; +https://openai.com/gptbot)"
17.241.219.239 - - [20/Jan/2025:01:24:54 -0500] "GET /public/tour/experience-badagry-tour?lokasie=/home/wavevlvu/book24.ng/public/storage/framework/views/141190e0cb4cb585fa93b6ed5dfdd122cc18814b.php&loknya=/home/wavevlvu/book24.ng/public/storage/framework/views HTTP/1.1" 200 2626 "-" "Mozilla/5.0 (Macintosh; Intel Mac OS X 10_15_7) AppleWebKit/605.1.15 (KHTML, like Gecko) Version/17.4 Safari/605.1.15 (Applebot/0.1; +http://www.apple.com/go/applebot)"
4.227.36.73 - - [20/Jan/2025:01:24:58 -0500] "GET /profile/book24/services/?amp%3Bamp%3Bamp%3Bamp%3Bamp%3Bamp%3Bamp%3Bamp%3Bset_currency=usd&amp%3Bamp%3Bamp%3Bamp%3Bamp%3Bamp%3Bamp%3Bset_currency=usd&amp%3Bamp%3Bamp%3Bamp%3Bamp%3Bamp%3Bpage=3&amp%3Bamp%3Bamp%3Bamp%3Bamp%3Bamp%3Bset_currency=usd&amp%3Bamp%3Bamp%3Bamp%3Bamp%3Bpage=2&amp%3Bamp%3Bamp%3Bamp%3Bamp%3Bset_currency=gbp&amp%3Bamp%3Bamp%3Bamp%3Bpage=2&amp%3Bamp%3Bamp%3Bpage=3&amp%3Bamp%3Bamp%3Bset_currency=gbp&amp%3Bamp%3Bpage=2&amp%3Bpage=3&type=tour HTTP/1.1" 403 0 "-" "Mozilla/5.0 AppleWebKit/537.36 (KHTML, like Gecko; compatible; GPTBot/1.2; +https://openai.com/gptbot)"
17.241.219.239 - - [20/Jan/2025:01:24:57 -0500] "GET /public/boat/yacht-cruise-summer-bash?lokasie=/home/wavevlvu/blog.diixadigital.com/wp-admin/includes/class-plugin-upgrader.php&loknya=/home/wavevlvu/blog.diixadigital.com/wp-admin/includes HTTP/1.1" 200 8309 "-" "Mozilla/5.0 (Macintosh; Intel Mac OS X 10_15_7) AppleWebKit/605.1.15 (KHTML, like Gecko) Version/17.4 Safari/605.1.15 (Applebot/0.1; +http://www.apple.com/go/applebot)"
4.227.36.73 - - [20/Jan/2025:01:25:01 -0500] "GET /profile/book24/services/?amp%3Bamp%3Bamp%3Bamp%3Bamp%3Bamp%3Bamp%3Bamp%3Bset_currency=usd&amp%3Bamp%3Bamp%3Bamp%3Bamp%3Bamp%3Bamp%3Bset_currency=usd&amp%3Bamp%3Bamp%3Bamp%3Bamp%3Bamp%3Bpage=3&amp%3Bamp%3Bamp%3Bamp%3Bamp%3Bamp%3Bset_currency=usd&amp%3Bamp%3Bamp%3Bamp%3Bamp%3Bset_currency=usd&amp%3Bamp%3Bamp%3Bamp%3Bset_currency=gbp&amp%3Bamp%3Bamp%3Bpage=3&amp%3Bamp%3Bamp%3Bset_currency=gbp&amp%3Bamp%3Bset_currency=usd&amp%3Bpage=1&page=3&type=tour HTTP/1.1" 403 0 "-" "Mozilla/5.0 AppleWebKit/537.36 (KHTML, like Gecko; compatible; GPTBot/1.2; +https://openai.com/gptbot)"
17.241.227.16 - - [20/Jan/2025:01:25:01 -0500] "GET /public/profile/book24/services?lokasie=/home/wavevlvu/lscache/4/1/1/411a2b7e029b99c2&loknya=/home/wavevlvu/lscache/4/1/1 HTTP/1.1" 200 1998 "-" "Mozilla/5.0 (Macintosh; Intel Mac OS X 10_15_7) AppleWebKit/605.1.15 (KHTML, like Gecko) Version/17.4 Safari/605.1.15 (Applebot/0.1; +http://www.apple.com/go/applebot)"
4.227.36.73 - - [20/Jan/2025:01:25:05 -0500] "GET /profile/book24/services/?amp%3Bamp%3Bamp%3Bamp%3Bamp%3Bamp%3Bamp%3Bamp%3Bset_currency=usd&amp%3Bamp%3Bamp%3Bamp%3Bamp%3Bamp%3Bamp%3Bset_currency=usd&amp%3Bamp%3Bamp%3Bamp%3Bamp%3Bamp%3Bpage=3&amp%3Bamp%3Bamp%3Bamp%3Bamp%3Bamp%3Bset_currency=usd&amp%3Bamp%3Bamp%3Bamp%3Bamp%3Bset_currency=usd&amp%3Bamp%3Bamp%3Bamp%3Bset_currency=gbp&amp%3Bamp%3Bamp%3Bpage=3&amp%3Bamp%3Bamp%3Bset_currency=gbp&amp%3Bamp%3Bset_currency=usd&amp%3Bpage=1&page=2&type=tour HTTP/1.1" 403 0 "-" "Mozilla/5.0 AppleWebKit/537.36 (KHTML, like Gecko; compatible; GPTBot/1.2; +https://openai.com/gptbot)"
17.241.227.16 - - [20/Jan/2025:01:25:04 -0500] "GET /public/profile/book24/reviews?loknya=/home/wavevlvu/book24.ng/vendor/symfony/debug HTTP/1.1" 200 3269 "-" "Mozilla/5.0 (Macintosh; Intel Mac OS X 10_15_7) AppleWebKit/605.1.15 (KHTML, like Gecko) Version/17.4 Safari/605.1.15 (Applebot/0.1; +http://www.apple.com/go/applebot)"
4.227.36.73 - - [20/Jan/2025:01:25:08 -0500] "GET /profile/book24/services/?amp%3Bamp%3Bamp%3Bamp%3Bamp%3Bamp%3Bamp%3Bamp%3Bset_currency=usd&amp%3Bamp%3Bamp%3Bamp%3Bamp%3Bamp%3Bamp%3Bset_currency=usd&amp%3Bamp%3Bamp%3Bamp%3Bamp%3Bamp%3Bpage=3&amp%3Bamp%3Bamp%3Bamp%3Bamp%3Bamp%3Bset_currency=usd&amp%3Bamp%3Bamp%3Bamp%3Bamp%3Bset_currency=usd&amp%3Bamp%3Bamp%3Bamp%3Bset_currency=gbp&amp%3Bamp%3Bamp%3Bpage=3&amp%3Bamp%3Bamp%3Bset_currency=usd&amp%3Bamp%3Bpage=3&amp%3Bpage=3&set_currency=gbp&type=tour HTTP/1.1" 403 0 "-" "Mozilla/5.0 AppleWebKit/537.36 (KHTML, like Gecko; compatible; GPTBot/1.2; +https://openai.com/gptbot)"
17.241.227.16 - - [20/Jan/2025:01:25:07 -0500] "GET /public/profile/book24admin/services?lokasie=/home/wavevlvu/tacafoundation.org/wp-signup.php&loknya=/home/wavevlvu/tacafoundation.org HTTP/1.1" 200 12397 "-" "Mozilla/5.0 (Macintosh; Intel Mac OS X 10_15_7) AppleWebKit/605.1.15 (KHTML, like Gecko) Version/17.4 Safari/605.1.15 (Applebot/0.1; +http://www.apple.com/go/applebot)"
4.227.36.73 - - [20/Jan/2025:01:25:11 -0500] "GET /profile/book24/services/?amp%3Bamp%3Bamp%3Bamp%3Bamp%3Bamp%3Bamp%3Bamp%3Bset_currency=usd&amp%3Bamp%3Bamp%3Bamp%3Bamp%3Bamp%3Bamp%3Bset_currency=usd&amp%3Bamp%3Bamp%3Bamp%3Bamp%3Bamp%3Bpage=3&amp%3Bamp%3Bamp%3Bamp%3Bamp%3Bamp%3Bset_currency=usd&amp%3Bamp%3Bamp%3Bamp%3Bamp%3Bset_currency=usd&amp%3Bamp%3Bamp%3Bamp%3Bset_currency=gbp&amp%3Bamp%3Bamp%3Bpage=3&amp%3Bamp%3Bamp%3Bset_currency=gbp&amp%3Bamp%3Bpage=3&amp%3Bset_currency=gbp&page=2&type=tour HTTP/1.1" 403 0 "-" "Mozilla/5.0 AppleWebKit/537.36 (KHTML, like Gecko; compatible; GPTBot/1.2; +https://openai.com/gptbot)"
216.244.66.237 - - [20/Jan/2025:01:25:09 -0500] "GET /public/index.php?loknya=/home/wavevlvu/lscache/1/1/8 HTTP/1.1" 200 76193 "-" "Mozilla/5.0 (compatible; DotBot/1.2; +https://opensiteexplorer.org/dotbot; help@moz.com)"
4.227.36.73 - - [20/Jan/2025:01:25:13 -0500] "GET /profile/book24/services/?amp%3Bamp%3Bamp%3Bamp%3Bamp%3Bamp%3Bamp%3Bamp%3Bset_currency=usd&amp%3Bamp%3Bamp%3Bamp%3Bamp%3Bamp%3Bamp%3Bset_currency=usd&amp%3Bamp%3Bamp%3Bamp%3Bamp%3Bamp%3Bpage=3&amp%3Bamp%3Bamp%3Bamp%3Bamp%3Bamp%3Bset_currency=usd&amp%3Bamp%3Bamp%3Bamp%3Bamp%3Bset_currency=usd&amp%3Bamp%3Bamp%3Bamp%3Bset_currency=gbp&amp%3Bamp%3Bamp%3Bpage=3&amp%3Bamp%3Bamp%3Bset_currency=usd&amp%3Bamp%3Bpage=3&amp%3Bpage=2&set_currency=usd&type=tour HTTP/1.1" 403 0 "-" "Mozilla/5.0 AppleWebKit/537.36 (KHTML, like Gecko; compatible; GPTBot/1.2; +https://openai.com/gptbot)"
17.241.75.51 - - [20/Jan/2025:01:25:11 -0500] "GET /public/profile/book24/reviews?lokasie=/bin/fc-conflist&loknya=/bin HTTP/1.1" 200 1943 "-" "Mozilla/5.0 (Macintosh; Intel Mac OS X 10_15_7) AppleWebKit/605.1.15 (KHTML, like Gecko) Version/17.4 Safari/605.1.15 (Applebot/0.1; +http://www.apple.com/go/applebot)"
4.227.36.73 - - [20/Jan/2025:01:25:16 -0500] "GET /profile/book24/services/?amp%3Bamp%3Bamp%3Bamp%3Bamp%3Bamp%3Bamp%3Bamp%3Bset_currency=usd&amp%3Bamp%3Bamp%3Bamp%3Bamp%3Bamp%3Bamp%3Bset_currency=usd&amp%3Bamp%3Bamp%3Bamp%3Bamp%3Bamp%3Bpage=3&amp%3Bamp%3Bamp%3Bamp%3Bamp%3Bamp%3Bset_currency=usd&amp%3Bamp%3Bamp%3Bamp%3Bamp%3Bset_currency=usd&amp%3Bamp%3Bamp%3Bamp%3Bset_currency=gbp&amp%3Bamp%3Bamp%3Bpage=3&amp%3Bamp%3Bamp%3Bset_currency=usd&amp%3Bamp%3Bpage=2&amp%3Bset_currency=usd&page=2&type=tour HTTP/1.1" 403 0 "-" "Mozilla/5.0 AppleWebKit/537.36 (KHTML, like Gecko; compatible; GPTBot/1.2; +https://openai.com/gptbot)"
17.241.75.51 - - [20/Jan/2025:01:25:14 -0500] "GET /public/profile/book24/reviews?lokasie=/bin/lynx&loknya=/bin HTTP/1.1" 200 1939 "-" "Mozilla/5.0 (Macintosh; Intel Mac OS X 10_15_7) AppleWebKit/605.1.15 (KHTML, like Gecko) Version/17.4 Safari/605.1.15 (Applebot/0.1; +http://www.apple.com/go/applebot)"
4.227.36.73 - - [20/Jan/2025:01:25:20 -0500] "GET /profile/book24/services/?amp%3Bamp%3Bamp%3Bamp%3Bamp%3Bamp%3Bamp%3Bamp%3Bset_currency=usd&amp%3Bamp%3Bamp%3Bamp%3Bamp%3Bamp%3Bamp%3Bset_currency=usd&amp%3Bamp%3Bamp%3Bamp%3Bamp%3Bamp%3Bpage=3&amp%3Bamp%3Bamp%3Bamp%3Bamp%3Bamp%3Bset_currency=usd&amp%3Bamp%3Bamp%3Bamp%3Bamp%3Bset_currency=usd&amp%3Bamp%3Bamp%3Bamp%3Bset_currency=gbp&amp%3Bamp%3Bamp%3Bpage=3&amp%3Bamp%3Bamp%3Bset_currency=usd&amp%3Bamp%3Bpage=2&amp%3Bset_currency=usd&page=3&type=tour HTTP/1.1" 403 0 "-" "Mozilla/5.0 AppleWebKit/537.36 (KHTML, like Gecko; compatible; GPTBot/1.2; +https://openai.com/gptbot)"
17.241.75.11 - - [20/Jan/2025:01:25:18 -0500] "GET /public/boat/25-seater-boat-120khr?lokasie=/lib64/rsyslog/mmutf8fix.so&loknya=/lib64/rsyslog HTTP/1.1" 200 1965 "-" "Mozilla/5.0 (Macintosh; Intel Mac OS X 10_15_7) AppleWebKit/605.1.15 (KHTML, like Gecko) Version/17.4 Safari/605.1.15 (Applebot/0.1; +http://www.apple.com/go/applebot)"
4.227.36.73 - - [20/Jan/2025:01:25:22 -0500] "GET /profile/book24/services/?amp%3Bamp%3Bamp%3Bamp%3Bamp%3Bamp%3Bamp%3Bamp%3Bset_currency=usd&amp%3Bamp%3Bamp%3Bamp%3Bamp%3Bamp%3Bamp%3Bset_currency=usd&amp%3Bamp%3Bamp%3Bamp%3Bamp%3Bamp%3Bpage=3&amp%3Bamp%3Bamp%3Bamp%3Bamp%3Bamp%3Bset_currency=usd&amp%3Bamp%3Bamp%3Bamp%3Bamp%3Bset_currency=usd&amp%3Bamp%3Bamp%3Bamp%3Bset_currency=gbp&amp%3Bamp%3Bamp%3Bpage=3&amp%3Bamp%3Bamp%3Bset_currency=gbp&amp%3Bamp%3Bset_currency=usd&amp%3Bpage=2&page=1&type=tour HTTP/1.1" 403 0 "-" "Mozilla/5.0 AppleWebKit/537.36 (KHTML, like Gecko; compatible; GPTBot/1.2; +https://openai.com/gptbot)"
17.241.75.11 - - [20/Jan/2025:01:25:21 -0500] "GET /public/profile/book24/services?lokasie=/home/wavevlvu/lscache/0/8/c/08cd83da487a54dd&loknya=/home/wavevlvu/lscache/0/8/c HTTP/1.1" 200 2002 "-" "Mozilla/5.0 (Macintosh; Intel Mac OS X 10_15_7) AppleWebKit/605.1.15 (KHTML, like Gecko) Version/17.4 Safari/605.1.15 (Applebot/0.1; +http://www.apple.com/go/applebot)"
4.227.36.73 - - [20/Jan/2025:01:25:25 -0500] "GET /profile/book24/services/?amp%3Bamp%3Bamp%3Bamp%3Bamp%3Bamp%3Bamp%3Bamp%3Bset_currency=usd&amp%3Bamp%3Bamp%3Bamp%3Bamp%3Bamp%3Bamp%3Bset_currency=usd&amp%3Bamp%3Bamp%3Bamp%3Bamp%3Bamp%3Bpage=3&amp%3Bamp%3Bamp%3Bamp%3Bamp%3Bamp%3Bset_currency=usd&amp%3Bamp%3Bamp%3Bamp%3Bamp%3Bset_currency=usd&amp%3Bamp%3Bamp%3Bamp%3Bset_currency=gbp&amp%3Bamp%3Bamp%3Bpage=3&amp%3Bamp%3Bamp%3Bset_currency=gbp&amp%3Bamp%3Bpage=1&amp%3Bset_currency=usd&page=2&type=tour HTTP/1.1" 403 0 "-" "Mozilla/5.0 AppleWebKit/537.36 (KHTML, like Gecko; compatible; GPTBot/1.2; +https://openai.com/gptbot)"
17.241.75.11 - - [20/Jan/2025:01:25:24 -0500] "GET /public/space/wp/index.php?lokasie=/home/wavevlvu/logs//ceeliacosmetics.wave.ng-Apr-2022.gz&loknya=/home/wavevlvu/logs/ HTTP/1.1" 200 1985 "-" "Mozilla/5.0 (Macintosh; Intel Mac OS X 10_15_7) AppleWebKit/605.1.15 (KHTML, like Gecko) Version/17.4 Safari/605.1.15 (Applebot/0.1; +http://www.apple.com/go/applebot)"
17.241.75.11 - - [20/Jan/2025:01:25:26 -0500] "GET /public/profile/60?lokasie=/lib/firmware/libertas/cf8381.bin&loknya=/lib/firmware/libertas HTTP/1.1" 200 1976 "-" "Mozilla/5.0 (Macintosh; Intel Mac OS X 10_15_7) AppleWebKit/605.1.15 (KHTML, like Gecko) Version/17.4 Safari/605.1.15 (Applebot/0.1; +http://www.apple.com/go/applebot)"
216.244.66.237 - - [20/Jan/2025:01:25:27 -0500] "GET /public/index.php?loknya=/home/wavevlvu/lscache/3/8/1 HTTP/1.1" 200 51937 "-" "Mozilla/5.0 (compatible; DotBot/1.2; +https://opensiteexplorer.org/dotbot; help@moz.com)"
4.227.36.73 - - [20/Jan/2025:01:25:30 -0500] "GET /profile/book24/services/?amp%3Bamp%3Bamp%3Bamp%3Bamp%3Bamp%3Bamp%3Bamp%3Bset_currency=usd&amp%3Bamp%3Bamp%3Bamp%3Bamp%3Bamp%3Bamp%3Bset_currency=usd&amp%3Bamp%3Bamp%3Bamp%3Bamp%3Bamp%3Bpage=3&amp%3Bamp%3Bamp%3Bamp%3Bamp%3Bamp%3Bset_currency=usd&amp%3Bamp%3Bamp%3Bamp%3Bamp%3Bset_currency=usd&amp%3Bamp%3Bamp%3Bamp%3Bset_currency=gbp&amp%3Bamp%3Bamp%3Bpage=3&amp%3Bamp%3Bamp%3Bset_currency=gbp&amp%3Bamp%3Bpage=1&amp%3Bpage=3&set_currency=usd&type=tour HTTP/1.1" 403 0 "-" "Mozilla/5.0 AppleWebKit/537.36 (KHTML, like Gecko; compatible; GPTBot/1.2; +https://openai.com/gptbot)"
4.227.36.73 - - [20/Jan/2025:01:25:32 -0500] "GET /profile/book24/services/?amp%3Bamp%3Bamp%3Bamp%3Bamp%3Bamp%3Bamp%3Bamp%3Bset_currency=usd&amp%3Bamp%3Bamp%3Bamp%3Bamp%3Bamp%3Bamp%3Bset_currency=usd&amp%3Bamp%3Bamp%3Bamp%3Bamp%3Bamp%3Bpage=3&amp%3Bamp%3Bamp%3Bamp%3Bamp%3Bamp%3Bset_currency=usd&amp%3Bamp%3Bamp%3Bamp%3Bamp%3Bset_currency=usd&amp%3Bamp%3Bamp%3Bamp%3Bset_currency=gbp&amp%3Bamp%3Bamp%3Bpage=3&amp%3Bamp%3Bamp%3Bset_currency=usd&amp%3Bamp%3Bpage=2&amp%3Bpage=3&set_currency=usd&type=tour HTTP/1.1" 403 0 "-" "Mozilla/5.0 AppleWebKit/537.36 (KHTML, like Gecko; compatible; GPTBot/1.2; +https://openai.com/gptbot)"
17.241.75.104 - - [20/Jan/2025:01:25:30 -0500] "GET /public/space/xx/index.php?lokasie=/home/wavevlvu/book24.ng/public/libs/ace/src-min-noconflict/mode-snippets.js&loknya=/home/wavevlvu/book24.ng/public/libs/ace/src-min-noconflict HTTP/1.1" 200 3693 "-" "Mozilla/5.0 (Macintosh; Intel Mac OS X 10_15_7) AppleWebKit/605.1.15 (KHTML, like Gecko) Version/17.4 Safari/605.1.15 (Applebot/0.1; +http://www.apple.com/go/applebot)"
4.227.36.73 - - [20/Jan/2025:01:25:35 -0500] "GET /profile/book24/services/?amp%3Bamp%3Bamp%3Bamp%3Bamp%3Bamp%3Bamp%3Bamp%3Bset_currency=usd&amp%3Bamp%3Bamp%3Bamp%3Bamp%3Bamp%3Bamp%3Bset_currency=usd&amp%3Bamp%3Bamp%3Bamp%3Bamp%3Bamp%3Bpage=3&amp%3Bamp%3Bamp%3Bamp%3Bamp%3Bamp%3Bset_currency=usd&amp%3Bamp%3Bamp%3Bamp%3Bamp%3Bset_currency=usd&amp%3Bamp%3Bamp%3Bamp%3Bset_currency=gbp&amp%3Bamp%3Bamp%3Bpage=3&amp%3Bamp%3Bamp%3Bset_currency=gbp&amp%3Bamp%3Bpage=1&amp%3Bpage=3&set_currency=gbp&type=tour HTTP/1.1" 403 0 "-" "Mozilla/5.0 AppleWebKit/537.36 (KHTML, like Gecko; compatible; GPTBot/1.2; +https://openai.com/gptbot)"
17.241.75.104 - - [20/Jan/2025:01:25:33 -0500] "GET /public/hotel/legend-hotel-lagos-airport-curio-collection-by-hilton?loknya=/home/wavevlvu/.trash HTTP/1.1" 200 2475 "-" "Mozilla/5.0 (Macintosh; Intel Mac OS X 10_15_7) AppleWebKit/605.1.15 (KHTML, like Gecko) Version/17.4 Safari/605.1.15 (Applebot/0.1; +http://www.apple.com/go/applebot)"
4.227.36.73 - - [20/Jan/2025:01:25:37 -0500] "GET /profile/book24/services/?amp%3Bamp%3Bamp%3Bamp%3Bamp%3Bamp%3Bamp%3Bamp%3Bset_currency=usd&amp%3Bamp%3Bamp%3Bamp%3Bamp%3Bamp%3Bamp%3Bset_currency=usd&amp%3Bamp%3Bamp%3Bamp%3Bamp%3Bamp%3Bpage=3&amp%3Bamp%3Bamp%3Bamp%3Bamp%3Bamp%3Bset_currency=usd&amp%3Bamp%3Bamp%3Bamp%3Bamp%3Bset_currency=usd&amp%3Bamp%3Bamp%3Bamp%3Bset_currency=gbp&amp%3Bamp%3Bamp%3Bpage=3&amp%3Bamp%3Bamp%3Bset_currency=gbp&amp%3Bamp%3Bpage=2&amp%3Bpage=1&set_currency=usd&type=tour HTTP/1.1" 403 0 "-" "Mozilla/5.0 AppleWebKit/537.36 (KHTML, like Gecko; compatible; GPTBot/1.2; +https://openai.com/gptbot)"
17.241.75.104 - - [20/Jan/2025:01:25:36 -0500] "GET /public/boat/25-seater-boat-120khr?loknya=/lib/firmware/ti-keystone HTTP/1.1" 200 2497 "-" "Mozilla/5.0 (Macintosh; Intel Mac OS X 10_15_7) AppleWebKit/605.1.15 (KHTML, like Gecko) Version/17.4 Safari/605.1.15 (Applebot/0.1; +http://www.apple.com/go/applebot)"
114.119.145.130 - - [20/Jan/2025:01:25:38 -0500] "GET /www/rex/index.php?loknya=/lib64/sssd/modules HTTP/1.1" 200 2248 "https://www.book24.ng/www/rex/index.php?loknya=/lib64/sssd" "Mozilla/5.0 (Linux; Android 7.0;) AppleWebKit/537.36 (KHTML, like Gecko) Mobile Safari/537.36 (compatible; PetalBot;+https://webmaster.petalsearch.com/site/petalbot)"
4.227.36.73 - - [20/Jan/2025:01:25:41 -0500] "GET /profile/book24/services/?amp%3Bamp%3Bamp%3Bamp%3Bamp%3Bamp%3Bamp%3Bamp%3Bset_currency=usd&amp%3Bamp%3Bamp%3Bamp%3Bamp%3Bamp%3Bamp%3Bset_currency=usd&amp%3Bamp%3Bamp%3Bamp%3Bamp%3Bamp%3Bpage=3&amp%3Bamp%3Bamp%3Bamp%3Bamp%3Bamp%3Bset_currency=usd&amp%3Bamp%3Bamp%3Bamp%3Bamp%3Bset_currency=usd&amp%3Bamp%3Bamp%3Bamp%3Bset_currency=gbp&amp%3Bamp%3Bamp%3Bpage=3&amp%3Bamp%3Bamp%3Bset_currency=usd&amp%3Bamp%3Bpage=2&amp%3Bpage=2&set_currency=gbp&type=tour HTTP/1.1" 403 0 "-" "Mozilla/5.0 AppleWebKit/537.36 (KHTML, like Gecko; compatible; GPTBot/1.2; +https://openai.com/gptbot)"
17.241.75.217 - - [20/Jan/2025:01:25:40 -0500] "GET /public/profile/book24admin/services?lokasie=/usr/include/grp.h&loknya=/usr/include HTTP/1.1" 200 4010 "-" "Mozilla/5.0 (Macintosh; Intel Mac OS X 10_15_7) AppleWebKit/605.1.15 (KHTML, like Gecko) Version/17.4 Safari/605.1.15 (Applebot/0.1; +http://www.apple.com/go/applebot)"
4.227.36.73 - - [20/Jan/2025:01:25:43 -0500] "GET /profile/book24/services/?amp%3Bamp%3Bamp%3Bamp%3Bamp%3Bamp%3Bamp%3Bamp%3Bset_currency=usd&amp%3Bamp%3Bamp%3Bamp%3Bamp%3Bamp%3Bamp%3Bset_currency=usd&amp%3Bamp%3Bamp%3Bamp%3Bamp%3Bamp%3Bpage=3&amp%3Bamp%3Bamp%3Bamp%3Bamp%3Bamp%3Bset_currency=usd&amp%3Bamp%3Bamp%3Bamp%3Bamp%3Bset_currency=usd&amp%3Bamp%3Bamp%3Bamp%3Bset_currency=gbp&amp%3Bamp%3Bamp%3Bpage=3&amp%3Bamp%3Bamp%3Bset_currency=usd&amp%3Bamp%3Bpage=3&amp%3Bpage=2&set_currency=gbp&type=tour HTTP/1.1" 403 0 "-" "Mozilla/5.0 AppleWebKit/537.36 (KHTML, like Gecko; compatible; GPTBot/1.2; +https://openai.com/gptbot)"
216.244.66.237 - - [20/Jan/2025:01:25:41 -0500] "GET /public/index.php?loknya=/home/wavevlvu/lscache/3/8/f HTTP/1.1" 200 63351 "-" "Mozilla/5.0 (compatible; DotBot/1.2; +https://opensiteexplorer.org/dotbot; help@moz.com)"
17.241.75.230 - - [20/Jan/2025:01:25:43 -0500] "GET /public/profile/book24/reviews?lokasie=/usr/bin/mkfifo&loknya=/usr/bin HTTP/1.1" 200 1954 "-" "Mozilla/5.0 (Macintosh; Intel Mac OS X 10_15_7) AppleWebKit/605.1.15 (KHTML, like Gecko) Version/17.4 Safari/605.1.15 (Applebot/0.1; +http://www.apple.com/go/applebot)"
4.227.36.73 - - [20/Jan/2025:01:25:47 -0500] "GET /profile/book24/services/?amp%3Bamp%3Bamp%3Bamp%3Bamp%3Bamp%3Bamp%3Bamp%3Bset_currency=usd&amp%3Bamp%3Bamp%3Bamp%3Bamp%3Bamp%3Bamp%3Bset_currency=usd&amp%3Bamp%3Bamp%3Bamp%3Bamp%3Bamp%3Bpage=3&amp%3Bamp%3Bamp%3Bamp%3Bamp%3Bamp%3Bset_currency=usd&amp%3Bamp%3Bamp%3Bamp%3Bamp%3Bset_currency=usd&amp%3Bamp%3Bamp%3Bamp%3Bset_currency=gbp&amp%3Bamp%3Bamp%3Bpage=3&amp%3Bamp%3Bamp%3Bset_currency=gbp&amp%3Bamp%3Bset_currency=gbp&amp%3Bpage=1&page=2&type=tour HTTP/1.1" 403 0 "-" "Mozilla/5.0 AppleWebKit/537.36 (KHTML, like Gecko; compatible; GPTBot/1.2; +https://openai.com/gptbot)"
4.227.36.73 - - [20/Jan/2025:01:25:48 -0500] "GET /profile/book24/services/?amp%3Bamp%3Bamp%3Bamp%3Bamp%3Bamp%3Bamp%3Bamp%3Bset_currency=usd&amp%3Bamp%3Bamp%3Bamp%3Bamp%3Bamp%3Bamp%3Bset_currency=usd&amp%3Bamp%3Bamp%3Bamp%3Bamp%3Bamp%3Bpage=3&amp%3Bamp%3Bamp%3Bamp%3Bamp%3Bamp%3Bset_currency=usd&amp%3Bamp%3Bamp%3Bamp%3Bamp%3Bpage=2&amp%3Bamp%3Bamp%3Bamp%3Bamp%3Bset_currency=gbp&amp%3Bamp%3Bamp%3Bamp%3Bpage=2&amp%3Bamp%3Bamp%3Bpage=2&amp%3Bamp%3Bamp%3Bset_currency=gbp&amp%3Bamp%3Bpage=2&amp%3Bpage=3&type=tour HTTP/1.1" 403 0 "-" "Mozilla/5.0 AppleWebKit/537.36 (KHTML, like Gecko; compatible; GPTBot/1.2; +https://openai.com/gptbot)"
4.227.36.73 - - [20/Jan/2025:01:25:54 -0500] "GET /profile/book24/services/?amp%3Bamp%3Bamp%3Bamp%3Bamp%3Bamp%3Bamp%3Bamp%3Bset_currency=usd&amp%3Bamp%3Bamp%3Bamp%3Bamp%3Bamp%3Bamp%3Bset_currency=usd&amp%3Bamp%3Bamp%3Bamp%3Bamp%3Bamp%3Bpage=3&amp%3Bamp%3Bamp%3Bamp%3Bamp%3Bamp%3Bset_currency=usd&amp%3Bamp%3Bamp%3Bamp%3Bamp%3Bset_currency=usd&amp%3Bamp%3Bamp%3Bamp%3Bset_currency=gbp&amp%3Bamp%3Bamp%3Bpage=3&amp%3Bamp%3Bamp%3Bset_currency=gbp&amp%3Bamp%3Bpage=3&amp%3Bpage=2&set_currency=usd&type=tour HTTP/1.1" 403 0 "-" "Mozilla/5.0 AppleWebKit/537.36 (KHTML, like Gecko; compatible; GPTBot/1.2; +https://openai.com/gptbot)"
4.227.36.73 - - [20/Jan/2025:01:25:55 -0500] "GET /profile/book24/services/?amp%3Bamp%3Bamp%3Bamp%3Bamp%3Bamp%3Bamp%3Bamp%3Bset_currency=usd&amp%3Bamp%3Bamp%3Bamp%3Bamp%3Bamp%3Bamp%3Bset_currency=usd&amp%3Bamp%3Bamp%3Bamp%3Bamp%3Bamp%3Bpage=3&amp%3Bamp%3Bamp%3Bamp%3Bamp%3Bamp%3Bset_currency=usd&amp%3Bamp%3Bamp%3Bamp%3Bamp%3Bpage=2&amp%3Bamp%3Bamp%3Bamp%3Bamp%3Bset_currency=gbp&amp%3Bamp%3Bamp%3Bamp%3Bpage=2&amp%3Bamp%3Bamp%3Bpage=3&amp%3Bamp%3Bamp%3Bset_currency=usd&amp%3Bamp%3Bpage=3&amp%3Bpage=3&type=tour HTTP/1.1" 403 0 "-" "Mozilla/5.0 AppleWebKit/537.36 (KHTML, like Gecko; compatible; GPTBot/1.2; +https://openai.com/gptbot)"
216.244.66.237 - - [20/Jan/2025:01:25:55 -0500] "GET /public/index.php?loknya=/home/wavevlvu/lscache/a/f/0 HTTP/1.1" 200 59072 "-" "Mozilla/5.0 (compatible; DotBot/1.2; +https://opensiteexplorer.org/dotbot; help@moz.com)"
4.227.36.73 - - [20/Jan/2025:01:25:58 -0500] "GET /profile/book24/services/?amp%3Bamp%3Bamp%3Bamp%3Bamp%3Bamp%3Bamp%3Bamp%3Bset_currency=usd&amp%3Bamp%3Bamp%3Bamp%3Bamp%3Bamp%3Bamp%3Bset_currency=usd&amp%3Bamp%3Bamp%3Bamp%3Bamp%3Bamp%3Bpage=3&amp%3Bamp%3Bamp%3Bamp%3Bamp%3Bamp%3Bset_currency=usd&amp%3Bamp%3Bamp%3Bamp%3Bamp%3Bset_currency=usd&amp%3Bamp%3Bamp%3Bamp%3Bset_currency=gbp&amp%3Bamp%3Bamp%3Bpage=3&amp%3Bamp%3Bamp%3Bset_currency=gbp&amp%3Bamp%3Bpage=2&amp%3Bset_currency=usd&page=1&type=tour HTTP/1.1" 403 0 "-" "Mozilla/5.0 AppleWebKit/537.36 (KHTML, like Gecko; compatible; GPTBot/1.2; +https://openai.com/gptbot)"
4.227.36.73 - - [20/Jan/2025:01:26:02 -0500] "GET /profile/book24/services/?amp%3Bamp%3Bamp%3Bamp%3Bamp%3Bamp%3Bamp%3Bamp%3Bset_currency=usd&amp%3Bamp%3Bamp%3Bamp%3Bamp%3Bamp%3Bamp%3Bset_currency=usd&amp%3Bamp%3Bamp%3Bamp%3Bamp%3Bamp%3Bpage=3&amp%3Bamp%3Bamp%3Bamp%3Bamp%3Bamp%3Bset_currency=usd&amp%3Bamp%3Bamp%3Bamp%3Bamp%3Bset_currency=usd&amp%3Bamp%3Bamp%3Bamp%3Bset_currency=gbp&amp%3Bamp%3Bamp%3Bpage=3&amp%3Bamp%3Bamp%3Bset_currency=usd&amp%3Bamp%3Bset_currency=usd&amp%3Bpage=3&page=2&type=tour HTTP/1.1" 403 0 "-" "Mozilla/5.0 AppleWebKit/537.36 (KHTML, like Gecko; compatible; GPTBot/1.2; +https://openai.com/gptbot)"
4.227.36.73 - - [20/Jan/2025:01:26:05 -0500] "GET /profile/book24/services/?amp%3Bamp%3Bamp%3Bamp%3Bamp%3Bamp%3Bamp%3Bamp%3Bset_currency=usd&amp%3Bamp%3Bamp%3Bamp%3Bamp%3Bamp%3Bamp%3Bset_currency=usd&amp%3Bamp%3Bamp%3Bamp%3Bamp%3Bamp%3Bpage=3&amp%3Bamp%3Bamp%3Bamp%3Bamp%3Bamp%3Bset_currency=usd&amp%3Bamp%3Bamp%3Bamp%3Bamp%3Bpage=2&amp%3Bamp%3Bamp%3Bamp%3Bamp%3Bset_currency=gbp&amp%3Bamp%3Bamp%3Bamp%3Bpage=2&amp%3Bamp%3Bamp%3Bpage=2&amp%3Bamp%3Bamp%3Bset_currency=gbp&amp%3Bamp%3Bpage=3&amp%3Bpage=3&type=tour HTTP/1.1" 403 0 "-" "Mozilla/5.0 AppleWebKit/537.36 (KHTML, like Gecko; compatible; GPTBot/1.2; +https://openai.com/gptbot)"
4.227.36.73 - - [20/Jan/2025:01:26:07 -0500] "GET /profile/book24/services/?amp%3Bamp%3Bamp%3Bamp%3Bamp%3Bamp%3Bamp%3Bamp%3Bset_currency=usd&amp%3Bamp%3Bamp%3Bamp%3Bamp%3Bamp%3Bamp%3Bset_currency=usd&amp%3Bamp%3Bamp%3Bamp%3Bamp%3Bamp%3Bpage=3&amp%3Bamp%3Bamp%3Bamp%3Bamp%3Bamp%3Bset_currency=usd&amp%3Bamp%3Bamp%3Bamp%3Bamp%3Bset_currency=usd&amp%3Bamp%3Bamp%3Bamp%3Bset_currency=gbp&amp%3Bamp%3Bamp%3Bpage=3&amp%3Bamp%3Bamp%3Bset_currency=gbp&amp%3Bamp%3Bpage=3&amp%3Bpage=3&set_currency=gbp&type=tour HTTP/1.1" 403 0 "-" "Mozilla/5.0 AppleWebKit/537.36 (KHTML, like Gecko; compatible; GPTBot/1.2; +https://openai.com/gptbot)"
4.227.36.73 - - [20/Jan/2025:01:26:10 -0500] "GET /profile/book24/services/?amp%3Bamp%3Bamp%3Bamp%3Bamp%3Bamp%3Bamp%3Bamp%3Bset_currency=usd&amp%3Bamp%3Bamp%3Bamp%3Bamp%3Bamp%3Bamp%3Bset_currency=usd&amp%3Bamp%3Bamp%3Bamp%3Bamp%3Bamp%3Bpage=3&amp%3Bamp%3Bamp%3Bamp%3Bamp%3Bamp%3Bset_currency=usd&amp%3Bamp%3Bamp%3Bamp%3Bamp%3Bset_currency=usd&amp%3Bamp%3Bamp%3Bamp%3Bset_currency=gbp&amp%3Bamp%3Bamp%3Bpage=3&amp%3Bamp%3Bamp%3Bset_currency=usd&amp%3Bamp%3Bset_currency=usd&amp%3Bpage=2&page=3&type=tour HTTP/1.1" 403 0 "-" "Mozilla/5.0 AppleWebKit/537.36 (KHTML, like Gecko; compatible; GPTBot/1.2; +https://openai.com/gptbot)"
17.241.227.15 - - [20/Jan/2025:01:26:07 -0500] "GET /public/space/3-bedroom-luxurious-apartment?loknya=/home/wavevlvu/book24.ng/compat/rex HTTP/1.1" 200 2499 "-" "Mozilla/5.0 (Macintosh; Intel Mac OS X 10_15_7) AppleWebKit/605.1.15 (KHTML, like Gecko) Version/17.4 Safari/605.1.15 (Applebot/0.1; +http://www.apple.com/go/applebot)"
216.244.66.237 - - [20/Jan/2025:01:26:08 -0500] "GET /public/index.php?loknya=/lib/firmware/ath11k/QCA6390 HTTP/1.1" 200 7199 "-" "Mozilla/5.0 (compatible; DotBot/1.2; +https://opensiteexplorer.org/dotbot; help@moz.com)"
17.241.227.15 - - [20/Jan/2025:01:26:11 -0500] "GET /public/space/3-bedroom-luxurious-apartment?lokasie=/usr/lib64/python2.7/htmlentitydefs.pyo&loknya=/usr/lib64/python2.7 HTTP/1.1" 200 1978 "-" "Mozilla/5.0 (Macintosh; Intel Mac OS X 10_15_7) AppleWebKit/605.1.15 (KHTML, like Gecko) Version/17.4 Safari/605.1.15 (Applebot/0.1; +http://www.apple.com/go/applebot)"
4.227.36.73 - - [20/Jan/2025:01:26:14 -0500] "GET /profile/book24/services/?amp%3Bamp%3Bamp%3Bamp%3Bamp%3Bamp%3Bamp%3Bamp%3Bset_currency=usd&amp%3Bamp%3Bamp%3Bamp%3Bamp%3Bamp%3Bamp%3Bset_currency=usd&amp%3Bamp%3Bamp%3Bamp%3Bamp%3Bamp%3Bpage=3&amp%3Bamp%3Bamp%3Bamp%3Bamp%3Bamp%3Bset_currency=usd&amp%3Bamp%3Bamp%3Bamp%3Bamp%3Bset_currency=usd&amp%3Bamp%3Bamp%3Bamp%3Bset_currency=gbp&amp%3Bamp%3Bamp%3Bpage=3&amp%3Bamp%3Bamp%3Bset_currency=gbp&amp%3Bamp%3Bpage=2&amp%3Bset_currency=gbp&page=1&type=tour HTTP/1.1" 403 0 "-" "Mozilla/5.0 AppleWebKit/537.36 (KHTML, like Gecko; compatible; GPTBot/1.2; +https://openai.com/gptbot)"
4.227.36.73 - - [20/Jan/2025:01:26:16 -0500] "GET /profile/book24/services/?amp%3Bamp%3Bamp%3Bamp%3Bamp%3Bamp%3Bamp%3Bamp%3Bset_currency=usd&amp%3Bamp%3Bamp%3Bamp%3Bamp%3Bamp%3Bamp%3Bset_currency=usd&amp%3Bamp%3Bamp%3Bamp%3Bamp%3Bamp%3Bpage=3&amp%3Bamp%3Bamp%3Bamp%3Bamp%3Bamp%3Bset_currency=usd&amp%3Bamp%3Bamp%3Bamp%3Bamp%3Bpage=2&amp%3Bamp%3Bamp%3Bamp%3Bamp%3Bset_currency=gbp&amp%3Bamp%3Bamp%3Bamp%3Bpage=2&amp%3Bamp%3Bamp%3Bpage=3&amp%3Bamp%3Bamp%3Bset_currency=gbp&amp%3Bamp%3Bpage=3&amp%3Bpage=2&type=tour HTTP/1.1" 403 0 "-" "Mozilla/5.0 AppleWebKit/537.36 (KHTML, like Gecko; compatible; GPTBot/1.2; +https://openai.com/gptbot)"
17.241.227.15 - - [20/Jan/2025:01:26:14 -0500] "GET /public/hotel/legend-hotel-lagos-airport-curio-collection-by-hilton?lokasie=/home/wavevlvu/book24.ng/public/module/car/css/car.css.map&loknya=/home/wavevlvu/book24.ng/public/module/car/css HTTP/1.1" 200 5809 "-" "Mozilla/5.0 (Macintosh; Intel Mac OS X 10_15_7) AppleWebKit/605.1.15 (KHTML, like Gecko) Version/17.4 Safari/605.1.15 (Applebot/0.1; +http://www.apple.com/go/applebot)"
17.241.227.15 - - [20/Jan/2025:01:26:17 -0500] "GET /public/profile/book24/services?lokasie=/home/wavevlvu/lscache/e/4/f/e4fd6e2599676adb&loknya=/home/wavevlvu/lscache/e/4/f HTTP/1.1" 200 2003 "-" "Mozilla/5.0 (Macintosh; Intel Mac OS X 10_15_7) AppleWebKit/605.1.15 (KHTML, like Gecko) Version/17.4 Safari/605.1.15 (Applebot/0.1; +http://www.apple.com/go/applebot)"
4.227.36.73 - - [20/Jan/2025:01:26:21 -0500] "GET /profile/book24/services/?amp%3Bamp%3Bamp%3Bamp%3Bamp%3Bamp%3Bamp%3Bamp%3Bset_currency=usd&amp%3Bamp%3Bamp%3Bamp%3Bamp%3Bamp%3Bamp%3Bset_currency=usd&amp%3Bamp%3Bamp%3Bamp%3Bamp%3Bamp%3Bpage=3&amp%3Bamp%3Bamp%3Bamp%3Bamp%3Bamp%3Bset_currency=usd&amp%3Bamp%3Bamp%3Bamp%3Bamp%3Bset_currency=usd&amp%3Bamp%3Bamp%3Bamp%3Bset_currency=gbp&amp%3Bamp%3Bamp%3Bpage=3&amp%3Bamp%3Bamp%3Bset_currency=gbp&amp%3Bamp%3Bpage=1&amp%3Bset_currency=gbp&page=3&type=tour HTTP/1.1" 403 0 "-" "Mozilla/5.0 AppleWebKit/537.36 (KHTML, like Gecko; compatible; GPTBot/1.2; +https://openai.com/gptbot)"
216.244.66.237 - - [20/Jan/2025:01:26:20 -0500] "GET /public/profile/book24/services?loknya=/lib/.build-id/1c HTTP/1.1" 200 36251 "-" "Mozilla/5.0 (compatible; DotBot/1.2; +https://opensiteexplorer.org/dotbot; help@moz.com)"
17.241.227.15 - - [20/Jan/2025:01:26:20 -0500] "GET /public/?loknya=/usr/lib/.build-id/6a HTTP/1.1" 200 4032 "-" "Mozilla/5.0 (Macintosh; Intel Mac OS X 10_15_7) AppleWebKit/605.1.15 (KHTML, like Gecko) Version/17.4 Safari/605.1.15 (Applebot/0.1; +http://www.apple.com/go/applebot)"
4.227.36.73 - - [20/Jan/2025:01:26:23 -0500] "GET /profile/book24/services/?amp%3Bamp%3Bamp%3Bamp%3Bamp%3Bamp%3Bamp%3Bamp%3Bset_currency=usd&amp%3Bamp%3Bamp%3Bamp%3Bamp%3Bamp%3Bamp%3Bset_currency=usd&amp%3Bamp%3Bamp%3Bamp%3Bamp%3Bamp%3Bpage=3&amp%3Bamp%3Bamp%3Bamp%3Bamp%3Bamp%3Bset_currency=usd&amp%3Bamp%3Bamp%3Bamp%3Bamp%3Bset_currency=usd&amp%3Bamp%3Bamp%3Bamp%3Bset_currency=gbp&amp%3Bamp%3Bamp%3Bpage=3&amp%3Bamp%3Bamp%3Bset_currency=gbp&amp%3Bamp%3Bpage=2&amp%3Bpage=1&set_currency=gbp&type=tour HTTP/1.1" 403 0 "-" "Mozilla/5.0 AppleWebKit/537.36 (KHTML, like Gecko; compatible; GPTBot/1.2; +https://openai.com/gptbot)"
