3.135.249.119 - - [20/Jan/2025:01:36:43 -0500] "GET /public/index.php/tour/couple-romantic-weekend-getaway-250kcouple?loknya=%2Fproc%2Fthread-self%2Froot%2Fhome%2Fwavevlvu%2Fblog.diixadigital.com%2Fwp-includes%2Fblocks%2Fspacer HTTP/1.1" 200 2459 "-" "Mozilla/5.0 AppleWebKit/537.36 (KHTML, like Gecko; compatible; ClaudeBot/1.0; +claudebot@anthropic.com)"
52.14.116.234 - - [20/Jan/2025:01:36:43 -0500] "GET /public/index.php/space/westwing?lokasie=%2Fvar%2Fsoftaculous%2Fbbpress%2F_wp-config.php&loknya=%2Fvar%2Fsoftaculous%2Fbbpress HTTP/1.1" 200 3054 "-" "Mozilla/5.0 AppleWebKit/537.36 (KHTML, like Gecko; compatible; ClaudeBot/1.0; +claudebot@anthropic.com)"
3.135.249.119 - - [20/Jan/2025:01:36:43 -0500] "GET /public/index.php/space/westwing?lokasie=%2Fvar%2Fsoftaculous%2Fpydio%2Fnotes.txt&loknya=%2Fvar%2Fsoftaculous%2Fpydio HTTP/1.1" 200 1944 "-" "Mozilla/5.0 AppleWebKit/537.36 (KHTML, like Gecko; compatible; ClaudeBot/1.0; +claudebot@anthropic.com)"
3.135.249.119 - - [20/Jan/2025:01:36:43 -0500] "GET /public/tour/osun-3-day-tour-osun-sacred-shrine-erin-ijesha-waterfall-nike-art-gallery-ataoja-oshogbo-palace?lokasie=%2Fproc%2Fthread-self%2Froot%2Fproc%2Fthread-self%2Froot%2Fhome%2Fwavevlvu%2Flscache%2Fe%2F3%2F7%2Fe37f80809f067b72&loknya=%2Fproc%2Fthread-self%2Froot%2Fproc%2Fthread-self%2Froot%2Fhome%2Fwavevlvu%2Flscache%2Fe%2F3%2F7&set_currency=gbp HTTP/1.1" 200 1835 "-" "Mozilla/5.0 AppleWebKit/537.36 (KHTML, like Gecko; compatible; ClaudeBot/1.0; +claudebot@anthropic.com)"
3.133.159.116 - - [20/Jan/2025:01:36:43 -0500] "GET /public/index.php/space/westwing?lokasie=%2Fvar%2Fsoftaculous%2Fmoodle39%2Fedit.xml&loknya=%2Fvar%2Fsoftaculous%2Fmoodle39 HTTP/1.1" 200 1949 "-" "Mozilla/5.0 AppleWebKit/537.36 (KHTML, like Gecko; compatible; ClaudeBot/1.0; +claudebot@anthropic.com)"
3.133.159.116 - - [20/Jan/2025:01:36:43 -0500] "GET /public/tour/osun-3-day-tour-osun-sacred-shrine-erin-ijesha-waterfall-nike-art-gallery-ataoja-oshogbo-palace?lokasie=%2Fproc%2Fthread-self%2Froot%2Fproc%2Fthread-self%2Froot%2Fhome%2Fwavevlvu%2Flscache%2F3%2F9%2F1%2F39126363db5a0742&loknya=%2Fproc%2Fthread-self%2Froot%2Fproc%2Fthread-self%2Froot%2Fhome%2Fwavevlvu%2Flscache%2F3%2F9%2F1 HTTP/1.1" 200 1834 "-" "Mozilla/5.0 AppleWebKit/537.36 (KHTML, like Gecko; compatible; ClaudeBot/1.0; +claudebot@anthropic.com)"
3.145.88.101 - - [20/Jan/2025:01:36:43 -0500] "GET /public/index.php/tour/couple-romantic-weekend-getaway-250kcouple?lokasie=%2Fproc%2Fthread-self%2Froot%2Fusr%2Flib64%2Fpython3.6%2F%2Fpy_compile.py&loknya=%2Fproc%2Fthread-self%2Froot%2Fusr%2Flib64%2Fpython3.6%2F HTTP/1.1" 200 4244 "-" "Mozilla/5.0 AppleWebKit/537.36 (KHTML, like Gecko; compatible; ClaudeBot/1.0; +claudebot@anthropic.com)"
3.147.63.222 - - [20/Jan/2025:01:36:43 -0500] "GET /public/hotel/247-luxury-hotel?lokasie=%2Flib%2Fnode_modules%2Fnpm%2Fman%2Fman1%2Fgit-http-fetch.1.gz&loknya=%2Flib%2Fnode_modules%2Fnpm%2Fman%2Fman1 HTTP/1.1" 200 1774 "-" "Mozilla/5.0 AppleWebKit/537.36 (KHTML, like Gecko; compatible; ClaudeBot/1.0; +claudebot@anthropic.com)"
3.147.63.222 - - [20/Jan/2025:01:36:44 -0500] "GET /public/hotel/247-luxury-hotel?lokasie=%2Flib%2Fnode_modules%2Fnpm%2Fman%2Fman1%2Fgit-checkout-index.1.gz&loknya=%2Flib%2Fnode_modules%2Fnpm%2Fman%2Fman1 HTTP/1.1" 200 1774 "-" "Mozilla/5.0 AppleWebKit/537.36 (KHTML, like Gecko; compatible; ClaudeBot/1.0; +claudebot@anthropic.com)"
3.147.63.222 - - [20/Jan/2025:01:36:44 -0500] "GET /public/event/cannabis-live-global-summit-nigeria?loknya=%2Fopt%2Falt%2Falt-nodejs20%2Froot%2Fusr%2Flib%2Fnode_modules%2Fnpm%2Fnode_modules%2Fcmd-shim%2Flib HTTP/1.1" 200 2319 "-" "Mozilla/5.0 AppleWebKit/537.36 (KHTML, like Gecko; compatible; ClaudeBot/1.0; +claudebot@anthropic.com)"
3.131.38.184 - - [20/Jan/2025:01:36:44 -0500] "GET /public/index.php/space/westwing?lokasie=%2Fvar%2Fsoftaculous%2Fweberp%2Finstall.xml&loknya=%2Fvar%2Fsoftaculous%2Fweberp HTTP/1.1" 200 2446 "-" "Mozilla/5.0 AppleWebKit/537.36 (KHTML, like Gecko; compatible; ClaudeBot/1.0; +claudebot@anthropic.com)"
3.131.38.184 - - [20/Jan/2025:01:36:44 -0500] "GET /public/index.php/space/westwing?loknya=%2Fvar%2Fsoftaculous%2Fjamroom%2Fphp53 HTTP/1.1" 200 2310 "-" "Mozilla/5.0 AppleWebKit/537.36 (KHTML, like Gecko; compatible; ClaudeBot/1.0; +claudebot@anthropic.com)"
3.131.38.184 - - [20/Jan/2025:01:36:44 -0500] "GET /public/index.php/space/westwing?lokasie=%2Fvar%2Fsoftaculous%2Fnewsletter%2Finstall.js&loknya=%2Fvar%2Fsoftaculous%2Fnewsletter HTTP/1.1" 200 2132 "-" "Mozilla/5.0 AppleWebKit/537.36 (KHTML, like Gecko; compatible; ClaudeBot/1.0; +claudebot@anthropic.com)"
3.131.38.184 - - [20/Jan/2025:01:36:45 -0500] "GET /public/index.php/tour/weekend-getaway-at-federal-palace-hotel?lokasie=%2Fusr%2Flocal%2Fshare%2Fperl5%2FPath%2FClass%2FDir.pm&loknya=%2Fusr%2Flocal%2Fshare%2Fperl5%2FPath%2FClass HTTP/1.1" 200 10380 "-" "Mozilla/5.0 AppleWebKit/537.36 (KHTML, like Gecko; compatible; ClaudeBot/1.0; +claudebot@anthropic.com)"
3.131.38.184 - - [20/Jan/2025:01:36:45 -0500] "GET /public/index.php/tour/valentine-in-seychelles-600kperson?lokasie=%2Fusr%2Fshare%2Flocale%2Fko%2FLC_MESSAGES%2Ffindutils.mo&loknya=%2Fusr%2Fshare%2Flocale%2Fko%2FLC_MESSAGES HTTP/1.1" 200 1776 "-" "Mozilla/5.0 AppleWebKit/537.36 (KHTML, like Gecko; compatible; ClaudeBot/1.0; +claudebot@anthropic.com)"
3.131.38.184 - - [20/Jan/2025:01:36:44 -0500] "GET /public/index.php/space/westwing?lokasie=%2Fvar%2Fsoftaculous%2Fclicshop%2Fclicshop.zip&loknya=%2Fvar%2Fsoftaculous%2Fclicshop HTTP/1.1" 200 1747 "-" "Mozilla/5.0 AppleWebKit/537.36 (KHTML, like Gecko; compatible; ClaudeBot/1.0; +claudebot@anthropic.com)"
17.241.227.20 - - [20/Jan/2025:01:36:47 -0500] "GET /public/space/xx/index.php?lokasie=/home/wavevlvu/book24.ng/public/libs/bootstrap/js/bootstrap.bundle.min.js&loknya=/home/wavevlvu/book24.ng/public/libs/bootstrap/js HTTP/1.1" 200 30287 "-" "Mozilla/5.0 (Macintosh; Intel Mac OS X 10_15_7) AppleWebKit/605.1.15 (KHTML, like Gecko) Version/17.4 Safari/605.1.15 (Applebot/0.1; +http://www.apple.com/go/applebot)"
4.227.36.73 - - [20/Jan/2025:01:36:48 -0500] "GET /login/?amp%3Bamp%3Bamp%3Bamp%3Bamp%3Bamp%3Bamp%3Bamp%3Bset_currency=gbp&amp%3Bamp%3Bamp%3Bamp%3Bamp%3Bamp%3Bamp%3Bset_currency=usd&amp%3Bamp%3Bamp%3Bamp%3Bamp%3Bamp%3Bset_currency=usd&amp%3Bamp%3Bamp%3Bamp%3Bamp%3Bset_currency=usd&amp%3Bamp%3Bamp%3Bamp%3Bset_currency=usd&amp%3Bamp%3Bamp%3Bset_currency=usd&amp%3Bamp%3Bset_currency=usd&amp%3Bset_currency=usd&redirect=%2Fuser%2Fchat%3Fuser_id%3D18&set_currency=usd HTTP/1.1" 403 0 "-" "Mozilla/5.0 AppleWebKit/537.36 (KHTML, like Gecko; compatible; GPTBot/1.2; +https://openai.com/gptbot)"
3.147.56.105 - - [20/Jan/2025:01:36:48 -0500] "GET /public/index.php/tour/weekend-getaway-at-federal-palace-hotel?lokasie=%2Flib%2Fpython2.7%2Fsite-packages%2Fsetuptools%2F%2Fnamespaces.py&loknya=%2Flib%2Fpython2.7%2Fsite-packages%2Fsetuptools%2F HTTP/1.1" 200 2706 "-" "Mozilla/5.0 AppleWebKit/537.36 (KHTML, like Gecko; compatible; ClaudeBot/1.0; +claudebot@anthropic.com)"
18.119.135.67 - - [20/Jan/2025:01:36:48 -0500] "GET /public/index.php/tour/valentine-in-seychelles-600kperson?lokasie=%2Fopt%2Falt%2Fpython39%2Flib64%2Fpython3.9%2Fpickletools.py&loknya=%2Fopt%2Falt%2Fpython39%2Flib64%2Fpython3.9 HTTP/1.1" 200 24411 "-" "Mozilla/5.0 AppleWebKit/537.36 (KHTML, like Gecko; compatible; ClaudeBot/1.0; +claudebot@anthropic.com)"
3.135.198.82 - - [20/Jan/2025:01:36:47 -0500] "GET /public/index.php/tour/weekend-getaway-at-federal-palace-hotel?lokasie=%2Fusr%2Flocal%2Fshare%2Fperl5%2F%2Flwpcook.pod&loknya=%2Fusr%2Flocal%2Fshare%2Fperl5%2F HTTP/1.1" 200 5258 "-" "Mozilla/5.0 AppleWebKit/537.36 (KHTML, like Gecko; compatible; ClaudeBot/1.0; +claudebot@anthropic.com)"
3.135.198.82 - - [20/Jan/2025:01:36:47 -0500] "GET /public/index.php/tour/weekend-getaway-at-federal-palace-hotel?lokasie=%2Fusr%2Flib%2Fpython2.7%2Fsite-packages%2F%2Fsix.pyo&loknya=%2Fusr%2Flib%2Fpython2.7%2Fsite-packages%2F HTTP/1.1" 200 1759 "-" "Mozilla/5.0 AppleWebKit/537.36 (KHTML, like Gecko; compatible; ClaudeBot/1.0; +claudebot@anthropic.com)"
3.131.38.184 - - [20/Jan/2025:01:36:47 -0500] "GET /public/index.php/tour/couple-romantic-weekend-getaway-250kcouple?lokasie=%2Fproc%2Fthread-self%2Froot%2Fusr%2Flib64%2Fpython2.7%2Fencodings%2Fiso8859_9.py&loknya=%2Fproc%2Fthread-self%2Froot%2Fusr%2Flib64%2Fpython2.7%2Fencodings&set_currency=usd HTTP/1.1" 200 4607 "-" "Mozilla/5.0 AppleWebKit/537.36 (KHTML, like Gecko; compatible; ClaudeBot/1.0; +claudebot@anthropic.com)"
3.135.198.82 - - [20/Jan/2025:01:36:47 -0500] "GET /public/index.php/tour/valentine-in-seychelles-600kperson?lokasie=%2Fusr%2Flib64%2Fpython2.7%2Fidlelib%2Fidle_test%2Fhtest.pyo&loknya=%2Fusr%2Flib64%2Fpython2.7%2Fidlelib%2Fidle_test HTTP/1.1" 200 1771 "-" "Mozilla/5.0 AppleWebKit/537.36 (KHTML, like Gecko; compatible; ClaudeBot/1.0; +claudebot@anthropic.com)"
18.220.222.188 - - [20/Jan/2025:01:36:48 -0500] "GET /public/hotel/247-luxury-hotel?lokasie=%2Flib%2Fsystemd%2Fportable%2Fprofile%2Fstrict%2Fservice.conf&loknya=%2Flib%2Fsystemd%2Fportable%2Fprofile%2Fstrict HTTP/1.1" 200 2158 "-" "Mozilla/5.0 AppleWebKit/537.36 (KHTML, like Gecko; compatible; ClaudeBot/1.0; +claudebot@anthropic.com)"
3.135.198.82 - - [20/Jan/2025:01:36:47 -0500] "GET /public/index.php/tour/valentine-in-seychelles-600kperson?lokasie=%2Fusr%2Fsrc%2Flitespeed-wp-plugin%2F6.5.0.2%2Ftranslations%2Fid_ID.zip&loknya=%2Fusr%2Fsrc%2Flitespeed-wp-plugin%2F6.5.0.2%2Ftranslations HTTP/1.1" 200 1782 "-" "Mozilla/5.0 AppleWebKit/537.36 (KHTML, like Gecko; compatible; ClaudeBot/1.0; +claudebot@anthropic.com)"
3.128.168.176 - - [20/Jan/2025:01:36:47 -0500] "GET /public/index.php/space/westwing?lokasie=%2Flib64%2F%2Flibpsx.so.2&loknya=%2Flib64%2F HTTP/1.1" 200 1727 "-" "Mozilla/5.0 AppleWebKit/537.36 (KHTML, like Gecko; compatible; ClaudeBot/1.0; +claudebot@anthropic.com)"
52.14.110.186 - - [20/Jan/2025:01:36:48 -0500] "GET /public/hotel/247-luxury-hotel?lokasie=%2Flib%2Fnode_modules%2Fnpm%2Fman%2Fman2%2Finb_p.2.gz&loknya=%2Flib%2Fnode_modules%2Fnpm%2Fman%2Fman2 HTTP/1.1" 200 1770 "-" "Mozilla/5.0 AppleWebKit/537.36 (KHTML, like Gecko; compatible; ClaudeBot/1.0; +claudebot@anthropic.com)"
3.135.197.167 - - [20/Jan/2025:01:36:48 -0500] "GET /public/index.php/tour/valentine-in-seychelles-600kperson?lokasie=%2Fusr%2Flib%2Ffirmware%2F%2Fql2100_fw.bin&loknya=%2Fusr%2Flib%2Ffirmware%2F HTTP/1.1" 200 1751 "-" "Mozilla/5.0 AppleWebKit/537.36 (KHTML, like Gecko; compatible; ClaudeBot/1.0; +claudebot@anthropic.com)"
3.128.168.176 - - [20/Jan/2025:01:36:47 -0500] "GET /public/index.php/space/westwing?lokasie=%2Flib64%2F%2Flibcom_err.so&loknya=%2Flib64%2F HTTP/1.1" 200 1728 "-" "Mozilla/5.0 AppleWebKit/537.36 (KHTML, like Gecko; compatible; ClaudeBot/1.0; +claudebot@anthropic.com)"
3.128.168.176 - - [20/Jan/2025:01:36:48 -0500] "GET /public/index.php/space/westwing?lokasie=%2Flib64%2F%2Flibisccc.so.161&loknya=%2Flib64%2F HTTP/1.1" 200 1730 "-" "Mozilla/5.0 AppleWebKit/537.36 (KHTML, like Gecko; compatible; ClaudeBot/1.0; +claudebot@anthropic.com)"
3.128.168.176 - - [20/Jan/2025:01:36:48 -0500] "GET /public/index.php/space/westwing?lokasie=%2Flib64%2F%2Flibk5crypto.so.3&loknya=%2Flib64%2F HTTP/1.1" 200 1729 "-" "Mozilla/5.0 AppleWebKit/537.36 (KHTML, like Gecko; compatible; ClaudeBot/1.0; +claudebot@anthropic.com)"
3.147.56.105 - - [20/Jan/2025:01:36:48 -0500] "GET /public/index.php/tour/couple-romantic-weekend-getaway-250kcouple?lokasie=%2Fproc%2Fthread-self%2Froot%2Fusr%2Flib64%2Fpython2.7%2FDemo%2Fcurses%2Fxmas.pyc&loknya=%2Fproc%2Fthread-self%2Froot%2Fusr%2Flib64%2Fpython2.7%2FDemo%2Fcurses HTTP/1.1" 200 1807 "-" "Mozilla/5.0 AppleWebKit/537.36 (KHTML, like Gecko; compatible; ClaudeBot/1.0; +claudebot@anthropic.com)"
18.223.213.102 - - [20/Jan/2025:01:36:49 -0500] "GET /public/index.php/space/westwing?lokasie=%2Flib64%2F%2Flibgobject-2.0.so.0.5600.4&loknya=%2Flib64%2F HTTP/1.1" 200 1476 "-" "Mozilla/5.0 AppleWebKit/537.36 (KHTML, like Gecko; compatible; ClaudeBot/1.0; +claudebot@anthropic.com)"
18.227.26.84 - - [20/Jan/2025:01:36:50 -0500] "GET /public/index.php/space/westwing?lokasie=%2Flib64%2F%2Flibhandle.so.1.0.3&loknya=%2Flib64%2F HTTP/1.1" 200 1465 "-" "Mozilla/5.0 AppleWebKit/537.36 (KHTML, like Gecko; compatible; ClaudeBot/1.0; +claudebot@anthropic.com)"
3.16.203.175 - - [20/Jan/2025:01:36:48 -0500] "GET /public/index.php/space/westwing?loknya=%2Fvar%2Fsoftaculous%2Fdotcl%2Fphp82 HTTP/1.1" 200 2341 "-" "Mozilla/5.0 AppleWebKit/537.36 (KHTML, like Gecko; compatible; ClaudeBot/1.0; +claudebot@anthropic.com)"
3.128.168.176 - - [20/Jan/2025:01:36:48 -0500] "GET /public/index.php/space/westwing?lokasie=%2Flib64%2F%2Flibxcb-xf86dri.so&loknya=%2Flib64%2F HTTP/1.1" 500 322 "-" "Mozilla/5.0 AppleWebKit/537.36 (KHTML, like Gecko; compatible; ClaudeBot/1.0; +claudebot@anthropic.com)"
3.128.168.176 - - [20/Jan/2025:01:36:48 -0500] "GET /public/index.php/space/westwing?lokasie=%2Flib64%2F%2Flibini_config.so.5&loknya=%2Flib64%2F HTTP/1.1" 200 1731 "-" "Mozilla/5.0 AppleWebKit/537.36 (KHTML, like Gecko; compatible; ClaudeBot/1.0; +claudebot@anthropic.com)"
3.16.203.175 - - [20/Jan/2025:01:36:48 -0500] "GET /public/index.php/space/westwing?loknya=%2Fopt%2Falt%2Fphp54%2Fvar HTTP/1.1" 200 2194 "-" "Mozilla/5.0 AppleWebKit/537.36 (KHTML, like Gecko; compatible; ClaudeBot/1.0; +claudebot@anthropic.com)"
3.16.203.175 - - [20/Jan/2025:01:36:48 -0500] "GET /public/index.php/space/westwing?loknya=%2Fvar%2Fsoftaculous%2Ftcexam%2Fphp82 HTTP/1.1" 200 2341 "-" "Mozilla/5.0 AppleWebKit/537.36 (KHTML, like Gecko; compatible; ClaudeBot/1.0; +claudebot@anthropic.com)"
3.16.203.175 - - [20/Jan/2025:01:36:48 -0500] "GET /public/index.php/space/westwing?lokasie=%2Fvar%2Fsoftaculous%2Fdotcl%2Fedit.php&loknya=%2Fvar%2Fsoftaculous%2Fdotcl HTTP/1.1" 200 6081 "-" "Mozilla/5.0 AppleWebKit/537.36 (KHTML, like Gecko; compatible; ClaudeBot/1.0; +claudebot@anthropic.com)"
3.144.98.43 - - [20/Jan/2025:01:36:49 -0500] "GET /public/hotel/247-luxury-hotel?lokasie=%2Flib%2Fnode_modules%2Fnpm%2Fman%2Fman7%2FEVP_KDF_HKDF.7ssl.gz&loknya=%2Flib%2Fnode_modules%2Fnpm%2Fman%2Fman7 HTTP/1.1" 200 1780 "-" "Mozilla/5.0 AppleWebKit/537.36 (KHTML, like Gecko; compatible; ClaudeBot/1.0; +claudebot@anthropic.com)"
3.144.98.43 - - [20/Jan/2025:01:36:49 -0500] "GET /public/hotel/247-luxury-hotel?lokasie=%2Flib%2Fnode_modules%2Fnpm%2Fman%2Fman7%2Fpersistent-keyring.7.gz&loknya=%2Flib%2Fnode_modules%2Fnpm%2Fman%2Fman7 HTTP/1.1" 200 1778 "-" "Mozilla/5.0 AppleWebKit/537.36 (KHTML, like Gecko; compatible; ClaudeBot/1.0; +claudebot@anthropic.com)"
52.14.37.165 - - [20/Jan/2025:01:36:49 -0500] "GET /public/index.php/space/westwing?loknya=%2Fopt%2Falt%2Ftests%2Falt-php80-pecl-redis_5.3.7-5.el8 HTTP/1.1" 200 2152 "-" "Mozilla/5.0 AppleWebKit/537.36 (KHTML, like Gecko; compatible; ClaudeBot/1.0; +claudebot@anthropic.com)"
3.144.98.43 - - [20/Jan/2025:01:36:49 -0500] "GET /public/index.php/tour/couple-romantic-weekend-getaway-250kcouple?lokasie=%2Fproc%2Fthread-self%2Froot%2Fusr%2Flib%2Ffirmware%2F%2Fiwlwifi-so-a0-gf-a0.pnvm&loknya=%2Fproc%2Fthread-self%2Froot%2Fusr%2Flib%2Ffirmware%2F HTTP/1.1" 200 1795 "-" "Mozilla/5.0 AppleWebKit/537.36 (KHTML, like Gecko; compatible; ClaudeBot/1.0; +claudebot@anthropic.com)"
3.145.165.239 - - [20/Jan/2025:01:36:49 -0500] "GET /public/index.php/space/westwing?loknya=%2Fvar%2Fsoftaculous%2Flss%2Fphp81 HTTP/1.1" 200 2320 "-" "Mozilla/5.0 AppleWebKit/537.36 (KHTML, like Gecko; compatible; ClaudeBot/1.0; +claudebot@anthropic.com)"
3.15.188.75 - - [20/Jan/2025:01:36:49 -0500] "GET /public/index.php/tour/weekend-getaway-at-federal-palace-hotel?loknya=%2Fopt%2Fcloudlinux%2Falt-php80%2Froot%2Fusr%2Flib64%2Fbuild HTTP/1.1" 200 2689 "-" "Mozilla/5.0 AppleWebKit/537.36 (KHTML, like Gecko; compatible; ClaudeBot/1.0; +claudebot@anthropic.com)"
18.223.213.102 - - [20/Jan/2025:01:36:49 -0500] "GET /public/index.php/space/westwing?lokasie=%2Flib64%2F%2Flibdrm.so.2&loknya=%2Flib64%2F HTTP/1.1" 200 1729 "-" "Mozilla/5.0 AppleWebKit/537.36 (KHTML, like Gecko; compatible; ClaudeBot/1.0; +claudebot@anthropic.com)"
3.144.98.43 - - [20/Jan/2025:01:36:49 -0500] "GET /public/index.php/tour/couple-romantic-weekend-getaway-250kcouple?lokasie=%2Fproc%2Fthread-self%2Froot%2Fusr%2Flib64%2Fpython2.7%2FDemo%2Fturtle%2Ftdemo_paint.pyo&loknya=%2Fproc%2Fthread-self%2Froot%2Fusr%2Flib64%2Fpython2.7%2FDemo%2Fturtle HTTP/1.1" 200 1812 "-" "Mozilla/5.0 AppleWebKit/537.36 (KHTML, like Gecko; compatible; ClaudeBot/1.0; +claudebot@anthropic.com)"
18.223.213.102 - - [20/Jan/2025:01:36:49 -0500] "GET /public/index.php/space/westwing?lokasie=%2Flib64%2F%2Flibxmlrpc_xmltok.so.3&loknya=%2Flib64%2F HTTP/1.1" 200 1737 "-" "Mozilla/5.0 AppleWebKit/537.36 (KHTML, like Gecko; compatible; ClaudeBot/1.0; +claudebot@anthropic.com)"
18.223.213.102 - - [20/Jan/2025:01:36:49 -0500] "GET /public/space/april-26-apartment?lokasie=%2Fproc%2Fthread-self%2Froot%2Fproc%2Fthread-self%2Froot%2Fproc%2Fthread-self%2Froot%2Flib64%2Fperl5%2Fbits%2F%2Fsocket2.ph&loknya=%2Fproc%2Fthread-self%2Froot%2Fproc%2Fthread-self%2Froot%2Fproc%2Fthread-self%2Froot%2Flib64%2Fperl5%2Fbits%2F HTTP/1.1" 200 1960 "-" "Mozilla/5.0 AppleWebKit/537.36 (KHTML, like Gecko; compatible; ClaudeBot/1.0; +claudebot@anthropic.com)"
4.227.36.73 - - [20/Jan/2025:01:36:52 -0500] "GET /login/?amp%3Bamp%3Bamp%3Bamp%3Bamp%3Bamp%3Bamp%3Bamp%3Bset_currency=gbp&amp%3Bamp%3Bamp%3Bamp%3Bamp%3Bamp%3Bamp%3Bset_currency=usd&amp%3Bamp%3Bamp%3Bamp%3Bamp%3Bamp%3Bset_currency=usd&amp%3Bamp%3Bamp%3Bamp%3Bamp%3Bset_currency=usd&amp%3Bamp%3Bamp%3Bamp%3Bset_currency=gbp&amp%3Bamp%3Bamp%3Bset_currency=gbp&amp%3Bamp%3Bset_currency=gbp&amp%3Bset_currency=usd&redirect=%2Fuser%2Fchat%3Fuser_id%3D18&set_currency=gbp HTTP/1.1" 403 0 "-" "Mozilla/5.0 AppleWebKit/537.36 (KHTML, like Gecko; compatible; GPTBot/1.2; +https://openai.com/gptbot)"
18.227.26.84 - - [20/Jan/2025:01:36:50 -0500] "GET /public/index.php/space/westwing?lokasie=%2Fvar%2Fsoftaculous%2Fostic14%2Fupgrade.php&loknya=%2Fvar%2Fsoftaculous%2Fostic14 HTTP/1.1" 200 3917 "-" "Mozilla/5.0 AppleWebKit/537.36 (KHTML, like Gecko; compatible; ClaudeBot/1.0; +claudebot@anthropic.com)"
18.227.26.84 - - [20/Jan/2025:01:36:50 -0500] "GET /public/index.php/tour/weekend-getaway-at-federal-palace-hotel?loknya=%2Fopt%2Falt%2Fruby31%2Fshare%2Fruby%2Fset HTTP/1.1" 200 2330 "-" "Mozilla/5.0 AppleWebKit/537.36 (KHTML, like Gecko; compatible; ClaudeBot/1.0; +claudebot@anthropic.com)"
18.227.26.84 - - [20/Jan/2025:01:36:50 -0500] "GET /public/index.php/space/westwing?lokasie=%2Flib64%2F%2Flibgstbasecamerabinsrc-1.0.so.0.1601.0&loknya=%2Flib64%2F HTTP/1.1" 200 1744 "-" "Mozilla/5.0 AppleWebKit/537.36 (KHTML, like Gecko; compatible; ClaudeBot/1.0; +claudebot@anthropic.com)"
18.227.26.84 - - [20/Jan/2025:01:36:50 -0500] "GET /public/hotel/247-luxury-hotel?lokasie=%2Flib%2Fnode_modules%2Fnpm%2Fman%2Fman8%2Flsns.8.gz&loknya=%2Flib%2Fnode_modules%2Fnpm%2Fman%2Fman8 HTTP/1.1" 200 1769 "-" "Mozilla/5.0 AppleWebKit/537.36 (KHTML, like Gecko; compatible; ClaudeBot/1.0; +claudebot@anthropic.com)"
3.128.168.176 - - [20/Jan/2025:01:36:51 -0500] "GET /public/index.php/space/westwing?lokasie=%2Flib64%2F%2FlibIlmImfUtil-2_2.so.22&loknya=%2Flib64%2F HTTP/1.1" 200 1737 "-" "Mozilla/5.0 AppleWebKit/537.36 (KHTML, like Gecko; compatible; ClaudeBot/1.0; +claudebot@anthropic.com)"
18.227.26.84 - - [20/Jan/2025:01:36:50 -0500] "GET /public/hotel/247-luxury-hotel?lokasie=%2Flib%2Fnode_modules%2Fnpm%2Fman%2Fman8%2Fblkmapd.8.gz&loknya=%2Flib%2Fnode_modules%2Fnpm%2Fman%2Fman8 HTTP/1.1" 200 1770 "-" "Mozilla/5.0 AppleWebKit/537.36 (KHTML, like Gecko; compatible; ClaudeBot/1.0; +claudebot@anthropic.com)"
18.191.103.29 - - [20/Jan/2025:01:36:51 -0500] "GET /public/index.php/car/ford-explorer?loknya=%2Flib%2Fmodules%2F4.18.0-553.lve.el8.x86_64%2Fkernel%2Fdrivers%2Fi2c HTTP/1.1" 200 2452 "-" "Mozilla/5.0 AppleWebKit/537.36 (KHTML, like Gecko; compatible; ClaudeBot/1.0; +claudebot@anthropic.com)"
18.191.103.29 - - [20/Jan/2025:01:36:51 -0500] "GET /public/tour/osun-3-day-tour-osun-sacred-shrine-erin-ijesha-waterfall-nike-art-gallery-ataoja-oshogbo-palace?lokasie=%2Fproc%2Fthread-self%2Froot%2Fproc%2Fthread-self%2Froot%2Fhome%2Fwavevlvu%2Flscache%2F3%2F9%2Fc%2F39c6c0ddb343ad4c&loknya=%2Fproc%2Fthread-self%2Froot%2Fproc%2Fthread-self%2Froot%2Fhome%2Fwavevlvu%2Flscache%2F3%2F9%2Fc HTTP/1.1" 200 1834 "-" "Mozilla/5.0 AppleWebKit/537.36 (KHTML, like Gecko; compatible; ClaudeBot/1.0; +claudebot@anthropic.com)"
18.227.26.84 - - [20/Jan/2025:01:36:51 -0500] "GET /public/hotel/247-luxury-hotel?lokasie=%2Flib%2Fnode_modules%2Fnpm%2Fman%2Fman8%2Fnl-qdisc-list.8.gz&loknya=%2Flib%2Fnode_modules%2Fnpm%2Fman%2Fman8 HTTP/1.1" 200 1774 "-" "Mozilla/5.0 AppleWebKit/537.36 (KHTML, like Gecko; compatible; ClaudeBot/1.0; +claudebot@anthropic.com)"
4.227.36.73 - - [20/Jan/2025:01:36:54 -0500] "GET /profile/book24/services/?amp%3Bamp%3Bamp%3Bamp%3Bamp%3Bamp%3Bamp%3Bset_currency=usd&amp%3Bamp%3Bamp%3Bamp%3Bamp%3Bamp%3Bset_currency=usd&amp%3Bamp%3Bamp%3Bamp%3Bamp%3Bpage=3&amp%3Bamp%3Bamp%3Bamp%3Bamp%3Bset_currency=usd&amp%3Bamp%3Bamp%3Bamp%3Bpage=2&amp%3Bamp%3Bamp%3Bamp%3Bset_currency=gbp&amp%3Bamp%3Bamp%3Bpage=1&amp%3Bamp%3Bamp%3Bset_currency=gbp&amp%3Bamp%3Bset_currency=usd&amp%3Bset_currency=gbp&type=tour HTTP/1.1" 403 0 "-" "Mozilla/5.0 AppleWebKit/537.36 (KHTML, like Gecko; compatible; GPTBot/1.2; +https://openai.com/gptbot)"
18.227.52.200 - - [20/Jan/2025:01:36:51 -0500] "GET /public/index.php/space/westwing?lokasie=%2Fvar%2Fsoftaculous%2Ftiki22%2Fclone.php&loknya=%2Fvar%2Fsoftaculous%2Ftiki22 HTTP/1.1" 200 6869 "-" "Mozilla/5.0 AppleWebKit/537.36 (KHTML, like Gecko; compatible; ClaudeBot/1.0; +claudebot@anthropic.com)"
18.227.52.200 - - [20/Jan/2025:01:36:51 -0500] "GET /public/index.php/tour/valentine-in-seychelles-600kperson?lokasie=%2Fopt%2Falt%2Fruby27%2Fshare%2Fruby%2Fresolv.rb&loknya=%2Fopt%2Falt%2Fruby27%2Fshare%2Fruby HTTP/1.1" 200 18990 "-" "Mozilla/5.0 AppleWebKit/537.36 (KHTML, like Gecko; compatible; ClaudeBot/1.0; +claudebot@anthropic.com)"
3.135.246.102 - - [20/Jan/2025:01:36:51 -0500] "GET /public/index.php/tour/valentine-in-seychelles-600kperson?lokasie=%2Fusr%2Fshare%2Flocale%2Fko%2FLC_MESSAGES%2Fsed.mo&loknya=%2Fusr%2Fshare%2Flocale%2Fko%2FLC_MESSAGES HTTP/1.1" 200 1772 "-" "Mozilla/5.0 AppleWebKit/537.36 (KHTML, like Gecko; compatible; ClaudeBot/1.0; +claudebot@anthropic.com)"
3.135.246.102 - - [20/Jan/2025:01:36:51 -0500] "GET /public/index.php/tour/valentine-in-seychelles-600kperson?loknya=%2Fopt%2Fcpanel%2Fea-php73%2Froot%2Fvar%2Fnis HTTP/1.1" 200 2032 "-" "Mozilla/5.0 AppleWebKit/537.36 (KHTML, like Gecko; compatible; ClaudeBot/1.0; +claudebot@anthropic.com)"
3.149.232.219 - - [20/Jan/2025:01:36:52 -0500] "GET /public/index.php/space/westwing?lokasie=%2Fvar%2Fsoftaculous%2Fadmidio%2Finstall.js&loknya=%2Fvar%2Fsoftaculous%2Fadmidio HTTP/1.1" 200 2137 "-" "Mozilla/5.0 AppleWebKit/537.36 (KHTML, like Gecko; compatible; ClaudeBot/1.0; +claudebot@anthropic.com)"
3.149.232.219 - - [20/Jan/2025:01:36:52 -0500] "GET /public/index.php/space/westwing?lokasie=%2Fvar%2Fsoftaculous%2Fadmidio%2Fnotes.txt&loknya=%2Fvar%2Fsoftaculous%2Fadmidio HTTP/1.1" 200 2005 "-" "Mozilla/5.0 AppleWebKit/537.36 (KHTML, like Gecko; compatible; ClaudeBot/1.0; +claudebot@anthropic.com)"
3.149.232.219 - - [20/Jan/2025:01:36:52 -0500] "GET /public/index.php/tour/couple-romantic-weekend-getaway-250kcouple?lokasie=%2Fproc%2Fthread-self%2Froot%2Fhome%2Fwavevlvu%2Fdiixadigital.com%2Fwp-admin%2Fincludes%2Fpost.php&loknya=%2Fproc%2Fthread-self%2Froot%2Fhome%2Fwavevlvu%2Fdiixadigital.com%2Fwp-admin%2Fincludes HTTP/1.1" 200 23051 "-" "Mozilla/5.0 AppleWebKit/537.36 (KHTML, like Gecko; compatible; ClaudeBot/1.0; +claudebot@anthropic.com)"
3.147.57.239 - - [20/Jan/2025:01:36:52 -0500] "GET /public/index.php/tour/couple-romantic-weekend-getaway-250kcouple?lokasie=%2Fproc%2Fthread-self%2Froot%2Fusr%2Flib64%2Fpython2.7%2FDemo%2Frpc%2Fnfsclient.py&loknya=%2Fproc%2Fthread-self%2Froot%2Fusr%2Flib64%2Fpython2.7%2FDemo%2Frpc HTTP/1.1" 200 3342 "-" "Mozilla/5.0 AppleWebKit/537.36 (KHTML, like Gecko; compatible; ClaudeBot/1.0; +claudebot@anthropic.com)"
3.133.119.72 - - [20/Jan/2025:01:36:52 -0500] "GET /public/index.php/space/westwing?loknya=%2Fusr%2Fshare%2Fzoneinfo%2FCanada HTTP/1.1" 200 2406 "-" "Mozilla/5.0 AppleWebKit/537.36 (KHTML, like Gecko; compatible; ClaudeBot/1.0; +claudebot@anthropic.com)"
17.241.219.6 - - [20/Jan/2025:01:36:50 -0500] "GET /public/car/toyota-landcruiser?lokasie=/lib64/gstreamer-1.0/libgstaudiobuffersplit.so&loknya=/lib64/gstreamer-1.0 HTTP/1.1" 200 14367 "-" "Mozilla/5.0 (Macintosh; Intel Mac OS X 10_15_7) AppleWebKit/605.1.15 (KHTML, like Gecko) Version/17.4 Safari/605.1.15 (Applebot/0.1; +http://www.apple.com/go/applebot)"
18.227.52.200 - - [20/Jan/2025:01:36:51 -0500] "GET /public/index.php/space/westwing?lokasie=%2Fvar%2Fsoftaculous%2Fconc8%2Fimport.php&loknya=%2Fvar%2Fsoftaculous%2Fconc8 HTTP/1.1" 200 12171 "-" "Mozilla/5.0 AppleWebKit/537.36 (KHTML, like Gecko; compatible; ClaudeBot/1.0; +claudebot@anthropic.com)"
3.133.119.72 - - [20/Jan/2025:01:36:52 -0500] "GET /public/index.php/space/westwing?lokasie=%2Fvar%2Fsoftaculous%2Fkimai%2Finstall.php&loknya=%2Fvar%2Fsoftaculous%2Fkimai HTTP/1.1" 200 11909 "-" "Mozilla/5.0 AppleWebKit/537.36 (KHTML, like Gecko; compatible; ClaudeBot/1.0; +claudebot@anthropic.com)"
3.133.119.72 - - [20/Jan/2025:01:36:52 -0500] "GET /public/index.php/space/westwing?lokasie=%2Fvar%2Fsoftaculous%2Fsuitecrm%2Fmd5&loknya=%2Fvar%2Fsoftaculous%2Fsuitecrm HTTP/1.1" 200 2557 "-" "Mozilla/5.0 AppleWebKit/537.36 (KHTML, like Gecko; compatible; ClaudeBot/1.0; +claudebot@anthropic.com)"
3.138.125.199 - - [20/Jan/2025:01:36:52 -0500] "GET /public/index.php/space/westwing?lokasie=%2Fvar%2Fsoftaculous%2Fmonstra%2Fimport.php&loknya=%2Fvar%2Fsoftaculous%2Fmonstra HTTP/1.1" 200 3696 "-" "Mozilla/5.0 AppleWebKit/537.36 (KHTML, like Gecko; compatible; ClaudeBot/1.0; +claudebot@anthropic.com)"
3.133.119.72 - - [20/Jan/2025:01:36:52 -0500] "GET /public/hotel/247-luxury-hotel?lokasie=%2Flib%2Fnode_modules%2Fnpm%2Fman%2Fman8%2Frpcinfo.8.gz&loknya=%2Flib%2Fnode_modules%2Fnpm%2Fman%2Fman8 HTTP/1.1" 200 1769 "-" "Mozilla/5.0 AppleWebKit/537.36 (KHTML, like Gecko; compatible; ClaudeBot/1.0; +claudebot@anthropic.com)"
3.133.119.72 - - [20/Jan/2025:01:36:53 -0500] "GET /public/hotel/247-luxury-hotel?lokasie=%2Flib%2Fnode_modules%2Fnpm%2Fman%2Fman8%2Fausearch.8.gz&loknya=%2Flib%2Fnode_modules%2Fnpm%2Fman%2Fman8 HTTP/1.1" 200 1769 "-" "Mozilla/5.0 AppleWebKit/537.36 (KHTML, like Gecko; compatible; ClaudeBot/1.0; +claudebot@anthropic.com)"
3.133.119.72 - - [20/Jan/2025:01:36:53 -0500] "GET /public/hotel/247-luxury-hotel?lokasie=%2Flib%2Fnode_modules%2Fnpm%2Fman%2Fman8%2Fmklost+found.8.gz&loknya=%2Flib%2Fnode_modules%2Fnpm%2Fman%2Fman8 HTTP/1.1" 200 1773 "-" "Mozilla/5.0 AppleWebKit/537.36 (KHTML, like Gecko; compatible; ClaudeBot/1.0; +claudebot@anthropic.com)"
18.227.26.84 - - [20/Jan/2025:01:36:53 -0500] "GET /public/hotel/247-luxury-hotel?lokasie=%2Flib%2Fnode_modules%2Fnpm%2Fman%2Fman8%2Fsystemd-modules-load.8.gz&loknya=%2Flib%2Fnode_modules%2Fnpm%2Fman%2Fman8 HTTP/1.1" 200 1776 "-" "Mozilla/5.0 AppleWebKit/537.36 (KHTML, like Gecko; compatible; ClaudeBot/1.0; +claudebot@anthropic.com)"
18.227.26.84 - - [20/Jan/2025:01:36:53 -0500] "GET /public/tour/osun-3-day-tour-osun-sacred-shrine-erin-ijesha-waterfall-nike-art-gallery-ataoja-oshogbo-palace?lokasie=%2Fproc%2Fthread-self%2Froot%2Fproc%2Fthread-self%2Froot%2Fhome%2Fwavevlvu%2Flscache%2F5%2Fd%2F3%2F5d3d55b2b20bd79a&loknya=%2Fproc%2Fthread-self%2Froot%2Fproc%2Fthread-self%2Froot%2Fhome%2Fwavevlvu%2Flscache%2F5%2Fd%2F3&set_currency=gbp HTTP/1.1" 200 1830 "-" "Mozilla/5.0 AppleWebKit/537.36 (KHTML, like Gecko; compatible; ClaudeBot/1.0; +claudebot@anthropic.com)"
18.116.23.219 - - [20/Jan/2025:01:36:53 -0500] "GET /public/index.php/tour/couple-romantic-weekend-getaway-250kcouple?loknya=%2Fproc%2Fthread-self%2Froot%2Fhome%2Fwavevlvu%2Fbook24.ng%2Fmm HTTP/1.1" 200 2221 "-" "Mozilla/5.0 AppleWebKit/537.36 (KHTML, like Gecko; compatible; ClaudeBot/1.0; +claudebot@anthropic.com)"
18.116.23.219 - - [20/Jan/2025:01:36:53 -0500] "GET /public/index.php/space/westwing?lokasie=%2Fvar%2Fsoftaculous%2Fcastopod%2Fnotes.txt&loknya=%2Fvar%2Fsoftaculous%2Fcastopod HTTP/1.1" 200 2090 "-" "Mozilla/5.0 AppleWebKit/537.36 (KHTML, like Gecko; compatible; ClaudeBot/1.0; +claudebot@anthropic.com)"
18.116.23.219 - - [20/Jan/2025:01:36:54 -0500] "GET /public/hotel/247-luxury-hotel?lokasie=%2Flib%2Fnode_modules%2Fnpm%2Fman%2Fman3p%2Ftowlower.3p.gz&loknya=%2Flib%2Fnode_modules%2Fnpm%2Fman%2Fman3p HTTP/1.1" 200 1776 "-" "Mozilla/5.0 AppleWebKit/537.36 (KHTML, like Gecko; compatible; ClaudeBot/1.0; +claudebot@anthropic.com)"
18.116.23.219 - - [20/Jan/2025:01:36:54 -0500] "GET /public/hotel/247-luxury-hotel?lokasie=%2Flib%2Fnode_modules%2Fnpm%2Fman%2Fman7%2FCREATE_POLICY.7.gz&loknya=%2Flib%2Fnode_modules%2Fnpm%2Fman%2Fman7 HTTP/1.1" 200 1782 "-" "Mozilla/5.0 AppleWebKit/537.36 (KHTML, like Gecko; compatible; ClaudeBot/1.0; +claudebot@anthropic.com)"
18.116.23.219 - - [20/Jan/2025:01:36:54 -0500] "GET /public/hotel/247-luxury-hotel?lokasie=%2Flib%2Fnode_modules%2Fnpm%2Fman%2Fman7%2Fgitcredentials.7.gz&loknya=%2Flib%2Fnode_modules%2Fnpm%2Fman%2Fman7 HTTP/1.1" 200 1776 "-" "Mozilla/5.0 AppleWebKit/537.36 (KHTML, like Gecko; compatible; ClaudeBot/1.0; +claudebot@anthropic.com)"
18.116.23.219 - - [20/Jan/2025:01:36:54 -0500] "GET /public/index.php/tour/couple-romantic-weekend-getaway-250kcouple?lokasie=%2Fproc%2Fthread-self%2Froot%2Fusr%2Flib64%2Fpython2.7%2FDemo%2Fturtle%2Ftdemo_peace.pyo&loknya=%2Fproc%2Fthread-self%2Froot%2Fusr%2Flib64%2Fpython2.7%2FDemo%2Fturtle HTTP/1.1" 200 1814 "-" "Mozilla/5.0 AppleWebKit/537.36 (KHTML, like Gecko; compatible; ClaudeBot/1.0; +claudebot@anthropic.com)"
3.133.119.72 - - [20/Jan/2025:01:36:55 -0500] "GET /public/index.php/tour/valentine-in-seychelles-600kperson?lokasie=%2Fusr%2Flib%2Ffirmware%2F%2Ftlg2300_firmware.bin&loknya=%2Fusr%2Flib%2Ffirmware%2F HTTP/1.1" 200 1750 "-" "Mozilla/5.0 AppleWebKit/537.36 (KHTML, like Gecko; compatible; ClaudeBot/1.0; +claudebot@anthropic.com)"
3.133.119.72 - - [20/Jan/2025:01:36:55 -0500] "GET /public/index.php/tour/valentine-in-seychelles-600kperson?lokasie=%2Fusr%2Flib%2Ffirmware%2F%2Fiwlwifi-ma-b0-hr-b0-89.ucode&loknya=%2Fusr%2Flib%2Ffirmware%2F HTTP/1.1" 200 1756 "-" "Mozilla/5.0 AppleWebKit/537.36 (KHTML, like Gecko; compatible; ClaudeBot/1.0; +claudebot@anthropic.com)"
3.133.119.72 - - [20/Jan/2025:01:36:55 -0500] "GET /public/index.php/tour/valentine-in-seychelles-600kperson?lokasie=%2Fopt%2Falt%2Flibmemcached%2Fusr%2Fbin%2Fmemerror&loknya=%2Fopt%2Falt%2Flibmemcached%2Fusr%2Fbin HTTP/1.1" 500 322 "-" "Mozilla/5.0 AppleWebKit/537.36 (KHTML, like Gecko; compatible; ClaudeBot/1.0; +claudebot@anthropic.com)"
3.133.119.72 - - [20/Jan/2025:01:36:56 -0500] "GET /public/index.php/tour/valentine-in-seychelles-600kperson?lokasie=%2Fopt%2Falt%2Fpython38%2Flib64%2Fpython3.8%2Fmailbox.py&loknya=%2Fopt%2Falt%2Fpython38%2Flib64%2Fpython3.8 HTTP/1.1" 200 16724 "-" "Mozilla/5.0 AppleWebKit/537.36 (KHTML, like Gecko; compatible; ClaudeBot/1.0; +claudebot@anthropic.com)"
3.133.119.72 - - [20/Jan/2025:01:36:56 -0500] "GET /public/index.php/tour/valentine-in-seychelles-600kperson?lokasie=%2Fopt%2Falt%2Fpython38%2Flib64%2Fpython3.8%2Fsocketserver.py&loknya=%2Fopt%2Falt%2Fpython38%2Flib64%2Fpython3.8 HTTP/1.1" 200 9615 "-" "Mozilla/5.0 AppleWebKit/537.36 (KHTML, like Gecko; compatible; ClaudeBot/1.0; +claudebot@anthropic.com)"
3.133.119.72 - - [20/Jan/2025:01:36:56 -0500] "GET /public/space/westwing?lokasie=%2Fhome%2Fwavevlvu%2Fcynthiaadediran.com%2Fwp-includes%2Fjs%2Fdist%2F%2Fautop.min.js&loknya=%2Fhome%2Fwavevlvu%2Fcynthiaadediran.com%2Fwp-includes%2Fjs%2Fdist%2F&set_currency=gbp HTTP/1.1" 200 4156 "-" "Mozilla/5.0 AppleWebKit/537.36 (KHTML, like Gecko; compatible; ClaudeBot/1.0; +claudebot@anthropic.com)"
4.227.36.73 - - [20/Jan/2025:01:36:59 -0500] "GET /login/?amp%3Bamp%3Bamp%3Bamp%3Bamp%3Bamp%3Bamp%3Bamp%3Bset_currency=gbp&amp%3Bamp%3Bamp%3Bamp%3Bamp%3Bamp%3Bamp%3Bset_currency=usd&amp%3Bamp%3Bamp%3Bamp%3Bamp%3Bamp%3Bset_currency=usd&amp%3Bamp%3Bamp%3Bamp%3Bamp%3Bset_currency=usd&amp%3Bamp%3Bamp%3Bamp%3Bset_currency=gbp&amp%3Bamp%3Bamp%3Bset_currency=usd&amp%3Bamp%3Bset_currency=usd&amp%3Bset_currency=usd&redirect=%2Fuser%2Fchat%3Fuser_id%3D18&set_currency=usd HTTP/1.1" 403 0 "-" "Mozilla/5.0 AppleWebKit/537.36 (KHTML, like Gecko; compatible; GPTBot/1.2; +https://openai.com/gptbot)"
18.116.23.219 - - [20/Jan/2025:01:36:56 -0500] "GET /public/tour/osun-3-day-tour-osun-sacred-shrine-erin-ijesha-waterfall-nike-art-gallery-ataoja-oshogbo-palace?lokasie=%2Fproc%2Fthread-self%2Froot%2Fproc%2Fthread-self%2Froot%2Fhome%2Fwavevlvu%2Flscache%2F3%2Fa%2F9%2F3a9c794261d48a38&loknya=%2Fproc%2Fthread-self%2Froot%2Fproc%2Fthread-self%2Froot%2Fhome%2Fwavevlvu%2Flscache%2F3%2Fa%2F9 HTTP/1.1" 200 1835 "-" "Mozilla/5.0 AppleWebKit/537.36 (KHTML, like Gecko; compatible; ClaudeBot/1.0; +claudebot@anthropic.com)"
18.116.23.219 - - [20/Jan/2025:01:36:57 -0500] "GET /public/tour/osun-3-day-tour-osun-sacred-shrine-erin-ijesha-waterfall-nike-art-gallery-ataoja-oshogbo-palace?lokasie=%2Fproc%2Fthread-self%2Froot%2Fproc%2Fthread-self%2Froot%2Fhome%2Fwavevlvu%2Flscache%2F3%2Fa%2F9%2F3a94054e37b30d7c&loknya=%2Fproc%2Fthread-self%2Froot%2Fproc%2Fthread-self%2Froot%2Fhome%2Fwavevlvu%2Flscache%2F3%2Fa%2F9 HTTP/1.1" 200 1834 "-" "Mozilla/5.0 AppleWebKit/537.36 (KHTML, like Gecko; compatible; ClaudeBot/1.0; +claudebot@anthropic.com)"
3.147.54.52 - - [20/Jan/2025:01:36:57 -0500] "GET /public/index.php/tour/valentine-in-seychelles-600kperson?lokasie=%2Fusr%2Fshare%2Flocale%2Fko%2FLC_MESSAGES%2Fgettext-runtime.mo&loknya=%2Fusr%2Fshare%2Flocale%2Fko%2FLC_MESSAGES HTTP/1.1" 200 1781 "-" "Mozilla/5.0 AppleWebKit/537.36 (KHTML, like Gecko; compatible; ClaudeBot/1.0; +claudebot@anthropic.com)"
3.147.54.52 - - [20/Jan/2025:01:36:57 -0500] "GET /public/index.php/space/westwing?lokasie=%2Flib%2Ffirewalld%2Fservices%2Fkdeconnect.xml&loknya=%2Flib%2Ffirewalld%2Fservices HTTP/1.1" 200 1909 "-" "Mozilla/5.0 AppleWebKit/537.36 (KHTML, like Gecko; compatible; ClaudeBot/1.0; +claudebot@anthropic.com)"
3.16.212.203 - - [20/Jan/2025:01:36:57 -0500] "GET /public/index.php/tour/valentine-in-seychelles-600kperson?lokasie=%2Fopt%2Falt%2Fpython39%2Finclude%2Fpython3.9%2Fpyconfig.h&loknya=%2Fopt%2Falt%2Fpython39%2Finclude%2Fpython3.9 HTTP/1.1" 200 1859 "-" "Mozilla/5.0 AppleWebKit/537.36 (KHTML, like Gecko; compatible; ClaudeBot/1.0; +claudebot@anthropic.com)"
3.16.212.203 - - [20/Jan/2025:01:36:57 -0500] "GET /public/hotel/247-luxury-hotel?lokasie=%2Flib%2Fnode_modules%2Fnpm%2Fman%2Fman0p%2Fnet_if.h.0p.gz&loknya=%2Flib%2Fnode_modules%2Fnpm%2Fman%2Fman0p HTTP/1.1" 200 1774 "-" "Mozilla/5.0 AppleWebKit/537.36 (KHTML, like Gecko; compatible; ClaudeBot/1.0; +claudebot@anthropic.com)"
3.133.153.110 - - [20/Jan/2025:01:36:57 -0500] "GET /public/index.php/space/westwing?lokasie=%2Fvar%2Fsoftaculous%2Faef%2Fupgrade.xml&loknya=%2Fvar%2Fsoftaculous%2Faef HTTP/1.1" 200 1942 "-" "Mozilla/5.0 AppleWebKit/537.36 (KHTML, like Gecko; compatible; ClaudeBot/1.0; +claudebot@anthropic.com)"
3.133.153.110 - - [20/Jan/2025:01:36:57 -0500] "GET /public/hotel/247-luxury-hotel?lokasie=%2Flib%2Fnode_modules%2Fnpm%2Fman%2Fman1%2Fcpio.1.gz&loknya=%2Flib%2Fnode_modules%2Fnpm%2Fman%2Fman1 HTTP/1.1" 200 1769 "-" "Mozilla/5.0 AppleWebKit/537.36 (KHTML, like Gecko; compatible; ClaudeBot/1.0; +claudebot@anthropic.com)"
3.147.54.52 - - [20/Jan/2025:01:36:57 -0500] "GET /public/index.php/tour/valentine-in-seychelles-600kperson?lokasie=%2Fusr%2Fshare%2Flocale%2Fko%2FLC_MESSAGES%2Fpolicycoreutils.mo&loknya=%2Fusr%2Fshare%2Flocale%2Fko%2FLC_MESSAGES HTTP/1.1" 200 1781 "-" "Mozilla/5.0 AppleWebKit/537.36 (KHTML, like Gecko; compatible; ClaudeBot/1.0; +claudebot@anthropic.com)"
3.133.153.110 - - [20/Jan/2025:01:36:57 -0500] "GET /public/hotel/247-luxury-hotel?lokasie=%2Flib%2Fnode_modules%2Fnpm%2Fman%2Fman1%2Fperlfunc.1.gz&loknya=%2Flib%2Fnode_modules%2Fnpm%2Fman%2Fman1 HTTP/1.1" 200 1771 "-" "Mozilla/5.0 AppleWebKit/537.36 (KHTML, like Gecko; compatible; ClaudeBot/1.0; +claudebot@anthropic.com)"
3.133.153.110 - - [20/Jan/2025:01:36:57 -0500] "GET /public/hotel/247-luxury-hotel?lokasie=%2Flib%2Fnode_modules%2Fnpm%2Fman%2Fman1%2Fsmidump.1.gz&loknya=%2Flib%2Fnode_modules%2Fnpm%2Fman%2Fman1 HTTP/1.1" 200 1770 "-" "Mozilla/5.0 AppleWebKit/537.36 (KHTML, like Gecko; compatible; ClaudeBot/1.0; +claudebot@anthropic.com)"
3.133.153.110 - - [20/Jan/2025:01:36:57 -0500] "GET /public/hotel/247-luxury-hotel?lokasie=%2Flib%2Fnode_modules%2Fnpm%2Fman%2Fman1%2Fperltoot.1.gz&loknya=%2Flib%2Fnode_modules%2Fnpm%2Fman%2Fman1 HTTP/1.1" 200 1770 "-" "Mozilla/5.0 AppleWebKit/537.36 (KHTML, like Gecko; compatible; ClaudeBot/1.0; +claudebot@anthropic.com)"
3.133.153.110 - - [20/Jan/2025:01:36:58 -0500] "GET /public/hotel/247-luxury-hotel?lokasie=%2Flib%2Fnode_modules%2Fnpm%2Fman%2Fman1%2Fluserdel.1.gz&loknya=%2Flib%2Fnode_modules%2Fnpm%2Fman%2Fman1 HTTP/1.1" 200 1770 "-" "Mozilla/5.0 AppleWebKit/537.36 (KHTML, like Gecko; compatible; ClaudeBot/1.0; +claudebot@anthropic.com)"
4.227.36.73 - - [20/Jan/2025:01:37:01 -0500] "GET /space/?_layout=map&amp%3Bamp%3B_ajax=1&amp%3Bamp%3Bamp%3Bamp%3Bamp%3Bamp%3Bamp%3Bamp%3B_ajax=1&amp%3Bamp%3Bamp%3Bamp%3Bamp%3Bamp%3Bamp%3Bamp%3Bpage=2&amp%3Bamp%3Bamp%3Bamp%3Bamp%3Bamp%3Bamp%3Bset_currency=gbp&amp%3Bamp%3Bamp%3Bamp%3Bamp%3Bamp%3Bset_currency=gbp&amp%3Bamp%3Bamp%3Bamp%3Bamp%3Bset_currency=gbp&amp%3Bamp%3Bamp%3Bamp%3Bset_currency=usd&amp%3Bamp%3Bamp%3Bset_currency=gbp&amp%3Bamp%3Bpage=2&amp%3Bset_currency=usd HTTP/1.1" 403 0 "-" "Mozilla/5.0 AppleWebKit/537.36 (KHTML, like Gecko; compatible; GPTBot/1.2; +https://openai.com/gptbot)"
17.241.75.175 - - [20/Jan/2025:01:36:59 -0500] "GET /public/tour/visit-kigali-this-easter-620k?loknya=/var/softaculous/phpsch/php71 HTTP/1.1" 200 2701 "-" "Mozilla/5.0 (Macintosh; Intel Mac OS X 10_15_7) AppleWebKit/605.1.15 (KHTML, like Gecko) Version/17.4 Safari/605.1.15 (Applebot/0.1; +http://www.apple.com/go/applebot)"
3.133.119.72 - - [20/Jan/2025:01:36:58 -0500] "GET /public/tour/osun-3-day-tour-osun-sacred-shrine-erin-ijesha-waterfall-nike-art-gallery-ataoja-oshogbo-palace?lokasie=%2Fproc%2Fthread-self%2Froot%2Fproc%2Fthread-self%2Froot%2Fhome%2Fwavevlvu%2Flscache%2Fd%2Ff%2Fd%2Fdfdf9c0c78f21269&loknya=%2Fproc%2Fthread-self%2Froot%2Fproc%2Fthread-self%2Froot%2Fhome%2Fwavevlvu%2Flscache%2Fd%2Ff%2Fd&set_currency=usd HTTP/1.1" 200 1824 "-" "Mozilla/5.0 AppleWebKit/537.36 (KHTML, like Gecko; compatible; ClaudeBot/1.0; +claudebot@anthropic.com)"
3.133.153.110 - - [20/Jan/2025:01:37:00 -0500] "GET /public/hotel/247-luxury-hotel?lokasie=%2Flib%2Fnode_modules%2Fnpm%2Fman%2Fman1%2Fdbilogstrip.1.gz&loknya=%2Flib%2Fnode_modules%2Fnpm%2Fman%2Fman1 HTTP/1.1" 200 1773 "-" "Mozilla/5.0 AppleWebKit/537.36 (KHTML, like Gecko; compatible; ClaudeBot/1.0; +claudebot@anthropic.com)"
3.133.153.110 - - [20/Jan/2025:01:37:00 -0500] "GET /public/hotel/247-luxury-hotel?lokasie=%2Flib%2Fnode_modules%2Fnpm%2Fman%2Fman1%2Frrdflushcached.1.gz&loknya=%2Flib%2Fnode_modules%2Fnpm%2Fman%2Fman1 HTTP/1.1" 200 1776 "-" "Mozilla/5.0 AppleWebKit/537.36 (KHTML, like Gecko; compatible; ClaudeBot/1.0; +claudebot@anthropic.com)"
3.133.153.110 - - [20/Jan/2025:01:37:00 -0500] "GET /public/index.php/tour/valentine-in-seychelles-600kperson?lokasie=%2Fusr%2Fshare%2Flocale%2Fru%2FLC_MESSAGES%2Ffirewalld.mo&loknya=%2Fusr%2Fshare%2Flocale%2Fru%2FLC_MESSAGES HTTP/1.1" 200 1776 "-" "Mozilla/5.0 AppleWebKit/537.36 (KHTML, like Gecko; compatible; ClaudeBot/1.0; +claudebot@anthropic.com)"
4.227.36.73 - - [20/Jan/2025:01:37:03 -0500] "GET /login/?amp%3Bamp%3Bamp%3Bamp%3Bamp%3Bamp%3Bamp%3Bamp%3Bset_currency=gbp&amp%3Bamp%3Bamp%3Bamp%3Bamp%3Bamp%3Bamp%3Bset_currency=usd&amp%3Bamp%3Bamp%3Bamp%3Bamp%3Bamp%3Bset_currency=usd&amp%3Bamp%3Bamp%3Bamp%3Bamp%3Bset_currency=usd&amp%3Bamp%3Bamp%3Bamp%3Bset_currency=usd&amp%3Bamp%3Bamp%3Bset_currency=usd&amp%3Bamp%3Bset_currency=usd&amp%3Bset_currency=gbp&redirect=%2Fuser%2Fchat%3Fuser_id%3D18&set_currency=usd HTTP/1.1" 403 0 "-" "Mozilla/5.0 AppleWebKit/537.36 (KHTML, like Gecko; compatible; GPTBot/1.2; +https://openai.com/gptbot)"
17.241.227.39 - - [20/Jan/2025:01:37:00 -0500] "GET /public/space/xx/index.php?loknya=/lib/.build-id/b5 HTTP/1.1" 200 4033 "-" "Mozilla/5.0 (Macintosh; Intel Mac OS X 10_15_7) AppleWebKit/605.1.15 (KHTML, like Gecko) Version/17.4 Safari/605.1.15 (Applebot/0.1; +http://www.apple.com/go/applebot)"
3.133.153.110 - - [20/Jan/2025:01:37:00 -0500] "GET /public/index.php/tour/couple-romantic-weekend-getaway-250kcouple?lokasie=%2Fproc%2Fthread-self%2Froot%2Fusr%2Flib%2Ffirmware%2F%2Far9170-1.fw&loknya=%2Fproc%2Fthread-self%2Froot%2Fusr%2Flib%2Ffirmware%2F HTTP/1.1" 200 1783 "-" "Mozilla/5.0 AppleWebKit/537.36 (KHTML, like Gecko; compatible; ClaudeBot/1.0; +claudebot@anthropic.com)"
3.133.153.110 - - [20/Jan/2025:01:37:00 -0500] "GET /public/index.php/tour/couple-romantic-weekend-getaway-250kcouple?lokasie=%2Fproc%2Fthread-self%2Froot%2Fusr%2Flib%2Ffirmware%2F%2Fsms1xxx-stellar-dvbt-01.fw&loknya=%2Fproc%2Fthread-self%2Froot%2Fusr%2Flib%2Ffirmware%2F HTTP/1.1" 200 1795 "-" "Mozilla/5.0 AppleWebKit/537.36 (KHTML, like Gecko; compatible; ClaudeBot/1.0; +claudebot@anthropic.com)"
3.133.153.110 - - [20/Jan/2025:01:37:00 -0500] "GET /public/hotel/247-luxury-hotel?lokasie=%2Flib%2Fnode_modules%2Fnpm%2Fman%2Fman1%2Fdoveadm-fts.1.gz&loknya=%2Flib%2Fnode_modules%2Fnpm%2Fman%2Fman1 HTTP/1.1" 200 1772 "-" "Mozilla/5.0 AppleWebKit/537.36 (KHTML, like Gecko; compatible; ClaudeBot/1.0; +claudebot@anthropic.com)"
3.147.82.108 - - [20/Jan/2025:01:37:02 -0500] "GET /public/index.php/space/westwing?loknya=%2Fusr%2Fshare%2Flocale%2Fgv HTTP/1.1" 200 2146 "-" "Mozilla/5.0 AppleWebKit/537.36 (KHTML, like Gecko; compatible; ClaudeBot/1.0; +claudebot@anthropic.com)"
17.241.75.175 - - [20/Jan/2025:01:37:02 -0500] "GET /public/space/xx/index.php?lokasie=/lib/.build-id/c7/dfd89746d8d2627c4d731708d1265f517e864e&loknya=/lib/.build-id/c7 HTTP/1.1" 200 2000 "-" "Mozilla/5.0 (Macintosh; Intel Mac OS X 10_15_7) AppleWebKit/605.1.15 (KHTML, like Gecko) Version/17.4 Safari/605.1.15 (Applebot/0.1; +http://www.apple.com/go/applebot)"
3.16.78.190 - - [20/Jan/2025:01:37:02 -0500] "GET /public/index.php/space/westwing?lokasie=%2Fvar%2Fsoftaculous%2Fmagento246%2Fvendor.zip&loknya=%2Fvar%2Fsoftaculous%2Fmagento246 HTTP/1.1" 200 1751 "-" "Mozilla/5.0 AppleWebKit/537.36 (KHTML, like Gecko; compatible; ClaudeBot/1.0; +claudebot@anthropic.com)"
3.142.164.254 - - [20/Jan/2025:01:37:03 -0500] "GET /public/index.php/space/westwing?loknya=%2Fvar%2Fsoftaculous%2Fcmsimple%2Fphp81 HTTP/1.1" 200 2277 "-" "Mozilla/5.0 AppleWebKit/537.36 (KHTML, like Gecko; compatible; ClaudeBot/1.0; +claudebot@anthropic.com)"
3.147.73.9 - - [20/Jan/2025:01:37:03 -0500] "GET /public/index.php/space/westwing?loknya=%2Fvar%2Fsoftaculous%2Fglpi%2Fphp71 HTTP/1.1" 200 2338 "-" "Mozilla/5.0 AppleWebKit/537.36 (KHTML, like Gecko; compatible; ClaudeBot/1.0; +claudebot@anthropic.com)"
4.227.36.73 - - [20/Jan/2025:01:37:06 -0500] "GET /profile/book24/services/?amp%3Bamp%3Bamp%3Bamp%3Bamp%3Bamp%3Bamp%3Bset_currency=usd&amp%3Bamp%3Bamp%3Bamp%3Bamp%3Bamp%3Bset_currency=usd&amp%3Bamp%3Bamp%3Bamp%3Bamp%3Bpage=3&amp%3Bamp%3Bamp%3Bamp%3Bamp%3Bset_currency=usd&amp%3Bamp%3Bamp%3Bamp%3Bpage=2&amp%3Bamp%3Bamp%3Bamp%3Bset_currency=gbp&amp%3Bamp%3Bamp%3Bpage=3&amp%3Bamp%3Bamp%3Bset_currency=usd&amp%3Bamp%3Bset_currency=usd&amp%3Bset_currency=gbp&type=tour HTTP/1.1" 403 0 "-" "Mozilla/5.0 AppleWebKit/537.36 (KHTML, like Gecko; compatible; GPTBot/1.2; +https://openai.com/gptbot)"
17.241.75.200 - - [20/Jan/2025:01:37:04 -0500] "GET /public/hotel/maison-fahrenheit?lokasie=/lib64/libkmod.so.2&loknya=/lib64 HTTP/1.1" 200 1947 "-" "Mozilla/5.0 (Macintosh; Intel Mac OS X 10_15_7) AppleWebKit/605.1.15 (KHTML, like Gecko) Version/17.4 Safari/605.1.15 (Applebot/0.1; +http://www.apple.com/go/applebot)"
17.241.75.175 - - [20/Jan/2025:01:37:05 -0500] "GET /public/profile/book24admin/services?lokasie=/lib/.build-id/b9/0f96ea8feafae698a6a9eca144061113e94153&loknya=/lib/.build-id/b9 HTTP/1.1" 200 2001 "-" "Mozilla/5.0 (Macintosh; Intel Mac OS X 10_15_7) AppleWebKit/605.1.15 (KHTML, like Gecko) Version/17.4 Safari/605.1.15 (Applebot/0.1; +http://www.apple.com/go/applebot)"
13.59.58.185 - - [20/Jan/2025:01:37:06 -0500] "GET /public/hotel/247-luxury-hotel?lokasie=%2Flib%2Fnode_modules%2Fnpm%2Fman%2Fman2%2Fgetrandom.2.gz&loknya=%2Flib%2Fnode_modules%2Fnpm%2Fman%2Fman2 HTTP/1.1" 200 1770 "-" "Mozilla/5.0 AppleWebKit/537.36 (KHTML, like Gecko; compatible; ClaudeBot/1.0; +claudebot@anthropic.com)"
3.147.82.108 - - [20/Jan/2025:01:37:07 -0500] "GET /public/index.php/space/westwing?loknya=%2Fvar%2Fsoftaculous%2Favactis%2Fphp81 HTTP/1.1" 200 2275 "-" "Mozilla/5.0 AppleWebKit/537.36 (KHTML, like Gecko; compatible; ClaudeBot/1.0; +claudebot@anthropic.com)"
3.16.78.190 - - [20/Jan/2025:01:37:07 -0500] "GET /public/hotel/247-luxury-hotel?lokasie=%2Flib%2Fnode_modules%2Fnpm%2Fman%2Fman3%2FFcStrCmp.3.gz&loknya=%2Flib%2Fnode_modules%2Fnpm%2Fman%2Fman3 HTTP/1.1" 200 1772 "-" "Mozilla/5.0 AppleWebKit/537.36 (KHTML, like Gecko; compatible; ClaudeBot/1.0; +claudebot@anthropic.com)"
3.147.193.205 - - [20/Jan/2025:01:37:07 -0500] "GET /public/index.php/tour/valentine-in-seychelles-600kperson?lokasie=%2Flib%2Flocale%2Fen_US.iso885915%2F%2FLC_TIME&loknya=%2Flib%2Flocale%2Fen_US.iso885915%2F HTTP/1.1" 200 1756 "-" "Mozilla/5.0 AppleWebKit/537.36 (KHTML, like Gecko; compatible; ClaudeBot/1.0; +claudebot@anthropic.com)"
17.241.219.192 - - [20/Jan/2025:01:37:07 -0500] "GET /public/profile/book24admin/services?lokasie=/home/wavevlvu/tacafoundation.org/wp-includes/class-wp-customize-nav-menus.php&loknya=/home/wavevlvu/tacafoundation.org/wp-includes HTTP/1.1" 200 19899 "-" "Mozilla/5.0 (Macintosh; Intel Mac OS X 10_15_7) AppleWebKit/605.1.15 (KHTML, like Gecko) Version/17.4 Safari/605.1.15 (Applebot/0.1; +http://www.apple.com/go/applebot)"
4.227.36.73 - - [20/Jan/2025:01:37:10 -0500] "GET /profile/book24/services/?amp%3Bamp%3Bamp%3Bamp%3Bamp%3Bamp%3Bamp%3Bset_currency=usd&amp%3Bamp%3Bamp%3Bamp%3Bamp%3Bamp%3Bset_currency=usd&amp%3Bamp%3Bamp%3Bamp%3Bamp%3Bpage=3&amp%3Bamp%3Bamp%3Bamp%3Bamp%3Bset_currency=usd&amp%3Bamp%3Bamp%3Bamp%3Bpage=2&amp%3Bamp%3Bamp%3Bamp%3Bset_currency=gbp&amp%3Bamp%3Bamp%3Bpage=3&amp%3Bamp%3Bamp%3Bset_currency=usd&amp%3Bamp%3Bset_currency=gbp&amp%3Bset_currency=usd&type=tour HTTP/1.1" 403 0 "-" "Mozilla/5.0 AppleWebKit/537.36 (KHTML, like Gecko; compatible; GPTBot/1.2; +https://openai.com/gptbot)"
3.147.73.9 - - [20/Jan/2025:01:37:08 -0500] "GET /public/hotel/247-luxury-hotel?lokasie=%2Flib%2Fnode_modules%2Fnpm%2Fman%2Fman3%2Fenvz.3.gz&loknya=%2Flib%2Fnode_modules%2Fnpm%2Fman%2Fman3 HTTP/1.1" 200 1769 "-" "Mozilla/5.0 AppleWebKit/537.36 (KHTML, like Gecko; compatible; ClaudeBot/1.0; +claudebot@anthropic.com)"
18.226.186.153 - - [20/Jan/2025:01:37:08 -0500] "GET /public/index.php/space/westwing?lokasie=%2Fvar%2Fsoftaculous%2Fsubrion%2F_upgrade.php&loknya=%2Fvar%2Fsoftaculous%2Fsubrion HTTP/1.1" 200 2916 "-" "Mozilla/5.0 AppleWebKit/537.36 (KHTML, like Gecko; compatible; ClaudeBot/1.0; +claudebot@anthropic.com)"
17.241.227.87 - - [20/Jan/2025:01:37:08 -0500] "GET /public/hotel/amber-residence-ikeja?lokasie=/home/wavevlvu/cynthiaadediran.com/robots.txt&loknya=/home/wavevlvu/cynthiaadediran.com HTTP/1.1" 200 2018 "-" "Mozilla/5.0 (Macintosh; Intel Mac OS X 10_15_7) AppleWebKit/605.1.15 (KHTML, like Gecko) Version/17.4 Safari/605.1.15 (Applebot/0.1; +http://www.apple.com/go/applebot)"
4.227.36.73 - - [20/Jan/2025:01:37:12 -0500] "GET /profile/book24/services/?amp%3Bamp%3Bamp%3Bamp%3Bamp%3Bamp%3Bamp%3Bset_currency=usd&amp%3Bamp%3Bamp%3Bamp%3Bamp%3Bamp%3Bset_currency=usd&amp%3Bamp%3Bamp%3Bamp%3Bamp%3Bpage=3&amp%3Bamp%3Bamp%3Bamp%3Bamp%3Bset_currency=usd&amp%3Bamp%3Bamp%3Bamp%3Bpage=2&amp%3Bamp%3Bamp%3Bamp%3Bset_currency=gbp&amp%3Bamp%3Bamp%3Bpage=1&amp%3Bamp%3Bamp%3Bset_currency=usd&amp%3Bamp%3Bset_currency=usd&amp%3Bset_currency=usd&type=tour HTTP/1.1" 403 0 "-" "Mozilla/5.0 AppleWebKit/537.36 (KHTML, like Gecko; compatible; GPTBot/1.2; +https://openai.com/gptbot)"
13.59.58.185 - - [20/Jan/2025:01:37:10 -0500] "GET /public/hotel/247-luxury-hotel?lokasie=%2Flib%2Fnode_modules%2Fnpm%2Fman%2Fman2%2Fmq_getsetattr.2.gz&loknya=%2Flib%2Fnode_modules%2Fnpm%2Fman%2Fman2 HTTP/1.1" 200 1773 "-" "Mozilla/5.0 AppleWebKit/537.36 (KHTML, like Gecko; compatible; ClaudeBot/1.0; +claudebot@anthropic.com)"
17.241.75.51 - - [20/Jan/2025:01:37:11 -0500] "GET /public/boat/25-seater-boat-120khr?lokasie=/proc/thread-self/oom_score&loknya=/proc/thread-self HTTP/1.1" 200 1969 "-" "Mozilla/5.0 (Macintosh; Intel Mac OS X 10_15_7) AppleWebKit/605.1.15 (KHTML, like Gecko) Version/17.4 Safari/605.1.15 (Applebot/0.1; +http://www.apple.com/go/applebot)"
17.241.227.87 - - [20/Jan/2025:01:37:11 -0500] "GET /public/space/xx/index.php?lokasie=/lib64//libQt5DBus.so.5.15&loknya=/lib64/ HTTP/1.1" 200 1954 "-" "Mozilla/5.0 (Macintosh; Intel Mac OS X 10_15_7) AppleWebKit/605.1.15 (KHTML, like Gecko) Version/17.4 Safari/605.1.15 (Applebot/0.1; +http://www.apple.com/go/applebot)"
3.147.82.108 - - [20/Jan/2025:01:37:12 -0500] "GET /public/index.php/space/westwing?loknya=%2Fvar%2Fsoftaculous%2Fmagento2%2Fimages HTTP/1.1" 200 2232 "-" "Mozilla/5.0 AppleWebKit/537.36 (KHTML, like Gecko; compatible; ClaudeBot/1.0; +claudebot@anthropic.com)"
3.147.193.205 - - [20/Jan/2025:01:37:12 -0500] "GET /public/index.php/tour/valentine-in-seychelles-600kperson?lokasie=%2Fusr%2Fshare%2Flocale%2Fsr%40latin%2FLC_MESSAGES%2Fpolicycoreutils.mo&loknya=%2Fusr%2Fshare%2Flocale%2Fsr%40latin%2FLC_MESSAGES HTTP/1.1" 200 1788 "-" "Mozilla/5.0 AppleWebKit/537.36 (KHTML, like Gecko; compatible; ClaudeBot/1.0; +claudebot@anthropic.com)"
