3.145.166.108 - - [20/Jan/2025:00:55:21 -0500] "GET /public/index.php/tour/weekend-getaway-at-federal-palace-hotel?lokasie=%2Fopt%2Fhc_python%2Flib%2Fpython3.8%2Fsite-packages%2Fnose%2Fsuite.py&loknya=%2Fopt%2Fhc_python%2Flib%2Fpython3.8%2Fsite-packages%2Fnose HTTP/1.1" 200 7844 "-" "Mozilla/5.0 AppleWebKit/537.36 (KHTML, like Gecko; compatible; ClaudeBot/1.0; +claudebot@anthropic.com)"
3.139.235.100 - - [20/Jan/2025:00:55:21 -0500] "GET /public/index.php/space/westwing?lokasie=%2Flib%2Ffirewalld%2Fservices%2Fsnmptrap.xml&loknya=%2Flib%2Ffirewalld%2Fservices HTTP/1.1" 200 1939 "-" "Mozilla/5.0 AppleWebKit/537.36 (KHTML, like Gecko; compatible; ClaudeBot/1.0; +claudebot@anthropic.com)"
3.147.46.174 - - [20/Jan/2025:00:55:21 -0500] "GET /public/index.php/tour/couple-romantic-weekend-getaway-250kcouple?loknya=%2Fproc%2Fthread-self%2Froot%2Fusr%2Flib%2Fmodules%2F4.18.0-513.18.1.lve.el8.x86_64%2Fkernel%2Fcrypto HTTP/1.1" 200 3751 "-" "Mozilla/5.0 AppleWebKit/537.36 (KHTML, like Gecko; compatible; ClaudeBot/1.0; +claudebot@anthropic.com)"
18.216.66.30 - - [20/Jan/2025:00:55:21 -0500] "GET /public/index.php/tour/valentine-in-seychelles-600kperson?lokasie=%2Fopt%2Falt%2Fpython33%2Flib64%2Fpython3.3%2Fdifflib.py&loknya=%2Fopt%2Falt%2Fpython33%2Flib64%2Fpython3.3 HTTP/1.1" 200 25325 "-" "Mozilla/5.0 AppleWebKit/537.36 (KHTML, like Gecko; compatible; ClaudeBot/1.0; +claudebot@anthropic.com)"
3.142.42.247 - - [20/Jan/2025:00:55:21 -0500] "GET /public/index.php/tour/weekend-getaway-at-federal-palace-hotel?lokasie=%2Fopt%2Fhc_python%2Flib%2Fpython3.8%2Fsite-packages%2Fpre_commit%2Foutput.py&loknya=%2Fopt%2Fhc_python%2Flib%2Fpython3.8%2Fsite-packages%2Fpre_commit HTTP/1.1" 200 2117 "-" "Mozilla/5.0 AppleWebKit/537.36 (KHTML, like Gecko; compatible; ClaudeBot/1.0; +claudebot@anthropic.com)"
18.224.54.118 - - [20/Jan/2025:00:55:22 -0500] "GET /public/index.php/space/westwing?loknya=%2Fopt%2Falt%2Ftests%2Falt-php81-diseval_0.2-2.el8 HTTP/1.1" 200 2020 "-" "Mozilla/5.0 AppleWebKit/537.36 (KHTML, like Gecko; compatible; ClaudeBot/1.0; +claudebot@anthropic.com)"
149.202.86.86 - - [20/Jan/2025:00:55:22 -0500] "GET /public/tour/easter-in-la-campagne-tropicana-205k?lokasie=/home/wavevlvu/lscache/7/4/9/749cd0dc8496e362&loknya=/home/wavevlvu/lscache/7/4/9 HTTP/1.1" 200 1770 "-" "Mozilla/5.0 (compatible; MJ12bot/v1.4.8; http://mj12bot.com/)"
18.220.85.96 - - [20/Jan/2025:00:55:23 -0500] "GET /public/index.php/space/westwing?loknya=%2Fopt%2Falt%2Ftests%2Falt-php82-pecl-gnupg_1.5.1-1.el8 HTTP/1.1" 200 2151 "-" "Mozilla/5.0 AppleWebKit/537.36 (KHTML, like Gecko; compatible; ClaudeBot/1.0; +claudebot@anthropic.com)"
3.15.192.89 - - [20/Jan/2025:00:55:23 -0500] "GET /public/index.php/space/westwing?lokasie=%2Fvar%2Fsoftaculous%2Fpostfix%2Fedit.xml&loknya=%2Fvar%2Fsoftaculous%2Fpostfix HTTP/1.1" 200 1964 "-" "Mozilla/5.0 AppleWebKit/537.36 (KHTML, like Gecko; compatible; ClaudeBot/1.0; +claudebot@anthropic.com)"
18.224.62.198 - - [20/Jan/2025:00:55:23 -0500] "GET /public/hotel/247-luxury-hotel?lokasie=%2Flib%2Fnode_modules%2Fnpm%2Fman%2Fman3%2Ffgets_unlocked.3.gz&loknya=%2Flib%2Fnode_modules%2Fnpm%2Fman%2Fman3 HTTP/1.1" 200 1777 "-" "Mozilla/5.0 AppleWebKit/537.36 (KHTML, like Gecko; compatible; ClaudeBot/1.0; +claudebot@anthropic.com)"
3.144.41.127 - - [20/Jan/2025:00:55:23 -0500] "GET /public/index.php/space/westwing?loknya=%2Fusr%2Fshare%2Fman%2Fru HTTP/1.1" 200 2216 "-" "Mozilla/5.0 AppleWebKit/537.36 (KHTML, like Gecko; compatible; ClaudeBot/1.0; +claudebot@anthropic.com)"
54.38.85.17 - - [20/Jan/2025:00:55:23 -0500] "GET /public/tour/easter-in-la-campagne-tropicana-205k?lokasie=/home/wavevlvu/lscache/7/4/5/745b9b46a8784356&loknya=/home/wavevlvu/lscache/7/4/5 HTTP/1.1" 200 1772 "-" "Mozilla/5.0 (compatible; MJ12bot/v1.4.8; http://mj12bot.com/)"
18.117.74.47 - - [20/Jan/2025:00:55:23 -0500] "GET /public/index.php/space/westwing?loknya=%2Fvar%2Fsoftaculous%2Fattendize%2Fphp56 HTTP/1.1" 200 2307 "-" "Mozilla/5.0 AppleWebKit/537.36 (KHTML, like Gecko; compatible; ClaudeBot/1.0; +claudebot@anthropic.com)"
3.145.54.210 - - [20/Jan/2025:00:55:24 -0500] "GET /public/hotel/247-luxury-hotel?lokasie=%2Flib%2Fnode_modules%2Fnpm%2Fman%2Fman4%2Fnull.4.gz&loknya=%2Flib%2Fnode_modules%2Fnpm%2Fman%2Fman4 HTTP/1.1" 200 1767 "-" "Mozilla/5.0 AppleWebKit/537.36 (KHTML, like Gecko; compatible; ClaudeBot/1.0; +claudebot@anthropic.com)"
3.147.78.249 - - [20/Jan/2025:00:55:24 -0500] "GET /public/index.php/space/westwing?lokasie=%2Fvar%2Fsoftaculous%2Fmyt%2Fupdate_pass.php&loknya=%2Fvar%2Fsoftaculous%2Fmyt HTTP/1.1" 200 3448 "-" "Mozilla/5.0 AppleWebKit/537.36 (KHTML, like Gecko; compatible; ClaudeBot/1.0; +claudebot@anthropic.com)"
18.118.162.166 - - [20/Jan/2025:00:55:24 -0500] "GET /public/index.php/tour/valentine-in-seychelles-600kperson?lokasie=%2Fusr%2Flib%2F.build-id%2Fb8%2Ff1a3a0e08bb0bebf86fa24f6050ec68b6b3dc1&loknya=%2Fusr%2Flib%2F.build-id%2Fb8&set_currency=gbp HTTP/1.1" 200 1782 "-" "Mozilla/5.0 AppleWebKit/537.36 (KHTML, like Gecko; compatible; ClaudeBot/1.0; +claudebot@anthropic.com)"
18.216.66.30 - - [20/Jan/2025:00:55:24 -0500] "GET /public/index.php/tour/valentine-in-seychelles-600kperson?lokasie=%2Fopt%2Falt%2Fpython33%2Flib64%2Fpython3.3%2Ffilecmp.py&loknya=%2Fopt%2Falt%2Fpython33%2Flib64%2Fpython3.3 HTTP/1.1" 200 4737 "-" "Mozilla/5.0 AppleWebKit/537.36 (KHTML, like Gecko; compatible; ClaudeBot/1.0; +claudebot@anthropic.com)"
3.147.49.19 - - [20/Jan/2025:00:55:25 -0500] "GET /public/index.php/space/westwing?lokasie=%2Fvar%2Fsoftaculous%2Fmyadmin49%2Fmd5&loknya=%2Fvar%2Fsoftaculous%2Fmyadmin49 HTTP/1.1" 200 5290 "-" "Mozilla/5.0 AppleWebKit/537.36 (KHTML, like Gecko; compatible; ClaudeBot/1.0; +claudebot@anthropic.com)"
18.224.54.118 - - [20/Jan/2025:00:55:25 -0500] "GET /public/index.php/space/westwing?lokasie=%2Fvar%2Fsoftaculous%2Fbuggenie%2Ffileindex.php&loknya=%2Fvar%2Fsoftaculous%2Fbuggenie HTTP/1.1" 200 1958 "-" "Mozilla/5.0 AppleWebKit/537.36 (KHTML, like Gecko; compatible; ClaudeBot/1.0; +claudebot@anthropic.com)"
3.14.244.90 - - [20/Jan/2025:00:55:25 -0500] "GET /public/index.php/space/westwing?lokasie=%2Fvar%2Fsoftaculous%2Fwolf%2Ffileindex.php&loknya=%2Fvar%2Fsoftaculous%2Fwolf HTTP/1.1" 200 1829 "-" "Mozilla/5.0 AppleWebKit/537.36 (KHTML, like Gecko; compatible; ClaudeBot/1.0; +claudebot@anthropic.com)"
18.220.85.96 - - [20/Jan/2025:00:55:26 -0500] "GET /public/index.php/tour/valentine-in-seychelles-600kperson?lokasie=%2Fusr%2Fshare%2Flocale%2Fhu%2FLC_MESSAGES%2Fauthselect.mo&loknya=%2Fusr%2Fshare%2Flocale%2Fhu%2FLC_MESSAGES HTTP/1.1" 200 1778 "-" "Mozilla/5.0 AppleWebKit/537.36 (KHTML, like Gecko; compatible; ClaudeBot/1.0; +claudebot@anthropic.com)"
18.224.62.198 - - [20/Jan/2025:00:55:26 -0500] "GET /public/hotel/247-luxury-hotel?lokasie=%2Flib%2Fnode_modules%2Fnpm%2Fman%2Fman3%2FBN_div_word.3ssl.gz&loknya=%2Flib%2Fnode_modules%2Fnpm%2Fman%2Fman3 HTTP/1.1" 200 1778 "-" "Mozilla/5.0 AppleWebKit/537.36 (KHTML, like Gecko; compatible; ClaudeBot/1.0; +claudebot@anthropic.com)"
52.14.182.21 - - [20/Jan/2025:00:55:26 -0500] "GET /public/index.php/space/westwing?lokasie=%2Fvar%2Fsoftaculous%2Fphproj%2Finstall.xml&loknya=%2Fvar%2Fsoftaculous%2Fphproj HTTP/1.1" 200 2068 "-" "Mozilla/5.0 AppleWebKit/537.36 (KHTML, like Gecko; compatible; ClaudeBot/1.0; +claudebot@anthropic.com)"
3.144.41.127 - - [20/Jan/2025:00:55:26 -0500] "GET /public/index.php/space/westwing?loknya=%2Fvar%2Fsoftaculous%2Fomeka%2Fphp82 HTTP/1.1" 200 2303 "-" "Mozilla/5.0 AppleWebKit/537.36 (KHTML, like Gecko; compatible; ClaudeBot/1.0; +claudebot@anthropic.com)"
3.16.78.141 - - [20/Jan/2025:00:55:26 -0500] "GET /public/hotel/247-luxury-hotel?loknya=%2Fvar%2Flib%2Fmysql%2Fyanapari_wp232 HTTP/1.1" 200 2016 "-" "Mozilla/5.0 AppleWebKit/537.36 (KHTML, like Gecko; compatible; ClaudeBot/1.0; +claudebot@anthropic.com)"
18.117.74.47 - - [20/Jan/2025:00:55:27 -0500] "GET /public/index.php/space/westwing?loknya=%2Fvar%2Fsoftaculous%2Fframadate%2Fimages HTTP/1.1" 200 2243 "-" "Mozilla/5.0 AppleWebKit/537.36 (KHTML, like Gecko; compatible; ClaudeBot/1.0; +claudebot@anthropic.com)"
3.145.54.210 - - [20/Jan/2025:00:55:27 -0500] "GET /public/hotel/247-luxury-hotel?lokasie=%2Flib%2Fnode_modules%2Fnpm%2Fman%2Fman7%2Fsem_overview.7.gz&loknya=%2Flib%2Fnode_modules%2Fnpm%2Fman%2Fman7 HTTP/1.1" 200 1773 "-" "Mozilla/5.0 AppleWebKit/537.36 (KHTML, like Gecko; compatible; ClaudeBot/1.0; +claudebot@anthropic.com)"
149.202.86.86 - - [20/Jan/2025:00:55:27 -0500] "GET /public/tour/easter-in-la-campagne-tropicana-205k?lokasie=/home/wavevlvu/lscache/7/4/9/749cd9d4994b652a&loknya=/home/wavevlvu/lscache/7/4/9 HTTP/1.1" 200 1771 "-" "Mozilla/5.0 (compatible; MJ12bot/v1.4.8; http://mj12bot.com/)"
18.119.127.177 - - [20/Jan/2025:00:55:27 -0500] "GET /public/index.php/space/westwing?lokasie=%2Fvar%2Fsoftaculous%2Ffeng%2Fedit.php&loknya=%2Fvar%2Fsoftaculous%2Ffeng HTTP/1.1" 200 5343 "-" "Mozilla/5.0 AppleWebKit/537.36 (KHTML, like Gecko; compatible; ClaudeBot/1.0; +claudebot@anthropic.com)"
18.216.66.30 - - [20/Jan/2025:00:55:27 -0500] "GET /public/index.php/tour/couple-romantic-weekend-getaway-250kcouple?lokasie=%2Fproc%2Fthread-self%2Froot%2Fusr%2Flib64%2Fpython3.6%2F%2F__future__.py&loknya=%2Fproc%2Fthread-self%2Froot%2Fusr%2Flib64%2Fpython3.6%2F HTTP/1.1" 200 3486 "-" "Mozilla/5.0 AppleWebKit/537.36 (KHTML, like Gecko; compatible; ClaudeBot/1.0; +claudebot@anthropic.com)"
3.147.49.19 - - [20/Jan/2025:00:55:28 -0500] "GET /public/hotel/247-luxury-hotel?lokasie=%2Flib%2Fnode_modules%2Fnpm%2Fman%2Fman3%2Fy1f.3.gz&loknya=%2Flib%2Fnode_modules%2Fnpm%2Fman%2Fman3 HTTP/1.1" 200 1768 "-" "Mozilla/5.0 AppleWebKit/537.36 (KHTML, like Gecko; compatible; ClaudeBot/1.0; +claudebot@anthropic.com)"
18.217.128.191 - - [20/Jan/2025:00:55:27 -0500] "GET /public/index.php/space/westwing?lokasie=%2Fvar%2Fsoftaculous%2Fpmwiki%2Fnotes.txt&loknya=%2Fvar%2Fsoftaculous%2Fpmwiki HTTP/1.1" 200 2000 "-" "Mozilla/5.0 AppleWebKit/537.36 (KHTML, like Gecko; compatible; ClaudeBot/1.0; +claudebot@anthropic.com)"
3.14.244.90 - - [20/Jan/2025:00:55:28 -0500] "GET /public/hotel/247-luxury-hotel?lokasie=%2Flib64%2Fpython2.7%2Fdistutils%2F%2Fspawn.pyo&loknya=%2Flib64%2Fpython2.7%2Fdistutils%2F HTTP/1.1" 200 1750 "-" "Mozilla/5.0 AppleWebKit/537.36 (KHTML, like Gecko; compatible; ClaudeBot/1.0; +claudebot@anthropic.com)"
54.38.85.17 - - [20/Jan/2025:00:55:28 -0500] "GET /public/tour/easter-in-la-campagne-tropicana-205k?lokasie=/home/wavevlvu/lscache/7/4/5/745be329bf3d349f&loknya=/home/wavevlvu/lscache/7/4/5 HTTP/1.1" 200 1771 "-" "Mozilla/5.0 (compatible; MJ12bot/v1.4.8; http://mj12bot.com/)"
3.144.104.118 - - [20/Jan/2025:00:55:28 -0500] "GET /public/index.php/tour/valentine-in-seychelles-600kperson?lokasie=%2Flib%2Fsystemd%2Fsystem%2F%2Fnfsdcld.service&loknya=%2Flib%2Fsystemd%2Fsystem%2F HTTP/1.1" 200 1882 "-" "Mozilla/5.0 AppleWebKit/537.36 (KHTML, like Gecko; compatible; ClaudeBot/1.0; +claudebot@anthropic.com)"
52.14.182.21 - - [20/Jan/2025:00:55:29 -0500] "GET /public/index.php/space/westwing?lokasie=%2Fvar%2Fsoftaculous%2Fwp_plugins%2Ffileorganizer-pro.zip&loknya=%2Fvar%2Fsoftaculous%2Fwp_plugins HTTP/1.1" 200 1755 "-" "Mozilla/5.0 AppleWebKit/537.36 (KHTML, like Gecko; compatible; ClaudeBot/1.0; +claudebot@anthropic.com)"
18.224.62.198 - - [20/Jan/2025:00:55:29 -0500] "GET /public/hotel/247-luxury-hotel?lokasie=%2Flib%2Fnode_modules%2Fnpm%2Fman%2Fman3%2FApp%3A%3ACpan.3pm.gz&loknya=%2Flib%2Fnode_modules%2Fnpm%2Fman%2Fman3 HTTP/1.1" 200 1775 "-" "Mozilla/5.0 AppleWebKit/537.36 (KHTML, like Gecko; compatible; ClaudeBot/1.0; +claudebot@anthropic.com)"
3.16.78.141 - - [20/Jan/2025:00:55:29 -0500] "GET /public/index.php/space/westwing?loknya=%2Fvar%2Fsoftaculous%2Fmyfaq%2Fphp81 HTTP/1.1" 200 2313 "-" "Mozilla/5.0 AppleWebKit/537.36 (KHTML, like Gecko; compatible; ClaudeBot/1.0; +claudebot@anthropic.com)"
18.117.107.50 - - [20/Jan/2025:00:55:29 -0500] "GET /public/hotel/247-luxury-hotel?lokasie=%2Flib%2Fnode_modules%2Fnpm%2Fman%2Fman8%2Fswapon.8.gz&loknya=%2Flib%2Fnode_modules%2Fnpm%2Fman%2Fman8 HTTP/1.1" 200 1772 "-" "Mozilla/5.0 AppleWebKit/537.36 (KHTML, like Gecko; compatible; ClaudeBot/1.0; +claudebot@anthropic.com)"
18.220.85.96 - - [20/Jan/2025:00:55:29 -0500] "GET /public/tour/osun-3-day-tour-osun-sacred-shrine-erin-ijesha-waterfall-nike-art-gallery-ataoja-oshogbo-palace?loknya=%2Fproc%2Fthread-self%2Fproc%2Fthread-self%2Fo%2Falt%2Falt-nodejs20%2F HTTP/1.1" 200 2036 "-" "Mozilla/5.0 AppleWebKit/537.36 (KHTML, like Gecko; compatible; ClaudeBot/1.0; +claudebot@anthropic.com)"
3.144.41.127 - - [20/Jan/2025:00:55:29 -0500] "GET /public/index.php/space/westwing?lokasie=%2Fvar%2Fsoftaculous%2Fgibbon%2Finfo.xml&loknya=%2Fvar%2Fsoftaculous%2Fgibbon HTTP/1.1" 200 4554 "-" "Mozilla/5.0 AppleWebKit/537.36 (KHTML, like Gecko; compatible; ClaudeBot/1.0; +claudebot@anthropic.com)"
18.117.74.47 - - [20/Jan/2025:00:55:30 -0500] "GET /public/index.php/space/westwing?lokasie=%2Fvar%2Fsoftaculous%2Fclipper%2Fedit.xml&loknya=%2Fvar%2Fsoftaculous%2Fclipper HTTP/1.1" 200 1944 "-" "Mozilla/5.0 AppleWebKit/537.36 (KHTML, like Gecko; compatible; ClaudeBot/1.0; +claudebot@anthropic.com)"
3.145.54.210 - - [20/Jan/2025:00:55:30 -0500] "GET /public/hotel/247-luxury-hotel?lokasie=%2Flib%2Fnode_modules%2Fnpm%2Fman%2Fman7%2Fparallel_design.7.gz&loknya=%2Flib%2Fnode_modules%2Fnpm%2Fman%2Fman7 HTTP/1.1" 200 1775 "-" "Mozilla/5.0 AppleWebKit/537.36 (KHTML, like Gecko; compatible; ClaudeBot/1.0; +claudebot@anthropic.com)"
18.217.128.191 - - [20/Jan/2025:00:55:30 -0500] "GET /public/index.php/space/westwing?lokasie=%2Fvar%2Fsoftaculous%2Fsugar%2F_upgrade.xml&loknya=%2Fvar%2Fsoftaculous%2Fsugar HTTP/1.1" 200 1953 "-" "Mozilla/5.0 AppleWebKit/537.36 (KHTML, like Gecko; compatible; ClaudeBot/1.0; +claudebot@anthropic.com)"
3.144.37.240 - - [20/Jan/2025:00:55:30 -0500] "GET /public/index.php/space/westwing?lokasie=%2Fvar%2Fsoftaculous%2Fwp57%2Fedit.php&loknya=%2Fvar%2Fsoftaculous%2Fwp57 HTTP/1.1" 200 8940 "-" "Mozilla/5.0 AppleWebKit/537.36 (KHTML, like Gecko; compatible; ClaudeBot/1.0; +claudebot@anthropic.com)"
18.119.127.177 - - [20/Jan/2025:00:55:30 -0500] "GET /public/index.php/space/westwing?lokasie=%2Fvar%2Fsoftaculous%2Fmagento246%2Fvendorsd_magento1.zip&loknya=%2Fvar%2Fsoftaculous%2Fmagento246 HTTP/1.1" 200 1763 "-" "Mozilla/5.0 AppleWebKit/537.36 (KHTML, like Gecko; compatible; ClaudeBot/1.0; +claudebot@anthropic.com)"
3.14.244.90 - - [20/Jan/2025:00:55:31 -0500] "GET /public/index.php/tour/weekend-getaway-at-federal-palace-hotel?loknya=%2Fopt%2Fhc_python%2Flib%2Fpython3.8%2Fsite-packages%2Fsqlalchemy%2Futil HTTP/1.1" 200 2736 "-" "Mozilla/5.0 AppleWebKit/537.36 (KHTML, like Gecko; compatible; ClaudeBot/1.0; +claudebot@anthropic.com)"
3.138.34.93 - - [20/Jan/2025:00:55:31 -0500] "GET /public/index.php/space/westwing?loknya=%2Fopt%2Falt%2Ftests%2Falt-php80-pecl-stats_2.1.0-1.fac78cf.el8 HTTP/1.1" 200 2159 "-" "Mozilla/5.0 AppleWebKit/537.36 (KHTML, like Gecko; compatible; ClaudeBot/1.0; +claudebot@anthropic.com)"
3.147.49.19 - - [20/Jan/2025:00:55:31 -0500] "GET /public/hotel/247-luxury-hotel?lokasie=%2Flib%2Fnode_modules%2Fnpm%2Fman%2Fman3%2FTest2.3pm.gz&loknya=%2Flib%2Fnode_modules%2Fnpm%2Fman%2Fman3 HTTP/1.1" 200 1772 "-" "Mozilla/5.0 AppleWebKit/537.36 (KHTML, like Gecko; compatible; ClaudeBot/1.0; +claudebot@anthropic.com)"
3.148.109.197 - - [20/Jan/2025:00:55:31 -0500] "GET /public/index.php/space/westwing?lokasie=%2Fvar%2Fsoftaculous%2Fprototype%2Finstall.php&loknya=%2Fvar%2Fsoftaculous%2Fprototype HTTP/1.1" 200 5043 "-" "Mozilla/5.0 AppleWebKit/537.36 (KHTML, like Gecko; compatible; ClaudeBot/1.0; +claudebot@anthropic.com)"
149.202.86.86 - - [20/Jan/2025:00:55:31 -0500] "GET /public/tour/easter-in-la-campagne-tropicana-205k?lokasie=/home/wavevlvu/lscache/7/4/9/749d147319e3e8d6&loknya=/home/wavevlvu/lscache/7/4/9 HTTP/1.1" 200 1770 "-" "Mozilla/5.0 (compatible; MJ12bot/v1.4.8; http://mj12bot.com/)"
52.14.182.21 - - [20/Jan/2025:00:55:32 -0500] "GET /public/index.php/tour/couple-romantic-weekend-getaway-250kcouple?lokasie=%2Fproc%2Fthread-self%2Froot%2Fusr%2Flib%2Ffirmware%2Far3k%2F30000%2FPS_ASIC.pst&loknya=%2Fproc%2Fthread-self%2Froot%2Fusr%2Flib%2Ffirmware%2Far3k%2F30000 HTTP/1.1" 200 2387 "-" "Mozilla/5.0 AppleWebKit/537.36 (KHTML, like Gecko; compatible; ClaudeBot/1.0; +claudebot@anthropic.com)"
3.16.78.141 - - [20/Jan/2025:00:55:32 -0500] "GET /public/index.php/space/westwing?lokasie=%2Flib%2F.build-id%2F96%2Fe9a25c1191ddb61de89ad7239e587ad0171809&loknya=%2Flib%2F.build-id%2F96 HTTP/1.1" 200 1771 "-" "Mozilla/5.0 AppleWebKit/537.36 (KHTML, like Gecko; compatible; ClaudeBot/1.0; +claudebot@anthropic.com)"
18.223.43.151 - - [20/Jan/2025:00:55:32 -0500] "GET /public/index.php/tour/valentine-in-seychelles-600kperson?loknya=%2Fopt%2Falt%2Falt-php80-pecl-rar_4.2.0-1.el8%2F HTTP/1.1" 200 2014 "-" "Mozilla/5.0 AppleWebKit/537.36 (KHTML, like Gecko; compatible; ClaudeBot/1.0; +claudebot@anthropic.com)"
18.117.107.50 - - [20/Jan/2025:00:55:32 -0500] "GET /public/hotel/247-luxury-hotel?lokasie=%2Flib%2Fnode_modules%2Fnpm%2Fman%2Fman8%2Fquotaon.8.gz&loknya=%2Flib%2Fnode_modules%2Fnpm%2Fman%2Fman8 HTTP/1.1" 200 1771 "-" "Mozilla/5.0 AppleWebKit/537.36 (KHTML, like Gecko; compatible; ClaudeBot/1.0; +claudebot@anthropic.com)"
3.129.211.228 - - [20/Jan/2025:00:55:32 -0500] "GET /public/index.php/tour/valentine-in-seychelles-600kperson?loknya=%2Fopt%2Falt%2Fpython33%2Flib64%2Fpython3.3%2Fcollections HTTP/1.1" 200 11283 "-" "Mozilla/5.0 AppleWebKit/537.36 (KHTML, like Gecko; compatible; ClaudeBot/1.0; +claudebot@anthropic.com)"
3.144.41.127 - - [20/Jan/2025:00:55:32 -0500] "GET /public/tour/osun-3-day-tour-osun-sacred-shrine-erin-ijesha-waterfall-nike-art-gallery-ataoja-oshogbo-palace?lokasie=%2Fproc%2Fthread-self%2Froot%2Fproc%2Fthread-self%2Froot%2Fhome%2Fwavevlvu%2Flscache%2F3%2F9%2F7%2F397d0969b4cff95f&loknya=%2Fproc%2Fthread-self%2Froot%2Fproc%2Fthread-self%2Froot%2Fhome%2Fwavevlvu%2Flscache%2F3%2F9%2F7 HTTP/1.1" 200 1833 "-" "Mozilla/5.0 AppleWebKit/537.36 (KHTML, like Gecko; compatible; ClaudeBot/1.0; +claudebot@anthropic.com)"
18.224.62.198 - - [20/Jan/2025:00:55:32 -0500] "GET /public/hotel/247-luxury-hotel?lokasie=%2Flib%2Fnode_modules%2Fnpm%2Fman%2Fman3%2FCURLOPT_PIPEWAIT.3.gz&loknya=%2Flib%2Fnode_modules%2Fnpm%2Fman%2Fman3 HTTP/1.1" 200 12356 "-" "Mozilla/5.0 AppleWebKit/537.36 (KHTML, like Gecko; compatible; ClaudeBot/1.0; +claudebot@anthropic.com)"
54.38.85.17 - - [20/Jan/2025:00:55:32 -0500] "GET /public/tour/easter-in-la-campagne-tropicana-205k?lokasie=/home/wavevlvu/lscache/7/4/5/745be76728086a3d&loknya=/home/wavevlvu/lscache/7/4/5 HTTP/1.1" 200 1771 "-" "Mozilla/5.0 (compatible; MJ12bot/v1.4.8; http://mj12bot.com/)"
18.117.74.47 - - [20/Jan/2025:00:55:33 -0500] "GET /public/index.php/space/westwing?lokasie=%2Fvar%2Fsoftaculous%2Fakaunting%2Fedit.xml&loknya=%2Fvar%2Fsoftaculous%2Fakaunting HTTP/1.1" 200 1958 "-" "Mozilla/5.0 AppleWebKit/537.36 (KHTML, like Gecko; compatible; ClaudeBot/1.0; +claudebot@anthropic.com)"
3.145.54.210 - - [20/Jan/2025:00:55:33 -0500] "GET /public/index.php/tour/valentine-in-seychelles-600kperson?lokasie=%2Fopt%2Falt%2Fruby32%2Fshare%2Fruby%2Ftsort.rb&loknya=%2Fopt%2Falt%2Fruby32%2Fshare%2Fruby HTTP/1.1" 200 4858 "-" "Mozilla/5.0 AppleWebKit/537.36 (KHTML, like Gecko; compatible; ClaudeBot/1.0; +claudebot@anthropic.com)"
18.191.240.117 - - [20/Jan/2025:00:55:33 -0500] "GET /public/index.php/space/westwing?loknya=%2Fvar%2Fsoftaculous%2Fwp57%2Fphp71 HTTP/1.1" 200 2386 "-" "Mozilla/5.0 AppleWebKit/537.36 (KHTML, like Gecko; compatible; ClaudeBot/1.0; +claudebot@anthropic.com)"
18.188.114.146 - - [20/Jan/2025:00:55:33 -0500] "GET /public/index.php/car/ford-explorer?loknya=%2Flib%2Fmodules%2F4.18.0-553.lve.el8.x86_64%2Fkernel%2Fdrivers%2Fbase HTTP/1.1" 200 2160 "-" "Mozilla/5.0 AppleWebKit/537.36 (KHTML, like Gecko; compatible; ClaudeBot/1.0; +claudebot@anthropic.com)"
18.217.128.191 - - [20/Jan/2025:00:55:33 -0500] "GET /public/index.php/space/westwing?lokasie=%2Fvar%2Fsoftaculous%2Fyourls%2Fmod_upgrade.php&loknya=%2Fvar%2Fsoftaculous%2Fyourls HTTP/1.1" 200 3081 "-" "Mozilla/5.0 AppleWebKit/537.36 (KHTML, like Gecko; compatible; ClaudeBot/1.0; +claudebot@anthropic.com)"
3.147.49.19 - - [20/Jan/2025:00:55:34 -0500] "GET /public/hotel/247-luxury-hotel?lokasie=%2Flib%2Fnode_modules%2Fnpm%2Fman%2Fman3%2Funsetenv.3.gz&loknya=%2Flib%2Fnode_modules%2Fnpm%2Fman%2Fman3 HTTP/1.1" 200 1771 "-" "Mozilla/5.0 AppleWebKit/537.36 (KHTML, like Gecko; compatible; ClaudeBot/1.0; +claudebot@anthropic.com)"
3.138.34.93 - - [20/Jan/2025:00:55:34 -0500] "GET /public/tour/osun-3-day-tour-osun-sacred-shrine-erin-ijesha-waterfall-nike-art-gallery-ataoja-oshogbo-palace?lokasie=%2Fproc%2Fthread-self%2Froot%2Fproc%2Fthread-self%2Froot%2Fhome%2Fwavevlvu%2Flscache%2F3%2Fa%2F6%2F3a6bc9a6cff62736&loknya=%2Fproc%2Fthread-self%2Froot%2Fproc%2Fthread-self%2Froot%2Fhome%2Fwavevlvu%2Flscache%2F3%2Fa%2F6 HTTP/1.1" 200 1835 "-" "Mozilla/5.0 AppleWebKit/537.36 (KHTML, like Gecko; compatible; ClaudeBot/1.0; +claudebot@anthropic.com)"
18.116.88.132 - - [20/Jan/2025:00:55:34 -0500] "GET /public/index.php/space/westwing?loknya=%2Fvar%2Fsoftaculous%2Fdrupal10%2Fphp56 HTTP/1.1" 200 2340 "-" "Mozilla/5.0 AppleWebKit/537.36 (KHTML, like Gecko; compatible; ClaudeBot/1.0; +claudebot@anthropic.com)"
18.119.127.177 - - [20/Jan/2025:00:55:34 -0500] "GET /public/hotel/247-luxury-hotel?lokasie=%2Flib%2Fnode_modules%2Fnpm%2Fman%2Fman3p%2Fsetuid.3p.gz&loknya=%2Flib%2Fnode_modules%2Fnpm%2Fman%2Fman3p HTTP/1.1" 200 1775 "-" "Mozilla/5.0 AppleWebKit/537.36 (KHTML, like Gecko; compatible; ClaudeBot/1.0; +claudebot@anthropic.com)"
18.224.66.28 - - [20/Jan/2025:00:55:34 -0500] "GET /public/index.php/space/westwing?loknya=%2Fvar%2Fsoftaculous%2Fblab%2Fphp56 HTTP/1.1" 200 2283 "-" "Mozilla/5.0 AppleWebKit/537.36 (KHTML, like Gecko; compatible; ClaudeBot/1.0; +claudebot@anthropic.com)"
18.117.107.50 - - [20/Jan/2025:00:55:35 -0500] "GET /public/hotel/247-luxury-hotel?lokasie=%2Flib%2Fnode_modules%2Fnpm%2Fman%2Fman8%2Fownership.8.gz&loknya=%2Flib%2Fnode_modules%2Fnpm%2Fman%2Fman8 HTTP/1.1" 200 1771 "-" "Mozilla/5.0 AppleWebKit/537.36 (KHTML, like Gecko; compatible; ClaudeBot/1.0; +claudebot@anthropic.com)"
18.223.43.151 - - [20/Jan/2025:00:55:35 -0500] "GET /public/index.php/space/westwing?lokasie=%2Fvar%2Fsoftaculous%2Fmagento18%2Fclone.php&loknya=%2Fvar%2Fsoftaculous%2Fmagento18 HTTP/1.1" 200 5766 "-" "Mozilla/5.0 AppleWebKit/537.36 (KHTML, like Gecko; compatible; ClaudeBot/1.0; +claudebot@anthropic.com)"
3.147.68.226 - - [20/Jan/2025:00:55:35 -0500] "GET /public/index.php/space/westwing?loknya=%2Fvar%2Fsoftaculous%2Fsoho%2Fphp81 HTTP/1.1" 200 2259 "-" "Mozilla/5.0 AppleWebKit/537.36 (KHTML, like Gecko; compatible; ClaudeBot/1.0; +claudebot@anthropic.com)"
114.119.136.76 - - [20/Jan/2025:00:55:37 -0500] "GET /www/rex/index.php?loknya=/opt/alt/alt-ImageMagick HTTP/1.1" 200 2155 "https://www.book24.ng/www/rex/index.php?loknya=/opt/alt/" "Mozilla/5.0 (Linux; Android 7.0;) AppleWebKit/537.36 (KHTML, like Gecko) Mobile Safari/537.36 (compatible; PetalBot;+https://webmaster.petalsearch.com/site/petalbot)"
3.137.220.199 - - [20/Jan/2025:00:55:35 -0500] "GET /public/index.php/space/westwing?loknya=%2Fvar%2Fsoftaculous%2Fwp53%2Fphp53 HTTP/1.1" 200 2376 "-" "Mozilla/5.0 AppleWebKit/537.36 (KHTML, like Gecko; compatible; ClaudeBot/1.0; +claudebot@anthropic.com)"
149.202.86.86 - - [20/Jan/2025:00:55:36 -0500] "GET /public/tour/easter-in-la-campagne-tropicana-205k?lokasie=/home/wavevlvu/lscache/7/4/9/749d4bc4d470d5d4&loknya=/home/wavevlvu/lscache/7/4/9 HTTP/1.1" 200 1770 "-" "Mozilla/5.0 (compatible; MJ12bot/v1.4.8; http://mj12bot.com/)"
18.191.240.117 - - [20/Jan/2025:00:55:36 -0500] "GET /public/hotel/247-luxury-hotel?loknya=%2Flib%2Fnode_modules%2Fnpm%2Fman%2Ffr%2Fman5 HTTP/1.1" 200 2590 "-" "Mozilla/5.0 AppleWebKit/537.36 (KHTML, like Gecko; compatible; ClaudeBot/1.0; +claudebot@anthropic.com)"
18.117.74.47 - - [20/Jan/2025:00:55:36 -0500] "GET /public/event/cannabis-live-global-summit-nigeria?loknya=%2Fopt%2Falt%2Falt-nodejs20%2Froot%2Fusr%2Flib%2Fnode_modules%2Fnpm%2Fnode_modules%2Fdiff%2Flib HTTP/1.1" 200 2511 "-" "Mozilla/5.0 AppleWebKit/537.36 (KHTML, like Gecko; compatible; ClaudeBot/1.0; +claudebot@anthropic.com)"
18.188.114.146 - - [20/Jan/2025:00:55:36 -0500] "GET /public/index.php/space/westwing?lokasie=%2Fvar%2Fsoftaculous%2Ftxtpat%2Finfo.xml&loknya=%2Fvar%2Fsoftaculous%2Ftxtpat HTTP/1.1" 200 3030 "-" "Mozilla/5.0 AppleWebKit/537.36 (KHTML, like Gecko; compatible; ClaudeBot/1.0; +claudebot@anthropic.com)"
52.15.224.97 - - [20/Jan/2025:00:55:36 -0500] "GET /public/index.php/space/westwing?loknya=%2Fusr%2Fshare%2Fman%2Fman9x HTTP/1.1" 200 2005 "-" "Mozilla/5.0 AppleWebKit/537.36 (KHTML, like Gecko; compatible; ClaudeBot/1.0; +claudebot@anthropic.com)"
18.116.88.132 - - [20/Jan/2025:00:55:36 -0500] "GET /public/index.php/space/westwing?lokasie=%2Fvar%2Fsoftaculous%2Fpeel%2Fnotes.txt&loknya=%2Fvar%2Fsoftaculous%2Fpeel HTTP/1.1" 200 2152 "-" "Mozilla/5.0 AppleWebKit/537.36 (KHTML, like Gecko; compatible; ClaudeBot/1.0; +claudebot@anthropic.com)"
54.38.85.17 - - [20/Jan/2025:00:55:37 -0500] "GET /public/tour/easter-in-la-campagne-tropicana-205k?lokasie=/home/wavevlvu/lscache/7/4/5/745c39e4c33a5091&loknya=/home/wavevlvu/lscache/7/4/5 HTTP/1.1" 200 1772 "-" "Mozilla/5.0 (compatible; MJ12bot/v1.4.8; http://mj12bot.com/)"
3.147.49.19 - - [20/Jan/2025:00:55:37 -0500] "GET /public/hotel/247-luxury-hotel?lokasie=%2Flib%2Fnode_modules%2Fnpm%2Fman%2Fman3%2Fmemalign.3.gz&loknya=%2Flib%2Fnode_modules%2Fnpm%2Fman%2Fman3 HTTP/1.1" 200 1771 "-" "Mozilla/5.0 AppleWebKit/537.36 (KHTML, like Gecko; compatible; ClaudeBot/1.0; +claudebot@anthropic.com)"
18.119.127.177 - - [20/Jan/2025:00:55:37 -0500] "GET /public/hotel/247-luxury-hotel?lokasie=%2Flib%2Fnode_modules%2Fnpm%2Fman%2Fman3p%2Fstrpbrk.3p.gz&loknya=%2Flib%2Fnode_modules%2Fnpm%2Fman%2Fman3p HTTP/1.1" 200 1777 "-" "Mozilla/5.0 AppleWebKit/537.36 (KHTML, like Gecko; compatible; ClaudeBot/1.0; +claudebot@anthropic.com)"
18.224.66.28 - - [20/Jan/2025:00:55:37 -0500] "GET /public/index.php/space/westwing?loknya=%2Fvar%2Fsoftaculous%2Fpagekit%2Fphp53 HTTP/1.1" 200 2278 "-" "Mozilla/5.0 AppleWebKit/537.36 (KHTML, like Gecko; compatible; ClaudeBot/1.0; +claudebot@anthropic.com)"
3.147.68.226 - - [20/Jan/2025:00:55:37 -0500] "GET /public/index.php/space/westwing?lokasie=%2Fvar%2Fsoftaculous%2Ftwg%2F.htusers.php&loknya=%2Fvar%2Fsoftaculous%2Ftwg HTTP/1.1" 200 1937 "-" "Mozilla/5.0 AppleWebKit/537.36 (KHTML, like Gecko; compatible; ClaudeBot/1.0; +claudebot@anthropic.com)"
3.133.114.90 - - [20/Jan/2025:00:55:38 -0500] "GET /public/index.php/space/westwing?loknya=%2Fvar%2Fsoftaculous%2Ftiki22%2Fphp56 HTTP/1.1" 200 2345 "-" "Mozilla/5.0 AppleWebKit/537.36 (KHTML, like Gecko; compatible; ClaudeBot/1.0; +claudebot@anthropic.com)"
18.223.43.151 - - [20/Jan/2025:00:55:38 -0500] "GET /public/event/cannabis-live-global-summit-nigeria?lokasie=%2Fopt%2Falt%2Falt-nodejs20%2Froot%2Fusr%2Flib%2Fnode_modules%2Fnpm%2Fnode_modules%2Flibnpmexec%2Fpackage.json&loknya=%2Fopt%2Falt%2Falt-nodejs20%2Froot%2Fusr%2Flib%2Fnode_modules%2Fnpm%2Fnode_modules%2Flibnpmexec HTTP/1.1" 200 2718 "-" "Mozilla/5.0 AppleWebKit/537.36 (KHTML, like Gecko; compatible; ClaudeBot/1.0; +claudebot@anthropic.com)"
18.117.107.50 - - [20/Jan/2025:00:55:38 -0500] "GET /public/hotel/247-luxury-hotel?lokasie=%2Flib%2Fnode_modules%2Fnpm%2Fman%2Fman8%2Fdevlink-dev.8.gz&loknya=%2Flib%2Fnode_modules%2Fnpm%2Fman%2Fman8 HTTP/1.1" 200 12384 "-" "Mozilla/5.0 AppleWebKit/537.36 (KHTML, like Gecko; compatible; ClaudeBot/1.0; +claudebot@anthropic.com)"
3.137.220.199 - - [20/Jan/2025:00:55:38 -0500] "GET /public/index.php/space/westwing?lokasie=%2Fvar%2Fsoftaculous%2Fzeus%2Fnotes.txt&loknya=%2Fvar%2Fsoftaculous%2Fzeus HTTP/1.1" 200 1849 "-" "Mozilla/5.0 AppleWebKit/537.36 (KHTML, like Gecko; compatible; ClaudeBot/1.0; +claudebot@anthropic.com)"
18.191.240.117 - - [20/Jan/2025:00:55:39 -0500] "GET /public/index.php/space/westwing?lokasie=%2Fvar%2Fsoftaculous%2Fwp57%2Fclone.xml&loknya=%2Fvar%2Fsoftaculous%2Fwp57 HTTP/1.1" 200 1982 "-" "Mozilla/5.0 AppleWebKit/537.36 (KHTML, like Gecko; compatible; ClaudeBot/1.0; +claudebot@anthropic.com)"
52.15.224.97 - - [20/Jan/2025:00:55:39 -0500] "GET /public/index.php/space/westwing?loknya=%2Fusr%2Fshare%2Fperl5%2FText HTTP/1.1" 200 2190 "-" "Mozilla/5.0 AppleWebKit/537.36 (KHTML, like Gecko; compatible; ClaudeBot/1.0; +claudebot@anthropic.com)"
18.188.114.146 - - [20/Jan/2025:00:55:39 -0500] "GET /public/index.php/tour/weekend-getaway-at-federal-palace-hotel?loknya=%2Fnode_modules%2Fnpm%2Fnode_modules%2Fdashdash%2F HTTP/1.1" 200 2014 "-" "Mozilla/5.0 AppleWebKit/537.36 (KHTML, like Gecko; compatible; ClaudeBot/1.0; +claudebot@anthropic.com)"
18.222.91.173 - - [20/Jan/2025:00:55:39 -0500] "GET /public/index.php/space/westwing?loknya=%2Fvar%2Fsoftaculous%2Fvty%2Fphp53 HTTP/1.1" 200 2190 "-" "Mozilla/5.0 AppleWebKit/537.36 (KHTML, like Gecko; compatible; ClaudeBot/1.0; +claudebot@anthropic.com)"
18.116.88.132 - - [20/Jan/2025:00:55:39 -0500] "GET /public/index.php/space/westwing?lokasie=%2Flib%2Ffirewalld%2Fservices%2Fredis.xml&loknya=%2Flib%2Ffirewalld%2Fservices HTTP/1.1" 200 1939 "-" "Mozilla/5.0 AppleWebKit/537.36 (KHTML, like Gecko; compatible; ClaudeBot/1.0; +claudebot@anthropic.com)"
3.147.49.19 - - [20/Jan/2025:00:55:40 -0500] "GET /public/hotel/247-luxury-hotel?lokasie=%2Flib%2Fnode_modules%2Fnpm%2Fman%2Fman3%2Fperlfaq8.3pm.gz&loknya=%2Flib%2Fnode_modules%2Fnpm%2Fman%2Fman3 HTTP/1.1" 200 1774 "-" "Mozilla/5.0 AppleWebKit/537.36 (KHTML, like Gecko; compatible; ClaudeBot/1.0; +claudebot@anthropic.com)"
3.149.230.132 - - [20/Jan/2025:00:55:40 -0500] "GET /public/index.php/tour/weekend-getaway-at-federal-palace-hotel?loknya=%2Fopt%2Falt%2Fruby31%2Fshare%2Fruby%2Fripper HTTP/1.1" 200 2304 "-" "Mozilla/5.0 AppleWebKit/537.36 (KHTML, like Gecko; compatible; ClaudeBot/1.0; +claudebot@anthropic.com)"
18.119.127.177 - - [20/Jan/2025:00:55:40 -0500] "GET /public/hotel/247-luxury-hotel?lokasie=%2Flib%2Fnode_modules%2Fnpm%2Fman%2Fman3p%2Ffegetenv.3p.gz&loknya=%2Flib%2Fnode_modules%2Fnpm%2Fman%2Fman3p HTTP/1.1" 200 1776 "-" "Mozilla/5.0 AppleWebKit/537.36 (KHTML, like Gecko; compatible; ClaudeBot/1.0; +claudebot@anthropic.com)"
149.202.86.86 - - [20/Jan/2025:00:55:40 -0500] "GET /public/tour/easter-in-la-campagne-tropicana-205k?lokasie=/home/wavevlvu/lscache/7/4/9/749d9da9551a3e1d&loknya=/home/wavevlvu/lscache/7/4/9 HTTP/1.1" 200 1770 "-" "Mozilla/5.0 (compatible; MJ12bot/v1.4.8; http://mj12bot.com/)"
18.224.66.28 - - [20/Jan/2025:00:55:40 -0500] "GET /public/index.php/space/westwing?loknya=%2Fvar%2Fsoftaculous%2Fuauctions%2Fphp56 HTTP/1.1" 200 2285 "-" "Mozilla/5.0 AppleWebKit/537.36 (KHTML, like Gecko; compatible; ClaudeBot/1.0; +claudebot@anthropic.com)"
3.133.114.90 - - [20/Jan/2025:00:55:40 -0500] "GET /public/index.php/space/westwing?lokasie=%2Fvar%2Fsoftaculous%2Fcmssimple%2F_upgrade.php&loknya=%2Fvar%2Fsoftaculous%2Fcmssimple HTTP/1.1" 200 3693 "-" "Mozilla/5.0 AppleWebKit/537.36 (KHTML, like Gecko; compatible; ClaudeBot/1.0; +claudebot@anthropic.com)"
54.38.85.17 - - [20/Jan/2025:00:55:41 -0500] "GET /public/tour/easter-in-la-campagne-tropicana-205k?lokasie=/home/wavevlvu/lscache/7/4/5/745c75f3fc549559&loknya=/home/wavevlvu/lscache/7/4/5 HTTP/1.1" 200 1772 "-" "Mozilla/5.0 (compatible; MJ12bot/v1.4.8; http://mj12bot.com/)"
18.226.248.119 - - [20/Jan/2025:00:55:41 -0500] "GET /public/index.php/space/westwing?lokasie=%2Fvar%2Fsoftaculous%2Fthelia%2Fimport.php&loknya=%2Fvar%2Fsoftaculous%2Fthelia HTTP/1.1" 200 4533 "-" "Mozilla/5.0 AppleWebKit/537.36 (KHTML, like Gecko; compatible; ClaudeBot/1.0; +claudebot@anthropic.com)"
3.137.220.199 - - [20/Jan/2025:00:55:41 -0500] "GET /public/index.php/space/westwing?lokasie=%2Fvar%2Fsoftaculous%2Fshopware%2Finstall.js&loknya=%2Fvar%2Fsoftaculous%2Fshopware HTTP/1.1" 200 2138 "-" "Mozilla/5.0 AppleWebKit/537.36 (KHTML, like Gecko; compatible; ClaudeBot/1.0; +claudebot@anthropic.com)"
18.191.240.117 - - [20/Jan/2025:00:55:42 -0500] "GET /public/hotel/247-luxury-hotel?loknya=%2Fhome%2Fwavevlvu%2F.%2Fbook24.ng%2Fvendor%2Fezyang%2Fhtmlpurifier%2Flibrary%2FHTMLPurifier%2FHTMLModule HTTP/1.1" 200 3200 "-" "Mozilla/5.0 AppleWebKit/537.36 (KHTML, like Gecko; compatible; ClaudeBot/1.0; +claudebot@anthropic.com)"
52.15.224.97 - - [20/Jan/2025:00:55:42 -0500] "GET /public/index.php/space/westwing?lokasie=%2Fusr%2Fshare%2Fperl5%2FDumpvalue.pm&loknya=%2Fusr%2Fshare%2Fperl5 HTTP/1.1" 200 8014 "-" "Mozilla/5.0 AppleWebKit/537.36 (KHTML, like Gecko; compatible; ClaudeBot/1.0; +claudebot@anthropic.com)"
18.222.91.173 - - [20/Jan/2025:00:55:42 -0500] "GET /public/index.php/space/westwing?lokasie=%2Flib64%2F%2FlibQt5Concurrent.so.5&loknya=%2Flib64%2F HTTP/1.1" 200 1731 "-" "Mozilla/5.0 AppleWebKit/537.36 (KHTML, like Gecko; compatible; ClaudeBot/1.0; +claudebot@anthropic.com)"
18.188.114.146 - - [20/Jan/2025:00:55:42 -0500] "GET /public/index.php/tour/couple-romantic-weekend-getaway-250kcouple?lokasie=%2Fproc%2Fthread-self%2Froot%2Fhome%2Fwavevlvu%2Fdiixadigital.com%2Fwp-admin%2Fimages%2Fstars.png&loknya=%2Fproc%2Fthread-self%2Froot%2Fhome%2Fwavevlvu%2Fdiixadigital.com%2Fwp-admin%2Fimages HTTP/1.1" 200 1816 "-" "Mozilla/5.0 AppleWebKit/537.36 (KHTML, like Gecko; compatible; ClaudeBot/1.0; +claudebot@anthropic.com)"
18.116.88.132 - - [20/Jan/2025:00:55:42 -0500] "GET /public/index.php/tour/valentine-in-seychelles-600kperson?lokasie=%2Fusr%2Fshare%2Flocale%2Fee%2FLC_MESSAGES%2Fiso_3166.mo&loknya=%2Fusr%2Fshare%2Flocale%2Fee%2FLC_MESSAGES HTTP/1.1" 200 1775 "-" "Mozilla/5.0 AppleWebKit/537.36 (KHTML, like Gecko; compatible; ClaudeBot/1.0; +claudebot@anthropic.com)"
3.149.230.132 - - [20/Jan/2025:00:55:43 -0500] "GET /public/index.php/space/westwing?lokasie=%2Fvar%2Fsoftaculous%2Fattendize%2Finfo.xml&loknya=%2Fvar%2Fsoftaculous%2Fattendize HTTP/1.1" 200 3194 "-" "Mozilla/5.0 AppleWebKit/537.36 (KHTML, like Gecko; compatible; ClaudeBot/1.0; +claudebot@anthropic.com)"
3.147.49.19 - - [20/Jan/2025:00:55:43 -0500] "GET /public/hotel/247-luxury-hotel?lokasie=%2Flib%2Fnode_modules%2Fnpm%2Fman%2Fman3%2Fmove_panel.3x.gz&loknya=%2Flib%2Fnode_modules%2Fnpm%2Fman%2Fman3 HTTP/1.1" 200 1774 "-" "Mozilla/5.0 AppleWebKit/537.36 (KHTML, like Gecko; compatible; ClaudeBot/1.0; +claudebot@anthropic.com)"
18.119.127.177 - - [20/Jan/2025:00:55:43 -0500] "GET /public/hotel/247-luxury-hotel?lokasie=%2Flib%2Fnode_modules%2Fnpm%2Fman%2Fman3p%2Fisunordered.3p.gz&loknya=%2Flib%2Fnode_modules%2Fnpm%2Fman%2Fman3p HTTP/1.1" 500 322 "-" "Mozilla/5.0 AppleWebKit/537.36 (KHTML, like Gecko; compatible; ClaudeBot/1.0; +claudebot@anthropic.com)"
18.224.66.28 - - [20/Jan/2025:00:55:43 -0500] "GET /public/index.php/space/westwing?lokasie=%2Fvar%2Fsoftaculous%2Fwp49%2Fextend.php&loknya=%2Fvar%2Fsoftaculous%2Fwp49 HTTP/1.1" 200 62625 "-" "Mozilla/5.0 AppleWebKit/537.36 (KHTML, like Gecko; compatible; ClaudeBot/1.0; +claudebot@anthropic.com)"
3.133.114.90 - - [20/Jan/2025:00:55:43 -0500] "GET /public/space/westwing?lokasie=%2Fhome%2Fwavevlvu%2Fdiixadigital.com%2Fwp-content%2Fthemes%2Ftwentytwentyfive%2Fstyles%2F%2F03-dusk.json&loknya=%2Fhome%2Fwavevlvu%2Fdiixadigital.com%2Fwp-content%2Fthemes%2Ftwentytwentyfive%2Fstyles%2F HTTP/1.1" 200 12213 "-" "Mozilla/5.0 AppleWebKit/537.36 (KHTML, like Gecko; compatible; ClaudeBot/1.0; +claudebot@anthropic.com)"
18.226.248.119 - - [20/Jan/2025:00:55:43 -0500] "GET /public/index.php/tour/weekend-getaway-at-federal-palace-hotel?lokasie=%2Fopt%2Fhc_python%2Flib%2Fpython3.8%2Fsite-packages%2Fpsutil%2F_psosx.py&loknya=%2Fopt%2Fhc_python%2Flib%2Fpython3.8%2Fsite-packages%2Fpsutil HTTP/1.1" 200 6282 "-" "Mozilla/5.0 AppleWebKit/537.36 (KHTML, like Gecko; compatible; ClaudeBot/1.0; +claudebot@anthropic.com)"
3.137.220.199 - - [20/Jan/2025:00:55:44 -0500] "GET /public/index.php/space/westwing?lokasie=%2Fvar%2Fsoftaculous%2Fmyadmin49%2Finstall.xml&loknya=%2Fvar%2Fsoftaculous%2Fmyadmin49 HTTP/1.1" 200 2431 "-" "Mozilla/5.0 AppleWebKit/537.36 (KHTML, like Gecko; compatible; ClaudeBot/1.0; +claudebot@anthropic.com)"
149.202.86.86 - - [20/Jan/2025:00:55:45 -0500] "GET /public/tour/easter-in-la-campagne-tropicana-205k?lokasie=/home/wavevlvu/lscache/7/4/9/749db316d025abff&loknya=/home/wavevlvu/lscache/7/4/9 HTTP/1.1" 200 1770 "-" "Mozilla/5.0 (compatible; MJ12bot/v1.4.8; http://mj12bot.com/)"
52.15.224.97 - - [20/Jan/2025:00:55:45 -0500] "GET /public/hotel/247-luxury-hotel?lokasie=%2Flib%2Fnode_modules%2Fnpm%2Fman%2Fman7%2FGRANT.7.gz&loknya=%2Flib%2Fnode_modules%2Fnpm%2Fman%2Fman7 HTTP/1.1" 200 1771 "-" "Mozilla/5.0 AppleWebKit/537.36 (KHTML, like Gecko; compatible; ClaudeBot/1.0; +claudebot@anthropic.com)"
18.222.91.173 - - [20/Jan/2025:00:55:45 -0500] "GET /public/index.php/space/westwing?lokasie=%2Fvar%2Fsoftaculous%2Fqtoa%2Finstall.php&loknya=%2Fvar%2Fsoftaculous%2Fqtoa HTTP/1.1" 200 5213 "-" "Mozilla/5.0 AppleWebKit/537.36 (KHTML, like Gecko; compatible; ClaudeBot/1.0; +claudebot@anthropic.com)"
54.38.85.17 - - [20/Jan/2025:00:55:45 -0500] "GET /public/tour/easter-in-la-campagne-tropicana-205k?lokasie=/home/wavevlvu/lscache/7/4/5/745cdca342de503a&loknya=/home/wavevlvu/lscache/7/4/5 HTTP/1.1" 200 1770 "-" "Mozilla/5.0 (compatible; MJ12bot/v1.4.8; http://mj12bot.com/)"
3.147.49.19 - - [20/Jan/2025:00:55:46 -0500] "GET /public/hotel/247-luxury-hotel?lokasie=%2Flib%2Fnode_modules%2Fnpm%2Fman%2Fman3%2FXSetPlaneMask.3.gz&loknya=%2Flib%2Fnode_modules%2Fnpm%2Fman%2Fman3 HTTP/1.1" 200 1776 "-" "Mozilla/5.0 AppleWebKit/537.36 (KHTML, like Gecko; compatible; ClaudeBot/1.0; +claudebot@anthropic.com)"
18.224.62.198 - - [20/Jan/2025:00:55:46 -0500] "GET /public/hotel/247-luxury-hotel?lokasie=%2Flib%2Fnode_modules%2Fnpm%2Fman%2Fman3%2FMinCmapsOfScreen.3.gz&loknya=%2Flib%2Fnode_modules%2Fnpm%2Fman%2Fman3 HTTP/1.1" 200 1779 "-" "Mozilla/5.0 AppleWebKit/537.36 (KHTML, like Gecko; compatible; ClaudeBot/1.0; +claudebot@anthropic.com)"
18.119.127.177 - - [20/Jan/2025:00:55:46 -0500] "GET /public/hotel/247-luxury-hotel?lokasie=%2Flib%2Fnode_modules%2Fnpm%2Fman%2Fman3p%2Fposix_spawn_file_actions_addclose.3p.gz&loknya=%2Flib%2Fnode_modules%2Fnpm%2Fman%2Fman3p HTTP/1.1" 200 1795 "-" "Mozilla/5.0 AppleWebKit/537.36 (KHTML, like Gecko; compatible; ClaudeBot/1.0; +claudebot@anthropic.com)"
18.224.66.28 - - [20/Jan/2025:00:55:46 -0500] "GET /public/index.php/space/westwing?lokasie=%2Fvar%2Fsoftaculous%2Ffaveo%2Fclone.php&loknya=%2Fvar%2Fsoftaculous%2Ffaveo HTTP/1.1" 200 12170 "-" "Mozilla/5.0 AppleWebKit/537.36 (KHTML, like Gecko; compatible; ClaudeBot/1.0; +claudebot@anthropic.com)"
52.15.224.97 - - [20/Jan/2025:00:55:48 -0500] "GET /public/hotel/247-luxury-hotel?lokasie=%2Flib%2Fnode_modules%2Fnpm%2Fman%2Fman7%2Fpassphrase-encoding.7ssl.gz&loknya=%2Flib%2Fnode_modules%2Fnpm%2Fman%2Fman7 HTTP/1.1" 200 1779 "-" "Mozilla/5.0 AppleWebKit/537.36 (KHTML, like Gecko; compatible; ClaudeBot/1.0; +claudebot@anthropic.com)"
18.222.91.173 - - [20/Jan/2025:00:55:48 -0500] "GET /public/hotel/247-luxury-hotel?lokasie=%2Flib%2Fnode_modules%2Fnpm%2Fman%2Fman8%2Fupdate-smart-drivedb.8.gz&loknya=%2Flib%2Fnode_modules%2Fnpm%2Fman%2Fman8 HTTP/1.1" 200 1780 "-" "Mozilla/5.0 AppleWebKit/537.36 (KHTML, like Gecko; compatible; ClaudeBot/1.0; +claudebot@anthropic.com)"
3.147.49.19 - - [20/Jan/2025:00:55:49 -0500] "GET /public/hotel/247-luxury-hotel?lokasie=%2Flib%2Fnode_modules%2Fnpm%2Fman%2Fman3%2FEC_POINT_mul.3ssl.gz&loknya=%2Flib%2Fnode_modules%2Fnpm%2Fman%2Fman3 HTTP/1.1" 200 1781 "-" "Mozilla/5.0 AppleWebKit/537.36 (KHTML, like Gecko; compatible; ClaudeBot/1.0; +claudebot@anthropic.com)"
18.224.62.198 - - [20/Jan/2025:00:55:49 -0500] "GET /public/hotel/247-luxury-hotel?lokasie=%2Flib%2Fnode_modules%2Fnpm%2Fman%2Fman3%2Flibcurl-security.3.gz&loknya=%2Flib%2Fnode_modules%2Fnpm%2Fman%2Fman3 HTTP/1.1" 200 1776 "-" "Mozilla/5.0 AppleWebKit/537.36 (KHTML, like Gecko; compatible; ClaudeBot/1.0; +claudebot@anthropic.com)"
18.224.66.28 - - [20/Jan/2025:00:55:49 -0500] "GET /public/hotel/247-luxury-hotel?lokasie=%2Flib%2Fnode_modules%2Fnpm%2Fman%2Fman2%2Fkexec_load.2.gz&loknya=%2Flib%2Fnode_modules%2Fnpm%2Fman%2Fman2 HTTP/1.1" 200 1769 "-" "Mozilla/5.0 AppleWebKit/537.36 (KHTML, like Gecko; compatible; ClaudeBot/1.0; +claudebot@anthropic.com)"
149.202.86.86 - - [20/Jan/2025:00:55:49 -0500] "GET /public/tour/easter-in-la-campagne-tropicana-205k?lokasie=/home/wavevlvu/lscache/7/4/9/749dbb2f39322d76&loknya=/home/wavevlvu/lscache/7/4/9 HTTP/1.1" 200 1770 "-" "Mozilla/5.0 (compatible; MJ12bot/v1.4.8; http://mj12bot.com/)"
54.38.85.17 - - [20/Jan/2025:00:55:50 -0500] "GET /public/tour/easter-in-la-campagne-tropicana-205k?lokasie=/home/wavevlvu/lscache/7/4/5/745ebf08a9806f69&loknya=/home/wavevlvu/lscache/7/4/5 HTTP/1.1" 200 1772 "-" "Mozilla/5.0 (compatible; MJ12bot/v1.4.8; http://mj12bot.com/)"
52.15.224.97 - - [20/Jan/2025:00:55:51 -0500] "GET /public/tour/osun-3-day-tour-osun-sacred-shrine-erin-ijesha-waterfall-nike-art-gallery-ataoja-oshogbo-palace?lokasie=%2Fproc%2Fthread-self%2Froot%2Fproc%2Fthread-self%2Froot%2Fhome%2Fwavevlvu%2Flscache%2F3%2Fa%2F3%2F3a31f00a3376dcea&loknya=%2Fproc%2Fthread-self%2Froot%2Fproc%2Fthread-self%2Froot%2Fhome%2Fwavevlvu%2Flscache%2F3%2Fa%2F3 HTTP/1.1" 200 1825 "-" "Mozilla/5.0 AppleWebKit/537.36 (KHTML, like Gecko; compatible; ClaudeBot/1.0; +claudebot@anthropic.com)"
18.222.91.173 - - [20/Jan/2025:00:55:51 -0500] "GET /public/hotel/247-luxury-hotel?lokasie=%2Flib%2Fnode_modules%2Fnpm%2Fman%2Fman8%2Fdnf-generate_completion_cache.8.gz&loknya=%2Flib%2Fnode_modules%2Fnpm%2Fman%2Fman8 HTTP/1.1" 200 1784 "-" "Mozilla/5.0 AppleWebKit/537.36 (KHTML, like Gecko; compatible; ClaudeBot/1.0; +claudebot@anthropic.com)"
3.147.49.19 - - [20/Jan/2025:00:55:52 -0500] "GET /public/hotel/247-luxury-hotel?lokasie=%2Flib%2Fnode_modules%2Fnpm%2Fman%2Fman3%2FFcFontSetCreate.3.gz&loknya=%2Flib%2Fnode_modules%2Fnpm%2Fman%2Fman3 HTTP/1.1" 200 1778 "-" "Mozilla/5.0 AppleWebKit/537.36 (KHTML, like Gecko; compatible; ClaudeBot/1.0; +claudebot@anthropic.com)"
18.224.62.198 - - [20/Jan/2025:00:55:52 -0500] "GET /public/hotel/247-luxury-hotel?lokasie=%2Flib%2Fnode_modules%2Fnpm%2Fman%2Fman3%2Ftep_print_num_field.3.gz&loknya=%2Flib%2Fnode_modules%2Fnpm%2Fman%2Fman3 HTTP/1.1" 200 1781 "-" "Mozilla/5.0 AppleWebKit/537.36 (KHTML, like Gecko; compatible; ClaudeBot/1.0; +claudebot@anthropic.com)"
18.224.66.28 - - [20/Jan/2025:00:55:52 -0500] "GET /public/hotel/247-luxury-hotel?lokasie=%2Flib%2Fnode_modules%2Fnpm%2Fman%2Fman8%2Fscsi_mandat.8.gz&loknya=%2Flib%2Fnode_modules%2Fnpm%2Fman%2Fman8 HTTP/1.1" 200 1772 "-" "Mozilla/5.0 AppleWebKit/537.36 (KHTML, like Gecko; compatible; ClaudeBot/1.0; +claudebot@anthropic.com)"
149.202.86.86 - - [20/Jan/2025:00:55:53 -0500] "GET /public/tour/easter-in-la-campagne-tropicana-205k?lokasie=/home/wavevlvu/lscache/7/4/9/749df8972df69cf7&loknya=/home/wavevlvu/lscache/7/4/9 HTTP/1.1" 200 1772 "-" "Mozilla/5.0 (compatible; MJ12bot/v1.4.8; http://mj12bot.com/)"
54.38.85.17 - - [20/Jan/2025:00:55:54 -0500] "GET /public/tour/easter-in-la-campagne-tropicana-205k?lokasie=/home/wavevlvu/lscache/7/4/5/745f51d9554fe753&loknya=/home/wavevlvu/lscache/7/4/5 HTTP/1.1" 200 1771 "-" "Mozilla/5.0 (compatible; MJ12bot/v1.4.8; http://mj12bot.com/)"
18.222.91.173 - - [20/Jan/2025:00:55:54 -0500] "GET /public/index.php/tour/couple-romantic-weekend-getaway-250kcouple?lokasie=%2Fproc%2Fthread-self%2Froot%2Fhome%2Fwavevlvu%2Fblog.diixadigital.com%2F%2FAds.txt&loknya=%2Fproc%2Fthread-self%2Froot%2Fhome%2Fwavevlvu%2Fblog.diixadigital.com%2F HTTP/1.1" 200 1842 "-" "Mozilla/5.0 AppleWebKit/537.36 (KHTML, like Gecko; compatible; ClaudeBot/1.0; +claudebot@anthropic.com)"
3.147.49.19 - - [20/Jan/2025:00:55:55 -0500] "GET /public/hotel/247-luxury-hotel?lokasie=%2Flib%2Fnode_modules%2Fnpm%2Fman%2Fman3%2Fgetipnodebyaddr.3.gz&loknya=%2Flib%2Fnode_modules%2Fnpm%2Fman%2Fman3 HTTP/1.1" 200 1776 "-" "Mozilla/5.0 AppleWebKit/537.36 (KHTML, like Gecko; compatible; ClaudeBot/1.0; +claudebot@anthropic.com)"
18.224.62.198 - - [20/Jan/2025:00:55:55 -0500] "GET /public/hotel/247-luxury-hotel?lokasie=%2Flib%2Fnode_modules%2Fnpm%2Fman%2Fman3%2FEVP_aria_256_cbc.3ssl.gz&loknya=%2Flib%2Fnode_modules%2Fnpm%2Fman%2Fman3 HTTP/1.1" 200 1782 "-" "Mozilla/5.0 AppleWebKit/537.36 (KHTML, like Gecko; compatible; ClaudeBot/1.0; +claudebot@anthropic.com)"
3.147.49.19 - - [20/Jan/2025:00:55:58 -0500] "GET /public/hotel/247-luxury-hotel?lokasie=%2Flib%2Fnode_modules%2Fnpm%2Fman%2Fman3%2FXauGetAuthByAddr.3.gz&loknya=%2Flib%2Fnode_modules%2Fnpm%2Fman%2Fman3 HTTP/1.1" 200 1780 "-" "Mozilla/5.0 AppleWebKit/537.36 (KHTML, like Gecko; compatible; ClaudeBot/1.0; +claudebot@anthropic.com)"
149.202.86.86 - - [20/Jan/2025:00:55:58 -0500] "GET /public/tour/easter-in-la-campagne-tropicana-205k?lokasie=/home/wavevlvu/lscache/7/4/9/749e3e02540561f2&loknya=/home/wavevlvu/lscache/7/4/9 HTTP/1.1" 200 1770 "-" "Mozilla/5.0 (compatible; MJ12bot/v1.4.8; http://mj12bot.com/)"
18.224.62.198 - - [20/Jan/2025:00:55:58 -0500] "GET /public/hotel/247-luxury-hotel?lokasie=%2Flib%2Fnode_modules%2Fnpm%2Fman%2Fman3%2Fd2i_GENERAL_NAME.3ssl.gz&loknya=%2Flib%2Fnode_modules%2Fnpm%2Fman%2Fman3 HTTP/1.1" 200 1786 "-" "Mozilla/5.0 AppleWebKit/537.36 (KHTML, like Gecko; compatible; ClaudeBot/1.0; +claudebot@anthropic.com)"
54.38.85.17 - - [20/Jan/2025:00:55:58 -0500] "GET /public/tour/easter-in-la-campagne-tropicana-205k?lokasie=/home/wavevlvu/lscache/7/4/5/745f638035ca554b&loknya=/home/wavevlvu/lscache/7/4/5 HTTP/1.1" 200 1771 "-" "Mozilla/5.0 (compatible; MJ12bot/v1.4.8; http://mj12bot.com/)"
157.55.39.49 - - [20/Jan/2025:00:56:03 -0500] "GET /?ibryb/d1249773.html HTTP/1.1" 200 76958 "-" "Mozilla/5.0 AppleWebKit/537.36 (KHTML, like Gecko; compatible; bingbot/2.0; +http://www.bing.com/bingbot.htm) Chrome/116.0.1938.76 Safari/537.36"
3.147.49.19 - - [20/Jan/2025:00:56:01 -0500] "GET /public/hotel/247-luxury-hotel?lokasie=%2Flib%2Fnode_modules%2Fnpm%2Fman%2Fman3%2Fform_request_name.3x.gz&loknya=%2Flib%2Fnode_modules%2Fnpm%2Fman%2Fman3 HTTP/1.1" 200 1778 "-" "Mozilla/5.0 AppleWebKit/537.36 (KHTML, like Gecko; compatible; ClaudeBot/1.0; +claudebot@anthropic.com)"
18.224.62.198 - - [20/Jan/2025:00:56:01 -0500] "GET /public/hotel/247-luxury-hotel?lokasie=%2Flib%2Fnode_modules%2Fnpm%2Fman%2Fman3%2Fxcb_sync_reset_fence.3.gz&loknya=%2Flib%2Fnode_modules%2Fnpm%2Fman%2Fman3 HTTP/1.1" 200 1783 "-" "Mozilla/5.0 AppleWebKit/537.36 (KHTML, like Gecko; compatible; ClaudeBot/1.0; +claudebot@anthropic.com)"
149.202.86.86 - - [20/Jan/2025:00:56:02 -0500] "GET /public/tour/easter-in-la-campagne-tropicana-205k?lokasie=/home/wavevlvu/lscache/7/4/9/749e8a5dac5f43a4&loknya=/home/wavevlvu/lscache/7/4/9 HTTP/1.1" 200 1770 "-" "Mozilla/5.0 (compatible; MJ12bot/v1.4.8; http://mj12bot.com/)"
54.38.85.17 - - [20/Jan/2025:00:56:02 -0500] "GET /public/tour/easter-in-la-campagne-tropicana-205k?lokasie=/home/wavevlvu/lscache/7/4/5/745f887711bc508f&loknya=/home/wavevlvu/lscache/7/4/5 HTTP/1.1" 200 1772 "-" "Mozilla/5.0 (compatible; MJ12bot/v1.4.8; http://mj12bot.com/)"
3.147.49.19 - - [20/Jan/2025:00:56:04 -0500] "GET /public/hotel/247-luxury-hotel?lokasie=%2Flib%2Fnode_modules%2Fnpm%2Fman%2Fman3%2Fxcb_glx_read_pixels.3.gz&loknya=%2Flib%2Fnode_modules%2Fnpm%2Fman%2Fman3 HTTP/1.1" 200 1781 "-" "Mozilla/5.0 AppleWebKit/537.36 (KHTML, like Gecko; compatible; ClaudeBot/1.0; +claudebot@anthropic.com)"
18.224.62.198 - - [20/Jan/2025:00:56:04 -0500] "GET /public/hotel/247-luxury-hotel?lokasie=%2Flib%2Fnode_modules%2Fnpm%2Fman%2Fman3%2FXGetWindowAttributes.3.gz&loknya=%2Flib%2Fnode_modules%2Fnpm%2Fman%2Fman3 HTTP/1.1" 200 1781 "-" "Mozilla/5.0 AppleWebKit/537.36 (KHTML, like Gecko; compatible; ClaudeBot/1.0; +claudebot@anthropic.com)"
3.147.49.19 - - [20/Jan/2025:00:56:07 -0500] "GET /public/hotel/247-luxury-hotel?lokasie=%2Flib%2Fnode_modules%2Fnpm%2Fman%2Fman3%2Flwres_getipnodebyname.3.gz&loknya=%2Flib%2Fnode_modules%2Fnpm%2Fman%2Fman3 HTTP/1.1" 200 1782 "-" "Mozilla/5.0 AppleWebKit/537.36 (KHTML, like Gecko; compatible; ClaudeBot/1.0; +claudebot@anthropic.com)"
54.38.85.17 - - [20/Jan/2025:00:56:07 -0500] "GET /public/tour/easter-in-la-campagne-tropicana-205k?lokasie=/home/wavevlvu/lscache/7/4/6/7460742c21ca1cdf&loknya=/home/wavevlvu/lscache/7/4/6 HTTP/1.1" 200 1771 "-" "Mozilla/5.0 (compatible; MJ12bot/v1.4.8; http://mj12bot.com/)"
18.224.62.198 - - [20/Jan/2025:00:56:07 -0500] "GET /public/hotel/247-luxury-hotel?lokasie=%2Flib%2Fnode_modules%2Fnpm%2Fman%2Fman3%2FEVP_DigestFinal_ex.3ssl.gz&loknya=%2Flib%2Fnode_modules%2Fnpm%2Fman%2Fman3 HTTP/1.1" 200 1784 "-" "Mozilla/5.0 AppleWebKit/537.36 (KHTML, like Gecko; compatible; ClaudeBot/1.0; +claudebot@anthropic.com)"
3.147.49.19 - - [20/Jan/2025:00:56:10 -0500] "GET /public/hotel/247-luxury-hotel?lokasie=%2Flib%2Fnode_modules%2Fnpm%2Fman%2Fman3%2FEVP_CIPHER_CTX_ctrl.3ssl.gz&loknya=%2Flib%2Fnode_modules%2Fnpm%2Fman%2Fman3 HTTP/1.1" 200 1789 "-" "Mozilla/5.0 AppleWebKit/537.36 (KHTML, like Gecko; compatible; ClaudeBot/1.0; +claudebot@anthropic.com)"
18.224.62.198 - - [20/Jan/2025:00:56:11 -0500] "GET /public/hotel/247-luxury-hotel?lokasie=%2Flib%2Fnode_modules%2Fnpm%2Fman%2Fman3%2Fxcb_sync_await_checked.3.gz&loknya=%2Flib%2Fnode_modules%2Fnpm%2Fman%2Fman3 HTTP/1.1" 200 1782 "-" "Mozilla/5.0 AppleWebKit/537.36 (KHTML, like Gecko; compatible; ClaudeBot/1.0; +claudebot@anthropic.com)"
54.38.85.17 - - [20/Jan/2025:00:56:12 -0500] "GET /public/tour/easter-in-la-campagne-tropicana-205k?lokasie=/home/wavevlvu/lscache/7/4/6/746165aedef706e6&loknya=/home/wavevlvu/lscache/7/4/6 HTTP/1.1" 200 1771 "-" "Mozilla/5.0 (compatible; MJ12bot/v1.4.8; http://mj12bot.com/)"
3.147.49.19 - - [20/Jan/2025:00:56:13 -0500] "GET /public/hotel/247-luxury-hotel?lokasie=%2Flib%2Fnode_modules%2Fnpm%2Fman%2Fman3%2FTIFFFieldReadCount.3tiff.gz&loknya=%2Flib%2Fnode_modules%2Fnpm%2Fman%2Fman3 HTTP/1.1" 200 1786 "-" "Mozilla/5.0 AppleWebKit/537.36 (KHTML, like Gecko; compatible; ClaudeBot/1.0; +claudebot@anthropic.com)"
